2026-04-22 19:39:35.857 7 INFO placement.requestlog [None req-ee241220-a7b9-46e5-8691-89979fdabcce a01a320c5195496b846377c18155a3e7 225dd64921304765944f9fd7a24b6527 - - c7cb82dce9024d109014aadd82b3ce0a c7cb82dce9024d109014aadd82b3ce0a] 10.0.0.9 "DELETE /resource_providers/7512b438-4bee-4d04-bde0-d3a439a9b736" status: 404 len: 246 microversion: 1.1 [pid: 7|app: 0|req: 555/1105] 10.0.0.9 () {34 vars in 814 bytes} [Wed Apr 22 19:39:35 2026] DELETE /resource_providers/7512b438-4bee-4d04-bde0-d3a439a9b736 => generated 246 bytes in 14 msecs (HTTP/1.1 404) 6 headers in 231 bytes (1 switches on core 0)
2026-04-22 19:39:36.068 8 INFO placement.requestlog [None req-7c89877d-76f8-4aa1-9c21-51e71b96876e a01a320c5195496b846377c18155a3e7 225dd64921304765944f9fd7a24b6527 - - c7cb82dce9024d109014aadd82b3ce0a c7cb82dce9024d109014aadd82b3ce0a] 10.0.0.9 "GET /resource_providers/358c8a33-884b-4bcf-86a1-8dc19a7e40cb/aggregates" status: 404 len: 235 microversion: 1.1 [pid: 8|app: 0|req: 551/1106] 10.0.0.9 () {32 vars in 814 bytes} [Wed Apr 22 19:39:36 2026] GET /resource_providers/358c8a33-884b-4bcf-86a1-8dc19a7e40cb/aggregates => generated 235 bytes in 12 msecs (HTTP/1.1 404) 5 headers in 202 bytes (1 switches on core 0)
2026-04-22 19:39:36.080 7 INFO placement.requestlog [None req-c92894fe-5fea-499d-bf9e-82214e38c7c2 a01a320c5195496b846377c18155a3e7 225dd64921304765944f9fd7a24b6527 - - c7cb82dce9024d109014aadd82b3ce0a c7cb82dce9024d109014aadd82b3ce0a] 10.0.0.9 "GET /resource_providers/358c8a33-884b-4bcf-86a1-8dc19a7e40cb/aggregates" status: 404 len: 235 microversion: 1.1 [pid: 7|app: 0|req: 556/1107] 10.0.0.9 () {32 vars in 814 bytes} [Wed Apr 22 19:39:36 2026] GET /resource_providers/358c8a33-884b-4bcf-86a1-8dc19a7e40cb/aggregates => generated 235 bytes in 24 msecs (HTTP/1.1 404) 5 headers in 202 bytes (1 switches on core 0)
2026-04-22 19:39:36.098 8 INFO placement.requestlog [None req-fb5ca125-ac3d-44ba-8ce9-f5d6ac37bbd4 a01a320c5195496b846377c18155a3e7 225dd64921304765944f9fd7a24b6527 - - c7cb82dce9024d109014aadd82b3ce0a c7cb82dce9024d109014aadd82b3ce0a] 10.0.0.9 "DELETE /resource_providers/358c8a33-884b-4bcf-86a1-8dc19a7e40cb" status: 404 len: 246 microversion: 1.1 [pid: 8|app: 0|req: 552/1108] 10.0.0.9 () {34 vars in 814 bytes} [Wed Apr 22 19:39:36 2026] DELETE /resource_providers/358c8a33-884b-4bcf-86a1-8dc19a7e40cb => generated 246 bytes in 25 msecs (HTTP/1.1 404) 6 headers in 231 bytes (1 switches on core 0)
2026-04-22 19:39:36.102 7 INFO placement.requestlog [None req-d0d82323-a940-4fa9-b1cb-9615aa207837 a01a320c5195496b846377c18155a3e7 225dd64921304765944f9fd7a24b6527 - - c7cb82dce9024d109014aadd82b3ce0a c7cb82dce9024d109014aadd82b3ce0a] 10.0.0.9 "DELETE /resource_providers/358c8a33-884b-4bcf-86a1-8dc19a7e40cb" status: 404 len: 246 microversion: 1.1 [pid: 7|app: 0|req: 557/1109] 10.0.0.9 () {34 vars in 814 bytes} [Wed Apr 22 19:39:36 2026] DELETE /resource_providers/358c8a33-884b-4bcf-86a1-8dc19a7e40cb => generated 246 bytes in 15 msecs (HTTP/1.1 404) 6 headers in 231 bytes (1 switches on core 0)
2026-04-22 19:39:38.061 8 INFO placement.requestlog [None req-1ad377fa-be98-4d0c-8520-5ba1b6ba45f7 a01a320c5195496b846377c18155a3e7 225dd64921304765944f9fd7a24b6527 - - c7cb82dce9024d109014aadd82b3ce0a c7cb82dce9024d109014aadd82b3ce0a] 10.0.0.9 "GET /resource_providers/0349f669-132f-4ec0-b952-bbf4c3e293df/aggregates" status: 404 len: 235 microversion: 1.1 [pid: 8|app: 0|req: 553/1110] 10.0.0.9 () {32 vars in 814 bytes} [Wed Apr 22 19:39:38 2026] GET /resource_providers/0349f669-132f-4ec0-b952-bbf4c3e293df/aggregates => generated 235 bytes in 13 msecs (HTTP/1.1 404) 5 headers in 202 bytes (1 switches on core 0)
2026-04-22 19:39:38.085 7 INFO placement.requestlog [None req-0391628b-4338-4309-9f99-1bea8f30e892 a01a320c5195496b846377c18155a3e7 225dd64921304765944f9fd7a24b6527 - - c7cb82dce9024d109014aadd82b3ce0a c7cb82dce9024d109014aadd82b3ce0a] 10.0.0.9 "DELETE /resource_providers/0349f669-132f-4ec0-b952-bbf4c3e293df" status: 404 len: 246 microversion: 1.1 [pid: 7|app: 0|req: 558/1111] 10.0.0.9 () {34 vars in 814 bytes} [Wed Apr 22 19:39:38 2026] DELETE /resource_providers/0349f669-132f-4ec0-b952-bbf4c3e293df => generated 246 bytes in 14 msecs (HTTP/1.1 404) 6 headers in 231 bytes (1 switches on core 0)
2026-04-22 19:39:38.112 8 INFO placement.requestlog [None req-67f6d52d-9a06-401e-b899-a8d8ac57bbd4 a01a320c5195496b846377c18155a3e7 225dd64921304765944f9fd7a24b6527 - - c7cb82dce9024d109014aadd82b3ce0a c7cb82dce9024d109014aadd82b3ce0a] 10.0.0.9 "GET /resource_providers/f93e9db2-5abb-4464-8637-3cbabec94dd3/aggregates" status: 404 len: 235 microversion: 1.1 [pid: 8|app: 0|req: 554/1112] 10.0.0.9 () {32 vars in 814 bytes} [Wed Apr 22 19:39:38 2026] GET /resource_providers/f93e9db2-5abb-4464-8637-3cbabec94dd3/aggregates => generated 235 bytes in 12 msecs (HTTP/1.1 404) 5 headers in 202 bytes (1 switches on core 0)
2026-04-22 19:39:38.146 8 INFO placement.requestlog [None req-7e8b7795-d9f4-41c7-9e76-3ab71b25176b a01a320c5195496b846377c18155a3e7 225dd64921304765944f9fd7a24b6527 - - c7cb82dce9024d109014aadd82b3ce0a c7cb82dce9024d109014aadd82b3ce0a] 10.0.0.9 "GET /resource_providers/0349f669-132f-4ec0-b952-bbf4c3e293df/aggregates" status: 404 len: 235 microversion: 1.1 [pid: 8|app: 0|req: 555/1113] 10.0.0.9 () {32 vars in 814 bytes} [Wed Apr 22 19:39:38 2026] GET /resource_providers/0349f669-132f-4ec0-b952-bbf4c3e293df/aggregates => generated 235 bytes in 17 msecs (HTTP/1.1 404) 5 headers in 202 bytes (1 switches on core 0)
2026-04-22 19:39:38.147 7 INFO placement.requestlog [None req-83b8b5a9-2a8a-4bd6-82d4-163ae61f1ddb a01a320c5195496b846377c18155a3e7 225dd64921304765944f9fd7a24b6527 - - c7cb82dce9024d109014aadd82b3ce0a c7cb82dce9024d109014aadd82b3ce0a] 10.0.0.9 "DELETE /resource_providers/f93e9db2-5abb-4464-8637-3cbabec94dd3" status: 404 len: 246 microversion: 1.1 [pid: 7|app: 0|req: 559/1114] 10.0.0.9 () {34 vars in 814 bytes} [Wed Apr 22 19:39:38 2026] DELETE /resource_providers/f93e9db2-5abb-4464-8637-3cbabec94dd3 => generated 246 bytes in 23 msecs (HTTP/1.1 404) 6 headers in 231 bytes (1 switches on core 0)
2026-04-22 19:39:38.173 8 INFO placement.requestlog [None req-239cf058-cc9a-4ad8-852a-5059cbc68641 a01a320c5195496b846377c18155a3e7 225dd64921304765944f9fd7a24b6527 - - c7cb82dce9024d109014aadd82b3ce0a c7cb82dce9024d109014aadd82b3ce0a] 10.0.0.9 "DELETE /resource_providers/0349f669-132f-4ec0-b952-bbf4c3e293df" status: 404 len: 246 microversion: 1.1 [pid: 8|app: 0|req: 556/1115] 10.0.0.9 () {34 vars in 814 bytes} [Wed Apr 22 19:39:38 2026] DELETE /resource_providers/0349f669-132f-4ec0-b952-bbf4c3e293df => generated 246 bytes in 16 msecs (HTTP/1.1 404) 6 headers in 231 bytes (1 switches on core 0)
2026-04-22 19:39:38.196 7 INFO placement.requestlog [None req-0bcfe7e5-8b2d-4319-8d2f-a22bd72fde52 a01a320c5195496b846377c18155a3e7 225dd64921304765944f9fd7a24b6527 - - c7cb82dce9024d109014aadd82b3ce0a c7cb82dce9024d109014aadd82b3ce0a] 10.0.0.9 "GET /resource_providers/f93e9db2-5abb-4464-8637-3cbabec94dd3/aggregates" status: 404 len: 235 microversion: 1.1 [pid: 7|app: 0|req: 560/1116] 10.0.0.9 () {32 vars in 814 bytes} [Wed Apr 22 19:39:38 2026] GET /resource_providers/f93e9db2-5abb-4464-8637-3cbabec94dd3/aggregates => generated 235 bytes in 14 msecs (HTTP/1.1 404) 5 headers in 202 bytes (1 switches on core 0)
2026-04-22 19:39:38.223 8 INFO placement.requestlog [None req-a02ff5ad-2104-48ac-a9ef-078608525beb a01a320c5195496b846377c18155a3e7 225dd64921304765944f9fd7a24b6527 - - c7cb82dce9024d109014aadd82b3ce0a c7cb82dce9024d109014aadd82b3ce0a] 10.0.0.9 "DELETE /resource_providers/f93e9db2-5abb-4464-8637-3cbabec94dd3" status: 404 len: 246 microversion: 1.1 [pid: 8|app: 0|req: 557/1117] 10.0.0.9 () {34 vars in 814 bytes} [Wed Apr 22 19:39:38 2026] DELETE /resource_providers/f93e9db2-5abb-4464-8637-3cbabec94dd3 => generated 246 bytes in 14 msecs (HTTP/1.1 404) 6 headers in 231 bytes (1 switches on core 0)
2026-04-22 19:39:38.481 7 INFO placement.requestlog [None req-a0c493f3-beba-4e40-8fe3-c545b04a10d8 a01a320c5195496b846377c18155a3e7 225dd64921304765944f9fd7a24b6527 - - c7cb82dce9024d109014aadd82b3ce0a c7cb82dce9024d109014aadd82b3ce0a] 10.0.0.9 "GET /resource_providers/b29089e7-09fa-439d-a66b-d06797ded0a6/aggregates" status: 404 len: 235 microversion: 1.1 [pid: 7|app: 0|req: 561/1118] 10.0.0.9 () {32 vars in 814 bytes} [Wed Apr 22 19:39:38 2026] GET /resource_providers/b29089e7-09fa-439d-a66b-d06797ded0a6/aggregates => generated 235 bytes in 12 msecs (HTTP/1.1 404) 5 headers in 202 bytes (1 switches on core 0)
2026-04-22 19:39:38.497 8 INFO placement.requestlog [None req-adf4cb54-a811-48ae-bea0-89831af4dceb a01a320c5195496b846377c18155a3e7 225dd64921304765944f9fd7a24b6527 - - c7cb82dce9024d109014aadd82b3ce0a c7cb82dce9024d109014aadd82b3ce0a] 10.0.0.9 "GET /resource_providers/b29089e7-09fa-439d-a66b-d06797ded0a6/aggregates" status: 404 len: 235 microversion: 1.1 [pid: 8|app: 0|req: 558/1119] 10.0.0.9 () {32 vars in 814 bytes} [Wed Apr 22 19:39:38 2026] GET /resource_providers/b29089e7-09fa-439d-a66b-d06797ded0a6/aggregates => generated 235 bytes in 17 msecs (HTTP/1.1 404) 5 headers in 202 bytes (1 switches on core 0)
2026-04-22 19:39:38.498 7 INFO placement.requestlog [None req-79840745-11fd-4134-85e6-e92847148edd a01a320c5195496b846377c18155a3e7 225dd64921304765944f9fd7a24b6527 - - c7cb82dce9024d109014aadd82b3ce0a c7cb82dce9024d109014aadd82b3ce0a] 10.0.0.9 "DELETE /resource_providers/b29089e7-09fa-439d-a66b-d06797ded0a6" status: 404 len: 246 microversion: 1.1 [pid: 7|app: 0|req: 562/1120] 10.0.0.9 () {34 vars in 814 bytes} [Wed Apr 22 19:39:38 2026] DELETE /resource_providers/b29089e7-09fa-439d-a66b-d06797ded0a6 => generated 246 bytes in 9 msecs (HTTP/1.1 404) 6 headers in 231 bytes (1 switches on core 0)
2026-04-22 19:39:38.520 8 INFO placement.requestlog [None req-138f0419-c9d9-402f-a751-e784ce9b6a32 a01a320c5195496b846377c18155a3e7 225dd64921304765944f9fd7a24b6527 - - c7cb82dce9024d109014aadd82b3ce0a c7cb82dce9024d109014aadd82b3ce0a] 10.0.0.9 "DELETE /resource_providers/b29089e7-09fa-439d-a66b-d06797ded0a6" status: 404 len: 246 microversion: 1.1 [pid: 8|app: 0|req: 559/1121] 10.0.0.9 () {34 vars in 814 bytes} [Wed Apr 22 19:39:38 2026] DELETE /resource_providers/b29089e7-09fa-439d-a66b-d06797ded0a6 => generated 246 bytes in 12 msecs (HTTP/1.1 404) 6 headers in 231 bytes (1 switches on core 0)
2026-04-22 19:39:42.430 8 INFO placement.requestlog [None req-33078821-c8c1-44c5-a5b2-ea72274ff1f0 a01a320c5195496b846377c18155a3e7 225dd64921304765944f9fd7a24b6527 - - c7cb82dce9024d109014aadd82b3ce0a c7cb82dce9024d109014aadd82b3ce0a] 10.0.0.9 "GET /resource_providers/c2490cfa-92d2-4b97-bf57-030244bb5364/aggregates" status: 404 len: 235 microversion: 1.1 [pid: 8|app: 0|req: 560/1122] 10.0.0.9 () {32 vars in 814 bytes} [Wed Apr 22 19:39:42 2026] GET /resource_providers/c2490cfa-92d2-4b97-bf57-030244bb5364/aggregates => generated 235 bytes in 15 msecs (HTTP/1.1 404) 5 headers in 202 bytes (1 switches on core 0)
2026-04-22 19:39:42.436 7 INFO placement.requestlog [None req-090f4d67-c8c7-4be2-b782-cd4f1ad9991d a01a320c5195496b846377c18155a3e7 225dd64921304765944f9fd7a24b6527 - - c7cb82dce9024d109014aadd82b3ce0a c7cb82dce9024d109014aadd82b3ce0a] 10.0.0.9 "GET /resource_providers/c2490cfa-92d2-4b97-bf57-030244bb5364/aggregates" status: 404 len: 235 microversion: 1.1 [pid: 7|app: 0|req: 563/1123] 10.0.0.9 () {32 vars in 814 bytes} [Wed Apr 22 19:39:42 2026] GET /resource_providers/c2490cfa-92d2-4b97-bf57-030244bb5364/aggregates => generated 235 bytes in 21 msecs (HTTP/1.1 404) 5 headers in 202 bytes (1 switches on core 0)
2026-04-22 19:39:42.452 8 INFO placement.requestlog [None req-f0336ac2-44bd-4b1f-914b-69cbe83cb751 a01a320c5195496b846377c18155a3e7 225dd64921304765944f9fd7a24b6527 - - c7cb82dce9024d109014aadd82b3ce0a c7cb82dce9024d109014aadd82b3ce0a] 10.0.0.9 "DELETE /resource_providers/c2490cfa-92d2-4b97-bf57-030244bb5364" status: 404 len: 246 microversion: 1.1 [pid: 8|app: 0|req: 561/1124] 10.0.0.9 () {34 vars in 814 bytes} [Wed Apr 22 19:39:42 2026] DELETE /resource_providers/c2490cfa-92d2-4b97-bf57-030244bb5364 => generated 246 bytes in 14 msecs (HTTP/1.1 404) 6 headers in 231 bytes (1 switches on core 0)
2026-04-22 19:39:42.464 7 INFO placement.requestlog [None req-4d4d17a2-7589-4dfd-a72c-6948eb45e361 a01a320c5195496b846377c18155a3e7 225dd64921304765944f9fd7a24b6527 - - c7cb82dce9024d109014aadd82b3ce0a c7cb82dce9024d109014aadd82b3ce0a] 10.0.0.9 "DELETE /resource_providers/c2490cfa-92d2-4b97-bf57-030244bb5364" status: 404 len: 246 microversion: 1.1 [pid: 7|app: 0|req: 564/1125] 10.0.0.9 () {34 vars in 814 bytes} [Wed Apr 22 19:39:42 2026] DELETE /resource_providers/c2490cfa-92d2-4b97-bf57-030244bb5364 => generated 246 bytes in 19 msecs (HTTP/1.1 404) 6 headers in 231 bytes (1 switches on core 0)
2026-04-22 19:39:43.874 8 INFO placement.requestlog [None req-35ed294b-7d95-43e4-9b84-2b98a362c288 - - - - - -] 10.0.0.15 "GET /" status: 200 len: 136 microversion: 1.0
2026-04-22 19:39:43.874 7 INFO placement.requestlog [None req-1c9701b2-7eb8-4297-8ceb-126675fd7068 - - - - - -] 10.0.0.15 "GET /" status: 200 len: 136 microversion: 1.0
2026-04-22 19:39:44.578 7 INFO placement.requestlog [None req-bcd51c91-154f-401c-84e9-4675b2b015f8 a01a320c5195496b846377c18155a3e7 225dd64921304765944f9fd7a24b6527 - - c7cb82dce9024d109014aadd82b3ce0a c7cb82dce9024d109014aadd82b3ce0a] 10.0.0.9 "GET /resource_providers/07548b20-c327-4ad9-8bf9-bc1e1548338a/aggregates" status: 404 len: 235 microversion: 1.1 [pid: 7|app: 0|req: 566/1128] 10.0.0.9 () {32 vars in 814 bytes} [Wed Apr 22 19:39:44 2026] GET /resource_providers/07548b20-c327-4ad9-8bf9-bc1e1548338a/aggregates => generated 235 bytes in 16 msecs (HTTP/1.1 404) 5 headers in 202 bytes (1 switches on core 0)
2026-04-22 19:39:44.585 8 INFO placement.requestlog [None req-16a169a0-e491-4436-8112-56daa580db82 a01a320c5195496b846377c18155a3e7 225dd64921304765944f9fd7a24b6527 - - c7cb82dce9024d109014aadd82b3ce0a c7cb82dce9024d109014aadd82b3ce0a] 10.0.0.9 "GET /resource_providers/07548b20-c327-4ad9-8bf9-bc1e1548338a/aggregates" status: 404 len: 235 microversion: 1.1 [pid: 8|app: 0|req: 563/1129] 10.0.0.9 () {32 vars in 814 bytes} [Wed Apr 22 19:39:44 2026] GET /resource_providers/07548b20-c327-4ad9-8bf9-bc1e1548338a/aggregates => generated 235 bytes in 18 msecs (HTTP/1.1 404) 5 headers in 202 bytes (1 switches on core 0)
2026-04-22 19:39:44.602 7 INFO placement.requestlog [None req-ba88991b-c184-4cad-a7ca-6021e5fbd710 a01a320c5195496b846377c18155a3e7 225dd64921304765944f9fd7a24b6527 - - c7cb82dce9024d109014aadd82b3ce0a c7cb82dce9024d109014aadd82b3ce0a] 10.0.0.9 "DELETE /resource_providers/07548b20-c327-4ad9-8bf9-bc1e1548338a" status: 404 len: 246 microversion: 1.1 [pid: 7|app: 0|req: 567/1130] 10.0.0.9 () {34 vars in 814 bytes} [Wed Apr 22 19:39:44 2026] DELETE /resource_providers/07548b20-c327-4ad9-8bf9-bc1e1548338a => generated 246 bytes in 16 msecs (HTTP/1.1 404) 6 headers in 231 bytes (1 switches on core 0)
2026-04-22 19:39:44.605 8 INFO placement.requestlog [None req-33dad31d-a268-4a4f-9fd7-ab99a23d063e a01a320c5195496b846377c18155a3e7 225dd64921304765944f9fd7a24b6527 - - c7cb82dce9024d109014aadd82b3ce0a c7cb82dce9024d109014aadd82b3ce0a] 10.0.0.9 "DELETE /resource_providers/07548b20-c327-4ad9-8bf9-bc1e1548338a" status: 404 len: 246 microversion: 1.1 [pid: 8|app: 0|req: 564/1131] 10.0.0.9 () {34 vars in 814 bytes} [Wed Apr 22 19:39:44 2026] DELETE /resource_providers/07548b20-c327-4ad9-8bf9-bc1e1548338a => generated 246 bytes in 13 msecs (HTTP/1.1 404) 6 headers in 231 bytes (1 switches on core 0)
2026-04-22 19:39:53.874 8 INFO placement.requestlog [None req-606246a9-ee44-4b85-8a74-2dcf9f280108 - - - - - -] 10.0.0.15 "GET /" status: 200 len: 136 microversion: 1.0
2026-04-22 19:39:53.874 7 INFO placement.requestlog [None req-d20e2d45-2c72-4daa-90fb-df1d2fcaba87 - - - - - -] 10.0.0.15 "GET /" status: 200 len: 136 microversion: 1.0
2026-04-22 19:39:58.787 8 INFO placement.requestlog [None req-13f98ddf-9935-42ce-a53e-8a154eb5cb02 a01a320c5195496b846377c18155a3e7 225dd64921304765944f9fd7a24b6527 - - c7cb82dce9024d109014aadd82b3ce0a c7cb82dce9024d109014aadd82b3ce0a] 10.0.0.9 "GET /resource_providers/6fdf2ddd-e969-423b-a0c0-63da104d794e/aggregates" status: 404 len: 235 microversion: 1.1 [pid: 8|app: 0|req: 566/1134] 10.0.0.9 () {32 vars in 814 bytes} [Wed Apr 22 19:39:58 2026] GET /resource_providers/6fdf2ddd-e969-423b-a0c0-63da104d794e/aggregates => generated 235 bytes in 12 msecs (HTTP/1.1 404) 5 headers in 202 bytes (1 switches on core 0)
2026-04-22 19:39:58.794 7 INFO placement.requestlog [None req-3ab6d727-ddb2-40fb-befb-8968b8dc0930 a01a320c5195496b846377c18155a3e7 225dd64921304765944f9fd7a24b6527 - - c7cb82dce9024d109014aadd82b3ce0a c7cb82dce9024d109014aadd82b3ce0a] 10.0.0.9 "GET /resource_providers/6fdf2ddd-e969-423b-a0c0-63da104d794e/aggregates" status: 404 len: 235 microversion: 1.1 [pid: 7|app: 0|req: 569/1135] 10.0.0.9 () {32 vars in 814 bytes} [Wed Apr 22 19:39:58 2026] GET /resource_providers/6fdf2ddd-e969-423b-a0c0-63da104d794e/aggregates => generated 235 bytes in 19 msecs (HTTP/1.1 404) 5 headers in 202 bytes (1 switches on core 0)
2026-04-22 19:39:58.808 8 INFO placement.requestlog [None req-3bf68a4b-2154-4b21-aaa9-ec8752447819 a01a320c5195496b846377c18155a3e7 225dd64921304765944f9fd7a24b6527 - - c7cb82dce9024d109014aadd82b3ce0a c7cb82dce9024d109014aadd82b3ce0a] 10.0.0.9 "DELETE /resource_providers/6fdf2ddd-e969-423b-a0c0-63da104d794e" status: 404 len: 246 microversion: 1.1 [pid: 8|app: 0|req: 567/1136] 10.0.0.9 () {34 vars in 814 bytes} [Wed Apr 22 19:39:58 2026] DELETE /resource_providers/6fdf2ddd-e969-423b-a0c0-63da104d794e => generated 246 bytes in 12 msecs (HTTP/1.1 404) 6 headers in 231 bytes (1 switches on core 0)
2026-04-22 19:39:58.820 7 INFO placement.requestlog [None req-2f1506eb-1d97-4f7f-97ef-521bdf64402a a01a320c5195496b846377c18155a3e7 225dd64921304765944f9fd7a24b6527 - - c7cb82dce9024d109014aadd82b3ce0a c7cb82dce9024d109014aadd82b3ce0a] 10.0.0.9 "DELETE /resource_providers/6fdf2ddd-e969-423b-a0c0-63da104d794e" status: 404 len: 246 microversion: 1.1 [pid: 7|app: 0|req: 570/1137] 10.0.0.9 () {34 vars in 814 bytes} [Wed Apr 22 19:39:58 2026] DELETE /resource_providers/6fdf2ddd-e969-423b-a0c0-63da104d794e => generated 246 bytes in 18 msecs (HTTP/1.1 404) 6 headers in 231 bytes (1 switches on core 0)
2026-04-22 19:40:00.955 8 INFO placement.requestlog [None req-2e964dc4-d952-4a8c-9729-9a9e350ca883 a01a320c5195496b846377c18155a3e7 225dd64921304765944f9fd7a24b6527 - - c7cb82dce9024d109014aadd82b3ce0a c7cb82dce9024d109014aadd82b3ce0a] 10.0.0.9 "GET /resource_providers/157954a6-aad8-4c66-82b7-ab8c65e9007a/aggregates" status: 404 len: 235 microversion: 1.1 [pid: 8|app: 0|req: 568/1138] 10.0.0.9 () {32 vars in 814 bytes} [Wed Apr 22 19:40:00 2026] GET /resource_providers/157954a6-aad8-4c66-82b7-ab8c65e9007a/aggregates => generated 235 bytes in 10 msecs (HTTP/1.1 404) 5 headers in 202 bytes (1 switches on core 0)
2026-04-22 19:40:00.977 7 INFO placement.requestlog [None req-284ccde9-f602-4c58-acfe-c66ea356fa57 a01a320c5195496b846377c18155a3e7 225dd64921304765944f9fd7a24b6527 - - c7cb82dce9024d109014aadd82b3ce0a c7cb82dce9024d109014aadd82b3ce0a] 10.0.0.9 "DELETE /resource_providers/157954a6-aad8-4c66-82b7-ab8c65e9007a" status: 404 len: 246 microversion: 1.1 [pid: 7|app: 0|req: 571/1139] 10.0.0.9 () {34 vars in 814 bytes} [Wed Apr 22 19:40:00 2026] DELETE /resource_providers/157954a6-aad8-4c66-82b7-ab8c65e9007a => generated 246 bytes in 12 msecs (HTTP/1.1 404) 6 headers in 231 bytes (1 switches on core 0)
2026-04-22 19:40:01.348 8 INFO placement.requestlog [None req-c15f95f9-dbaf-4020-afbd-39bc128f1de4 a01a320c5195496b846377c18155a3e7 225dd64921304765944f9fd7a24b6527 - - c7cb82dce9024d109014aadd82b3ce0a c7cb82dce9024d109014aadd82b3ce0a] 10.0.0.9 "GET /resource_providers/157954a6-aad8-4c66-82b7-ab8c65e9007a/aggregates" status: 404 len: 235 microversion: 1.1 [pid: 8|app: 0|req: 569/1140] 10.0.0.9 () {32 vars in 814 bytes} [Wed Apr 22 19:40:01 2026] GET /resource_providers/157954a6-aad8-4c66-82b7-ab8c65e9007a/aggregates => generated 235 bytes in 16 msecs (HTTP/1.1 404) 5 headers in 202 bytes (1 switches on core 0)
2026-04-22 19:40:01.372 7 INFO placement.requestlog [None req-a497031a-f59a-4b9e-96d4-3c85e3965840 a01a320c5195496b846377c18155a3e7 225dd64921304765944f9fd7a24b6527 - - c7cb82dce9024d109014aadd82b3ce0a c7cb82dce9024d109014aadd82b3ce0a] 10.0.0.9 "DELETE /resource_providers/157954a6-aad8-4c66-82b7-ab8c65e9007a" status: 404 len: 246 microversion: 1.1 [pid: 7|app: 0|req: 572/1141] 10.0.0.9 () {34 vars in 814 bytes} [Wed Apr 22 19:40:01 2026] DELETE /resource_providers/157954a6-aad8-4c66-82b7-ab8c65e9007a => generated 246 bytes in 14 msecs (HTTP/1.1 404) 6 headers in 231 bytes (1 switches on core 0)
2026-04-22 19:40:03.872 8 INFO placement.requestlog [None req-b81bb2bd-3e59-4742-b2d5-19682bfdd12c - - - - - -] 10.0.0.15 "GET /" status: 200 len: 136 microversion: 1.0
2026-04-22 19:40:03.875 7 INFO placement.requestlog [None req-164708dc-fe49-4627-8a8c-a01adebc152c - - - - - -] 10.0.0.15 "GET /" status: 200 len: 136 microversion: 1.0
2026-04-22 19:40:06.380 8 INFO placement.requestlog [None req-93f4ec7e-2678-4394-b53f-dce2a0714756 a01a320c5195496b846377c18155a3e7 225dd64921304765944f9fd7a24b6527 - - c7cb82dce9024d109014aadd82b3ce0a c7cb82dce9024d109014aadd82b3ce0a] 10.0.0.9 "GET /resource_providers/17139218-28d8-4e71-a2ec-c0205e641abe/aggregates" status: 404 len: 235 microversion: 1.1 [pid: 8|app: 0|req: 571/1144] 10.0.0.9 () {32 vars in 814 bytes} [Wed Apr 22 19:40:06 2026] GET /resource_providers/17139218-28d8-4e71-a2ec-c0205e641abe/aggregates => generated 235 bytes in 12 msecs (HTTP/1.1 404) 5 headers in 202 bytes (1 switches on core 0)
2026-04-22 19:40:06.394 7 INFO placement.requestlog [None req-eed9caf9-db5a-4c92-84fa-a9ae458703fc a01a320c5195496b846377c18155a3e7 225dd64921304765944f9fd7a24b6527 - - c7cb82dce9024d109014aadd82b3ce0a c7cb82dce9024d109014aadd82b3ce0a] 10.0.0.9 "GET /resource_providers/17139218-28d8-4e71-a2ec-c0205e641abe/aggregates" status: 404 len: 235 microversion: 1.1 [pid: 7|app: 0|req: 574/1145] 10.0.0.9 () {32 vars in 814 bytes} [Wed Apr 22 19:40:06 2026] GET /resource_providers/17139218-28d8-4e71-a2ec-c0205e641abe/aggregates => generated 235 bytes in 14 msecs (HTTP/1.1 404) 5 headers in 202 bytes (1 switches on core 0)
2026-04-22 19:40:06.396 8 INFO placement.requestlog [None req-1926efbd-4d14-4803-9123-1598ea647d9c a01a320c5195496b846377c18155a3e7 225dd64921304765944f9fd7a24b6527 - - c7cb82dce9024d109014aadd82b3ce0a c7cb82dce9024d109014aadd82b3ce0a] 10.0.0.9 "DELETE /resource_providers/17139218-28d8-4e71-a2ec-c0205e641abe" status: 404 len: 246 microversion: 1.1 [pid: 8|app: 0|req: 572/1146] 10.0.0.9 () {34 vars in 814 bytes} [Wed Apr 22 19:40:06 2026] DELETE /resource_providers/17139218-28d8-4e71-a2ec-c0205e641abe => generated 246 bytes in 8 msecs (HTTP/1.1 404) 6 headers in 231 bytes (1 switches on core 0)
2026-04-22 19:40:06.423 7 INFO placement.requestlog [None req-bffd466d-3b5d-4b90-8cd2-b029d178d175 a01a320c5195496b846377c18155a3e7 225dd64921304765944f9fd7a24b6527 - - c7cb82dce9024d109014aadd82b3ce0a c7cb82dce9024d109014aadd82b3ce0a] 10.0.0.9 "DELETE /resource_providers/17139218-28d8-4e71-a2ec-c0205e641abe" status: 404 len: 246 microversion: 1.1 [pid: 7|app: 0|req: 575/1147] 10.0.0.9 () {34 vars in 814 bytes} [Wed Apr 22 19:40:06 2026] DELETE /resource_providers/17139218-28d8-4e71-a2ec-c0205e641abe => generated 246 bytes in 17 msecs (HTTP/1.1 404) 6 headers in 231 bytes (1 switches on core 0)
2026-04-22 19:40:08.456 8 INFO placement.requestlog [None req-b3c01bb7-545f-4383-8949-1bdedcb46fb3 a01a320c5195496b846377c18155a3e7 225dd64921304765944f9fd7a24b6527 - - c7cb82dce9024d109014aadd82b3ce0a c7cb82dce9024d109014aadd82b3ce0a] 10.0.0.9 "GET /resource_providers/d4c4ce37-7972-4c9e-8209-c14b2c9ea156/aggregates" status: 404 len: 235 microversion: 1.1 [pid: 8|app: 0|req: 573/1148] 10.0.0.9 () {32 vars in 814 bytes} [Wed Apr 22 19:40:08 2026] GET /resource_providers/d4c4ce37-7972-4c9e-8209-c14b2c9ea156/aggregates => generated 235 bytes in 29 msecs (HTTP/1.1 404) 5 headers in 202 bytes (1 switches on core 0)
2026-04-22 19:40:08.460 7 INFO placement.requestlog [None req-1436e1d8-0f12-4e23-aede-29678682a75d a01a320c5195496b846377c18155a3e7 225dd64921304765944f9fd7a24b6527 - - c7cb82dce9024d109014aadd82b3ce0a c7cb82dce9024d109014aadd82b3ce0a] 10.0.0.9 "GET /resource_providers/d4c4ce37-7972-4c9e-8209-c14b2c9ea156/aggregates" status: 404 len: 235 microversion: 1.1 [pid: 7|app: 0|req: 576/1149] 10.0.0.9 () {32 vars in 814 bytes} [Wed Apr 22 19:40:08 2026] GET /resource_providers/d4c4ce37-7972-4c9e-8209-c14b2c9ea156/aggregates => generated 235 bytes in 18 msecs (HTTP/1.1 404) 5 headers in 202 bytes (1 switches on core 0)
2026-04-22 19:40:08.488 8 INFO placement.requestlog [None req-004f95b4-c6a8-4b4c-9359-4ef3acf00bd8 a01a320c5195496b846377c18155a3e7 225dd64921304765944f9fd7a24b6527 - - c7cb82dce9024d109014aadd82b3ce0a c7cb82dce9024d109014aadd82b3ce0a] 10.0.0.9 "DELETE /resource_providers/d4c4ce37-7972-4c9e-8209-c14b2c9ea156" status: 404 len: 246 microversion: 1.1 [pid: 8|app: 0|req: 574/1150] 10.0.0.9 () {34 vars in 814 bytes} [Wed Apr 22 19:40:08 2026] DELETE /resource_providers/d4c4ce37-7972-4c9e-8209-c14b2c9ea156 => generated 246 bytes in 19 msecs (HTTP/1.1 404) 6 headers in 231 bytes (1 switches on core 0)
2026-04-22 19:40:08.492 7 INFO placement.requestlog [None req-6b24ed2e-7895-4926-ada9-756306706bf9 a01a320c5195496b846377c18155a3e7 225dd64921304765944f9fd7a24b6527 - - c7cb82dce9024d109014aadd82b3ce0a c7cb82dce9024d109014aadd82b3ce0a] 10.0.0.9 "DELETE /resource_providers/d4c4ce37-7972-4c9e-8209-c14b2c9ea156" status: 404 len: 246 microversion: 1.1 [pid: 7|app: 0|req: 577/1151] 10.0.0.9 () {34 vars in 814 bytes} [Wed Apr 22 19:40:08 2026] DELETE /resource_providers/d4c4ce37-7972-4c9e-8209-c14b2c9ea156 => generated 246 bytes in 16 msecs (HTTP/1.1 404) 6 headers in 231 bytes (1 switches on core 0)
2026-04-22 19:40:13.873 8 INFO placement.requestlog [None req-d521e5c0-0426-4710-b6f2-cf53edc342ca - - - - - -] 10.0.0.15 "GET /" status: 200 len: 136 microversion: 1.0
2026-04-22 19:40:13.873 7 INFO placement.requestlog [None req-be629400-ab0e-419f-ba98-2b32658651f8 - - - - - -] 10.0.0.15 "GET /" status: 200 len: 136 microversion: 1.0
2026-04-22 19:40:16.479 8 INFO placement.requestlog [req-21ce054a-4f05-4fe8-ac19-df67313fdd82 req-83bc228d-1798-4210-98a0-8b7b967be364 c85e0afd9a32421086a3b1ffac949187 225dd64921304765944f9fd7a24b6527 - - c7cb82dce9024d109014aadd82b3ce0a c7cb82dce9024d109014aadd82b3ce0a] 199.19.213.85 "GET /resource_providers/6eda88e9-4c23-4b2a-a89c-98c238735b19/allocations" status: 200 len: 55 microversion: 1.0 [pid: 8|app: 0|req: 576/1154] 199.19.213.85 () {32 vars in 856 bytes} [Wed Apr 22 19:40:16 2026] GET /resource_providers/6eda88e9-4c23-4b2a-a89c-98c238735b19/allocations => generated 55 bytes in 15 msecs (HTTP/1.1 200) 6 headers in 223 bytes (1 switches on core 0)
2026-04-22 19:40:16.506 7 INFO placement.requestlog [req-21ce054a-4f05-4fe8-ac19-df67313fdd82 req-a94c2dcd-dd76-46d0-bbd2-ea3907e90275 c85e0afd9a32421086a3b1ffac949187 225dd64921304765944f9fd7a24b6527 - - c7cb82dce9024d109014aadd82b3ce0a c7cb82dce9024d109014aadd82b3ce0a] 199.19.213.85 "GET /resource_providers/6eda88e9-4c23-4b2a-a89c-98c238735b19/allocations" status: 200 len: 55 microversion: 1.0 [pid: 7|app: 0|req: 579/1155] 199.19.213.85 () {32 vars in 856 bytes} [Wed Apr 22 19:40:16 2026] GET /resource_providers/6eda88e9-4c23-4b2a-a89c-98c238735b19/allocations => generated 55 bytes in 18 msecs (HTTP/1.1 200) 6 headers in 223 bytes (1 switches on core 0)
2026-04-22 19:40:18.901 8 INFO placement.requestlog [req-5c50aefb-62e8-4047-b52f-d283a03ae5cf req-84395746-ac85-41d2-b598-d3185fb5f1cf c85e0afd9a32421086a3b1ffac949187 225dd64921304765944f9fd7a24b6527 - - c7cb82dce9024d109014aadd82b3ce0a c7cb82dce9024d109014aadd82b3ce0a] 10.0.0.246 "GET /allocation_candidates?limit=1000&resources=DISK_GB%3A1%2CMEMORY_MB%3A512%2CVCPU%3A1&root_required=%21COMPUTE_STATUS_DISABLED" status: 200 len: 2217 microversion: 1.36 [pid: 8|app: 0|req: 577/1156] 10.0.0.246 () {34 vars in 1012 bytes} [Wed Apr 22 19:40:18 2026] GET /allocation_candidates?limit=1000&resources=DISK_GB%3A1%2CMEMORY_MB%3A512%2CVCPU%3A1&root_required=%21COMPUTE_STATUS_DISABLED => generated 2217 bytes in 35 msecs (HTTP/1.1 200) 8 headers in 297 bytes (1 switches on core 0)
2026-04-22 19:40:18.936 7 INFO placement.requestlog [req-5c50aefb-62e8-4047-b52f-d283a03ae5cf req-21457550-fffd-46a2-88b4-39ba39dcaa3d c85e0afd9a32421086a3b1ffac949187 225dd64921304765944f9fd7a24b6527 - - c7cb82dce9024d109014aadd82b3ce0a c7cb82dce9024d109014aadd82b3ce0a] 10.0.0.246 "GET /allocations/4ca09a5c-b4fa-44b9-9b17-2fb26a1c78cd" status: 200 len: 19 microversion: 1.28 [pid: 7|app: 0|req: 580/1157] 10.0.0.246 () {34 vars in 861 bytes} [Wed Apr 22 19:40:18 2026] GET /allocations/4ca09a5c-b4fa-44b9-9b17-2fb26a1c78cd => generated 19 bytes in 12 msecs (HTTP/1.1 200) 8 headers in 295 bytes (1 switches on core 0)
2026-04-22 19:40:19.008 8 INFO placement.requestlog [req-5c50aefb-62e8-4047-b52f-d283a03ae5cf req-2c2151c3-b704-4433-b6f5-b08982c93db4 c85e0afd9a32421086a3b1ffac949187 225dd64921304765944f9fd7a24b6527 - - c7cb82dce9024d109014aadd82b3ce0a c7cb82dce9024d109014aadd82b3ce0a] 10.0.0.246 "PUT /allocations/4ca09a5c-b4fa-44b9-9b17-2fb26a1c78cd" status: 204 len: 0 microversion: 1.36 [pid: 8|app: 0|req: 578/1158] 10.0.0.246 () {38 vars in 914 bytes} [Wed Apr 22 19:40:18 2026] PUT /allocations/4ca09a5c-b4fa-44b9-9b17-2fb26a1c78cd => generated 0 bytes in 64 msecs (HTTP/1.1 204) 5 headers in 199 bytes (1 switches on core 0)
2026-04-22 19:40:19.312 7 INFO placement.requestlog [req-5c50aefb-62e8-4047-b52f-d283a03ae5cf req-0233dde0-2a7f-4b78-a0f4-f39a0715a18e c85e0afd9a32421086a3b1ffac949187 225dd64921304765944f9fd7a24b6527 - - c7cb82dce9024d109014aadd82b3ce0a c7cb82dce9024d109014aadd82b3ce0a] 199.19.213.85 "GET /allocations/4ca09a5c-b4fa-44b9-9b17-2fb26a1c78cd" status: 200 len: 258 microversion: 1.28 [pid: 7|app: 0|req: 581/1159] 199.19.213.85 () {34 vars in 862 bytes} [Wed Apr 22 19:40:19 2026] GET /allocations/4ca09a5c-b4fa-44b9-9b17-2fb26a1c78cd => generated 258 bytes in 22 msecs (HTTP/1.1 200) 8 headers in 296 bytes (1 switches on core 0)
2026-04-22 19:40:19.412 8 INFO placement.requestlog [req-5c50aefb-62e8-4047-b52f-d283a03ae5cf req-804b2bf8-80eb-4e00-bd11-e22657512bd7 c85e0afd9a32421086a3b1ffac949187 225dd64921304765944f9fd7a24b6527 - - c7cb82dce9024d109014aadd82b3ce0a c7cb82dce9024d109014aadd82b3ce0a] 199.19.213.85 "GET /resource_providers/6eda88e9-4c23-4b2a-a89c-98c238735b19/allocations" status: 200 len: 153 microversion: 1.0 [pid: 8|app: 0|req: 579/1160] 199.19.213.85 () {32 vars in 856 bytes} [Wed Apr 22 19:40:19 2026] GET /resource_providers/6eda88e9-4c23-4b2a-a89c-98c238735b19/allocations => generated 153 bytes in 20 msecs (HTTP/1.1 200) 6 headers in 224 bytes (1 switches on core 0)
2026-04-22 19:40:19.445 7 INFO placement.requestlog [req-5c50aefb-62e8-4047-b52f-d283a03ae5cf req-276a0999-c529-4ed7-a3c7-8a4053f55908 c85e0afd9a32421086a3b1ffac949187 225dd64921304765944f9fd7a24b6527 - - c7cb82dce9024d109014aadd82b3ce0a c7cb82dce9024d109014aadd82b3ce0a] 199.19.213.85 "GET /allocations/4ca09a5c-b4fa-44b9-9b17-2fb26a1c78cd" status: 200 len: 258 microversion: 1.28 [pid: 7|app: 0|req: 582/1161] 199.19.213.85 () {34 vars in 862 bytes} [Wed Apr 22 19:40:19 2026] GET /allocations/4ca09a5c-b4fa-44b9-9b17-2fb26a1c78cd => generated 258 bytes in 19 msecs (HTTP/1.1 200) 8 headers in 296 bytes (1 switches on core 0)
2026-04-22 19:40:23.874 8 INFO placement.requestlog [None req-800c21da-8a12-4977-9a42-d436b3b9b6f1 - - - - - -] 10.0.0.15 "GET /" status: 200 len: 136 microversion: 1.0
2026-04-22 19:40:23.875 7 INFO placement.requestlog [None req-d6a92f2a-3a9c-4384-bfdc-aa7d8959d087 - - - - - -] 10.0.0.15 "GET /" status: 200 len: 136 microversion: 1.0
2026-04-22 19:40:32.997 8 INFO placement.requestlog [req-51135161-2f3b-4958-be61-0e6680b2cb37 req-4f8226c1-ed62-4624-beeb-5efe77ae2285 c85e0afd9a32421086a3b1ffac949187 225dd64921304765944f9fd7a24b6527 - - c7cb82dce9024d109014aadd82b3ce0a c7cb82dce9024d109014aadd82b3ce0a] 10.0.0.246 "GET /allocation_candidates?limit=1000&resources=DISK_GB%3A1%2CMEMORY_MB%3A512%2CVCPU%3A1&root_required=%21COMPUTE_STATUS_DISABLED" status: 200 len: 2219 microversion: 1.36 [pid: 8|app: 0|req: 581/1164] 10.0.0.246 () {34 vars in 1012 bytes} [Wed Apr 22 19:40:32 2026] GET /allocation_candidates?limit=1000&resources=DISK_GB%3A1%2CMEMORY_MB%3A512%2CVCPU%3A1&root_required=%21COMPUTE_STATUS_DISABLED => generated 2219 bytes in 160 msecs (HTTP/1.1 200) 8 headers in 297 bytes (1 switches on core 0)
2026-04-22 19:40:33.037 7 INFO placement.requestlog [req-51135161-2f3b-4958-be61-0e6680b2cb37 req-af61277b-d436-4c49-ae84-693988be978f c85e0afd9a32421086a3b1ffac949187 225dd64921304765944f9fd7a24b6527 - - c7cb82dce9024d109014aadd82b3ce0a c7cb82dce9024d109014aadd82b3ce0a] 10.0.0.246 "GET /allocations/950dc1e2-963a-4bb9-a67d-818ac29460d4" status: 200 len: 19 microversion: 1.28 [pid: 7|app: 0|req: 584/1165] 10.0.0.246 () {34 vars in 861 bytes} [Wed Apr 22 19:40:33 2026] GET /allocations/950dc1e2-963a-4bb9-a67d-818ac29460d4 => generated 19 bytes in 16 msecs (HTTP/1.1 200) 8 headers in 295 bytes (1 switches on core 0)
2026-04-22 19:40:33.111 8 INFO placement.requestlog [req-51135161-2f3b-4958-be61-0e6680b2cb37 req-359be645-6395-41e6-a9aa-15c21c643e9b c85e0afd9a32421086a3b1ffac949187 225dd64921304765944f9fd7a24b6527 - - c7cb82dce9024d109014aadd82b3ce0a c7cb82dce9024d109014aadd82b3ce0a] 10.0.0.246 "PUT /allocations/950dc1e2-963a-4bb9-a67d-818ac29460d4" status: 204 len: 0 microversion: 1.36 [pid: 8|app: 0|req: 582/1166] 10.0.0.246 () {38 vars in 914 bytes} [Wed Apr 22 19:40:33 2026] PUT /allocations/950dc1e2-963a-4bb9-a67d-818ac29460d4 => generated 0 bytes in 69 msecs (HTTP/1.1 204) 5 headers in 199 bytes (1 switches on core 0)
2026-04-22 19:40:33.371 7 INFO placement.requestlog [req-51135161-2f3b-4958-be61-0e6680b2cb37 req-37abc4fc-1011-4eab-a0a0-aa135d599157 c85e0afd9a32421086a3b1ffac949187 225dd64921304765944f9fd7a24b6527 - - c7cb82dce9024d109014aadd82b3ce0a c7cb82dce9024d109014aadd82b3ce0a] 199.19.213.85 "GET /allocations/950dc1e2-963a-4bb9-a67d-818ac29460d4" status: 200 len: 258 microversion: 1.28 [pid: 7|app: 0|req: 585/1167] 199.19.213.85 () {34 vars in 862 bytes} [Wed Apr 22 19:40:33 2026] GET /allocations/950dc1e2-963a-4bb9-a67d-818ac29460d4 => generated 258 bytes in 16 msecs (HTTP/1.1 200) 8 headers in 296 bytes (1 switches on core 0)
2026-04-22 19:40:33.479 8 INFO placement.requestlog [req-51135161-2f3b-4958-be61-0e6680b2cb37 req-facb6b92-497b-4da1-a69d-fb6bf19205e5 c85e0afd9a32421086a3b1ffac949187 225dd64921304765944f9fd7a24b6527 - - c7cb82dce9024d109014aadd82b3ce0a c7cb82dce9024d109014aadd82b3ce0a] 199.19.213.85 "GET /resource_providers/6eda88e9-4c23-4b2a-a89c-98c238735b19/allocations" status: 200 len: 253 microversion: 1.0 [pid: 8|app: 0|req: 583/1168] 199.19.213.85 () {32 vars in 856 bytes} [Wed Apr 22 19:40:33 2026] GET /resource_providers/6eda88e9-4c23-4b2a-a89c-98c238735b19/allocations => generated 253 bytes in 22 msecs (HTTP/1.1 200) 6 headers in 224 bytes (1 switches on core 0)
2026-04-22 19:40:33.510 7 INFO placement.requestlog [req-51135161-2f3b-4958-be61-0e6680b2cb37 req-cf4e7398-3d11-4e33-babf-3faa82ae0676 c85e0afd9a32421086a3b1ffac949187 225dd64921304765944f9fd7a24b6527 - - c7cb82dce9024d109014aadd82b3ce0a c7cb82dce9024d109014aadd82b3ce0a] 199.19.213.85 "GET /allocations/4ca09a5c-b4fa-44b9-9b17-2fb26a1c78cd" status: 200 len: 258 microversion: 1.28 [pid: 7|app: 0|req: 586/1169] 199.19.213.85 () {34 vars in 862 bytes} [Wed Apr 22 19:40:33 2026] GET /allocations/4ca09a5c-b4fa-44b9-9b17-2fb26a1c78cd => generated 258 bytes in 22 msecs (HTTP/1.1 200) 8 headers in 296 bytes (1 switches on core 0)
2026-04-22 19:40:33.537 8 INFO placement.requestlog [req-51135161-2f3b-4958-be61-0e6680b2cb37 req-a11145ed-e1c1-4a1b-90ac-6bec569681ab c85e0afd9a32421086a3b1ffac949187 225dd64921304765944f9fd7a24b6527 - - c7cb82dce9024d109014aadd82b3ce0a c7cb82dce9024d109014aadd82b3ce0a] 199.19.213.85 "GET /allocations/950dc1e2-963a-4bb9-a67d-818ac29460d4" status: 200 len: 258 microversion: 1.28 [pid: 8|app: 0|req: 584/1170] 199.19.213.85 () {34 vars in 862 bytes} [Wed Apr 22 19:40:33 2026] GET /allocations/950dc1e2-963a-4bb9-a67d-818ac29460d4 => generated 258 bytes in 19 msecs (HTTP/1.1 200) 8 headers in 296 bytes (1 switches on core 0)
2026-04-22 19:40:33.874 7 INFO placement.requestlog [None req-f16fc4a1-edbb-46ff-9523-1eefc73138c5 - - - - - -] 10.0.0.15 "GET /" status: 200 len: 136 microversion: 1.0
2026-04-22 19:40:33.874 8 INFO placement.requestlog [None req-6a7e0390-ea79-472b-8f33-627b595ab6a0 - - - - - -] 10.0.0.15 "GET /" status: 200 len: 136 microversion: 1.0
2026-04-22 19:40:43.873 7 INFO placement.requestlog [None req-6b73c4af-51e5-48e2-8da6-6a40cf3f478b - - - - - -] 10.0.0.15 "GET /" status: 200 len: 136 microversion: 1.0
2026-04-22 19:40:43.874 8 INFO placement.requestlog [None req-7ee93f68-87dc-4cec-b109-59549121540a - - - - - -] 10.0.0.15 "GET /" status: 200 len: 136 microversion: 1.0
2026-04-22 19:40:53.873 7 INFO placement.requestlog [None req-b742c59f-7dbd-4fba-afaa-48688a0c501f - - - - - -] 10.0.0.15 "GET /" status: 200 len: 136 microversion: 1.0
2026-04-22 19:40:53.874 8 INFO placement.requestlog [None req-c61ff31b-08ca-4025-b703-c68f6adb2a2e - - - - - -] 10.0.0.15 "GET /" status: 200 len: 136 microversion: 1.0
2026-04-22 19:41:03.874 8 INFO placement.requestlog [None req-22c79361-8756-402b-979a-badadb249dd6 - - - - - -] 10.0.0.15 "GET /" status: 200 len: 136 microversion: 1.0
2026-04-22 19:41:03.874 7 INFO placement.requestlog [None req-7edf5a26-c52f-49d5-a57a-42dde5aeaab8 - - - - - -] 10.0.0.15 "GET /" status: 200 len: 136 microversion: 1.0
2026-04-22 19:41:10.394 8 INFO placement.requestlog [req-f73ae194-e43e-4690-8960-86cfc0dbab54 req-2c5530b8-5b74-4c5d-b342-a836230f6197 c85e0afd9a32421086a3b1ffac949187 225dd64921304765944f9fd7a24b6527 - - c7cb82dce9024d109014aadd82b3ce0a c7cb82dce9024d109014aadd82b3ce0a] 10.0.0.246 "GET /allocation_candidates?limit=1000&resources=MEMORY_MB%3A2048%2CVCPU%3A2&root_required=%21COMPUTE_STATUS_DISABLED" status: 200 len: 2207 microversion: 1.36 [pid: 8|app: 0|req: 589/1179] 10.0.0.246 () {34 vars in 986 bytes} [Wed Apr 22 19:41:10 2026] GET /allocation_candidates?limit=1000&resources=MEMORY_MB%3A2048%2CVCPU%3A2&root_required=%21COMPUTE_STATUS_DISABLED => generated 2207 bytes in 47 msecs (HTTP/1.1 200) 8 headers in 297 bytes (1 switches on core 0)
2026-04-22 19:41:10.430 7 INFO placement.requestlog [req-f73ae194-e43e-4690-8960-86cfc0dbab54 req-5c942ca3-47ab-49b5-9af3-7e367a6aaedc c85e0afd9a32421086a3b1ffac949187 225dd64921304765944f9fd7a24b6527 - - c7cb82dce9024d109014aadd82b3ce0a c7cb82dce9024d109014aadd82b3ce0a] 10.0.0.246 "GET /allocations/0b1bd793-13e7-46bd-84e5-cea14234ef0e" status: 200 len: 19 microversion: 1.28 [pid: 7|app: 0|req: 591/1180] 10.0.0.246 () {34 vars in 861 bytes} [Wed Apr 22 19:41:10 2026] GET /allocations/0b1bd793-13e7-46bd-84e5-cea14234ef0e => generated 19 bytes in 16 msecs (HTTP/1.1 200) 8 headers in 295 bytes (1 switches on core 0)
2026-04-22 19:41:10.509 8 INFO placement.requestlog [req-f73ae194-e43e-4690-8960-86cfc0dbab54 req-01cf4bd4-cab7-4c3a-b65c-cf6e7aebda7d c85e0afd9a32421086a3b1ffac949187 225dd64921304765944f9fd7a24b6527 - - c7cb82dce9024d109014aadd82b3ce0a c7cb82dce9024d109014aadd82b3ce0a] 10.0.0.246 "PUT /allocations/0b1bd793-13e7-46bd-84e5-cea14234ef0e" status: 204 len: 0 microversion: 1.36 [pid: 8|app: 0|req: 590/1181] 10.0.0.246 () {38 vars in 914 bytes} [Wed Apr 22 19:41:10 2026] PUT /allocations/0b1bd793-13e7-46bd-84e5-cea14234ef0e => generated 0 bytes in 68 msecs (HTTP/1.1 204) 5 headers in 199 bytes (1 switches on core 0)
2026-04-22 19:41:10.808 7 INFO placement.requestlog [req-f73ae194-e43e-4690-8960-86cfc0dbab54 req-ab3603a1-b009-4659-a9be-f5d294aadee2 c85e0afd9a32421086a3b1ffac949187 225dd64921304765944f9fd7a24b6527 - - c7cb82dce9024d109014aadd82b3ce0a c7cb82dce9024d109014aadd82b3ce0a] 199.19.213.85 "GET /allocations/0b1bd793-13e7-46bd-84e5-cea14234ef0e" status: 200 len: 245 microversion: 1.28 [pid: 7|app: 0|req: 592/1182] 199.19.213.85 () {34 vars in 862 bytes} [Wed Apr 22 19:41:10 2026] GET /allocations/0b1bd793-13e7-46bd-84e5-cea14234ef0e => generated 245 bytes in 16 msecs (HTTP/1.1 200) 8 headers in 296 bytes (1 switches on core 0)
2026-04-22 19:41:10.944 8 INFO placement.requestlog [req-f73ae194-e43e-4690-8960-86cfc0dbab54 req-bb30e684-9feb-4492-be63-ac3c1cd779d1 c85e0afd9a32421086a3b1ffac949187 225dd64921304765944f9fd7a24b6527 - - c7cb82dce9024d109014aadd82b3ce0a c7cb82dce9024d109014aadd82b3ce0a] 199.19.213.85 "GET /resource_providers/6eda88e9-4c23-4b2a-a89c-98c238735b19/allocations" status: 200 len: 340 microversion: 1.0 [pid: 8|app: 0|req: 591/1183] 199.19.213.85 () {32 vars in 856 bytes} [Wed Apr 22 19:41:10 2026] GET /resource_providers/6eda88e9-4c23-4b2a-a89c-98c238735b19/allocations => generated 340 bytes in 20 msecs (HTTP/1.1 200) 6 headers in 224 bytes (1 switches on core 0)
2026-04-22 19:41:10.999 7 INFO placement.requestlog [req-f73ae194-e43e-4690-8960-86cfc0dbab54 req-c7905d20-6cbf-47c7-8578-03edd1be0c14 c85e0afd9a32421086a3b1ffac949187 225dd64921304765944f9fd7a24b6527 - - c7cb82dce9024d109014aadd82b3ce0a c7cb82dce9024d109014aadd82b3ce0a] 199.19.213.85 "GET /allocations/4ca09a5c-b4fa-44b9-9b17-2fb26a1c78cd" status: 200 len: 258 microversion: 1.28 [pid: 7|app: 0|req: 593/1184] 199.19.213.85 () {34 vars in 862 bytes} [Wed Apr 22 19:41:10 2026] GET /allocations/4ca09a5c-b4fa-44b9-9b17-2fb26a1c78cd => generated 258 bytes in 48 msecs (HTTP/1.1 200) 8 headers in 296 bytes (1 switches on core 0)
2026-04-22 19:41:11.018 8 INFO placement.requestlog [req-f73ae194-e43e-4690-8960-86cfc0dbab54 req-3b6e8eee-95d1-4e78-a232-554ff348b925 c85e0afd9a32421086a3b1ffac949187 225dd64921304765944f9fd7a24b6527 - - c7cb82dce9024d109014aadd82b3ce0a c7cb82dce9024d109014aadd82b3ce0a] 199.19.213.85 "GET /allocations/0b1bd793-13e7-46bd-84e5-cea14234ef0e" status: 200 len: 245 microversion: 1.28 [pid: 8|app: 0|req: 592/1185] 199.19.213.85 () {34 vars in 862 bytes} [Wed Apr 22 19:41:11 2026] GET /allocations/0b1bd793-13e7-46bd-84e5-cea14234ef0e => generated 245 bytes in 13 msecs (HTTP/1.1 200) 8 headers in 296 bytes (1 switches on core 0)
2026-04-22 19:41:11.039 7 INFO placement.requestlog [req-f73ae194-e43e-4690-8960-86cfc0dbab54 req-a9e2f49d-6d0c-4af4-ad30-8cabc797591c c85e0afd9a32421086a3b1ffac949187 225dd64921304765944f9fd7a24b6527 - - c7cb82dce9024d109014aadd82b3ce0a c7cb82dce9024d109014aadd82b3ce0a] 199.19.213.85 "GET /allocations/950dc1e2-963a-4bb9-a67d-818ac29460d4" status: 200 len: 258 microversion: 1.28 [pid: 7|app: 0|req: 594/1186] 199.19.213.85 () {34 vars in 862 bytes} [Wed Apr 22 19:41:11 2026] GET /allocations/950dc1e2-963a-4bb9-a67d-818ac29460d4 => generated 258 bytes in 14 msecs (HTTP/1.1 200) 8 headers in 296 bytes (1 switches on core 0)
2026-04-22 19:41:13.873 8 INFO placement.requestlog [None req-1cd6f8bc-d321-46f2-b0f5-a95164074fde - - - - - -] 10.0.0.15 "GET /" status: 200 len: 136 microversion: 1.0
2026-04-22 19:41:13.874 7 INFO placement.requestlog [None req-5740e934-851a-40ad-bd09-2242e05bc0a8 - - - - - -] 10.0.0.15 "GET /" status: 200 len: 136 microversion: 1.0
2026-04-22 19:41:19.004 8 INFO placement.requestlog [req-d3114625-0f88-47e2-a39a-28a4c5cb1b36 req-23213068-31ad-466b-8d84-c598ea0ebf3a c85e0afd9a32421086a3b1ffac949187 225dd64921304765944f9fd7a24b6527 - - c7cb82dce9024d109014aadd82b3ce0a c7cb82dce9024d109014aadd82b3ce0a] 199.19.213.85 "GET /resource_providers/6eda88e9-4c23-4b2a-a89c-98c238735b19/allocations" status: 200 len: 340 microversion: 1.0 [pid: 8|app: 0|req: 594/1189] 199.19.213.85 () {32 vars in 856 bytes} [Wed Apr 22 19:41:18 2026] GET /resource_providers/6eda88e9-4c23-4b2a-a89c-98c238735b19/allocations => generated 340 bytes in 19 msecs (HTTP/1.1 200) 6 headers in 224 bytes (1 switches on core 0)
2026-04-22 19:41:19.030 7 INFO placement.requestlog [req-d3114625-0f88-47e2-a39a-28a4c5cb1b36 req-d9c226f5-fd74-481b-89b5-0bc0de675de1 c85e0afd9a32421086a3b1ffac949187 225dd64921304765944f9fd7a24b6527 - - c7cb82dce9024d109014aadd82b3ce0a c7cb82dce9024d109014aadd82b3ce0a] 199.19.213.85 "GET /resource_providers/6eda88e9-4c23-4b2a-a89c-98c238735b19/allocations" status: 200 len: 340 microversion: 1.0 [pid: 7|app: 0|req: 596/1190] 199.19.213.85 () {32 vars in 856 bytes} [Wed Apr 22 19:41:19 2026] GET /resource_providers/6eda88e9-4c23-4b2a-a89c-98c238735b19/allocations => generated 340 bytes in 17 msecs (HTTP/1.1 200) 6 headers in 224 bytes (1 switches on core 0)
2026-04-22 19:41:19.057 8 INFO placement.requestlog [req-d3114625-0f88-47e2-a39a-28a4c5cb1b36 req-7a65c961-9000-4077-aff8-835fda0343b7 c85e0afd9a32421086a3b1ffac949187 225dd64921304765944f9fd7a24b6527 - - c7cb82dce9024d109014aadd82b3ce0a c7cb82dce9024d109014aadd82b3ce0a] 199.19.213.85 "GET /allocations/4ca09a5c-b4fa-44b9-9b17-2fb26a1c78cd" status: 200 len: 258 microversion: 1.28 [pid: 8|app: 0|req: 595/1191] 199.19.213.85 () {34 vars in 862 bytes} [Wed Apr 22 19:41:19 2026] GET /allocations/4ca09a5c-b4fa-44b9-9b17-2fb26a1c78cd => generated 258 bytes in 20 msecs (HTTP/1.1 200) 8 headers in 296 bytes (1 switches on core 0)
2026-04-22 19:41:19.083 7 INFO placement.requestlog [req-d3114625-0f88-47e2-a39a-28a4c5cb1b36 req-839a73d7-a451-45d8-bc0f-89853e054462 c85e0afd9a32421086a3b1ffac949187 225dd64921304765944f9fd7a24b6527 - - c7cb82dce9024d109014aadd82b3ce0a c7cb82dce9024d109014aadd82b3ce0a] 199.19.213.85 "GET /allocations/0b1bd793-13e7-46bd-84e5-cea14234ef0e" status: 200 len: 245 microversion: 1.28 [pid: 7|app: 0|req: 597/1192] 199.19.213.85 () {34 vars in 862 bytes} [Wed Apr 22 19:41:19 2026] GET /allocations/0b1bd793-13e7-46bd-84e5-cea14234ef0e => generated 245 bytes in 17 msecs (HTTP/1.1 200) 8 headers in 296 bytes (1 switches on core 0)
2026-04-22 19:41:19.109 8 INFO placement.requestlog [req-d3114625-0f88-47e2-a39a-28a4c5cb1b36 req-90c77481-a501-404b-b42c-8211d87a43e3 c85e0afd9a32421086a3b1ffac949187 225dd64921304765944f9fd7a24b6527 - - c7cb82dce9024d109014aadd82b3ce0a c7cb82dce9024d109014aadd82b3ce0a] 199.19.213.85 "GET /allocations/950dc1e2-963a-4bb9-a67d-818ac29460d4" status: 200 len: 258 microversion: 1.28 [pid: 8|app: 0|req: 596/1193] 199.19.213.85 () {34 vars in 862 bytes} [Wed Apr 22 19:41:19 2026] GET /allocations/950dc1e2-963a-4bb9-a67d-818ac29460d4 => generated 258 bytes in 19 msecs (HTTP/1.1 200) 8 headers in 296 bytes (1 switches on core 0)
2026-04-22 19:41:23.873 7 INFO placement.requestlog [None req-5b6ec8bf-cea7-409a-8b27-2d365a0fc648 - - - - - -] 10.0.0.15 "GET /" status: 200 len: 136 microversion: 1.0
2026-04-22 19:41:23.874 8 INFO placement.requestlog [None req-89c42e39-de63-49b9-a685-d90bc9aa78d7 - - - - - -] 10.0.0.15 "GET /" status: 200 len: 136 microversion: 1.0
2026-04-22 19:41:33.873 8 INFO placement.requestlog [None req-03f8b543-9f19-4c86-867c-0e974b545584 - - - - - -] 10.0.0.15 "GET /" status: 200 len: 136 microversion: 1.0
2026-04-22 19:41:33.874 7 INFO placement.requestlog [None req-b1a48b99-fdb8-43c6-ba03-2765986cecba - - - - - -] 10.0.0.15 "GET /" status: 200 len: 136 microversion: 1.0
2026-04-22 19:41:43.872 8 INFO placement.requestlog [None req-e3907063-923c-4290-8b0c-8c82c6a24160 - - - - - -] 10.0.0.15 "GET /" status: 200 len: 136 microversion: 1.0
2026-04-22 19:41:43.873 7 INFO placement.requestlog [None req-85c3633a-13a8-4606-85fe-31a0726997c8 - - - - - -] 10.0.0.15 "GET /" status: 200 len: 136 microversion: 1.0
2026-04-22 19:41:53.873 8 INFO placement.requestlog [None req-60c13f25-0ebe-40e3-8595-a72572362b5e - - - - - -] 10.0.0.15 "GET /" status: 200 len: 136 microversion: 1.0
2026-04-22 19:41:53.873 7 INFO placement.requestlog [None req-7c27c864-42a4-4fef-a809-939572efa7b2 - - - - - -] 10.0.0.15 "GET /" status: 200 len: 136 microversion: 1.0
2026-04-22 19:42:03.873 7 INFO placement.requestlog [None req-af7f31fc-51f9-4d25-9646-53cbec7c3782 - - - - - -] 10.0.0.15 "GET /" status: 200 len: 136 microversion: 1.0
2026-04-22 19:42:03.874 8 INFO placement.requestlog [None req-b8d8d130-f489-49a7-907b-2c52fe7e03a2 - - - - - -] 10.0.0.15 "GET /" status: 200 len: 136 microversion: 1.0
2026-04-22 19:42:13.873 7 INFO placement.requestlog [None req-3f75f8c1-4a09-4825-8365-93230b17f4a2 - - - - - -] 10.0.0.15 "GET /" status: 200 len: 136 microversion: 1.0
2026-04-22 19:42:13.873 8 INFO placement.requestlog [None req-1413fc5f-5781-400d-92c2-619ad5652569 - - - - - -] 10.0.0.15 "GET /" status: 200 len: 136 microversion: 1.0
2026-04-22 19:42:20.823 7 INFO placement.requestlog [req-aa886631-7c0b-447c-aea0-62bcee6fab78 req-5a0d1491-3e1e-4a99-a33e-a1bc1a3321c1 c85e0afd9a32421086a3b1ffac949187 225dd64921304765944f9fd7a24b6527 - - c7cb82dce9024d109014aadd82b3ce0a c7cb82dce9024d109014aadd82b3ce0a] 199.19.213.85 "GET /resource_providers/6eda88e9-4c23-4b2a-a89c-98c238735b19/allocations" status: 200 len: 340 microversion: 1.0 [pid: 7|app: 0|req: 604/1206] 199.19.213.85 () {32 vars in 856 bytes} [Wed Apr 22 19:42:20 2026] GET /resource_providers/6eda88e9-4c23-4b2a-a89c-98c238735b19/allocations => generated 340 bytes in 22 msecs (HTTP/1.1 200) 6 headers in 224 bytes (1 switches on core 0)
2026-04-22 19:42:20.856 8 INFO placement.requestlog [req-aa886631-7c0b-447c-aea0-62bcee6fab78 req-2c145e90-8cef-429d-8a3f-d457d5b89afe c85e0afd9a32421086a3b1ffac949187 225dd64921304765944f9fd7a24b6527 - - c7cb82dce9024d109014aadd82b3ce0a c7cb82dce9024d109014aadd82b3ce0a] 199.19.213.85 "GET /resource_providers/6eda88e9-4c23-4b2a-a89c-98c238735b19/allocations" status: 200 len: 340 microversion: 1.0 [pid: 8|app: 0|req: 603/1207] 199.19.213.85 () {32 vars in 856 bytes} [Wed Apr 22 19:42:20 2026] GET /resource_providers/6eda88e9-4c23-4b2a-a89c-98c238735b19/allocations => generated 340 bytes in 25 msecs (HTTP/1.1 200) 6 headers in 224 bytes (1 switches on core 0)
