2026-04-07 01:15:16.909 10 INFO neutron.api.wsgi [None req-ff7bceca-8dde-42f0-bd5c-623078971ed4 4fb385ec2ce64941828e527b084b301b bc5f72924cef410184ecc05a258491ba - - default default] 10.0.0.206 "PUT /v2.0/security-groups/7ab2fb66-a2fb-4b19-8eff-b3d41d8cecc8 HTTP/1.1" status: 200 len: 1858 time: 0.0950656
2026-04-07 01:15:16.948 10 INFO neutron.api.wsgi [None req-5f07664d-7705-46b4-b43d-7ce768cdcb56 4fb385ec2ce64941828e527b084b301b bc5f72924cef410184ecc05a258491ba - - default default] 10.0.0.206 "GET /v2.0/security-groups/7ab2fb66-a2fb-4b19-8eff-b3d41d8cecc8 HTTP/1.1" status: 200 len: 1858 time: 0.0344787
2026-04-07 01:15:17.064 10 INFO neutron.api.wsgi [None req-8ed4acb9-7920-45ad-aa53-98843e9aae5a 4fb385ec2ce64941828e527b084b301b bc5f72924cef410184ecc05a258491ba - - default default] 10.0.0.206 "DELETE /v2.0/security-groups/7ab2fb66-a2fb-4b19-8eff-b3d41d8cecc8 HTTP/1.1" status: 204 len: 168 time: 0.1113012
2026-04-07 01:15:17.097 10 INFO neutron.api.wsgi [None req-6ab9862d-b3cc-4832-837a-5b43a4eed5af 4fb385ec2ce64941828e527b084b301b bc5f72924cef410184ecc05a258491ba - - default default] 10.0.0.206 "GET /v2.0/security-groups HTTP/1.1" status: 200 len: 3120 time: 0.0276897
2026-04-07 01:15:17.111 10 INFO neutron.api.v2.resource [None req-16020c87-89d9-4846-8795-e5223d7656d8 4fb385ec2ce64941828e527b084b301b bc5f72924cef410184ecc05a258491ba - - default default] delete failed (client error): The resource could not be found.
2026-04-07 01:15:17.112 10 INFO neutron.api.wsgi [None req-16020c87-89d9-4846-8795-e5223d7656d8 4fb385ec2ce64941828e527b084b301b bc5f72924cef410184ecc05a258491ba - - default default] 10.0.0.206 "DELETE /v2.0/security-groups/7ab2fb66-a2fb-4b19-8eff-b3d41d8cecc8 HTTP/1.1" status: 404 len: 347 time: 0.0114655
2026-04-07 01:15:17.128 10 WARNING neutron_lib.context [None req-365301ac-da6c-44ee-be74-32b96f285b13 4fb385ec2ce64941828e527b084b301b bc5f72924cef410184ecc05a258491ba - - default default] Method 'is_advsvc' is deprecated since 2023.2 release (neutron-lib 3.8.0) and will be removed once support for the old RBAC API policies will be removed from Neutron. Please use method 'is_service_role' instead.
2026-04-07 01:15:17.135 9 INFO neutron.api.wsgi [None req-2bfa9f65-827c-4282-a596-da4ec2e5ec0d 32aff603c9734970b52f9df60268ccd8 e8f6d0cd7a8043509ad30b41449d2412 - - default default] 10.0.0.206 "DELETE /v2.0/security-groups/b05024e6-f73c-43d9-808e-d3649acbd54e HTTP/1.1" status: 204 len: 168 time: 0.1031735
2026-04-07 01:15:17.147 10 INFO neutron.api.v2.resource [None req-3553f6aa-dae9-426a-b4de-ffbc0928b443 32aff603c9734970b52f9df60268ccd8 e8f6d0cd7a8043509ad30b41449d2412 - - default default] show failed (client error): The resource could not be found.
2026-04-07 01:15:17.148 10 INFO neutron.api.wsgi [None req-3553f6aa-dae9-426a-b4de-ffbc0928b443 32aff603c9734970b52f9df60268ccd8 e8f6d0cd7a8043509ad30b41449d2412 - - default default] 10.0.0.206 "GET /v2.0/security-groups/b05024e6-f73c-43d9-808e-d3649acbd54e HTTP/1.1" status: 404 len: 347 time: 0.0094132
2026-04-07 01:15:17.242 10 INFO neutron.db.ovn_revision_numbers_db [None req-365301ac-da6c-44ee-be74-32b96f285b13 4fb385ec2ce64941828e527b084b301b bc5f72924cef410184ecc05a258491ba - - default default] Successfully bumped revision number for resource 73b88897-2120-4538-aa21-a69325cb9a19 (type: security_groups) to 1
2026-04-07 01:15:17.253 10 INFO neutron.db.ovn_revision_numbers_db [None req-365301ac-da6c-44ee-be74-32b96f285b13 4fb385ec2ce64941828e527b084b301b bc5f72924cef410184ecc05a258491ba - - default default] Successfully bumped revision number for resource 777edb97-7560-414f-8911-c34f39d015ff (type: security_group_rules) to 0
2026-04-07 01:15:17.265 10 INFO neutron.db.ovn_revision_numbers_db [None req-365301ac-da6c-44ee-be74-32b96f285b13 4fb385ec2ce64941828e527b084b301b bc5f72924cef410184ecc05a258491ba - - default default] Successfully bumped revision number for resource ee60de44-7911-4359-9413-0c6bb0a3805b (type: security_group_rules) to 0
2026-04-07 01:15:17.272 9 INFO neutron.api.wsgi [req-bd451fb2-71f5-4088-ab88-47adce16671d req-464b0c15-5edd-4484-964a-ffdfc54d523b 1268c4b4fb384c858b74386b8a932b1b aa467b0fb5354429aa784e478da10476 - - default default] 10.0.0.43 "GET /v2.0/ports?device_id=950ccf72-0e0a-4847-8980-50cc61b6e87f HTTP/1.1" status: 200 len: 1170 time: 0.0389693
2026-04-07 01:15:17.299 10 INFO neutron.api.wsgi [None req-365301ac-da6c-44ee-be74-32b96f285b13 4fb385ec2ce64941828e527b084b301b bc5f72924cef410184ecc05a258491ba - - default default] 10.0.0.206 "POST /v2.0/security-groups HTTP/1.1" status: 201 len: 1825 time: 0.1790750
2026-04-07 01:15:17.309 9 WARNING neutron_lib.context [None req-178814eb-8320-43f5-9652-457135a891ca 4fb385ec2ce64941828e527b084b301b bc5f72924cef410184ecc05a258491ba - - default default] Method 'is_advsvc' is deprecated since 2023.2 release (neutron-lib 3.8.0) and will be removed once support for the old RBAC API policies will be removed from Neutron. Please use method 'is_service_role' instead.
2026-04-07 01:15:17.328 9 INFO neutron.api.wsgi [req-bd451fb2-71f5-4088-ab88-47adce16671d req-2e80a3a4-a639-4dc1-bef1-d7ff75fb8193 1268c4b4fb384c858b74386b8a932b1b aa467b0fb5354429aa784e478da10476 - - default default] 10.0.0.43 "GET /v2.0/security-groups?id=9d8c40e0-c667-4714-ad73-42187af90f5f&fields=id&fields=name HTTP/1.1" status: 200 len: 312 time: 0.0488312
2026-04-07 01:15:17.430 10 INFO neutron.api.wsgi [req-db652a67-5bac-429c-9f69-f786c425f50e req-6a1c00c3-c024-479b-b459-bc62c1fb9bf2 1268c4b4fb384c858b74386b8a932b1b aa467b0fb5354429aa784e478da10476 - - default default] 10.0.0.43 "GET /v2.0/ports?device_id=950ccf72-0e0a-4847-8980-50cc61b6e87f HTTP/1.1" status: 200 len: 1170 time: 0.0439453
2026-04-07 01:15:17.474 9 INFO neutron.db.ovn_revision_numbers_db [None req-178814eb-8320-43f5-9652-457135a891ca 4fb385ec2ce64941828e527b084b301b bc5f72924cef410184ecc05a258491ba - - default default] Successfully bumped revision number for resource 9fd35bb7-ab37-40b6-a8e4-e85843e807f3 (type: security_group_rules) to 0
2026-04-07 01:15:17.522 9 INFO neutron.api.wsgi [None req-178814eb-8320-43f5-9652-457135a891ca 4fb385ec2ce64941828e527b084b301b bc5f72924cef410184ecc05a258491ba - - default default] 10.0.0.206 "POST /v2.0/security-group-rules HTTP/1.1" status: 201 len: 800 time: 0.2179315
2026-04-07 01:15:17.554 10 INFO neutron.api.wsgi [None req-a799acfd-3707-40ee-9c46-0ac94b45b175 4fb385ec2ce64941828e527b084b301b bc5f72924cef410184ecc05a258491ba - - default default] 10.0.0.206 "GET /v2.0/security-group-rules/9fd35bb7-ab37-40b6-a8e4-e85843e807f3 HTTP/1.1" status: 200 len: 795 time: 0.0277376
2026-04-07 01:15:17.558 9 INFO neutron.api.wsgi [None req-57581948-c4fa-4e6d-a8fe-36a5cf1cdfe7 32aff603c9734970b52f9df60268ccd8 e8f6d0cd7a8043509ad30b41449d2412 - - default default] 10.0.0.206 "DELETE /v2.0/floatingips/c8d6a961-f731-4998-aedc-523767bb3404 HTTP/1.1" status: 204 len: 168 time: 0.4052644
2026-04-07 01:15:17.652 10 INFO neutron.api.wsgi [None req-7ae5d23a-2e0b-4802-a90c-6e82630478d7 4fb385ec2ce64941828e527b084b301b bc5f72924cef410184ecc05a258491ba - - default default] 10.0.0.206 "GET /v2.0/security-group-rules HTTP/1.1" status: 200 len: 4333 time: 0.0924718
2026-04-07 01:15:17.787 9 INFO neutron.api.wsgi [None req-313c0098-c165-410a-9129-7b312daf7b22 4fb385ec2ce64941828e527b084b301b bc5f72924cef410184ecc05a258491ba - - default default] 10.0.0.206 "DELETE /v2.0/security-group-rules/9fd35bb7-ab37-40b6-a8e4-e85843e807f3 HTTP/1.1" status: 204 len: 168 time: 0.1300623
2026-04-07 01:15:17.887 9 INFO neutron.api.wsgi [None req-5ed4622e-6304-4a3d-9015-38e9ee3b835f 4fb385ec2ce64941828e527b084b301b bc5f72924cef410184ecc05a258491ba - - default default] 10.0.0.206 "GET /v2.0/security-group-rules HTTP/1.1" status: 200 len: 3755 time: 0.0930567
2026-04-07 01:15:17.896 10 WARNING neutron_lib.context [None req-00332906-897d-4433-b68d-40217d592154 4fb385ec2ce64941828e527b084b301b bc5f72924cef410184ecc05a258491ba - - default default] Method 'is_advsvc' is deprecated since 2023.2 release (neutron-lib 3.8.0) and will be removed once support for the old RBAC API policies will be removed from Neutron. Please use method 'is_service_role' instead.
2026-04-07 01:15:17.914 9 INFO neutron.db.ovn_revision_numbers_db [None req-40428a69-32b9-4908-9b97-444f54252ca0 1268c4b4fb384c858b74386b8a932b1b aa467b0fb5354429aa784e478da10476 - - default default] Successfully bumped revision number for resource ca67d376-458d-44dc-84ed-66aca0e032e9 (type: floatingips) to 1
2026-04-07 01:15:18.001 9 INFO neutron.db.ovn_revision_numbers_db [None req-40428a69-32b9-4908-9b97-444f54252ca0 1268c4b4fb384c858b74386b8a932b1b aa467b0fb5354429aa784e478da10476 - - default default] Successfully bumped revision number for resource ca67d376-458d-44dc-84ed-66aca0e032e9 (type: floatingips) to 2
2026-04-07 01:15:18.001 9 INFO neutron.db.l3_db [None req-40428a69-32b9-4908-9b97-444f54252ca0 1268c4b4fb384c858b74386b8a932b1b aa467b0fb5354429aa784e478da10476 - - default default] Floating IP ca67d376-458d-44dc-84ed-66aca0e032e9 associated. External IP: 10.96.250.204, port: 1f241603-ae18-4038-bc1f-0cd02c5dee3d.
2026-04-07 01:15:18.008 10 INFO neutron.db.ovn_revision_numbers_db [None req-00332906-897d-4433-b68d-40217d592154 4fb385ec2ce64941828e527b084b301b bc5f72924cef410184ecc05a258491ba - - default default] Successfully bumped revision number for resource 4db30630-b4ef-4ce1-8074-c73b624f3d23 (type: security_group_rules) to 0
2026-04-07 01:15:18.023 9 INFO neutron.api.wsgi [None req-40428a69-32b9-4908-9b97-444f54252ca0 1268c4b4fb384c858b74386b8a932b1b aa467b0fb5354429aa784e478da10476 - - default default] 10.0.0.206 "PUT /v2.0/floatingips/ca67d376-458d-44dc-84ed-66aca0e032e9 HTTP/1.1" status: 200 len: 1049 time: 0.5739894
2026-04-07 01:15:18.051 10 INFO neutron.api.wsgi [None req-00332906-897d-4433-b68d-40217d592154 4fb385ec2ce64941828e527b084b301b bc5f72924cef410184ecc05a258491ba - - default default] 10.0.0.206 "POST /v2.0/security-group-rules HTTP/1.1" status: 201 len: 800 time: 0.1589870
2026-04-07 01:15:18.055 9 INFO neutron.notifiers.nova [-] Nova event matching ['req-d30da327-b9e9-48c8-b110-72c33fa2bf78'] response: {'name': 'network-changed', 'server_uuid': '950ccf72-0e0a-4847-8980-50cc61b6e87f', 'tag': '1f241603-ae18-4038-bc1f-0cd02c5dee3d', 'status': 'completed', 'code': 200} /var/lib/openstack/lib/python3.12/site-packages/pycadf/identifier.py:71: UserWarning: Invalid uuid: neutron. To ensure interoperability, identifiers should be a valid uuid. warnings.warn(('Invalid uuid: %s. To ensure interoperability, '
2026-04-07 01:15:18.071 9 INFO neutron.api.wsgi [None req-4f9b5183-18b6-487a-9705-001cb187df59 4fb385ec2ce64941828e527b084b301b bc5f72924cef410184ecc05a258491ba - - default default] 10.0.0.206 "GET /v2.0/security-group-rules/4db30630-b4ef-4ce1-8074-c73b624f3d23 HTTP/1.1" status: 200 len: 795 time: 0.0138850
2026-04-07 01:15:18.100 10 INFO neutron.api.wsgi [req-697d9192-4cbd-4210-b252-fd638b83bfe6 req-6a67a02c-f037-45f5-81b0-07a9396f1c8c 1268c4b4fb384c858b74386b8a932b1b aa467b0fb5354429aa784e478da10476 - - default default] 10.0.0.43 "GET /v2.0/ports?device_id=950ccf72-0e0a-4847-8980-50cc61b6e87f HTTP/1.1" status: 200 len: 1170 time: 0.0313864
2026-04-07 01:15:18.117 9 INFO neutron.api.wsgi [None req-f0e84218-763e-4c52-834b-ba5f415820cc 4fb385ec2ce64941828e527b084b301b bc5f72924cef410184ecc05a258491ba - - default default] 10.0.0.206 "GET /v2.0/security-group-rules HTTP/1.1" status: 200 len: 4333 time: 0.0415771
2026-04-07 01:15:18.143 10 INFO neutron.api.wsgi [req-697d9192-4cbd-4210-b252-fd638b83bfe6 req-c6e60c04-951c-4b0e-8a3c-128f39484077 1268c4b4fb384c858b74386b8a932b1b aa467b0fb5354429aa784e478da10476 - - default default] 10.0.0.43 "GET /v2.0/security-groups?id=9d8c40e0-c667-4714-ad73-42187af90f5f&fields=id&fields=name HTTP/1.1" status: 200 len: 312 time: 0.0360613
2026-04-07 01:15:18.230 9 INFO neutron.api.wsgi [None req-60bebe7b-1a69-4351-abd4-cf1c7cc97921 4fb385ec2ce64941828e527b084b301b bc5f72924cef410184ecc05a258491ba - - default default] 10.0.0.206 "DELETE /v2.0/security-group-rules/4db30630-b4ef-4ce1-8074-c73b624f3d23 HTTP/1.1" status: 204 len: 168 time: 0.1075027
2026-04-07 01:15:18.290 9 INFO neutron.api.wsgi [None req-e8041359-9229-405a-8a2d-674977eb9ba9 4fb385ec2ce64941828e527b084b301b bc5f72924cef410184ecc05a258491ba - - default default] 10.0.0.206 "GET /v2.0/security-group-rules HTTP/1.1" status: 200 len: 3755 time: 0.0552816
2026-04-07 01:15:18.299 9 WARNING neutron_lib.context [None req-810073ee-436c-48d5-bd47-79e6e04b12f9 4fb385ec2ce64941828e527b084b301b bc5f72924cef410184ecc05a258491ba - - default default] Method 'is_advsvc' is deprecated since 2023.2 release (neutron-lib 3.8.0) and will be removed once support for the old RBAC API policies will be removed from Neutron. Please use method 'is_service_role' instead.
2026-04-07 01:15:18.333 9 INFO neutron.db.securitygroups_db [None req-810073ee-436c-48d5-bd47-79e6e04b12f9 4fb385ec2ce64941828e527b084b301b bc5f72924cef410184ecc05a258491ba - - default default] Project bc5f72924cef410184ecc05a258491ba added a security group rule with legacy IPv6 ICMP protocol name icmp, ipv6-icmp should be used instead. It was automatically converted.
2026-04-07 01:15:18.449 9 INFO neutron.db.ovn_revision_numbers_db [None req-810073ee-436c-48d5-bd47-79e6e04b12f9 4fb385ec2ce64941828e527b084b301b bc5f72924cef410184ecc05a258491ba - - default default] Successfully bumped revision number for resource 08eabb7a-983e-4af9-ad50-461a66bc424c (type: security_group_rules) to 0
2026-04-07 01:15:18.478 9 INFO neutron.api.wsgi [req-72b75395-83c8-4176-befd-291e86b6df6d req-b5f5e676-a773-4f3f-9014-0b27bd848ac8 1268c4b4fb384c858b74386b8a932b1b aa467b0fb5354429aa784e478da10476 - - default default] 10.0.0.43 "GET /v2.0/ports?device_id=950ccf72-0e0a-4847-8980-50cc61b6e87f HTTP/1.1" status: 200 len: 1170 time: 0.0798240
2026-04-07 01:15:18.483 9 INFO neutron.api.wsgi [None req-810073ee-436c-48d5-bd47-79e6e04b12f9 4fb385ec2ce64941828e527b084b301b bc5f72924cef410184ecc05a258491ba - - default default] 10.0.0.206 "POST /v2.0/security-group-rules HTTP/1.1" status: 201 len: 806 time: 0.1877692
2026-04-07 01:15:18.504 9 INFO neutron.api.wsgi [None req-93a9b35a-c6e5-4dc3-b49a-cf8751423104 4fb385ec2ce64941828e527b084b301b bc5f72924cef410184ecc05a258491ba - - default default] 10.0.0.206 "GET /v2.0/security-group-rules/08eabb7a-983e-4af9-ad50-461a66bc424c HTTP/1.1" status: 200 len: 801 time: 0.0150204
2026-04-07 01:15:18.519 9 INFO neutron.api.wsgi [req-72b75395-83c8-4176-befd-291e86b6df6d req-5454ba0e-fd2b-479e-9cef-3899cdb29436 1268c4b4fb384c858b74386b8a932b1b aa467b0fb5354429aa784e478da10476 - - default default] 10.0.0.43 "GET /v2.0/security-groups?id=9d8c40e0-c667-4714-ad73-42187af90f5f&fields=id&fields=name HTTP/1.1" status: 200 len: 312 time: 0.0351508
2026-04-07 01:15:18.557 9 INFO neutron.api.wsgi [None req-180c7bdd-e100-4de1-977a-bced84c03c91 4fb385ec2ce64941828e527b084b301b bc5f72924cef410184ecc05a258491ba - - default default] 10.0.0.206 "GET /v2.0/security-group-rules HTTP/1.1" status: 200 len: 4339 time: 0.0488443
2026-04-07 01:15:18.594 9 INFO neutron.api.wsgi [req-247d95bf-eef6-4bea-bfe9-f046bfca53aa req-42745b24-66af-42cf-a4ce-cdaad29bf73b 077cfc4fdc9945279dd840bee508c26d 7b2064a28fc940e79a1ae6d59fa8558d - - f2cb70a218e141769260855bf15aa918 f2cb70a218e141769260855bf15aa918] 199.204.45.244 "GET /v2.0/ports?tenant_id=aa467b0fb5354429aa784e478da10476&device_id=950ccf72-0e0a-4847-8980-50cc61b6e87f HTTP/1.1" status: 200 len: 1409 time: 0.0288985
2026-04-07 01:15:18.639 9 INFO neutron.api.wsgi [req-247d95bf-eef6-4bea-bfe9-f046bfca53aa req-a8fb93c2-18d2-4962-a107-4e9fdfaabc8e 077cfc4fdc9945279dd840bee508c26d 7b2064a28fc940e79a1ae6d59fa8558d - - f2cb70a218e141769260855bf15aa918 f2cb70a218e141769260855bf15aa918] 199.204.45.244 "GET /v2.0/networks?id=a9dcff0d-8ad3-47f8-b197-8e1ee2e08aa0 HTTP/1.1" status: 200 len: 978 time: 0.0388656
2026-04-07 01:15:18.662 10 INFO neutron.api.wsgi [None req-53dbdb56-b4e2-47db-812c-d7d9de94fc1b 18878a0d425b4acdb108715ae117b9b7 28b3f955963c4cc181f8e9e005ce9122 - - default default] 10.0.0.206 "PUT /v2.0/routers/a5e5b824-bdbb-40af-a4be-156568dba7b8/remove_router_interface HTTP/1.1" status: 200 len: 503 time: 1.0975680 /var/lib/openstack/lib/python3.12/site-packages/pycadf/identifier.py:71: UserWarning: Invalid uuid: neutron. To ensure interoperability, identifiers should be a valid uuid. warnings.warn(('Invalid uuid: %s. To ensure interoperability, '
2026-04-07 01:15:18.681 9 INFO neutron.api.wsgi [req-247d95bf-eef6-4bea-bfe9-f046bfca53aa req-a84acc33-8899-4c24-9eb0-006dda94cbc7 077cfc4fdc9945279dd840bee508c26d 7b2064a28fc940e79a1ae6d59fa8558d - - f2cb70a218e141769260855bf15aa918 f2cb70a218e141769260855bf15aa918] 199.204.45.244 "GET /v2.0/floatingips?fixed_ip_address=10.100.0.9&port_id=1f241603-ae18-4038-bc1f-0cd02c5dee3d HTTP/1.1" status: 200 len: 1059 time: 0.0359828
2026-04-07 01:15:18.694 9 INFO neutron.api.wsgi [None req-e537c894-3ecc-47e3-acec-acd8518b5c7d 4fb385ec2ce64941828e527b084b301b bc5f72924cef410184ecc05a258491ba - - default default] 10.0.0.206 "DELETE /v2.0/security-group-rules/08eabb7a-983e-4af9-ad50-461a66bc424c HTTP/1.1" status: 204 len: 168 time: 0.1328976
2026-04-07 01:15:18.712 9 INFO neutron.api.wsgi [req-247d95bf-eef6-4bea-bfe9-f046bfca53aa req-5b642838-b59c-41ec-9c74-bbfa3ac52a3f 077cfc4fdc9945279dd840bee508c26d 7b2064a28fc940e79a1ae6d59fa8558d - - f2cb70a218e141769260855bf15aa918 f2cb70a218e141769260855bf15aa918] 199.204.45.244 "GET /v2.0/subnets?id=b2f360a6-6e4e-447c-b2e6-a9f34737d293 HTTP/1.1" status: 200 len: 897 time: 0.0264125
2026-04-07 01:15:18.730 9 INFO neutron.api.wsgi [req-247d95bf-eef6-4bea-bfe9-f046bfca53aa req-3445ffb4-f924-457e-9fa5-0078b28b47de 077cfc4fdc9945279dd840bee508c26d 7b2064a28fc940e79a1ae6d59fa8558d - - f2cb70a218e141769260855bf15aa918 f2cb70a218e141769260855bf15aa918] 199.204.45.244 "GET /v2.0/ports?network_id=a9dcff0d-8ad3-47f8-b197-8e1ee2e08aa0&device_owner=network%3Adhcp HTTP/1.1" status: 200 len: 210 time: 0.0129876
2026-04-07 01:15:18.761 9 INFO neutron.api.wsgi [None req-19080ec1-71aa-4f1c-8826-a0a3392a9004 4fb385ec2ce64941828e527b084b301b bc5f72924cef410184ecc05a258491ba - - default default] 10.0.0.206 "GET /v2.0/security-group-rules HTTP/1.1" status: 200 len: 3755 time: 0.0620074
2026-04-07 01:15:18.787 9 INFO neutron.api.wsgi [req-247d95bf-eef6-4bea-bfe9-f046bfca53aa req-aea9e3d6-1e84-4ac7-9028-4d324c515256 077cfc4fdc9945279dd840bee508c26d 7b2064a28fc940e79a1ae6d59fa8558d - - f2cb70a218e141769260855bf15aa918 f2cb70a218e141769260855bf15aa918] 199.204.45.244 "GET /v2.0/networks/a9dcff0d-8ad3-47f8-b197-8e1ee2e08aa0?fields=segments HTTP/1.1" status: 200 len: 212 time: 0.0515060
2026-04-07 01:15:18.840 9 INFO neutron.api.wsgi [req-247d95bf-eef6-4bea-bfe9-f046bfca53aa req-bfb46fa8-5b2c-44a5-8785-0fb48dfc34ce 077cfc4fdc9945279dd840bee508c26d 7b2064a28fc940e79a1ae6d59fa8558d - - f2cb70a218e141769260855bf15aa918 f2cb70a218e141769260855bf15aa918] 199.204.45.244 "GET /v2.0/networks/a9dcff0d-8ad3-47f8-b197-8e1ee2e08aa0?fields=provider%3Aphysical_network&fields=provider%3Anetwork_type HTTP/1.1" status: 200 len: 277 time: 0.0471210
2026-04-07 01:15:18.876 9 INFO neutron.api.wsgi [None req-033cdc2f-802d-4952-b31a-727d5eaa03d0 4fb385ec2ce64941828e527b084b301b bc5f72924cef410184ecc05a258491ba - - default default] 10.0.0.206 "DELETE /v2.0/security-groups/73b88897-2120-4538-aa21-a69325cb9a19 HTTP/1.1" status: 204 len: 168 time: 0.1102622
2026-04-07 01:15:18.912 9 INFO neutron.api.wsgi [None req-13736a33-bcc6-4038-b6f8-0c2238568987 4fb385ec2ce64941828e527b084b301b bc5f72924cef410184ecc05a258491ba - - default default] 10.0.0.206 "GET /v2.0/security-groups HTTP/1.1" status: 200 len: 3120 time: 0.0313900
2026-04-07 01:15:18.940 10 INFO neutron.plugins.ml2.drivers.ovn.mech_driver.mech_driver [None req-c10fe592-926b-4e14-8eb2-82513c70f005 - - - - - -] OVN reports status down for port: 1f241603-ae18-4038-bc1f-0cd02c5dee3d
2026-04-07 01:15:18.964 10 INFO neutron.api.wsgi [None req-65521451-c0dd-49d6-927d-93cc3b91f999 4fb385ec2ce64941828e527b084b301b bc5f72924cef410184ecc05a258491ba - - default default] 10.0.0.206 "GET /v2.0/security-groups HTTP/1.1" status: 200 len: 3120 time: 0.0455749
2026-04-07 01:15:19.077 10 INFO neutron.notifiers.nova [-] Nova event matching ['req-ccb0d4ef-0064-4a40-9652-bee770bd4601'] response: {'server_uuid': '950ccf72-0e0a-4847-8980-50cc61b6e87f', 'name': 'network-vif-unplugged', 'status': 'completed', 'tag': '1f241603-ae18-4038-bc1f-0cd02c5dee3d', 'code': 200}
2026-04-07 01:15:19.155 9 INFO neutron.api.wsgi [req-7603adb8-9aad-435f-8066-7e6477f5849f req-af8676b6-e8d9-49e2-9dab-4de0ba266a7a 56289b12899e4b7a8bb9fb287f6b17d6 6719d5e4d9484b8da7b600045fa19fab - - default default] 10.0.0.43 "GET /v2.0/ports?device_id=650b18de-30b1-41b6-9951-7c8fe3117f57 HTTP/1.1" status: 200 len: 1170 time: 0.0593755
2026-04-07 01:15:19.203 10 INFO neutron.db.ovn_revision_numbers_db [None req-c10fe592-926b-4e14-8eb2-82513c70f005 - - - - - -] Successfully bumped revision number for resource 1f241603-ae18-4038-bc1f-0cd02c5dee3d (type: ports) to 6
2026-04-07 01:15:19.305 10 INFO neutron.api.wsgi [req-f1895add-3934-437b-91e1-fb2454c43343 req-90246194-c9b8-409c-8629-180f62b9f751 56289b12899e4b7a8bb9fb287f6b17d6 6719d5e4d9484b8da7b600045fa19fab - - default default] 10.0.0.43 "GET /v2.0/ports/08fb43af-69c0-470f-bd90-60b8111c5ec4 HTTP/1.1" status: 200 len: 1167 time: 0.1074300
2026-04-07 01:15:19.326 10 INFO neutron.api.wsgi [None req-1d217bf2-0678-4076-9a5f-fd284d5c74ed 18878a0d425b4acdb108715ae117b9b7 28b3f955963c4cc181f8e9e005ce9122 - - default default] 10.0.0.206 "DELETE /v2.0/routers/a5e5b824-bdbb-40af-a4be-156568dba7b8 HTTP/1.1" status: 204 len: 168 time: 0.6607919 /var/lib/openstack/lib/python3.12/site-packages/pycadf/identifier.py:71: UserWarning: Invalid uuid: neutron. To ensure interoperability, identifiers should be a valid uuid. warnings.warn(('Invalid uuid: %s. To ensure interoperability, '
2026-04-07 01:15:19.488 10 INFO neutron.api.wsgi [None req-376f7667-7187-4e5e-9950-b3a7c87c6939 18878a0d425b4acdb108715ae117b9b7 28b3f955963c4cc181f8e9e005ce9122 - - default default] 10.0.0.206 "DELETE /v2.0/subnets/d7ff9a81-3fc0-4604-a043-73c45e5cec84 HTTP/1.1" status: 204 len: 168 time: 0.1549847
2026-04-07 01:15:19.558 9 INFO neutron.api.wsgi [None req-bd8f536e-af73-45ba-9a33-96ecb47508ab 18878a0d425b4acdb108715ae117b9b7 28b3f955963c4cc181f8e9e005ce9122 - - default default] 10.0.0.206 "GET /v2.0/security-groups?tenant_id=bc5f72924cef410184ecc05a258491ba&name=default HTTP/1.1" status: 200 len: 3120 time: 0.1143649
2026-04-07 01:15:19.659 10 INFO neutron.api.wsgi [req-8e8c8fae-fd44-49da-8e82-1c7526fff0b6 req-6495ebcf-ff33-4a5e-a118-ea7ab86807f1 1268c4b4fb384c858b74386b8a932b1b aa467b0fb5354429aa784e478da10476 - - default default] 10.0.0.43 "GET /v2.0/ports?device_id=950ccf72-0e0a-4847-8980-50cc61b6e87f HTTP/1.1" status: 200 len: 1168 time: 0.0818393
2026-04-07 01:15:19.694 10 INFO neutron.api.wsgi [req-8e8c8fae-fd44-49da-8e82-1c7526fff0b6 req-5852d0d7-9843-4744-b6d1-76326c26a6f0 1268c4b4fb384c858b74386b8a932b1b aa467b0fb5354429aa784e478da10476 - - default default] 10.0.0.43 "GET /v2.0/security-groups?id=9d8c40e0-c667-4714-ad73-42187af90f5f&fields=id&fields=name HTTP/1.1" status: 200 len: 312 time: 0.0292721
2026-04-07 01:15:19.771 9 INFO neutron.api.wsgi [None req-ec1f5976-2f47-46a0-8733-61944ad37086 18878a0d425b4acdb108715ae117b9b7 28b3f955963c4cc181f8e9e005ce9122 - - default default] 10.0.0.206 "DELETE /v2.0/security-groups/7e04a186-e0c6-4bc9-ad62-fd7c0e45d231 HTTP/1.1" status: 204 len: 168 time: 0.2081776
2026-04-07 01:15:19.792 9 INFO neutron.services.segments.plugin [-] Segment f8bcdf1b-449a-4c22-9932-3c4a251d786e resource provider aggregate not found
2026-04-07 01:15:19.795 9 INFO neutron.services.segments.plugin [-] Segment f8bcdf1b-449a-4c22-9932-3c4a251d786e resource provider aggregate not found
2026-04-07 01:15:19.804 9 INFO neutron.services.segments.plugin [-] Segment f8bcdf1b-449a-4c22-9932-3c4a251d786e resource provider not found; error: Placement Client Error (4xx): {"errors": [{"status": 404, "title": "Not Found", "detail": "The resource could not be found.\n\n No resource provider with uuid f8bcdf1b-449a-4c22-9932-3c4a251d786e found for delete ", "request_id": "req-9995c41e-b1ab-4be7-822a-2b3d7791968e"}]}
2026-04-07 01:15:19.807 9 INFO neutron.api.wsgi [None req-f4fb3ba1-acc4-40b2-8d4d-3c6ddedf60f0 18878a0d425b4acdb108715ae117b9b7 28b3f955963c4cc181f8e9e005ce9122 - - default default] 10.0.0.206 "DELETE /v2.0/networks/103457db-cba6-4585-9d25-565bb7d1c4e8 HTTP/1.1" status: 204 len: 168 time: 0.3132184
2026-04-07 01:15:19.807 9 INFO neutron.services.segments.plugin [-] Segment f8bcdf1b-449a-4c22-9932-3c4a251d786e resource provider not found; error: Placement Client Error (4xx): {"errors": [{"status": 404, "title": "Not Found", "detail": "The resource could not be found.\n\n No resource provider with uuid f8bcdf1b-449a-4c22-9932-3c4a251d786e found for delete ", "request_id": "req-18b9e79d-2ecc-4289-9cad-08fc2015a6f9"}]}
2026-04-07 01:15:19.920 9 INFO neutron.api.wsgi [req-5d30254d-939a-4491-9eb2-545a6edccc69 req-944decdf-8ece-4586-a7cd-935754056c6f 56289b12899e4b7a8bb9fb287f6b17d6 6719d5e4d9484b8da7b600045fa19fab - - default default] 199.204.45.244 "GET /v2.0/subnets?network_id=befd3154-ed57-4da1-aa84-a2469651fe6c HTTP/1.1" status: 200 len: 881 time: 0.0283837
2026-04-07 01:15:19.972 9 INFO neutron.api.wsgi [req-5d30254d-939a-4491-9eb2-545a6edccc69 req-67b3f8b9-a238-4b6e-adf9-136f05f64b1c 56289b12899e4b7a8bb9fb287f6b17d6 6719d5e4d9484b8da7b600045fa19fab - - default default] 199.204.45.244 "GET /v2.0/ports?device_id=650b18de-30b1-41b6-9951-7c8fe3117f57&device_owner=compute%3Anova&network_id=befd3154-ed57-4da1-aa84-a2469651fe6c HTTP/1.1" status: 200 len: 1170 time: 0.0506375
2026-04-07 01:15:19.974 10 INFO neutron.api.wsgi [None req-1e63b567-6c3f-4987-9093-ed06d0b48fdb 18878a0d425b4acdb108715ae117b9b7 28b3f955963c4cc181f8e9e005ce9122 - - default default] 10.0.0.206 "GET /v2.0/security-groups?tenant_id=e8f6d0cd7a8043509ad30b41449d2412&name=default HTTP/1.1" status: 200 len: 3120 time: 0.0276585
2026-04-07 01:15:20.173 9 INFO neutron.api.wsgi [req-8a639345-8564-4554-a07c-bf9f52d70293 req-a00fc9d3-2862-4d0f-a56a-c6a68e0505ea 1268c4b4fb384c858b74386b8a932b1b aa467b0fb5354429aa784e478da10476 - - default default] 199.204.45.244 "GET /v2.0/ports?device_id=950ccf72-0e0a-4847-8980-50cc61b6e87f HTTP/1.1" status: 200 len: 1168 time: 0.0375721
2026-04-07 01:15:20.420 9 INFO neutron.api.wsgi [None req-b628a1f5-68f5-4a75-9ee9-a5ddf38be00a 18878a0d425b4acdb108715ae117b9b7 28b3f955963c4cc181f8e9e005ce9122 - - default default] 10.0.0.206 "DELETE /v2.0/security-groups/09bce39e-d559-428d-b16b-badd27982cc6 HTTP/1.1" status: 204 len: 168 time: 0.4406548
2026-04-07 01:15:20.729 9 INFO neutron.db.l3_db [req-8a639345-8564-4554-a07c-bf9f52d70293 req-a29a97d5-cf66-487e-8b15-0a4c3d2c54e2 1268c4b4fb384c858b74386b8a932b1b aa467b0fb5354429aa784e478da10476 - - default default] Floating IP ca67d376-458d-44dc-84ed-66aca0e032e9 disassociated. External IP: 10.96.250.204, port: 1f241603-ae18-4038-bc1f-0cd02c5dee3d.
2026-04-07 01:15:20.762 9 INFO neutron.db.ovn_revision_numbers_db [req-5d30254d-939a-4491-9eb2-545a6edccc69 req-da430943-aa54-4d09-81a3-d241177ddfd2 56289b12899e4b7a8bb9fb287f6b17d6 6719d5e4d9484b8da7b600045fa19fab - - default default] Successfully bumped revision number for resource 08fb43af-69c0-470f-bd90-60b8111c5ec4 (type: ports) to 6
2026-04-07 01:15:20.774 9 INFO neutron.api.wsgi [req-5d30254d-939a-4491-9eb2-545a6edccc69 req-da430943-aa54-4d09-81a3-d241177ddfd2 56289b12899e4b7a8bb9fb287f6b17d6 6719d5e4d9484b8da7b600045fa19fab - - default default] 199.204.45.244 "PUT /v2.0/ports/08fb43af-69c0-470f-bd90-60b8111c5ec4 HTTP/1.1" status: 200 len: 1345 time: 0.7896256
2026-04-07 01:15:20.792 10 INFO neutron.api.wsgi [req-7677ffc6-5295-4084-8448-266c790b1bfc req-aac3ee5c-9c8a-47cb-a7eb-3c56da2a1b85 1268c4b4fb384c858b74386b8a932b1b aa467b0fb5354429aa784e478da10476 - - default default] 10.0.0.43 "GET /v2.0/ports?device_id=950ccf72-0e0a-4847-8980-50cc61b6e87f HTTP/1.1" status: 200 len: 1168 time: 0.0334921
2026-04-07 01:15:20.811 9 INFO neutron.notifiers.nova [-] Nova event matching ['req-37b478dc-b00a-4416-94a2-a70cad4fec7d'] response: {'name': 'network-changed', 'server_uuid': '650b18de-30b1-41b6-9951-7c8fe3117f57', 'tag': '08fb43af-69c0-470f-bd90-60b8111c5ec4', 'status': 'completed', 'code': 200}
2026-04-07 01:15:20.829 10 INFO neutron.api.wsgi [req-7677ffc6-5295-4084-8448-266c790b1bfc req-bab7446e-0758-494c-a6fd-fc39147ceee6 1268c4b4fb384c858b74386b8a932b1b aa467b0fb5354429aa784e478da10476 - - default default] 10.0.0.43 "GET /v2.0/security-groups?id=9d8c40e0-c667-4714-ad73-42187af90f5f&fields=id&fields=name HTTP/1.1" status: 200 len: 312 time: 0.0286546
2026-04-07 01:15:20.850 9 INFO neutron.api.wsgi [req-8a639345-8564-4554-a07c-bf9f52d70293 req-a29a97d5-cf66-487e-8b15-0a4c3d2c54e2 1268c4b4fb384c858b74386b8a932b1b aa467b0fb5354429aa784e478da10476 - - default default] 199.204.45.244 "DELETE /v2.0/ports/1f241603-ae18-4038-bc1f-0cd02c5dee3d HTTP/1.1" status: 204 len: 173 time: 0.6723676
2026-04-07 01:15:21.114 10 INFO neutron.notifiers.nova [-] Nova event matching ['req-d160a8b9-e20f-4cb1-9c75-348ca311a29a'] response: {'server_uuid': '950ccf72-0e0a-4847-8980-50cc61b6e87f', 'name': 'network-vif-unplugged', 'status': 'completed', 'tag': '1f241603-ae18-4038-bc1f-0cd02c5dee3d', 'code': 200} /var/lib/openstack/lib/python3.12/site-packages/pycadf/identifier.py:71: UserWarning: Invalid uuid: neutron. To ensure interoperability, identifiers should be a valid uuid. warnings.warn(('Invalid uuid: %s. To ensure interoperability, '
2026-04-07 01:15:21.313 9 INFO neutron.api.wsgi [req-5d30254d-939a-4491-9eb2-545a6edccc69 req-44f2a6ad-92db-4f82-8ec0-9483c3e66dab 077cfc4fdc9945279dd840bee508c26d 7b2064a28fc940e79a1ae6d59fa8558d - - f2cb70a218e141769260855bf15aa918 f2cb70a218e141769260855bf15aa918] 199.204.45.244 "GET /v2.0/ports?tenant_id=6719d5e4d9484b8da7b600045fa19fab&device_id=650b18de-30b1-41b6-9951-7c8fe3117f57 HTTP/1.1" status: 200 len: 1586 time: 0.0267191
2026-04-07 01:15:21.357 9 INFO neutron.api.wsgi [req-5d30254d-939a-4491-9eb2-545a6edccc69 req-dc5e072b-e239-48a3-b4c7-16c4f3bab9d6 077cfc4fdc9945279dd840bee508c26d 7b2064a28fc940e79a1ae6d59fa8558d - - f2cb70a218e141769260855bf15aa918 f2cb70a218e141769260855bf15aa918] 199.204.45.244 "GET /v2.0/networks?id=befd3154-ed57-4da1-aa84-a2469651fe6c HTTP/1.1" status: 200 len: 980 time: 0.0394778
2026-04-07 01:15:21.382 9 INFO neutron.api.wsgi [req-5d30254d-939a-4491-9eb2-545a6edccc69 req-6fc0dba8-d729-4d6a-bef4-d3c9098115cb 077cfc4fdc9945279dd840bee508c26d 7b2064a28fc940e79a1ae6d59fa8558d - - f2cb70a218e141769260855bf15aa918 f2cb70a218e141769260855bf15aa918] 199.204.45.244 "GET /v2.0/floatingips?fixed_ip_address=10.100.0.6&port_id=08fb43af-69c0-470f-bd90-60b8111c5ec4 HTTP/1.1" status: 200 len: 217 time: 0.0166328
2026-04-07 01:15:21.418 9 INFO neutron.api.wsgi [req-5d30254d-939a-4491-9eb2-545a6edccc69 req-7b43772e-7948-43e6-82a7-8dc8d250d816 077cfc4fdc9945279dd840bee508c26d 7b2064a28fc940e79a1ae6d59fa8558d - - f2cb70a218e141769260855bf15aa918 f2cb70a218e141769260855bf15aa918] 199.204.45.244 "GET /v2.0/floatingips?fixed_ip_address=10.100.0.9&port_id=08fb43af-69c0-470f-bd90-60b8111c5ec4 HTTP/1.1" status: 200 len: 1059 time: 0.0305312
2026-04-07 01:15:21.439 10 INFO neutron.api.wsgi [-] 10.0.0.206 "GET / HTTP/1.1" status: 200 len: 279 time: 0.0017686
2026-04-07 01:15:21.441 9 INFO neutron.api.wsgi [req-5d30254d-939a-4491-9eb2-545a6edccc69 req-31b3c46d-cd39-4bec-8279-c261ea0f9570 077cfc4fdc9945279dd840bee508c26d 7b2064a28fc940e79a1ae6d59fa8558d - - f2cb70a218e141769260855bf15aa918 f2cb70a218e141769260855bf15aa918] 199.204.45.244 "GET /v2.0/subnets?id=272e4c60-0e92-46de-9046-338c62511a56 HTTP/1.1" status: 200 len: 899 time: 0.0188386
2026-04-07 01:15:21.462 9 INFO neutron.api.wsgi [req-5d30254d-939a-4491-9eb2-545a6edccc69 req-8a28bd7a-1db3-40ff-98a5-e9b695fe2b93 077cfc4fdc9945279dd840bee508c26d 7b2064a28fc940e79a1ae6d59fa8558d - - f2cb70a218e141769260855bf15aa918 f2cb70a218e141769260855bf15aa918] 199.204.45.244 "GET /v2.0/ports?network_id=befd3154-ed57-4da1-aa84-a2469651fe6c&device_owner=network%3Adhcp HTTP/1.1" status: 200 len: 210 time: 0.0154510
2026-04-07 01:15:21.510 9 INFO neutron.api.wsgi [req-5d30254d-939a-4491-9eb2-545a6edccc69 req-0d7564be-77ca-4262-8e3c-5f44c4ab3b98 077cfc4fdc9945279dd840bee508c26d 7b2064a28fc940e79a1ae6d59fa8558d - - f2cb70a218e141769260855bf15aa918 f2cb70a218e141769260855bf15aa918] 199.204.45.244 "GET /v2.0/networks/befd3154-ed57-4da1-aa84-a2469651fe6c?fields=segments HTTP/1.1" status: 200 len: 212 time: 0.0407813
2026-04-07 01:15:21.549 9 INFO neutron.api.wsgi [req-5d30254d-939a-4491-9eb2-545a6edccc69 req-60b5455c-861c-4a44-8274-7e45fb7861bb 077cfc4fdc9945279dd840bee508c26d 7b2064a28fc940e79a1ae6d59fa8558d - - f2cb70a218e141769260855bf15aa918 f2cb70a218e141769260855bf15aa918] 199.204.45.244 "GET /v2.0/networks/befd3154-ed57-4da1-aa84-a2469651fe6c?fields=provider%3Aphysical_network&fields=provider%3Anetwork_type HTTP/1.1" status: 200 len: 277 time: 0.0337026
2026-04-07 01:15:21.607 9 INFO neutron.api.wsgi [None req-698aab00-923f-4ea9-a9aa-9bc716323f91 d4adf5343ee243ba816b63333b8b7787 3550a04a0cd441e290f9b0909cecc802 - - default default] 10.0.0.206 "GET /v2.0/ HTTP/1.1" status: 200 len: 826 time: 0.1636772
2026-04-07 01:15:21.908 9 INFO neutron.api.wsgi [req-94e0bc24-cb41-4780-a0bf-aa02b2880258 req-1d3024b7-46b2-4065-b925-2c2a1b7cdedc 1268c4b4fb384c858b74386b8a932b1b aa467b0fb5354429aa784e478da10476 - - default default] 10.0.0.43 "GET /v2.0/ports?device_id=950ccf72-0e0a-4847-8980-50cc61b6e87f HTTP/1.1" status: 200 len: 210 time: 0.0201707
2026-04-07 01:15:22.412 10 INFO neutron.db.ovn_revision_numbers_db [None req-31f834c4-f76c-4d60-ad81-73b04333059b 18878a0d425b4acdb108715ae117b9b7 28b3f955963c4cc181f8e9e005ce9122 - - default default] Successfully bumped revision number for resource 1656fef0-a08c-4d0a-9540-fcff5957dd73 (type: security_groups) to 1
2026-04-07 01:15:22.423 10 INFO neutron.db.ovn_revision_numbers_db [None req-31f834c4-f76c-4d60-ad81-73b04333059b 18878a0d425b4acdb108715ae117b9b7 28b3f955963c4cc181f8e9e005ce9122 - - default default] Successfully bumped revision number for resource 3bbfb8df-411f-4beb-90cb-5b1db62ba060 (type: security_group_rules) to 0
2026-04-07 01:15:22.442 10 INFO neutron.db.ovn_revision_numbers_db [None req-31f834c4-f76c-4d60-ad81-73b04333059b 18878a0d425b4acdb108715ae117b9b7 28b3f955963c4cc181f8e9e005ce9122 - - default default] Successfully bumped revision number for resource 3f23cc79-1c2d-47e5-8fe4-2dfc13864a85 (type: security_group_rules) to 0
2026-04-07 01:15:22.443 10 INFO neutron.db.ovn_revision_numbers_db [None req-35ec573f-7193-4773-9a4e-1d65ca200aac 18878a0d425b4acdb108715ae117b9b7 28b3f955963c4cc181f8e9e005ce9122 - - default default] Successfully bumped revision number for resource b8ee8a9a-d4e8-4e57-a355-b0664bf56274 (type: security_groups) to 1
2026-04-07 01:15:22.456 10 INFO neutron.db.ovn_revision_numbers_db [None req-31f834c4-f76c-4d60-ad81-73b04333059b 18878a0d425b4acdb108715ae117b9b7 28b3f955963c4cc181f8e9e005ce9122 - - default default] Successfully bumped revision number for resource 7a59848f-e190-4776-bb5e-f457f5e23204 (type: security_group_rules) to 0
2026-04-07 01:15:22.462 10 INFO neutron.db.ovn_revision_numbers_db [None req-35ec573f-7193-4773-9a4e-1d65ca200aac 18878a0d425b4acdb108715ae117b9b7 28b3f955963c4cc181f8e9e005ce9122 - - default default] Successfully bumped revision number for resource 62a1f959-a8f3-4d36-b7e2-89c224378b4d (type: security_group_rules) to 0
2026-04-07 01:15:22.474 10 INFO neutron.db.ovn_revision_numbers_db [None req-31f834c4-f76c-4d60-ad81-73b04333059b 18878a0d425b4acdb108715ae117b9b7 28b3f955963c4cc181f8e9e005ce9122 - - default default] Successfully bumped revision number for resource 7a9ecbef-0f35-43b3-9dbb-4b1c7cd623c6 (type: security_group_rules) to 0
2026-04-07 01:15:22.479 10 INFO neutron.db.ovn_revision_numbers_db [None req-35ec573f-7193-4773-9a4e-1d65ca200aac 18878a0d425b4acdb108715ae117b9b7 28b3f955963c4cc181f8e9e005ce9122 - - default default] Successfully bumped revision number for resource 87a962c9-753c-49a7-8c5f-19773d94a0d8 (type: security_group_rules) to 0
2026-04-07 01:15:22.503 10 INFO neutron.db.ovn_revision_numbers_db [None req-35ec573f-7193-4773-9a4e-1d65ca200aac 18878a0d425b4acdb108715ae117b9b7 28b3f955963c4cc181f8e9e005ce9122 - - default default] Successfully bumped revision number for resource 990d062c-53e6-4700-9692-5a700010ce78 (type: security_group_rules) to 0
2026-04-07 01:15:22.516 10 INFO neutron.api.wsgi [None req-31f834c4-f76c-4d60-ad81-73b04333059b 18878a0d425b4acdb108715ae117b9b7 28b3f955963c4cc181f8e9e005ce9122 - - default default] 10.0.0.206 "GET /v2.0/security-groups?tenant_id=3550a04a0cd441e290f9b0909cecc802&name=default HTTP/1.1" status: 200 len: 3120 time: 0.4733446
2026-04-07 01:15:22.517 10 INFO neutron.db.ovn_revision_numbers_db [None req-35ec573f-7193-4773-9a4e-1d65ca200aac 18878a0d425b4acdb108715ae117b9b7 28b3f955963c4cc181f8e9e005ce9122 - - default default] Successfully bumped revision number for resource c5d35a8b-9502-4c20-816a-dc26cbcf0ad6 (type: security_group_rules) to 0
2026-04-07 01:15:22.596 10 INFO neutron.db.segments_db [None req-35ec573f-7193-4773-9a4e-1d65ca200aac 18878a0d425b4acdb108715ae117b9b7 28b3f955963c4cc181f8e9e005ce9122 - - default default] Added segment b8d76bb1-7579-42ec-93dc-b94be702b842 of type geneve for network 0947e661-31c1-46ef-a414-6bf9eed275cb
2026-04-07 01:15:22.607 9 INFO neutron.api.wsgi [req-f02abda6-fe52-4e28-9ba5-a5389fd08c67 req-f3e6e1f9-3acb-4cdb-ae63-85cf0c038197 077cfc4fdc9945279dd840bee508c26d 7b2064a28fc940e79a1ae6d59fa8558d - - f2cb70a218e141769260855bf15aa918 f2cb70a218e141769260855bf15aa918] 199.204.45.244 "GET /v2.0/ports?tenant_id=6719d5e4d9484b8da7b600045fa19fab&device_id=650b18de-30b1-41b6-9951-7c8fe3117f57 HTTP/1.1" status: 200 len: 1586 time: 0.0325129
2026-04-07 01:15:22.611 9 INFO neutron.api.wsgi [req-526b9535-47cf-4849-b209-b108abcdf79f req-fc96d6f0-69f9-47c7-8f7d-e5cee380b366 56289b12899e4b7a8bb9fb287f6b17d6 6719d5e4d9484b8da7b600045fa19fab - - default default] 10.0.0.43 "GET /v2.0/ports?device_id=650b18de-30b1-41b6-9951-7c8fe3117f57 HTTP/1.1" status: 200 len: 1348 time: 0.0467625
2026-04-07 01:15:22.658 9 INFO neutron.api.wsgi [req-f02abda6-fe52-4e28-9ba5-a5389fd08c67 req-0ed38541-2e3f-425f-8b7e-ffa049a373e6 077cfc4fdc9945279dd840bee508c26d 7b2064a28fc940e79a1ae6d59fa8558d - - f2cb70a218e141769260855bf15aa918 f2cb70a218e141769260855bf15aa918] 199.204.45.244 "GET /v2.0/networks?id=befd3154-ed57-4da1-aa84-a2469651fe6c HTTP/1.1" status: 200 len: 980 time: 0.0471997
2026-04-07 01:15:22.661 9 INFO neutron.api.wsgi [req-526b9535-47cf-4849-b209-b108abcdf79f req-ac426f32-62da-44d2-8d80-53f53a17cc4d 56289b12899e4b7a8bb9fb287f6b17d6 6719d5e4d9484b8da7b600045fa19fab - - default default] 10.0.0.43 "GET /v2.0/security-groups?id=d40951ed-97ba-439d-8807-697f9fca5419&fields=id&fields=name HTTP/1.1" status: 200 len: 313 time: 0.0443501
2026-04-07 01:15:22.680 9 INFO neutron.api.wsgi [req-f02abda6-fe52-4e28-9ba5-a5389fd08c67 req-2d22cb2a-f438-4869-ad74-cbd1a206a1be 077cfc4fdc9945279dd840bee508c26d 7b2064a28fc940e79a1ae6d59fa8558d - - f2cb70a218e141769260855bf15aa918 f2cb70a218e141769260855bf15aa918] 199.204.45.244 "GET /v2.0/floatingips?fixed_ip_address=10.100.0.6&port_id=08fb43af-69c0-470f-bd90-60b8111c5ec4 HTTP/1.1" status: 200 len: 217 time: 0.0161016
2026-04-07 01:15:22.697 9 INFO neutron.api.wsgi [-] 10.0.0.230 "GET / HTTP/1.1" status: 200 len: 246 time: 0.0019484
2026-04-07 01:15:22.699 9 INFO neutron.api.wsgi [-] 10.0.0.230 "GET / HTTP/1.1" status: 200 len: 246 time: 0.0020099
2026-04-07 01:15:22.704 10 INFO neutron.db.ovn_revision_numbers_db [None req-35ec573f-7193-4773-9a4e-1d65ca200aac 18878a0d425b4acdb108715ae117b9b7 28b3f955963c4cc181f8e9e005ce9122 - - default default] Successfully bumped revision number for resource 0947e661-31c1-46ef-a414-6bf9eed275cb (type: networks) to 1
2026-04-07 01:15:22.710 10 INFO neutron.api.wsgi [None req-746932de-406c-4e3b-8cb2-264594f64a9f 18878a0d425b4acdb108715ae117b9b7 28b3f955963c4cc181f8e9e005ce9122 - - default default] 10.0.0.206 "DELETE /v2.0/security-groups/1656fef0-a08c-4d0a-9540-fcff5957dd73 HTTP/1.1" status: 204 len: 168 time: 0.1890240
2026-04-07 01:15:22.733 9 INFO neutron.api.wsgi [req-f02abda6-fe52-4e28-9ba5-a5389fd08c67 req-dd16ac68-5224-4019-8e91-ece7f154f177 077cfc4fdc9945279dd840bee508c26d 7b2064a28fc940e79a1ae6d59fa8558d - - f2cb70a218e141769260855bf15aa918 f2cb70a218e141769260855bf15aa918] 199.204.45.244 "GET /v2.0/floatingips?fixed_ip_address=10.100.0.9&port_id=08fb43af-69c0-470f-bd90-60b8111c5ec4 HTTP/1.1" status: 200 len: 1059 time: 0.0488183
2026-04-07 01:15:22.764 9 INFO neutron.api.wsgi [req-f02abda6-fe52-4e28-9ba5-a5389fd08c67 req-cdebf0f2-7de3-4568-8e6b-8de7fa9b8f2f 077cfc4fdc9945279dd840bee508c26d 7b2064a28fc940e79a1ae6d59fa8558d - - f2cb70a218e141769260855bf15aa918 f2cb70a218e141769260855bf15aa918] 199.204.45.244 "GET /v2.0/subnets?id=272e4c60-0e92-46de-9046-338c62511a56 HTTP/1.1" status: 200 len: 899 time: 0.0259826
2026-04-07 01:15:22.786 9 INFO neutron.api.wsgi [req-f02abda6-fe52-4e28-9ba5-a5389fd08c67 req-e1185e91-f21b-499d-bbbd-b615df5775a6 077cfc4fdc9945279dd840bee508c26d 7b2064a28fc940e79a1ae6d59fa8558d - - f2cb70a218e141769260855bf15aa918 f2cb70a218e141769260855bf15aa918] 199.204.45.244 "GET /v2.0/ports?network_id=befd3154-ed57-4da1-aa84-a2469651fe6c&device_owner=network%3Adhcp HTTP/1.1" status: 200 len: 210 time: 0.0175657
2026-04-07 01:15:22.833 9 INFO neutron.api.wsgi [req-f02abda6-fe52-4e28-9ba5-a5389fd08c67 req-59eeaa91-fd35-496a-989e-5d9d5aad0906 077cfc4fdc9945279dd840bee508c26d 7b2064a28fc940e79a1ae6d59fa8558d - - f2cb70a218e141769260855bf15aa918 f2cb70a218e141769260855bf15aa918] 199.204.45.244 "GET /v2.0/networks/befd3154-ed57-4da1-aa84-a2469651fe6c?fields=segments HTTP/1.1" status: 200 len: 212 time: 0.0392952
2026-04-07 01:15:22.853 9 INFO neutron.notifiers.nova [-] Nova event matching ['req-26bf5116-9af0-47ab-be95-3d8ac8fb4e6c'] response: {'server_uuid': '950ccf72-0e0a-4847-8980-50cc61b6e87f', 'name': 'network-vif-deleted', 'tag': '1f241603-ae18-4038-bc1f-0cd02c5dee3d', 'status': 'completed', 'code': 200}
2026-04-07 01:15:22.859 10 WARNING neutron.scheduler.dhcp_agent_scheduler [None req-35ec573f-7193-4773-9a4e-1d65ca200aac 18878a0d425b4acdb108715ae117b9b7 28b3f955963c4cc181f8e9e005ce9122 - - default default] No more DHCP agents
2026-04-07 01:15:22.862 10 WARNING neutron.api.rpc.agentnotifiers.dhcp_rpc_agent_api [None req-35ec573f-7193-4773-9a4e-1d65ca200aac 18878a0d425b4acdb108715ae117b9b7 28b3f955963c4cc181f8e9e005ce9122 - - default default] Unable to schedule network 0947e661-31c1-46ef-a414-6bf9eed275cb: no agents available; will retry on subsequent port and subnet creation events.
2026-04-07 01:15:22.895 9 INFO neutron.api.wsgi [req-f02abda6-fe52-4e28-9ba5-a5389fd08c67 req-ac767cb5-7623-43b7-8e8c-a8fecd992e51 077cfc4fdc9945279dd840bee508c26d 7b2064a28fc940e79a1ae6d59fa8558d - - f2cb70a218e141769260855bf15aa918 f2cb70a218e141769260855bf15aa918] 199.204.45.244 "GET /v2.0/networks/befd3154-ed57-4da1-aa84-a2469651fe6c?fields=provider%3Aphysical_network&fields=provider%3Anetwork_type HTTP/1.1" status: 200 len: 277 time: 0.0571446
2026-04-07 01:15:22.931 10 INFO neutron.db.ovn_revision_numbers_db [None req-35ec573f-7193-4773-9a4e-1d65ca200aac 18878a0d425b4acdb108715ae117b9b7 28b3f955963c4cc181f8e9e005ce9122 - - default default] Successfully bumped revision number for resource 6d18e195-9625-4c29-ba6e-f5fe04f3e4d1 (type: ports) to 1
2026-04-07 01:15:22.951 10 INFO neutron.api.wsgi [None req-35ec573f-7193-4773-9a4e-1d65ca200aac 18878a0d425b4acdb108715ae117b9b7 28b3f955963c4cc181f8e9e005ce9122 - - default default] 10.0.0.206 "POST /v2.0/networks HTTP/1.1" status: 201 len: 946 time: 0.9337618
2026-04-07 01:15:22.991 9 INFO neutron.api.wsgi [req-204808b1-f440-41ff-bf5e-eb349411a9ce req-ea2df16f-990b-45e7-9dbd-679398015425 1268c4b4fb384c858b74386b8a932b1b aa467b0fb5354429aa784e478da10476 - - default default] 10.0.0.43 "GET /v2.0/ports?device_id=950ccf72-0e0a-4847-8980-50cc61b6e87f HTTP/1.1" status: 200 len: 210 time: 0.0178702
2026-04-07 01:15:23.090 10 WARNING neutron.scheduler.dhcp_agent_scheduler [None req-c23ed9c2-03dc-4bfa-9a1e-b01bf23484b3 18878a0d425b4acdb108715ae117b9b7 28b3f955963c4cc181f8e9e005ce9122 - - default default] No more DHCP agents
2026-04-07 01:15:23.093 10 WARNING neutron.api.rpc.agentnotifiers.dhcp_rpc_agent_api [None req-c23ed9c2-03dc-4bfa-9a1e-b01bf23484b3 18878a0d425b4acdb108715ae117b9b7 28b3f955963c4cc181f8e9e005ce9122 - - default default] Unable to schedule network 0947e661-31c1-46ef-a414-6bf9eed275cb: no agents available; will retry on subsequent port and subnet creation events.
2026-04-07 01:15:23.451 9 INFO neutron.api.wsgi [req-9d25cc04-fc14-46a3-88d6-a16a2d6087d9 req-c65b00e3-f4ec-49e0-af55-40e8655de807 56289b12899e4b7a8bb9fb287f6b17d6 6719d5e4d9484b8da7b600045fa19fab - - default default] 199.204.45.244 "GET /v2.0/ports?device_id=650b18de-30b1-41b6-9951-7c8fe3117f57&device_owner=compute%3Anova&fixed_ips=ip_address%3D10.100.0.6 HTTP/1.1" status: 200 len: 1348 time: 0.0495932
2026-04-07 01:15:23.496 10 INFO neutron.db.ovn_revision_numbers_db [None req-7dfb3c18-a7aa-41b2-bb52-dc132a2956af - - - - - -] Successfully bumped revision number for resource 6d18e195-9625-4c29-ba6e-f5fe04f3e4d1 (type: ports) to 2
2026-04-07 01:15:23.525 10 INFO neutron.db.ovn_revision_numbers_db [None req-7dfb3c18-a7aa-41b2-bb52-dc132a2956af - - - - - -] Successfully bumped revision number for resource f85304c0-8036-411d-8aef-9a3f4011de36 (type: subnets) to 0
2026-04-07 01:15:23.538 10 INFO neutron.api.wsgi [None req-c23ed9c2-03dc-4bfa-9a1e-b01bf23484b3 18878a0d425b4acdb108715ae117b9b7 28b3f955963c4cc181f8e9e005ce9122 - - default default] 10.0.0.206 "POST /v2.0/subnets HTTP/1.1" status: 201 len: 890 time: 0.5820730
2026-04-07 01:15:23.861 9 INFO neutron.db.ovn_revision_numbers_db [req-9d25cc04-fc14-46a3-88d6-a16a2d6087d9 req-bb81574d-ada2-4c74-8a47-2231ead2265b 56289b12899e4b7a8bb9fb287f6b17d6 6719d5e4d9484b8da7b600045fa19fab - - default default] Successfully bumped revision number for resource 08fb43af-69c0-470f-bd90-60b8111c5ec4 (type: ports) to 7
2026-04-07 01:15:23.871 9 INFO neutron.api.wsgi [req-9d25cc04-fc14-46a3-88d6-a16a2d6087d9 req-bb81574d-ada2-4c74-8a47-2231ead2265b 56289b12899e4b7a8bb9fb287f6b17d6 6719d5e4d9484b8da7b600045fa19fab - - default default] 199.204.45.244 "PUT /v2.0/ports/08fb43af-69c0-470f-bd90-60b8111c5ec4 HTTP/1.1" status: 200 len: 1167 time: 0.4168303
2026-04-07 01:15:23.912 10 WARNING neutron.scheduler.dhcp_agent_scheduler [None req-a5d4d40f-37f4-4d0e-96d3-5af4c92be13f 18878a0d425b4acdb108715ae117b9b7 28b3f955963c4cc181f8e9e005ce9122 - - default default] No more DHCP agents
2026-04-07 01:15:23.913 10 WARNING neutron.api.rpc.agentnotifiers.dhcp_rpc_agent_api [None req-a5d4d40f-37f4-4d0e-96d3-5af4c92be13f 18878a0d425b4acdb108715ae117b9b7 28b3f955963c4cc181f8e9e005ce9122 - - default default] Unable to schedule network 9aff7a8e-31f5-4209-ac23-97fb955a382a: no agents available; will retry on subsequent port and subnet creation events.
2026-04-07 01:15:24.022 10 INFO neutron.db.ovn_revision_numbers_db [None req-a5d4d40f-37f4-4d0e-96d3-5af4c92be13f 18878a0d425b4acdb108715ae117b9b7 28b3f955963c4cc181f8e9e005ce9122 - - default default] Successfully bumped revision number for resource 10ff989a-1825-4472-ad15-271a4174b7f5 (type: ports) to 1 /var/lib/openstack/lib/python3.12/site-packages/pycadf/identifier.py:71: UserWarning: Invalid uuid: neutron. To ensure interoperability, identifiers should be a valid uuid. warnings.warn(('Invalid uuid: %s. To ensure interoperability, '
2026-04-07 01:15:24.073 9 INFO neutron.api.wsgi [req-63ff26b6-88bc-46c4-b838-3d3a281b7ff7 req-313457e3-368f-4ca6-9f90-8543b6db109f 1268c4b4fb384c858b74386b8a932b1b aa467b0fb5354429aa784e478da10476 - - default default] 10.0.0.43 "GET /v2.0/ports?device_id=950ccf72-0e0a-4847-8980-50cc61b6e87f HTTP/1.1" status: 200 len: 210 time: 0.0171502
2026-04-07 01:15:24.420 9 INFO neutron.api.wsgi [req-9d25cc04-fc14-46a3-88d6-a16a2d6087d9 req-da96824d-8427-44f9-bfef-5e6a33ed8f5a 077cfc4fdc9945279dd840bee508c26d 7b2064a28fc940e79a1ae6d59fa8558d - - f2cb70a218e141769260855bf15aa918 f2cb70a218e141769260855bf15aa918] 199.204.45.244 "GET /v2.0/ports?tenant_id=6719d5e4d9484b8da7b600045fa19fab&device_id=650b18de-30b1-41b6-9951-7c8fe3117f57 HTTP/1.1" status: 200 len: 1409 time: 0.0383348
2026-04-07 01:15:24.470 9 INFO neutron.api.wsgi [req-9d25cc04-fc14-46a3-88d6-a16a2d6087d9 req-c96ee0a0-dc64-4d3b-8f00-dc9399321374 077cfc4fdc9945279dd840bee508c26d 7b2064a28fc940e79a1ae6d59fa8558d - - f2cb70a218e141769260855bf15aa918 f2cb70a218e141769260855bf15aa918] 199.204.45.244 "GET /v2.0/networks?id=befd3154-ed57-4da1-aa84-a2469651fe6c HTTP/1.1" status: 200 len: 980 time: 0.0458109
2026-04-07 01:15:24.509 9 INFO neutron.api.wsgi [req-9d25cc04-fc14-46a3-88d6-a16a2d6087d9 req-7da90bf1-3a94-4240-8632-9d8cb76ca7cd 077cfc4fdc9945279dd840bee508c26d 7b2064a28fc940e79a1ae6d59fa8558d - - f2cb70a218e141769260855bf15aa918 f2cb70a218e141769260855bf15aa918] 199.204.45.244 "GET /v2.0/floatingips?fixed_ip_address=10.100.0.9&port_id=08fb43af-69c0-470f-bd90-60b8111c5ec4 HTTP/1.1" status: 200 len: 1059 time: 0.0331619
2026-04-07 01:15:24.535 9 INFO neutron.api.wsgi [req-9d25cc04-fc14-46a3-88d6-a16a2d6087d9 req-061aa454-2f3d-4976-a469-e2f9efc02a7e 077cfc4fdc9945279dd840bee508c26d 7b2064a28fc940e79a1ae6d59fa8558d - - f2cb70a218e141769260855bf15aa918 f2cb70a218e141769260855bf15aa918] 199.204.45.244 "GET /v2.0/subnets?id=272e4c60-0e92-46de-9046-338c62511a56 HTTP/1.1" status: 200 len: 899 time: 0.0218806
