2026-04-07 01:18:21.480 9 INFO neutron.db.ovn_revision_numbers_db [None req-8a5e9c1f-459d-43a4-82f2-26938c895290 18878a0d425b4acdb108715ae117b9b7 28b3f955963c4cc181f8e9e005ce9122 - - default default] Successfully bumped revision number for resource 39bcc62a-394f-4565-b426-54be36c4370c (type: routers) to 2
2026-04-07 01:18:21.493 9 INFO neutron.api.wsgi [None req-8a5e9c1f-459d-43a4-82f2-26938c895290 18878a0d425b4acdb108715ae117b9b7 28b3f955963c4cc181f8e9e005ce9122 - - default default] 10.0.0.206 "POST /v2.0/routers HTTP/1.1" status: 201 len: 1164 time: 1.1833899
2026-04-07 01:18:21.614 10 INFO neutron.db.ovn_revision_numbers_db [None req-d6266248-0f85-428e-b653-97b60868a5e4 18878a0d425b4acdb108715ae117b9b7 28b3f955963c4cc181f8e9e005ce9122 - - default default] Successfully bumped revision number for resource 81bf5b3d-b868-451a-9f32-ba427bf0698d (type: security_group_rules) to 0
2026-04-07 01:18:21.651 10 INFO neutron.api.wsgi [None req-d6266248-0f85-428e-b653-97b60868a5e4 18878a0d425b4acdb108715ae117b9b7 28b3f955963c4cc181f8e9e005ce9122 - - default default] 199.204.45.244 "POST /v2.0/security-group-rules HTTP/1.1" status: 201 len: 801 time: 0.1862364
2026-04-07 01:18:21.786 10 INFO neutron.db.ovn_revision_numbers_db [None req-d57cb6e6-2c59-4e23-90f0-aef24aec57e1 18878a0d425b4acdb108715ae117b9b7 28b3f955963c4cc181f8e9e005ce9122 - - default default] Successfully bumped revision number for resource 5ed09f6c-5117-4efe-ad38-32aa2f6529e5 (type: security_group_rules) to 0
2026-04-07 01:18:21.814 9 INFO neutron.db.ovn_revision_numbers_db [None req-147e4dc8-7d47-4700-91bd-95259fb25a22 - - - - - -] Successfully bumped revision number for resource 116dd51f-9984-487e-b94d-5b7ad6398613 (type: ports) to 1
2026-04-07 01:18:21.824 10 INFO neutron.api.wsgi [None req-d57cb6e6-2c59-4e23-90f0-aef24aec57e1 18878a0d425b4acdb108715ae117b9b7 28b3f955963c4cc181f8e9e005ce9122 - - default default] 199.204.45.244 "POST /v2.0/security-group-rules HTTP/1.1" status: 201 len: 805 time: 0.1644206
2026-04-07 01:18:21.946 10 WARNING neutron.scheduler.dhcp_agent_scheduler [None req-2c2a20e2-e957-4bbb-ad67-c29cd46557bf 18878a0d425b4acdb108715ae117b9b7 28b3f955963c4cc181f8e9e005ce9122 - - default default] No more DHCP agents
2026-04-07 01:18:21.947 10 WARNING neutron.api.rpc.agentnotifiers.dhcp_rpc_agent_api [None req-2c2a20e2-e957-4bbb-ad67-c29cd46557bf 18878a0d425b4acdb108715ae117b9b7 28b3f955963c4cc181f8e9e005ce9122 - - default default] Unable to schedule network f1da5829-dfa6-49e4-b615-2bec503a4eb8: no agents available; will retry on subsequent port and subnet creation events.
2026-04-07 01:18:22.075 10 INFO neutron.db.ovn_revision_numbers_db [None req-2c2a20e2-e957-4bbb-ad67-c29cd46557bf 18878a0d425b4acdb108715ae117b9b7 28b3f955963c4cc181f8e9e005ce9122 - - default default] Successfully bumped revision number for resource 93031099-ac2d-4f07-b4f3-bfd9552b9899 (type: ports) to 1
2026-04-07 01:18:22.107 9 INFO neutron.db.ovn_revision_numbers_db [None req-147e4dc8-7d47-4700-91bd-95259fb25a22 - - - - - -] Successfully bumped revision number for resource 116dd51f-9984-487e-b94d-5b7ad6398613 (type: ports) to 4
2026-04-07 01:18:22.355 9 INFO neutron.db.ovn_revision_numbers_db [None req-147e4dc8-7d47-4700-91bd-95259fb25a22 - - - - - -] Successfully bumped revision number for resource 116dd51f-9984-487e-b94d-5b7ad6398613 (type: ports) to 5
2026-04-07 01:18:22.591 9 INFO neutron.plugins.ml2.drivers.ovn.mech_driver.mech_driver [None req-bd98f61f-7d97-4446-a3a6-8c1038ca7ed0 - - - - - -] OVN reports status up for port: 93031099-ac2d-4f07-b4f3-bfd9552b9899
2026-04-07 01:18:22.599 9 INFO neutron.plugins.ml2.plugin [None req-bd98f61f-7d97-4446-a3a6-8c1038ca7ed0 - - - - - -] Attempt 1 to provision port 93031099-ac2d-4f07-b4f3-bfd9552b9899
2026-04-07 01:18:22.608 10 INFO neutron.db.ovn_revision_numbers_db [None req-2c2a20e2-e957-4bbb-ad67-c29cd46557bf 18878a0d425b4acdb108715ae117b9b7 28b3f955963c4cc181f8e9e005ce9122 - - default default] Successfully bumped revision number for resource 93031099-ac2d-4f07-b4f3-bfd9552b9899 (type: ports) to 1
2026-04-07 01:18:22.671 10 WARNING neutron.scheduler.dhcp_agent_scheduler [None req-2c2a20e2-e957-4bbb-ad67-c29cd46557bf 18878a0d425b4acdb108715ae117b9b7 28b3f955963c4cc181f8e9e005ce9122 - - default default] No more DHCP agents
2026-04-07 01:18:22.672 10 WARNING neutron.api.rpc.agentnotifiers.dhcp_rpc_agent_api [None req-2c2a20e2-e957-4bbb-ad67-c29cd46557bf 18878a0d425b4acdb108715ae117b9b7 28b3f955963c4cc181f8e9e005ce9122 - - default default] Unable to schedule network f1da5829-dfa6-49e4-b615-2bec503a4eb8: no agents available; will retry on subsequent port and subnet creation events.
2026-04-07 01:18:22.696 10 INFO neutron.api.wsgi [-] 10.0.0.230 "GET / HTTP/1.1" status: 200 len: 246 time: 0.0027831
2026-04-07 01:18:22.700 10 INFO neutron.api.wsgi [-] 10.0.0.230 "GET / HTTP/1.1" status: 200 len: 246 time: 0.0026884
2026-04-07 01:18:22.923 9 INFO neutron.db.ovn_revision_numbers_db [None req-bd98f61f-7d97-4446-a3a6-8c1038ca7ed0 - - - - - -] Successfully bumped revision number for resource 93031099-ac2d-4f07-b4f3-bfd9552b9899 (type: ports) to 2
2026-04-07 01:18:23.236 10 INFO neutron.db.ovn_revision_numbers_db [None req-2c2a20e2-e957-4bbb-ad67-c29cd46557bf 18878a0d425b4acdb108715ae117b9b7 28b3f955963c4cc181f8e9e005ce9122 - - default default] Successfully bumped revision number for resource 93031099-ac2d-4f07-b4f3-bfd9552b9899 (type: router_ports) to 1
2026-04-07 01:18:23.242 10 INFO neutron.api.wsgi [None req-2c2a20e2-e957-4bbb-ad67-c29cd46557bf 18878a0d425b4acdb108715ae117b9b7 28b3f955963c4cc181f8e9e005ce9122 - - default default] 10.0.0.206 "PUT /v2.0/routers/39bcc62a-394f-4565-b426-54be36c4370c/add_router_interface HTTP/1.1" status: 200 len: 503 time: 1.7458060
2026-04-07 01:18:24.792 9 INFO neutron.api.wsgi [None req-d352a745-1800-4008-8122-5a4dc7e45677 faafed31d715418fa61942bc039da4c0 ebabae7bfb384a149d7667b6a42d7c16 - - default default] 10.0.0.206 "POST /v2.0/qos/policies HTTP/1.1" status: 201 len: 558 time: 0.1695118
2026-04-07 01:18:24.840 9 INFO neutron.api.wsgi [None req-c28d2591-91c6-4f83-9d2a-0712b5ece161 faafed31d715418fa61942bc039da4c0 ebabae7bfb384a149d7667b6a42d7c16 - - default default] 10.0.0.206 "POST /v2.0/qos/policies HTTP/1.1" status: 201 len: 558 time: 0.0439324
2026-04-07 01:18:24.888 9 INFO neutron.api.wsgi [None req-a35b4a33-8deb-4a54-a4de-21865a59eaf4 faafed31d715418fa61942bc039da4c0 ebabae7bfb384a149d7667b6a42d7c16 - - default default] 10.0.0.206 "POST /v2.0/qos/policies HTTP/1.1" status: 201 len: 558 time: 0.0442677
2026-04-07 01:18:24.931 9 INFO neutron.api.wsgi [None req-bcce9a37-c548-41e2-ad2c-47e4f7f3bc57 faafed31d715418fa61942bc039da4c0 ebabae7bfb384a149d7667b6a42d7c16 - - default default] 10.0.0.206 "POST /v2.0/qos/policies HTTP/1.1" status: 201 len: 558 time: 0.0390012
2026-04-07 01:18:24.968 9 INFO neutron.api.wsgi [None req-0d4bd7fe-cc65-4611-93af-de988463ac2e faafed31d715418fa61942bc039da4c0 ebabae7bfb384a149d7667b6a42d7c16 - - default default] 10.0.0.206 "POST /v2.0/qos/policies HTTP/1.1" status: 201 len: 558 time: 0.0329494
2026-04-07 01:18:25.005 9 INFO neutron.api.wsgi [None req-d3fb1549-9472-496c-9086-f37c1c507016 faafed31d715418fa61942bc039da4c0 ebabae7bfb384a149d7667b6a42d7c16 - - default default] 10.0.0.206 "PUT /v2.0/policies/30980fbd-298d-4887-b469-6369b91e9644/tags HTTP/1.1" status: 200 len: 210 time: 0.0314243
2026-04-07 01:18:25.035 9 INFO neutron.api.wsgi [None req-2d7f5742-2133-4a0f-b397-99efcf7fd966 faafed31d715418fa61942bc039da4c0 ebabae7bfb384a149d7667b6a42d7c16 - - default default] 10.0.0.206 "PUT /v2.0/policies/0403ccca-bacd-4adc-8bcf-29a98bd15cdf/tags HTTP/1.1" status: 200 len: 218 time: 0.0224533
2026-04-07 01:18:25.068 10 INFO neutron.api.wsgi [None req-03e92dc3-96ea-4ec3-9377-0c9ffbfc1237 faafed31d715418fa61942bc039da4c0 ebabae7bfb384a149d7667b6a42d7c16 - - default default] 10.0.0.206 "PUT /v2.0/policies/554adc95-9bb0-452e-a0e6-1916d8ac01d9/tags HTTP/1.1" status: 200 len: 227 time: 0.0298195
2026-04-07 01:18:25.092 10 INFO neutron.api.wsgi [None req-afc42a45-e292-4d63-8958-52d65535451b faafed31d715418fa61942bc039da4c0 ebabae7bfb384a149d7667b6a42d7c16 - - default default] 10.0.0.206 "PUT /v2.0/policies/3fb1a93e-d1a8-4a8a-a211-1c27ef33e3e7/tags HTTP/1.1" status: 200 len: 212 time: 0.0191545
2026-04-07 01:18:25.354 9 INFO neutron.api.wsgi [None req-a5225ef9-9614-40e1-8f6b-8a56d0c9ccfc 18878a0d425b4acdb108715ae117b9b7 28b3f955963c4cc181f8e9e005ce9122 - - default default] 10.0.0.128 "GET /v2.0/networks HTTP/1.1" status: 200 len: 5475 time: 0.1037440
2026-04-07 01:18:25.408 9 INFO neutron.api.wsgi [None req-3a9f33a8-d20e-4a22-b48a-1c16fe4ef304 18878a0d425b4acdb108715ae117b9b7 28b3f955963c4cc181f8e9e005ce9122 - - default default] 10.0.0.128 "GET /v2.0/security-groups HTTP/1.1" status: 200 len: 34557 time: 0.0429575
2026-04-07 01:18:25.517 9 INFO neutron.api.wsgi [None req-05ba98c7-565b-4f8f-825c-ea52850377f7 18878a0d425b4acdb108715ae117b9b7 28b3f955963c4cc181f8e9e005ce9122 - - default default] 10.0.0.128 "GET /v2.0/ports HTTP/1.1" status: 200 len: 25442 time: 0.1004159
2026-04-07 01:18:25.553 10 INFO neutron.api.wsgi [None req-c53b5d2c-b5c1-44a3-849b-5f67fb9e7edd 88ae5fcdf8814bd786f154925ef86132 3b5f56362cd4453f8006000bf4c6a748 - - default default] 10.0.0.206 "GET /v2.0/qos/policies?tags=red HTTP/1.1" status: 200 len: 1296 time: 0.1173124
2026-04-07 01:18:25.580 9 INFO neutron.api.wsgi [req-00107215-61e1-4581-a1ed-bfdc293ea758 req-4ff8a1c7-0a38-4223-a664-84ab337d2dda 26aa32f4841044849a20fe3af61e2d45 a4b4447576af4d7599c8d38afb32a107 - - default default] 10.0.0.43 "GET /v2.0/networks?id=f1da5829-dfa6-49e4-b615-2bec503a4eb8 HTTP/1.1" status: 200 len: 871 time: 0.0618818
2026-04-07 01:18:25.599 9 INFO neutron.api.wsgi [req-00107215-61e1-4581-a1ed-bfdc293ea758 req-0e5efc21-30f7-46ae-bcf2-eb665c1fdfdf 26aa32f4841044849a20fe3af61e2d45 a4b4447576af4d7599c8d38afb32a107 - - default default] 10.0.0.43 "GET /v2.0/quotas/a4b4447576af4d7599c8d38afb32a107 HTTP/1.1" status: 200 len: 491 time: 0.0126231
2026-04-07 01:18:25.604 10 INFO neutron.api.wsgi [None req-a20451d8-de8f-4d62-a59e-a703104e95b3 88ae5fcdf8814bd786f154925ef86132 3b5f56362cd4453f8006000bf4c6a748 - - default default] 10.0.0.206 "GET /v2.0/qos/policies?tags=red%2Cblue HTTP/1.1" status: 200 len: 941 time: 0.0459230
2026-04-07 01:18:25.606 9 INFO neutron.api.wsgi [None req-98c3980a-5470-4b29-91ec-239cc3615636 18878a0d425b4acdb108715ae117b9b7 28b3f955963c4cc181f8e9e005ce9122 - - default default] 10.0.0.128 "GET /v2.0/routers HTTP/1.1" status: 200 len: 2103 time: 0.0708210
2026-04-07 01:18:25.634 9 INFO neutron.api.wsgi [None req-fdade784-6228-4e60-8046-642e4411dcab 18878a0d425b4acdb108715ae117b9b7 28b3f955963c4cc181f8e9e005ce9122 - - default default] 10.0.0.128 "GET /v2.0/agents?binary=ovn-controller HTTP/1.1" status: 200 len: 591 time: 0.0269122
2026-04-07 01:18:25.646 9 INFO neutron.api.wsgi [None req-41e344ac-229c-4c71-86ff-97aca17659ef 18878a0d425b4acdb108715ae117b9b7 28b3f955963c4cc181f8e9e005ce9122 - - default default] 10.0.0.128 "GET /v2.0/agents HTTP/1.1" status: 200 len: 1390 time: 0.0109754
2026-04-07 01:18:25.648 10 INFO neutron.api.wsgi [None req-f79fac4b-7908-4d18-9014-564130b7cee0 88ae5fcdf8814bd786f154925ef86132 3b5f56362cd4453f8006000bf4c6a748 - - default default] 10.0.0.206 "GET /v2.0/qos/policies?tags-any=blue HTTP/1.1" status: 200 len: 941 time: 0.0404234
2026-04-07 01:18:25.670 9 INFO neutron.api.wsgi [None req-5a0b158b-85f0-4ab1-bce3-cc9b5fc85a82 18878a0d425b4acdb108715ae117b9b7 28b3f955963c4cc181f8e9e005ce9122 - - default default] 10.0.0.128 "GET /v2.0/network-ip-availabilities HTTP/1.1" status: 200 len: 3832 time: 0.0216234
2026-04-07 01:18:25.715 9 INFO neutron.api.wsgi [None req-abb8be16-a024-4009-b709-389a39094711 18878a0d425b4acdb108715ae117b9b7 28b3f955963c4cc181f8e9e005ce9122 - - default default] 10.0.0.128 "GET /v2.0/subnets HTTP/1.1" status: 200 len: 6363 time: 0.0418363
2026-04-07 01:18:25.717 9 INFO neutron.api.wsgi [req-00107215-61e1-4581-a1ed-bfdc293ea758 req-37a9d426-ff59-4840-b839-30910685a41d 26aa32f4841044849a20fe3af61e2d45 a4b4447576af4d7599c8d38afb32a107 - - default default] 10.0.0.43 "GET /v2.0/ports?tenant_id=a4b4447576af4d7599c8d38afb32a107&fields=id HTTP/1.1" status: 200 len: 302 time: 0.1105921
2026-04-07 01:18:25.724 9 INFO neutron.api.wsgi [None req-3498355b-db0d-4eeb-bad9-db183a05c43e 18878a0d425b4acdb108715ae117b9b7 28b3f955963c4cc181f8e9e005ce9122 - - default default] 10.0.0.128 "GET /v2.0/subnetpools HTTP/1.1" status: 200 len: 193 time: 0.0062292
2026-04-07 01:18:25.782 9 INFO neutron.api.wsgi [None req-13ea0636-231f-4d4c-a9e6-60529618c8ae 18878a0d425b4acdb108715ae117b9b7 28b3f955963c4cc181f8e9e005ce9122 - - default default] 10.0.0.128 "GET /v2.0/floatingips HTTP/1.1" status: 200 len: 2764 time: 0.0569332
2026-04-07 01:18:25.799 9 INFO neutron.api.wsgi [req-00107215-61e1-4581-a1ed-bfdc293ea758 req-8d812253-706f-4418-ada0-cb41321c3992 077cfc4fdc9945279dd840bee508c26d 7b2064a28fc940e79a1ae6d59fa8558d - - f2cb70a218e141769260855bf15aa918 f2cb70a218e141769260855bf15aa918] 10.0.0.43 "GET /v2.0/networks/f1da5829-dfa6-49e4-b615-2bec503a4eb8?fields=segments HTTP/1.1" status: 200 len: 212 time: 0.0737233
2026-04-07 01:18:25.818 9 INFO neutron.api.wsgi [None req-abc3caa3-9423-4fad-84b3-a1f1dd3c608c 18878a0d425b4acdb108715ae117b9b7 28b3f955963c4cc181f8e9e005ce9122 - - default default] 10.0.0.128 "GET /v2.0/subnets HTTP/1.1" status: 200 len: 6363 time: 0.0337050
2026-04-07 01:18:25.824 9 INFO neutron.api.wsgi [None req-5610065b-94e3-45bc-9c4c-137cf095ceed 88ae5fcdf8814bd786f154925ef86132 3b5f56362cd4453f8006000bf4c6a748 - - default default] 10.0.0.206 "GET /v2.0/qos/policies?tags-any=red%2Cblue HTTP/1.1" status: 200 len: 1296 time: 0.1697278
2026-04-07 01:18:25.859 9 INFO neutron.api.wsgi [req-00107215-61e1-4581-a1ed-bfdc293ea758 req-2b530012-3801-4a23-bba9-3beac35a0347 077cfc4fdc9945279dd840bee508c26d 7b2064a28fc940e79a1ae6d59fa8558d - - f2cb70a218e141769260855bf15aa918 f2cb70a218e141769260855bf15aa918] 10.0.0.43 "GET /v2.0/networks/f1da5829-dfa6-49e4-b615-2bec503a4eb8?fields=provider%3Aphysical_network&fields=provider%3Anetwork_type HTTP/1.1" status: 200 len: 277 time: 0.0515168
2026-04-07 01:18:25.882 10 INFO neutron.api.wsgi [None req-b6730599-52f1-470a-8f84-44c6bf1c374f 88ae5fcdf8814bd786f154925ef86132 3b5f56362cd4453f8006000bf4c6a748 - - default default] 10.0.0.206 "GET /v2.0/qos/policies?not-tags=red HTTP/1.1" status: 200 len: 913 time: 0.0536962
2026-04-07 01:18:25.951 10 INFO neutron.api.wsgi [None req-d0d02d92-8ac9-4e59-9772-ad33dc30024c 88ae5fcdf8814bd786f154925ef86132 3b5f56362cd4453f8006000bf4c6a748 - - default default] 10.0.0.206 "GET /v2.0/qos/policies?not-tags=red%2Cblue HTTP/1.1" status: 200 len: 1268 time: 0.0656023
2026-04-07 01:18:25.985 10 INFO neutron.api.wsgi [req-9fc234b2-54d0-463e-b4be-d5a1ccde31a7 req-ce065345-fb64-400d-958f-b544569f9a5f 26aa32f4841044849a20fe3af61e2d45 a4b4447576af4d7599c8d38afb32a107 - - default default] 10.0.0.43 "GET /v2.0/ports?device_id=7e2e21c0-06e3-4755-9fc4-48de33dfebd9 HTTP/1.1" status: 200 len: 210 time: 0.0173390
2026-04-07 01:18:26.029 10 INFO neutron.api.wsgi [None req-53786dcf-6f57-476f-8750-800ca6215d8f 88ae5fcdf8814bd786f154925ef86132 3b5f56362cd4453f8006000bf4c6a748 - - default default] 10.0.0.206 "GET /v2.0/qos/policies?not-tags-any=blue HTTP/1.1" status: 200 len: 1268 time: 0.0725014
2026-04-07 01:18:26.073 10 INFO neutron.api.wsgi [None req-4df4c269-fb3f-4492-ad17-686b33676a23 88ae5fcdf8814bd786f154925ef86132 3b5f56362cd4453f8006000bf4c6a748 - - default default] 10.0.0.206 "GET /v2.0/qos/policies?not-tags-any=red%2Cblue HTTP/1.1" status: 200 len: 913 time: 0.0393496
2026-04-07 01:18:26.137 10 INFO neutron.api.wsgi [None req-880fba1e-2a6d-4018-8463-b8458b62b4c5 faafed31d715418fa61942bc039da4c0 ebabae7bfb384a149d7667b6a42d7c16 - - default default] 10.0.0.206 "DELETE /v2.0/qos/policies/30980fbd-298d-4887-b469-6369b91e9644 HTTP/1.1" status: 204 len: 168 time: 0.0565548
2026-04-07 01:18:26.195 10 INFO neutron.api.wsgi [None req-9230eac6-e6e1-468b-8ad1-e9a4d17d5ab5 faafed31d715418fa61942bc039da4c0 ebabae7bfb384a149d7667b6a42d7c16 - - default default] 10.0.0.206 "DELETE /v2.0/qos/policies/0403ccca-bacd-4adc-8bcf-29a98bd15cdf HTTP/1.1" status: 204 len: 168 time: 0.0523684
2026-04-07 01:18:26.242 10 INFO neutron.api.wsgi [None req-5e77f01b-9e00-4fa6-8c63-d712d870c696 faafed31d715418fa61942bc039da4c0 ebabae7bfb384a149d7667b6a42d7c16 - - default default] 10.0.0.206 "DELETE /v2.0/qos/policies/554adc95-9bb0-452e-a0e6-1916d8ac01d9 HTTP/1.1" status: 204 len: 168 time: 0.0426016
2026-04-07 01:18:26.291 10 INFO neutron.api.wsgi [None req-e02d4ccf-4ac6-4177-95f2-4f5684b5bd20 faafed31d715418fa61942bc039da4c0 ebabae7bfb384a149d7667b6a42d7c16 - - default default] 10.0.0.206 "DELETE /v2.0/qos/policies/3fb1a93e-d1a8-4a8a-a211-1c27ef33e3e7 HTTP/1.1" status: 204 len: 168 time: 0.0450435
2026-04-07 01:18:26.342 10 INFO neutron.api.wsgi [None req-fbc13217-8f27-404f-9716-2909ab4b3b82 faafed31d715418fa61942bc039da4c0 ebabae7bfb384a149d7667b6a42d7c16 - - default default] 10.0.0.206 "DELETE /v2.0/qos/policies/410a7ff9-382c-47c5-af62-97cd45017086 HTTP/1.1" status: 204 len: 168 time: 0.0451226
2026-04-07 01:18:27.056 10 INFO neutron.api.wsgi [req-c883b866-ba49-49a6-b936-b46143deacab req-d09f4b2e-dc41-4e3e-9022-ba389ae31a7f 26aa32f4841044849a20fe3af61e2d45 a4b4447576af4d7599c8d38afb32a107 - - default default] 10.0.0.43 "GET /v2.0/ports?device_id=7e2e21c0-06e3-4755-9fc4-48de33dfebd9 HTTP/1.1" status: 200 len: 210 time: 0.0166020
2026-04-07 01:18:27.326 10 INFO neutron.db.ovn_revision_numbers_db [None req-8f5754d0-6f9a-4dd6-b40f-f4e389e2491c 18878a0d425b4acdb108715ae117b9b7 28b3f955963c4cc181f8e9e005ce9122 - - default default] Successfully bumped revision number for resource ca2a792c-b38a-4fcb-9ce6-b79d9e5b6c58 (type: security_groups) to 1
2026-04-07 01:18:27.340 10 INFO neutron.db.ovn_revision_numbers_db [None req-8f5754d0-6f9a-4dd6-b40f-f4e389e2491c 18878a0d425b4acdb108715ae117b9b7 28b3f955963c4cc181f8e9e005ce9122 - - default default] Successfully bumped revision number for resource 07d4b8f6-9961-494c-86b9-8c9de6c92be7 (type: security_group_rules) to 0
2026-04-07 01:18:27.353 10 INFO neutron.db.ovn_revision_numbers_db [None req-8f5754d0-6f9a-4dd6-b40f-f4e389e2491c 18878a0d425b4acdb108715ae117b9b7 28b3f955963c4cc181f8e9e005ce9122 - - default default] Successfully bumped revision number for resource 5365feef-a6f8-47d7-8a3c-40e6df4c735a (type: security_group_rules) to 0
2026-04-07 01:18:27.375 10 INFO neutron.db.ovn_revision_numbers_db [None req-8f5754d0-6f9a-4dd6-b40f-f4e389e2491c 18878a0d425b4acdb108715ae117b9b7 28b3f955963c4cc181f8e9e005ce9122 - - default default] Successfully bumped revision number for resource 7751d292-7664-4b91-a69a-79e1000c833a (type: security_group_rules) to 0
2026-04-07 01:18:27.387 10 INFO neutron.db.ovn_revision_numbers_db [None req-8f5754d0-6f9a-4dd6-b40f-f4e389e2491c 18878a0d425b4acdb108715ae117b9b7 28b3f955963c4cc181f8e9e005ce9122 - - default default] Successfully bumped revision number for resource 8066a703-5e6b-4295-973b-9e9febb21c48 (type: security_group_rules) to 0
2026-04-07 01:18:27.423 10 INFO neutron.api.wsgi [None req-8f5754d0-6f9a-4dd6-b40f-f4e389e2491c 18878a0d425b4acdb108715ae117b9b7 28b3f955963c4cc181f8e9e005ce9122 - - default default] 10.0.0.206 "GET /v2.0/security-groups?tenant_id=4e51734a98204652b5fa1d7d0f460aee&name=default HTTP/1.1" status: 200 len: 3120 time: 0.3414571
2026-04-07 01:18:27.615 10 INFO neutron.api.wsgi [None req-34d69f51-c645-4b3b-8511-64f141cdbc09 18878a0d425b4acdb108715ae117b9b7 28b3f955963c4cc181f8e9e005ce9122 - - default default] 10.0.0.206 "DELETE /v2.0/security-groups/ca2a792c-b38a-4fcb-9ce6-b79d9e5b6c58 HTTP/1.1" status: 204 len: 168 time: 0.1851742
2026-04-07 01:18:27.796 10 INFO neutron.db.ovn_revision_numbers_db [None req-483bb07c-dfdb-45ab-b3be-2d85757eb732 18878a0d425b4acdb108715ae117b9b7 28b3f955963c4cc181f8e9e005ce9122 - - default default] Successfully bumped revision number for resource 9055dcfa-1f2e-40ae-a6e2-652a360143f9 (type: security_groups) to 1
2026-04-07 01:18:27.808 10 INFO neutron.db.ovn_revision_numbers_db [None req-483bb07c-dfdb-45ab-b3be-2d85757eb732 18878a0d425b4acdb108715ae117b9b7 28b3f955963c4cc181f8e9e005ce9122 - - default default] Successfully bumped revision number for resource 04a2f710-5ea6-4ebe-a523-0e74aabce83a (type: security_group_rules) to 0
2026-04-07 01:18:27.823 10 INFO neutron.db.ovn_revision_numbers_db [None req-483bb07c-dfdb-45ab-b3be-2d85757eb732 18878a0d425b4acdb108715ae117b9b7 28b3f955963c4cc181f8e9e005ce9122 - - default default] Successfully bumped revision number for resource 57e1440d-3c54-4218-a6a8-9a501c8aa2a6 (type: security_group_rules) to 0
2026-04-07 01:18:27.840 10 INFO neutron.db.ovn_revision_numbers_db [None req-483bb07c-dfdb-45ab-b3be-2d85757eb732 18878a0d425b4acdb108715ae117b9b7 28b3f955963c4cc181f8e9e005ce9122 - - default default] Successfully bumped revision number for resource 6a2eb864-21e3-4ed2-a291-ae0e3223c8c6 (type: security_group_rules) to 0
2026-04-07 01:18:27.855 10 INFO neutron.db.ovn_revision_numbers_db [None req-483bb07c-dfdb-45ab-b3be-2d85757eb732 18878a0d425b4acdb108715ae117b9b7 28b3f955963c4cc181f8e9e005ce9122 - - default default] Successfully bumped revision number for resource 72cbb521-3485-424a-9b8f-d2bb67e1992e (type: security_group_rules) to 0
2026-04-07 01:18:27.889 10 INFO neutron.api.wsgi [None req-483bb07c-dfdb-45ab-b3be-2d85757eb732 18878a0d425b4acdb108715ae117b9b7 28b3f955963c4cc181f8e9e005ce9122 - - default default] 10.0.0.206 "GET /v2.0/security-groups?tenant_id=ebabae7bfb384a149d7667b6a42d7c16&name=default HTTP/1.1" status: 200 len: 3120 time: 0.2016616
2026-04-07 01:18:28.099 9 WARNING neutron.plugins.ml2.drivers.ovn.mech_driver.ovsdb.ovn_client [None req-6841cef0-4d58-4552-9919-5435af3ec4ef - - - - - -] No hosting information found for port 93031099-ac2d-4f07-b4f3-bfd9552b9899: RuntimeError: No hosting information found for port 93031099-ac2d-4f07-b4f3-bfd9552b9899
2026-04-07 01:18:28.103 10 INFO neutron.api.wsgi [None req-09e7207c-5486-457a-bc6d-b42ee02854fb 18878a0d425b4acdb108715ae117b9b7 28b3f955963c4cc181f8e9e005ce9122 - - default default] 10.0.0.206 "DELETE /v2.0/security-groups/9055dcfa-1f2e-40ae-a6e2-652a360143f9 HTTP/1.1" status: 204 len: 168 time: 0.2098989
2026-04-07 01:18:28.134 9 INFO neutron.api.wsgi [req-64eeea4b-0ce6-4625-bd3f-afaa760ff6f4 req-0abee95d-7087-4650-86f8-1b905ba7b660 26aa32f4841044849a20fe3af61e2d45 a4b4447576af4d7599c8d38afb32a107 - - default default] 10.0.0.43 "GET /v2.0/ports?device_id=7e2e21c0-06e3-4755-9fc4-48de33dfebd9 HTTP/1.1" status: 200 len: 210 time: 0.0165486
2026-04-07 01:18:28.186 9 INFO neutron.db.ovn_revision_numbers_db [None req-6841cef0-4d58-4552-9919-5435af3ec4ef - - - - - -] Successfully bumped revision number for resource 93031099-ac2d-4f07-b4f3-bfd9552b9899 (type: router_ports) to 2
2026-04-07 01:18:28.358 9 INFO neutron.db.ovn_revision_numbers_db [None req-77fab27f-bbfe-4cf7-97c5-124bb10eb418 18878a0d425b4acdb108715ae117b9b7 28b3f955963c4cc181f8e9e005ce9122 - - default default] Successfully bumped revision number for resource ff47683c-e849-48b1-b743-6099475b39b4 (type: security_groups) to 1
2026-04-07 01:18:28.371 9 INFO neutron.db.ovn_revision_numbers_db [None req-77fab27f-bbfe-4cf7-97c5-124bb10eb418 18878a0d425b4acdb108715ae117b9b7 28b3f955963c4cc181f8e9e005ce9122 - - default default] Successfully bumped revision number for resource 29a26824-f24a-410f-a599-25ab8a0414a5 (type: security_group_rules) to 0
2026-04-07 01:18:28.384 9 INFO neutron.db.ovn_revision_numbers_db [None req-77fab27f-bbfe-4cf7-97c5-124bb10eb418 18878a0d425b4acdb108715ae117b9b7 28b3f955963c4cc181f8e9e005ce9122 - - default default] Successfully bumped revision number for resource 44be18c9-7c4a-45cf-9737-bbcbf272a8f2 (type: security_group_rules) to 0
2026-04-07 01:18:28.395 9 INFO neutron.db.ovn_revision_numbers_db [None req-77fab27f-bbfe-4cf7-97c5-124bb10eb418 18878a0d425b4acdb108715ae117b9b7 28b3f955963c4cc181f8e9e005ce9122 - - default default] Successfully bumped revision number for resource 4c1ad6f9-2919-4048-9a71-0b3b4da1a6d7 (type: security_group_rules) to 0
2026-04-07 01:18:28.407 9 INFO neutron.db.ovn_revision_numbers_db [None req-77fab27f-bbfe-4cf7-97c5-124bb10eb418 18878a0d425b4acdb108715ae117b9b7 28b3f955963c4cc181f8e9e005ce9122 - - default default] Successfully bumped revision number for resource 665001b0-ff53-47b6-8576-3f79087f1721 (type: security_group_rules) to 0
2026-04-07 01:18:28.448 9 INFO neutron.api.wsgi [None req-77fab27f-bbfe-4cf7-97c5-124bb10eb418 18878a0d425b4acdb108715ae117b9b7 28b3f955963c4cc181f8e9e005ce9122 - - default default] 10.0.0.206 "GET /v2.0/security-groups?tenant_id=3b5f56362cd4453f8006000bf4c6a748&name=default HTTP/1.1" status: 200 len: 3120 time: 0.1947331
2026-04-07 01:18:28.654 10 INFO neutron.api.wsgi [None req-19d5b4c3-eb62-4d96-8593-0eb29686743f 18878a0d425b4acdb108715ae117b9b7 28b3f955963c4cc181f8e9e005ce9122 - - default default] 10.0.0.206 "DELETE /v2.0/security-groups/ff47683c-e849-48b1-b743-6099475b39b4 HTTP/1.1" status: 204 len: 168 time: 0.1997588
2026-04-07 01:18:29.207 10 INFO neutron.api.wsgi [req-b0483506-2506-4660-9599-5456e03fc004 req-4b40f7d4-2f11-47b8-8862-ce4799628e25 26aa32f4841044849a20fe3af61e2d45 a4b4447576af4d7599c8d38afb32a107 - - default default] 10.0.0.43 "GET /v2.0/ports?device_id=7e2e21c0-06e3-4755-9fc4-48de33dfebd9 HTTP/1.1" status: 200 len: 210 time: 0.0175426
2026-04-07 01:18:30.282 9 INFO neutron.api.wsgi [req-42add36a-f9f0-4110-b5b4-018d67083da8 req-a936dccd-fe9c-4af6-9dda-d11a2342285c 26aa32f4841044849a20fe3af61e2d45 a4b4447576af4d7599c8d38afb32a107 - - default default] 10.0.0.43 "GET /v2.0/ports?device_id=7e2e21c0-06e3-4755-9fc4-48de33dfebd9 HTTP/1.1" status: 200 len: 210 time: 0.0216172
2026-04-07 01:18:30.301 9 INFO neutron.api.wsgi [req-00107215-61e1-4581-a1ed-bfdc293ea758 req-3128d4dc-f5e5-486f-8a52-6e9b157244c0 26aa32f4841044849a20fe3af61e2d45 a4b4447576af4d7599c8d38afb32a107 - - default default] 199.204.45.244 "GET /v2.0/networks?id=f1da5829-dfa6-49e4-b615-2bec503a4eb8 HTTP/1.1" status: 200 len: 871 time: 0.0394554
2026-04-07 01:18:30.309 9 WARNING neutron_lib.context [req-00107215-61e1-4581-a1ed-bfdc293ea758 req-785c650c-12c6-4912-97fb-33804a9d4057 26aa32f4841044849a20fe3af61e2d45 a4b4447576af4d7599c8d38afb32a107 - - default default] Method 'is_advsvc' is deprecated since 2023.2 release (neutron-lib 3.8.0) and will be removed once support for the old RBAC API policies will be removed from Neutron. Please use method 'is_service_role' instead.
2026-04-07 01:18:30.558 9 WARNING neutron.scheduler.dhcp_agent_scheduler [req-00107215-61e1-4581-a1ed-bfdc293ea758 req-785c650c-12c6-4912-97fb-33804a9d4057 26aa32f4841044849a20fe3af61e2d45 a4b4447576af4d7599c8d38afb32a107 - - default default] No more DHCP agents
2026-04-07 01:18:30.559 9 WARNING neutron.api.rpc.agentnotifiers.dhcp_rpc_agent_api [req-00107215-61e1-4581-a1ed-bfdc293ea758 req-785c650c-12c6-4912-97fb-33804a9d4057 26aa32f4841044849a20fe3af61e2d45 a4b4447576af4d7599c8d38afb32a107 - - default default] Unable to schedule network f1da5829-dfa6-49e4-b615-2bec503a4eb8: no agents available; will retry on subsequent port and subnet creation events.
2026-04-07 01:18:30.691 9 INFO neutron.db.ovn_revision_numbers_db [req-00107215-61e1-4581-a1ed-bfdc293ea758 req-785c650c-12c6-4912-97fb-33804a9d4057 26aa32f4841044849a20fe3af61e2d45 a4b4447576af4d7599c8d38afb32a107 - - default default] Successfully bumped revision number for resource 623846f3-6e78-4dc2-b707-744b64398c18 (type: ports) to 1
2026-04-07 01:18:30.712 9 INFO neutron.api.wsgi [req-00107215-61e1-4581-a1ed-bfdc293ea758 req-785c650c-12c6-4912-97fb-33804a9d4057 26aa32f4841044849a20fe3af61e2d45 a4b4447576af4d7599c8d38afb32a107 - - default default] 199.204.45.244 "POST /v2.0/ports HTTP/1.1" status: 201 len: 1162 time: 0.4057198 /var/lib/openstack/lib/python3.12/site-packages/pycadf/identifier.py:71: UserWarning: Invalid uuid: neutron. To ensure interoperability, identifiers should be a valid uuid. warnings.warn(('Invalid uuid: %s. To ensure interoperability, '
2026-04-07 01:18:31.048 9 INFO neutron.db.ovn_revision_numbers_db [req-00107215-61e1-4581-a1ed-bfdc293ea758 req-fe791219-f108-4bf9-a541-72a62b6cc5f2 077cfc4fdc9945279dd840bee508c26d 7b2064a28fc940e79a1ae6d59fa8558d - - f2cb70a218e141769260855bf15aa918 f2cb70a218e141769260855bf15aa918] Successfully bumped revision number for resource 623846f3-6e78-4dc2-b707-744b64398c18 (type: ports) to 2
2026-04-07 01:18:31.253 9 INFO neutron.db.ovn_revision_numbers_db [req-00107215-61e1-4581-a1ed-bfdc293ea758 req-fe791219-f108-4bf9-a541-72a62b6cc5f2 077cfc4fdc9945279dd840bee508c26d 7b2064a28fc940e79a1ae6d59fa8558d - - f2cb70a218e141769260855bf15aa918 f2cb70a218e141769260855bf15aa918] Successfully bumped revision number for resource 623846f3-6e78-4dc2-b707-744b64398c18 (type: ports) to 4
2026-04-07 01:18:31.274 9 INFO neutron.api.wsgi [req-00107215-61e1-4581-a1ed-bfdc293ea758 req-fe791219-f108-4bf9-a541-72a62b6cc5f2 077cfc4fdc9945279dd840bee508c26d 7b2064a28fc940e79a1ae6d59fa8558d - - f2cb70a218e141769260855bf15aa918 f2cb70a218e141769260855bf15aa918] 199.204.45.244 "PUT /v2.0/ports/623846f3-6e78-4dc2-b707-744b64398c18 HTTP/1.1" status: 200 len: 1408 time: 0.5562577
2026-04-07 01:18:31.306 9 INFO neutron.notifiers.nova [-] Nova event matching ['req-c4b85316-640f-42a7-ae74-73e051b2d92e'] response: {'name': 'network-changed', 'server_uuid': '7e2e21c0-06e3-4755-9fc4-48de33dfebd9', 'tag': '623846f3-6e78-4dc2-b707-744b64398c18', 'status': 'completed', 'code': 200} /var/lib/openstack/lib/python3.12/site-packages/pycadf/identifier.py:71: UserWarning: Invalid uuid: neutron. To ensure interoperability, identifiers should be a valid uuid. warnings.warn(('Invalid uuid: %s. To ensure interoperability, '
2026-04-07 01:18:31.409 9 INFO neutron.api.wsgi [req-948cf4e7-9ddb-4775-959c-82914f55a508 req-ee6c3e02-dd99-4108-8e03-5fa3378aaa23 26aa32f4841044849a20fe3af61e2d45 a4b4447576af4d7599c8d38afb32a107 - - default default] 10.0.0.43 "GET /v2.0/ports?device_id=7e2e21c0-06e3-4755-9fc4-48de33dfebd9 HTTP/1.1" status: 200 len: 1172 time: 0.0740576
2026-04-07 01:18:31.448 9 INFO neutron.api.wsgi [req-948cf4e7-9ddb-4775-959c-82914f55a508 req-da0d178e-02e0-4620-8014-f9ca0c6c92a2 26aa32f4841044849a20fe3af61e2d45 a4b4447576af4d7599c8d38afb32a107 - - default default] 10.0.0.43 "GET /v2.0/security-groups?id=d5a37ee7-f6f2-4d7c-b14c-fcf0204e545e&fields=id&fields=name HTTP/1.1" status: 200 len: 286 time: 0.0317979
2026-04-07 01:18:31.850 9 INFO neutron.api.wsgi [req-53b4734d-e31f-4953-bf0a-a3af56193088 req-437eda9f-b750-4c07-9745-0dd9ac59fcaa 077cfc4fdc9945279dd840bee508c26d 7b2064a28fc940e79a1ae6d59fa8558d - - f2cb70a218e141769260855bf15aa918 f2cb70a218e141769260855bf15aa918] 199.204.45.244 "GET /v2.0/ports?tenant_id=a4b4447576af4d7599c8d38afb32a107&device_id=7e2e21c0-06e3-4755-9fc4-48de33dfebd9 HTTP/1.1" status: 200 len: 1411 time: 0.0326126
2026-04-07 01:18:31.892 9 INFO neutron.api.wsgi [req-53b4734d-e31f-4953-bf0a-a3af56193088 req-4652641d-fa59-4476-ad7d-0c4c758376a4 077cfc4fdc9945279dd840bee508c26d 7b2064a28fc940e79a1ae6d59fa8558d - - f2cb70a218e141769260855bf15aa918 f2cb70a218e141769260855bf15aa918] 199.204.45.244 "GET /v2.0/networks?tenant_id=a4b4447576af4d7599c8d38afb32a107&shared=False HTTP/1.1" status: 200 len: 968 time: 0.0363796
2026-04-07 01:18:31.937 9 INFO neutron.api.wsgi [req-53b4734d-e31f-4953-bf0a-a3af56193088 req-47a65150-2e54-4118-9962-ce3e96dfc7ea 077cfc4fdc9945279dd840bee508c26d 7b2064a28fc940e79a1ae6d59fa8558d - - f2cb70a218e141769260855bf15aa918 f2cb70a218e141769260855bf15aa918] 199.204.45.244 "GET /v2.0/networks?shared=True HTTP/1.1" status: 200 len: 952 time: 0.0396292
2026-04-07 01:18:32.486 10 INFO neutron.api.wsgi [None req-f69cac3e-2544-43a9-a510-264666340e9a 18878a0d425b4acdb108715ae117b9b7 28b3f955963c4cc181f8e9e005ce9122 - - default default] 10.0.0.127 "GET /v2.0/extensions/security-group HTTP/1.1" status: 200 len: 369 time: 0.0078325
2026-04-07 01:18:32.496 10 INFO neutron.api.wsgi [None req-8522168d-5439-45d1-8bcc-9a1fcd8b6e5c 18878a0d425b4acdb108715ae117b9b7 28b3f955963c4cc181f8e9e005ce9122 - - default default] 10.0.0.127 "GET /v2.0/extensions/dns-integration HTTP/1.1" status: 200 len: 371 time: 0.0051208
2026-04-07 01:18:32.506 10 INFO neutron.api.wsgi [None req-090ed3dd-bd27-4019-a409-12fd08d8ce91 18878a0d425b4acdb108715ae117b9b7 28b3f955963c4cc181f8e9e005ce9122 - - default default] 10.0.0.127 "GET /v2.0/extensions/qos HTTP/1.1" status: 200 len: 365 time: 0.0046883
2026-04-07 01:18:32.518 10 INFO neutron.api.wsgi [None req-2a55a891-1eef-4983-99f5-52f3a2d4996d 18878a0d425b4acdb108715ae117b9b7 28b3f955963c4cc181f8e9e005ce9122 - - default default] 10.0.0.127 "GET /v2.0/extensions/allowed-address-pairs HTTP/1.1" status: 200 len: 383 time: 0.0082104
2026-04-07 01:18:32.582 10 INFO neutron.api.wsgi [req-162d2982-3570-4744-be1d-7a11fa37a4c6 req-15419920-7064-4c6a-a252-ab5d1b229a45 26aa32f4841044849a20fe3af61e2d45 a4b4447576af4d7599c8d38afb32a107 - - default default] 10.0.0.43 "GET /v2.0/ports?device_id=7e2e21c0-06e3-4755-9fc4-48de33dfebd9 HTTP/1.1" status: 200 len: 1172 time: 0.0623519
2026-04-07 01:18:32.614 10 INFO neutron.api.wsgi [req-162d2982-3570-4744-be1d-7a11fa37a4c6 req-9162de61-2108-40b3-92dd-e8fcf266837f 26aa32f4841044849a20fe3af61e2d45 a4b4447576af4d7599c8d38afb32a107 - - default default] 10.0.0.43 "GET /v2.0/security-groups?id=d5a37ee7-f6f2-4d7c-b14c-fcf0204e545e&fields=id&fields=name HTTP/1.1" status: 200 len: 286 time: 0.0276647
2026-04-07 01:18:32.643 9 WARNING neutron_lib.context [None req-7d0c3e57-5bc4-4447-b48a-b5b8a0aad5a2 50488f36cac042a3b249291984e61896 29ef6460bf0b40ad84c73cf79966ee15 - - default default] Method 'is_advsvc' is deprecated since 2023.2 release (neutron-lib 3.8.0) and will be removed once support for the old RBAC API policies will be removed from Neutron. Please use method 'is_service_role' instead.
2026-04-07 01:18:32.742 9 INFO neutron.db.ovn_revision_numbers_db [None req-7d0c3e57-5bc4-4447-b48a-b5b8a0aad5a2 50488f36cac042a3b249291984e61896 29ef6460bf0b40ad84c73cf79966ee15 - - default default] Successfully bumped revision number for resource 6c1c1e5e-2ddc-4c07-b3ad-5d23b1d37e4e (type: security_groups) to 1
2026-04-07 01:18:32.752 9 INFO neutron.db.ovn_revision_numbers_db [None req-7d0c3e57-5bc4-4447-b48a-b5b8a0aad5a2 50488f36cac042a3b249291984e61896 29ef6460bf0b40ad84c73cf79966ee15 - - default default] Successfully bumped revision number for resource 515f2f44-072b-42de-94dd-7946a7b5af7e (type: security_group_rules) to 0
2026-04-07 01:18:32.764 9 INFO neutron.db.ovn_revision_numbers_db [None req-7d0c3e57-5bc4-4447-b48a-b5b8a0aad5a2 50488f36cac042a3b249291984e61896 29ef6460bf0b40ad84c73cf79966ee15 - - default default] Successfully bumped revision number for resource af246402-cdab-4c8d-aafd-b8a15ba100b9 (type: security_group_rules) to 0
2026-04-07 01:18:32.780 9 INFO neutron.db.ovn_revision_numbers_db [None req-7d0c3e57-5bc4-4447-b48a-b5b8a0aad5a2 50488f36cac042a3b249291984e61896 29ef6460bf0b40ad84c73cf79966ee15 - - default default] Successfully bumped revision number for resource b8186708-11f4-490e-a619-116ff2624a42 (type: security_group_rules) to 0
2026-04-07 01:18:32.794 9 INFO neutron.db.ovn_revision_numbers_db [None req-7d0c3e57-5bc4-4447-b48a-b5b8a0aad5a2 50488f36cac042a3b249291984e61896 29ef6460bf0b40ad84c73cf79966ee15 - - default default] Successfully bumped revision number for resource ec032be5-3886-4009-8e43-c208561191af (type: security_group_rules) to 0
2026-04-07 01:18:32.864 9 INFO neutron.db.segments_db [None req-7d0c3e57-5bc4-4447-b48a-b5b8a0aad5a2 50488f36cac042a3b249291984e61896 29ef6460bf0b40ad84c73cf79966ee15 - - default default] Added segment 7402b7c2-379b-4365-ba28-7796d651c0bc of type geneve for network 07670af9-7d1c-4d86-8694-569658328b7d
2026-04-07 01:18:32.889 9 INFO neutron.api.wsgi [-] 10.0.0.127 "GET / HTTP/1.1" status: 200 len: 284 time: 0.0018551
2026-04-07 01:18:32.932 10 INFO neutron.api.wsgi [None req-2725964c-6919-49d0-814d-ffceb7d372c5 db2d3857c65b46ac9201bd00f57948c0 19c240d8c2b4451a869ca055b312a5e8 - - default default] 10.0.0.127 "GET /v2.0/subnets/0b883af0-764b-40cf-9116-842bb8601cd4 HTTP/1.1" status: 200 len: 855 time: 0.0265884
2026-04-07 01:18:32.981 9 INFO neutron.db.ovn_revision_numbers_db [None req-7d0c3e57-5bc4-4447-b48a-b5b8a0aad5a2 50488f36cac042a3b249291984e61896 29ef6460bf0b40ad84c73cf79966ee15 - - default default] Successfully bumped revision number for resource 07670af9-7d1c-4d86-8694-569658328b7d (type: networks) to 1
2026-04-07 01:18:32.986 9 INFO neutron.api.wsgi [req-00107215-61e1-4581-a1ed-bfdc293ea758 req-b5ac911f-af14-4327-a9ff-6658a04d0883 077cfc4fdc9945279dd840bee508c26d 7b2064a28fc940e79a1ae6d59fa8558d - - f2cb70a218e141769260855bf15aa918 f2cb70a218e141769260855bf15aa918] 199.204.45.244 "GET /v2.0/ports?tenant_id=a4b4447576af4d7599c8d38afb32a107&device_id=7e2e21c0-06e3-4755-9fc4-48de33dfebd9 HTTP/1.1" status: 200 len: 1411 time: 0.0318530
2026-04-07 01:18:33.010 9 INFO neutron.api.wsgi [req-00107215-61e1-4581-a1ed-bfdc293ea758 req-162acda4-f791-4361-bd34-c5918621ac6c 077cfc4fdc9945279dd840bee508c26d 7b2064a28fc940e79a1ae6d59fa8558d - - f2cb70a218e141769260855bf15aa918 f2cb70a218e141769260855bf15aa918] 199.204.45.244 "GET /v2.0/floatingips?fixed_ip_address=10.100.0.13&port_id=623846f3-6e78-4dc2-b707-744b64398c18 HTTP/1.1" status: 200 len: 217 time: 0.0179932
2026-04-07 01:18:33.044 9 INFO neutron.api.wsgi [req-00107215-61e1-4581-a1ed-bfdc293ea758 req-95e498d1-3e37-4a58-bacb-24dcede24fdf 077cfc4fdc9945279dd840bee508c26d 7b2064a28fc940e79a1ae6d59fa8558d - - f2cb70a218e141769260855bf15aa918 f2cb70a218e141769260855bf15aa918] 199.204.45.244 "GET /v2.0/subnets?id=0e3dacef-98e0-4998-b70d-f1c1a4a5d97c HTTP/1.1" status: 200 len: 889 time: 0.0290916
2026-04-07 01:18:33.066 9 INFO neutron.api.wsgi [req-00107215-61e1-4581-a1ed-bfdc293ea758 req-10a5d4aa-4f62-4748-9a7b-5574864549be 077cfc4fdc9945279dd840bee508c26d 7b2064a28fc940e79a1ae6d59fa8558d - - f2cb70a218e141769260855bf15aa918 f2cb70a218e141769260855bf15aa918] 199.204.45.244 "GET /v2.0/ports?network_id=f1da5829-dfa6-49e4-b615-2bec503a4eb8&device_owner=network%3Adhcp HTTP/1.1" status: 200 len: 210 time: 0.0160103
2026-04-07 01:18:33.120 9 INFO neutron.api.wsgi [req-00107215-61e1-4581-a1ed-bfdc293ea758 req-73956af3-f2d9-452e-99cc-17723ee60553 077cfc4fdc9945279dd840bee508c26d 7b2064a28fc940e79a1ae6d59fa8558d - - f2cb70a218e141769260855bf15aa918 f2cb70a218e141769260855bf15aa918] 199.204.45.244 "GET /v2.0/networks/f1da5829-dfa6-49e4-b615-2bec503a4eb8?fields=segments HTTP/1.1" status: 200 len: 212 time: 0.0469899
2026-04-07 01:18:33.168 9 INFO neutron.api.wsgi [req-00107215-61e1-4581-a1ed-bfdc293ea758 req-6e66d76e-b2ca-4b1f-bcf1-880bf027e634 077cfc4fdc9945279dd840bee508c26d 7b2064a28fc940e79a1ae6d59fa8558d - - f2cb70a218e141769260855bf15aa918 f2cb70a218e141769260855bf15aa918] 199.204.45.244 "GET /v2.0/networks/f1da5829-dfa6-49e4-b615-2bec503a4eb8?fields=provider%3Aphysical_network&fields=provider%3Anetwork_type HTTP/1.1" status: 200 len: 277 time: 0.0415387
2026-04-07 01:18:33.177 9 WARNING neutron.scheduler.dhcp_agent_scheduler [None req-7d0c3e57-5bc4-4447-b48a-b5b8a0aad5a2 50488f36cac042a3b249291984e61896 29ef6460bf0b40ad84c73cf79966ee15 - - default default] No more DHCP agents
2026-04-07 01:18:33.178 9 WARNING neutron.api.rpc.agentnotifiers.dhcp_rpc_agent_api [None req-7d0c3e57-5bc4-4447-b48a-b5b8a0aad5a2 50488f36cac042a3b249291984e61896 29ef6460bf0b40ad84c73cf79966ee15 - - default default] Unable to schedule network 07670af9-7d1c-4d86-8694-569658328b7d: no agents available; will retry on subsequent port and subnet creation events.
2026-04-07 01:18:33.232 9 INFO neutron.db.ovn_revision_numbers_db [None req-7d0c3e57-5bc4-4447-b48a-b5b8a0aad5a2 50488f36cac042a3b249291984e61896 29ef6460bf0b40ad84c73cf79966ee15 - - default default] Successfully bumped revision number for resource 84e578dd-938c-4c89-8491-f01ab6f0333d (type: ports) to 1
2026-04-07 01:18:33.251 9 INFO neutron.api.wsgi [None req-7d0c3e57-5bc4-4447-b48a-b5b8a0aad5a2 50488f36cac042a3b249291984e61896 29ef6460bf0b40ad84c73cf79966ee15 - - default default] 10.0.0.206 "POST /v2.0/networks HTTP/1.1" status: 201 len: 831 time: 0.7453783
2026-04-07 01:18:33.259 9 WARNING neutron_lib.context [None req-28de6b3a-45d5-4896-892d-bcb8c1de40c7 50488f36cac042a3b249291984e61896 29ef6460bf0b40ad84c73cf79966ee15 - - default default] Method 'is_advsvc' is deprecated since 2023.2 release (neutron-lib 3.8.0) and will be removed once support for the old RBAC API policies will be removed from Neutron. Please use method 'is_service_role' instead.
2026-04-07 01:18:33.427 9 WARNING neutron.scheduler.dhcp_agent_scheduler [None req-28de6b3a-45d5-4896-892d-bcb8c1de40c7 50488f36cac042a3b249291984e61896 29ef6460bf0b40ad84c73cf79966ee15 - - default default] No more DHCP agents
2026-04-07 01:18:33.428 9 WARNING neutron.api.rpc.agentnotifiers.dhcp_rpc_agent_api [None req-28de6b3a-45d5-4896-892d-bcb8c1de40c7 50488f36cac042a3b249291984e61896 29ef6460bf0b40ad84c73cf79966ee15 - - default default] Unable to schedule network 07670af9-7d1c-4d86-8694-569658328b7d: no agents available; will retry on subsequent port and subnet creation events.
2026-04-07 01:18:33.647 10 INFO neutron.api.wsgi [None req-edebdbe1-76f4-4f60-809a-28c431ebd35e 18878a0d425b4acdb108715ae117b9b7 28b3f955963c4cc181f8e9e005ce9122 - - default default] 199.204.45.244 "GET /v2.0/extensions/security-group HTTP/1.1" status: 200 len: 369 time: 0.0057249
2026-04-07 01:18:33.654 10 INFO neutron.api.wsgi [None req-d215e1a2-a5b9-4e9e-ab5d-6351f64b408a 18878a0d425b4acdb108715ae117b9b7 28b3f955963c4cc181f8e9e005ce9122 - - default default] 199.204.45.244 "GET /v2.0/extensions/dns-integration HTTP/1.1" status: 200 len: 371 time: 0.0026050
2026-04-07 01:18:33.661 10 INFO neutron.api.wsgi [None req-d51059c3-5a42-4d51-a79b-dea9a89aff67 18878a0d425b4acdb108715ae117b9b7 28b3f955963c4cc181f8e9e005ce9122 - - default default] 199.204.45.244 "GET /v2.0/extensions/qos HTTP/1.1" status: 200 len: 365 time: 0.0033667
2026-04-07 01:18:33.668 10 INFO neutron.api.wsgi [None req-f80cb0d0-ecfe-4117-9d17-611baab40d0f 18878a0d425b4acdb108715ae117b9b7 28b3f955963c4cc181f8e9e005ce9122 - - default default] 199.204.45.244 "GET /v2.0/extensions/allowed-address-pairs HTTP/1.1" status: 200 len: 383 time: 0.0037537
2026-04-07 01:18:33.694 10 INFO neutron.api.wsgi [None req-2532bfd7-6122-45db-92e5-d57587d375f9 18878a0d425b4acdb108715ae117b9b7 28b3f955963c4cc181f8e9e005ce9122 - - default default] 199.204.45.244 "GET /v2.0/subnets/0b883af0-764b-40cf-9116-842bb8601cd4 HTTP/1.1" status: 200 len: 873 time: 0.0219178
2026-04-07 01:18:33.701 9 INFO neutron.api.wsgi [req-b70019b7-a92c-47a7-a47a-7b808c826327 req-22cebe44-376c-48cb-ba4e-19bc8675a7d4 26aa32f4841044849a20fe3af61e2d45 a4b4447576af4d7599c8d38afb32a107 - - default default] 10.0.0.43 "GET /v2.0/ports?device_id=7e2e21c0-06e3-4755-9fc4-48de33dfebd9 HTTP/1.1" status: 200 len: 1172 time: 0.0308299
2026-04-07 01:18:33.743 10 INFO neutron.api.wsgi [None req-5d1b57a9-1bda-494c-aeff-4fe3499eb344 18878a0d425b4acdb108715ae117b9b7 28b3f955963c4cc181f8e9e005ce9122 - - default default] 199.204.45.244 "GET /v2.0/ports?device_id=237909f3-cc85-4639-a24e-367bd2914884 HTTP/1.1" status: 200 len: 2727 time: 0.0462241
2026-04-07 01:18:33.750 9 INFO neutron.api.wsgi [req-b70019b7-a92c-47a7-a47a-7b808c826327 req-895fc901-3977-41f4-b02f-1c2aff7a16cd 26aa32f4841044849a20fe3af61e2d45 a4b4447576af4d7599c8d38afb32a107 - - default default] 10.0.0.43 "GET /v2.0/security-groups?id=d5a37ee7-f6f2-4d7c-b14c-fcf0204e545e&fields=id&fields=name HTTP/1.1" status: 200 len: 286 time: 0.0440013
2026-04-07 01:18:33.865 10 INFO neutron.api.wsgi [None req-ea7aa3df-ab50-49aa-97fd-538bba2d23fc 18878a0d425b4acdb108715ae117b9b7 28b3f955963c4cc181f8e9e005ce9122 - - default default] 199.204.45.244 "GET /v2.0/extensions/security-group HTTP/1.1" status: 200 len: 369 time: 0.0056753
2026-04-07 01:18:33.871 9 INFO neutron.db.ovn_revision_numbers_db [None req-3c90abd6-037f-4d3a-9b89-7e0204092095 - - - - - -] Successfully bumped revision number for resource 84e578dd-938c-4c89-8491-f01ab6f0333d (type: ports) to 2
2026-04-07 01:18:33.872 10 INFO neutron.api.wsgi [None req-78c3578d-dd08-4d20-94cf-5b16bc168a5d 18878a0d425b4acdb108715ae117b9b7 28b3f955963c4cc181f8e9e005ce9122 - - default default] 199.204.45.244 "GET /v2.0/extensions/dns-integration HTTP/1.1" status: 200 len: 371 time: 0.0041981
2026-04-07 01:18:33.879 10 INFO neutron.api.wsgi [None req-affa4983-3336-424e-a0ef-aa8ae3a0c1e0 18878a0d425b4acdb108715ae117b9b7 28b3f955963c4cc181f8e9e005ce9122 - - default default] 199.204.45.244 "GET /v2.0/extensions/qos HTTP/1.1" status: 200 len: 365 time: 0.0039501
2026-04-07 01:18:33.886 10 INFO neutron.api.wsgi [None req-a2e3cbf9-7992-4b5a-9f5c-d9fe7bb4bc2d 18878a0d425b4acdb108715ae117b9b7 28b3f955963c4cc181f8e9e005ce9122 - - default default] 199.204.45.244 "GET /v2.0/extensions/allowed-address-pairs HTTP/1.1" status: 200 len: 383 time: 0.0034752
2026-04-07 01:18:33.894 9 INFO neutron.db.ovn_revision_numbers_db [None req-3c90abd6-037f-4d3a-9b89-7e0204092095 - - - - - -] Successfully bumped revision number for resource c51b682e-0ab8-45b1-a6b5-d50ad55d84dc (type: subnets) to 0
2026-04-07 01:18:33.909 9 INFO neutron.api.wsgi [None req-28de6b3a-45d5-4896-892d-bcb8c1de40c7 50488f36cac042a3b249291984e61896 29ef6460bf0b40ad84c73cf79966ee15 - - default default] 10.0.0.206 "POST /v2.0/subnets HTTP/1.1" status: 201 len: 825 time: 0.6540067
2026-04-07 01:18:33.917 9 WARNING neutron_lib.context [None req-9f467bd1-060d-4ec3-8a1b-47619657b76f 50488f36cac042a3b249291984e61896 29ef6460bf0b40ad84c73cf79966ee15 - - default default] Method 'is_advsvc' is deprecated since 2023.2 release (neutron-lib 3.8.0) and will be removed once support for the old RBAC API policies will be removed from Neutron. Please use method 'is_service_role' instead.
2026-04-07 01:18:33.999 9 INFO neutron.db.segments_db [None req-9f467bd1-060d-4ec3-8a1b-47619657b76f 50488f36cac042a3b249291984e61896 29ef6460bf0b40ad84c73cf79966ee15 - - default default] Added segment c60d9090-bdc3-4264-9eb1-7ea8f942179b of type geneve for network 92640d52-7b88-4867-97cd-4cf7ef06dca6
2026-04-07 01:18:34.103 9 INFO neutron.db.ovn_revision_numbers_db [None req-9f467bd1-060d-4ec3-8a1b-47619657b76f 50488f36cac042a3b249291984e61896 29ef6460bf0b40ad84c73cf79966ee15 - - default default] Successfully bumped revision number for resource 92640d52-7b88-4867-97cd-4cf7ef06dca6 (type: networks) to 1
2026-04-07 01:18:34.268 9 WARNING neutron.scheduler.dhcp_agent_scheduler [None req-9f467bd1-060d-4ec3-8a1b-47619657b76f 50488f36cac042a3b249291984e61896 29ef6460bf0b40ad84c73cf79966ee15 - - default default] No more DHCP agents
2026-04-07 01:18:34.269 9 WARNING neutron.api.rpc.agentnotifiers.dhcp_rpc_agent_api [None req-9f467bd1-060d-4ec3-8a1b-47619657b76f 50488f36cac042a3b249291984e61896 29ef6460bf0b40ad84c73cf79966ee15 - - default default] Unable to schedule network 92640d52-7b88-4867-97cd-4cf7ef06dca6: no agents available; will retry on subsequent port and subnet creation events.
2026-04-07 01:18:34.342 9 INFO neutron.db.ovn_revision_numbers_db [None req-9f467bd1-060d-4ec3-8a1b-47619657b76f 50488f36cac042a3b249291984e61896 29ef6460bf0b40ad84c73cf79966ee15 - - default default] Successfully bumped revision number for resource 18478537-f10c-4eef-bbae-5d7f1dfde4c1 (type: ports) to 1
2026-04-07 01:18:34.361 9 INFO neutron.api.wsgi [None req-9f467bd1-060d-4ec3-8a1b-47619657b76f 50488f36cac042a3b249291984e61896 29ef6460bf0b40ad84c73cf79966ee15 - - default default] 10.0.0.206 "POST /v2.0/networks HTTP/1.1" status: 201 len: 831 time: 0.4477148
2026-04-07 01:18:34.371 10 WARNING neutron_lib.context [None req-80219f88-cc05-4080-b662-2a54c7144799 50488f36cac042a3b249291984e61896 29ef6460bf0b40ad84c73cf79966ee15 - - default default] Method 'is_advsvc' is deprecated since 2023.2 release (neutron-lib 3.8.0) and will be removed once support for the old RBAC API policies will be removed from Neutron. Please use method 'is_service_role' instead.
2026-04-07 01:18:34.545 10 WARNING neutron.scheduler.dhcp_agent_scheduler [None req-80219f88-cc05-4080-b662-2a54c7144799 50488f36cac042a3b249291984e61896 29ef6460bf0b40ad84c73cf79966ee15 - - default default] No more DHCP agents
2026-04-07 01:18:34.546 10 WARNING neutron.api.rpc.agentnotifiers.dhcp_rpc_agent_api [None req-80219f88-cc05-4080-b662-2a54c7144799 50488f36cac042a3b249291984e61896 29ef6460bf0b40ad84c73cf79966ee15 - - default default] Unable to schedule network 92640d52-7b88-4867-97cd-4cf7ef06dca6: no agents available; will retry on subsequent port and subnet creation events.
2026-04-07 01:18:34.832 9 INFO neutron.api.wsgi [req-f38c1522-0d32-4062-b543-6f37526e8f75 req-8302dcdd-8af3-4927-81ca-18d9c70d50c1 26aa32f4841044849a20fe3af61e2d45 a4b4447576af4d7599c8d38afb32a107 - - default default] 10.0.0.43 "GET /v2.0/ports?device_id=7e2e21c0-06e3-4755-9fc4-48de33dfebd9 HTTP/1.1" status: 200 len: 1172 time: 0.0297656
2026-04-07 01:18:34.862 9 INFO neutron.api.wsgi [req-f38c1522-0d32-4062-b543-6f37526e8f75 req-4e0cb34c-2551-4d73-90e8-9c29cda399a2 26aa32f4841044849a20fe3af61e2d45 a4b4447576af4d7599c8d38afb32a107 - - default default] 10.0.0.43 "GET /v2.0/security-groups?id=d5a37ee7-f6f2-4d7c-b14c-fcf0204e545e&fields=id&fields=name HTTP/1.1" status: 200 len: 286 time: 0.0244100
2026-04-07 01:18:34.929 10 INFO neutron.db.ovn_revision_numbers_db [None req-34b4c026-0651-4b18-8fdd-c4ec4979c02e - - - - - -] Successfully bumped revision number for resource 18478537-f10c-4eef-bbae-5d7f1dfde4c1 (type: ports) to 2
2026-04-07 01:18:34.956 10 INFO neutron.db.ovn_revision_numbers_db [None req-34b4c026-0651-4b18-8fdd-c4ec4979c02e - - - - - -] Successfully bumped revision number for resource 2b5e7257-3cbf-4776-bfac-6fdf5daa97b5 (type: subnets) to 0
