2026-04-07 01:19:10.948 10 INFO neutron.api.wsgi [req-ae017df1-63cc-493e-82c9-90e4811dbdf3 req-8d74046d-cbf1-4338-b4ef-425df8af3c01 ca1bd0ad8b6949098b2b3358eb38aeef 82aed001f1e242db8691cdef50ac6404 - - default default] 10.0.0.43 "GET /v2.0/security-groups?name=tempest-secgroup-smoke-1137112942&fields=id&tenant_id=82aed001f1e242db8691cdef50ac6404 HTTP/1.1" status: 200 len: 267 time: 0.0386419
2026-04-07 01:19:10.998 9 INFO neutron.api.wsgi [req-b8729d60-9fad-4d31-b799-f33846f6707b req-94c99822-d0c8-428a-8de8-a194783a250f 077cfc4fdc9945279dd840bee508c26d 7b2064a28fc940e79a1ae6d59fa8558d - - f2cb70a218e141769260855bf15aa918 f2cb70a218e141769260855bf15aa918] 199.204.45.244 "GET /v2.0/networks?id=777aaa12-bbfa-4c95-bdd5-34b70372fee4 HTTP/1.1" status: 200 len: 1003 time: 0.0455341
2026-04-07 01:19:10.999 10 INFO neutron.api.wsgi [req-ae017df1-63cc-493e-82c9-90e4811dbdf3 req-e191ca63-fd07-4bdf-9507-c76f38e870fe ca1bd0ad8b6949098b2b3358eb38aeef 82aed001f1e242db8691cdef50ac6404 - - default default] 10.0.0.43 "GET /v2.0/networks?id=56d1239a-a05e-4268-8182-5f8bc44598ef HTTP/1.1" status: 200 len: 872 time: 0.0444422
2026-04-07 01:19:11.015 10 INFO neutron.api.wsgi [req-ae017df1-63cc-493e-82c9-90e4811dbdf3 req-b8137df4-f3e5-4d51-83ce-44950deb7827 ca1bd0ad8b6949098b2b3358eb38aeef 82aed001f1e242db8691cdef50ac6404 - - default default] 10.0.0.43 "GET /v2.0/quotas/82aed001f1e242db8691cdef50ac6404 HTTP/1.1" status: 200 len: 491 time: 0.0109868
2026-04-07 01:19:11.050 9 INFO neutron.api.wsgi [req-b8729d60-9fad-4d31-b799-f33846f6707b req-96f3e80f-dab2-481d-9564-d0f74b461104 077cfc4fdc9945279dd840bee508c26d 7b2064a28fc940e79a1ae6d59fa8558d - - f2cb70a218e141769260855bf15aa918 f2cb70a218e141769260855bf15aa918] 199.204.45.244 "GET /v2.0/networks/777aaa12-bbfa-4c95-bdd5-34b70372fee4?fields=segments HTTP/1.1" status: 200 len: 212 time: 0.0455544
2026-04-07 01:19:11.095 9 INFO neutron.api.wsgi [req-b8729d60-9fad-4d31-b799-f33846f6707b req-d031fac1-6e6f-48c1-97e8-d56ed7437c6c 077cfc4fdc9945279dd840bee508c26d 7b2064a28fc940e79a1ae6d59fa8558d - - f2cb70a218e141769260855bf15aa918 f2cb70a218e141769260855bf15aa918] 199.204.45.244 "GET /v2.0/networks/777aaa12-bbfa-4c95-bdd5-34b70372fee4?fields=provider%3Aphysical_network&fields=provider%3Anetwork_type HTTP/1.1" status: 200 len: 277 time: 0.0383613
2026-04-07 01:19:11.096 10 INFO neutron.api.wsgi [req-ae017df1-63cc-493e-82c9-90e4811dbdf3 req-30ce237f-0f24-478b-ab5a-eae2d28bdb33 ca1bd0ad8b6949098b2b3358eb38aeef 82aed001f1e242db8691cdef50ac6404 - - default default] 10.0.0.43 "GET /v2.0/ports?tenant_id=82aed001f1e242db8691cdef50ac6404&fields=id HTTP/1.1" status: 200 len: 302 time: 0.0730214
2026-04-07 01:19:11.141 10 INFO neutron.api.wsgi [req-ae017df1-63cc-493e-82c9-90e4811dbdf3 req-eff4809d-c799-4929-ad82-652377a47b78 077cfc4fdc9945279dd840bee508c26d 7b2064a28fc940e79a1ae6d59fa8558d - - f2cb70a218e141769260855bf15aa918 f2cb70a218e141769260855bf15aa918] 10.0.0.43 "GET /v2.0/networks/56d1239a-a05e-4268-8182-5f8bc44598ef?fields=segments HTTP/1.1" status: 200 len: 212 time: 0.0339818
2026-04-07 01:19:11.183 10 INFO neutron.api.wsgi [req-ae017df1-63cc-493e-82c9-90e4811dbdf3 req-bc22105f-eb7e-4906-8b4b-453d6e024504 077cfc4fdc9945279dd840bee508c26d 7b2064a28fc940e79a1ae6d59fa8558d - - f2cb70a218e141769260855bf15aa918 f2cb70a218e141769260855bf15aa918] 10.0.0.43 "GET /v2.0/networks/56d1239a-a05e-4268-8182-5f8bc44598ef?fields=provider%3Aphysical_network&fields=provider%3Anetwork_type HTTP/1.1" status: 200 len: 277 time: 0.0334394
2026-04-07 01:19:11.325 9 INFO neutron.api.wsgi [req-357e1736-102e-4327-a938-eae214ffb467 req-8ed1eb98-0ad6-4da3-8c20-456122d31929 ca1bd0ad8b6949098b2b3358eb38aeef 82aed001f1e242db8691cdef50ac6404 - - default default] 10.0.0.43 "GET /v2.0/ports?device_id=d1889c52-818a-452c-a996-e20a86ec836e HTTP/1.1" status: 200 len: 210 time: 0.0187325
2026-04-07 01:19:11.399 9 INFO neutron.api.wsgi [req-a386fd13-6850-4dc0-bca4-8643baf28ed2 req-5a449256-3c45-45fc-984a-c509e71d7cb6 077cfc4fdc9945279dd840bee508c26d 7b2064a28fc940e79a1ae6d59fa8558d - - f2cb70a218e141769260855bf15aa918 f2cb70a218e141769260855bf15aa918] 199.204.45.244 "GET /v2.0/ports?tenant_id=19c240d8c2b4451a869ca055b312a5e8&device_id=51d588c2-d577-46f8-981f-c6e57f850d3a HTTP/1.1" status: 200 len: 1638 time: 0.0253842
2026-04-07 01:19:11.653 10 INFO neutron.api.wsgi [None req-172a4cf9-d84a-4c7f-84d0-964bef410144 18878a0d425b4acdb108715ae117b9b7 28b3f955963c4cc181f8e9e005ce9122 - - default default] 199.204.45.244 "GET /v2.0/ports?device_id=237909f3-cc85-4639-a24e-367bd2914884 HTTP/1.1" status: 200 len: 4948 time: 0.0381014
2026-04-07 01:19:11.957 9 INFO neutron.api.wsgi [req-a386fd13-6850-4dc0-bca4-8643baf28ed2 req-ddd9509d-9a8a-480a-bebf-bee29dcfecb4 077cfc4fdc9945279dd840bee508c26d 7b2064a28fc940e79a1ae6d59fa8558d - - f2cb70a218e141769260855bf15aa918 f2cb70a218e141769260855bf15aa918] 199.204.45.244 "GET /v2.0/networks?id=c538e71e-691b-49f8-a777-c0eb46f0f424 HTTP/1.1" status: 200 len: 1002 time: 0.0429866
2026-04-07 01:19:11.994 9 INFO neutron.api.wsgi [req-a386fd13-6850-4dc0-bca4-8643baf28ed2 req-c781ce91-8b54-48ff-9b09-73e43891aeda 077cfc4fdc9945279dd840bee508c26d 7b2064a28fc940e79a1ae6d59fa8558d - - f2cb70a218e141769260855bf15aa918 f2cb70a218e141769260855bf15aa918] 199.204.45.244 "GET /v2.0/floatingips?fixed_ip_address=10.2.1.235&port_id=0faad8f5-3b92-4e28-96bf-0a15720f1963 HTTP/1.1" status: 200 len: 1059 time: 0.0320604
2026-04-07 01:19:12.012 9 INFO neutron.api.wsgi [req-a386fd13-6850-4dc0-bca4-8643baf28ed2 req-a51ed4cf-25a0-4c60-aa0d-6f3f3dd481fd 077cfc4fdc9945279dd840bee508c26d 7b2064a28fc940e79a1ae6d59fa8558d - - f2cb70a218e141769260855bf15aa918 f2cb70a218e141769260855bf15aa918] 199.204.45.244 "GET /v2.0/floatingips?fixed_ip_address=fd7b%3Af9f7%3Afff%3A4eca%3A%3A217&port_id=0faad8f5-3b92-4e28-96bf-0a15720f1963 HTTP/1.1" status: 200 len: 217 time: 0.0141048
2026-04-07 01:19:12.040 9 INFO neutron.api.wsgi [req-a386fd13-6850-4dc0-bca4-8643baf28ed2 req-7ab18658-f6aa-4b60-bf95-ff6dbdee4ec7 077cfc4fdc9945279dd840bee508c26d 7b2064a28fc940e79a1ae6d59fa8558d - - f2cb70a218e141769260855bf15aa918 f2cb70a218e141769260855bf15aa918] 199.204.45.244 "GET /v2.0/subnets?id=135a9428-e703-4580-95f9-5d0d3245ddc3&id=0b883af0-764b-40cf-9116-842bb8601cd4 HTTP/1.1" status: 200 len: 1609 time: 0.0239289
2026-04-07 01:19:12.058 9 INFO neutron.api.wsgi [req-a386fd13-6850-4dc0-bca4-8643baf28ed2 req-106528ea-9408-4cc6-85bc-94554949f17a 077cfc4fdc9945279dd840bee508c26d 7b2064a28fc940e79a1ae6d59fa8558d - - f2cb70a218e141769260855bf15aa918 f2cb70a218e141769260855bf15aa918] 199.204.45.244 "GET /v2.0/ports?network_id=c538e71e-691b-49f8-a777-c0eb46f0f424&device_owner=network%3Adhcp HTTP/1.1" status: 200 len: 210 time: 0.0123618
2026-04-07 01:19:12.079 9 INFO neutron.api.wsgi [req-a386fd13-6850-4dc0-bca4-8643baf28ed2 req-512b801b-0de9-4e7d-b3f0-c6e0082a3921 077cfc4fdc9945279dd840bee508c26d 7b2064a28fc940e79a1ae6d59fa8558d - - f2cb70a218e141769260855bf15aa918 f2cb70a218e141769260855bf15aa918] 199.204.45.244 "GET /v2.0/ports?network_id=c538e71e-691b-49f8-a777-c0eb46f0f424&device_owner=network%3Adhcp HTTP/1.1" status: 200 len: 210 time: 0.0142353
2026-04-07 01:19:12.122 9 INFO neutron.api.wsgi [req-a386fd13-6850-4dc0-bca4-8643baf28ed2 req-fd56213e-c820-47a7-a2a8-de9949b39ef9 077cfc4fdc9945279dd840bee508c26d 7b2064a28fc940e79a1ae6d59fa8558d - - f2cb70a218e141769260855bf15aa918 f2cb70a218e141769260855bf15aa918] 199.204.45.244 "GET /v2.0/networks/c538e71e-691b-49f8-a777-c0eb46f0f424?fields=segments HTTP/1.1" status: 200 len: 212 time: 0.0370321
2026-04-07 01:19:12.163 9 INFO neutron.api.wsgi [req-a386fd13-6850-4dc0-bca4-8643baf28ed2 req-87688885-4467-41ea-a2c0-447039e6021d 077cfc4fdc9945279dd840bee508c26d 7b2064a28fc940e79a1ae6d59fa8558d - - f2cb70a218e141769260855bf15aa918 f2cb70a218e141769260855bf15aa918] 199.204.45.244 "GET /v2.0/networks/c538e71e-691b-49f8-a777-c0eb46f0f424?fields=provider%3Aphysical_network&fields=provider%3Anetwork_type HTTP/1.1" status: 200 len: 277 time: 0.0366812
2026-04-07 01:19:12.310 10 INFO neutron.plugins.ml2.drivers.ovn.mech_driver.mech_driver [None req-a9e82c89-14cf-4a62-86b0-03f551aff1f5 - - - - - -] OVN reports status down for port: 12244224-9435-4765-83ed-5840fed6ba01
2026-04-07 01:19:12.373 9 INFO neutron.api.wsgi [req-d632e971-70e6-416f-a67a-181acafd6860 req-8af05d4c-4b5b-4fa9-88e1-e5079378c7f4 077cfc4fdc9945279dd840bee508c26d 7b2064a28fc940e79a1ae6d59fa8558d - - f2cb70a218e141769260855bf15aa918 f2cb70a218e141769260855bf15aa918] 199.204.45.244 "GET /v2.0/ports/12244224-9435-4765-83ed-5840fed6ba01 HTTP/1.1" status: 200 len: 1231 time: 0.0365412
2026-04-07 01:19:12.420 10 INFO neutron.api.wsgi [req-ba755058-53e3-4c73-884e-26d5dfe04510 req-94a8e9c1-81fd-4cea-a09f-56c7b095aa00 ca1bd0ad8b6949098b2b3358eb38aeef 82aed001f1e242db8691cdef50ac6404 - - default default] 10.0.0.43 "GET /v2.0/ports?device_id=d1889c52-818a-452c-a996-e20a86ec836e HTTP/1.1" status: 200 len: 210 time: 0.0294185
2026-04-07 01:19:12.447 10 INFO neutron.notifiers.nova [-] Nova event matching ['req-6c2f0a0d-40e2-4066-a9fc-b5f73a44934d'] response: {'server_uuid': '237909f3-cc85-4639-a24e-367bd2914884', 'name': 'network-vif-unplugged', 'status': 'completed', 'tag': '12244224-9435-4765-83ed-5840fed6ba01', 'code': 200}
2026-04-07 01:19:12.479 9 WARNING neutron.plugins.ml2.drivers.ovn.mech_driver.ovsdb.ovn_client [None req-424669f5-28b3-4b95-b72f-0e53c03c56d2 - - - - - -] No hosting information found for port 7d23e9e1-4866-42b6-b44c-e7632b4574df: RuntimeError: No hosting information found for port 7d23e9e1-4866-42b6-b44c-e7632b4574df
2026-04-07 01:19:12.556 10 INFO neutron.db.ovn_revision_numbers_db [None req-a9e82c89-14cf-4a62-86b0-03f551aff1f5 - - - - - -] Successfully bumped revision number for resource 12244224-9435-4765-83ed-5840fed6ba01 (type: ports) to 8
2026-04-07 01:19:12.579 9 INFO neutron.db.ovn_revision_numbers_db [None req-424669f5-28b3-4b95-b72f-0e53c03c56d2 - - - - - -] Successfully bumped revision number for resource 7d23e9e1-4866-42b6-b44c-e7632b4574df (type: router_ports) to 2
2026-04-07 01:19:12.666 9 INFO neutron.api.wsgi [req-d632e971-70e6-416f-a67a-181acafd6860 req-de3abb36-d95e-44ab-adc9-d6e7975ad948 18878a0d425b4acdb108715ae117b9b7 28b3f955963c4cc181f8e9e005ce9122 - - default default] 199.204.45.244 "DELETE /v2.0/ports/12244224-9435-4765-83ed-5840fed6ba01 HTTP/1.1" status: 204 len: 173 time: 0.2896085 /var/lib/openstack/lib/python3.12/site-packages/pycadf/identifier.py:71: UserWarning: Invalid uuid: neutron. To ensure interoperability, identifiers should be a valid uuid. warnings.warn(('Invalid uuid: %s. To ensure interoperability, '
2026-04-07 01:19:12.718 10 INFO neutron.api.wsgi [None req-0fd5a116-151a-4a82-80cc-3eb47ed08274 18878a0d425b4acdb108715ae117b9b7 28b3f955963c4cc181f8e9e005ce9122 - - default default] 199.204.45.244 "GET /v2.0/ports?device_id=237909f3-cc85-4639-a24e-367bd2914884 HTTP/1.1" status: 200 len: 3925 time: 0.0516939
2026-04-07 01:19:12.719 9 INFO neutron.notifiers.nova [-] Nova event matching ['req-5e99b035-721f-4190-85c3-62dfb20bad37'] response: {'server_uuid': '237909f3-cc85-4639-a24e-367bd2914884', 'name': 'network-vif-deleted', 'tag': '12244224-9435-4765-83ed-5840fed6ba01', 'status': 'completed', 'code': 200}
2026-04-07 01:19:12.743 10 INFO neutron.pecan_wsgi.hooks.translation [None req-0ac52a17-bd66-4130-982e-a99c002cf095 18878a0d425b4acdb108715ae117b9b7 28b3f955963c4cc181f8e9e005ce9122 - - default default] DELETE failed (client error): The resource could not be found.
2026-04-07 01:19:12.745 10 INFO neutron.api.wsgi [None req-0ac52a17-bd66-4130-982e-a99c002cf095 18878a0d425b4acdb108715ae117b9b7 28b3f955963c4cc181f8e9e005ce9122 - - default default] 199.204.45.244 "DELETE /v2.0/ports/12244224-9435-4765-83ed-5840fed6ba01 HTTP/1.1" status: 404 len: 338 time: 0.0165033
2026-04-07 01:19:12.845 10 INFO neutron.api.wsgi [None req-22ac6a12-4311-40b8-950f-d61f1804c6db 18878a0d425b4acdb108715ae117b9b7 28b3f955963c4cc181f8e9e005ce9122 - - default default] 199.204.45.244 "GET /v2.0/extensions/security-group HTTP/1.1" status: 200 len: 369 time: 0.0064170
2026-04-07 01:19:12.854 10 INFO neutron.api.wsgi [None req-9f7b5e4a-f905-4a4b-b52e-590f1bf09cbf 18878a0d425b4acdb108715ae117b9b7 28b3f955963c4cc181f8e9e005ce9122 - - default default] 199.204.45.244 "GET /v2.0/extensions/dns-integration HTTP/1.1" status: 200 len: 371 time: 0.0034873
2026-04-07 01:19:12.860 10 INFO neutron.api.wsgi [None req-06811fec-7776-4e8c-a176-82707a25ef62 18878a0d425b4acdb108715ae117b9b7 28b3f955963c4cc181f8e9e005ce9122 - - default default] 199.204.45.244 "GET /v2.0/extensions/qos HTTP/1.1" status: 200 len: 365 time: 0.0033619
2026-04-07 01:19:12.867 10 INFO neutron.api.wsgi [None req-46fe57e8-fb19-4860-81b6-9f0a34097a90 18878a0d425b4acdb108715ae117b9b7 28b3f955963c4cc181f8e9e005ce9122 - - default default] 199.204.45.244 "GET /v2.0/extensions/allowed-address-pairs HTTP/1.1" status: 200 len: 383 time: 0.0032973
2026-04-07 01:19:12.895 10 INFO neutron.api.wsgi [None req-2eae1a73-c804-495a-978b-6c8e0ad24231 18878a0d425b4acdb108715ae117b9b7 28b3f955963c4cc181f8e9e005ce9122 - - default default] 199.204.45.244 "GET /v2.0/subnets/d2c09d54-3cfb-47ff-b82c-b9684c909d8c HTTP/1.1" status: 200 len: 875 time: 0.0243540
2026-04-07 01:19:12.931 10 INFO neutron.api.wsgi [None req-e8419732-7365-4c71-9674-d8d369419333 18878a0d425b4acdb108715ae117b9b7 28b3f955963c4cc181f8e9e005ce9122 - - default default] 199.204.45.244 "GET /v2.0/ports/75ee3b6a-7cea-4823-807b-9c823e05a729 HTTP/1.1" status: 200 len: 1336 time: 0.0295486
2026-04-07 01:19:12.960 10 INFO neutron.api.wsgi [None req-d75d6a1c-69e4-4449-99e9-76897c9e5940 18878a0d425b4acdb108715ae117b9b7 28b3f955963c4cc181f8e9e005ce9122 - - default default] 199.204.45.244 "GET /v2.0/ports/a7eb8983-43b0-4861-94be-149440df8984 HTTP/1.1" status: 200 len: 1518 time: 0.0234191
2026-04-07 01:19:13.004 10 INFO neutron.api.wsgi [None req-9ac548a7-d4bf-4ff5-9fb6-d30815b7596d 18878a0d425b4acdb108715ae117b9b7 28b3f955963c4cc181f8e9e005ce9122 - - default default] 199.204.45.244 "GET /v2.0/subnets/d2c09d54-3cfb-47ff-b82c-b9684c909d8c HTTP/1.1" status: 200 len: 875 time: 0.0388296
2026-04-07 01:19:13.044 10 INFO neutron.api.wsgi [None req-4cfdc555-a958-40da-9bc9-3a8d7ecf6854 18878a0d425b4acdb108715ae117b9b7 28b3f955963c4cc181f8e9e005ce9122 - - default default] 199.204.45.244 "GET /v2.0/networks/5c1ea1ff-7b04-425e-88c5-0cf5232bc5b3 HTTP/1.1" status: 200 len: 1002 time: 0.0336268
2026-04-07 01:19:13.075 10 INFO neutron.api.wsgi [None req-49d9008c-a495-47dc-a4e4-57a2bce48b1a 18878a0d425b4acdb108715ae117b9b7 28b3f955963c4cc181f8e9e005ce9122 - - default default] 199.204.45.244 "GET /v2.0/ports/75ee3b6a-7cea-4823-807b-9c823e05a729 HTTP/1.1" status: 200 len: 1336 time: 0.0251791
2026-04-07 01:19:13.104 10 INFO neutron.api.wsgi [None req-e972d43e-5097-4369-bd31-965eefed9aee 18878a0d425b4acdb108715ae117b9b7 28b3f955963c4cc181f8e9e005ce9122 - - default default] 199.204.45.244 "GET /v2.0/subnets/d2c09d54-3cfb-47ff-b82c-b9684c909d8c HTTP/1.1" status: 200 len: 875 time: 0.0206141
2026-04-07 01:19:13.522 9 INFO neutron.api.wsgi [req-70e7fed4-2fdd-42d5-b25d-3028f544b400 req-17ae0fe1-ad69-4553-8f8f-9da44eeaace3 ca1bd0ad8b6949098b2b3358eb38aeef 82aed001f1e242db8691cdef50ac6404 - - default default] 10.0.0.43 "GET /v2.0/ports?device_id=d1889c52-818a-452c-a996-e20a86ec836e HTTP/1.1" status: 200 len: 210 time: 0.0198114
2026-04-07 01:19:14.229 9 INFO neutron.api.wsgi [req-d632e971-70e6-416f-a67a-181acafd6860 req-0d15526e-0ac1-4ccc-9aa2-970330e037b4 077cfc4fdc9945279dd840bee508c26d 7b2064a28fc940e79a1ae6d59fa8558d - - f2cb70a218e141769260855bf15aa918 f2cb70a218e141769260855bf15aa918] 199.204.45.244 "GET /v2.0/ports?tenant_id=28b3f955963c4cc181f8e9e005ce9122&device_id=237909f3-cc85-4639-a24e-367bd2914884 HTTP/1.1" status: 200 len: 3925 time: 0.0384393
2026-04-07 01:19:14.304 9 INFO neutron.api.wsgi [req-d632e971-70e6-416f-a67a-181acafd6860 req-a1bb84b5-4e9e-4e8e-9cc5-246d9cf8ef42 077cfc4fdc9945279dd840bee508c26d 7b2064a28fc940e79a1ae6d59fa8558d - - f2cb70a218e141769260855bf15aa918 f2cb70a218e141769260855bf15aa918] 199.204.45.244 "GET /v2.0/networks?id=44b74d59-e6b7-43c9-90c8-e6fc83d52fe1&id=5c1ea1ff-7b04-425e-88c5-0cf5232bc5b3&id=c538e71e-691b-49f8-a777-c0eb46f0f424 HTTP/1.1" status: 200 len: 2518 time: 0.0674007
2026-04-07 01:19:14.331 9 INFO neutron.api.wsgi [req-d632e971-70e6-416f-a67a-181acafd6860 req-b134e667-2a91-4451-b0c2-38cf626b51fc 077cfc4fdc9945279dd840bee508c26d 7b2064a28fc940e79a1ae6d59fa8558d - - f2cb70a218e141769260855bf15aa918 f2cb70a218e141769260855bf15aa918] 199.204.45.244 "GET /v2.0/floatingips?fixed_ip_address=172.24.0.175&port_id=47875aae-967e-4f37-9469-cb6feb5699ab HTTP/1.1" status: 200 len: 217 time: 0.0212269
2026-04-07 01:19:14.365 9 INFO neutron.api.wsgi [req-d632e971-70e6-416f-a67a-181acafd6860 req-140866c3-3355-42e6-8afa-e18253d9c004 077cfc4fdc9945279dd840bee508c26d 7b2064a28fc940e79a1ae6d59fa8558d - - f2cb70a218e141769260855bf15aa918 f2cb70a218e141769260855bf15aa918] 199.204.45.244 "GET /v2.0/subnets?id=9e21c2c3-6614-4359-b0a8-74f3fbcf56d0 HTTP/1.1" status: 200 len: 853 time: 0.0290844
2026-04-07 01:19:14.388 9 INFO neutron.api.wsgi [req-d632e971-70e6-416f-a67a-181acafd6860 req-09db300e-4326-4dee-bfee-0c6cd0a045ca 077cfc4fdc9945279dd840bee508c26d 7b2064a28fc940e79a1ae6d59fa8558d - - f2cb70a218e141769260855bf15aa918 f2cb70a218e141769260855bf15aa918] 199.204.45.244 "GET /v2.0/ports?network_id=44b74d59-e6b7-43c9-90c8-e6fc83d52fe1&device_owner=network%3Adhcp HTTP/1.1" status: 200 len: 210 time: 0.0182161
2026-04-07 01:19:14.433 9 INFO neutron.api.wsgi [req-d632e971-70e6-416f-a67a-181acafd6860 req-e2f4cd8d-3ef9-4d8c-a259-c669b6338f43 077cfc4fdc9945279dd840bee508c26d 7b2064a28fc940e79a1ae6d59fa8558d - - f2cb70a218e141769260855bf15aa918 f2cb70a218e141769260855bf15aa918] 199.204.45.244 "GET /v2.0/networks/44b74d59-e6b7-43c9-90c8-e6fc83d52fe1?fields=segments HTTP/1.1" status: 200 len: 212 time: 0.0400233
2026-04-07 01:19:14.483 10 INFO neutron.notifiers.nova [-] Nova event matching ['req-44e8efbd-6d87-48b4-a629-90444d3444a2'] response: {'server_uuid': '237909f3-cc85-4639-a24e-367bd2914884', 'name': 'network-vif-unplugged', 'status': 'completed', 'tag': '12244224-9435-4765-83ed-5840fed6ba01', 'code': 200}
2026-04-07 01:19:14.483 9 INFO neutron.api.wsgi [req-d632e971-70e6-416f-a67a-181acafd6860 req-7ecdeed2-67f7-4abc-b1d4-a4d75e2c5028 077cfc4fdc9945279dd840bee508c26d 7b2064a28fc940e79a1ae6d59fa8558d - - f2cb70a218e141769260855bf15aa918 f2cb70a218e141769260855bf15aa918] 199.204.45.244 "GET /v2.0/networks/44b74d59-e6b7-43c9-90c8-e6fc83d52fe1?fields=provider%3Aphysical_network&fields=provider%3Anetwork_type HTTP/1.1" status: 200 len: 277 time: 0.0448086
2026-04-07 01:19:14.510 9 INFO neutron.api.wsgi [req-d632e971-70e6-416f-a67a-181acafd6860 req-c4cad4e3-4226-421b-a8c1-aaeba3426e28 077cfc4fdc9945279dd840bee508c26d 7b2064a28fc940e79a1ae6d59fa8558d - - f2cb70a218e141769260855bf15aa918 f2cb70a218e141769260855bf15aa918] 199.204.45.244 "GET /v2.0/floatingips?fixed_ip_address=10.1.1.237&port_id=a7eb8983-43b0-4861-94be-149440df8984 HTTP/1.1" status: 200 len: 217 time: 0.0201113
2026-04-07 01:19:14.541 9 INFO neutron.api.wsgi [req-d632e971-70e6-416f-a67a-181acafd6860 req-ff5ef823-ae46-449c-af85-84d61f6c7017 077cfc4fdc9945279dd840bee508c26d 7b2064a28fc940e79a1ae6d59fa8558d - - f2cb70a218e141769260855bf15aa918 f2cb70a218e141769260855bf15aa918] 199.204.45.244 "GET /v2.0/subnets?id=d2c09d54-3cfb-47ff-b82c-b9684c909d8c HTTP/1.1" status: 200 len: 878 time: 0.0262229
2026-04-07 01:19:14.563 9 INFO neutron.api.wsgi [req-d632e971-70e6-416f-a67a-181acafd6860 req-2bc8da17-aa3a-434a-9fd9-29433eaeaa19 077cfc4fdc9945279dd840bee508c26d 7b2064a28fc940e79a1ae6d59fa8558d - - f2cb70a218e141769260855bf15aa918 f2cb70a218e141769260855bf15aa918] 199.204.45.244 "GET /v2.0/ports?network_id=5c1ea1ff-7b04-425e-88c5-0cf5232bc5b3&device_owner=network%3Adhcp HTTP/1.1" status: 200 len: 210 time: 0.0174634
2026-04-07 01:19:14.613 9 INFO neutron.api.wsgi [req-dfed0dc9-a935-4f4b-90a5-79b873f1e664 req-7141b53b-931b-4fa4-9837-b6b91a876679 ca1bd0ad8b6949098b2b3358eb38aeef 82aed001f1e242db8691cdef50ac6404 - - default default] 10.0.0.43 "GET /v2.0/ports?device_id=d1889c52-818a-452c-a996-e20a86ec836e HTTP/1.1" status: 200 len: 210 time: 0.0218642
2026-04-07 01:19:14.640 9 INFO neutron.api.wsgi [req-d632e971-70e6-416f-a67a-181acafd6860 req-156dc5ff-4b71-4708-abfc-8f60954f3075 077cfc4fdc9945279dd840bee508c26d 7b2064a28fc940e79a1ae6d59fa8558d - - f2cb70a218e141769260855bf15aa918 f2cb70a218e141769260855bf15aa918] 199.204.45.244 "GET /v2.0/networks/5c1ea1ff-7b04-425e-88c5-0cf5232bc5b3?fields=segments HTTP/1.1" status: 200 len: 212 time: 0.0726340
2026-04-07 01:19:14.699 9 INFO neutron.api.wsgi [req-d632e971-70e6-416f-a67a-181acafd6860 req-85e111d4-1784-4c65-9989-9274550755c0 077cfc4fdc9945279dd840bee508c26d 7b2064a28fc940e79a1ae6d59fa8558d - - f2cb70a218e141769260855bf15aa918 f2cb70a218e141769260855bf15aa918] 199.204.45.244 "GET /v2.0/networks/5c1ea1ff-7b04-425e-88c5-0cf5232bc5b3?fields=provider%3Aphysical_network&fields=provider%3Anetwork_type HTTP/1.1" status: 200 len: 277 time: 0.0536394
2026-04-07 01:19:14.724 9 INFO neutron.api.wsgi [req-d632e971-70e6-416f-a67a-181acafd6860 req-a48a9e71-7a48-4b4d-9084-bb779147085e 077cfc4fdc9945279dd840bee508c26d 7b2064a28fc940e79a1ae6d59fa8558d - - f2cb70a218e141769260855bf15aa918 f2cb70a218e141769260855bf15aa918] 199.204.45.244 "GET /v2.0/floatingips?fixed_ip_address=10.2.1.240&port_id=2f51f7f3-3ca5-4ec7-b051-31c26cd2a469 HTTP/1.1" status: 200 len: 217 time: 0.0204239
2026-04-07 01:19:15.196 9 INFO neutron.api.wsgi [req-d632e971-70e6-416f-a67a-181acafd6860 req-2da0a1d3-3cca-4d12-858f-4d170c82eed8 077cfc4fdc9945279dd840bee508c26d 7b2064a28fc940e79a1ae6d59fa8558d - - f2cb70a218e141769260855bf15aa918 f2cb70a218e141769260855bf15aa918] 199.204.45.244 "GET /v2.0/subnets?id=0b883af0-764b-40cf-9116-842bb8601cd4 HTTP/1.1" status: 200 len: 876 time: 0.4667315
2026-04-07 01:19:15.217 9 INFO neutron.api.wsgi [req-d632e971-70e6-416f-a67a-181acafd6860 req-427a25bb-e607-4cd2-bee9-aa526e6c4f18 077cfc4fdc9945279dd840bee508c26d 7b2064a28fc940e79a1ae6d59fa8558d - - f2cb70a218e141769260855bf15aa918 f2cb70a218e141769260855bf15aa918] 199.204.45.244 "GET /v2.0/ports?network_id=c538e71e-691b-49f8-a777-c0eb46f0f424&device_owner=network%3Adhcp HTTP/1.1" status: 200 len: 210 time: 0.0153527
2026-04-07 01:19:15.260 9 INFO neutron.api.wsgi [req-d632e971-70e6-416f-a67a-181acafd6860 req-7e0c8022-269d-458f-a760-c1b4c108f06d 077cfc4fdc9945279dd840bee508c26d 7b2064a28fc940e79a1ae6d59fa8558d - - f2cb70a218e141769260855bf15aa918 f2cb70a218e141769260855bf15aa918] 199.204.45.244 "GET /v2.0/networks/c538e71e-691b-49f8-a777-c0eb46f0f424?fields=segments HTTP/1.1" status: 200 len: 212 time: 0.0380619
2026-04-07 01:19:15.305 9 INFO neutron.api.wsgi [req-d632e971-70e6-416f-a67a-181acafd6860 req-7c010ee3-a147-40f1-9356-45cb8a9a9757 077cfc4fdc9945279dd840bee508c26d 7b2064a28fc940e79a1ae6d59fa8558d - - f2cb70a218e141769260855bf15aa918 f2cb70a218e141769260855bf15aa918] 199.204.45.244 "GET /v2.0/networks/c538e71e-691b-49f8-a777-c0eb46f0f424?fields=provider%3Aphysical_network&fields=provider%3Anetwork_type HTTP/1.1" status: 200 len: 277 time: 0.0390005
2026-04-07 01:19:15.635 9 INFO neutron.api.wsgi [req-ae017df1-63cc-493e-82c9-90e4811dbdf3 req-0cc8379f-6f0e-4093-bf5d-7960c98bb0a9 ca1bd0ad8b6949098b2b3358eb38aeef 82aed001f1e242db8691cdef50ac6404 - - default default] 199.204.45.244 "GET /v2.0/networks?id=56d1239a-a05e-4268-8182-5f8bc44598ef HTTP/1.1" status: 200 len: 872 time: 0.0388739
2026-04-07 01:19:15.675 9 INFO neutron.api.wsgi [req-ae017df1-63cc-493e-82c9-90e4811dbdf3 req-6bf32e4e-319e-446f-80aa-10bdf2176802 ca1bd0ad8b6949098b2b3358eb38aeef 82aed001f1e242db8691cdef50ac6404 - - default default] 199.204.45.244 "GET /v2.0/security-groups?fields=id&fields=name&tenant_id=82aed001f1e242db8691cdef50ac6404 HTTP/1.1" status: 200 len: 473 time: 0.0347860
2026-04-07 01:19:15.684 9 WARNING neutron_lib.context [req-ae017df1-63cc-493e-82c9-90e4811dbdf3 req-c36f8bba-3e4c-4de8-9e76-d0b915fb6436 ca1bd0ad8b6949098b2b3358eb38aeef 82aed001f1e242db8691cdef50ac6404 - - default default] Method 'is_advsvc' is deprecated since 2023.2 release (neutron-lib 3.8.0) and will be removed once support for the old RBAC API policies will be removed from Neutron. Please use method 'is_service_role' instead.
2026-04-07 01:19:15.699 10 INFO neutron.api.wsgi [req-3aca8165-8757-4ebd-9203-a8f04544d180 req-504066ff-2cab-435f-995c-a16f2f8b56d2 ca1bd0ad8b6949098b2b3358eb38aeef 82aed001f1e242db8691cdef50ac6404 - - default default] 10.0.0.43 "GET /v2.0/ports?device_id=d1889c52-818a-452c-a996-e20a86ec836e HTTP/1.1" status: 200 len: 210 time: 0.0179801
2026-04-07 01:19:15.979 9 WARNING neutron.scheduler.dhcp_agent_scheduler [req-ae017df1-63cc-493e-82c9-90e4811dbdf3 req-c36f8bba-3e4c-4de8-9e76-d0b915fb6436 ca1bd0ad8b6949098b2b3358eb38aeef 82aed001f1e242db8691cdef50ac6404 - - default default] No more DHCP agents
2026-04-07 01:19:15.980 9 WARNING neutron.api.rpc.agentnotifiers.dhcp_rpc_agent_api [req-ae017df1-63cc-493e-82c9-90e4811dbdf3 req-c36f8bba-3e4c-4de8-9e76-d0b915fb6436 ca1bd0ad8b6949098b2b3358eb38aeef 82aed001f1e242db8691cdef50ac6404 - - default default] Unable to schedule network 56d1239a-a05e-4268-8182-5f8bc44598ef: no agents available; will retry on subsequent port and subnet creation events.
2026-04-07 01:19:16.109 9 INFO neutron.db.ovn_revision_numbers_db [req-ae017df1-63cc-493e-82c9-90e4811dbdf3 req-c36f8bba-3e4c-4de8-9e76-d0b915fb6436 ca1bd0ad8b6949098b2b3358eb38aeef 82aed001f1e242db8691cdef50ac6404 - - default default] Successfully bumped revision number for resource 831f7ba9-5806-4c0f-b49f-baa01ba80050 (type: ports) to 1
2026-04-07 01:19:16.128 9 INFO neutron.api.wsgi [req-ae017df1-63cc-493e-82c9-90e4811dbdf3 req-c36f8bba-3e4c-4de8-9e76-d0b915fb6436 ca1bd0ad8b6949098b2b3358eb38aeef 82aed001f1e242db8691cdef50ac6404 - - default default] 199.204.45.244 "POST /v2.0/ports HTTP/1.1" status: 201 len: 1197 time: 0.4485605 /var/lib/openstack/lib/python3.12/site-packages/pycadf/identifier.py:71: UserWarning: Invalid uuid: neutron. To ensure interoperability, identifiers should be a valid uuid. warnings.warn(('Invalid uuid: %s. To ensure interoperability, '
2026-04-07 01:19:16.503 9 INFO neutron.db.ovn_revision_numbers_db [req-ae017df1-63cc-493e-82c9-90e4811dbdf3 req-9afa994c-9a99-4d47-bba6-e8b5975128e1 077cfc4fdc9945279dd840bee508c26d 7b2064a28fc940e79a1ae6d59fa8558d - - f2cb70a218e141769260855bf15aa918 f2cb70a218e141769260855bf15aa918] Successfully bumped revision number for resource 831f7ba9-5806-4c0f-b49f-baa01ba80050 (type: ports) to 2
2026-04-07 01:19:16.721 9 INFO neutron.db.ovn_revision_numbers_db [req-ae017df1-63cc-493e-82c9-90e4811dbdf3 req-9afa994c-9a99-4d47-bba6-e8b5975128e1 077cfc4fdc9945279dd840bee508c26d 7b2064a28fc940e79a1ae6d59fa8558d - - f2cb70a218e141769260855bf15aa918 f2cb70a218e141769260855bf15aa918] Successfully bumped revision number for resource 831f7ba9-5806-4c0f-b49f-baa01ba80050 (type: ports) to 4
2026-04-07 01:19:16.740 9 INFO neutron.api.wsgi [req-ae017df1-63cc-493e-82c9-90e4811dbdf3 req-9afa994c-9a99-4d47-bba6-e8b5975128e1 077cfc4fdc9945279dd840bee508c26d 7b2064a28fc940e79a1ae6d59fa8558d - - f2cb70a218e141769260855bf15aa918 f2cb70a218e141769260855bf15aa918] 199.204.45.244 "PUT /v2.0/ports/831f7ba9-5806-4c0f-b49f-baa01ba80050 HTTP/1.1" status: 200 len: 1443 time: 0.6055245 /var/lib/openstack/lib/python3.12/site-packages/pycadf/identifier.py:71: UserWarning: Invalid uuid: neutron. To ensure interoperability, identifiers should be a valid uuid. warnings.warn(('Invalid uuid: %s. To ensure interoperability, '
2026-04-07 01:19:16.771 9 INFO neutron.notifiers.nova [-] Nova event matching ['req-e90387c6-eba5-4a53-bd9d-30759633b54f'] response: {'name': 'network-changed', 'server_uuid': 'd1889c52-818a-452c-a996-e20a86ec836e', 'tag': '831f7ba9-5806-4c0f-b49f-baa01ba80050', 'status': 'completed', 'code': 200}
2026-04-07 01:19:16.825 9 INFO neutron.api.wsgi [req-1e912ec5-58d7-4142-90a3-cf924cb3ffe1 req-c1c4e362-9868-4736-bc7e-303b88cdebfa ca1bd0ad8b6949098b2b3358eb38aeef 82aed001f1e242db8691cdef50ac6404 - - default default] 10.0.0.43 "GET /v2.0/ports?device_id=d1889c52-818a-452c-a996-e20a86ec836e HTTP/1.1" status: 200 len: 1208 time: 0.0630591
2026-04-07 01:19:16.857 9 INFO neutron.api.wsgi [req-1e912ec5-58d7-4142-90a3-cf924cb3ffe1 req-2d53b193-c2b6-43fe-9f38-29080fdd2940 ca1bd0ad8b6949098b2b3358eb38aeef 82aed001f1e242db8691cdef50ac6404 - - default default] 10.0.0.43 "GET /v2.0/security-groups?id=284a9bac-0d5c-420c-95d6-b1b13f6cf02f&id=fd0ff388-0bba-4c50-a3ab-def158b119d5&fields=id&fields=name HTTP/1.1" status: 200 len: 406 time: 0.0257409
2026-04-07 01:19:17.310 9 INFO neutron.api.wsgi [req-6b00e35f-903b-42ea-8bfe-d00ec3bfb9e6 req-7a13fa01-4900-432a-b5ae-66e7d861a57f 077cfc4fdc9945279dd840bee508c26d 7b2064a28fc940e79a1ae6d59fa8558d - - f2cb70a218e141769260855bf15aa918 f2cb70a218e141769260855bf15aa918] 199.204.45.244 "GET /v2.0/ports?tenant_id=82aed001f1e242db8691cdef50ac6404&device_id=d1889c52-818a-452c-a996-e20a86ec836e HTTP/1.1" status: 200 len: 1446 time: 0.0313797
2026-04-07 01:19:17.358 9 INFO neutron.api.wsgi [req-6b00e35f-903b-42ea-8bfe-d00ec3bfb9e6 req-afbb5e39-0f67-45e9-aa2b-a71164d5fb87 077cfc4fdc9945279dd840bee508c26d 7b2064a28fc940e79a1ae6d59fa8558d - - f2cb70a218e141769260855bf15aa918 f2cb70a218e141769260855bf15aa918] 199.204.45.244 "GET /v2.0/networks?tenant_id=82aed001f1e242db8691cdef50ac6404&shared=False HTTP/1.1" status: 200 len: 971 time: 0.0429957
2026-04-07 01:19:17.405 9 INFO neutron.api.wsgi [req-6b00e35f-903b-42ea-8bfe-d00ec3bfb9e6 req-cc2e33d4-17a2-46c0-8bbf-950a109dae50 077cfc4fdc9945279dd840bee508c26d 7b2064a28fc940e79a1ae6d59fa8558d - - f2cb70a218e141769260855bf15aa918 f2cb70a218e141769260855bf15aa918] 199.204.45.244 "GET /v2.0/networks?shared=True HTTP/1.1" status: 200 len: 952 time: 0.0402875
2026-04-07 01:19:17.966 10 INFO neutron.api.wsgi [req-8ba2824c-2c63-476d-b767-3920fd47ddb7 req-e090d2ad-1ff6-4bd6-8fa2-6c3ddd418811 ca1bd0ad8b6949098b2b3358eb38aeef 82aed001f1e242db8691cdef50ac6404 - - default default] 10.0.0.43 "GET /v2.0/ports?device_id=d1889c52-818a-452c-a996-e20a86ec836e HTTP/1.1" status: 200 len: 1208 time: 0.0607977
2026-04-07 01:19:18.007 10 INFO neutron.api.wsgi [req-8ba2824c-2c63-476d-b767-3920fd47ddb7 req-f8ebcaa5-ea4e-48af-bd9a-0d361e27ad05 ca1bd0ad8b6949098b2b3358eb38aeef 82aed001f1e242db8691cdef50ac6404 - - default default] 10.0.0.43 "GET /v2.0/security-groups?id=284a9bac-0d5c-420c-95d6-b1b13f6cf02f&id=fd0ff388-0bba-4c50-a3ab-def158b119d5&fields=id&fields=name HTTP/1.1" status: 200 len: 406 time: 0.0362420
2026-04-07 01:19:18.451 9 INFO neutron.api.wsgi [req-ae017df1-63cc-493e-82c9-90e4811dbdf3 req-3c495c04-f6e8-4d07-ad03-d7f3f7b45306 077cfc4fdc9945279dd840bee508c26d 7b2064a28fc940e79a1ae6d59fa8558d - - f2cb70a218e141769260855bf15aa918 f2cb70a218e141769260855bf15aa918] 199.204.45.244 "GET /v2.0/ports?tenant_id=82aed001f1e242db8691cdef50ac6404&device_id=d1889c52-818a-452c-a996-e20a86ec836e HTTP/1.1" status: 200 len: 1446 time: 0.0338228
2026-04-07 01:19:18.472 9 INFO neutron.api.wsgi [req-ae017df1-63cc-493e-82c9-90e4811dbdf3 req-9b87171f-cc11-4ffd-bd5b-45fc20ae6c83 077cfc4fdc9945279dd840bee508c26d 7b2064a28fc940e79a1ae6d59fa8558d - - f2cb70a218e141769260855bf15aa918 f2cb70a218e141769260855bf15aa918] 199.204.45.244 "GET /v2.0/floatingips?fixed_ip_address=10.100.0.5&port_id=831f7ba9-5806-4c0f-b49f-baa01ba80050 HTTP/1.1" status: 200 len: 217 time: 0.0152299
2026-04-07 01:19:18.505 9 INFO neutron.api.wsgi [req-ae017df1-63cc-493e-82c9-90e4811dbdf3 req-29bdaa07-18d8-416b-9984-2262815966a1 077cfc4fdc9945279dd840bee508c26d 7b2064a28fc940e79a1ae6d59fa8558d - - f2cb70a218e141769260855bf15aa918 f2cb70a218e141769260855bf15aa918] 199.204.45.244 "GET /v2.0/subnets?id=a9d42d7a-dc3a-479a-a124-acf0c46ad082 HTTP/1.1" status: 200 len: 890 time: 0.0250731
2026-04-07 01:19:18.535 9 INFO neutron.api.wsgi [req-ae017df1-63cc-493e-82c9-90e4811dbdf3 req-46e23bed-1857-4a77-86a5-85e633a4da9a 077cfc4fdc9945279dd840bee508c26d 7b2064a28fc940e79a1ae6d59fa8558d - - f2cb70a218e141769260855bf15aa918 f2cb70a218e141769260855bf15aa918] 199.204.45.244 "GET /v2.0/ports?network_id=56d1239a-a05e-4268-8182-5f8bc44598ef&device_owner=network%3Adhcp HTTP/1.1" status: 200 len: 210 time: 0.0232317
2026-04-07 01:19:18.581 9 INFO neutron.api.wsgi [req-ae017df1-63cc-493e-82c9-90e4811dbdf3 req-dfada9ce-8c0f-4779-bace-8b842f5a657a 077cfc4fdc9945279dd840bee508c26d 7b2064a28fc940e79a1ae6d59fa8558d - - f2cb70a218e141769260855bf15aa918 f2cb70a218e141769260855bf15aa918] 199.204.45.244 "GET /v2.0/networks/56d1239a-a05e-4268-8182-5f8bc44598ef?fields=segments HTTP/1.1" status: 200 len: 212 time: 0.0428193
2026-04-07 01:19:18.628 9 INFO neutron.api.wsgi [req-ae017df1-63cc-493e-82c9-90e4811dbdf3 req-429b3206-0d4d-42d2-95ac-6f26501e1303 077cfc4fdc9945279dd840bee508c26d 7b2064a28fc940e79a1ae6d59fa8558d - - f2cb70a218e141769260855bf15aa918 f2cb70a218e141769260855bf15aa918] 199.204.45.244 "GET /v2.0/networks/56d1239a-a05e-4268-8182-5f8bc44598ef?fields=provider%3Aphysical_network&fields=provider%3Anetwork_type HTTP/1.1" status: 200 len: 277 time: 0.0403042
2026-04-07 01:19:19.094 9 INFO neutron.api.wsgi [req-ab6c28ca-17ca-4396-9933-e7694a23ad28 req-991dc6ae-4009-41f1-aa54-60f060ac52bf ca1bd0ad8b6949098b2b3358eb38aeef 82aed001f1e242db8691cdef50ac6404 - - default default] 10.0.0.43 "GET /v2.0/ports?device_id=d1889c52-818a-452c-a996-e20a86ec836e HTTP/1.1" status: 200 len: 1208 time: 0.0311656
2026-04-07 01:19:19.134 9 INFO neutron.api.wsgi [req-ab6c28ca-17ca-4396-9933-e7694a23ad28 req-d1fc4edb-0fd4-42d6-be52-a3a4bbde1944 ca1bd0ad8b6949098b2b3358eb38aeef 82aed001f1e242db8691cdef50ac6404 - - default default] 10.0.0.43 "GET /v2.0/security-groups?id=284a9bac-0d5c-420c-95d6-b1b13f6cf02f&id=fd0ff388-0bba-4c50-a3ab-def158b119d5&fields=id&fields=name HTTP/1.1" status: 200 len: 406 time: 0.0337570
2026-04-07 01:19:20.000 10 INFO neutron.api.wsgi [None req-cadc756a-afa5-4e0b-ad5c-c7b0f5e9c12e 18878a0d425b4acdb108715ae117b9b7 28b3f955963c4cc181f8e9e005ce9122 - - default default] 199.204.45.244 "GET /v2.0/extensions/security-group HTTP/1.1" status: 200 len: 369 time: 0.0054283
2026-04-07 01:19:20.008 10 INFO neutron.api.wsgi [None req-5859b012-a843-499b-8440-61f5a1f9f5d2 18878a0d425b4acdb108715ae117b9b7 28b3f955963c4cc181f8e9e005ce9122 - - default default] 199.204.45.244 "GET /v2.0/extensions/dns-integration HTTP/1.1" status: 200 len: 371 time: 0.0044177
2026-04-07 01:19:20.021 10 INFO neutron.api.wsgi [None req-06fe5d68-a96b-420b-a50f-cf1d27f2bb46 18878a0d425b4acdb108715ae117b9b7 28b3f955963c4cc181f8e9e005ce9122 - - default default] 199.204.45.244 "GET /v2.0/extensions/qos HTTP/1.1" status: 200 len: 365 time: 0.0080211
2026-04-07 01:19:20.028 10 INFO neutron.api.wsgi [None req-647907b8-9c22-4288-affe-8ff8d0a44c3b 18878a0d425b4acdb108715ae117b9b7 28b3f955963c4cc181f8e9e005ce9122 - - default default] 199.204.45.244 "GET /v2.0/extensions/allowed-address-pairs HTTP/1.1" status: 200 len: 383 time: 0.0040617
2026-04-07 01:19:20.070 10 INFO neutron.api.wsgi [None req-84bd362a-adfb-4767-b34c-57363deae769 18878a0d425b4acdb108715ae117b9b7 28b3f955963c4cc181f8e9e005ce9122 - - default default] 199.204.45.244 "GET /v2.0/ports?device_id=237909f3-cc85-4639-a24e-367bd2914884 HTTP/1.1" status: 200 len: 3925 time: 0.0375767
2026-04-07 01:19:20.206 10 INFO neutron.api.wsgi [None req-83481d1c-3b1a-407e-9b99-0d2052b32eb1 18878a0d425b4acdb108715ae117b9b7 28b3f955963c4cc181f8e9e005ce9122 - - default default] 199.204.45.244 "GET /v2.0/extensions/security-group HTTP/1.1" status: 200 len: 369 time: 0.0039415
2026-04-07 01:19:20.212 10 INFO neutron.api.wsgi [None req-c341f36f-5df8-437a-a013-0757a52b3b29 18878a0d425b4acdb108715ae117b9b7 28b3f955963c4cc181f8e9e005ce9122 - - default default] 199.204.45.244 "GET /v2.0/extensions/dns-integration HTTP/1.1" status: 200 len: 371 time: 0.0026264
2026-04-07 01:19:20.220 10 INFO neutron.api.wsgi [None req-58674c2a-d162-4ee7-8639-686230bc5ae2 18878a0d425b4acdb108715ae117b9b7 28b3f955963c4cc181f8e9e005ce9122 - - default default] 199.204.45.244 "GET /v2.0/extensions/qos HTTP/1.1" status: 200 len: 365 time: 0.0033114
2026-04-07 01:19:20.228 10 INFO neutron.api.wsgi [None req-9ef45ad9-98dd-4a5f-9e1d-215292ac561c 18878a0d425b4acdb108715ae117b9b7 28b3f955963c4cc181f8e9e005ce9122 - - default default] 199.204.45.244 "GET /v2.0/extensions/allowed-address-pairs HTTP/1.1" status: 200 len: 383 time: 0.0045507
2026-04-07 01:19:20.234 10 INFO neutron.api.wsgi [req-54260983-559b-402f-8016-f06fd3a74304 req-8b2dcc51-ecfd-4e6f-be4c-4382e31f7353 ca1bd0ad8b6949098b2b3358eb38aeef 82aed001f1e242db8691cdef50ac6404 - - default default] 10.0.0.43 "GET /v2.0/ports?device_id=d1889c52-818a-452c-a996-e20a86ec836e HTTP/1.1" status: 200 len: 1208 time: 0.0428860
2026-04-07 01:19:20.263 10 INFO neutron.api.wsgi [None req-08cbf5c5-d023-4b89-aba7-8d9729706845 18878a0d425b4acdb108715ae117b9b7 28b3f955963c4cc181f8e9e005ce9122 - - default default] 199.204.45.244 "GET /v2.0/ports/2f51f7f3-3ca5-4ec7-b051-31c26cd2a469 HTTP/1.1" status: 200 len: 1406 time: 0.0282631
2026-04-07 01:19:20.284 10 INFO neutron.api.wsgi [req-54260983-559b-402f-8016-f06fd3a74304 req-5365f784-0881-4fed-aaf0-8e57bc40c7ed ca1bd0ad8b6949098b2b3358eb38aeef 82aed001f1e242db8691cdef50ac6404 - - default default] 10.0.0.43 "GET /v2.0/security-groups?id=284a9bac-0d5c-420c-95d6-b1b13f6cf02f&id=fd0ff388-0bba-4c50-a3ab-def158b119d5&fields=id&fields=name HTTP/1.1" status: 200 len: 406 time: 0.0409617
2026-04-07 01:19:20.614 10 INFO neutron.db.ovn_revision_numbers_db [None req-33f89f57-014f-487d-a6d3-6a73685c7ab4 18878a0d425b4acdb108715ae117b9b7 28b3f955963c4cc181f8e9e005ce9122 - - default default] Successfully bumped revision number for resource 2f51f7f3-3ca5-4ec7-b051-31c26cd2a469 (type: ports) to 7
2026-04-07 01:19:20.625 10 INFO neutron.api.wsgi [None req-33f89f57-014f-487d-a6d3-6a73685c7ab4 18878a0d425b4acdb108715ae117b9b7 28b3f955963c4cc181f8e9e005ce9122 - - default default] 199.204.45.244 "PUT /v2.0/ports/2f51f7f3-3ca5-4ec7-b051-31c26cd2a469 HTTP/1.1" status: 200 len: 1203 time: 0.3550398 /var/lib/openstack/lib/python3.12/site-packages/pycadf/identifier.py:71: UserWarning: Invalid uuid: neutron. To ensure interoperability, identifiers should be a valid uuid. warnings.warn(('Invalid uuid: %s. To ensure interoperability, '
2026-04-07 01:19:20.656 10 INFO neutron.notifiers.nova [-] Nova event matching ['req-d79ebb7a-3589-4d18-a390-1ee0fa49c316'] response: {'name': 'network-changed', 'server_uuid': '237909f3-cc85-4639-a24e-367bd2914884', 'tag': '2f51f7f3-3ca5-4ec7-b051-31c26cd2a469', 'status': 'completed', 'code': 200}
2026-04-07 01:19:20.679 10 INFO neutron.api.wsgi [None req-058dcfc1-3299-408a-a685-389445470ad2 18878a0d425b4acdb108715ae117b9b7 28b3f955963c4cc181f8e9e005ce9122 - - default default] 199.204.45.244 "GET /v2.0/networks/c538e71e-691b-49f8-a777-c0eb46f0f424 HTTP/1.1" status: 200 len: 999 time: 0.0471151
2026-04-07 01:19:20.726 10 INFO neutron.api.wsgi [None req-12f9d62b-b407-4cc0-a143-d763c9735114 18878a0d425b4acdb108715ae117b9b7 28b3f955963c4cc181f8e9e005ce9122 - - default default] 199.204.45.244 "GET /v2.0/ports?device_id=237909f3-cc85-4639-a24e-367bd2914884 HTTP/1.1" status: 200 len: 3750 time: 0.0404804
2026-04-07 01:19:21.202 9 INFO neutron.api.wsgi [req-7bc88c7a-a112-4a90-94d5-681226bf0606 req-dea126f5-5560-4e2b-a2c9-abf1a7033dde 077cfc4fdc9945279dd840bee508c26d 7b2064a28fc940e79a1ae6d59fa8558d - - f2cb70a218e141769260855bf15aa918 f2cb70a218e141769260855bf15aa918] 199.204.45.244 "GET /v2.0/ports?tenant_id=28b3f955963c4cc181f8e9e005ce9122&device_id=237909f3-cc85-4639-a24e-367bd2914884 HTTP/1.1" status: 200 len: 3750 time: 0.0376556
2026-04-07 01:19:21.258 9 INFO neutron.api.wsgi [req-836c0f6e-20e2-499c-87e7-71a79e61318f req-e4252f99-9d0f-4c39-aae8-54669daa651f 077cfc4fdc9945279dd840bee508c26d 7b2064a28fc940e79a1ae6d59fa8558d - - f2cb70a218e141769260855bf15aa918 f2cb70a218e141769260855bf15aa918] 199.204.45.244 "GET /v2.0/ports?device_id=d1889c52-818a-452c-a996-e20a86ec836e HTTP/1.1" status: 200 len: 1446 time: 0.0408013
2026-04-07 01:19:21.284 9 INFO neutron.api.wsgi [req-7bc88c7a-a112-4a90-94d5-681226bf0606 req-df7f7687-a931-43d2-981f-2a5291f64249 077cfc4fdc9945279dd840bee508c26d 7b2064a28fc940e79a1ae6d59fa8558d - - f2cb70a218e141769260855bf15aa918 f2cb70a218e141769260855bf15aa918] 199.204.45.244 "GET /v2.0/networks?id=c538e71e-691b-49f8-a777-c0eb46f0f424 HTTP/1.1" status: 200 len: 1002 time: 0.0680976
2026-04-07 01:19:21.293 10 INFO neutron.api.wsgi [None req-59dafc3b-62c5-4918-b4b3-b0b6649ba923 18878a0d425b4acdb108715ae117b9b7 28b3f955963c4cc181f8e9e005ce9122 - - default default] 199.204.45.244 "GET /v2.0/ports?device_id=237909f3-cc85-4639-a24e-367bd2914884 HTTP/1.1" status: 200 len: 3750 time: 0.0313404
2026-04-07 01:19:21.308 9 INFO neutron.api.wsgi [req-836c0f6e-20e2-499c-87e7-71a79e61318f req-52996b93-432a-4fa9-ab36-72b9cdc29b3b 077cfc4fdc9945279dd840bee508c26d 7b2064a28fc940e79a1ae6d59fa8558d - - f2cb70a218e141769260855bf15aa918 f2cb70a218e141769260855bf15aa918] 199.204.45.244 "GET /v2.0/security-groups?id=fd0ff388-0bba-4c50-a3ab-def158b119d5&id=284a9bac-0d5c-420c-95d6-b1b13f6cf02f&fields=id&fields=name HTTP/1.1" status: 200 len: 406 time: 0.0422640
2026-04-07 01:19:21.325 9 INFO neutron.api.wsgi [req-7bc88c7a-a112-4a90-94d5-681226bf0606 req-461f50a0-b6e8-44b0-9a51-268c4deec425 077cfc4fdc9945279dd840bee508c26d 7b2064a28fc940e79a1ae6d59fa8558d - - f2cb70a218e141769260855bf15aa918 f2cb70a218e141769260855bf15aa918] 199.204.45.244 "GET /v2.0/networks/c538e71e-691b-49f8-a777-c0eb46f0f424?fields=segments HTTP/1.1" status: 200 len: 212 time: 0.0354490
2026-04-07 01:19:21.391 9 INFO neutron.api.wsgi [req-abe9e24f-eeae-45f5-bcc2-5169c2865083 req-99d75c6b-e369-43bb-9090-3eea0451a98b ca1bd0ad8b6949098b2b3358eb38aeef 82aed001f1e242db8691cdef50ac6404 - - default default] 10.0.0.43 "GET /v2.0/ports?device_id=d1889c52-818a-452c-a996-e20a86ec836e HTTP/1.1" status: 200 len: 1208 time: 0.0413387
2026-04-07 01:19:21.413 9 INFO neutron.api.wsgi [req-7bc88c7a-a112-4a90-94d5-681226bf0606 req-b63afc50-8ef8-4005-9a61-149987b9cbba 077cfc4fdc9945279dd840bee508c26d 7b2064a28fc940e79a1ae6d59fa8558d - - f2cb70a218e141769260855bf15aa918 f2cb70a218e141769260855bf15aa918] 199.204.45.244 "GET /v2.0/networks/c538e71e-691b-49f8-a777-c0eb46f0f424?fields=provider%3Aphysical_network&fields=provider%3Anetwork_type HTTP/1.1" status: 200 len: 277 time: 0.0723524
2026-04-07 01:19:21.432 9 INFO neutron.plugins.ml2.drivers.ovn.mech_driver.mech_driver [None req-424669f5-28b3-4b95-b72f-0e53c03c56d2 - - - - - -] OVN reports status up for port: 831f7ba9-5806-4c0f-b49f-baa01ba80050
2026-04-07 01:19:21.446 9 INFO neutron.plugins.ml2.plugin [None req-424669f5-28b3-4b95-b72f-0e53c03c56d2 - - - - - -] Attempt 1 to provision port 831f7ba9-5806-4c0f-b49f-baa01ba80050
2026-04-07 01:19:21.452 9 INFO neutron.api.wsgi [req-abe9e24f-eeae-45f5-bcc2-5169c2865083 req-c8d6cb51-30b3-4bed-a249-a45ef2891ff3 ca1bd0ad8b6949098b2b3358eb38aeef 82aed001f1e242db8691cdef50ac6404 - - default default] 10.0.0.43 "GET /v2.0/security-groups?id=284a9bac-0d5c-420c-95d6-b1b13f6cf02f&id=fd0ff388-0bba-4c50-a3ab-def158b119d5&fields=id&fields=name HTTP/1.1" status: 200 len: 406 time: 0.0508552
2026-04-07 01:19:21.562 9 INFO neutron.notifiers.nova [-] Nova event matching ['req-23529595-2a3d-4585-ab44-e13b11effd47'] response: {'server_uuid': 'd1889c52-818a-452c-a996-e20a86ec836e', 'name': 'network-vif-plugged', 'status': 'completed', 'tag': '831f7ba9-5806-4c0f-b49f-baa01ba80050', 'code': 200}
2026-04-07 01:19:21.719 9 INFO neutron.db.ovn_revision_numbers_db [None req-424669f5-28b3-4b95-b72f-0e53c03c56d2 - - - - - -] Successfully bumped revision number for resource 831f7ba9-5806-4c0f-b49f-baa01ba80050 (type: ports) to 5
2026-04-07 01:19:22.348 10 INFO neutron.api.wsgi [None req-db617eb8-b77f-4424-8055-08483731fb85 18878a0d425b4acdb108715ae117b9b7 28b3f955963c4cc181f8e9e005ce9122 - - default default] 199.204.45.244 "GET /v2.0/ports?device_id=237909f3-cc85-4639-a24e-367bd2914884 HTTP/1.1" status: 200 len: 3750 time: 0.0402510 /var/lib/openstack/lib/python3.12/site-packages/pycadf/identifier.py:71: UserWarning: Invalid uuid: neutron. To ensure interoperability, identifiers should be a valid uuid. warnings.warn(('Invalid uuid: %s. To ensure interoperability, '
2026-04-07 01:19:22.608 9 INFO neutron.api.wsgi [req-1c6ff98b-be97-4734-b742-4f703ca868d3 req-67a7fdb2-9cc8-412d-a023-df06131a06da ca1bd0ad8b6949098b2b3358eb38aeef 82aed001f1e242db8691cdef50ac6404 - - default default] 10.0.0.43 "GET /v2.0/ports?device_id=d1889c52-818a-452c-a996-e20a86ec836e HTTP/1.1" status: 200 len: 1210 time: 0.0862846
2026-04-07 01:19:22.653 9 INFO neutron.api.wsgi [req-1c6ff98b-be97-4734-b742-4f703ca868d3 req-81720dde-4b18-4af4-b4dd-61cac94bb4a4 ca1bd0ad8b6949098b2b3358eb38aeef 82aed001f1e242db8691cdef50ac6404 - - default default] 10.0.0.43 "GET /v2.0/security-groups?id=284a9bac-0d5c-420c-95d6-b1b13f6cf02f&id=fd0ff388-0bba-4c50-a3ab-def158b119d5&fields=id&fields=name HTTP/1.1" status: 200 len: 406 time: 0.0372310
2026-04-07 01:19:22.696 9 INFO neutron.api.wsgi [-] 10.0.0.230 "GET / HTTP/1.1" status: 200 len: 246 time: 0.0024056
2026-04-07 01:19:22.697 10 INFO neutron.api.wsgi [-] 10.0.0.230 "GET / HTTP/1.1" status: 200 len: 246 time: 0.0031505
2026-04-07 01:19:23.037 9 INFO neutron.plugins.ml2.drivers.ovn.mech_driver.mech_driver [None req-b7d849ec-ccee-4a9c-9b6c-c219c48e1279 - - - - - -] OVN reports status down for port: 2f51f7f3-3ca5-4ec7-b051-31c26cd2a469
2026-04-07 01:19:23.259 9 INFO neutron.db.ovn_revision_numbers_db [None req-b7d849ec-ccee-4a9c-9b6c-c219c48e1279 - - - - - -] Successfully bumped revision number for resource 2f51f7f3-3ca5-4ec7-b051-31c26cd2a469 (type: ports) to 8
2026-04-07 01:19:23.408 10 INFO neutron.api.wsgi [None req-92f69b3f-77e8-4ba6-a847-85a71f30558b 18878a0d425b4acdb108715ae117b9b7 28b3f955963c4cc181f8e9e005ce9122 - - default default] 199.204.45.244 "GET /v2.0/ports?device_id=237909f3-cc85-4639-a24e-367bd2914884 HTTP/1.1" status: 200 len: 3748 time: 0.0456436
2026-04-07 01:19:23.600 9 INFO neutron.notifiers.nova [-] Nova event matching ['req-095bf7ec-3033-4479-8f9e-9c6ee46dea44'] response: {'server_uuid': 'd1889c52-818a-452c-a996-e20a86ec836e', 'name': 'network-vif-plugged', 'status': 'completed', 'tag': '831f7ba9-5806-4c0f-b49f-baa01ba80050', 'code': 200}
2026-04-07 01:19:23.600 9 INFO neutron.notifiers.nova [-] Nova event matching ['req-095bf7ec-3033-4479-8f9e-9c6ee46dea44'] response: {'server_uuid': '237909f3-cc85-4639-a24e-367bd2914884', 'name': 'network-vif-unplugged', 'status': 'completed', 'tag': '2f51f7f3-3ca5-4ec7-b051-31c26cd2a469', 'code': 200}
2026-04-07 01:19:23.602 9 INFO neutron.notifiers.nova [-] Nova event matching ['req-095bf7ec-3033-4479-8f9e-9c6ee46dea44'] response: {'server_uuid': '237909f3-cc85-4639-a24e-367bd2914884', 'name': 'network-vif-unplugged', 'status': 'completed', 'tag': '2f51f7f3-3ca5-4ec7-b051-31c26cd2a469', 'code': 200} /var/lib/openstack/lib/python3.12/site-packages/pycadf/identifier.py:71: UserWarning: Invalid uuid: neutron. To ensure interoperability, identifiers should be a valid uuid. warnings.warn(('Invalid uuid: %s. To ensure interoperability, '
2026-04-07 01:19:23.758 9 INFO neutron.api.wsgi [req-384e6738-5833-47fc-8282-44de4d83bee6 req-a1dc135f-0644-45e8-9be3-d287f86f102a ca1bd0ad8b6949098b2b3358eb38aeef 82aed001f1e242db8691cdef50ac6404 - - default default] 10.0.0.43 "GET /v2.0/ports?device_id=d1889c52-818a-452c-a996-e20a86ec836e HTTP/1.1" status: 200 len: 1210 time: 0.0376885
2026-04-07 01:19:23.809 9 INFO neutron.api.wsgi [req-384e6738-5833-47fc-8282-44de4d83bee6 req-a2153bc8-0fc8-40fe-a3f4-e53b1e5936cb ca1bd0ad8b6949098b2b3358eb38aeef 82aed001f1e242db8691cdef50ac6404 - - default default] 10.0.0.43 "GET /v2.0/security-groups?id=284a9bac-0d5c-420c-95d6-b1b13f6cf02f&id=fd0ff388-0bba-4c50-a3ab-def158b119d5&fields=id&fields=name HTTP/1.1" status: 200 len: 406 time: 0.0425172
2026-04-07 01:19:23.942 10 INFO neutron.api.wsgi [req-34ef71dd-d392-4e66-a060-4969b69c8622 req-7e2b2e4f-1c4e-4c96-8423-3f064faf90f6 ca1bd0ad8b6949098b2b3358eb38aeef 82aed001f1e242db8691cdef50ac6404 - - default default] 10.0.0.43 "GET /v2.0/ports?device_id=d1889c52-818a-452c-a996-e20a86ec836e HTTP/1.1" status: 200 len: 1210 time: 0.0699952
2026-04-07 01:19:24.404 9 INFO neutron.db.ovn_revision_numbers_db [None req-6390fea9-d3bc-42c3-9c92-1032d3990116 ca1bd0ad8b6949098b2b3358eb38aeef 82aed001f1e242db8691cdef50ac6404 - - default default] Successfully bumped revision number for resource 2865ed85-7d14-4a31-8676-ea695e8cacb5 (type: floatingips) to 1
2026-04-07 01:19:24.469 10 INFO neutron.api.wsgi [None req-8d17e530-46d2-45f9-af0b-6ff140126231 18878a0d425b4acdb108715ae117b9b7 28b3f955963c4cc181f8e9e005ce9122 - - default default] 199.204.45.244 "GET /v2.0/ports?device_id=237909f3-cc85-4639-a24e-367bd2914884 HTTP/1.1" status: 200 len: 3748 time: 0.0510955
2026-04-07 01:19:24.524 9 INFO neutron.db.ovn_revision_numbers_db [None req-6390fea9-d3bc-42c3-9c92-1032d3990116 ca1bd0ad8b6949098b2b3358eb38aeef 82aed001f1e242db8691cdef50ac6404 - - default default] Successfully bumped revision number for resource 2865ed85-7d14-4a31-8676-ea695e8cacb5 (type: floatingips) to 2
2026-04-07 01:19:24.525 9 INFO neutron.db.l3_db [None req-6390fea9-d3bc-42c3-9c92-1032d3990116 ca1bd0ad8b6949098b2b3358eb38aeef 82aed001f1e242db8691cdef50ac6404 - - default default] Floating IP 2865ed85-7d14-4a31-8676-ea695e8cacb5 associated. External IP: 10.96.250.217, port: 831f7ba9-5806-4c0f-b49f-baa01ba80050.
