2026-04-07 01:18:54.674 10 WARNING neutron.api.rpc.agentnotifiers.dhcp_rpc_agent_api [None req-b37996c6-ade7-4cca-b667-de0fc38ce3b3 31df92809a8342dd874eebe7bd3de715 1b6eab42f9504932af96178f4d1d4469 - - default default] Unable to schedule network c36e8d64-d320-4149-8f95-fbe24c715f1f: no agents available; will retry on subsequent port and subnet creation events.
2026-04-07 01:18:54.686 9 INFO neutron.api.wsgi [req-70a2d6ce-8c0d-4c01-871f-e60c5d52a98e req-4d8793fb-41ed-4c1a-820b-23d641daf1ea 077cfc4fdc9945279dd840bee508c26d 7b2064a28fc940e79a1ae6d59fa8558d - - f2cb70a218e141769260855bf15aa918 f2cb70a218e141769260855bf15aa918] 199.204.45.244 "GET /v2.0/networks/777aaa12-bbfa-4c95-bdd5-34b70372fee4?fields=provider%3Aphysical_network&fields=provider%3Anetwork_type HTTP/1.1" status: 200 len: 277 time: 0.0381210
2026-04-07 01:18:54.752 10 INFO neutron.db.ovn_revision_numbers_db [None req-b37996c6-ade7-4cca-b667-de0fc38ce3b3 31df92809a8342dd874eebe7bd3de715 1b6eab42f9504932af96178f4d1d4469 - - default default] Successfully bumped revision number for resource de73e391-eb79-4a4d-b98e-efbeb79fc09c (type: ports) to 1
2026-04-07 01:18:54.773 10 INFO neutron.api.wsgi [None req-b37996c6-ade7-4cca-b667-de0fc38ce3b3 31df92809a8342dd874eebe7bd3de715 1b6eab42f9504932af96178f4d1d4469 - - default default] 10.0.0.206 "POST /v2.0/ports HTTP/1.1" status: 201 len: 942 time: 0.3029227 /var/lib/openstack/lib/python3.12/site-packages/pycadf/identifier.py:71: UserWarning: Invalid uuid: neutron. To ensure interoperability, identifiers should be a valid uuid. warnings.warn(('Invalid uuid: %s. To ensure interoperability, '
2026-04-07 01:18:54.821 10 INFO neutron.api.wsgi [None req-d7fabf57-4287-487e-988d-514c131c044f 31df92809a8342dd874eebe7bd3de715 1b6eab42f9504932af96178f4d1d4469 - - default default] 10.0.0.206 "PUT /v2.0/ports/de73e391-eb79-4a4d-b98e-efbeb79fc09c/tags HTTP/1.1" status: 200 len: 218 time: 0.0422244
2026-04-07 01:18:54.858 10 INFO neutron.api.wsgi [None req-ed29b249-8f5f-44e7-a86a-347e551b2ede 31df92809a8342dd874eebe7bd3de715 1b6eab42f9504932af96178f4d1d4469 - - default default] 10.0.0.206 "GET /v2.0/ports/de73e391-eb79-4a4d-b98e-efbeb79fc09c/tags HTTP/1.1" status: 200 len: 218 time: 0.0319722
2026-04-07 01:18:54.909 10 INFO neutron.api.wsgi [None req-acd910fe-80ca-46c3-b0cf-f952a7cc1ac9 31df92809a8342dd874eebe7bd3de715 1b6eab42f9504932af96178f4d1d4469 - - default default] 10.0.0.206 "PUT /v2.0/ports/de73e391-eb79-4a4d-b98e-efbeb79fc09c/tags/green HTTP/1.1" status: 201 len: 201 time: 0.0451384
2026-04-07 01:18:54.940 10 INFO neutron.api.wsgi [None req-5b6ebb9d-4238-4d34-b3e9-e616fc400d09 31df92809a8342dd874eebe7bd3de715 1b6eab42f9504932af96178f4d1d4469 - - default default] 10.0.0.206 "GET /v2.0/ports/de73e391-eb79-4a4d-b98e-efbeb79fc09c/tags HTTP/1.1" status: 200 len: 227 time: 0.0275142
2026-04-07 01:18:54.977 10 INFO neutron.api.wsgi [None req-eeb70ba5-eb05-4b46-ac61-5bec364bf5ca 31df92809a8342dd874eebe7bd3de715 1b6eab42f9504932af96178f4d1d4469 - - default default] 10.0.0.206 "PUT /v2.0/ports/de73e391-eb79-4a4d-b98e-efbeb79fc09c/tags/red HTTP/1.1" status: 201 len: 201 time: 0.0326264
2026-04-07 01:18:55.010 10 INFO neutron.api.wsgi [None req-f30e0a0b-316a-4de0-b8d3-cf0f01a46f86 31df92809a8342dd874eebe7bd3de715 1b6eab42f9504932af96178f4d1d4469 - - default default] 10.0.0.206 "GET /v2.0/ports/de73e391-eb79-4a4d-b98e-efbeb79fc09c/tags HTTP/1.1" status: 200 len: 227 time: 0.0275052
2026-04-07 01:18:55.054 10 INFO neutron.api.wsgi [None req-be015999-3540-428f-9326-6845414fcb40 31df92809a8342dd874eebe7bd3de715 1b6eab42f9504932af96178f4d1d4469 - - default default] 10.0.0.206 "PUT /v2.0/ports/de73e391-eb79-4a4d-b98e-efbeb79fc09c/tags/black.or.white HTTP/1.1" status: 201 len: 201 time: 0.0380559
2026-04-07 01:18:55.083 10 INFO neutron.api.wsgi [None req-b06c238d-6efc-4238-bc1c-0c8b18e91e61 31df92809a8342dd874eebe7bd3de715 1b6eab42f9504932af96178f4d1d4469 - - default default] 10.0.0.206 "GET /v2.0/ports/de73e391-eb79-4a4d-b98e-efbeb79fc09c/tags HTTP/1.1" status: 200 len: 245 time: 0.0255909
2026-04-07 01:18:55.125 10 INFO neutron.api.wsgi [None req-f8509ebd-0ba9-482d-8ddf-ae3f0ff7e48c 31df92809a8342dd874eebe7bd3de715 1b6eab42f9504932af96178f4d1d4469 - - default default] 10.0.0.206 "PUT /v2.0/ports/de73e391-eb79-4a4d-b98e-efbeb79fc09c/tags HTTP/1.1" status: 200 len: 230 time: 0.0369852
2026-04-07 01:18:55.159 10 INFO neutron.api.wsgi [None req-01ce5baa-5779-4290-b5af-ceee49ccacb7 31df92809a8342dd874eebe7bd3de715 1b6eab42f9504932af96178f4d1d4469 - - default default] 10.0.0.206 "GET /v2.0/ports/de73e391-eb79-4a4d-b98e-efbeb79fc09c/tags HTTP/1.1" status: 200 len: 230 time: 0.0295553
2026-04-07 01:18:55.192 10 INFO neutron.api.wsgi [None req-af383e5d-9bb6-4c9e-b067-a590e1a6789e 31df92809a8342dd874eebe7bd3de715 1b6eab42f9504932af96178f4d1d4469 - - default default] 10.0.0.206 "GET /v2.0/ports/de73e391-eb79-4a4d-b98e-efbeb79fc09c/tags/red HTTP/1.1" status: 204 len: 168 time: 0.0277669
2026-04-07 01:18:55.223 10 INFO neutron.api.v2.resource [None req-94c992d3-644d-45ba-a963-b3075cf8e575 31df92809a8342dd874eebe7bd3de715 1b6eab42f9504932af96178f4d1d4469 - - default default] show failed (client error): The resource could not be found.
2026-04-07 01:18:55.224 10 INFO neutron.api.wsgi [None req-94c992d3-644d-45ba-a963-b3075cf8e575 31df92809a8342dd874eebe7bd3de715 1b6eab42f9504932af96178f4d1d4469 - - default default] 10.0.0.206 "GET /v2.0/ports/de73e391-eb79-4a4d-b98e-efbeb79fc09c/tags/green HTTP/1.1" status: 404 len: 299 time: 0.0269928
2026-04-07 01:18:55.266 10 INFO neutron.api.wsgi [None req-3308993b-a6e3-4c31-b14a-fbf048591786 31df92809a8342dd874eebe7bd3de715 1b6eab42f9504932af96178f4d1d4469 - - default default] 10.0.0.206 "DELETE /v2.0/ports/de73e391-eb79-4a4d-b98e-efbeb79fc09c/tags/red HTTP/1.1" status: 204 len: 168 time: 0.0375042
2026-04-07 01:18:55.295 10 INFO neutron.api.wsgi [None req-a2e53b5c-856b-47f8-b2cc-a55a84b304d0 31df92809a8342dd874eebe7bd3de715 1b6eab42f9504932af96178f4d1d4469 - - default default] 10.0.0.206 "GET /v2.0/ports/de73e391-eb79-4a4d-b98e-efbeb79fc09c/tags HTTP/1.1" status: 200 len: 223 time: 0.0257180
2026-04-07 01:18:55.325 10 INFO neutron.api.v2.resource [None req-b53df6eb-2ba9-4ffc-8ef7-875eb33db424 31df92809a8342dd874eebe7bd3de715 1b6eab42f9504932af96178f4d1d4469 - - default default] delete failed (client error): The resource could not be found.
2026-04-07 01:18:55.327 10 INFO neutron.api.wsgi [None req-b53df6eb-2ba9-4ffc-8ef7-875eb33db424 31df92809a8342dd874eebe7bd3de715 1b6eab42f9504932af96178f4d1d4469 - - default default] 10.0.0.206 "DELETE /v2.0/ports/de73e391-eb79-4a4d-b98e-efbeb79fc09c/tags/green HTTP/1.1" status: 404 len: 299 time: 0.0275986
2026-04-07 01:18:55.371 10 INFO neutron.api.wsgi [None req-39c33f87-62de-41cb-a577-82e385d14d39 31df92809a8342dd874eebe7bd3de715 1b6eab42f9504932af96178f4d1d4469 - - default default] 10.0.0.206 "DELETE /v2.0/ports/de73e391-eb79-4a4d-b98e-efbeb79fc09c/tags HTTP/1.1" status: 204 len: 168 time: 0.0395215
2026-04-07 01:18:55.410 10 INFO neutron.api.wsgi [None req-7a8ac4b6-8739-4265-b8c9-0c017bd9796f 31df92809a8342dd874eebe7bd3de715 1b6eab42f9504932af96178f4d1d4469 - - default default] 10.0.0.206 "GET /v2.0/ports/de73e391-eb79-4a4d-b98e-efbeb79fc09c/tags HTTP/1.1" status: 200 len: 205 time: 0.0351627
2026-04-07 01:18:55.645 10 INFO neutron.api.wsgi [None req-9b745259-f7fb-4927-b198-32b62a8de897 31df92809a8342dd874eebe7bd3de715 1b6eab42f9504932af96178f4d1d4469 - - default default] 10.0.0.206 "DELETE /v2.0/ports/de73e391-eb79-4a4d-b98e-efbeb79fc09c HTTP/1.1" status: 204 len: 168 time: 0.2293923
2026-04-07 01:18:55.733 9 INFO neutron.db.ovn_revision_numbers_db [None req-03529ef2-9e7a-4f0f-89fd-9db2bcc9db99 18878a0d425b4acdb108715ae117b9b7 28b3f955963c4cc181f8e9e005ce9122 - - default default] Successfully bumped revision number for resource 23da29ee-d30d-434c-b636-1eed21938f40 (type: security_groups) to 1
2026-04-07 01:18:55.755 9 INFO neutron.api.wsgi [req-309efd0f-9b1f-47dc-b4aa-acfbda3701a4 req-fbf68bb2-b544-47d0-bc0a-1e43cc1c9500 077cfc4fdc9945279dd840bee508c26d 7b2064a28fc940e79a1ae6d59fa8558d - - f2cb70a218e141769260855bf15aa918 f2cb70a218e141769260855bf15aa918] 199.204.45.244 "GET /v2.0/ports?tenant_id=28b3f955963c4cc181f8e9e005ce9122&device_id=237909f3-cc85-4639-a24e-367bd2914884 HTTP/1.1" status: 200 len: 5354 time: 0.0539739
2026-04-07 01:18:55.770 9 INFO neutron.db.ovn_revision_numbers_db [None req-03529ef2-9e7a-4f0f-89fd-9db2bcc9db99 18878a0d425b4acdb108715ae117b9b7 28b3f955963c4cc181f8e9e005ce9122 - - default default] Successfully bumped revision number for resource 1205d776-caa0-420c-b5d9-8b0943236910 (type: security_group_rules) to 0
2026-04-07 01:18:55.780 9 INFO neutron.api.wsgi [req-309efd0f-9b1f-47dc-b4aa-acfbda3701a4 req-6e951eb2-a202-4224-ab42-393cb3b0d0c9 077cfc4fdc9945279dd840bee508c26d 7b2064a28fc940e79a1ae6d59fa8558d - - f2cb70a218e141769260855bf15aa918 f2cb70a218e141769260855bf15aa918] 199.204.45.244 "GET /v2.0/floatingips?fixed_ip_address=172.24.0.175&port_id=47875aae-967e-4f37-9469-cb6feb5699ab HTTP/1.1" status: 200 len: 217 time: 0.0149915
2026-04-07 01:18:55.792 9 INFO neutron.db.ovn_revision_numbers_db [None req-03529ef2-9e7a-4f0f-89fd-9db2bcc9db99 18878a0d425b4acdb108715ae117b9b7 28b3f955963c4cc181f8e9e005ce9122 - - default default] Successfully bumped revision number for resource 312df93e-ecc8-4b07-b991-7ba55d55ef11 (type: security_group_rules) to 0
2026-04-07 01:18:55.810 9 INFO neutron.db.ovn_revision_numbers_db [None req-03529ef2-9e7a-4f0f-89fd-9db2bcc9db99 18878a0d425b4acdb108715ae117b9b7 28b3f955963c4cc181f8e9e005ce9122 - - default default] Successfully bumped revision number for resource a4ea260e-56e4-40d2-bf7e-69564b0d17a6 (type: security_group_rules) to 0
2026-04-07 01:18:55.819 9 INFO neutron.api.wsgi [req-309efd0f-9b1f-47dc-b4aa-acfbda3701a4 req-423c6f54-6915-45d8-8972-2b7179e27d57 077cfc4fdc9945279dd840bee508c26d 7b2064a28fc940e79a1ae6d59fa8558d - - f2cb70a218e141769260855bf15aa918 f2cb70a218e141769260855bf15aa918] 199.204.45.244 "GET /v2.0/subnets?id=9e21c2c3-6614-4359-b0a8-74f3fbcf56d0 HTTP/1.1" status: 200 len: 853 time: 0.0323057
2026-04-07 01:18:55.832 9 INFO neutron.db.ovn_revision_numbers_db [None req-03529ef2-9e7a-4f0f-89fd-9db2bcc9db99 18878a0d425b4acdb108715ae117b9b7 28b3f955963c4cc181f8e9e005ce9122 - - default default] Successfully bumped revision number for resource c0c1eb9b-370e-48ba-88f3-269b37fb344b (type: security_group_rules) to 0
2026-04-07 01:18:55.841 9 INFO neutron.api.wsgi [req-309efd0f-9b1f-47dc-b4aa-acfbda3701a4 req-ec9c3ea5-312c-4490-b048-5a5a6de01fcd 077cfc4fdc9945279dd840bee508c26d 7b2064a28fc940e79a1ae6d59fa8558d - - f2cb70a218e141769260855bf15aa918 f2cb70a218e141769260855bf15aa918] 199.204.45.244 "GET /v2.0/ports?network_id=44b74d59-e6b7-43c9-90c8-e6fc83d52fe1&device_owner=network%3Adhcp HTTP/1.1" status: 200 len: 210 time: 0.0167663
2026-04-07 01:18:55.891 9 INFO neutron.api.wsgi [None req-03529ef2-9e7a-4f0f-89fd-9db2bcc9db99 18878a0d425b4acdb108715ae117b9b7 28b3f955963c4cc181f8e9e005ce9122 - - default default] 10.0.0.206 "GET /v2.0/security-groups?tenant_id=a03772c5f83447ee90680e2072b89772&name=default HTTP/1.1" status: 200 len: 3120 time: 0.3621500
2026-04-07 01:18:55.908 9 INFO neutron.api.wsgi [req-309efd0f-9b1f-47dc-b4aa-acfbda3701a4 req-55515d3f-ebdd-419e-8b7d-26ef6745b973 077cfc4fdc9945279dd840bee508c26d 7b2064a28fc940e79a1ae6d59fa8558d - - f2cb70a218e141769260855bf15aa918 f2cb70a218e141769260855bf15aa918] 199.204.45.244 "GET /v2.0/networks/44b74d59-e6b7-43c9-90c8-e6fc83d52fe1?fields=segments HTTP/1.1" status: 200 len: 212 time: 0.0577755
2026-04-07 01:18:55.956 9 INFO neutron.api.wsgi [req-309efd0f-9b1f-47dc-b4aa-acfbda3701a4 req-ca2d5f5c-bb41-4f2e-b159-1856ae2395d9 077cfc4fdc9945279dd840bee508c26d 7b2064a28fc940e79a1ae6d59fa8558d - - f2cb70a218e141769260855bf15aa918 f2cb70a218e141769260855bf15aa918] 199.204.45.244 "GET /v2.0/networks/44b74d59-e6b7-43c9-90c8-e6fc83d52fe1?fields=provider%3Aphysical_network&fields=provider%3Anetwork_type HTTP/1.1" status: 200 len: 277 time: 0.0421166
2026-04-07 01:18:55.977 9 INFO neutron.api.wsgi [req-309efd0f-9b1f-47dc-b4aa-acfbda3701a4 req-10962660-1d96-4345-a50e-01d617219215 077cfc4fdc9945279dd840bee508c26d 7b2064a28fc940e79a1ae6d59fa8558d - - f2cb70a218e141769260855bf15aa918 f2cb70a218e141769260855bf15aa918] 199.204.45.244 "GET /v2.0/floatingips?fixed_ip_address=10.1.1.237&port_id=a7eb8983-43b0-4861-94be-149440df8984 HTTP/1.1" status: 200 len: 217 time: 0.0161927
2026-04-07 01:18:56.023 9 INFO neutron.api.wsgi [req-309efd0f-9b1f-47dc-b4aa-acfbda3701a4 req-e0f62b56-b457-47a5-91e3-65f7e6dd050b 077cfc4fdc9945279dd840bee508c26d 7b2064a28fc940e79a1ae6d59fa8558d - - f2cb70a218e141769260855bf15aa918 f2cb70a218e141769260855bf15aa918] 199.204.45.244 "GET /v2.0/subnets?id=d2c09d54-3cfb-47ff-b82c-b9684c909d8c HTTP/1.1" status: 200 len: 878 time: 0.0418038
2026-04-07 01:18:56.025 9 INFO neutron.services.segments.plugin [-] Segment 72eca6f5-0861-4b06-817d-559402b1fc98 resource provider aggregate not found
2026-04-07 01:18:56.027 9 INFO neutron.services.segments.plugin [-] Segment 72eca6f5-0861-4b06-817d-559402b1fc98 resource provider aggregate not found
2026-04-07 01:18:56.036 9 INFO neutron.services.segments.plugin [-] Segment 72eca6f5-0861-4b06-817d-559402b1fc98 resource provider not found; error: Placement Client Error (4xx): {"errors": [{"status": 404, "title": "Not Found", "detail": "The resource could not be found.\n\n No resource provider with uuid 72eca6f5-0861-4b06-817d-559402b1fc98 found for delete ", "request_id": "req-8487d53b-f56c-4749-a25e-e9a8b8729539"}]}
2026-04-07 01:18:56.040 9 INFO neutron.services.segments.plugin [-] Segment 72eca6f5-0861-4b06-817d-559402b1fc98 resource provider not found; error: Placement Client Error (4xx): {"errors": [{"status": 404, "title": "Not Found", "detail": "The resource could not be found.\n\n No resource provider with uuid 72eca6f5-0861-4b06-817d-559402b1fc98 found for delete ", "request_id": "req-93788203-6f15-4bd4-b43b-2f67d6607ff5"}]}
2026-04-07 01:18:56.041 9 INFO neutron.api.wsgi [req-309efd0f-9b1f-47dc-b4aa-acfbda3701a4 req-c90cb507-e162-4887-b8df-f036a4e5411e 077cfc4fdc9945279dd840bee508c26d 7b2064a28fc940e79a1ae6d59fa8558d - - f2cb70a218e141769260855bf15aa918 f2cb70a218e141769260855bf15aa918] 199.204.45.244 "GET /v2.0/ports?network_id=5c1ea1ff-7b04-425e-88c5-0cf5232bc5b3&device_owner=network%3Adhcp HTTP/1.1" status: 200 len: 210 time: 0.0116789
2026-04-07 01:18:56.062 9 INFO neutron.api.wsgi [None req-2ecf26ce-7249-4da4-b22d-ef17cd5589b0 31df92809a8342dd874eebe7bd3de715 1b6eab42f9504932af96178f4d1d4469 - - default default] 10.0.0.206 "DELETE /v2.0/networks/c36e8d64-d320-4149-8f95-fbe24c715f1f HTTP/1.1" status: 204 len: 168 time: 0.4121456
2026-04-07 01:18:56.077 9 INFO neutron.api.wsgi [req-309efd0f-9b1f-47dc-b4aa-acfbda3701a4 req-c7b111c7-f0fa-4156-a39e-5c50157a4815 077cfc4fdc9945279dd840bee508c26d 7b2064a28fc940e79a1ae6d59fa8558d - - f2cb70a218e141769260855bf15aa918 f2cb70a218e141769260855bf15aa918] 199.204.45.244 "GET /v2.0/networks/5c1ea1ff-7b04-425e-88c5-0cf5232bc5b3?fields=segments HTTP/1.1" status: 200 len: 212 time: 0.0318868
2026-04-07 01:18:56.097 10 INFO neutron.api.wsgi [None req-a160ecc8-e400-475b-bc09-84c16c6dbde5 18878a0d425b4acdb108715ae117b9b7 28b3f955963c4cc181f8e9e005ce9122 - - default default] 10.0.0.206 "DELETE /v2.0/security-groups/23da29ee-d30d-434c-b636-1eed21938f40 HTTP/1.1" status: 204 len: 168 time: 0.2000833
2026-04-07 01:18:56.120 9 INFO neutron.api.wsgi [req-309efd0f-9b1f-47dc-b4aa-acfbda3701a4 req-3c460849-3fed-4c56-98da-701f524fa522 077cfc4fdc9945279dd840bee508c26d 7b2064a28fc940e79a1ae6d59fa8558d - - f2cb70a218e141769260855bf15aa918 f2cb70a218e141769260855bf15aa918] 199.204.45.244 "GET /v2.0/networks/5c1ea1ff-7b04-425e-88c5-0cf5232bc5b3?fields=provider%3Aphysical_network&fields=provider%3Anetwork_type HTTP/1.1" status: 200 len: 277 time: 0.0376008
2026-04-07 01:18:56.139 9 INFO neutron.api.wsgi [req-309efd0f-9b1f-47dc-b4aa-acfbda3701a4 req-efab0200-f512-48d9-a249-c4d373d86398 077cfc4fdc9945279dd840bee508c26d 7b2064a28fc940e79a1ae6d59fa8558d - - f2cb70a218e141769260855bf15aa918 f2cb70a218e141769260855bf15aa918] 199.204.45.244 "GET /v2.0/floatingips?fixed_ip_address=10.2.1.240&port_id=2f51f7f3-3ca5-4ec7-b051-31c26cd2a469 HTTP/1.1" status: 200 len: 217 time: 0.0144720
2026-04-07 01:18:56.170 9 INFO neutron.api.wsgi [req-309efd0f-9b1f-47dc-b4aa-acfbda3701a4 req-e4486649-bb1d-4684-b2dc-bc144094dc64 077cfc4fdc9945279dd840bee508c26d 7b2064a28fc940e79a1ae6d59fa8558d - - f2cb70a218e141769260855bf15aa918 f2cb70a218e141769260855bf15aa918] 199.204.45.244 "GET /v2.0/subnets?id=0b883af0-764b-40cf-9116-842bb8601cd4 HTTP/1.1" status: 200 len: 876 time: 0.0257688
2026-04-07 01:18:56.194 9 INFO neutron.api.wsgi [req-309efd0f-9b1f-47dc-b4aa-acfbda3701a4 req-3d47df68-105e-4d2c-8248-c9d6a0bec559 077cfc4fdc9945279dd840bee508c26d 7b2064a28fc940e79a1ae6d59fa8558d - - f2cb70a218e141769260855bf15aa918 f2cb70a218e141769260855bf15aa918] 199.204.45.244 "GET /v2.0/ports?network_id=c538e71e-691b-49f8-a777-c0eb46f0f424&device_owner=network%3Adhcp HTTP/1.1" status: 200 len: 210 time: 0.0187354
2026-04-07 01:18:56.242 9 INFO neutron.api.wsgi [req-309efd0f-9b1f-47dc-b4aa-acfbda3701a4 req-aeb0e270-0229-469b-b55d-93420e91e084 077cfc4fdc9945279dd840bee508c26d 7b2064a28fc940e79a1ae6d59fa8558d - - f2cb70a218e141769260855bf15aa918 f2cb70a218e141769260855bf15aa918] 199.204.45.244 "GET /v2.0/networks/c538e71e-691b-49f8-a777-c0eb46f0f424?fields=segments HTTP/1.1" status: 200 len: 212 time: 0.0408156
2026-04-07 01:18:56.286 9 INFO neutron.api.wsgi [req-309efd0f-9b1f-47dc-b4aa-acfbda3701a4 req-bac59b99-0240-431d-b354-5f2c546c4de2 077cfc4fdc9945279dd840bee508c26d 7b2064a28fc940e79a1ae6d59fa8558d - - f2cb70a218e141769260855bf15aa918 f2cb70a218e141769260855bf15aa918] 199.204.45.244 "GET /v2.0/networks/c538e71e-691b-49f8-a777-c0eb46f0f424?fields=provider%3Aphysical_network&fields=provider%3Anetwork_type HTTP/1.1" status: 200 len: 277 time: 0.0386510
2026-04-07 01:18:56.308 9 INFO neutron.api.wsgi [req-309efd0f-9b1f-47dc-b4aa-acfbda3701a4 req-91ce4baa-53fe-4450-9a2f-6ae7a132356a 077cfc4fdc9945279dd840bee508c26d 7b2064a28fc940e79a1ae6d59fa8558d - - f2cb70a218e141769260855bf15aa918 f2cb70a218e141769260855bf15aa918] 199.204.45.244 "GET /v2.0/floatingips?fixed_ip_address=10.2.2.194&port_id=12244224-9435-4765-83ed-5840fed6ba01 HTTP/1.1" status: 200 len: 217 time: 0.0159016
2026-04-07 01:18:56.333 9 INFO neutron.api.wsgi [req-309efd0f-9b1f-47dc-b4aa-acfbda3701a4 req-c20e6ac4-4dd2-41cf-abaf-7894d44ee9bb 077cfc4fdc9945279dd840bee508c26d 7b2064a28fc940e79a1ae6d59fa8558d - - f2cb70a218e141769260855bf15aa918 f2cb70a218e141769260855bf15aa918] 199.204.45.244 "GET /v2.0/floatingips?fixed_ip_address=fd77%3A1457%3A4cf0%3A26a8%3A%3A2fe&port_id=12244224-9435-4765-83ed-5840fed6ba01 HTTP/1.1" status: 200 len: 217 time: 0.0176184
2026-04-07 01:18:56.360 9 INFO neutron.api.wsgi [req-309efd0f-9b1f-47dc-b4aa-acfbda3701a4 req-69ae0057-69f8-408c-bbcf-f865476746ae 077cfc4fdc9945279dd840bee508c26d 7b2064a28fc940e79a1ae6d59fa8558d - - f2cb70a218e141769260855bf15aa918 f2cb70a218e141769260855bf15aa918] 199.204.45.244 "GET /v2.0/subnets?id=f2c50d5a-cdf4-4459-bc73-c8241de20f9b&id=4b672605-5c5f-43a8-8bb0-b29d2250292d HTTP/1.1" status: 200 len: 1614 time: 0.0216093
2026-04-07 01:18:56.380 9 INFO neutron.api.wsgi [req-309efd0f-9b1f-47dc-b4aa-acfbda3701a4 req-4c66ef19-39d2-4e35-a2c7-47cb7b10ba5b 077cfc4fdc9945279dd840bee508c26d 7b2064a28fc940e79a1ae6d59fa8558d - - f2cb70a218e141769260855bf15aa918 f2cb70a218e141769260855bf15aa918] 199.204.45.244 "GET /v2.0/ports?network_id=777aaa12-bbfa-4c95-bdd5-34b70372fee4&device_owner=network%3Adhcp HTTP/1.1" status: 200 len: 210 time: 0.0146904
2026-04-07 01:18:56.399 9 INFO neutron.api.wsgi [req-309efd0f-9b1f-47dc-b4aa-acfbda3701a4 req-ff7ac21f-c5db-45cb-b46f-3dc5f2a1d987 077cfc4fdc9945279dd840bee508c26d 7b2064a28fc940e79a1ae6d59fa8558d - - f2cb70a218e141769260855bf15aa918 f2cb70a218e141769260855bf15aa918] 199.204.45.244 "GET /v2.0/ports?network_id=777aaa12-bbfa-4c95-bdd5-34b70372fee4&device_owner=network%3Adhcp HTTP/1.1" status: 200 len: 210 time: 0.0133917
2026-04-07 01:18:56.445 9 INFO neutron.api.wsgi [req-309efd0f-9b1f-47dc-b4aa-acfbda3701a4 req-28d502cf-6edf-4805-9588-399966fb8b6b 077cfc4fdc9945279dd840bee508c26d 7b2064a28fc940e79a1ae6d59fa8558d - - f2cb70a218e141769260855bf15aa918 f2cb70a218e141769260855bf15aa918] 199.204.45.244 "GET /v2.0/networks/777aaa12-bbfa-4c95-bdd5-34b70372fee4?fields=segments HTTP/1.1" status: 200 len: 212 time: 0.0416665
2026-04-07 01:18:56.483 9 INFO neutron.api.wsgi [req-309efd0f-9b1f-47dc-b4aa-acfbda3701a4 req-b9d4aa0b-ed04-46ab-8046-30e7cb17080f 077cfc4fdc9945279dd840bee508c26d 7b2064a28fc940e79a1ae6d59fa8558d - - f2cb70a218e141769260855bf15aa918 f2cb70a218e141769260855bf15aa918] 199.204.45.244 "GET /v2.0/networks/777aaa12-bbfa-4c95-bdd5-34b70372fee4?fields=provider%3Aphysical_network&fields=provider%3Anetwork_type HTTP/1.1" status: 200 len: 277 time: 0.0343924
2026-04-07 01:18:56.886 9 INFO neutron.db.ovn_revision_numbers_db [None req-f4920692-889e-4567-964a-37ad9e4a0ae8 18878a0d425b4acdb108715ae117b9b7 28b3f955963c4cc181f8e9e005ce9122 - - default default] Successfully bumped revision number for resource a4f3d89e-f732-4462-b70d-050b03319f04 (type: security_groups) to 1
2026-04-07 01:18:56.902 9 INFO neutron.db.ovn_revision_numbers_db [None req-f4920692-889e-4567-964a-37ad9e4a0ae8 18878a0d425b4acdb108715ae117b9b7 28b3f955963c4cc181f8e9e005ce9122 - - default default] Successfully bumped revision number for resource 1dce6ae2-8bfd-472a-9f93-91e518c42415 (type: security_group_rules) to 0
2026-04-07 01:18:56.912 9 INFO neutron.db.ovn_revision_numbers_db [None req-f4920692-889e-4567-964a-37ad9e4a0ae8 18878a0d425b4acdb108715ae117b9b7 28b3f955963c4cc181f8e9e005ce9122 - - default default] Successfully bumped revision number for resource 5728c829-2a5f-428e-ac93-c8b8627a87ef (type: security_group_rules) to 0
2026-04-07 01:18:56.922 9 INFO neutron.db.ovn_revision_numbers_db [None req-f4920692-889e-4567-964a-37ad9e4a0ae8 18878a0d425b4acdb108715ae117b9b7 28b3f955963c4cc181f8e9e005ce9122 - - default default] Successfully bumped revision number for resource 91603cdc-8316-4a70-8357-21975db0b907 (type: security_group_rules) to 0
2026-04-07 01:18:56.933 9 INFO neutron.db.ovn_revision_numbers_db [None req-f4920692-889e-4567-964a-37ad9e4a0ae8 18878a0d425b4acdb108715ae117b9b7 28b3f955963c4cc181f8e9e005ce9122 - - default default] Successfully bumped revision number for resource e893fc22-b218-40bf-9b0a-ecf4d704fd8f (type: security_group_rules) to 0
2026-04-07 01:18:56.964 9 INFO neutron.api.wsgi [None req-f4920692-889e-4567-964a-37ad9e4a0ae8 18878a0d425b4acdb108715ae117b9b7 28b3f955963c4cc181f8e9e005ce9122 - - default default] 10.0.0.206 "GET /v2.0/security-groups?tenant_id=d00a7a7de34f490c995cdaf00f3bf723&name=default HTTP/1.1" status: 200 len: 3120 time: 0.3277926
2026-04-07 01:18:57.064 10 INFO neutron.plugins.ml2.drivers.ovn.mech_driver.mech_driver [None req-f494a070-b22c-47e7-ad51-22081b7bb929 - - - - - -] OVN reports status up for port: 12244224-9435-4765-83ed-5840fed6ba01
2026-04-07 01:18:57.089 10 INFO neutron.plugins.ml2.plugin [None req-f494a070-b22c-47e7-ad51-22081b7bb929 - - - - - -] Attempt 1 to provision port 12244224-9435-4765-83ed-5840fed6ba01
2026-04-07 01:18:57.235 10 INFO neutron.notifiers.nova [-] Nova event matching ['req-0ad2bf89-17f8-4ce2-95e3-236cc37d74cd'] response: {'server_uuid': '237909f3-cc85-4639-a24e-367bd2914884', 'name': 'network-vif-plugged', 'status': 'completed', 'tag': '12244224-9435-4765-83ed-5840fed6ba01', 'code': 200}
2026-04-07 01:18:57.247 10 INFO neutron.api.wsgi [None req-1fd544bd-94bf-4722-85b6-204b9332cd9f 18878a0d425b4acdb108715ae117b9b7 28b3f955963c4cc181f8e9e005ce9122 - - default default] 10.0.0.206 "DELETE /v2.0/security-groups/a4f3d89e-f732-4462-b70d-050b03319f04 HTTP/1.1" status: 204 len: 168 time: 0.2791021
2026-04-07 01:18:57.327 10 INFO neutron.db.ovn_revision_numbers_db [None req-f494a070-b22c-47e7-ad51-22081b7bb929 - - - - - -] Successfully bumped revision number for resource 12244224-9435-4765-83ed-5840fed6ba01 (type: ports) to 5
2026-04-07 01:18:57.378 9 INFO neutron.api.wsgi [None req-465c855a-3674-49b3-ac12-4f540d79bc6b 18878a0d425b4acdb108715ae117b9b7 28b3f955963c4cc181f8e9e005ce9122 - - default default] 10.0.0.206 "GET /v2.0/security-groups?tenant_id=1b6eab42f9504932af96178f4d1d4469&name=default HTTP/1.1" status: 200 len: 3120 time: 0.0364175
2026-04-07 01:18:57.565 9 INFO neutron.api.wsgi [None req-a9080620-4746-4303-860b-0bba3e04ac65 18878a0d425b4acdb108715ae117b9b7 28b3f955963c4cc181f8e9e005ce9122 - - default default] 10.0.0.206 "DELETE /v2.0/security-groups/31281b30-c928-40bd-92a5-e49c23ae0bf6 HTTP/1.1" status: 204 len: 168 time: 0.1823590
2026-04-07 01:18:58.236 9 INFO neutron.db.ovn_revision_numbers_db [None req-c1ec436a-d710-4abe-a812-ad36d17ab97f 18878a0d425b4acdb108715ae117b9b7 28b3f955963c4cc181f8e9e005ce9122 - - default default] Successfully bumped revision number for resource edcbb506-44ee-4bfe-b214-4ac918bfdeea (type: security_groups) to 1
2026-04-07 01:18:58.248 9 INFO neutron.db.ovn_revision_numbers_db [None req-c1ec436a-d710-4abe-a812-ad36d17ab97f 18878a0d425b4acdb108715ae117b9b7 28b3f955963c4cc181f8e9e005ce9122 - - default default] Successfully bumped revision number for resource 1304eed4-a9ea-4d70-b51a-14bbbf753a65 (type: security_group_rules) to 0
2026-04-07 01:18:58.259 9 INFO neutron.db.ovn_revision_numbers_db [None req-c1ec436a-d710-4abe-a812-ad36d17ab97f 18878a0d425b4acdb108715ae117b9b7 28b3f955963c4cc181f8e9e005ce9122 - - default default] Successfully bumped revision number for resource 5e78dc75-660e-4be9-9613-983bce988217 (type: security_group_rules) to 0
2026-04-07 01:18:58.269 9 INFO neutron.db.ovn_revision_numbers_db [None req-c1ec436a-d710-4abe-a812-ad36d17ab97f 18878a0d425b4acdb108715ae117b9b7 28b3f955963c4cc181f8e9e005ce9122 - - default default] Successfully bumped revision number for resource 9b1a663b-2e34-45a7-866d-0e5b8a51754a (type: security_group_rules) to 0
2026-04-07 01:18:58.281 9 INFO neutron.db.ovn_revision_numbers_db [None req-c1ec436a-d710-4abe-a812-ad36d17ab97f 18878a0d425b4acdb108715ae117b9b7 28b3f955963c4cc181f8e9e005ce9122 - - default default] Successfully bumped revision number for resource abb1932e-d3d2-41ad-aa67-067903ef993e (type: security_group_rules) to 0
2026-04-07 01:18:58.351 9 INFO neutron.db.segments_db [None req-c1ec436a-d710-4abe-a812-ad36d17ab97f 18878a0d425b4acdb108715ae117b9b7 28b3f955963c4cc181f8e9e005ce9122 - - default default] Added segment 20fd021d-6d9b-4cad-9c6c-74772014ddd8 of type geneve for network 56d1239a-a05e-4268-8182-5f8bc44598ef
2026-04-07 01:18:58.448 9 INFO neutron.db.ovn_revision_numbers_db [None req-c1ec436a-d710-4abe-a812-ad36d17ab97f 18878a0d425b4acdb108715ae117b9b7 28b3f955963c4cc181f8e9e005ce9122 - - default default] Successfully bumped revision number for resource 56d1239a-a05e-4268-8182-5f8bc44598ef (type: networks) to 1
2026-04-07 01:18:58.578 9 WARNING neutron.scheduler.dhcp_agent_scheduler [None req-c1ec436a-d710-4abe-a812-ad36d17ab97f 18878a0d425b4acdb108715ae117b9b7 28b3f955963c4cc181f8e9e005ce9122 - - default default] No more DHCP agents
2026-04-07 01:18:58.579 9 WARNING neutron.api.rpc.agentnotifiers.dhcp_rpc_agent_api [None req-c1ec436a-d710-4abe-a812-ad36d17ab97f 18878a0d425b4acdb108715ae117b9b7 28b3f955963c4cc181f8e9e005ce9122 - - default default] Unable to schedule network 56d1239a-a05e-4268-8182-5f8bc44598ef: no agents available; will retry on subsequent port and subnet creation events.
2026-04-07 01:18:58.651 9 INFO neutron.db.ovn_revision_numbers_db [None req-c1ec436a-d710-4abe-a812-ad36d17ab97f 18878a0d425b4acdb108715ae117b9b7 28b3f955963c4cc181f8e9e005ce9122 - - default default] Successfully bumped revision number for resource 141c0be2-70ef-48df-bdaa-89143382924a (type: ports) to 1
2026-04-07 01:18:58.671 9 INFO neutron.api.wsgi [None req-c1ec436a-d710-4abe-a812-ad36d17ab97f 18878a0d425b4acdb108715ae117b9b7 28b3f955963c4cc181f8e9e005ce9122 - - default default] 10.0.0.206 "POST /v2.0/networks HTTP/1.1" status: 201 len: 943 time: 0.7179983
2026-04-07 01:18:58.822 9 WARNING neutron.scheduler.dhcp_agent_scheduler [None req-e26fc6ee-401b-4b2f-a963-70cb3116e3fb 18878a0d425b4acdb108715ae117b9b7 28b3f955963c4cc181f8e9e005ce9122 - - default default] No more DHCP agents
2026-04-07 01:18:58.824 9 WARNING neutron.api.rpc.agentnotifiers.dhcp_rpc_agent_api [None req-e26fc6ee-401b-4b2f-a963-70cb3116e3fb 18878a0d425b4acdb108715ae117b9b7 28b3f955963c4cc181f8e9e005ce9122 - - default default] Unable to schedule network 56d1239a-a05e-4268-8182-5f8bc44598ef: no agents available; will retry on subsequent port and subnet creation events.
2026-04-07 01:18:59.242 9 INFO neutron.db.ovn_revision_numbers_db [None req-142d6f20-bdb9-4b8b-919c-8c00f9b3c805 - - - - - -] Successfully bumped revision number for resource 141c0be2-70ef-48df-bdaa-89143382924a (type: ports) to 2
2026-04-07 01:18:59.267 9 INFO neutron.db.ovn_revision_numbers_db [None req-142d6f20-bdb9-4b8b-919c-8c00f9b3c805 - - - - - -] Successfully bumped revision number for resource a9d42d7a-dc3a-479a-a124-acf0c46ad082 (type: subnets) to 0
2026-04-07 01:18:59.271 10 INFO neutron.notifiers.nova [-] Nova event matching ['req-0b9b4b2b-144c-4021-adac-f0f9dc113b22'] response: {'server_uuid': '237909f3-cc85-4639-a24e-367bd2914884', 'name': 'network-vif-plugged', 'status': 'completed', 'tag': '12244224-9435-4765-83ed-5840fed6ba01', 'code': 200}
2026-04-07 01:18:59.280 9 INFO neutron.api.wsgi [None req-e26fc6ee-401b-4b2f-a963-70cb3116e3fb 18878a0d425b4acdb108715ae117b9b7 28b3f955963c4cc181f8e9e005ce9122 - - default default] 10.0.0.206 "POST /v2.0/subnets HTTP/1.1" status: 201 len: 887 time: 0.6048756
2026-04-07 01:18:59.732 9 INFO neutron.api.wsgi [req-309efd0f-9b1f-47dc-b4aa-acfbda3701a4 req-93c2e566-21b6-4fa1-aba3-4438f7844203 18878a0d425b4acdb108715ae117b9b7 28b3f955963c4cc181f8e9e005ce9122 - - default default] 10.0.0.43 "GET /v2.0/ports/12244224-9435-4765-83ed-5840fed6ba01 HTTP/1.1" status: 200 len: 1639 time: 0.0315533 /var/lib/openstack/lib/python3.12/site-packages/pycadf/identifier.py:71: UserWarning: Invalid uuid: neutron. To ensure interoperability, identifiers should be a valid uuid. warnings.warn(('Invalid uuid: %s. To ensure interoperability, '
2026-04-07 01:18:59.751 9 WARNING neutron.scheduler.dhcp_agent_scheduler [None req-13856175-3282-4701-8773-3a4da263ffb3 18878a0d425b4acdb108715ae117b9b7 28b3f955963c4cc181f8e9e005ce9122 - - default default] No more DHCP agents
2026-04-07 01:18:59.757 9 WARNING neutron.api.rpc.agentnotifiers.dhcp_rpc_agent_api [None req-13856175-3282-4701-8773-3a4da263ffb3 18878a0d425b4acdb108715ae117b9b7 28b3f955963c4cc181f8e9e005ce9122 - - default default] Unable to schedule network 9aff7a8e-31f5-4209-ac23-97fb955a382a: no agents available; will retry on subsequent port and subnet creation events.
2026-04-07 01:18:59.776 10 INFO neutron.api.wsgi [None req-d78e8ef7-0642-4d3f-a299-1a7c9d3e3124 18878a0d425b4acdb108715ae117b9b7 28b3f955963c4cc181f8e9e005ce9122 - - default default] 199.204.45.244 "GET /v2.0/ports/12244224-9435-4765-83ed-5840fed6ba01 HTTP/1.1" status: 200 len: 1639 time: 0.0353491
2026-04-07 01:18:59.809 10 INFO neutron.api.wsgi [None req-7eb6b27a-edb9-411a-9b2f-5287dc23586e 18878a0d425b4acdb108715ae117b9b7 28b3f955963c4cc181f8e9e005ce9122 - - default default] 199.204.45.244 "GET /v2.0/ports/12244224-9435-4765-83ed-5840fed6ba01 HTTP/1.1" status: 200 len: 1639 time: 0.0261343
2026-04-07 01:18:59.869 9 INFO neutron.db.ovn_revision_numbers_db [None req-13856175-3282-4701-8773-3a4da263ffb3 18878a0d425b4acdb108715ae117b9b7 28b3f955963c4cc181f8e9e005ce9122 - - default default] Successfully bumped revision number for resource c3632610-a37b-43eb-b8b4-694c072c2f91 (type: ports) to 1
2026-04-07 01:19:00.212 10 INFO neutron.db.ovn_revision_numbers_db [None req-c75da15e-ad49-41d4-a7fd-db0f73734b24 18878a0d425b4acdb108715ae117b9b7 28b3f955963c4cc181f8e9e005ce9122 - - default default] Successfully bumped revision number for resource 12244224-9435-4765-83ed-5840fed6ba01 (type: ports) to 6
2026-04-07 01:19:00.225 10 INFO neutron.api.wsgi [None req-c75da15e-ad49-41d4-a7fd-db0f73734b24 18878a0d425b4acdb108715ae117b9b7 28b3f955963c4cc181f8e9e005ce9122 - - default default] 199.204.45.244 "PUT /v2.0/ports/12244224-9435-4765-83ed-5840fed6ba01 HTTP/1.1" status: 200 len: 1378 time: 0.4083939 /var/lib/openstack/lib/python3.12/site-packages/pycadf/identifier.py:71: UserWarning: Invalid uuid: neutron. To ensure interoperability, identifiers should be a valid uuid. warnings.warn(('Invalid uuid: %s. To ensure interoperability, '
2026-04-07 01:19:00.264 10 INFO neutron.api.wsgi [None req-528014d1-4245-464d-99a4-f4a66553a46f 18878a0d425b4acdb108715ae117b9b7 28b3f955963c4cc181f8e9e005ce9122 - - default default] 199.204.45.244 "GET /v2.0/networks/777aaa12-bbfa-4c95-bdd5-34b70372fee4 HTTP/1.1" status: 200 len: 1000 time: 0.0330482
2026-04-07 01:19:00.289 10 INFO neutron.api.wsgi [None req-b70dd0c0-4e88-4508-8aea-28fd7fc58d72 18878a0d425b4acdb108715ae117b9b7 28b3f955963c4cc181f8e9e005ce9122 - - default default] 199.204.45.244 "GET /v2.0/subnets/f2c50d5a-cdf4-4459-bc73-c8241de20f9b HTTP/1.1" status: 200 len: 872 time: 0.0204790
2026-04-07 01:19:00.408 10 INFO neutron.api.wsgi [None req-00395dfe-8bbc-40b7-8146-b8a2152e6568 18878a0d425b4acdb108715ae117b9b7 28b3f955963c4cc181f8e9e005ce9122 - - default default] 199.204.45.244 "GET /v2.0/extensions/security-group HTTP/1.1" status: 200 len: 369 time: 0.0058064
2026-04-07 01:19:00.414 10 INFO neutron.api.wsgi [None req-15629165-bb0e-4a13-bffa-fe736a8b2550 18878a0d425b4acdb108715ae117b9b7 28b3f955963c4cc181f8e9e005ce9122 - - default default] 199.204.45.244 "GET /v2.0/extensions/dns-integration HTTP/1.1" status: 200 len: 371 time: 0.0035794
2026-04-07 01:19:00.421 10 INFO neutron.api.wsgi [None req-a0b10240-f6fe-4677-a2d3-07cde0df7acb 18878a0d425b4acdb108715ae117b9b7 28b3f955963c4cc181f8e9e005ce9122 - - default default] 199.204.45.244 "GET /v2.0/extensions/qos HTTP/1.1" status: 200 len: 365 time: 0.0035481
2026-04-07 01:19:00.428 10 INFO neutron.api.wsgi [None req-26eab315-2915-4aa9-9995-7cedf4d662f5 18878a0d425b4acdb108715ae117b9b7 28b3f955963c4cc181f8e9e005ce9122 - - default default] 199.204.45.244 "GET /v2.0/extensions/allowed-address-pairs HTTP/1.1" status: 200 len: 383 time: 0.0035837
2026-04-07 01:19:00.431 9 INFO neutron.plugins.ml2.drivers.ovn.mech_driver.ovsdb.commands [None req-d1407e0a-ac6b-45f9-b28f-a245ceb4f29c - - - - - -] Schedule LRP lrp-c3632610-a37b-43eb-b8b4-694c072c2f91 on gateway 340b7c8e-ac30-46e4-975f-64ace12d86fe with priority 1
2026-04-07 01:19:00.446 10 INFO neutron.plugins.ml2.drivers.ovn.mech_driver.mech_driver [None req-a9e82c89-14cf-4a62-86b0-03f551aff1f5 - - - - - -] OVN reports status up for port: c3632610-a37b-43eb-b8b4-694c072c2f91
2026-04-07 01:19:00.456 10 INFO neutron.plugins.ml2.plugin [None req-a9e82c89-14cf-4a62-86b0-03f551aff1f5 - - - - - -] Attempt 1 to provision port c3632610-a37b-43eb-b8b4-694c072c2f91
2026-04-07 01:19:00.464 9 INFO neutron.plugins.ml2.drivers.ovn.mech_driver.ovsdb.ovsdb_monitor [None req-147e4dc8-7d47-4700-91bd-95259fb25a22 - - - - - -] Router c94a9bbb-d818-469c-971f-a16634309966 is bound to host instance
2026-04-07 01:19:00.472 9 INFO neutron.db.ovn_revision_numbers_db [None req-13856175-3282-4701-8773-3a4da263ffb3 18878a0d425b4acdb108715ae117b9b7 28b3f955963c4cc181f8e9e005ce9122 - - default default] Successfully bumped revision number for resource c3632610-a37b-43eb-b8b4-694c072c2f91 (type: router_ports) to 1
2026-04-07 01:19:00.474 10 INFO neutron.api.wsgi [None req-b5959b91-5dc3-47bc-a0c8-9471f95d1ab5 18878a0d425b4acdb108715ae117b9b7 28b3f955963c4cc181f8e9e005ce9122 - - default default] 199.204.45.244 "GET /v2.0/subnets/d2c09d54-3cfb-47ff-b82c-b9684c909d8c HTTP/1.1" status: 200 len: 875 time: 0.0430729
2026-04-07 01:19:00.515 10 INFO neutron.api.wsgi [None req-d08107e8-b383-4328-95c4-c2c35467e156 18878a0d425b4acdb108715ae117b9b7 28b3f955963c4cc181f8e9e005ce9122 - - default default] 199.204.45.244 "GET /v2.0/ports/75ee3b6a-7cea-4823-807b-9c823e05a729 HTTP/1.1" status: 200 len: 1336 time: 0.0328078
2026-04-07 01:19:00.535 9 INFO neutron.db.ovn_revision_numbers_db [None req-13856175-3282-4701-8773-3a4da263ffb3 18878a0d425b4acdb108715ae117b9b7 28b3f955963c4cc181f8e9e005ce9122 - - default default] Successfully bumped revision number for resource c94a9bbb-d818-469c-971f-a16634309966 (type: routers) to 2
2026-04-07 01:19:00.545 10 INFO neutron.api.wsgi [None req-57583e36-8b0a-4a3c-bf99-fc1bc4b7faac 18878a0d425b4acdb108715ae117b9b7 28b3f955963c4cc181f8e9e005ce9122 - - default default] 199.204.45.244 "GET /v2.0/ports/a7eb8983-43b0-4861-94be-149440df8984 HTTP/1.1" status: 200 len: 1518 time: 0.0239217
2026-04-07 01:19:00.559 9 INFO neutron.api.wsgi [None req-13856175-3282-4701-8773-3a4da263ffb3 18878a0d425b4acdb108715ae117b9b7 28b3f955963c4cc181f8e9e005ce9122 - - default default] 10.0.0.206 "POST /v2.0/routers HTTP/1.1" status: 201 len: 1165 time: 1.2739923
2026-04-07 01:19:00.595 10 INFO neutron.api.wsgi [None req-a3e762d6-0b02-441d-ad33-49e3bf63c36e 18878a0d425b4acdb108715ae117b9b7 28b3f955963c4cc181f8e9e005ce9122 - - default default] 199.204.45.244 "GET /v2.0/subnets/d2c09d54-3cfb-47ff-b82c-b9684c909d8c HTTP/1.1" status: 200 len: 875 time: 0.0437973
2026-04-07 01:19:00.671 10 INFO neutron.api.wsgi [None req-4df74431-c20d-4ac1-a883-a8c7fca4a9b7 18878a0d425b4acdb108715ae117b9b7 28b3f955963c4cc181f8e9e005ce9122 - - default default] 199.204.45.244 "GET /v2.0/networks/5c1ea1ff-7b04-425e-88c5-0cf5232bc5b3 HTTP/1.1" status: 200 len: 1002 time: 0.0704086
2026-04-07 01:19:00.687 10 INFO neutron.api.wsgi [None req-3e5ef2e2-e7cb-4ffb-8570-29650c4fd4dd 496801159fb14509a6b50753ff76c996 90636a3ed4744c9faf8e6fe7d278ace2 - - default default] 10.0.0.206 "POST /v2.0/qos/policies HTTP/1.1" status: 201 len: 558 time: 0.2301917
2026-04-07 01:19:00.722 10 INFO neutron.api.wsgi [None req-2a956015-5eaa-4b4d-bd8b-9c7868563a94 18878a0d425b4acdb108715ae117b9b7 28b3f955963c4cc181f8e9e005ce9122 - - default default] 199.204.45.244 "GET /v2.0/ports/75ee3b6a-7cea-4823-807b-9c823e05a729 HTTP/1.1" status: 200 len: 1336 time: 0.0434620
2026-04-07 01:19:00.722 9 INFO neutron.api.wsgi [None req-9e286ac4-f808-458f-97a4-51aa76cda456 496801159fb14509a6b50753ff76c996 90636a3ed4744c9faf8e6fe7d278ace2 - - default default] 10.0.0.206 "PUT /v2.0/policies/5225ee01-0f6e-45fb-9006-b5a39864d233/tags HTTP/1.1" status: 200 len: 218 time: 0.0256810
2026-04-07 01:19:00.747 9 INFO neutron.api.wsgi [None req-33b25ce0-0a15-4009-a54e-fc16a6201557 496801159fb14509a6b50753ff76c996 90636a3ed4744c9faf8e6fe7d278ace2 - - default default] 10.0.0.206 "GET /v2.0/policies/5225ee01-0f6e-45fb-9006-b5a39864d233/tags HTTP/1.1" status: 200 len: 218 time: 0.0196602
2026-04-07 01:19:00.755 10 INFO neutron.api.wsgi [None req-5b2eb6a1-76cb-4bb2-ba48-b301af1f8707 18878a0d425b4acdb108715ae117b9b7 28b3f955963c4cc181f8e9e005ce9122 - - default default] 199.204.45.244 "GET /v2.0/subnets/d2c09d54-3cfb-47ff-b82c-b9684c909d8c HTTP/1.1" status: 200 len: 875 time: 0.0272729
2026-04-07 01:19:00.783 9 INFO neutron.api.wsgi [None req-7b5af20b-1869-4288-b20d-adb31eaf81e9 496801159fb14509a6b50753ff76c996 90636a3ed4744c9faf8e6fe7d278ace2 - - default default] 10.0.0.206 "PUT /v2.0/policies/5225ee01-0f6e-45fb-9006-b5a39864d233/tags/green HTTP/1.1" status: 201 len: 201 time: 0.0324724
2026-04-07 01:19:00.813 9 INFO neutron.api.wsgi [None req-68fa39b8-3c5b-49f0-8105-de1a4072cc3f 496801159fb14509a6b50753ff76c996 90636a3ed4744c9faf8e6fe7d278ace2 - - default default] 10.0.0.206 "GET /v2.0/policies/5225ee01-0f6e-45fb-9006-b5a39864d233/tags HTTP/1.1" status: 200 len: 227 time: 0.0242503
2026-04-07 01:19:00.836 10 INFO neutron.api.wsgi [None req-7b7dd085-1311-4c8c-8498-8ff6e9bf249f 496801159fb14509a6b50753ff76c996 90636a3ed4744c9faf8e6fe7d278ace2 - - default default] 10.0.0.206 "PUT /v2.0/policies/5225ee01-0f6e-45fb-9006-b5a39864d233/tags/red HTTP/1.1" status: 201 len: 201 time: 0.0175221
2026-04-07 01:19:00.867 9 INFO neutron.api.wsgi [None req-76ac3d7b-3bf0-4aad-b969-89d6b586e34a 496801159fb14509a6b50753ff76c996 90636a3ed4744c9faf8e6fe7d278ace2 - - default default] 10.0.0.206 "GET /v2.0/policies/5225ee01-0f6e-45fb-9006-b5a39864d233/tags HTTP/1.1" status: 200 len: 227 time: 0.0267434
2026-04-07 01:19:00.883 9 INFO neutron.db.ovn_revision_numbers_db [None req-32e3af94-f98b-4e4d-bd4f-68af867f1e7a - - - - - -] Successfully bumped revision number for resource c3632610-a37b-43eb-b8b4-694c072c2f91 (type: ports) to 1
2026-04-07 01:19:00.901 9 INFO neutron.api.wsgi [None req-a970ef6b-f321-45fe-95fa-1a18be2bac7a 496801159fb14509a6b50753ff76c996 90636a3ed4744c9faf8e6fe7d278ace2 - - default default] 10.0.0.206 "PUT /v2.0/policies/5225ee01-0f6e-45fb-9006-b5a39864d233/tags/black.or.white HTTP/1.1" status: 201 len: 201 time: 0.0293622
2026-04-07 01:19:00.925 9 INFO neutron.api.wsgi [None req-f3ce12a0-7b54-4575-9db3-ca8aba8bb443 496801159fb14509a6b50753ff76c996 90636a3ed4744c9faf8e6fe7d278ace2 - - default default] 10.0.0.206 "GET /v2.0/policies/5225ee01-0f6e-45fb-9006-b5a39864d233/tags HTTP/1.1" status: 200 len: 245 time: 0.0186543
2026-04-07 01:19:00.962 9 INFO neutron.api.wsgi [None req-6548a5ef-23a5-42fd-b968-7df3376ff854 496801159fb14509a6b50753ff76c996 90636a3ed4744c9faf8e6fe7d278ace2 - - default default] 10.0.0.206 "PUT /v2.0/policies/5225ee01-0f6e-45fb-9006-b5a39864d233/tags HTTP/1.1" status: 200 len: 230 time: 0.0331626
2026-04-07 01:19:00.983 9 INFO neutron.api.wsgi [None req-346f276a-8ec4-4b7c-afea-5a68d3760592 496801159fb14509a6b50753ff76c996 90636a3ed4744c9faf8e6fe7d278ace2 - - default default] 10.0.0.206 "GET /v2.0/policies/5225ee01-0f6e-45fb-9006-b5a39864d233/tags HTTP/1.1" status: 200 len: 230 time: 0.0144618
2026-04-07 01:19:00.999 9 INFO neutron.api.wsgi [None req-645cf266-1bb9-43b3-a639-72e83601070e 496801159fb14509a6b50753ff76c996 90636a3ed4744c9faf8e6fe7d278ace2 - - default default] 10.0.0.206 "GET /v2.0/policies/5225ee01-0f6e-45fb-9006-b5a39864d233/tags/red HTTP/1.1" status: 204 len: 168 time: 0.0129459
2026-04-07 01:19:01.021 10 INFO neutron.api.v2.resource [None req-e28b97a0-897f-40b7-a0ac-8c441a9f8b51 496801159fb14509a6b50753ff76c996 90636a3ed4744c9faf8e6fe7d278ace2 - - default default] show failed (client error): The resource could not be found.
2026-04-07 01:19:01.022 10 INFO neutron.api.wsgi [None req-e28b97a0-897f-40b7-a0ac-8c441a9f8b51 496801159fb14509a6b50753ff76c996 90636a3ed4744c9faf8e6fe7d278ace2 - - default default] 10.0.0.206 "GET /v2.0/policies/5225ee01-0f6e-45fb-9006-b5a39864d233/tags/green HTTP/1.1" status: 404 len: 299 time: 0.0183384
2026-04-07 01:19:01.055 10 INFO neutron.api.wsgi [None req-6b1d1763-680d-4bef-b82b-5545551cbc71 496801159fb14509a6b50753ff76c996 90636a3ed4744c9faf8e6fe7d278ace2 - - default default] 10.0.0.206 "DELETE /v2.0/policies/5225ee01-0f6e-45fb-9006-b5a39864d233/tags/red HTTP/1.1" status: 204 len: 168 time: 0.0286109
2026-04-07 01:19:01.062 10 WARNING neutron.scheduler.dhcp_agent_scheduler [None req-e54cb55a-7d5b-41bb-80aa-091b2a32dff3 18878a0d425b4acdb108715ae117b9b7 28b3f955963c4cc181f8e9e005ce9122 - - default default] No more DHCP agents
2026-04-07 01:19:01.063 10 WARNING neutron.api.rpc.agentnotifiers.dhcp_rpc_agent_api [None req-e54cb55a-7d5b-41bb-80aa-091b2a32dff3 18878a0d425b4acdb108715ae117b9b7 28b3f955963c4cc181f8e9e005ce9122 - - default default] Unable to schedule network 56d1239a-a05e-4268-8182-5f8bc44598ef: no agents available; will retry on subsequent port and subnet creation events.
2026-04-07 01:19:01.082 9 INFO neutron.api.wsgi [None req-f129eb5e-7073-4953-b7d8-881f0c2ceffb 496801159fb14509a6b50753ff76c996 90636a3ed4744c9faf8e6fe7d278ace2 - - default default] 10.0.0.206 "GET /v2.0/policies/5225ee01-0f6e-45fb-9006-b5a39864d233/tags HTTP/1.1" status: 200 len: 223 time: 0.0219753
2026-04-07 01:19:01.103 9 INFO neutron.api.v2.resource [None req-e8a1d649-4656-4b72-a76f-c7fa4d6dfd5d 496801159fb14509a6b50753ff76c996 90636a3ed4744c9faf8e6fe7d278ace2 - - default default] delete failed (client error): The resource could not be found.
2026-04-07 01:19:01.104 9 INFO neutron.api.wsgi [None req-e8a1d649-4656-4b72-a76f-c7fa4d6dfd5d 496801159fb14509a6b50753ff76c996 90636a3ed4744c9faf8e6fe7d278ace2 - - default default] 10.0.0.206 "DELETE /v2.0/policies/5225ee01-0f6e-45fb-9006-b5a39864d233/tags/green HTTP/1.1" status: 404 len: 299 time: 0.0174227
2026-04-07 01:19:01.140 10 INFO neutron.api.wsgi [None req-c0a3286b-f655-47a9-bcec-bbfe777c218e 496801159fb14509a6b50753ff76c996 90636a3ed4744c9faf8e6fe7d278ace2 - - default default] 10.0.0.206 "DELETE /v2.0/policies/5225ee01-0f6e-45fb-9006-b5a39864d233/tags HTTP/1.1" status: 204 len: 168 time: 0.0307586
2026-04-07 01:19:01.166 9 INFO neutron.api.wsgi [None req-4a752a63-f33c-4caf-b7d9-211f3304b523 496801159fb14509a6b50753ff76c996 90636a3ed4744c9faf8e6fe7d278ace2 - - default default] 10.0.0.206 "GET /v2.0/policies/5225ee01-0f6e-45fb-9006-b5a39864d233/tags HTTP/1.1" status: 200 len: 205 time: 0.0202034
2026-04-07 01:19:01.186 10 INFO neutron.db.ovn_revision_numbers_db [None req-e54cb55a-7d5b-41bb-80aa-091b2a32dff3 18878a0d425b4acdb108715ae117b9b7 28b3f955963c4cc181f8e9e005ce9122 - - default default] Successfully bumped revision number for resource bb013dd5-2d1c-417c-9c46-bbc89869b89d (type: ports) to 1
2026-04-07 01:19:01.191 9 INFO neutron.db.ovn_revision_numbers_db [None req-32e3af94-f98b-4e4d-bd4f-68af867f1e7a - - - - - -] Successfully bumped revision number for resource c3632610-a37b-43eb-b8b4-694c072c2f91 (type: ports) to 4
2026-04-07 01:19:01.232 9 INFO neutron.api.wsgi [None req-7ec06523-e0cc-46dd-b5d9-c44a7f5ee933 496801159fb14509a6b50753ff76c996 90636a3ed4744c9faf8e6fe7d278ace2 - - default default] 10.0.0.206 "DELETE /v2.0/qos/policies/5225ee01-0f6e-45fb-9006-b5a39864d233 HTTP/1.1" status: 204 len: 168 time: 0.0603430
2026-04-07 01:19:01.308 10 INFO neutron.notifiers.nova [-] Nova event matching ['req-56cba7f9-4551-4cdb-99f4-ea928a1c60f7'] response: {'name': 'network-changed', 'server_uuid': '237909f3-cc85-4639-a24e-367bd2914884', 'tag': '12244224-9435-4765-83ed-5840fed6ba01', 'status': 'completed', 'code': 200}
2026-04-07 01:19:01.450 9 INFO neutron.db.ovn_revision_numbers_db [None req-32e3af94-f98b-4e4d-bd4f-68af867f1e7a - - - - - -] Successfully bumped revision number for resource c3632610-a37b-43eb-b8b4-694c072c2f91 (type: ports) to 5
2026-04-07 01:19:01.713 9 INFO neutron.plugins.ml2.drivers.ovn.mech_driver.mech_driver [None req-3199d413-71aa-41ac-9957-284639efb7e1 - - - - - -] OVN reports status up for port: bb013dd5-2d1c-417c-9c46-bbc89869b89d
2026-04-07 01:19:01.724 9 INFO neutron.plugins.ml2.plugin [None req-3199d413-71aa-41ac-9957-284639efb7e1 - - - - - -] Attempt 1 to provision port bb013dd5-2d1c-417c-9c46-bbc89869b89d
2026-04-07 01:19:01.734 10 INFO neutron.db.ovn_revision_numbers_db [None req-e54cb55a-7d5b-41bb-80aa-091b2a32dff3 18878a0d425b4acdb108715ae117b9b7 28b3f955963c4cc181f8e9e005ce9122 - - default default] Successfully bumped revision number for resource bb013dd5-2d1c-417c-9c46-bbc89869b89d (type: ports) to 1
2026-04-07 01:19:01.792 10 WARNING neutron.scheduler.dhcp_agent_scheduler [None req-e54cb55a-7d5b-41bb-80aa-091b2a32dff3 18878a0d425b4acdb108715ae117b9b7 28b3f955963c4cc181f8e9e005ce9122 - - default default] No more DHCP agents
2026-04-07 01:19:01.793 10 WARNING neutron.api.rpc.agentnotifiers.dhcp_rpc_agent_api [None req-e54cb55a-7d5b-41bb-80aa-091b2a32dff3 18878a0d425b4acdb108715ae117b9b7 28b3f955963c4cc181f8e9e005ce9122 - - default default] Unable to schedule network 56d1239a-a05e-4268-8182-5f8bc44598ef: no agents available; will retry on subsequent port and subnet creation events.
2026-04-07 01:19:01.871 9 INFO neutron.api.wsgi [req-ed997a82-cde7-4ac7-90e2-d9202c086a43 req-f999fb04-6090-4a39-b185-f3fa90a4cb9b 077cfc4fdc9945279dd840bee508c26d 7b2064a28fc940e79a1ae6d59fa8558d - - f2cb70a218e141769260855bf15aa918 f2cb70a218e141769260855bf15aa918] 199.204.45.244 "GET /v2.0/ports?tenant_id=28b3f955963c4cc181f8e9e005ce9122&device_id=237909f3-cc85-4639-a24e-367bd2914884 HTTP/1.1" status: 200 len: 5123 time: 0.0536892
2026-04-07 01:19:01.933 9 INFO neutron.api.wsgi [req-ed997a82-cde7-4ac7-90e2-d9202c086a43 req-8b8d18d0-3686-4917-8d88-b5fc70079524 077cfc4fdc9945279dd840bee508c26d 7b2064a28fc940e79a1ae6d59fa8558d - - f2cb70a218e141769260855bf15aa918 f2cb70a218e141769260855bf15aa918] 199.204.45.244 "GET /v2.0/networks?id=777aaa12-bbfa-4c95-bdd5-34b70372fee4 HTTP/1.1" status: 200 len: 1003 time: 0.0565708
2026-04-07 01:19:01.957 9 INFO neutron.api.wsgi [req-ed997a82-cde7-4ac7-90e2-d9202c086a43 req-917d5101-38af-4470-81dd-8ba8c901d6e4 077cfc4fdc9945279dd840bee508c26d 7b2064a28fc940e79a1ae6d59fa8558d - - f2cb70a218e141769260855bf15aa918 f2cb70a218e141769260855bf15aa918] 199.204.45.244 "GET /v2.0/floatingips?fixed_ip_address=10.2.2.194&port_id=12244224-9435-4765-83ed-5840fed6ba01 HTTP/1.1" status: 200 len: 217 time: 0.0162170
2026-04-07 01:19:01.991 9 INFO neutron.api.wsgi [req-ed997a82-cde7-4ac7-90e2-d9202c086a43 req-32e52587-e08a-49b3-85b5-8dc5fa27c48a 077cfc4fdc9945279dd840bee508c26d 7b2064a28fc940e79a1ae6d59fa8558d - - f2cb70a218e141769260855bf15aa918 f2cb70a218e141769260855bf15aa918] 199.204.45.244 "GET /v2.0/subnets?id=f2c50d5a-cdf4-4459-bc73-c8241de20f9b HTTP/1.1" status: 200 len: 875 time: 0.0267169
2026-04-07 01:19:02.011 9 INFO neutron.api.wsgi [req-ed997a82-cde7-4ac7-90e2-d9202c086a43 req-b37fd46c-887d-4eea-af80-969c49446151 077cfc4fdc9945279dd840bee508c26d 7b2064a28fc940e79a1ae6d59fa8558d - - f2cb70a218e141769260855bf15aa918 f2cb70a218e141769260855bf15aa918] 199.204.45.244 "GET /v2.0/ports?network_id=777aaa12-bbfa-4c95-bdd5-34b70372fee4&device_owner=network%3Adhcp HTTP/1.1" status: 200 len: 210 time: 0.0152252
