2026-04-07 01:14:41.916 9 INFO neutron.plugins.ml2.drivers.ovn.mech_driver.ovsdb.ovsdb_monitor [None req-a90e1ab5-4323-4611-a9a3-7d4873631063 - - - - - -] Router 7501cf87-3489-4363-ac75-9bfc57e51894 is bound to host instance
2026-04-07 01:14:41.933 10 INFO neutron.api.wsgi [req-6f9a4835-3940-45dd-bff1-ecf72b988fc2 req-c6ec6235-9cc0-4afe-9d52-f58cd1ea0f23 325ee50a80104dbf8c57d7ab82d06081 ec7f58028f9c4666b237cab94d524485 - - default default] 10.0.0.43 "GET /v2.0/security-groups/d1ae4637-56ee-429e-bfcc-c7ff1462ae37 HTTP/1.1" status: 200 len: 1884 time: 0.0227673
2026-04-07 01:14:41.939 9 INFO neutron.db.ovn_revision_numbers_db [None req-bd756c32-0ea5-4c27-9600-21aaadbda1cb 18878a0d425b4acdb108715ae117b9b7 28b3f955963c4cc181f8e9e005ce9122 - - default default] Successfully bumped revision number for resource 38d6e2b9-b16a-4626-aef5-ec0fd62aa3c3 (type: router_ports) to 1
2026-04-07 01:14:41.943 10 WARNING neutron_lib.context [req-6f9a4835-3940-45dd-bff1-ecf72b988fc2 req-aa76a28b-6400-49dc-a3ec-eb1c99dfb36f 325ee50a80104dbf8c57d7ab82d06081 ec7f58028f9c4666b237cab94d524485 - - default default] Method 'is_advsvc' is deprecated since 2023.2 release (neutron-lib 3.8.0) and will be removed once support for the old RBAC API policies will be removed from Neutron. Please use method 'is_service_role' instead.
2026-04-07 01:14:41.969 9 INFO neutron.api.wsgi [req-a4a6e86b-85a7-4fbe-a42f-c40f60d6a43f req-dfdc8c4a-7a8a-457a-b550-0a29c87aa558 100b184daaae4edbbb76fc7212153d50 3340a90b079343769947cfaca227f384 - - default default] 10.0.0.43 "GET /v2.0/security-groups/0d973e9b-a88f-484d-a0fa-67ac9407a37c HTTP/1.1" status: 200 len: 1881 time: 0.0387743
2026-04-07 01:14:42.034 9 INFO neutron.db.ovn_revision_numbers_db [None req-bd756c32-0ea5-4c27-9600-21aaadbda1cb 18878a0d425b4acdb108715ae117b9b7 28b3f955963c4cc181f8e9e005ce9122 - - default default] Successfully bumped revision number for resource 7501cf87-3489-4363-ac75-9bfc57e51894 (type: routers) to 2
2026-04-07 01:14:42.054 9 INFO neutron.api.wsgi [None req-bd756c32-0ea5-4c27-9600-21aaadbda1cb 18878a0d425b4acdb108715ae117b9b7 28b3f955963c4cc181f8e9e005ce9122 - - default default] 10.0.0.206 "POST /v2.0/routers HTTP/1.1" status: 201 len: 1174 time: 1.4488745
2026-04-07 01:14:42.083 10 INFO neutron.db.ovn_revision_numbers_db [req-6f9a4835-3940-45dd-bff1-ecf72b988fc2 req-aa76a28b-6400-49dc-a3ec-eb1c99dfb36f 325ee50a80104dbf8c57d7ab82d06081 ec7f58028f9c4666b237cab94d524485 - - default default] Successfully bumped revision number for resource 22860ca4-2310-4a43-bc14-85c110952e0e (type: security_group_rules) to 0
2026-04-07 01:14:42.099 9 INFO neutron.api.wsgi [req-a4a6e86b-85a7-4fbe-a42f-c40f60d6a43f req-e56f60c6-ad3b-438c-98d7-74db8dc6ce54 100b184daaae4edbbb76fc7212153d50 3340a90b079343769947cfaca227f384 - - default default] 10.0.0.43 "DELETE /v2.0/security-groups/0d973e9b-a88f-484d-a0fa-67ac9407a37c HTTP/1.1" status: 204 len: 173 time: 0.1206820
2026-04-07 01:14:42.119 10 INFO neutron.api.wsgi [req-6f9a4835-3940-45dd-bff1-ecf72b988fc2 req-aa76a28b-6400-49dc-a3ec-eb1c99dfb36f 325ee50a80104dbf8c57d7ab82d06081 ec7f58028f9c4666b237cab94d524485 - - default default] 10.0.0.43 "POST /v2.0/security-group-rules HTTP/1.1" status: 201 len: 818 time: 0.1805670
2026-04-07 01:14:42.134 9 INFO neutron.api.v2.resource [req-aaf2bf5b-7d72-4d93-a6e4-af7763fc9540 req-38da57c5-46e0-49f9-ac84-3e6b3b8da72f 100b184daaae4edbbb76fc7212153d50 3340a90b079343769947cfaca227f384 - - default default] show failed (client error): The resource could not be found.
2026-04-07 01:14:42.135 9 INFO neutron.api.wsgi [req-aaf2bf5b-7d72-4d93-a6e4-af7763fc9540 req-38da57c5-46e0-49f9-ac84-3e6b3b8da72f 100b184daaae4edbbb76fc7212153d50 3340a90b079343769947cfaca227f384 - - default default] 10.0.0.43 "GET /v2.0/security-groups/0d973e9b-a88f-484d-a0fa-67ac9407a37c HTTP/1.1" status: 404 len: 352 time: 0.0171745
2026-04-07 01:14:42.167 10 INFO neutron.api.wsgi [req-795c5461-1c0a-45ed-8faf-6934041e37ee req-cf47b781-5949-4c03-b6dc-11e7f5468bc9 325ee50a80104dbf8c57d7ab82d06081 ec7f58028f9c4666b237cab94d524485 - - default default] 10.0.0.43 "GET /v2.0/security-groups/d1ae4637-56ee-429e-bfcc-c7ff1462ae37 HTTP/1.1" status: 200 len: 2509 time: 0.0299335
2026-04-07 01:14:42.177 10 WARNING neutron_lib.context [req-795c5461-1c0a-45ed-8faf-6934041e37ee req-73331ce0-59ed-4519-bdd2-8ee6579762a0 325ee50a80104dbf8c57d7ab82d06081 ec7f58028f9c4666b237cab94d524485 - - default default] Method 'is_advsvc' is deprecated since 2023.2 release (neutron-lib 3.8.0) and will be removed once support for the old RBAC API policies will be removed from Neutron. Please use method 'is_service_role' instead.
2026-04-07 01:14:42.181 9 INFO neutron.api.wsgi [req-e797a69b-b1cf-4e0e-8a47-34353585ae91 req-f4aeae35-79de-41d2-8150-eb35155dcb5a 100b184daaae4edbbb76fc7212153d50 3340a90b079343769947cfaca227f384 - - default default] 10.0.0.43 "GET /v2.0/security-groups/6c41104b-b91d-412c-8b1b-54e7bd042056 HTTP/1.1" status: 200 len: 1881 time: 0.0242047
2026-04-07 01:14:42.288 9 INFO neutron.api.wsgi [req-e797a69b-b1cf-4e0e-8a47-34353585ae91 req-e0575464-5460-4de9-855d-2115ceb3ed64 100b184daaae4edbbb76fc7212153d50 3340a90b079343769947cfaca227f384 - - default default] 10.0.0.43 "DELETE /v2.0/security-groups/6c41104b-b91d-412c-8b1b-54e7bd042056 HTTP/1.1" status: 204 len: 173 time: 0.1028459
2026-04-07 01:14:42.307 10 INFO neutron.db.ovn_revision_numbers_db [req-795c5461-1c0a-45ed-8faf-6934041e37ee req-73331ce0-59ed-4519-bdd2-8ee6579762a0 325ee50a80104dbf8c57d7ab82d06081 ec7f58028f9c4666b237cab94d524485 - - default default] Successfully bumped revision number for resource fd8b4f62-c62a-491d-a37b-4d7933e56d88 (type: security_group_rules) to 0
2026-04-07 01:14:42.322 9 INFO neutron.api.v2.resource [req-f85dd5e9-250d-4c35-810e-2f091716056e req-f8a69993-861c-401f-86fe-2a54c6bbdab8 100b184daaae4edbbb76fc7212153d50 3340a90b079343769947cfaca227f384 - - default default] show failed (client error): The resource could not be found.
2026-04-07 01:14:42.322 9 INFO neutron.api.wsgi [req-f85dd5e9-250d-4c35-810e-2f091716056e req-f8a69993-861c-401f-86fe-2a54c6bbdab8 100b184daaae4edbbb76fc7212153d50 3340a90b079343769947cfaca227f384 - - default default] 10.0.0.43 "GET /v2.0/security-groups/6c41104b-b91d-412c-8b1b-54e7bd042056 HTTP/1.1" status: 404 len: 352 time: 0.0171003
2026-04-07 01:14:42.345 10 INFO neutron.api.wsgi [req-795c5461-1c0a-45ed-8faf-6934041e37ee req-73331ce0-59ed-4519-bdd2-8ee6579762a0 325ee50a80104dbf8c57d7ab82d06081 ec7f58028f9c4666b237cab94d524485 - - default default] 10.0.0.43 "POST /v2.0/security-group-rules HTTP/1.1" status: 201 len: 823 time: 0.1726215
2026-04-07 01:14:42.364 9 INFO neutron.db.ovn_revision_numbers_db [None req-8675ccb9-f4f0-4dab-b508-225e3a664aef - - - - - -] Successfully bumped revision number for resource 38d6e2b9-b16a-4626-aef5-ec0fd62aa3c3 (type: ports) to 1
2026-04-07 01:14:42.380 9 INFO neutron.api.wsgi [req-81599e39-4b00-453f-975c-5cb886d300af req-99893bf3-d138-4e54-bcc9-9f821c68fb1d 100b184daaae4edbbb76fc7212153d50 3340a90b079343769947cfaca227f384 - - default default] 10.0.0.43 "GET /v2.0/security-groups?tenant_id=3340a90b079343769947cfaca227f384 HTTP/1.1" status: 200 len: 3121 time: 0.0347838
2026-04-07 01:14:42.404 10 INFO neutron.api.wsgi [req-ebbfd887-5bc5-49f4-9821-873916e6b0ba req-0ab2a86e-9400-4329-b3b0-5896fb0ab264 325ee50a80104dbf8c57d7ab82d06081 ec7f58028f9c4666b237cab94d524485 - - default default] 10.0.0.43 "GET /v2.0/security-groups/d1ae4637-56ee-429e-bfcc-c7ff1462ae37 HTTP/1.1" status: 200 len: 3139 time: 0.0388238
2026-04-07 01:14:42.416 9 INFO neutron.api.wsgi [req-81599e39-4b00-453f-975c-5cb886d300af req-917b4075-f470-4f12-a745-3f896e29f211 100b184daaae4edbbb76fc7212153d50 3340a90b079343769947cfaca227f384 - - default default] 10.0.0.43 "GET /v2.0/security-groups/ad0c7fe7-7cac-43fd-b627-65017357a9e0 HTTP/1.1" status: 200 len: 3118 time: 0.0310202
2026-04-07 01:14:42.444 10 INFO neutron.api.wsgi [req-3da11009-c6e8-4bd4-9b8a-671dab8a147b req-8c3a80c7-829c-4436-88d8-ba1d6f7f7f33 325ee50a80104dbf8c57d7ab82d06081 ec7f58028f9c4666b237cab94d524485 - - default default] 10.0.0.43 "GET /v2.0/security-group-rules/fd8b4f62-c62a-491d-a37b-4d7933e56d88 HTTP/1.1" status: 200 len: 815 time: 0.0232046
2026-04-07 01:14:42.455 9 INFO neutron.api.wsgi [req-81599e39-4b00-453f-975c-5cb886d300af req-dd46dbe2-621d-4515-b9d5-c9bef23729fd 100b184daaae4edbbb76fc7212153d50 3340a90b079343769947cfaca227f384 - - default default] 10.0.0.43 "GET /v2.0/security-groups/ad0c7fe7-7cac-43fd-b627-65017357a9e0 HTTP/1.1" status: 200 len: 3118 time: 0.0344472
2026-04-07 01:14:42.491 10 INFO neutron.api.wsgi [req-3da11009-c6e8-4bd4-9b8a-671dab8a147b req-9c4fb23e-e81e-4d77-8f1c-c009955c7106 325ee50a80104dbf8c57d7ab82d06081 ec7f58028f9c4666b237cab94d524485 - - default default] 10.0.0.43 "GET /v2.0/security-groups/d1ae4637-56ee-429e-bfcc-c7ff1462ae37 HTTP/1.1" status: 200 len: 3139 time: 0.0389323
2026-04-07 01:14:42.494 9 INFO neutron.api.v2.resource [req-7f258c69-3bfa-4d96-909d-359db43cf028 req-71d6a220-dea0-47f2-9056-13144799ad2e 100b184daaae4edbbb76fc7212153d50 3340a90b079343769947cfaca227f384 - - default default] show failed (client error): The resource could not be found.
2026-04-07 01:14:42.495 9 INFO neutron.api.wsgi [req-7f258c69-3bfa-4d96-909d-359db43cf028 req-71d6a220-dea0-47f2-9056-13144799ad2e 100b184daaae4edbbb76fc7212153d50 3340a90b079343769947cfaca227f384 - - default default] 10.0.0.43 "GET /v2.0/security-groups/6c41104b-b91d-412c-8b1b-54e7bd042056 HTTP/1.1" status: 404 len: 352 time: 0.0134962
2026-04-07 01:14:42.518 10 WARNING neutron.scheduler.dhcp_agent_scheduler [None req-4ff84be8-ef81-481d-b013-0ddb7ecee34a 18878a0d425b4acdb108715ae117b9b7 28b3f955963c4cc181f8e9e005ce9122 - - default default] No more DHCP agents
2026-04-07 01:14:42.520 10 WARNING neutron.api.rpc.agentnotifiers.dhcp_rpc_agent_api [None req-4ff84be8-ef81-481d-b013-0ddb7ecee34a 18878a0d425b4acdb108715ae117b9b7 28b3f955963c4cc181f8e9e005ce9122 - - default default] Unable to schedule network befd3154-ed57-4da1-aa84-a2469651fe6c: no agents available; will retry on subsequent port and subnet creation events.
2026-04-07 01:14:42.526 9 INFO neutron.api.v2.resource [req-a16502e5-0128-4deb-9b30-9b367f6c4698 req-cee88923-0e43-44de-a42d-6b091978c50a 100b184daaae4edbbb76fc7212153d50 3340a90b079343769947cfaca227f384 - - default default] show failed (client error): The resource could not be found.
2026-04-07 01:14:42.527 9 INFO neutron.api.wsgi [req-a16502e5-0128-4deb-9b30-9b367f6c4698 req-cee88923-0e43-44de-a42d-6b091978c50a 100b184daaae4edbbb76fc7212153d50 3340a90b079343769947cfaca227f384 - - default default] 10.0.0.43 "GET /v2.0/security-groups/0d973e9b-a88f-484d-a0fa-67ac9407a37c HTTP/1.1" status: 404 len: 352 time: 0.0155470
2026-04-07 01:14:42.555 9 INFO neutron.api.v2.resource [req-b4bad53b-e71b-46af-9953-dbdca0b75971 req-f62efd2a-763f-4a2e-b53c-70a371fb1825 100b184daaae4edbbb76fc7212153d50 3340a90b079343769947cfaca227f384 - - default default] show failed (client error): The resource could not be found.
2026-04-07 01:14:42.556 9 INFO neutron.api.wsgi [req-b4bad53b-e71b-46af-9953-dbdca0b75971 req-f62efd2a-763f-4a2e-b53c-70a371fb1825 100b184daaae4edbbb76fc7212153d50 3340a90b079343769947cfaca227f384 - - default default] 10.0.0.43 "GET /v2.0/security-groups/163a1ae1-4a68-4337-aa3b-16a77b919e10 HTTP/1.1" status: 404 len: 352 time: 0.0119469
2026-04-07 01:14:42.636 10 INFO neutron.api.wsgi [req-3da11009-c6e8-4bd4-9b8a-671dab8a147b req-762dbc8d-4e96-4a2f-87cc-1749e56caa63 325ee50a80104dbf8c57d7ab82d06081 ec7f58028f9c4666b237cab94d524485 - - default default] 10.0.0.43 "DELETE /v2.0/security-group-rules/fd8b4f62-c62a-491d-a37b-4d7933e56d88 HTTP/1.1" status: 204 len: 173 time: 0.1406481
2026-04-07 01:14:42.637 10 INFO neutron.db.ovn_revision_numbers_db [None req-4ff84be8-ef81-481d-b013-0ddb7ecee34a 18878a0d425b4acdb108715ae117b9b7 28b3f955963c4cc181f8e9e005ce9122 - - default default] Successfully bumped revision number for resource 67c02a05-4080-4e55-9dfc-f867b4ee3765 (type: ports) to 1
2026-04-07 01:14:42.707 9 INFO neutron.api.wsgi [req-2d13eae3-f75c-4e39-be58-527e1e59f350 req-9741b5d1-c6eb-4292-8707-d6a11d200252 325ee50a80104dbf8c57d7ab82d06081 ec7f58028f9c4666b237cab94d524485 - - default default] 10.0.0.43 "GET /v2.0/security-groups/d1ae4637-56ee-429e-bfcc-c7ff1462ae37 HTTP/1.1" status: 200 len: 2509 time: 0.0431523
2026-04-07 01:14:42.911 9 INFO neutron.db.ovn_revision_numbers_db [None req-8675ccb9-f4f0-4dab-b508-225e3a664aef - - - - - -] Successfully bumped revision number for resource 38d6e2b9-b16a-4626-aef5-ec0fd62aa3c3 (type: ports) to 4
2026-04-07 01:14:43.018 9 INFO neutron.api.wsgi [req-2d13eae3-f75c-4e39-be58-527e1e59f350 req-1559af79-d057-4911-b56a-45c4c956b0b6 325ee50a80104dbf8c57d7ab82d06081 ec7f58028f9c4666b237cab94d524485 - - default default] 10.0.0.43 "DELETE /v2.0/security-groups/d1ae4637-56ee-429e-bfcc-c7ff1462ae37 HTTP/1.1" status: 204 len: 173 time: 0.3040864
2026-04-07 01:14:43.064 10 INFO neutron.api.wsgi [req-a020826e-7b83-4384-b8de-1de722cc2361 req-42c1df7c-6baf-4424-bca1-c9248cd66c11 325ee50a80104dbf8c57d7ab82d06081 ec7f58028f9c4666b237cab94d524485 - - default default] 10.0.0.43 "GET /v2.0/security-groups/5c9b7162-ce97-4a7a-812f-084c8ba1cdcb HTTP/1.1" status: 200 len: 2509 time: 0.0282855
2026-04-07 01:14:43.139 10 INFO neutron.db.ovn_revision_numbers_db [None req-4ff84be8-ef81-481d-b013-0ddb7ecee34a 18878a0d425b4acdb108715ae117b9b7 28b3f955963c4cc181f8e9e005ce9122 - - default default] Successfully bumped revision number for resource 67c02a05-4080-4e55-9dfc-f867b4ee3765 (type: ports) to 1
2026-04-07 01:14:43.189 10 INFO neutron.api.wsgi [req-a020826e-7b83-4384-b8de-1de722cc2361 req-2d252755-dbcc-48d9-8e36-bc7b68ecb395 325ee50a80104dbf8c57d7ab82d06081 ec7f58028f9c4666b237cab94d524485 - - default default] 10.0.0.43 "DELETE /v2.0/security-groups/5c9b7162-ce97-4a7a-812f-084c8ba1cdcb HTTP/1.1" status: 204 len: 173 time: 0.1176455
2026-04-07 01:14:43.193 10 WARNING neutron.scheduler.dhcp_agent_scheduler [None req-4ff84be8-ef81-481d-b013-0ddb7ecee34a 18878a0d425b4acdb108715ae117b9b7 28b3f955963c4cc181f8e9e005ce9122 - - default default] No more DHCP agents
2026-04-07 01:14:43.194 10 WARNING neutron.api.rpc.agentnotifiers.dhcp_rpc_agent_api [None req-4ff84be8-ef81-481d-b013-0ddb7ecee34a 18878a0d425b4acdb108715ae117b9b7 28b3f955963c4cc181f8e9e005ce9122 - - default default] Unable to schedule network befd3154-ed57-4da1-aa84-a2469651fe6c: no agents available; will retry on subsequent port and subnet creation events.
2026-04-07 01:14:43.301 9 INFO neutron.db.ovn_revision_numbers_db [None req-8675ccb9-f4f0-4dab-b508-225e3a664aef - - - - - -] Successfully bumped revision number for resource 38d6e2b9-b16a-4626-aef5-ec0fd62aa3c3 (type: ports) to 5
2026-04-07 01:14:43.789 10 INFO neutron.db.ovn_revision_numbers_db [None req-4ff84be8-ef81-481d-b013-0ddb7ecee34a 18878a0d425b4acdb108715ae117b9b7 28b3f955963c4cc181f8e9e005ce9122 - - default default] Successfully bumped revision number for resource 67c02a05-4080-4e55-9dfc-f867b4ee3765 (type: router_ports) to 1
2026-04-07 01:14:43.798 10 INFO neutron.api.wsgi [None req-4ff84be8-ef81-481d-b013-0ddb7ecee34a 18878a0d425b4acdb108715ae117b9b7 28b3f955963c4cc181f8e9e005ce9122 - - default default] 10.0.0.206 "PUT /v2.0/routers/7501cf87-3489-4363-ac75-9bfc57e51894/add_router_interface HTTP/1.1" status: 200 len: 503 time: 1.7389462
2026-04-07 01:14:44.113 9 INFO neutron.api.wsgi [None req-6c9883c6-30d7-40ab-b439-c9739813682a 18878a0d425b4acdb108715ae117b9b7 28b3f955963c4cc181f8e9e005ce9122 - - default default] 10.0.0.206 "PUT /v2.0/routers/9a89e292-8abe-4192-ba9f-ee795d4d06c5/remove_router_interface HTTP/1.1" status: 200 len: 503 time: 1.5479674 /var/lib/openstack/lib/python3.12/site-packages/pycadf/identifier.py:71: UserWarning: Invalid uuid: neutron. To ensure interoperability, identifiers should be a valid uuid. warnings.warn(('Invalid uuid: %s. To ensure interoperability, '
2026-04-07 01:14:44.413 10 WARNING neutron_lib.context [None req-97a982ce-24e0-4459-b5f2-0b952d336975 56289b12899e4b7a8bb9fb287f6b17d6 6719d5e4d9484b8da7b600045fa19fab - - default default] Method 'is_advsvc' is deprecated since 2023.2 release (neutron-lib 3.8.0) and will be removed once support for the old RBAC API policies will be removed from Neutron. Please use method 'is_service_role' instead.
2026-04-07 01:14:44.441 10 INFO neutron.db.ovn_revision_numbers_db [None req-34175b5f-83cc-4538-867a-cd3a574a84ff 18878a0d425b4acdb108715ae117b9b7 28b3f955963c4cc181f8e9e005ce9122 - - default default] Successfully bumped revision number for resource 966935c0-e176-4212-bfa2-ce7ca934fa15 (type: security_groups) to 1
2026-04-07 01:14:44.466 10 INFO neutron.db.ovn_revision_numbers_db [None req-34175b5f-83cc-4538-867a-cd3a574a84ff 18878a0d425b4acdb108715ae117b9b7 28b3f955963c4cc181f8e9e005ce9122 - - default default] Successfully bumped revision number for resource 2a477e57-d303-4426-8490-7718622e960c (type: security_group_rules) to 0
2026-04-07 01:14:44.479 10 INFO neutron.db.ovn_revision_numbers_db [None req-34175b5f-83cc-4538-867a-cd3a574a84ff 18878a0d425b4acdb108715ae117b9b7 28b3f955963c4cc181f8e9e005ce9122 - - default default] Successfully bumped revision number for resource cb618c18-7fbf-406b-8575-bf4c009ae4ce (type: security_group_rules) to 0
2026-04-07 01:14:44.497 10 INFO neutron.db.ovn_revision_numbers_db [None req-34175b5f-83cc-4538-867a-cd3a574a84ff 18878a0d425b4acdb108715ae117b9b7 28b3f955963c4cc181f8e9e005ce9122 - - default default] Successfully bumped revision number for resource d1c399a8-5a0f-41c3-a769-9c2dd6736037 (type: security_group_rules) to 0
2026-04-07 01:14:44.510 10 INFO neutron.db.ovn_revision_numbers_db [None req-34175b5f-83cc-4538-867a-cd3a574a84ff 18878a0d425b4acdb108715ae117b9b7 28b3f955963c4cc181f8e9e005ce9122 - - default default] Successfully bumped revision number for resource ec019e71-192d-40f5-9fe7-2497228c1389 (type: security_group_rules) to 0
2026-04-07 01:14:44.532 10 INFO neutron.db.ovn_revision_numbers_db [None req-97a982ce-24e0-4459-b5f2-0b952d336975 56289b12899e4b7a8bb9fb287f6b17d6 6719d5e4d9484b8da7b600045fa19fab - - default default] Successfully bumped revision number for resource d40951ed-97ba-439d-8807-697f9fca5419 (type: security_groups) to 1
2026-04-07 01:14:44.548 10 INFO neutron.api.wsgi [None req-34175b5f-83cc-4538-867a-cd3a574a84ff 18878a0d425b4acdb108715ae117b9b7 28b3f955963c4cc181f8e9e005ce9122 - - default default] 10.0.0.206 "GET /v2.0/security-groups?tenant_id=2bff785d6d2046c0bc520f90f34b1e5e&name=default HTTP/1.1" status: 200 len: 3120 time: 0.3070867
2026-04-07 01:14:44.549 10 INFO neutron.db.ovn_revision_numbers_db [None req-97a982ce-24e0-4459-b5f2-0b952d336975 56289b12899e4b7a8bb9fb287f6b17d6 6719d5e4d9484b8da7b600045fa19fab - - default default] Successfully bumped revision number for resource 5d755084-8005-4608-862e-4d62dc2e1f9a (type: security_group_rules) to 0
2026-04-07 01:14:44.575 10 INFO neutron.db.ovn_revision_numbers_db [None req-97a982ce-24e0-4459-b5f2-0b952d336975 56289b12899e4b7a8bb9fb287f6b17d6 6719d5e4d9484b8da7b600045fa19fab - - default default] Successfully bumped revision number for resource fccac8f9-5bc5-48e8-8658-086b21b7f37a (type: security_group_rules) to 0
2026-04-07 01:14:44.681 9 INFO neutron.api.wsgi [None req-b639f862-a718-4e2e-ac50-c1adef450d88 18878a0d425b4acdb108715ae117b9b7 28b3f955963c4cc181f8e9e005ce9122 - - default default] 10.0.0.206 "PUT /v2.0/routers/b474d723-3408-4783-973c-5839c08286b8/remove_router_interface HTTP/1.1" status: 200 len: 503 time: 1.4856496
2026-04-07 01:14:44.726 10 INFO neutron.api.wsgi [None req-97a982ce-24e0-4459-b5f2-0b952d336975 56289b12899e4b7a8bb9fb287f6b17d6 6719d5e4d9484b8da7b600045fa19fab - - default default] 10.0.0.206 "POST /v2.0/security-groups HTTP/1.1" status: 201 len: 1860 time: 0.3193314
2026-04-07 01:14:44.739 10 WARNING neutron_lib.context [None req-bca75f70-3a95-4046-83c8-59e599869321 56289b12899e4b7a8bb9fb287f6b17d6 6719d5e4d9484b8da7b600045fa19fab - - default default] Method 'is_advsvc' is deprecated since 2023.2 release (neutron-lib 3.8.0) and will be removed once support for the old RBAC API policies will be removed from Neutron. Please use method 'is_service_role' instead.
2026-04-07 01:14:44.932 9 INFO neutron.api.wsgi [None req-9e631f3f-af7f-48bb-bea4-b8b6a2304b09 18878a0d425b4acdb108715ae117b9b7 28b3f955963c4cc181f8e9e005ce9122 - - default default] 10.0.0.206 "DELETE /v2.0/routers/9a89e292-8abe-4192-ba9f-ee795d4d06c5 HTTP/1.1" status: 204 len: 168 time: 0.8137898 /var/lib/openstack/lib/python3.12/site-packages/pycadf/identifier.py:71: UserWarning: Invalid uuid: neutron. To ensure interoperability, identifiers should be a valid uuid. warnings.warn(('Invalid uuid: %s. To ensure interoperability, '
2026-04-07 01:14:44.969 10 INFO neutron.db.ovn_revision_numbers_db [None req-bca75f70-3a95-4046-83c8-59e599869321 56289b12899e4b7a8bb9fb287f6b17d6 6719d5e4d9484b8da7b600045fa19fab - - default default] Successfully bumped revision number for resource fe9845b4-0129-4c24-a11a-f2de37cbf79c (type: security_group_rules) to 0
2026-04-07 01:14:45.006 10 INFO neutron.api.wsgi [None req-1e423f3b-1d3c-486a-a230-73bdebb18d07 18878a0d425b4acdb108715ae117b9b7 28b3f955963c4cc181f8e9e005ce9122 - - default default] 10.0.0.206 "DELETE /v2.0/security-groups/966935c0-e176-4212-bfa2-ce7ca934fa15 HTTP/1.1" status: 204 len: 168 time: 0.4493048
2026-04-07 01:14:45.012 10 INFO neutron.api.wsgi [None req-bca75f70-3a95-4046-83c8-59e599869321 56289b12899e4b7a8bb9fb287f6b17d6 6719d5e4d9484b8da7b600045fa19fab - - default default] 10.0.0.206 "POST /v2.0/security-group-rules HTTP/1.1" status: 201 len: 796 time: 0.2795324
2026-04-07 01:14:45.022 9 WARNING neutron_lib.context [None req-7987350b-553b-4f1f-925b-470876a54d5d 56289b12899e4b7a8bb9fb287f6b17d6 6719d5e4d9484b8da7b600045fa19fab - - default default] Method 'is_advsvc' is deprecated since 2023.2 release (neutron-lib 3.8.0) and will be removed once support for the old RBAC API policies will be removed from Neutron. Please use method 'is_service_role' instead.
2026-04-07 01:14:45.101 9 INFO neutron.api.wsgi [None req-78507376-831f-4c73-8cb0-00ce7ec41b80 18878a0d425b4acdb108715ae117b9b7 28b3f955963c4cc181f8e9e005ce9122 - - default default] 10.0.0.206 "DELETE /v2.0/subnets/756de990-06ca-4ac2-b2af-601ff4bcb31a HTTP/1.1" status: 204 len: 168 time: 0.1634219
2026-04-07 01:14:45.140 9 WARNING neutron.plugins.ml2.drivers.ovn.mech_driver.ovsdb.ovn_client [None req-80353bbe-c580-44cb-9344-1d953b8dd940 - - - - - -] No port found with ID 4a406eeb-c72a-465a-aa0b-a80807f1435c: RuntimeError: No port found with ID 4a406eeb-c72a-465a-aa0b-a80807f1435c
2026-04-07 01:14:45.140 9 INFO neutron.plugins.ml2.drivers.ovn.mech_driver.mech_driver [None req-80353bbe-c580-44cb-9344-1d953b8dd940 - - - - - -] OVN reports status up for port: b55e0a42-8366-464d-8cd9-077d06925fd8
2026-04-07 01:14:45.192 9 INFO neutron.db.ovn_revision_numbers_db [None req-7987350b-553b-4f1f-925b-470876a54d5d 56289b12899e4b7a8bb9fb287f6b17d6 6719d5e4d9484b8da7b600045fa19fab - - default default] Successfully bumped revision number for resource c4a2e8ff-43d9-40de-9fbd-5154a473cd11 (type: security_group_rules) to 0
2026-04-07 01:14:45.194 9 INFO neutron.plugins.ml2.drivers.ovn.mech_driver.mech_driver [None req-80353bbe-c580-44cb-9344-1d953b8dd940 - - - - - -] OVN reports status up for port: 38d6e2b9-b16a-4626-aef5-ec0fd62aa3c3
2026-04-07 01:14:45.205 9 INFO neutron.plugins.ml2.plugin [None req-80353bbe-c580-44cb-9344-1d953b8dd940 - - - - - -] Attempt 1 to provision port 38d6e2b9-b16a-4626-aef5-ec0fd62aa3c3
2026-04-07 01:14:45.227 9 INFO neutron.api.wsgi [None req-7987350b-553b-4f1f-925b-470876a54d5d 56289b12899e4b7a8bb9fb287f6b17d6 6719d5e4d9484b8da7b600045fa19fab - - default default] 10.0.0.206 "POST /v2.0/security-group-rules HTTP/1.1" status: 201 len: 801 time: 0.2076645
2026-04-07 01:14:45.237 10 WARNING neutron_lib.context [None req-00fc1ac9-66b6-4b0a-9867-588450d1929a 56289b12899e4b7a8bb9fb287f6b17d6 6719d5e4d9484b8da7b600045fa19fab - - default default] Method 'is_advsvc' is deprecated since 2023.2 release (neutron-lib 3.8.0) and will be removed once support for the old RBAC API policies will be removed from Neutron. Please use method 'is_service_role' instead.
2026-04-07 01:14:45.284 10 INFO neutron.db.ovn_revision_numbers_db [None req-d531c83a-cf81-4a17-93e5-9f3f990ad6b9 18878a0d425b4acdb108715ae117b9b7 28b3f955963c4cc181f8e9e005ce9122 - - default default] Successfully bumped revision number for resource c971f62b-08cc-4d17-92b6-e914f140eaf4 (type: security_groups) to 1
2026-04-07 01:14:45.285 9 INFO neutron.plugins.ml2.drivers.ovn.mech_driver.mech_driver [None req-80353bbe-c580-44cb-9344-1d953b8dd940 - - - - - -] OVN reports status up for port: 67c02a05-4080-4e55-9dfc-f867b4ee3765
2026-04-07 01:14:45.291 9 INFO neutron.plugins.ml2.plugin [None req-80353bbe-c580-44cb-9344-1d953b8dd940 - - - - - -] Attempt 1 to provision port 67c02a05-4080-4e55-9dfc-f867b4ee3765
2026-04-07 01:14:45.300 10 INFO neutron.db.ovn_revision_numbers_db [None req-d531c83a-cf81-4a17-93e5-9f3f990ad6b9 18878a0d425b4acdb108715ae117b9b7 28b3f955963c4cc181f8e9e005ce9122 - - default default] Successfully bumped revision number for resource 51a056be-55e9-4d78-afb3-8b80c8a92956 (type: security_group_rules) to 0
2026-04-07 01:14:45.315 10 INFO neutron.db.ovn_revision_numbers_db [None req-d531c83a-cf81-4a17-93e5-9f3f990ad6b9 18878a0d425b4acdb108715ae117b9b7 28b3f955963c4cc181f8e9e005ce9122 - - default default] Successfully bumped revision number for resource 94f82417-863c-4d44-83e2-d9041f67d075 (type: security_group_rules) to 0
2026-04-07 01:14:45.333 10 INFO neutron.db.ovn_revision_numbers_db [None req-d531c83a-cf81-4a17-93e5-9f3f990ad6b9 18878a0d425b4acdb108715ae117b9b7 28b3f955963c4cc181f8e9e005ce9122 - - default default] Successfully bumped revision number for resource 99596fee-2f91-4f09-9c83-f59c0173ca62 (type: security_group_rules) to 0
2026-04-07 01:14:45.361 10 INFO neutron.db.ovn_revision_numbers_db [None req-d531c83a-cf81-4a17-93e5-9f3f990ad6b9 18878a0d425b4acdb108715ae117b9b7 28b3f955963c4cc181f8e9e005ce9122 - - default default] Successfully bumped revision number for resource f1a4f4dd-a0d8-4827-a6ea-967072fccf9d (type: security_group_rules) to 0
2026-04-07 01:14:45.429 10 INFO neutron.api.wsgi [None req-d531c83a-cf81-4a17-93e5-9f3f990ad6b9 18878a0d425b4acdb108715ae117b9b7 28b3f955963c4cc181f8e9e005ce9122 - - default default] 10.0.0.206 "GET /v2.0/security-groups?tenant_id=5790540673a24884a8e116342cb6b6d2&name=default HTTP/1.1" status: 200 len: 3120 time: 0.3319769
2026-04-07 01:14:45.502 9 INFO neutron.api.wsgi [None req-43f59c5d-77aa-4e63-a03c-39d4a389a9fb 18878a0d425b4acdb108715ae117b9b7 28b3f955963c4cc181f8e9e005ce9122 - - default default] 10.0.0.206 "DELETE /v2.0/networks/626d4032-e368-45af-b9b7-07910fdaa353 HTTP/1.1" status: 204 len: 168 time: 0.3956766
2026-04-07 01:14:45.551 10 INFO neutron.api.wsgi [None req-bca376fb-4724-44fd-97cb-eccd20fafb25 18878a0d425b4acdb108715ae117b9b7 28b3f955963c4cc181f8e9e005ce9122 - - default default] 10.0.0.206 "DELETE /v2.0/routers/b474d723-3408-4783-973c-5839c08286b8 HTTP/1.1" status: 204 len: 168 time: 0.8648562
2026-04-07 01:14:45.596 10 WARNING neutron.scheduler.dhcp_agent_scheduler [None req-00fc1ac9-66b6-4b0a-9867-588450d1929a 56289b12899e4b7a8bb9fb287f6b17d6 6719d5e4d9484b8da7b600045fa19fab - - default default] No more DHCP agents
2026-04-07 01:14:45.598 10 WARNING neutron.api.rpc.agentnotifiers.dhcp_rpc_agent_api [None req-00fc1ac9-66b6-4b0a-9867-588450d1929a 56289b12899e4b7a8bb9fb287f6b17d6 6719d5e4d9484b8da7b600045fa19fab - - default default] Unable to schedule network 9aff7a8e-31f5-4209-ac23-97fb955a382a: no agents available; will retry on subsequent port and subnet creation events.
2026-04-07 01:14:45.708 9 INFO neutron.api.wsgi [None req-9a194888-07f1-490f-9dd0-00fb51dfd59e 18878a0d425b4acdb108715ae117b9b7 28b3f955963c4cc181f8e9e005ce9122 - - default default] 10.0.0.206 "GET /v2.0/security-groups?tenant_id=3340a90b079343769947cfaca227f384&name=default HTTP/1.1" status: 200 len: 3116 time: 0.0338583
2026-04-07 01:14:45.715 9 INFO neutron.api.wsgi [None req-b42362c3-e66a-467a-bdbb-469aa1aa2723 18878a0d425b4acdb108715ae117b9b7 28b3f955963c4cc181f8e9e005ce9122 - - default default] 10.0.0.206 "DELETE /v2.0/security-groups/c971f62b-08cc-4d17-92b6-e914f140eaf4 HTTP/1.1" status: 204 len: 168 time: 0.2790301
2026-04-07 01:14:45.718 9 INFO neutron.db.ovn_revision_numbers_db [None req-80353bbe-c580-44cb-9344-1d953b8dd940 - - - - - -] Successfully bumped revision number for resource 67c02a05-4080-4e55-9dfc-f867b4ee3765 (type: ports) to 2
2026-04-07 01:14:45.786 10 INFO neutron.api.wsgi [None req-458d85ae-c0c6-46bf-aef1-bca3ace1c8ef 18878a0d425b4acdb108715ae117b9b7 28b3f955963c4cc181f8e9e005ce9122 - - default default] 10.0.0.206 "DELETE /v2.0/subnets/d68bff83-936d-4b38-a81d-edf80c1521b1 HTTP/1.1" status: 204 len: 168 time: 0.2294614
2026-04-07 01:14:45.921 10 INFO neutron.api.wsgi [None req-00fc1ac9-66b6-4b0a-9867-588450d1929a 56289b12899e4b7a8bb9fb287f6b17d6 6719d5e4d9484b8da7b600045fa19fab - - default default] 10.0.0.206 "POST /v2.0/floatingips HTTP/1.1" status: 201 len: 751 time: 0.6891537
2026-04-07 01:14:45.945 10 INFO neutron.api.wsgi [None req-652e027d-7804-4f36-8abe-9d9c057b93f2 18878a0d425b4acdb108715ae117b9b7 28b3f955963c4cc181f8e9e005ce9122 - - default default] 10.0.0.206 "DELETE /v2.0/security-groups/ad0c7fe7-7cac-43fd-b627-65017357a9e0 HTTP/1.1" status: 204 len: 168 time: 0.2315645
2026-04-07 01:14:46.002 9 INFO neutron.services.segments.plugin [-] Segment 5e5d7676-b3a1-44f4-8797-70a390de262d resource provider aggregate not found
2026-04-07 01:14:46.012 9 INFO neutron.services.segments.plugin [-] Segment 5e5d7676-b3a1-44f4-8797-70a390de262d resource provider aggregate not found
2026-04-07 01:14:46.016 9 INFO neutron.services.segments.plugin [-] Segment 5e5d7676-b3a1-44f4-8797-70a390de262d resource provider not found; error: Placement Client Error (4xx): {"errors": [{"status": 404, "title": "Not Found", "detail": "The resource could not be found.\n\n No resource provider with uuid 5e5d7676-b3a1-44f4-8797-70a390de262d found for delete ", "request_id": "req-1036b226-8f35-4bfc-9321-067d1524682e"}]}
2026-04-07 01:14:46.026 9 INFO neutron.services.segments.plugin [-] Segment 5e5d7676-b3a1-44f4-8797-70a390de262d resource provider not found; error: Placement Client Error (4xx): {"errors": [{"status": 404, "title": "Not Found", "detail": "The resource could not be found.\n\n No resource provider with uuid 5e5d7676-b3a1-44f4-8797-70a390de262d found for delete ", "request_id": "req-35bed0c2-553c-42d0-a007-1e17f31403ac"}]}
2026-04-07 01:14:46.079 9 INFO neutron.api.wsgi [None req-7949cce3-2999-4d66-ba16-645de58b8212 18878a0d425b4acdb108715ae117b9b7 28b3f955963c4cc181f8e9e005ce9122 - - default default] 10.0.0.206 "DELETE /v2.0/networks/2e01f3db-b6d2-4d36-85d6-d7de6b64606d HTTP/1.1" status: 204 len: 168 time: 0.2810104
2026-04-07 01:14:46.238 9 INFO neutron.api.wsgi [None req-73a31fb9-6d9b-431e-88c5-7fb250a12140 18878a0d425b4acdb108715ae117b9b7 28b3f955963c4cc181f8e9e005ce9122 - - default default] 10.0.0.206 "GET /v2.0/security-groups?tenant_id=ec7f58028f9c4666b237cab94d524485&name=default HTTP/1.1" status: 200 len: 3116 time: 0.0298953
2026-04-07 01:14:46.387 10 INFO neutron.api.wsgi [req-67e01064-7407-4175-a0b2-cc021723ff1e req-e839fc3b-1408-4e6e-b74d-7b51a20ee2f4 56289b12899e4b7a8bb9fb287f6b17d6 6719d5e4d9484b8da7b600045fa19fab - - default default] 10.0.0.43 "GET /v2.0/security-groups?name=tempest-securitygroup--1695937239&fields=id&tenant_id=6719d5e4d9484b8da7b600045fa19fab HTTP/1.1" status: 200 len: 267 time: 0.0340044
2026-04-07 01:14:46.445 10 INFO neutron.api.wsgi [req-67e01064-7407-4175-a0b2-cc021723ff1e req-c2a4b058-4c61-4e08-8eb6-cd59c3318571 56289b12899e4b7a8bb9fb287f6b17d6 6719d5e4d9484b8da7b600045fa19fab - - default default] 10.0.0.43 "GET /v2.0/networks?id=befd3154-ed57-4da1-aa84-a2469651fe6c HTTP/1.1" status: 200 len: 881 time: 0.0510092
2026-04-07 01:14:46.451 9 INFO neutron.api.wsgi [None req-06103443-ffa3-4029-9a00-e2c6743e8605 18878a0d425b4acdb108715ae117b9b7 28b3f955963c4cc181f8e9e005ce9122 - - default default] 10.0.0.206 "DELETE /v2.0/security-groups/d0fb7668-3867-4449-ae6f-162aad02fc73 HTTP/1.1" status: 204 len: 168 time: 0.2090430
2026-04-07 01:14:46.464 10 INFO neutron.api.wsgi [req-67e01064-7407-4175-a0b2-cc021723ff1e req-beeb9145-fde1-4847-8632-69ce610a26e5 56289b12899e4b7a8bb9fb287f6b17d6 6719d5e4d9484b8da7b600045fa19fab - - default default] 10.0.0.43 "GET /v2.0/quotas/6719d5e4d9484b8da7b600045fa19fab HTTP/1.1" status: 200 len: 491 time: 0.0127618
2026-04-07 01:14:46.547 10 INFO neutron.api.wsgi [req-67e01064-7407-4175-a0b2-cc021723ff1e req-d298f81b-0e01-4536-8d99-66195bc390f2 56289b12899e4b7a8bb9fb287f6b17d6 6719d5e4d9484b8da7b600045fa19fab - - default default] 10.0.0.43 "GET /v2.0/ports?tenant_id=6719d5e4d9484b8da7b600045fa19fab&fields=id HTTP/1.1" status: 200 len: 302 time: 0.0762839
2026-04-07 01:14:46.980 10 INFO neutron.api.wsgi [req-67e01064-7407-4175-a0b2-cc021723ff1e req-d09f6dc7-ca95-47bc-929e-684c37f46862 077cfc4fdc9945279dd840bee508c26d 7b2064a28fc940e79a1ae6d59fa8558d - - f2cb70a218e141769260855bf15aa918 f2cb70a218e141769260855bf15aa918] 10.0.0.43 "GET /v2.0/extensions HTTP/1.1" status: 200 len: 19298 time: 0.0872951
2026-04-07 01:14:47.130 10 INFO neutron.api.wsgi [req-67e01064-7407-4175-a0b2-cc021723ff1e req-f2f1ebdb-1927-4664-967e-69ec12dc576e 077cfc4fdc9945279dd840bee508c26d 7b2064a28fc940e79a1ae6d59fa8558d - - f2cb70a218e141769260855bf15aa918 f2cb70a218e141769260855bf15aa918] 10.0.0.43 "GET /v2.0/networks/befd3154-ed57-4da1-aa84-a2469651fe6c?fields=segments HTTP/1.1" status: 200 len: 212 time: 0.1419380
2026-04-07 01:14:47.167 10 INFO neutron.api.wsgi [req-67e01064-7407-4175-a0b2-cc021723ff1e req-4ee98eb9-b962-4b0c-9642-ce62dac0f5dd 077cfc4fdc9945279dd840bee508c26d 7b2064a28fc940e79a1ae6d59fa8558d - - f2cb70a218e141769260855bf15aa918 f2cb70a218e141769260855bf15aa918] 10.0.0.43 "GET /v2.0/networks/befd3154-ed57-4da1-aa84-a2469651fe6c?fields=provider%3Aphysical_network&fields=provider%3Anetwork_type HTTP/1.1" status: 200 len: 277 time: 0.0314126
2026-04-07 01:14:47.372 9 INFO neutron.api.wsgi [req-ea54c079-a135-45ee-a8f0-5dc423bd7664 req-2bbf6a81-eca6-4a51-864c-3437b388c797 56289b12899e4b7a8bb9fb287f6b17d6 6719d5e4d9484b8da7b600045fa19fab - - default default] 10.0.0.43 "GET /v2.0/ports?device_id=650b18de-30b1-41b6-9951-7c8fe3117f57 HTTP/1.1" status: 200 len: 210 time: 0.0405939
2026-04-07 01:14:48.038 9 INFO neutron.services.segments.plugin [-] Segment 1ed506d4-6ec0-44a4-9a18-d15efd8e66b7 resource provider aggregate not found
2026-04-07 01:14:48.042 9 INFO neutron.services.segments.plugin [-] Segment 1ed506d4-6ec0-44a4-9a18-d15efd8e66b7 resource provider aggregate not found
2026-04-07 01:14:48.045 10 INFO neutron.db.ovn_revision_numbers_db [None req-6468acc6-d8b1-4f2b-b2c1-953702924973 18878a0d425b4acdb108715ae117b9b7 28b3f955963c4cc181f8e9e005ce9122 - - default default] Successfully bumped revision number for resource 09bce39e-d559-428d-b16b-badd27982cc6 (type: security_groups) to 1
2026-04-07 01:14:48.052 9 INFO neutron.services.segments.plugin [-] Segment 1ed506d4-6ec0-44a4-9a18-d15efd8e66b7 resource provider not found; error: Placement Client Error (4xx): {"errors": [{"status": 404, "title": "Not Found", "detail": "The resource could not be found.\n\n No resource provider with uuid 1ed506d4-6ec0-44a4-9a18-d15efd8e66b7 found for delete ", "request_id": "req-9c908961-cc2c-4241-952a-685ed6b9f204"}]}
2026-04-07 01:14:48.055 9 INFO neutron.services.segments.plugin [-] Segment 1ed506d4-6ec0-44a4-9a18-d15efd8e66b7 resource provider not found; error: Placement Client Error (4xx): {"errors": [{"status": 404, "title": "Not Found", "detail": "The resource could not be found.\n\n No resource provider with uuid 1ed506d4-6ec0-44a4-9a18-d15efd8e66b7 found for delete ", "request_id": "req-2f8d3441-3e7d-4663-a69c-537e991703e1"}]}
2026-04-07 01:14:48.071 10 INFO neutron.db.ovn_revision_numbers_db [None req-6468acc6-d8b1-4f2b-b2c1-953702924973 18878a0d425b4acdb108715ae117b9b7 28b3f955963c4cc181f8e9e005ce9122 - - default default] Successfully bumped revision number for resource 5db90b2e-b108-43d4-8f59-ec0984d1e8de (type: security_group_rules) to 0
2026-04-07 01:14:48.090 10 INFO neutron.db.ovn_revision_numbers_db [None req-6468acc6-d8b1-4f2b-b2c1-953702924973 18878a0d425b4acdb108715ae117b9b7 28b3f955963c4cc181f8e9e005ce9122 - - default default] Successfully bumped revision number for resource 9408f76b-0dcc-4c9a-a40a-22c630c03c71 (type: security_group_rules) to 0
2026-04-07 01:14:48.108 10 INFO neutron.db.ovn_revision_numbers_db [None req-6468acc6-d8b1-4f2b-b2c1-953702924973 18878a0d425b4acdb108715ae117b9b7 28b3f955963c4cc181f8e9e005ce9122 - - default default] Successfully bumped revision number for resource b742c251-dba8-4b1e-94a1-618e3f71dd2c (type: security_group_rules) to 0
2026-04-07 01:14:48.117 10 INFO neutron.db.ovn_revision_numbers_db [None req-2defa043-be62-4e23-8fed-2a8b906c6d35 18878a0d425b4acdb108715ae117b9b7 28b3f955963c4cc181f8e9e005ce9122 - - default default] Successfully bumped revision number for resource 3c2a4a66-8bc0-4b5d-b398-4c3cf12f7e74 (type: security_groups) to 1
2026-04-07 01:14:48.127 10 INFO neutron.db.ovn_revision_numbers_db [None req-6468acc6-d8b1-4f2b-b2c1-953702924973 18878a0d425b4acdb108715ae117b9b7 28b3f955963c4cc181f8e9e005ce9122 - - default default] Successfully bumped revision number for resource c4720063-cc85-4504-b0bc-8798be2d00df (type: security_group_rules) to 0
2026-04-07 01:14:48.133 10 INFO neutron.db.ovn_revision_numbers_db [None req-2defa043-be62-4e23-8fed-2a8b906c6d35 18878a0d425b4acdb108715ae117b9b7 28b3f955963c4cc181f8e9e005ce9122 - - default default] Successfully bumped revision number for resource 1b89dc7c-6ef0-42fe-bece-793f1534f25b (type: security_group_rules) to 0
2026-04-07 01:14:48.153 10 INFO neutron.db.ovn_revision_numbers_db [None req-2defa043-be62-4e23-8fed-2a8b906c6d35 18878a0d425b4acdb108715ae117b9b7 28b3f955963c4cc181f8e9e005ce9122 - - default default] Successfully bumped revision number for resource 1d095f11-f465-450f-bf79-be151cd6b5e6 (type: security_group_rules) to 0
2026-04-07 01:14:48.164 10 INFO neutron.db.ovn_revision_numbers_db [None req-2defa043-be62-4e23-8fed-2a8b906c6d35 18878a0d425b4acdb108715ae117b9b7 28b3f955963c4cc181f8e9e005ce9122 - - default default] Successfully bumped revision number for resource aaab612b-4b66-4d14-a909-3ae22576f926 (type: security_group_rules) to 0
2026-04-07 01:14:48.176 10 INFO neutron.db.ovn_revision_numbers_db [None req-2defa043-be62-4e23-8fed-2a8b906c6d35 18878a0d425b4acdb108715ae117b9b7 28b3f955963c4cc181f8e9e005ce9122 - - default default] Successfully bumped revision number for resource edd997d5-e2c8-47c7-ac65-ab2d3711ab59 (type: security_group_rules) to 0
2026-04-07 01:14:48.191 10 INFO neutron.db.segments_db [None req-6468acc6-d8b1-4f2b-b2c1-953702924973 18878a0d425b4acdb108715ae117b9b7 28b3f955963c4cc181f8e9e005ce9122 - - default default] Added segment f8bcdf1b-449a-4c22-9932-3c4a251d786e of type geneve for network 103457db-cba6-4585-9d25-565bb7d1c4e8
2026-04-07 01:14:48.220 10 INFO neutron.api.wsgi [None req-2defa043-be62-4e23-8fed-2a8b906c6d35 18878a0d425b4acdb108715ae117b9b7 28b3f955963c4cc181f8e9e005ce9122 - - default default] 10.0.0.206 "GET /v2.0/security-groups?tenant_id=01ed1575b5504757afd1563cec45485f&name=default HTTP/1.1" status: 200 len: 3120 time: 0.2971685
2026-04-07 01:14:48.247 9 INFO neutron.db.ovn_revision_numbers_db [None req-ccecc625-011f-459e-ba08-ed860981a026 18878a0d425b4acdb108715ae117b9b7 28b3f955963c4cc181f8e9e005ce9122 - - default default] Successfully bumped revision number for resource 58da7fbb-84dc-435e-bed7-5573ee4cfe51 (type: security_groups) to 1
2026-04-07 01:14:48.263 9 INFO neutron.db.ovn_revision_numbers_db [None req-ccecc625-011f-459e-ba08-ed860981a026 18878a0d425b4acdb108715ae117b9b7 28b3f955963c4cc181f8e9e005ce9122 - - default default] Successfully bumped revision number for resource 24a6c386-f925-46c3-98ed-71bec9024af6 (type: security_group_rules) to 0
2026-04-07 01:14:48.277 9 INFO neutron.db.ovn_revision_numbers_db [None req-ccecc625-011f-459e-ba08-ed860981a026 18878a0d425b4acdb108715ae117b9b7 28b3f955963c4cc181f8e9e005ce9122 - - default default] Successfully bumped revision number for resource 7d805228-6125-4b12-9fa3-665cb8e96632 (type: security_group_rules) to 0
2026-04-07 01:14:48.289 10 INFO neutron.db.ovn_revision_numbers_db [None req-6468acc6-d8b1-4f2b-b2c1-953702924973 18878a0d425b4acdb108715ae117b9b7 28b3f955963c4cc181f8e9e005ce9122 - - default default] Successfully bumped revision number for resource 103457db-cba6-4585-9d25-565bb7d1c4e8 (type: networks) to 1
2026-04-07 01:14:48.294 9 INFO neutron.db.ovn_revision_numbers_db [None req-ccecc625-011f-459e-ba08-ed860981a026 18878a0d425b4acdb108715ae117b9b7 28b3f955963c4cc181f8e9e005ce9122 - - default default] Successfully bumped revision number for resource 849d9be3-ec80-46a8-870a-175b877019c3 (type: security_group_rules) to 0
2026-04-07 01:14:48.309 9 INFO neutron.db.ovn_revision_numbers_db [None req-ccecc625-011f-459e-ba08-ed860981a026 18878a0d425b4acdb108715ae117b9b7 28b3f955963c4cc181f8e9e005ce9122 - - default default] Successfully bumped revision number for resource a343aeea-6758-459d-8f17-f9583f10ad3e (type: security_group_rules) to 0
2026-04-07 01:14:48.425 10 WARNING neutron.scheduler.dhcp_agent_scheduler [None req-6468acc6-d8b1-4f2b-b2c1-953702924973 18878a0d425b4acdb108715ae117b9b7 28b3f955963c4cc181f8e9e005ce9122 - - default default] No more DHCP agents
2026-04-07 01:14:48.426 10 WARNING neutron.api.rpc.agentnotifiers.dhcp_rpc_agent_api [None req-6468acc6-d8b1-4f2b-b2c1-953702924973 18878a0d425b4acdb108715ae117b9b7 28b3f955963c4cc181f8e9e005ce9122 - - default default] Unable to schedule network 103457db-cba6-4585-9d25-565bb7d1c4e8: no agents available; will retry on subsequent port and subnet creation events.
2026-04-07 01:14:48.498 10 INFO neutron.db.ovn_revision_numbers_db [None req-6468acc6-d8b1-4f2b-b2c1-953702924973 18878a0d425b4acdb108715ae117b9b7 28b3f955963c4cc181f8e9e005ce9122 - - default default] Successfully bumped revision number for resource 966c0ecd-31f7-4887-b053-0c744a04ce27 (type: ports) to 1
2026-04-07 01:14:48.499 9 INFO neutron.db.segments_db [None req-ccecc625-011f-459e-ba08-ed860981a026 18878a0d425b4acdb108715ae117b9b7 28b3f955963c4cc181f8e9e005ce9122 - - default default] Added segment 5c6b0aff-5305-4af4-aea1-85176a2bf083 of type geneve for network a9dcff0d-8ad3-47f8-b197-8e1ee2e08aa0
2026-04-07 01:14:48.512 10 INFO neutron.api.wsgi [req-18f939ed-f6a7-4eca-b93f-28fd289f42c9 req-7a78d986-e20a-47d8-854f-1cf76aaf7de3 56289b12899e4b7a8bb9fb287f6b17d6 6719d5e4d9484b8da7b600045fa19fab - - default default] 10.0.0.43 "GET /v2.0/ports?device_id=650b18de-30b1-41b6-9951-7c8fe3117f57 HTTP/1.1" status: 200 len: 210 time: 0.0336840
2026-04-07 01:14:48.528 10 INFO neutron.api.wsgi [None req-6468acc6-d8b1-4f2b-b2c1-953702924973 18878a0d425b4acdb108715ae117b9b7 28b3f955963c4cc181f8e9e005ce9122 - - default default] 10.0.0.206 "POST /v2.0/networks HTTP/1.1" status: 201 len: 939 time: 0.8043985
2026-04-07 01:14:48.565 9 INFO neutron.api.wsgi [None req-403c24ed-3dcc-47f6-96df-5bc98af481e9 18878a0d425b4acdb108715ae117b9b7 28b3f955963c4cc181f8e9e005ce9122 - - default default] 10.0.0.206 "DELETE /v2.0/security-groups/3c2a4a66-8bc0-4b5d-b398-4c3cf12f7e74 HTTP/1.1" status: 204 len: 168 time: 0.3392620
2026-04-07 01:14:48.609 9 INFO neutron.db.ovn_revision_numbers_db [None req-ccecc625-011f-459e-ba08-ed860981a026 18878a0d425b4acdb108715ae117b9b7 28b3f955963c4cc181f8e9e005ce9122 - - default default] Successfully bumped revision number for resource a9dcff0d-8ad3-47f8-b197-8e1ee2e08aa0 (type: networks) to 1
2026-04-07 01:14:48.663 10 WARNING neutron.scheduler.dhcp_agent_scheduler [None req-2fd7a927-9975-452b-9500-34d0a6f7c457 18878a0d425b4acdb108715ae117b9b7 28b3f955963c4cc181f8e9e005ce9122 - - default default] No more DHCP agents
2026-04-07 01:14:48.664 10 WARNING neutron.api.rpc.agentnotifiers.dhcp_rpc_agent_api [None req-2fd7a927-9975-452b-9500-34d0a6f7c457 18878a0d425b4acdb108715ae117b9b7 28b3f955963c4cc181f8e9e005ce9122 - - default default] Unable to schedule network 103457db-cba6-4585-9d25-565bb7d1c4e8: no agents available; will retry on subsequent port and subnet creation events.
2026-04-07 01:14:48.755 9 WARNING neutron.scheduler.dhcp_agent_scheduler [None req-ccecc625-011f-459e-ba08-ed860981a026 18878a0d425b4acdb108715ae117b9b7 28b3f955963c4cc181f8e9e005ce9122 - - default default] No more DHCP agents
2026-04-07 01:14:48.757 9 WARNING neutron.api.rpc.agentnotifiers.dhcp_rpc_agent_api [None req-ccecc625-011f-459e-ba08-ed860981a026 18878a0d425b4acdb108715ae117b9b7 28b3f955963c4cc181f8e9e005ce9122 - - default default] Unable to schedule network a9dcff0d-8ad3-47f8-b197-8e1ee2e08aa0: no agents available; will retry on subsequent port and subnet creation events.
2026-04-07 01:14:48.841 9 INFO neutron.db.ovn_revision_numbers_db [None req-ccecc625-011f-459e-ba08-ed860981a026 18878a0d425b4acdb108715ae117b9b7 28b3f955963c4cc181f8e9e005ce9122 - - default default] Successfully bumped revision number for resource 54fbbf7b-1e45-4357-b3ea-e6e578de2014 (type: ports) to 1
2026-04-07 01:14:48.861 9 INFO neutron.api.wsgi [None req-ccecc625-011f-459e-ba08-ed860981a026 18878a0d425b4acdb108715ae117b9b7 28b3f955963c4cc181f8e9e005ce9122 - - default default] 10.0.0.206 "POST /v2.0/networks HTTP/1.1" status: 201 len: 950 time: 0.7892008
2026-04-07 01:14:48.989 9 WARNING neutron.scheduler.dhcp_agent_scheduler [None req-0a6a84ad-5b9f-4ba4-9435-67a7f373e57f 18878a0d425b4acdb108715ae117b9b7 28b3f955963c4cc181f8e9e005ce9122 - - default default] No more DHCP agents
2026-04-07 01:14:48.991 9 WARNING neutron.api.rpc.agentnotifiers.dhcp_rpc_agent_api [None req-0a6a84ad-5b9f-4ba4-9435-67a7f373e57f 18878a0d425b4acdb108715ae117b9b7 28b3f955963c4cc181f8e9e005ce9122 - - default default] Unable to schedule network a9dcff0d-8ad3-47f8-b197-8e1ee2e08aa0: no agents available; will retry on subsequent port and subnet creation events.
2026-04-07 01:14:49.056 10 INFO neutron.db.ovn_revision_numbers_db [None req-e457dcc2-2a26-4454-aced-3b784592a6c9 - - - - - -] Successfully bumped revision number for resource 966c0ecd-31f7-4887-b053-0c744a04ce27 (type: ports) to 2
2026-04-07 01:14:49.079 10 INFO neutron.db.ovn_revision_numbers_db [None req-e457dcc2-2a26-4454-aced-3b784592a6c9 - - - - - -] Successfully bumped revision number for resource d7ff9a81-3fc0-4604-a043-73c45e5cec84 (type: subnets) to 0
2026-04-07 01:14:49.094 10 INFO neutron.api.wsgi [None req-2fd7a927-9975-452b-9500-34d0a6f7c457 18878a0d425b4acdb108715ae117b9b7 28b3f955963c4cc181f8e9e005ce9122 - - default default] 10.0.0.206 "POST /v2.0/subnets HTTP/1.1" status: 201 len: 883 time: 0.5587943
2026-04-07 01:14:49.375 9 INFO neutron.db.ovn_revision_numbers_db [None req-1f094b63-2ed0-4c88-9a97-6f6022758f46 - - - - - -] Successfully bumped revision number for resource 54fbbf7b-1e45-4357-b3ea-e6e578de2014 (type: ports) to 2
2026-04-07 01:14:49.399 9 INFO neutron.db.ovn_revision_numbers_db [None req-1f094b63-2ed0-4c88-9a97-6f6022758f46 - - - - - -] Successfully bumped revision number for resource b2f360a6-6e4e-447c-b2e6-a9f34737d293 (type: subnets) to 0
2026-04-07 01:14:49.411 9 INFO neutron.api.wsgi [None req-0a6a84ad-5b9f-4ba4-9435-67a7f373e57f 18878a0d425b4acdb108715ae117b9b7 28b3f955963c4cc181f8e9e005ce9122 - - default default] 10.0.0.206 "POST /v2.0/subnets HTTP/1.1" status: 201 len: 894 time: 0.5450368
2026-04-07 01:14:49.447 10 WARNING neutron.scheduler.dhcp_agent_scheduler [None req-0e436073-3096-44c6-95a9-16f48454cac4 18878a0d425b4acdb108715ae117b9b7 28b3f955963c4cc181f8e9e005ce9122 - - default default] No more DHCP agents
2026-04-07 01:14:49.449 10 WARNING neutron.api.rpc.agentnotifiers.dhcp_rpc_agent_api [None req-0e436073-3096-44c6-95a9-16f48454cac4 18878a0d425b4acdb108715ae117b9b7 28b3f955963c4cc181f8e9e005ce9122 - - default default] Unable to schedule network 9aff7a8e-31f5-4209-ac23-97fb955a382a: no agents available; will retry on subsequent port and subnet creation events.
2026-04-07 01:14:49.542 10 INFO neutron.db.ovn_revision_numbers_db [None req-0e436073-3096-44c6-95a9-16f48454cac4 18878a0d425b4acdb108715ae117b9b7 28b3f955963c4cc181f8e9e005ce9122 - - default default] Successfully bumped revision number for resource 670a5619-32f7-400b-a015-6159d854da88 (type: ports) to 1
2026-04-07 01:14:49.616 9 INFO neutron.api.wsgi [req-da57e70d-2b72-4d14-b1bd-ca1d16f64bed req-b0f28751-e80e-4923-be87-8b1799b93d82 56289b12899e4b7a8bb9fb287f6b17d6 6719d5e4d9484b8da7b600045fa19fab - - default default] 10.0.0.43 "GET /v2.0/ports?device_id=650b18de-30b1-41b6-9951-7c8fe3117f57 HTTP/1.1" status: 200 len: 210 time: 0.0173407
2026-04-07 01:14:49.760 9 WARNING neutron.scheduler.dhcp_agent_scheduler [None req-1c7da814-3c3f-4c42-9dab-29db0fe97c59 18878a0d425b4acdb108715ae117b9b7 28b3f955963c4cc181f8e9e005ce9122 - - default default] No more DHCP agents
2026-04-07 01:14:49.761 9 WARNING neutron.api.rpc.agentnotifiers.dhcp_rpc_agent_api [None req-1c7da814-3c3f-4c42-9dab-29db0fe97c59 18878a0d425b4acdb108715ae117b9b7 28b3f955963c4cc181f8e9e005ce9122 - - default default] Unable to schedule network 9aff7a8e-31f5-4209-ac23-97fb955a382a: no agents available; will retry on subsequent port and subnet creation events.
2026-04-07 01:14:49.874 9 INFO neutron.db.ovn_revision_numbers_db [None req-1c7da814-3c3f-4c42-9dab-29db0fe97c59 18878a0d425b4acdb108715ae117b9b7 28b3f955963c4cc181f8e9e005ce9122 - - default default] Successfully bumped revision number for resource f9650bc1-8489-4851-a5f1-7d15481a5a6b (type: ports) to 1
2026-04-07 01:14:50.048 10 INFO neutron.plugins.ml2.drivers.ovn.mech_driver.ovsdb.commands [None req-9a888254-dd97-4135-8f68-c9073fa90e7d - - - - - -] Schedule LRP lrp-670a5619-32f7-400b-a015-6159d854da88 on gateway 340b7c8e-ac30-46e4-975f-64ace12d86fe with priority 1
