2026-04-07 01:15:52.857 10 INFO neutron.db.ovn_revision_numbers_db [None req-6255d955-770a-42aa-811d-9e273df07798 db2d3857c65b46ac9201bd00f57948c0 19c240d8c2b4451a869ca055b312a5e8 - - default default] Successfully bumped revision number for resource 30661f1a-0eb9-4f4b-a58e-fc122295ce61 (type: router_ports) to 1
2026-04-07 01:15:52.939 10 INFO neutron.db.ovn_revision_numbers_db [None req-6255d955-770a-42aa-811d-9e273df07798 db2d3857c65b46ac9201bd00f57948c0 19c240d8c2b4451a869ca055b312a5e8 - - default default] Successfully bumped revision number for resource 3680514e-5cd6-4fc5-a925-e2467a2c7801 (type: routers) to 2
2026-04-07 01:15:52.955 10 INFO neutron.api.wsgi [None req-6255d955-770a-42aa-811d-9e273df07798 db2d3857c65b46ac9201bd00f57948c0 19c240d8c2b4451a869ca055b312a5e8 - - default default] 10.0.0.206 "POST /v2.0/routers HTTP/1.1" status: 201 len: 1144 time: 1.1258152
2026-04-07 01:15:53.220 9 INFO neutron.db.ovn_revision_numbers_db [None req-e4ec2c94-fac7-48e0-8080-ff822aa8412f 18878a0d425b4acdb108715ae117b9b7 28b3f955963c4cc181f8e9e005ce9122 - - default default] Successfully bumped revision number for resource 02c738d8-c575-4345-95b3-20ae5dcf4c77 (type: security_groups) to 1
2026-04-07 01:15:53.237 9 INFO neutron.db.ovn_revision_numbers_db [None req-e4ec2c94-fac7-48e0-8080-ff822aa8412f 18878a0d425b4acdb108715ae117b9b7 28b3f955963c4cc181f8e9e005ce9122 - - default default] Successfully bumped revision number for resource 157bd365-1136-4a7f-956b-1659fc066da3 (type: security_group_rules) to 0
2026-04-07 01:15:53.250 9 INFO neutron.db.ovn_revision_numbers_db [None req-e4ec2c94-fac7-48e0-8080-ff822aa8412f 18878a0d425b4acdb108715ae117b9b7 28b3f955963c4cc181f8e9e005ce9122 - - default default] Successfully bumped revision number for resource 3b000f46-2076-4b91-a18c-e023456d2b7c (type: security_group_rules) to 0
2026-04-07 01:15:53.268 9 INFO neutron.db.ovn_revision_numbers_db [None req-e4ec2c94-fac7-48e0-8080-ff822aa8412f 18878a0d425b4acdb108715ae117b9b7 28b3f955963c4cc181f8e9e005ce9122 - - default default] Successfully bumped revision number for resource b1326184-4031-4765-9b1a-36c3c5da0e86 (type: security_group_rules) to 0
2026-04-07 01:15:53.275 9 INFO neutron.db.ovn_revision_numbers_db [None req-1860f383-3019-481c-bea6-ed1d3ac9613f - - - - - -] Successfully bumped revision number for resource 30661f1a-0eb9-4f4b-a58e-fc122295ce61 (type: ports) to 1
2026-04-07 01:15:53.281 9 INFO neutron.db.ovn_revision_numbers_db [None req-e4ec2c94-fac7-48e0-8080-ff822aa8412f 18878a0d425b4acdb108715ae117b9b7 28b3f955963c4cc181f8e9e005ce9122 - - default default] Successfully bumped revision number for resource bb460acb-e102-43ac-8692-780c3f74d9c2 (type: security_group_rules) to 0
2026-04-07 01:15:53.318 9 INFO neutron.api.wsgi [None req-e4ec2c94-fac7-48e0-8080-ff822aa8412f 18878a0d425b4acdb108715ae117b9b7 28b3f955963c4cc181f8e9e005ce9122 - - default default] 10.0.0.206 "GET /v2.0/security-groups?tenant_id=ef298a1e530f4aea97cff6f55923c696&name=default HTTP/1.1" status: 200 len: 3120 time: 0.3695152
2026-04-07 01:15:53.437 10 WARNING neutron.scheduler.dhcp_agent_scheduler [None req-e3bd19ba-1daa-4ab8-86bf-742b68825698 db2d3857c65b46ac9201bd00f57948c0 19c240d8c2b4451a869ca055b312a5e8 - - default default] No more DHCP agents
2026-04-07 01:15:53.438 10 WARNING neutron.api.rpc.agentnotifiers.dhcp_rpc_agent_api [None req-e3bd19ba-1daa-4ab8-86bf-742b68825698 db2d3857c65b46ac9201bd00f57948c0 19c240d8c2b4451a869ca055b312a5e8 - - default default] Unable to schedule network 5c1ea1ff-7b04-425e-88c5-0cf5232bc5b3: no agents available; will retry on subsequent port and subnet creation events.
2026-04-07 01:15:53.527 9 INFO neutron.api.wsgi [None req-5a8a221d-5a04-4bfc-b8ca-968d0dcc3fba 18878a0d425b4acdb108715ae117b9b7 28b3f955963c4cc181f8e9e005ce9122 - - default default] 10.0.0.206 "DELETE /v2.0/security-groups/02c738d8-c575-4345-95b3-20ae5dcf4c77 HTTP/1.1" status: 204 len: 168 time: 0.2013276
2026-04-07 01:15:53.570 10 INFO neutron.db.ovn_revision_numbers_db [None req-e3bd19ba-1daa-4ab8-86bf-742b68825698 db2d3857c65b46ac9201bd00f57948c0 19c240d8c2b4451a869ca055b312a5e8 - - default default] Successfully bumped revision number for resource 1060a69b-1916-4a35-8e3c-2e38653f1a34 (type: ports) to 1
2026-04-07 01:15:53.585 9 INFO neutron.db.ovn_revision_numbers_db [None req-1860f383-3019-481c-bea6-ed1d3ac9613f - - - - - -] Successfully bumped revision number for resource 30661f1a-0eb9-4f4b-a58e-fc122295ce61 (type: ports) to 4
2026-04-07 01:15:53.852 9 INFO neutron.db.ovn_revision_numbers_db [None req-1860f383-3019-481c-bea6-ed1d3ac9613f - - - - - -] Successfully bumped revision number for resource 30661f1a-0eb9-4f4b-a58e-fc122295ce61 (type: ports) to 5
2026-04-07 01:15:54.160 10 INFO neutron.db.ovn_revision_numbers_db [None req-e3bd19ba-1daa-4ab8-86bf-742b68825698 db2d3857c65b46ac9201bd00f57948c0 19c240d8c2b4451a869ca055b312a5e8 - - default default] Successfully bumped revision number for resource 1060a69b-1916-4a35-8e3c-2e38653f1a34 (type: ports) to 1
2026-04-07 01:15:54.208 10 WARNING neutron.scheduler.dhcp_agent_scheduler [None req-e3bd19ba-1daa-4ab8-86bf-742b68825698 db2d3857c65b46ac9201bd00f57948c0 19c240d8c2b4451a869ca055b312a5e8 - - default default] No more DHCP agents
2026-04-07 01:15:54.209 10 WARNING neutron.api.rpc.agentnotifiers.dhcp_rpc_agent_api [None req-e3bd19ba-1daa-4ab8-86bf-742b68825698 db2d3857c65b46ac9201bd00f57948c0 19c240d8c2b4451a869ca055b312a5e8 - - default default] Unable to schedule network 5c1ea1ff-7b04-425e-88c5-0cf5232bc5b3: no agents available; will retry on subsequent port and subnet creation events.
2026-04-07 01:15:54.506 10 INFO neutron.db.ovn_revision_numbers_db [None req-e3bd19ba-1daa-4ab8-86bf-742b68825698 db2d3857c65b46ac9201bd00f57948c0 19c240d8c2b4451a869ca055b312a5e8 - - default default] Successfully bumped revision number for resource 1060a69b-1916-4a35-8e3c-2e38653f1a34 (type: router_ports) to 1
2026-04-07 01:15:54.512 10 INFO neutron.api.wsgi [None req-e3bd19ba-1daa-4ab8-86bf-742b68825698 db2d3857c65b46ac9201bd00f57948c0 19c240d8c2b4451a869ca055b312a5e8 - - default default] 10.0.0.206 "PUT /v2.0/routers/3680514e-5cd6-4fc5-a925-e2467a2c7801/add_router_interface HTTP/1.1" status: 200 len: 503 time: 1.5525267
2026-04-07 01:15:55.192 10 WARNING neutron.scheduler.dhcp_agent_scheduler [None req-7d476835-3165-412d-b6e2-4aad5332d884 db2d3857c65b46ac9201bd00f57948c0 19c240d8c2b4451a869ca055b312a5e8 - - default default] No more DHCP agents
2026-04-07 01:15:55.201 10 WARNING neutron.api.rpc.agentnotifiers.dhcp_rpc_agent_api [None req-7d476835-3165-412d-b6e2-4aad5332d884 db2d3857c65b46ac9201bd00f57948c0 19c240d8c2b4451a869ca055b312a5e8 - - default default] Unable to schedule network c538e71e-691b-49f8-a777-c0eb46f0f424: no agents available; will retry on subsequent port and subnet creation events.
2026-04-07 01:15:55.231 9 INFO neutron.db.ovn_revision_numbers_db [None req-03871c63-0140-4b31-b50e-208083675bec 18878a0d425b4acdb108715ae117b9b7 28b3f955963c4cc181f8e9e005ce9122 - - default default] Successfully bumped revision number for resource 1568db12-bc27-46d0-96d5-8f5d0a9ecda1 (type: security_groups) to 1
2026-04-07 01:15:55.245 9 INFO neutron.db.ovn_revision_numbers_db [None req-03871c63-0140-4b31-b50e-208083675bec 18878a0d425b4acdb108715ae117b9b7 28b3f955963c4cc181f8e9e005ce9122 - - default default] Successfully bumped revision number for resource 0f683971-fb07-45ba-9bf7-a4d27c7cc209 (type: security_group_rules) to 0
2026-04-07 01:15:55.257 9 INFO neutron.db.ovn_revision_numbers_db [None req-03871c63-0140-4b31-b50e-208083675bec 18878a0d425b4acdb108715ae117b9b7 28b3f955963c4cc181f8e9e005ce9122 - - default default] Successfully bumped revision number for resource af844572-498a-4cb3-88fa-f6e9df6005eb (type: security_group_rules) to 0
2026-04-07 01:15:55.269 9 INFO neutron.db.ovn_revision_numbers_db [None req-03871c63-0140-4b31-b50e-208083675bec 18878a0d425b4acdb108715ae117b9b7 28b3f955963c4cc181f8e9e005ce9122 - - default default] Successfully bumped revision number for resource d432acaf-ae37-47e1-ad1c-eaec08972c22 (type: security_group_rules) to 0
2026-04-07 01:15:55.281 9 INFO neutron.db.ovn_revision_numbers_db [None req-03871c63-0140-4b31-b50e-208083675bec 18878a0d425b4acdb108715ae117b9b7 28b3f955963c4cc181f8e9e005ce9122 - - default default] Successfully bumped revision number for resource d73d6ede-eb81-4d43-81b5-6932a0885e08 (type: security_group_rules) to 0
2026-04-07 01:15:55.312 9 INFO neutron.api.wsgi [None req-03871c63-0140-4b31-b50e-208083675bec 18878a0d425b4acdb108715ae117b9b7 28b3f955963c4cc181f8e9e005ce9122 - - default default] 10.0.0.206 "GET /v2.0/security-groups?tenant_id=2118dfbdc6ba4340b750b31c4dc05eb2&name=default HTTP/1.1" status: 200 len: 3120 time: 0.3315575
2026-04-07 01:15:55.320 10 INFO neutron.db.ovn_revision_numbers_db [None req-7d476835-3165-412d-b6e2-4aad5332d884 db2d3857c65b46ac9201bd00f57948c0 19c240d8c2b4451a869ca055b312a5e8 - - default default] Successfully bumped revision number for resource 435fb1e7-1133-4c14-93d7-8bfcca2dbcc5 (type: ports) to 1
2026-04-07 01:15:55.499 9 INFO neutron.api.wsgi [None req-3d96598f-0753-46a8-8922-36033a52e583 18878a0d425b4acdb108715ae117b9b7 28b3f955963c4cc181f8e9e005ce9122 - - default default] 10.0.0.206 "DELETE /v2.0/security-groups/1568db12-bc27-46d0-96d5-8f5d0a9ecda1 HTTP/1.1" status: 204 len: 168 time: 0.1808143
2026-04-07 01:15:55.682 9 INFO neutron.plugins.ml2.drivers.ovn.mech_driver.mech_driver [None req-bafd09fb-30f2-4f6f-8196-8e3fc6e3a977 - - - - - -] OVN reports status up for port: 1060a69b-1916-4a35-8e3c-2e38653f1a34
2026-04-07 01:15:55.685 9 INFO neutron.db.ovn_revision_numbers_db [None req-b1941e2a-ebc6-443b-9f39-7895d19d533a 18878a0d425b4acdb108715ae117b9b7 28b3f955963c4cc181f8e9e005ce9122 - - default default] Successfully bumped revision number for resource 7c0f0da1-38e6-4df0-be2d-448c1c22a1a3 (type: security_groups) to 1
2026-04-07 01:15:55.689 9 INFO neutron.plugins.ml2.plugin [None req-bafd09fb-30f2-4f6f-8196-8e3fc6e3a977 - - - - - -] Attempt 1 to provision port 1060a69b-1916-4a35-8e3c-2e38653f1a34
2026-04-07 01:15:55.698 9 INFO neutron.db.ovn_revision_numbers_db [None req-b1941e2a-ebc6-443b-9f39-7895d19d533a 18878a0d425b4acdb108715ae117b9b7 28b3f955963c4cc181f8e9e005ce9122 - - default default] Successfully bumped revision number for resource 46659bc6-e1e0-44b0-877d-cab1fc9ce209 (type: security_group_rules) to 0
2026-04-07 01:15:55.713 9 INFO neutron.db.ovn_revision_numbers_db [None req-b1941e2a-ebc6-443b-9f39-7895d19d533a 18878a0d425b4acdb108715ae117b9b7 28b3f955963c4cc181f8e9e005ce9122 - - default default] Successfully bumped revision number for resource 669b5d30-f20a-4264-a34f-45e0d5ceb8c1 (type: security_group_rules) to 0
2026-04-07 01:15:55.731 9 INFO neutron.db.ovn_revision_numbers_db [None req-b1941e2a-ebc6-443b-9f39-7895d19d533a 18878a0d425b4acdb108715ae117b9b7 28b3f955963c4cc181f8e9e005ce9122 - - default default] Successfully bumped revision number for resource a3a7591d-3db0-415a-8940-8fdd055f3f8e (type: security_group_rules) to 0
2026-04-07 01:15:55.743 9 INFO neutron.db.ovn_revision_numbers_db [None req-b1941e2a-ebc6-443b-9f39-7895d19d533a 18878a0d425b4acdb108715ae117b9b7 28b3f955963c4cc181f8e9e005ce9122 - - default default] Successfully bumped revision number for resource e9af6cc8-9aea-45a3-b4a6-beeef809e7e8 (type: security_group_rules) to 0
2026-04-07 01:15:55.774 9 INFO neutron.api.wsgi [None req-b1941e2a-ebc6-443b-9f39-7895d19d533a 18878a0d425b4acdb108715ae117b9b7 28b3f955963c4cc181f8e9e005ce9122 - - default default] 10.0.0.206 "GET /v2.0/security-groups?tenant_id=8808770fb45a4edda81562a6d04c6d0a&name=default HTTP/1.1" status: 200 len: 3120 time: 0.1998956
2026-04-07 01:15:55.912 10 INFO neutron.plugins.ml2.drivers.ovn.mech_driver.mech_driver [None req-fe7dd83e-898d-447f-a53c-2640e31a992e - - - - - -] OVN reports status up for port: 435fb1e7-1133-4c14-93d7-8bfcca2dbcc5
2026-04-07 01:15:55.930 10 INFO neutron.plugins.ml2.plugin [None req-fe7dd83e-898d-447f-a53c-2640e31a992e - - - - - -] Attempt 1 to provision port 435fb1e7-1133-4c14-93d7-8bfcca2dbcc5
2026-04-07 01:15:55.958 10 INFO neutron.db.ovn_revision_numbers_db [None req-7d476835-3165-412d-b6e2-4aad5332d884 db2d3857c65b46ac9201bd00f57948c0 19c240d8c2b4451a869ca055b312a5e8 - - default default] Successfully bumped revision number for resource 435fb1e7-1133-4c14-93d7-8bfcca2dbcc5 (type: ports) to 1
2026-04-07 01:15:56.026 10 WARNING neutron.scheduler.dhcp_agent_scheduler [None req-7d476835-3165-412d-b6e2-4aad5332d884 db2d3857c65b46ac9201bd00f57948c0 19c240d8c2b4451a869ca055b312a5e8 - - default default] No more DHCP agents
2026-04-07 01:15:56.028 10 WARNING neutron.api.rpc.agentnotifiers.dhcp_rpc_agent_api [None req-7d476835-3165-412d-b6e2-4aad5332d884 db2d3857c65b46ac9201bd00f57948c0 19c240d8c2b4451a869ca055b312a5e8 - - default default] Unable to schedule network c538e71e-691b-49f8-a777-c0eb46f0f424: no agents available; will retry on subsequent port and subnet creation events.
2026-04-07 01:15:56.032 9 INFO neutron.db.ovn_revision_numbers_db [None req-bafd09fb-30f2-4f6f-8196-8e3fc6e3a977 - - - - - -] Successfully bumped revision number for resource 1060a69b-1916-4a35-8e3c-2e38653f1a34 (type: ports) to 2
2026-04-07 01:15:56.051 10 INFO neutron.api.wsgi [None req-56a0a900-c9d9-4b42-bf6b-a463d5a2322f 18878a0d425b4acdb108715ae117b9b7 28b3f955963c4cc181f8e9e005ce9122 - - default default] 10.0.0.206 "DELETE /v2.0/security-groups/7c0f0da1-38e6-4df0-be2d-448c1c22a1a3 HTTP/1.1" status: 204 len: 168 time: 0.2723472
2026-04-07 01:15:56.332 10 INFO neutron.db.ovn_revision_numbers_db [None req-fe7dd83e-898d-447f-a53c-2640e31a992e - - - - - -] Successfully bumped revision number for resource 435fb1e7-1133-4c14-93d7-8bfcca2dbcc5 (type: ports) to 2
2026-04-07 01:15:56.423 10 INFO neutron.db.ovn_revision_numbers_db [None req-7d476835-3165-412d-b6e2-4aad5332d884 db2d3857c65b46ac9201bd00f57948c0 19c240d8c2b4451a869ca055b312a5e8 - - default default] Successfully bumped revision number for resource 435fb1e7-1133-4c14-93d7-8bfcca2dbcc5 (type: router_ports) to 1
2026-04-07 01:15:56.428 10 INFO neutron.api.wsgi [None req-7d476835-3165-412d-b6e2-4aad5332d884 db2d3857c65b46ac9201bd00f57948c0 19c240d8c2b4451a869ca055b312a5e8 - - default default] 10.0.0.206 "PUT /v2.0/routers/3680514e-5cd6-4fc5-a925-e2467a2c7801/add_router_interface HTTP/1.1" status: 200 len: 503 time: 1.9094775
2026-04-07 01:15:56.909 10 WARNING neutron.scheduler.dhcp_agent_scheduler [None req-77307291-e7a0-48a2-835f-1d043dacb95c db2d3857c65b46ac9201bd00f57948c0 19c240d8c2b4451a869ca055b312a5e8 - - default default] No more DHCP agents
2026-04-07 01:15:56.910 10 WARNING neutron.api.rpc.agentnotifiers.dhcp_rpc_agent_api [None req-77307291-e7a0-48a2-835f-1d043dacb95c db2d3857c65b46ac9201bd00f57948c0 19c240d8c2b4451a869ca055b312a5e8 - - default default] Unable to schedule network 777aaa12-bbfa-4c95-bdd5-34b70372fee4: no agents available; will retry on subsequent port and subnet creation events.
2026-04-07 01:15:57.028 10 INFO neutron.db.ovn_revision_numbers_db [None req-77307291-e7a0-48a2-835f-1d043dacb95c db2d3857c65b46ac9201bd00f57948c0 19c240d8c2b4451a869ca055b312a5e8 - - default default] Successfully bumped revision number for resource 85081fa3-5932-49d0-9f5c-689873886355 (type: ports) to 1
2026-04-07 01:15:57.690 10 INFO neutron.db.ovn_revision_numbers_db [None req-77307291-e7a0-48a2-835f-1d043dacb95c db2d3857c65b46ac9201bd00f57948c0 19c240d8c2b4451a869ca055b312a5e8 - - default default] Successfully bumped revision number for resource 85081fa3-5932-49d0-9f5c-689873886355 (type: ports) to 1
2026-04-07 01:15:57.741 10 WARNING neutron.scheduler.dhcp_agent_scheduler [None req-77307291-e7a0-48a2-835f-1d043dacb95c db2d3857c65b46ac9201bd00f57948c0 19c240d8c2b4451a869ca055b312a5e8 - - default default] No more DHCP agents
2026-04-07 01:15:57.742 10 WARNING neutron.api.rpc.agentnotifiers.dhcp_rpc_agent_api [None req-77307291-e7a0-48a2-835f-1d043dacb95c db2d3857c65b46ac9201bd00f57948c0 19c240d8c2b4451a869ca055b312a5e8 - - default default] Unable to schedule network 777aaa12-bbfa-4c95-bdd5-34b70372fee4: no agents available; will retry on subsequent port and subnet creation events.
2026-04-07 01:15:58.097 10 INFO neutron.db.ovn_revision_numbers_db [None req-77307291-e7a0-48a2-835f-1d043dacb95c db2d3857c65b46ac9201bd00f57948c0 19c240d8c2b4451a869ca055b312a5e8 - - default default] Successfully bumped revision number for resource 85081fa3-5932-49d0-9f5c-689873886355 (type: router_ports) to 1
2026-04-07 01:15:58.103 10 INFO neutron.api.wsgi [None req-77307291-e7a0-48a2-835f-1d043dacb95c db2d3857c65b46ac9201bd00f57948c0 19c240d8c2b4451a869ca055b312a5e8 - - default default] 10.0.0.206 "PUT /v2.0/routers/3680514e-5cd6-4fc5-a925-e2467a2c7801/add_router_interface HTTP/1.1" status: 200 len: 503 time: 1.6683979
2026-04-07 01:15:58.159 10 WARNING neutron_lib.context [None req-10b9c923-4751-4422-8f80-c8f65d5abdca db2d3857c65b46ac9201bd00f57948c0 19c240d8c2b4451a869ca055b312a5e8 - - default default] Method 'is_advsvc' is deprecated since 2023.2 release (neutron-lib 3.8.0) and will be removed once support for the old RBAC API policies will be removed from Neutron. Please use method 'is_service_role' instead.
2026-04-07 01:15:58.255 10 INFO neutron.db.ovn_revision_numbers_db [None req-10b9c923-4751-4422-8f80-c8f65d5abdca db2d3857c65b46ac9201bd00f57948c0 19c240d8c2b4451a869ca055b312a5e8 - - default default] Successfully bumped revision number for resource bb25f88a-155b-484c-9d3f-8a2334d2c8c9 (type: security_groups) to 1
2026-04-07 01:15:58.266 10 INFO neutron.db.ovn_revision_numbers_db [None req-10b9c923-4751-4422-8f80-c8f65d5abdca db2d3857c65b46ac9201bd00f57948c0 19c240d8c2b4451a869ca055b312a5e8 - - default default] Successfully bumped revision number for resource 121d8a03-18fa-4266-addc-f0ea5c9fbcf8 (type: security_group_rules) to 0
2026-04-07 01:15:58.278 10 INFO neutron.db.ovn_revision_numbers_db [None req-10b9c923-4751-4422-8f80-c8f65d5abdca db2d3857c65b46ac9201bd00f57948c0 19c240d8c2b4451a869ca055b312a5e8 - - default default] Successfully bumped revision number for resource 57a2b0b1-776a-46a3-ae77-2df032f6fd98 (type: security_group_rules) to 0
2026-04-07 01:15:58.307 10 INFO neutron.api.wsgi [None req-10b9c923-4751-4422-8f80-c8f65d5abdca db2d3857c65b46ac9201bd00f57948c0 19c240d8c2b4451a869ca055b312a5e8 - - default default] 10.0.0.206 "POST /v2.0/security-groups HTTP/1.1" status: 201 len: 1828 time: 0.1521397
2026-04-07 01:15:58.316 10 WARNING neutron_lib.context [None req-04ca3bfe-cb43-4b94-a200-2021ab8a0010 db2d3857c65b46ac9201bd00f57948c0 19c240d8c2b4451a869ca055b312a5e8 - - default default] Method 'is_advsvc' is deprecated since 2023.2 release (neutron-lib 3.8.0) and will be removed once support for the old RBAC API policies will be removed from Neutron. Please use method 'is_service_role' instead.
2026-04-07 01:15:58.425 10 INFO neutron.db.ovn_revision_numbers_db [None req-04ca3bfe-cb43-4b94-a200-2021ab8a0010 db2d3857c65b46ac9201bd00f57948c0 19c240d8c2b4451a869ca055b312a5e8 - - default default] Successfully bumped revision number for resource db0b9b01-fae2-4d8b-b59d-857e75ef7f11 (type: security_group_rules) to 0
2026-04-07 01:15:58.460 10 INFO neutron.api.wsgi [None req-04ca3bfe-cb43-4b94-a200-2021ab8a0010 db2d3857c65b46ac9201bd00f57948c0 19c240d8c2b4451a869ca055b312a5e8 - - default default] 10.0.0.206 "POST /v2.0/security-group-rules HTTP/1.1" status: 201 len: 796 time: 0.1478381
2026-04-07 01:15:58.467 10 WARNING neutron_lib.context [None req-8a7fc8c3-4e61-42b5-ab76-380f14d77ee4 db2d3857c65b46ac9201bd00f57948c0 19c240d8c2b4451a869ca055b312a5e8 - - default default] Method 'is_advsvc' is deprecated since 2023.2 release (neutron-lib 3.8.0) and will be removed once support for the old RBAC API policies will be removed from Neutron. Please use method 'is_service_role' instead.
2026-04-07 01:15:58.503 10 INFO neutron.db.ovn_revision_numbers_db [None req-2f65db78-4641-43ad-9807-bbe4ccf07b8c 18878a0d425b4acdb108715ae117b9b7 28b3f955963c4cc181f8e9e005ce9122 - - default default] Successfully bumped revision number for resource 78ee59c0-4323-4edb-8c7b-84fdcf87a4b7 (type: security_groups) to 1
2026-04-07 01:15:58.517 10 INFO neutron.db.ovn_revision_numbers_db [None req-2f65db78-4641-43ad-9807-bbe4ccf07b8c 18878a0d425b4acdb108715ae117b9b7 28b3f955963c4cc181f8e9e005ce9122 - - default default] Successfully bumped revision number for resource 02b2a0a2-eaa6-4ede-bf0d-566999cc2b04 (type: security_group_rules) to 0
2026-04-07 01:15:58.530 10 INFO neutron.db.ovn_revision_numbers_db [None req-2f65db78-4641-43ad-9807-bbe4ccf07b8c 18878a0d425b4acdb108715ae117b9b7 28b3f955963c4cc181f8e9e005ce9122 - - default default] Successfully bumped revision number for resource 1fc8f86f-c67a-40e7-97a2-b4f0e52dfef4 (type: security_group_rules) to 0
2026-04-07 01:15:58.549 10 INFO neutron.db.ovn_revision_numbers_db [None req-2f65db78-4641-43ad-9807-bbe4ccf07b8c 18878a0d425b4acdb108715ae117b9b7 28b3f955963c4cc181f8e9e005ce9122 - - default default] Successfully bumped revision number for resource 603c6752-e1f9-4618-a8bf-abddb58eb4fe (type: security_group_rules) to 0
2026-04-07 01:15:58.566 10 INFO neutron.db.ovn_revision_numbers_db [None req-2f65db78-4641-43ad-9807-bbe4ccf07b8c 18878a0d425b4acdb108715ae117b9b7 28b3f955963c4cc181f8e9e005ce9122 - - default default] Successfully bumped revision number for resource d61c3f96-b139-4627-81af-21af9180e15c (type: security_group_rules) to 0
2026-04-07 01:15:58.597 10 INFO neutron.db.ovn_revision_numbers_db [None req-8a7fc8c3-4e61-42b5-ab76-380f14d77ee4 db2d3857c65b46ac9201bd00f57948c0 19c240d8c2b4451a869ca055b312a5e8 - - default default] Successfully bumped revision number for resource 18be6c1e-1cf4-47e3-8583-c86df1a90000 (type: security_group_rules) to 0
2026-04-07 01:15:58.604 10 INFO neutron.api.wsgi [None req-2f65db78-4641-43ad-9807-bbe4ccf07b8c 18878a0d425b4acdb108715ae117b9b7 28b3f955963c4cc181f8e9e005ce9122 - - default default] 10.0.0.206 "GET /v2.0/security-groups?tenant_id=384fd72d68ea43aaa16fe51e0f0be6ba&name=default HTTP/1.1" status: 200 len: 3120 time: 0.3578095
2026-04-07 01:15:58.626 10 INFO neutron.api.wsgi [None req-8a7fc8c3-4e61-42b5-ab76-380f14d77ee4 db2d3857c65b46ac9201bd00f57948c0 19c240d8c2b4451a869ca055b312a5e8 - - default default] 10.0.0.206 "POST /v2.0/security-group-rules HTTP/1.1" status: 201 len: 796 time: 0.1613505
2026-04-07 01:15:58.640 9 WARNING neutron_lib.context [None req-b5ac1c89-bbd1-411a-a0ff-500c4b4f10e7 db2d3857c65b46ac9201bd00f57948c0 19c240d8c2b4451a869ca055b312a5e8 - - default default] Method 'is_advsvc' is deprecated since 2023.2 release (neutron-lib 3.8.0) and will be removed once support for the old RBAC API policies will be removed from Neutron. Please use method 'is_service_role' instead.
2026-04-07 01:15:58.762 9 INFO neutron.db.ovn_revision_numbers_db [None req-b5ac1c89-bbd1-411a-a0ff-500c4b4f10e7 db2d3857c65b46ac9201bd00f57948c0 19c240d8c2b4451a869ca055b312a5e8 - - default default] Successfully bumped revision number for resource bccb9d23-393c-4734-b587-544e284a54e9 (type: security_group_rules) to 0
2026-04-07 01:15:58.797 9 INFO neutron.api.wsgi [None req-b5ac1c89-bbd1-411a-a0ff-500c4b4f10e7 db2d3857c65b46ac9201bd00f57948c0 19c240d8c2b4451a869ca055b312a5e8 - - default default] 10.0.0.206 "POST /v2.0/security-group-rules HTTP/1.1" status: 201 len: 798 time: 0.1649885
2026-04-07 01:15:58.798 10 INFO neutron.api.wsgi [None req-f30a37ea-3587-4f2e-b6f7-f62d33ece99a 18878a0d425b4acdb108715ae117b9b7 28b3f955963c4cc181f8e9e005ce9122 - - default default] 10.0.0.206 "DELETE /v2.0/security-groups/78ee59c0-4323-4edb-8c7b-84fdcf87a4b7 HTTP/1.1" status: 204 len: 168 time: 0.1888893
2026-04-07 01:15:58.806 10 WARNING neutron_lib.context [None req-57084d22-4e86-4700-9358-a2d55f5dea51 db2d3857c65b46ac9201bd00f57948c0 19c240d8c2b4451a869ca055b312a5e8 - - default default] Method 'is_advsvc' is deprecated since 2023.2 release (neutron-lib 3.8.0) and will be removed once support for the old RBAC API policies will be removed from Neutron. Please use method 'is_service_role' instead.
2026-04-07 01:15:58.924 10 INFO neutron.db.ovn_revision_numbers_db [None req-57084d22-4e86-4700-9358-a2d55f5dea51 db2d3857c65b46ac9201bd00f57948c0 19c240d8c2b4451a869ca055b312a5e8 - - default default] Successfully bumped revision number for resource 37ade771-d3c7-47a1-b0a6-f1c115518f00 (type: security_group_rules) to 0
2026-04-07 01:15:58.954 10 INFO neutron.api.wsgi [None req-57084d22-4e86-4700-9358-a2d55f5dea51 db2d3857c65b46ac9201bd00f57948c0 19c240d8c2b4451a869ca055b312a5e8 - - default default] 10.0.0.206 "POST /v2.0/security-group-rules HTTP/1.1" status: 201 len: 800 time: 0.1517200
2026-04-07 01:15:58.963 10 WARNING neutron_lib.context [None req-23eabc33-39df-4414-bdcf-42d2e7d99ccc db2d3857c65b46ac9201bd00f57948c0 19c240d8c2b4451a869ca055b312a5e8 - - default default] Method 'is_advsvc' is deprecated since 2023.2 release (neutron-lib 3.8.0) and will be removed once support for the old RBAC API policies will be removed from Neutron. Please use method 'is_service_role' instead.
2026-04-07 01:15:59.074 10 INFO neutron.db.ovn_revision_numbers_db [None req-23eabc33-39df-4414-bdcf-42d2e7d99ccc db2d3857c65b46ac9201bd00f57948c0 19c240d8c2b4451a869ca055b312a5e8 - - default default] Successfully bumped revision number for resource 51e4ed33-38cc-4e0e-a5da-4555462dfd67 (type: security_group_rules) to 0
2026-04-07 01:15:59.101 10 INFO neutron.api.wsgi [None req-23eabc33-39df-4414-bdcf-42d2e7d99ccc db2d3857c65b46ac9201bd00f57948c0 19c240d8c2b4451a869ca055b312a5e8 - - default default] 10.0.0.206 "POST /v2.0/security-group-rules HTTP/1.1" status: 201 len: 800 time: 0.1409771
2026-04-07 01:15:59.111 10 WARNING neutron_lib.context [None req-d0d688a5-1334-4e7f-be30-2183b0e61fd3 db2d3857c65b46ac9201bd00f57948c0 19c240d8c2b4451a869ca055b312a5e8 - - default default] Method 'is_advsvc' is deprecated since 2023.2 release (neutron-lib 3.8.0) and will be removed once support for the old RBAC API policies will be removed from Neutron. Please use method 'is_service_role' instead.
2026-04-07 01:15:59.241 10 INFO neutron.db.ovn_revision_numbers_db [None req-d0d688a5-1334-4e7f-be30-2183b0e61fd3 db2d3857c65b46ac9201bd00f57948c0 19c240d8c2b4451a869ca055b312a5e8 - - default default] Successfully bumped revision number for resource 66919991-6ea0-4697-8bd9-f32b180f3626 (type: security_group_rules) to 0
2026-04-07 01:15:59.268 10 INFO neutron.api.wsgi [None req-d0d688a5-1334-4e7f-be30-2183b0e61fd3 db2d3857c65b46ac9201bd00f57948c0 19c240d8c2b4451a869ca055b312a5e8 - - default default] 10.0.0.206 "POST /v2.0/security-group-rules HTTP/1.1" status: 201 len: 796 time: 0.1622446
2026-04-07 01:15:59.276 10 WARNING neutron_lib.context [None req-71bfa372-1061-40fb-8a52-4612fcbb15b8 db2d3857c65b46ac9201bd00f57948c0 19c240d8c2b4451a869ca055b312a5e8 - - default default] Method 'is_advsvc' is deprecated since 2023.2 release (neutron-lib 3.8.0) and will be removed once support for the old RBAC API policies will be removed from Neutron. Please use method 'is_service_role' instead.
2026-04-07 01:15:59.396 10 INFO neutron.db.ovn_revision_numbers_db [None req-71bfa372-1061-40fb-8a52-4612fcbb15b8 db2d3857c65b46ac9201bd00f57948c0 19c240d8c2b4451a869ca055b312a5e8 - - default default] Successfully bumped revision number for resource dcba6816-d455-4e2e-9d82-72bb8df76cbf (type: security_group_rules) to 0
2026-04-07 01:15:59.421 10 INFO neutron.api.wsgi [None req-71bfa372-1061-40fb-8a52-4612fcbb15b8 db2d3857c65b46ac9201bd00f57948c0 19c240d8c2b4451a869ca055b312a5e8 - - default default] 10.0.0.206 "POST /v2.0/security-group-rules HTTP/1.1" status: 201 len: 796 time: 0.1485059
2026-04-07 01:15:59.430 10 WARNING neutron_lib.context [None req-520c355a-134a-413f-9c70-36cb69640c70 db2d3857c65b46ac9201bd00f57948c0 19c240d8c2b4451a869ca055b312a5e8 - - default default] Method 'is_advsvc' is deprecated since 2023.2 release (neutron-lib 3.8.0) and will be removed once support for the old RBAC API policies will be removed from Neutron. Please use method 'is_service_role' instead.
2026-04-07 01:15:59.550 10 INFO neutron.db.ovn_revision_numbers_db [None req-520c355a-134a-413f-9c70-36cb69640c70 db2d3857c65b46ac9201bd00f57948c0 19c240d8c2b4451a869ca055b312a5e8 - - default default] Successfully bumped revision number for resource 1b9ae547-bd0f-473c-ad67-d7e0dac5f7a1 (type: security_group_rules) to 0
2026-04-07 01:15:59.579 10 INFO neutron.api.wsgi [None req-520c355a-134a-413f-9c70-36cb69640c70 db2d3857c65b46ac9201bd00f57948c0 19c240d8c2b4451a869ca055b312a5e8 - - default default] 10.0.0.206 "POST /v2.0/security-group-rules HTTP/1.1" status: 201 len: 796 time: 0.1530380
2026-04-07 01:15:59.591 10 WARNING neutron_lib.context [None req-f64f78ae-5537-4b73-8992-2677b1693f33 db2d3857c65b46ac9201bd00f57948c0 19c240d8c2b4451a869ca055b312a5e8 - - default default] Method 'is_advsvc' is deprecated since 2023.2 release (neutron-lib 3.8.0) and will be removed once support for the old RBAC API policies will be removed from Neutron. Please use method 'is_service_role' instead.
2026-04-07 01:15:59.732 10 INFO neutron.db.ovn_revision_numbers_db [None req-f64f78ae-5537-4b73-8992-2677b1693f33 db2d3857c65b46ac9201bd00f57948c0 19c240d8c2b4451a869ca055b312a5e8 - - default default] Successfully bumped revision number for resource 4e5c7d09-ac4c-45a4-8c3f-7b32f1826f32 (type: security_group_rules) to 0
2026-04-07 01:15:59.759 10 INFO neutron.api.wsgi [None req-f64f78ae-5537-4b73-8992-2677b1693f33 db2d3857c65b46ac9201bd00f57948c0 19c240d8c2b4451a869ca055b312a5e8 - - default default] 10.0.0.206 "POST /v2.0/security-group-rules HTTP/1.1" status: 201 len: 798 time: 0.1732662
2026-04-07 01:15:59.767 10 WARNING neutron_lib.context [None req-6eae3420-895e-4cdb-9078-3ad8a0b2850e db2d3857c65b46ac9201bd00f57948c0 19c240d8c2b4451a869ca055b312a5e8 - - default default] Method 'is_advsvc' is deprecated since 2023.2 release (neutron-lib 3.8.0) and will be removed once support for the old RBAC API policies will be removed from Neutron. Please use method 'is_service_role' instead.
2026-04-07 01:15:59.812 9 INFO neutron.api.wsgi [req-53376aa7-062c-4ffd-9a48-f7e84bbac9e4 req-86c6bdad-cff5-4502-84b9-770dfcf3c6ea 077cfc4fdc9945279dd840bee508c26d 7b2064a28fc940e79a1ae6d59fa8558d - - f2cb70a218e141769260855bf15aa918 f2cb70a218e141769260855bf15aa918] 10.0.0.145 "GET /v2.0/ports?device_id=ba281763-37bb-46d0-9b9f-87618584d4e8 HTTP/1.1" status: 200 len: 1413 time: 0.0367138
2026-04-07 01:15:59.843 9 INFO neutron.api.wsgi [req-53376aa7-062c-4ffd-9a48-f7e84bbac9e4 req-9b8d4aa2-bef7-44d5-84e3-16e7c5aae6d1 077cfc4fdc9945279dd840bee508c26d 7b2064a28fc940e79a1ae6d59fa8558d - - f2cb70a218e141769260855bf15aa918 f2cb70a218e141769260855bf15aa918] 10.0.0.145 "GET /v2.0/security-groups?id=b91e0d92-ac58-44cc-b412-38aa88978cf4&fields=id&fields=name HTTP/1.1" status: 200 len: 312 time: 0.0247982
2026-04-07 01:16:00.141 10 INFO neutron.db.ovn_revision_numbers_db [None req-6eae3420-895e-4cdb-9078-3ad8a0b2850e db2d3857c65b46ac9201bd00f57948c0 19c240d8c2b4451a869ca055b312a5e8 - - default default] Successfully bumped revision number for resource f5596208-e1d6-460c-83d8-e802cf41c0fa (type: security_group_rules) to 0
2026-04-07 01:16:00.181 10 INFO neutron.api.wsgi [None req-6eae3420-895e-4cdb-9078-3ad8a0b2850e db2d3857c65b46ac9201bd00f57948c0 19c240d8c2b4451a869ca055b312a5e8 - - default default] 10.0.0.206 "POST /v2.0/security-group-rules HTTP/1.1" status: 201 len: 800 time: 0.4175172
2026-04-07 01:16:00.189 10 WARNING neutron_lib.context [None req-ca6b9adb-85a1-426e-928b-2f6e77824a4a db2d3857c65b46ac9201bd00f57948c0 19c240d8c2b4451a869ca055b312a5e8 - - default default] Method 'is_advsvc' is deprecated since 2023.2 release (neutron-lib 3.8.0) and will be removed once support for the old RBAC API policies will be removed from Neutron. Please use method 'is_service_role' instead.
2026-04-07 01:16:00.325 10 INFO neutron.db.ovn_revision_numbers_db [None req-ca6b9adb-85a1-426e-928b-2f6e77824a4a db2d3857c65b46ac9201bd00f57948c0 19c240d8c2b4451a869ca055b312a5e8 - - default default] Successfully bumped revision number for resource d08301c0-6799-4f15-962d-5a02b6badcfd (type: security_group_rules) to 0
2026-04-07 01:16:00.353 10 INFO neutron.api.wsgi [None req-ca6b9adb-85a1-426e-928b-2f6e77824a4a db2d3857c65b46ac9201bd00f57948c0 19c240d8c2b4451a869ca055b312a5e8 - - default default] 10.0.0.206 "POST /v2.0/security-group-rules HTTP/1.1" status: 201 len: 796 time: 0.1674263
2026-04-07 01:16:00.642 10 INFO neutron.api.wsgi [req-60161d7d-0cea-41d2-90dc-75e6a1389786 req-a454972a-e4f0-4ff0-9294-4d763828e4a4 db2d3857c65b46ac9201bd00f57948c0 19c240d8c2b4451a869ca055b312a5e8 - - default default] 10.0.0.43 "GET /v2.0/security-groups?name=tempest-lb_member_SG-1920327348&fields=id&tenant_id=19c240d8c2b4451a869ca055b312a5e8 HTTP/1.1" status: 200 len: 267 time: 0.0344663
2026-04-07 01:16:00.690 10 INFO neutron.api.wsgi [req-60161d7d-0cea-41d2-90dc-75e6a1389786 req-5b15f862-e240-4a3f-afb9-e6ecb2c8d14b db2d3857c65b46ac9201bd00f57948c0 19c240d8c2b4451a869ca055b312a5e8 - - default default] 10.0.0.43 "GET /v2.0/networks?id=c538e71e-691b-49f8-a777-c0eb46f0f424 HTTP/1.1" status: 200 len: 903 time: 0.0427365
2026-04-07 01:16:00.708 10 INFO neutron.api.wsgi [req-60161d7d-0cea-41d2-90dc-75e6a1389786 req-00e62f5d-9e0a-4b0e-85c8-775437c34b4d db2d3857c65b46ac9201bd00f57948c0 19c240d8c2b4451a869ca055b312a5e8 - - default default] 10.0.0.43 "GET /v2.0/quotas/19c240d8c2b4451a869ca055b312a5e8 HTTP/1.1" status: 200 len: 491 time: 0.0132906
2026-04-07 01:16:00.864 9 WARNING neutron.plugins.ml2.drivers.ovn.mech_driver.ovsdb.ovn_client [None req-69a8c02e-3992-4482-ab91-76f733e8f89c - - - - - -] No hosting information found for port 1060a69b-1916-4a35-8e3c-2e38653f1a34: RuntimeError: No hosting information found for port 1060a69b-1916-4a35-8e3c-2e38653f1a34
2026-04-07 01:16:00.876 10 WARNING neutron.plugins.ml2.drivers.ovn.mech_driver.ovsdb.ovn_client [None req-21666d7b-fb0a-4bab-bd6b-6da0b068e017 - - - - - -] No hosting information found for port 435fb1e7-1133-4c14-93d7-8bfcca2dbcc5: RuntimeError: No hosting information found for port 435fb1e7-1133-4c14-93d7-8bfcca2dbcc5
2026-04-07 01:16:00.882 10 INFO neutron.api.wsgi [req-60161d7d-0cea-41d2-90dc-75e6a1389786 req-5ec57014-a74d-4f4c-a093-8d002ec4110c db2d3857c65b46ac9201bd00f57948c0 19c240d8c2b4451a869ca055b312a5e8 - - default default] 10.0.0.43 "GET /v2.0/ports?tenant_id=19c240d8c2b4451a869ca055b312a5e8&fields=id HTTP/1.1" status: 200 len: 486 time: 0.1701834
2026-04-07 01:16:00.931 9 INFO neutron.db.ovn_revision_numbers_db [None req-69a8c02e-3992-4482-ab91-76f733e8f89c - - - - - -] Successfully bumped revision number for resource 1060a69b-1916-4a35-8e3c-2e38653f1a34 (type: router_ports) to 2
2026-04-07 01:16:00.942 10 INFO neutron.api.wsgi [req-60161d7d-0cea-41d2-90dc-75e6a1389786 req-580a7a50-1fec-492c-83c0-ebb76218c40f 077cfc4fdc9945279dd840bee508c26d 7b2064a28fc940e79a1ae6d59fa8558d - - f2cb70a218e141769260855bf15aa918 f2cb70a218e141769260855bf15aa918] 10.0.0.43 "GET /v2.0/networks/c538e71e-691b-49f8-a777-c0eb46f0f424?fields=segments HTTP/1.1" status: 200 len: 212 time: 0.0496109
2026-04-07 01:16:00.990 10 INFO neutron.db.ovn_revision_numbers_db [None req-21666d7b-fb0a-4bab-bd6b-6da0b068e017 - - - - - -] Successfully bumped revision number for resource 435fb1e7-1133-4c14-93d7-8bfcca2dbcc5 (type: router_ports) to 2
2026-04-07 01:16:00.991 10 INFO neutron.plugins.ml2.drivers.ovn.mech_driver.mech_driver [None req-21666d7b-fb0a-4bab-bd6b-6da0b068e017 - - - - - -] OVN reports status up for port: 85081fa3-5932-49d0-9f5c-689873886355
2026-04-07 01:16:00.998 10 INFO neutron.plugins.ml2.plugin [None req-21666d7b-fb0a-4bab-bd6b-6da0b068e017 - - - - - -] Attempt 1 to provision port 85081fa3-5932-49d0-9f5c-689873886355
2026-04-07 01:16:01.010 10 INFO neutron.api.wsgi [req-60161d7d-0cea-41d2-90dc-75e6a1389786 req-6647ba19-317e-4a52-acf4-6cda7d9ac246 077cfc4fdc9945279dd840bee508c26d 7b2064a28fc940e79a1ae6d59fa8558d - - f2cb70a218e141769260855bf15aa918 f2cb70a218e141769260855bf15aa918] 10.0.0.43 "GET /v2.0/networks/c538e71e-691b-49f8-a777-c0eb46f0f424?fields=provider%3Aphysical_network&fields=provider%3Anetwork_type HTTP/1.1" status: 200 len: 277 time: 0.0549531
2026-04-07 01:16:01.131 9 INFO neutron.api.wsgi [req-578806cc-9006-453f-a493-c82b4e98b134 req-e4980c30-cdea-4a3c-b21b-69a601a04d85 db2d3857c65b46ac9201bd00f57948c0 19c240d8c2b4451a869ca055b312a5e8 - - default default] 10.0.0.43 "GET /v2.0/ports?device_id=51d588c2-d577-46f8-981f-c6e57f850d3a HTTP/1.1" status: 200 len: 210 time: 0.0230985
2026-04-07 01:16:01.345 10 INFO neutron.db.ovn_revision_numbers_db [None req-21666d7b-fb0a-4bab-bd6b-6da0b068e017 - - - - - -] Successfully bumped revision number for resource 85081fa3-5932-49d0-9f5c-689873886355 (type: ports) to 2
2026-04-07 01:16:01.366 9 INFO neutron.db.ovn_revision_numbers_db [None req-2c2442e1-d06a-4f9c-a646-0c4aafe72033 18878a0d425b4acdb108715ae117b9b7 28b3f955963c4cc181f8e9e005ce9122 - - default default] Successfully bumped revision number for resource 7fc82be9-6836-4021-b3be-c34a91719fc2 (type: security_groups) to 1
2026-04-07 01:16:01.380 9 INFO neutron.db.ovn_revision_numbers_db [None req-2c2442e1-d06a-4f9c-a646-0c4aafe72033 18878a0d425b4acdb108715ae117b9b7 28b3f955963c4cc181f8e9e005ce9122 - - default default] Successfully bumped revision number for resource 2a9fc9d8-46c6-4482-b170-54e508b143cf (type: security_group_rules) to 0
2026-04-07 01:16:01.390 9 INFO neutron.db.ovn_revision_numbers_db [None req-2c2442e1-d06a-4f9c-a646-0c4aafe72033 18878a0d425b4acdb108715ae117b9b7 28b3f955963c4cc181f8e9e005ce9122 - - default default] Successfully bumped revision number for resource 52775a82-99f9-4782-ad62-a1258d840d2c (type: security_group_rules) to 0
2026-04-07 01:16:01.407 9 INFO neutron.db.ovn_revision_numbers_db [None req-2c2442e1-d06a-4f9c-a646-0c4aafe72033 18878a0d425b4acdb108715ae117b9b7 28b3f955963c4cc181f8e9e005ce9122 - - default default] Successfully bumped revision number for resource 5daf9d73-c153-49a9-ba59-8a95e6d455dd (type: security_group_rules) to 0
2026-04-07 01:16:01.416 9 INFO neutron.db.ovn_revision_numbers_db [None req-2c2442e1-d06a-4f9c-a646-0c4aafe72033 18878a0d425b4acdb108715ae117b9b7 28b3f955963c4cc181f8e9e005ce9122 - - default default] Successfully bumped revision number for resource b3e95b0c-aed8-4854-b4bd-8e1358a6c6f9 (type: security_group_rules) to 0
2026-04-07 01:16:01.451 9 INFO neutron.api.wsgi [None req-2c2442e1-d06a-4f9c-a646-0c4aafe72033 18878a0d425b4acdb108715ae117b9b7 28b3f955963c4cc181f8e9e005ce9122 - - default default] 10.0.0.206 "GET /v2.0/security-groups?tenant_id=0c50953333cf4eebb7ba0b5cd4cf69ab&name=default HTTP/1.1" status: 200 len: 3120 time: 0.3342271
2026-04-07 01:16:01.649 9 INFO neutron.api.wsgi [None req-0be9d00b-0239-4168-a2bb-2580cb8c0777 18878a0d425b4acdb108715ae117b9b7 28b3f955963c4cc181f8e9e005ce9122 - - default default] 10.0.0.206 "DELETE /v2.0/security-groups/7fc82be9-6836-4021-b3be-c34a91719fc2 HTTP/1.1" status: 204 len: 168 time: 0.1922796
2026-04-07 01:16:01.830 10 INFO neutron.db.ovn_revision_numbers_db [None req-3cb58556-e37c-42c6-ad3e-cf30a68742e2 18878a0d425b4acdb108715ae117b9b7 28b3f955963c4cc181f8e9e005ce9122 - - default default] Successfully bumped revision number for resource 091ae04b-cd92-4994-ab90-12c2d23762ca (type: security_groups) to 1
2026-04-07 01:16:01.841 10 INFO neutron.db.ovn_revision_numbers_db [None req-3cb58556-e37c-42c6-ad3e-cf30a68742e2 18878a0d425b4acdb108715ae117b9b7 28b3f955963c4cc181f8e9e005ce9122 - - default default] Successfully bumped revision number for resource 042865d5-0da8-4d0a-816f-dc5499db5172 (type: security_group_rules) to 0
2026-04-07 01:16:01.854 10 INFO neutron.db.ovn_revision_numbers_db [None req-3cb58556-e37c-42c6-ad3e-cf30a68742e2 18878a0d425b4acdb108715ae117b9b7 28b3f955963c4cc181f8e9e005ce9122 - - default default] Successfully bumped revision number for resource 29962dd2-5b10-4aa4-b016-0b23db961f1c (type: security_group_rules) to 0
2026-04-07 01:16:01.866 10 INFO neutron.db.ovn_revision_numbers_db [None req-3cb58556-e37c-42c6-ad3e-cf30a68742e2 18878a0d425b4acdb108715ae117b9b7 28b3f955963c4cc181f8e9e005ce9122 - - default default] Successfully bumped revision number for resource 70aec411-6729-4e63-862b-34675de98668 (type: security_group_rules) to 0
2026-04-07 01:16:01.878 10 INFO neutron.db.ovn_revision_numbers_db [None req-3cb58556-e37c-42c6-ad3e-cf30a68742e2 18878a0d425b4acdb108715ae117b9b7 28b3f955963c4cc181f8e9e005ce9122 - - default default] Successfully bumped revision number for resource f7fa3a8d-1518-42af-a55b-f84e0ba8f267 (type: security_group_rules) to 0
2026-04-07 01:16:01.911 10 INFO neutron.api.wsgi [None req-3cb58556-e37c-42c6-ad3e-cf30a68742e2 18878a0d425b4acdb108715ae117b9b7 28b3f955963c4cc181f8e9e005ce9122 - - default default] 10.0.0.206 "GET /v2.0/security-groups?tenant_id=d76590493260468a93f38cdc73800280&name=default HTTP/1.1" status: 200 len: 3120 time: 0.2649150
2026-04-07 01:16:02.163 10 INFO neutron.api.wsgi [None req-82bbc62a-7c2c-4117-b68f-bcd97126575f 18878a0d425b4acdb108715ae117b9b7 28b3f955963c4cc181f8e9e005ce9122 - - default default] 10.0.0.206 "DELETE /v2.0/security-groups/091ae04b-cd92-4994-ab90-12c2d23762ca HTTP/1.1" status: 204 len: 168 time: 0.2421479
2026-04-07 01:16:02.360 10 INFO neutron.db.ovn_revision_numbers_db [None req-7a3f8158-e709-465c-949f-d98d659e74ee 18878a0d425b4acdb108715ae117b9b7 28b3f955963c4cc181f8e9e005ce9122 - - default default] Successfully bumped revision number for resource 802f4803-02fe-4ddc-85b9-6c1d3ccb1b01 (type: security_groups) to 1
2026-04-07 01:16:02.374 10 INFO neutron.db.ovn_revision_numbers_db [None req-7a3f8158-e709-465c-949f-d98d659e74ee 18878a0d425b4acdb108715ae117b9b7 28b3f955963c4cc181f8e9e005ce9122 - - default default] Successfully bumped revision number for resource 2904b9ec-0393-426f-8ab2-afc6a06575b2 (type: security_group_rules) to 0
2026-04-07 01:16:02.387 10 INFO neutron.db.ovn_revision_numbers_db [None req-7a3f8158-e709-465c-949f-d98d659e74ee 18878a0d425b4acdb108715ae117b9b7 28b3f955963c4cc181f8e9e005ce9122 - - default default] Successfully bumped revision number for resource 2fdf195f-9fb8-4631-ba11-1baaa3cc1e46 (type: security_group_rules) to 0
2026-04-07 01:16:02.402 10 INFO neutron.db.ovn_revision_numbers_db [None req-7a3f8158-e709-465c-949f-d98d659e74ee 18878a0d425b4acdb108715ae117b9b7 28b3f955963c4cc181f8e9e005ce9122 - - default default] Successfully bumped revision number for resource 66fdad17-8043-459e-b9fa-4af4b0cd59d3 (type: security_group_rules) to 0
2026-04-07 01:16:02.421 10 INFO neutron.db.ovn_revision_numbers_db [None req-7a3f8158-e709-465c-949f-d98d659e74ee 18878a0d425b4acdb108715ae117b9b7 28b3f955963c4cc181f8e9e005ce9122 - - default default] Successfully bumped revision number for resource 8394c279-f707-43d8-b614-f8203ed6badf (type: security_group_rules) to 0
2026-04-07 01:16:02.458 10 INFO neutron.api.wsgi [None req-7a3f8158-e709-465c-949f-d98d659e74ee 18878a0d425b4acdb108715ae117b9b7 28b3f955963c4cc181f8e9e005ce9122 - - default default] 10.0.0.206 "GET /v2.0/security-groups?tenant_id=28ffa55b69904a60abae0c14afc8b3b7&name=default HTTP/1.1" status: 200 len: 3120 time: 0.2036972
2026-04-07 01:16:02.645 10 INFO neutron.api.wsgi [None req-a782a4ad-64eb-4b79-879a-5057c8fc6b99 18878a0d425b4acdb108715ae117b9b7 28b3f955963c4cc181f8e9e005ce9122 - - default default] 10.0.0.206 "DELETE /v2.0/security-groups/802f4803-02fe-4ddc-85b9-6c1d3ccb1b01 HTTP/1.1" status: 204 len: 168 time: 0.1829886
2026-04-07 01:16:03.460 9 WARNING neutron_lib.context [None req-3805af57-55d5-491d-8437-ddd55f762f2c 4470b9be103749daba9b45b4051d6d77 ea76fd92ab394ecd8cdc7b279b1be5fb - - default default] Method 'is_advsvc' is deprecated since 2023.2 release (neutron-lib 3.8.0) and will be removed once support for the old RBAC API policies will be removed from Neutron. Please use method 'is_service_role' instead.
2026-04-07 01:16:03.572 9 INFO neutron.db.ovn_revision_numbers_db [None req-3805af57-55d5-491d-8437-ddd55f762f2c 4470b9be103749daba9b45b4051d6d77 ea76fd92ab394ecd8cdc7b279b1be5fb - - default default] Successfully bumped revision number for resource 7f71d438-eafd-4c12-87c6-0924794f4533 (type: security_groups) to 1
2026-04-07 01:16:03.582 9 INFO neutron.db.ovn_revision_numbers_db [None req-3805af57-55d5-491d-8437-ddd55f762f2c 4470b9be103749daba9b45b4051d6d77 ea76fd92ab394ecd8cdc7b279b1be5fb - - default default] Successfully bumped revision number for resource 2bb35173-555c-4770-9434-acbb8f9e8269 (type: security_group_rules) to 0
2026-04-07 01:16:03.592 9 INFO neutron.db.ovn_revision_numbers_db [None req-3805af57-55d5-491d-8437-ddd55f762f2c 4470b9be103749daba9b45b4051d6d77 ea76fd92ab394ecd8cdc7b279b1be5fb - - default default] Successfully bumped revision number for resource 3f4c0474-3fce-4456-b4d6-ce7b59d02273 (type: security_group_rules) to 0
2026-04-07 01:16:03.602 9 INFO neutron.db.ovn_revision_numbers_db [None req-3805af57-55d5-491d-8437-ddd55f762f2c 4470b9be103749daba9b45b4051d6d77 ea76fd92ab394ecd8cdc7b279b1be5fb - - default default] Successfully bumped revision number for resource 79cde3e1-5a23-4b7c-9b8b-33d8513535e0 (type: security_group_rules) to 0
2026-04-07 01:16:03.612 9 INFO neutron.db.ovn_revision_numbers_db [None req-3805af57-55d5-491d-8437-ddd55f762f2c 4470b9be103749daba9b45b4051d6d77 ea76fd92ab394ecd8cdc7b279b1be5fb - - default default] Successfully bumped revision number for resource d2286e43-1762-466a-8daa-c0083ca9c07c (type: security_group_rules) to 0
2026-04-07 01:16:03.669 9 INFO neutron.db.segments_db [None req-3805af57-55d5-491d-8437-ddd55f762f2c 4470b9be103749daba9b45b4051d6d77 ea76fd92ab394ecd8cdc7b279b1be5fb - - default default] Added segment dd44dd32-93f5-4a4a-96df-1254c6b0da89 of type geneve for network e6544379-9c50-4f35-95ed-52dc4c2b321b
2026-04-07 01:16:03.777 9 INFO neutron.db.ovn_revision_numbers_db [None req-3805af57-55d5-491d-8437-ddd55f762f2c 4470b9be103749daba9b45b4051d6d77 ea76fd92ab394ecd8cdc7b279b1be5fb - - default default] Successfully bumped revision number for resource e6544379-9c50-4f35-95ed-52dc4c2b321b (type: networks) to 1
2026-04-07 01:16:03.921 9 WARNING neutron.scheduler.dhcp_agent_scheduler [None req-3805af57-55d5-491d-8437-ddd55f762f2c 4470b9be103749daba9b45b4051d6d77 ea76fd92ab394ecd8cdc7b279b1be5fb - - default default] No more DHCP agents
2026-04-07 01:16:03.922 9 WARNING neutron.api.rpc.agentnotifiers.dhcp_rpc_agent_api [None req-3805af57-55d5-491d-8437-ddd55f762f2c 4470b9be103749daba9b45b4051d6d77 ea76fd92ab394ecd8cdc7b279b1be5fb - - default default] Unable to schedule network e6544379-9c50-4f35-95ed-52dc4c2b321b: no agents available; will retry on subsequent port and subnet creation events.
2026-04-07 01:16:03.981 9 INFO neutron.db.ovn_revision_numbers_db [None req-3805af57-55d5-491d-8437-ddd55f762f2c 4470b9be103749daba9b45b4051d6d77 ea76fd92ab394ecd8cdc7b279b1be5fb - - default default] Successfully bumped revision number for resource 89b617ef-d97f-4a3b-a619-30fea0a0c292 (type: ports) to 1
2026-04-07 01:16:04.001 9 INFO neutron.api.wsgi [None req-3805af57-55d5-491d-8437-ddd55f762f2c 4470b9be103749daba9b45b4051d6d77 ea76fd92ab394ecd8cdc7b279b1be5fb - - default default] 10.0.0.206 "POST /v2.0/networks HTTP/1.1" status: 201 len: 846 time: 0.6449203
2026-04-07 01:16:04.342 10 WARNING neutron_lib.context [None req-90dbebae-ac85-4beb-879d-f6e75d777d04 a2d0a1c93a644353986fb59fa82c6c00 1a115c3af90a4a91b61ee220bd81a204 - - default default] Method 'is_advsvc' is deprecated since 2023.2 release (neutron-lib 3.8.0) and will be removed once support for the old RBAC API policies will be removed from Neutron. Please use method 'is_service_role' instead.
2026-04-07 01:16:04.455 9 WARNING neutron_lib.context [None req-9654744c-537d-451d-802a-117f374bf3de 4470b9be103749daba9b45b4051d6d77 ea76fd92ab394ecd8cdc7b279b1be5fb - - default default] Method 'is_advsvc' is deprecated since 2023.2 release (neutron-lib 3.8.0) and will be removed once support for the old RBAC API policies will be removed from Neutron. Please use method 'is_service_role' instead.
2026-04-07 01:16:04.467 10 INFO neutron.db.ovn_revision_numbers_db [None req-90dbebae-ac85-4beb-879d-f6e75d777d04 a2d0a1c93a644353986fb59fa82c6c00 1a115c3af90a4a91b61ee220bd81a204 - - default default] Successfully bumped revision number for resource ce6c9660-a0c9-4250-8951-56498c65abe9 (type: security_groups) to 1
2026-04-07 01:16:04.477 10 INFO neutron.db.ovn_revision_numbers_db [None req-90dbebae-ac85-4beb-879d-f6e75d777d04 a2d0a1c93a644353986fb59fa82c6c00 1a115c3af90a4a91b61ee220bd81a204 - - default default] Successfully bumped revision number for resource 53823f1c-3d4f-4383-9269-14f6d5a94be2 (type: security_group_rules) to 0
2026-04-07 01:16:04.489 10 INFO neutron.db.ovn_revision_numbers_db [None req-90dbebae-ac85-4beb-879d-f6e75d777d04 a2d0a1c93a644353986fb59fa82c6c00 1a115c3af90a4a91b61ee220bd81a204 - - default default] Successfully bumped revision number for resource 66230f64-56f6-4526-8b02-884b26c3ba67 (type: security_group_rules) to 0
2026-04-07 01:16:04.500 10 INFO neutron.db.ovn_revision_numbers_db [None req-90dbebae-ac85-4beb-879d-f6e75d777d04 a2d0a1c93a644353986fb59fa82c6c00 1a115c3af90a4a91b61ee220bd81a204 - - default default] Successfully bumped revision number for resource b277863d-5cec-405d-b7a7-67bc55fbf1a9 (type: security_group_rules) to 0
2026-04-07 01:16:04.510 10 INFO neutron.db.ovn_revision_numbers_db [None req-90dbebae-ac85-4beb-879d-f6e75d777d04 a2d0a1c93a644353986fb59fa82c6c00 1a115c3af90a4a91b61ee220bd81a204 - - default default] Successfully bumped revision number for resource b2f491dd-1e41-45d0-b1d8-fc1d03c91a44 (type: security_group_rules) to 0
2026-04-07 01:16:04.582 10 INFO neutron.db.segments_db [None req-90dbebae-ac85-4beb-879d-f6e75d777d04 a2d0a1c93a644353986fb59fa82c6c00 1a115c3af90a4a91b61ee220bd81a204 - - default default] Added segment 91035b6b-f881-4213-bb7a-5dec3b8fad77 of type geneve for network 83d85df8-8db9-4a40-bf88-cfa3db8622cb
