2026-04-07 00:55:22.697 9 INFO neutron.api.wsgi [-] 10.0.0.230 "GET / HTTP/1.1" status: 200 len: 246 time: 0.0020311
2026-04-07 00:55:22.698 10 INFO neutron.api.wsgi [-] 10.0.0.230 "GET / HTTP/1.1" status: 200 len: 246 time: 0.0032012
2026-04-07 00:55:37.696 10 INFO neutron.api.wsgi [-] 10.0.0.230 "GET / HTTP/1.1" status: 200 len: 246 time: 0.0011954
2026-04-07 00:55:37.697 9 INFO neutron.api.wsgi [-] 10.0.0.230 "GET / HTTP/1.1" status: 200 len: 246 time: 0.0012221
2026-04-07 00:55:52.698 9 INFO neutron.api.wsgi [-] 10.0.0.230 "GET / HTTP/1.1" status: 200 len: 246 time: 0.0025592
2026-04-07 00:55:52.699 10 INFO neutron.api.wsgi [-] 10.0.0.230 "GET / HTTP/1.1" status: 200 len: 246 time: 0.0032566
2026-04-07 00:56:07.698 10 INFO neutron.api.wsgi [-] 10.0.0.230 "GET / HTTP/1.1" status: 200 len: 246 time: 0.0034490
2026-04-07 00:56:07.700 10 INFO neutron.api.wsgi [-] 10.0.0.230 "GET / HTTP/1.1" status: 200 len: 246 time: 0.0014055
2026-04-07 00:56:22.696 10 INFO neutron.api.wsgi [-] 10.0.0.230 "GET / HTTP/1.1" status: 200 len: 246 time: 0.0014880
2026-04-07 00:56:22.697 9 INFO neutron.api.wsgi [-] 10.0.0.230 "GET / HTTP/1.1" status: 200 len: 246 time: 0.0025332
2026-04-07 00:56:37.696 10 INFO neutron.api.wsgi [-] 10.0.0.230 "GET / HTTP/1.1" status: 200 len: 246 time: 0.0018802
2026-04-07 00:56:37.697 9 INFO neutron.api.wsgi [-] 10.0.0.230 "GET / HTTP/1.1" status: 200 len: 246 time: 0.0024107
2026-04-07 00:56:52.698 9 INFO neutron.api.wsgi [-] 10.0.0.230 "GET / HTTP/1.1" status: 200 len: 246 time: 0.0038807
2026-04-07 00:56:52.702 9 INFO neutron.api.wsgi [-] 10.0.0.230 "GET / HTTP/1.1" status: 200 len: 246 time: 0.0026078
2026-04-07 00:57:07.696 10 INFO neutron.api.wsgi [-] 10.0.0.230 "GET / HTTP/1.1" status: 200 len: 246 time: 0.0016279
2026-04-07 00:57:07.698 10 INFO neutron.api.wsgi [-] 10.0.0.230 "GET / HTTP/1.1" status: 200 len: 246 time: 0.0012157
2026-04-07 00:57:22.696 10 INFO neutron.api.wsgi [-] 10.0.0.230 "GET / HTTP/1.1" status: 200 len: 246 time: 0.0015621
2026-04-07 00:57:22.697 9 INFO neutron.api.wsgi [-] 10.0.0.230 "GET / HTTP/1.1" status: 200 len: 246 time: 0.0028393 /var/lib/openstack/lib/python3.12/site-packages/pycadf/identifier.py:71: UserWarning: Invalid uuid: unknown. To ensure interoperability, identifiers should be a valid uuid. warnings.warn(('Invalid uuid: %s. To ensure interoperability, '
2026-04-07 00:57:28.289 10 INFO neutron.api.v2.resource [None req-2a515313-a286-4c61-aa7f-d53947238e67 18878a0d425b4acdb108715ae117b9b7 28b3f955963c4cc181f8e9e005ce9122 - - default default] show failed (client error): The resource could not be found.
2026-04-07 00:57:28.290 10 INFO neutron.api.wsgi [None req-2a515313-a286-4c61-aa7f-d53947238e67 18878a0d425b4acdb108715ae117b9b7 28b3f955963c4cc181f8e9e005ce9122 - - default default] 199.204.45.244,10.0.0.230 "GET /v2.0/security-groups/manila-service-security-group?project_id=7b2064a28fc940e79a1ae6d59fa8558d HTTP/1.1" status: 404 len: 321 time: 0.1186759
2026-04-07 00:57:28.418 10 INFO neutron.db.ovn_revision_numbers_db [None req-e83623c1-ff34-4f81-af69-0ab54c14fbda 18878a0d425b4acdb108715ae117b9b7 28b3f955963c4cc181f8e9e005ce9122 - - default default] Successfully bumped revision number for resource 4a0de35d-ef82-4e58-855a-f692f4ccb327 (type: security_groups) to 1
2026-04-07 00:57:28.429 10 INFO neutron.db.ovn_revision_numbers_db [None req-e83623c1-ff34-4f81-af69-0ab54c14fbda 18878a0d425b4acdb108715ae117b9b7 28b3f955963c4cc181f8e9e005ce9122 - - default default] Successfully bumped revision number for resource 082a7a66-e2bb-47f0-9c16-ff30dec6b9c1 (type: security_group_rules) to 0
2026-04-07 00:57:28.439 10 INFO neutron.db.ovn_revision_numbers_db [None req-e83623c1-ff34-4f81-af69-0ab54c14fbda 18878a0d425b4acdb108715ae117b9b7 28b3f955963c4cc181f8e9e005ce9122 - - default default] Successfully bumped revision number for resource 7861bc01-7f0e-4307-8db0-8265987f7aa6 (type: security_group_rules) to 0
2026-04-07 00:57:28.451 10 INFO neutron.db.ovn_revision_numbers_db [None req-e83623c1-ff34-4f81-af69-0ab54c14fbda 18878a0d425b4acdb108715ae117b9b7 28b3f955963c4cc181f8e9e005ce9122 - - default default] Successfully bumped revision number for resource 955d9a12-507f-4bcd-8a20-0b1ba9138b5b (type: security_group_rules) to 0
2026-04-07 00:57:28.462 10 INFO neutron.db.ovn_revision_numbers_db [None req-e83623c1-ff34-4f81-af69-0ab54c14fbda 18878a0d425b4acdb108715ae117b9b7 28b3f955963c4cc181f8e9e005ce9122 - - default default] Successfully bumped revision number for resource c1da8fbb-e9d5-435d-9036-1f0466da0c54 (type: security_group_rules) to 0
2026-04-07 00:57:28.506 10 INFO neutron.api.wsgi [None req-e83623c1-ff34-4f81-af69-0ab54c14fbda 18878a0d425b4acdb108715ae117b9b7 28b3f955963c4cc181f8e9e005ce9122 - - default default] 199.204.45.244,10.0.0.230 "GET /v2.0/security-groups?name=manila-service-security-group&project_id=7b2064a28fc940e79a1ae6d59fa8558d HTTP/1.1" status: 200 len: 197 time: 0.2114835
2026-04-07 00:57:28.661 10 INFO neutron.db.ovn_revision_numbers_db [None req-cd2bd595-3955-4d78-a7c1-a86da6db952d 18878a0d425b4acdb108715ae117b9b7 28b3f955963c4cc181f8e9e005ce9122 - - default default] Successfully bumped revision number for resource 24d4ac2d-b2c7-4108-beee-5df6be78cd83 (type: security_groups) to 1
2026-04-07 00:57:28.671 10 INFO neutron.db.ovn_revision_numbers_db [None req-cd2bd595-3955-4d78-a7c1-a86da6db952d 18878a0d425b4acdb108715ae117b9b7 28b3f955963c4cc181f8e9e005ce9122 - - default default] Successfully bumped revision number for resource 4c180cc8-593f-41cc-97cd-63cb02112a24 (type: security_group_rules) to 0
2026-04-07 00:57:28.681 10 INFO neutron.db.ovn_revision_numbers_db [None req-cd2bd595-3955-4d78-a7c1-a86da6db952d 18878a0d425b4acdb108715ae117b9b7 28b3f955963c4cc181f8e9e005ce9122 - - default default] Successfully bumped revision number for resource d68d20dc-8072-492d-855e-94d7c99be548 (type: security_group_rules) to 0
2026-04-07 00:57:28.710 10 INFO neutron.api.wsgi [None req-cd2bd595-3955-4d78-a7c1-a86da6db952d 18878a0d425b4acdb108715ae117b9b7 28b3f955963c4cc181f8e9e005ce9122 - - default default] 199.204.45.244,10.0.0.230 "POST /v2.0/security-groups HTTP/1.1" status: 201 len: 1805 time: 0.1477542
2026-04-07 00:57:29.764 9 INFO neutron.api.wsgi [None req-a607a1a1-3a60-45d7-9f00-596cd8153dca 18878a0d425b4acdb108715ae117b9b7 28b3f955963c4cc181f8e9e005ce9122 - - default default] 199.204.45.244,10.0.0.230 "GET /v2.0/security-groups/24d4ac2d-b2c7-4108-beee-5df6be78cd83?project_id=7b2064a28fc940e79a1ae6d59fa8558d HTTP/1.1" status: 200 len: 1800 time: 0.0814264
2026-04-07 00:57:29.788 9 INFO neutron.api.wsgi [None req-0cfa0a56-1f68-4384-8c63-42807ce04308 18878a0d425b4acdb108715ae117b9b7 28b3f955963c4cc181f8e9e005ce9122 - - default default] 199.204.45.244,10.0.0.230 "GET /v2.0/security-groups/24d4ac2d-b2c7-4108-beee-5df6be78cd83 HTTP/1.1" status: 200 len: 1800 time: 0.0188596
2026-04-07 00:57:29.864 9 INFO neutron.api.wsgi [None req-d39f24a8-b233-41e7-a80d-ea848cd091a1 18878a0d425b4acdb108715ae117b9b7 28b3f955963c4cc181f8e9e005ce9122 - - default default] 199.204.45.244,10.0.0.230 "GET /v2.0/security-groups/24d4ac2d-b2c7-4108-beee-5df6be78cd83?project_id=7b2064a28fc940e79a1ae6d59fa8558d HTTP/1.1" status: 200 len: 1800 time: 0.0233588
2026-04-07 00:57:30.109 9 INFO neutron.db.ovn_revision_numbers_db [None req-8c7aa743-4f83-4525-9bc9-f7e93ebd7983 18878a0d425b4acdb108715ae117b9b7 28b3f955963c4cc181f8e9e005ce9122 - - default default] Successfully bumped revision number for resource cec7c8d9-0163-4009-b8ce-48fa2f90c9fc (type: security_group_rules) to 0
2026-04-07 00:57:30.148 9 INFO neutron.api.wsgi [None req-8c7aa743-4f83-4525-9bc9-f7e93ebd7983 18878a0d425b4acdb108715ae117b9b7 28b3f955963c4cc181f8e9e005ce9122 - - default default] 199.204.45.244,10.0.0.230 "POST /v2.0/security-group-rules HTTP/1.1" status: 201 len: 777 time: 0.2762041
2026-04-07 00:57:31.063 10 INFO neutron.api.wsgi [None req-e437d935-5d1f-4f58-a55e-15d1bc14f1a1 18878a0d425b4acdb108715ae117b9b7 28b3f955963c4cc181f8e9e005ce9122 - - default default] 199.204.45.244,10.0.0.230 "GET /v2.0/security-groups/24d4ac2d-b2c7-4108-beee-5df6be78cd83?project_id=7b2064a28fc940e79a1ae6d59fa8558d HTTP/1.1" status: 200 len: 2410 time: 0.0453801
2026-04-07 00:57:31.098 10 INFO neutron.api.wsgi [None req-b1c6202c-2ccc-4f0c-aa74-1a9a105d2739 18878a0d425b4acdb108715ae117b9b7 28b3f955963c4cc181f8e9e005ce9122 - - default default] 199.204.45.244,10.0.0.230 "GET /v2.0/security-groups/24d4ac2d-b2c7-4108-beee-5df6be78cd83 HTTP/1.1" status: 200 len: 2410 time: 0.0255589
2026-04-07 00:57:31.184 10 INFO neutron.api.wsgi [None req-23ea4eb8-29e2-4c47-88a1-f2fffbfad3d7 18878a0d425b4acdb108715ae117b9b7 28b3f955963c4cc181f8e9e005ce9122 - - default default] 199.204.45.244,10.0.0.230 "GET /v2.0/security-groups/24d4ac2d-b2c7-4108-beee-5df6be78cd83?project_id=7b2064a28fc940e79a1ae6d59fa8558d HTTP/1.1" status: 200 len: 2410 time: 0.0238461
2026-04-07 00:57:31.406 10 INFO neutron.db.ovn_revision_numbers_db [None req-89aebed8-b913-4905-815d-33be639f4c0f 18878a0d425b4acdb108715ae117b9b7 28b3f955963c4cc181f8e9e005ce9122 - - default default] Successfully bumped revision number for resource 9a10d1b8-44ea-419b-b282-8c239cf5ce71 (type: security_group_rules) to 0
2026-04-07 00:57:31.497 10 INFO neutron.api.wsgi [None req-89aebed8-b913-4905-815d-33be639f4c0f 18878a0d425b4acdb108715ae117b9b7 28b3f955963c4cc181f8e9e005ce9122 - - default default] 199.204.45.244,10.0.0.230 "POST /v2.0/security-group-rules HTTP/1.1" status: 201 len: 779 time: 0.3090484
2026-04-07 00:57:32.474 10 INFO neutron.api.wsgi [None req-be75f234-5346-4243-8b77-c28ea3583e75 18878a0d425b4acdb108715ae117b9b7 28b3f955963c4cc181f8e9e005ce9122 - - default default] 199.204.45.244,10.0.0.230 "GET /v2.0/security-groups/24d4ac2d-b2c7-4108-beee-5df6be78cd83?project_id=7b2064a28fc940e79a1ae6d59fa8558d HTTP/1.1" status: 200 len: 3022 time: 0.0560119
2026-04-07 00:57:32.505 10 INFO neutron.api.wsgi [None req-422edd70-fdcc-4450-80a1-354de7f571e3 18878a0d425b4acdb108715ae117b9b7 28b3f955963c4cc181f8e9e005ce9122 - - default default] 199.204.45.244,10.0.0.230 "GET /v2.0/security-groups/24d4ac2d-b2c7-4108-beee-5df6be78cd83 HTTP/1.1" status: 200 len: 3022 time: 0.0240090
2026-04-07 00:57:32.595 10 INFO neutron.api.wsgi [None req-174e3c5f-780c-454b-959d-c557a1894735 18878a0d425b4acdb108715ae117b9b7 28b3f955963c4cc181f8e9e005ce9122 - - default default] 199.204.45.244,10.0.0.230 "GET /v2.0/security-groups/24d4ac2d-b2c7-4108-beee-5df6be78cd83?project_id=7b2064a28fc940e79a1ae6d59fa8558d HTTP/1.1" status: 200 len: 3022 time: 0.0253789
2026-04-07 00:57:32.805 10 INFO neutron.db.ovn_revision_numbers_db [None req-0d8b276c-7270-48f4-b621-12787a7ccb91 18878a0d425b4acdb108715ae117b9b7 28b3f955963c4cc181f8e9e005ce9122 - - default default] Successfully bumped revision number for resource e97ab14d-292c-4493-87d8-3b13563c7569 (type: security_group_rules) to 0
2026-04-07 00:57:32.878 10 INFO neutron.api.wsgi [None req-0d8b276c-7270-48f4-b621-12787a7ccb91 18878a0d425b4acdb108715ae117b9b7 28b3f955963c4cc181f8e9e005ce9122 - - default default] 199.204.45.244,10.0.0.230 "POST /v2.0/security-group-rules HTTP/1.1" status: 201 len: 781 time: 0.2777867
2026-04-07 00:57:33.810 9 INFO neutron.api.wsgi [None req-e142a9ba-140f-4156-b521-e7b404948744 18878a0d425b4acdb108715ae117b9b7 28b3f955963c4cc181f8e9e005ce9122 - - default default] 199.204.45.244,10.0.0.230 "GET /v2.0/security-groups/24d4ac2d-b2c7-4108-beee-5df6be78cd83?project_id=7b2064a28fc940e79a1ae6d59fa8558d HTTP/1.1" status: 200 len: 3636 time: 0.0494976
2026-04-07 00:57:33.835 9 INFO neutron.api.wsgi [None req-f9088e37-7291-4007-91fb-b89a861ec216 18878a0d425b4acdb108715ae117b9b7 28b3f955963c4cc181f8e9e005ce9122 - - default default] 199.204.45.244,10.0.0.230 "GET /v2.0/security-groups/24d4ac2d-b2c7-4108-beee-5df6be78cd83 HTTP/1.1" status: 200 len: 3636 time: 0.0211368
2026-04-07 00:57:33.913 9 INFO neutron.api.wsgi [None req-2b3dc6cc-cacd-4e3d-b030-73e8a2be2cc4 18878a0d425b4acdb108715ae117b9b7 28b3f955963c4cc181f8e9e005ce9122 - - default default] 199.204.45.244,10.0.0.230 "GET /v2.0/security-groups/24d4ac2d-b2c7-4108-beee-5df6be78cd83?project_id=7b2064a28fc940e79a1ae6d59fa8558d HTTP/1.1" status: 200 len: 3636 time: 0.0302703
2026-04-07 00:57:34.018 9 INFO neutron.db.ovn_revision_numbers_db [None req-2604eef9-1a15-4ee2-bec1-f86c1b3a167a 18878a0d425b4acdb108715ae117b9b7 28b3f955963c4cc181f8e9e005ce9122 - - default default] Successfully bumped revision number for resource 1c89eb33-da73-4ac7-901a-a9f702a68506 (type: security_group_rules) to 0
2026-04-07 00:57:34.046 9 INFO neutron.api.wsgi [None req-2604eef9-1a15-4ee2-bec1-f86c1b3a167a 18878a0d425b4acdb108715ae117b9b7 28b3f955963c4cc181f8e9e005ce9122 - - default default] 199.204.45.244,10.0.0.230 "POST /v2.0/security-group-rules HTTP/1.1" status: 201 len: 782 time: 0.1297545
2026-04-07 00:57:37.697 10 INFO neutron.api.wsgi [-] 10.0.0.230 "GET / HTTP/1.1" status: 200 len: 246 time: 0.0021851
2026-04-07 00:57:37.699 9 INFO neutron.api.wsgi [-] 10.0.0.230 "GET / HTTP/1.1" status: 200 len: 246 time: 0.0040545
2026-04-07 00:57:52.696 10 INFO neutron.api.wsgi [-] 10.0.0.230 "GET / HTTP/1.1" status: 200 len: 246 time: 0.0011685
2026-04-07 00:57:52.697 9 INFO neutron.api.wsgi [-] 10.0.0.230 "GET / HTTP/1.1" status: 200 len: 246 time: 0.0022557
2026-04-07 00:58:07.698 10 INFO neutron.api.wsgi [-] 10.0.0.230 "GET / HTTP/1.1" status: 200 len: 246 time: 0.0035381
2026-04-07 00:58:07.698 9 INFO neutron.api.wsgi [-] 10.0.0.230 "GET / HTTP/1.1" status: 200 len: 246 time: 0.0033600
2026-04-07 00:58:22.697 9 INFO neutron.api.wsgi [-] 10.0.0.230 "GET / HTTP/1.1" status: 200 len: 246 time: 0.0024769
2026-04-07 00:58:22.700 9 INFO neutron.api.wsgi [-] 10.0.0.230 "GET / HTTP/1.1" status: 200 len: 246 time: 0.0019512
2026-04-07 00:58:37.697 9 INFO neutron.api.wsgi [-] 10.0.0.230 "GET / HTTP/1.1" status: 200 len: 246 time: 0.0025876
2026-04-07 00:58:37.701 9 INFO neutron.api.wsgi [-] 10.0.0.230 "GET / HTTP/1.1" status: 200 len: 246 time: 0.0023685
2026-04-07 00:58:52.697 10 INFO neutron.api.wsgi [-] 10.0.0.230 "GET / HTTP/1.1" status: 200 len: 246 time: 0.0023367
2026-04-07 00:58:52.697 9 INFO neutron.api.wsgi [-] 10.0.0.230 "GET / HTTP/1.1" status: 200 len: 246 time: 0.0024531
2026-04-07 00:59:07.696 10 INFO neutron.api.wsgi [-] 10.0.0.230 "GET / HTTP/1.1" status: 200 len: 246 time: 0.0015643
2026-04-07 00:59:07.698 9 INFO neutron.api.wsgi [-] 10.0.0.230 "GET / HTTP/1.1" status: 200 len: 246 time: 0.0023644
2026-04-07 00:59:22.698 9 INFO neutron.api.wsgi [-] 10.0.0.230 "GET / HTTP/1.1" status: 200 len: 246 time: 0.0034332
2026-04-07 00:59:22.701 9 INFO neutron.api.wsgi [-] 10.0.0.230 "GET / HTTP/1.1" status: 200 len: 246 time: 0.0019097
2026-04-07 00:59:37.697 9 INFO neutron.api.wsgi [-] 10.0.0.230 "GET / HTTP/1.1" status: 200 len: 246 time: 0.0021892
2026-04-07 00:59:37.699 9 INFO neutron.api.wsgi [-] 10.0.0.230 "GET / HTTP/1.1" status: 200 len: 246 time: 0.0019119 /var/lib/openstack/lib/python3.12/site-packages/pycadf/identifier.py:71: UserWarning: Invalid uuid: neutron. To ensure interoperability, identifiers should be a valid uuid. warnings.warn(('Invalid uuid: %s. To ensure interoperability, '
2026-04-07 00:59:52.210 10 INFO neutron.api.wsgi [None req-449c1ce5-ca01-4db2-b48f-b6684d5162b9 fc8e4004474c45d78e8cc4ce143c418e 7b2064a28fc940e79a1ae6d59fa8558d - - f2cb70a218e141769260855bf15aa918 f2cb70a218e141769260855bf15aa918] 199.204.45.244 "GET /v2.0/networks?tenant_id=7b2064a28fc940e79a1ae6d59fa8558d&shared=False HTTP/1.1" status: 200 len: 213 time: 0.1488912
2026-04-07 00:59:52.294 10 INFO neutron.db.segments_db [None req-99315f01-e2c8-4710-867a-b1eb9a87f9ea fc8e4004474c45d78e8cc4ce143c418e 7b2064a28fc940e79a1ae6d59fa8558d - - f2cb70a218e141769260855bf15aa918 f2cb70a218e141769260855bf15aa918] Added segment 1b6a7da6-1e4c-49ce-ae09-28fb7141c2a4 of type geneve for network d31a85bc-d135-414d-90e3-e32afeac17a0
2026-04-07 00:59:52.435 10 INFO neutron.db.ovn_revision_numbers_db [None req-99315f01-e2c8-4710-867a-b1eb9a87f9ea fc8e4004474c45d78e8cc4ce143c418e 7b2064a28fc940e79a1ae6d59fa8558d - - f2cb70a218e141769260855bf15aa918 f2cb70a218e141769260855bf15aa918] Successfully bumped revision number for resource d31a85bc-d135-414d-90e3-e32afeac17a0 (type: networks) to 1
2026-04-07 00:59:52.577 10 WARNING neutron.scheduler.dhcp_agent_scheduler [None req-99315f01-e2c8-4710-867a-b1eb9a87f9ea fc8e4004474c45d78e8cc4ce143c418e 7b2064a28fc940e79a1ae6d59fa8558d - - f2cb70a218e141769260855bf15aa918 f2cb70a218e141769260855bf15aa918] No more DHCP agents
2026-04-07 00:59:52.578 10 WARNING neutron.api.rpc.agentnotifiers.dhcp_rpc_agent_api [None req-99315f01-e2c8-4710-867a-b1eb9a87f9ea fc8e4004474c45d78e8cc4ce143c418e 7b2064a28fc940e79a1ae6d59fa8558d - - f2cb70a218e141769260855bf15aa918 f2cb70a218e141769260855bf15aa918] Unable to schedule network d31a85bc-d135-414d-90e3-e32afeac17a0: no agents available; will retry on subsequent port and subnet creation events.
2026-04-07 00:59:52.653 10 INFO neutron.db.ovn_revision_numbers_db [None req-99315f01-e2c8-4710-867a-b1eb9a87f9ea fc8e4004474c45d78e8cc4ce143c418e 7b2064a28fc940e79a1ae6d59fa8558d - - f2cb70a218e141769260855bf15aa918 f2cb70a218e141769260855bf15aa918] Successfully bumped revision number for resource 7e6fbf9c-57ba-4ff0-85f0-6e57a5c753b4 (type: ports) to 1
2026-04-07 00:59:52.673 10 INFO neutron.api.wsgi [None req-99315f01-e2c8-4710-867a-b1eb9a87f9ea fc8e4004474c45d78e8cc4ce143c418e 7b2064a28fc940e79a1ae6d59fa8558d - - f2cb70a218e141769260855bf15aa918 f2cb70a218e141769260855bf15aa918] 199.204.45.244 "POST /v2.0/networks HTTP/1.1" status: 201 len: 925 time: 0.4559979
2026-04-07 00:59:52.695 9 INFO neutron.api.wsgi [-] 10.0.0.230 "GET / HTTP/1.1" status: 200 len: 246 time: 0.0015788
2026-04-07 00:59:52.697 9 INFO neutron.api.wsgi [-] 10.0.0.230 "GET / HTTP/1.1" status: 200 len: 246 time: 0.0011826
2026-04-07 00:59:52.712 10 INFO neutron.api.wsgi [None req-dd96dcd8-ee99-4a7f-87fb-80fe47f280ad fc8e4004474c45d78e8cc4ce143c418e 7b2064a28fc940e79a1ae6d59fa8558d - - f2cb70a218e141769260855bf15aa918 f2cb70a218e141769260855bf15aa918] 199.204.45.244 "GET /v2.0/ports?device_id=manila-share&binding%3Ahost_id=instance HTTP/1.1" status: 200 len: 210 time: 0.0326283
2026-04-07 00:59:52.724 10 INFO neutron.api.wsgi [None req-06255530-9638-4d25-bf6b-38bcbf2d9665 fc8e4004474c45d78e8cc4ce143c418e 7b2064a28fc940e79a1ae6d59fa8558d - - f2cb70a218e141769260855bf15aa918 f2cb70a218e141769260855bf15aa918] 199.204.45.244 "GET /v2.0/extensions HTTP/1.1" status: 200 len: 19298 time: 0.0064621
2026-04-07 00:59:52.904 10 WARNING neutron.scheduler.dhcp_agent_scheduler [None req-b8f18a55-0d08-4e13-9fbc-f120a9b60404 fc8e4004474c45d78e8cc4ce143c418e 7b2064a28fc940e79a1ae6d59fa8558d - - f2cb70a218e141769260855bf15aa918 f2cb70a218e141769260855bf15aa918] No more DHCP agents
2026-04-07 00:59:52.905 10 WARNING neutron.api.rpc.agentnotifiers.dhcp_rpc_agent_api [None req-b8f18a55-0d08-4e13-9fbc-f120a9b60404 fc8e4004474c45d78e8cc4ce143c418e 7b2064a28fc940e79a1ae6d59fa8558d - - f2cb70a218e141769260855bf15aa918 f2cb70a218e141769260855bf15aa918] Unable to schedule network d31a85bc-d135-414d-90e3-e32afeac17a0: no agents available; will retry on subsequent port and subnet creation events.
2026-04-07 00:59:52.982 10 INFO neutron.db.ovn_revision_numbers_db [None req-b8f18a55-0d08-4e13-9fbc-f120a9b60404 fc8e4004474c45d78e8cc4ce143c418e 7b2064a28fc940e79a1ae6d59fa8558d - - f2cb70a218e141769260855bf15aa918 f2cb70a218e141769260855bf15aa918] Successfully bumped revision number for resource 2ae4c5eb-93d1-48ab-9839-df4ec41eb6d8 (type: ports) to 1
2026-04-07 00:59:53.144 10 INFO neutron.db.ovn_revision_numbers_db [None req-b8f18a55-0d08-4e13-9fbc-f120a9b60404 fc8e4004474c45d78e8cc4ce143c418e 7b2064a28fc940e79a1ae6d59fa8558d - - f2cb70a218e141769260855bf15aa918 f2cb70a218e141769260855bf15aa918] Successfully bumped revision number for resource 2ae4c5eb-93d1-48ab-9839-df4ec41eb6d8 (type: ports) to 3
2026-04-07 00:59:53.169 10 INFO neutron.api.wsgi [None req-b8f18a55-0d08-4e13-9fbc-f120a9b60404 fc8e4004474c45d78e8cc4ce143c418e 7b2064a28fc940e79a1ae6d59fa8558d - - f2cb70a218e141769260855bf15aa918 f2cb70a218e141769260855bf15aa918] 199.204.45.244 "POST /v2.0/ports HTTP/1.1" status: 201 len: 1172 time: 0.4407210
2026-04-07 00:59:53.204 10 INFO neutron.api.wsgi [None req-fb4f7e23-5449-4003-b249-9d05e916bbf7 fc8e4004474c45d78e8cc4ce143c418e 7b2064a28fc940e79a1ae6d59fa8558d - - f2cb70a218e141769260855bf15aa918 f2cb70a218e141769260855bf15aa918] 199.204.45.244 "GET /v2.0/networks/d31a85bc-d135-414d-90e3-e32afeac17a0 HTTP/1.1" status: 200 len: 907 time: 0.0279744
2026-04-07 00:59:53.917 9 INFO neutron.plugins.ml2.drivers.ovn.mech_driver.mech_driver [-] OVN reports status up for port: 2ae4c5eb-93d1-48ab-9839-df4ec41eb6d8
2026-04-07 00:59:53.930 9 INFO neutron.plugins.ml2.plugin [None req-20eb6002-cdd5-47dc-80bd-33e47e6b1643 - - - - - -] Attempt 1 to provision port 2ae4c5eb-93d1-48ab-9839-df4ec41eb6d8
2026-04-07 00:59:54.139 9 INFO neutron.db.ovn_revision_numbers_db [None req-20eb6002-cdd5-47dc-80bd-33e47e6b1643 - - - - - -] Successfully bumped revision number for resource 2ae4c5eb-93d1-48ab-9839-df4ec41eb6d8 (type: ports) to 4
2026-04-07 00:59:55.289 10 INFO neutron.api.wsgi [None req-593f6033-bd48-4ba8-9c15-d92b6830dcc8 fc8e4004474c45d78e8cc4ce143c418e 7b2064a28fc940e79a1ae6d59fa8558d - - f2cb70a218e141769260855bf15aa918 f2cb70a218e141769260855bf15aa918] 199.204.45.244 "GET /v2.0/ports?device_id=manila-share&binding%3Ahost_id=instance HTTP/1.1" status: 200 len: 1172 time: 0.0375416
2026-04-07 00:59:55.323 10 INFO neutron.api.wsgi [None req-4c36c1a2-b66d-4a6b-9556-4fd77c199c05 fc8e4004474c45d78e8cc4ce143c418e 7b2064a28fc940e79a1ae6d59fa8558d - - f2cb70a218e141769260855bf15aa918 f2cb70a218e141769260855bf15aa918] 199.204.45.244 "GET /v2.0/networks/d31a85bc-d135-414d-90e3-e32afeac17a0 HTTP/1.1" status: 200 len: 907 time: 0.0280139
2026-04-07 01:00:07.697 9 INFO neutron.api.wsgi [-] 10.0.0.230 "GET / HTTP/1.1" status: 200 len: 246 time: 0.0016437
2026-04-07 01:00:07.700 9 INFO neutron.api.wsgi [-] 10.0.0.230 "GET / HTTP/1.1" status: 200 len: 246 time: 0.0018389
2026-04-07 01:00:19.833 9 INFO neutron.api.wsgi [None req-af17101b-23bb-4042-9156-d1bd75f8a9c3 18878a0d425b4acdb108715ae117b9b7 28b3f955963c4cc181f8e9e005ce9122 - - default default] 199.204.45.244,10.0.0.230 "GET /v2.0/quotas/7b2064a28fc940e79a1ae6d59fa8558d HTTP/1.1" status: 200 len: 467 time: 0.0129960 /var/lib/openstack/lib/python3.12/site-packages/neutron/extensions/quotasv2.py:139: UserWarning: Neutron quota engine will require "--force" parameter to set a quota limit without checking the resource usage. warnings.warn('Neutron quota engine will require "--force" '
2026-04-07 01:00:20.215 9 INFO neutron.api.wsgi [None req-f7790c86-f229-4a13-8214-f7d438bbee68 18878a0d425b4acdb108715ae117b9b7 28b3f955963c4cc181f8e9e005ce9122 - - default default] 199.204.45.244,10.0.0.230 "PUT /v2.0/quotas/7b2064a28fc940e79a1ae6d59fa8558d HTTP/1.1" status: 200 len: 466 time: 0.0277557
2026-04-07 01:00:22.697 9 INFO neutron.api.wsgi [-] 10.0.0.230 "GET / HTTP/1.1" status: 200 len: 246 time: 0.0020351
2026-04-07 01:00:22.697 10 INFO neutron.api.wsgi [-] 10.0.0.230 "GET / HTTP/1.1" status: 200 len: 246 time: 0.0025685
2026-04-07 01:00:37.697 9 INFO neutron.api.wsgi [-] 10.0.0.230 "GET / HTTP/1.1" status: 200 len: 246 time: 0.0024071
2026-04-07 01:00:37.697 10 INFO neutron.api.wsgi [-] 10.0.0.230 "GET / HTTP/1.1" status: 200 len: 246 time: 0.0026581
2026-04-07 01:00:52.696 10 INFO neutron.api.wsgi [-] 10.0.0.230 "GET / HTTP/1.1" status: 200 len: 246 time: 0.0018175
2026-04-07 01:00:52.696 9 INFO neutron.api.wsgi [-] 10.0.0.230 "GET / HTTP/1.1" status: 200 len: 246 time: 0.0024686
2026-04-07 01:01:07.696 9 INFO neutron.api.wsgi [-] 10.0.0.230 "GET / HTTP/1.1" status: 200 len: 246 time: 0.0021853
2026-04-07 01:01:07.698 10 INFO neutron.api.wsgi [-] 10.0.0.230 "GET / HTTP/1.1" status: 200 len: 246 time: 0.0035200
2026-04-07 01:01:22.695 9 INFO neutron.api.wsgi [-] 10.0.0.230 "GET / HTTP/1.1" status: 200 len: 246 time: 0.0016212
2026-04-07 01:01:22.696 10 INFO neutron.api.wsgi [-] 10.0.0.230 "GET / HTTP/1.1" status: 200 len: 246 time: 0.0026500
2026-04-07 01:01:25.468 9 INFO neutron.api.wsgi [None req-b53926bd-c6a6-4a32-a90b-853ea2306ae0 18878a0d425b4acdb108715ae117b9b7 28b3f955963c4cc181f8e9e005ce9122 - - default default] 10.0.0.128 "GET /v2.0/subnets HTTP/1.1" status: 200 len: 1484 time: 0.1106253
2026-04-07 01:01:25.477 9 INFO neutron.api.wsgi [None req-257227ea-3725-4239-906b-6c1d40b31769 18878a0d425b4acdb108715ae117b9b7 28b3f955963c4cc181f8e9e005ce9122 - - default default] 10.0.0.128 "GET /v2.0/subnetpools HTTP/1.1" status: 200 len: 193 time: 0.0089595
2026-04-07 01:01:25.528 9 INFO neutron.api.wsgi [None req-b8ef43cf-829e-4124-9656-5df8391dfbdf 18878a0d425b4acdb108715ae117b9b7 28b3f955963c4cc181f8e9e005ce9122 - - default default] 10.0.0.128 "GET /v2.0/networks HTTP/1.1" status: 200 len: 2349 time: 0.0454631
2026-04-07 01:01:25.559 9 INFO neutron.api.wsgi [None req-b596ae51-74e1-444a-bf37-d0fd5f51d35b 18878a0d425b4acdb108715ae117b9b7 28b3f955963c4cc181f8e9e005ce9122 - - default default] 10.0.0.128 "GET /v2.0/subnets HTTP/1.1" status: 200 len: 1484 time: 0.0282962
2026-04-07 01:01:25.586 9 INFO neutron.api.wsgi [None req-55e7f84f-8227-4fc0-bbe7-6950f20fb65a 18878a0d425b4acdb108715ae117b9b7 28b3f955963c4cc181f8e9e005ce9122 - - default default] 10.0.0.128 "GET /v2.0/floatingips HTTP/1.1" status: 200 len: 193 time: 0.0252857
2026-04-07 01:01:25.622 9 INFO neutron.api.wsgi [None req-695c7947-3778-48d9-9f6f-a1bc815ed5ee 18878a0d425b4acdb108715ae117b9b7 28b3f955963c4cc181f8e9e005ce9122 - - default default] 10.0.0.128 "GET /v2.0/security-groups HTTP/1.1" status: 200 len: 17574 time: 0.0355730
2026-04-07 01:01:25.658 9 INFO neutron.api.wsgi [None req-5eb21e46-f999-4c20-917a-3318c81e0e62 18878a0d425b4acdb108715ae117b9b7 28b3f955963c4cc181f8e9e005ce9122 - - default default] 10.0.0.128 "GET /v2.0/routers HTTP/1.1" status: 200 len: 189 time: 0.0283179
2026-04-07 01:01:25.693 9 INFO neutron.api.wsgi [None req-022f5b0c-17a4-4327-8056-9515d6bdb9a2 18878a0d425b4acdb108715ae117b9b7 28b3f955963c4cc181f8e9e005ce9122 - - default default] 10.0.0.128 "GET /v2.0/agents?binary=ovn-controller HTTP/1.1" status: 200 len: 591 time: 0.0345950
2026-04-07 01:01:25.742 9 INFO neutron.api.wsgi [None req-bd7c3329-fa88-48fd-81b8-179dd807f1e5 18878a0d425b4acdb108715ae117b9b7 28b3f955963c4cc181f8e9e005ce9122 - - default default] 10.0.0.128 "GET /v2.0/ports HTTP/1.1" status: 200 len: 5347 time: 0.0476909
2026-04-07 01:01:25.760 9 INFO neutron.api.wsgi [None req-f71d1369-1df4-4cab-af5e-6b5080b5df13 18878a0d425b4acdb108715ae117b9b7 28b3f955963c4cc181f8e9e005ce9122 - - default default] 10.0.0.128 "GET /v2.0/agents HTTP/1.1" status: 200 len: 1390 time: 0.0122237
2026-04-07 01:01:25.773 9 INFO neutron.api.wsgi [None req-d2ddb30a-c3d0-40f6-b8ad-530fc58bdddb 18878a0d425b4acdb108715ae117b9b7 28b3f955963c4cc181f8e9e005ce9122 - - default default] 10.0.0.128 "GET /v2.0/network-ip-availabilities HTTP/1.1" status: 200 len: 1280 time: 0.0121760
2026-04-07 01:01:37.696 9 INFO neutron.api.wsgi [-] 10.0.0.230 "GET / HTTP/1.1" status: 200 len: 246 time: 0.0012350
2026-04-07 01:01:37.698 10 INFO neutron.api.wsgi [-] 10.0.0.230 "GET / HTTP/1.1" status: 200 len: 246 time: 0.0019732
2026-04-07 01:01:52.697 10 INFO neutron.api.wsgi [-] 10.0.0.230 "GET / HTTP/1.1" status: 200 len: 246 time: 0.0023398
2026-04-07 01:01:52.698 9 INFO neutron.api.wsgi [-] 10.0.0.230 "GET / HTTP/1.1" status: 200 len: 246 time: 0.0026479
2026-04-07 01:01:54.896 15 INFO neutron.db.ovn_revision_numbers_db [None req-1aa96750-a5b6-400b-9c9c-193af3c40607 - - - - - -] Successfully bumped revision number for resource 24d4ac2d-b2c7-4108-beee-5df6be78cd83 (type: security_groups) to 5
2026-04-07 01:01:54.897 15 INFO neutron.plugins.ml2.drivers.ovn.mech_driver.ovsdb.maintenance [None req-1aa96750-a5b6-400b-9c9c-193af3c40607 - - - - - -] Maintenance task: Synchronization completed (took 0.04 seconds)
2026-04-07 01:02:07.698 9 INFO neutron.api.wsgi [-] 10.0.0.230 "GET / HTTP/1.1" status: 200 len: 246 time: 0.0033579
2026-04-07 01:02:07.701 9 INFO neutron.api.wsgi [-] 10.0.0.230 "GET / HTTP/1.1" status: 200 len: 246 time: 0.0019293
2026-04-07 01:02:22.696 9 INFO neutron.api.wsgi [-] 10.0.0.230 "GET / HTTP/1.1" status: 200 len: 246 time: 0.0013182
2026-04-07 01:02:22.700 10 INFO neutron.api.wsgi [-] 10.0.0.230 "GET / HTTP/1.1" status: 200 len: 246 time: 0.0046268
2026-04-07 01:02:25.275 9 INFO neutron.api.wsgi [None req-56401fda-0800-4b83-b60a-00af4a72e191 18878a0d425b4acdb108715ae117b9b7 28b3f955963c4cc181f8e9e005ce9122 - - default default] 10.0.0.128 "GET /v2.0/networks HTTP/1.1" status: 200 len: 2349 time: 0.0824356
2026-04-07 01:02:25.298 9 INFO neutron.api.wsgi [None req-6e746b4b-34dd-4d02-b229-ab8590c8f8bd 18878a0d425b4acdb108715ae117b9b7 28b3f955963c4cc181f8e9e005ce9122 - - default default] 10.0.0.128 "GET /v2.0/subnets HTTP/1.1" status: 200 len: 1484 time: 0.0209961
2026-04-07 01:02:25.330 9 INFO neutron.api.wsgi [None req-27a8e7ee-e185-4602-8ebe-9c649cae042a 18878a0d425b4acdb108715ae117b9b7 28b3f955963c4cc181f8e9e005ce9122 - - default default] 10.0.0.128 "GET /v2.0/agents HTTP/1.1" status: 200 len: 1390 time: 0.0294151
2026-04-07 01:02:25.342 9 INFO neutron.api.wsgi [None req-d1ccbf27-cd4b-4428-baa9-46b80cf8ba67 18878a0d425b4acdb108715ae117b9b7 28b3f955963c4cc181f8e9e005ce9122 - - default default] 10.0.0.128 "GET /v2.0/routers HTTP/1.1" status: 200 len: 189 time: 0.0110025
2026-04-07 01:02:25.349 9 INFO neutron.api.wsgi [None req-7bc0d3f2-bbd6-4ea3-a1b4-9eda5ebc960c 18878a0d425b4acdb108715ae117b9b7 28b3f955963c4cc181f8e9e005ce9122 - - default default] 10.0.0.128 "GET /v2.0/agents?binary=ovn-controller HTTP/1.1" status: 200 len: 591 time: 0.0071135
2026-04-07 01:02:25.387 9 INFO neutron.api.wsgi [None req-c7e35bce-619e-45a9-a6a4-7a1637e034f2 18878a0d425b4acdb108715ae117b9b7 28b3f955963c4cc181f8e9e005ce9122 - - default default] 10.0.0.128 "GET /v2.0/ports HTTP/1.1" status: 200 len: 5347 time: 0.0368040
2026-04-07 01:02:25.399 9 INFO neutron.api.wsgi [None req-0b582a36-6283-4f49-aa7b-7a81769612ae 18878a0d425b4acdb108715ae117b9b7 28b3f955963c4cc181f8e9e005ce9122 - - default default] 10.0.0.128 "GET /v2.0/network-ip-availabilities HTTP/1.1" status: 200 len: 1280 time: 0.0095773
2026-04-07 01:02:25.428 9 INFO neutron.api.wsgi [None req-42ab0017-b92e-4ad2-ab7b-ee475cc13ca8 18878a0d425b4acdb108715ae117b9b7 28b3f955963c4cc181f8e9e005ce9122 - - default default] 10.0.0.128 "GET /v2.0/subnets HTTP/1.1" status: 200 len: 1484 time: 0.0280406
2026-04-07 01:02:25.438 9 INFO neutron.api.wsgi [None req-098bdccd-4302-481d-8911-09058a05e084 18878a0d425b4acdb108715ae117b9b7 28b3f955963c4cc181f8e9e005ce9122 - - default default] 10.0.0.128 "GET /v2.0/subnetpools HTTP/1.1" status: 200 len: 193 time: 0.0076859
2026-04-07 01:02:25.452 9 INFO neutron.api.wsgi [None req-81f58e11-f8ca-490a-b6e8-a88b8af46450 18878a0d425b4acdb108715ae117b9b7 28b3f955963c4cc181f8e9e005ce9122 - - default default] 10.0.0.128 "GET /v2.0/floatingips HTTP/1.1" status: 200 len: 193 time: 0.0128624
2026-04-07 01:02:25.485 9 INFO neutron.api.wsgi [None req-fa3b74aa-5d4f-42a8-b5e7-9c720a7f5388 18878a0d425b4acdb108715ae117b9b7 28b3f955963c4cc181f8e9e005ce9122 - - default default] 10.0.0.128 "GET /v2.0/security-groups HTTP/1.1" status: 200 len: 17574 time: 0.0324159
2026-04-07 01:02:37.696 10 INFO neutron.api.wsgi [-] 10.0.0.230 "GET / HTTP/1.1" status: 200 len: 246 time: 0.0016525
2026-04-07 01:02:37.698 10 INFO neutron.api.wsgi [-] 10.0.0.230 "GET / HTTP/1.1" status: 200 len: 246 time: 0.0013237
2026-04-07 01:02:52.698 9 INFO neutron.api.wsgi [-] 10.0.0.230 "GET / HTTP/1.1" status: 200 len: 246 time: 0.0024321
2026-04-07 01:02:52.698 10 INFO neutron.api.wsgi [-] 10.0.0.230 "GET / HTTP/1.1" status: 200 len: 246 time: 0.0032940
2026-04-07 01:03:07.697 9 INFO neutron.api.wsgi [-] 10.0.0.230 "GET / HTTP/1.1" status: 200 len: 246 time: 0.0024226
2026-04-07 01:03:07.699 10 INFO neutron.api.wsgi [-] 10.0.0.230 "GET / HTTP/1.1" status: 200 len: 246 time: 0.0017114
2026-04-07 01:03:22.696 10 INFO neutron.api.wsgi [-] 10.0.0.230 "GET / HTTP/1.1" status: 200 len: 246 time: 0.0026278
2026-04-07 01:03:22.697 9 INFO neutron.api.wsgi [-] 10.0.0.230 "GET / HTTP/1.1" status: 200 len: 246 time: 0.0029325
2026-04-07 01:03:25.233 9 INFO neutron.api.wsgi [None req-31c5ed6d-bd8d-44d5-82ab-4469d366cebc 18878a0d425b4acdb108715ae117b9b7 28b3f955963c4cc181f8e9e005ce9122 - - default default] 10.0.0.128 "GET /v2.0/routers HTTP/1.1" status: 200 len: 189 time: 0.0520380
2026-04-07 01:03:25.264 9 INFO neutron.api.wsgi [None req-8ab05256-4170-4586-af9d-b5f6c996339b 18878a0d425b4acdb108715ae117b9b7 28b3f955963c4cc181f8e9e005ce9122 - - default default] 10.0.0.128 "GET /v2.0/agents?binary=ovn-controller HTTP/1.1" status: 200 len: 591 time: 0.0298755
2026-04-07 01:03:25.289 9 INFO neutron.api.wsgi [None req-9ce01c33-5dce-448c-8e69-b6a081297973 18878a0d425b4acdb108715ae117b9b7 28b3f955963c4cc181f8e9e005ce9122 - - default default] 10.0.0.128 "GET /v2.0/subnets HTTP/1.1" status: 200 len: 1484 time: 0.0245790
2026-04-07 01:03:25.297 9 INFO neutron.api.wsgi [None req-fc3f4139-f140-48eb-a7af-c8ee9d1f921c 18878a0d425b4acdb108715ae117b9b7 28b3f955963c4cc181f8e9e005ce9122 - - default default] 10.0.0.128 "GET /v2.0/subnetpools HTTP/1.1" status: 200 len: 193 time: 0.0065787
2026-04-07 01:03:25.304 9 INFO neutron.api.wsgi [None req-e65ff24e-760b-4d5e-bd32-74678caed380 18878a0d425b4acdb108715ae117b9b7 28b3f955963c4cc181f8e9e005ce9122 - - default default] 10.0.0.128 "GET /v2.0/agents HTTP/1.1" status: 200 len: 1390 time: 0.0073946
2026-04-07 01:03:25.315 9 INFO neutron.api.wsgi [None req-c59efef6-769b-444d-baf2-3bffc7cb2843 18878a0d425b4acdb108715ae117b9b7 28b3f955963c4cc181f8e9e005ce9122 - - default default] 10.0.0.128 "GET /v2.0/network-ip-availabilities HTTP/1.1" status: 200 len: 1280 time: 0.0097008
2026-04-07 01:03:25.348 9 INFO neutron.api.wsgi [None req-c1148350-33c8-4d6c-9a6a-30f6013ad4cf 18878a0d425b4acdb108715ae117b9b7 28b3f955963c4cc181f8e9e005ce9122 - - default default] 10.0.0.128 "GET /v2.0/security-groups HTTP/1.1" status: 200 len: 17574 time: 0.0321600
2026-04-07 01:03:25.378 9 INFO neutron.api.wsgi [None req-470f7b1b-b57e-4d7b-bcb5-46d037fc589e 18878a0d425b4acdb108715ae117b9b7 28b3f955963c4cc181f8e9e005ce9122 - - default default] 10.0.0.128 "GET /v2.0/subnets HTTP/1.1" status: 200 len: 1484 time: 0.0240815
2026-04-07 01:03:25.416 9 INFO neutron.api.wsgi [None req-6a13f1e4-c281-4313-99ca-a6c77984fecd 18878a0d425b4acdb108715ae117b9b7 28b3f955963c4cc181f8e9e005ce9122 - - default default] 10.0.0.128 "GET /v2.0/ports HTTP/1.1" status: 200 len: 5347 time: 0.0375638
2026-04-07 01:03:25.433 9 INFO neutron.api.wsgi [None req-5d8b9068-3db6-4990-ae87-349c6cdfaadb 18878a0d425b4acdb108715ae117b9b7 28b3f955963c4cc181f8e9e005ce9122 - - default default] 10.0.0.128 "GET /v2.0/floatingips HTTP/1.1" status: 200 len: 193 time: 0.0134542
2026-04-07 01:03:25.486 9 INFO neutron.api.wsgi [None req-ab7b6991-c867-4ffc-8618-544fa8957aed 18878a0d425b4acdb108715ae117b9b7 28b3f955963c4cc181f8e9e005ce9122 - - default default] 10.0.0.128 "GET /v2.0/networks HTTP/1.1" status: 200 len: 2349 time: 0.0518405
2026-04-07 01:03:37.697 9 INFO neutron.api.wsgi [-] 10.0.0.230 "GET / HTTP/1.1" status: 200 len: 246 time: 0.0022933
2026-04-07 01:03:37.697 10 INFO neutron.api.wsgi [-] 10.0.0.230 "GET / HTTP/1.1" status: 200 len: 246 time: 0.0022624
2026-04-07 01:03:52.696 9 INFO neutron.api.wsgi [-] 10.0.0.230 "GET / HTTP/1.1" status: 200 len: 246 time: 0.0012672
2026-04-07 01:03:52.697 9 INFO neutron.api.wsgi [-] 10.0.0.230 "GET / HTTP/1.1" status: 200 len: 246 time: 0.0008924
2026-04-07 01:04:07.696 9 INFO neutron.api.wsgi [-] 10.0.0.230 "GET / HTTP/1.1" status: 200 len: 246 time: 0.0012915
2026-04-07 01:04:07.697 10 INFO neutron.api.wsgi [-] 10.0.0.230 "GET / HTTP/1.1" status: 200 len: 246 time: 0.0023265
2026-04-07 01:04:22.698 10 INFO neutron.api.wsgi [-] 10.0.0.230 "GET / HTTP/1.1" status: 200 len: 246 time: 0.0029860
2026-04-07 01:04:22.701 10 INFO neutron.api.wsgi [-] 10.0.0.230 "GET / HTTP/1.1" status: 200 len: 246 time: 0.0019295
2026-04-07 01:04:25.647 9 INFO neutron.api.wsgi [None req-0b78e33e-a1d4-4bde-81d6-9c009e9c7e8f 18878a0d425b4acdb108715ae117b9b7 28b3f955963c4cc181f8e9e005ce9122 - - default default] 10.0.0.128 "GET /v2.0/subnets HTTP/1.1" status: 200 len: 1484 time: 0.0648482
2026-04-07 01:04:25.686 9 INFO neutron.api.wsgi [None req-774267e5-f677-44f1-9473-202b5d8047a4 18878a0d425b4acdb108715ae117b9b7 28b3f955963c4cc181f8e9e005ce9122 - - default default] 10.0.0.128 "GET /v2.0/ports HTTP/1.1" status: 200 len: 5347 time: 0.0376234
2026-04-07 01:04:25.721 9 INFO neutron.api.wsgi [None req-a02e3a52-d736-4ed5-b29c-1b93d3803b64 18878a0d425b4acdb108715ae117b9b7 28b3f955963c4cc181f8e9e005ce9122 - - default default] 10.0.0.128 "GET /v2.0/agents HTTP/1.1" status: 200 len: 1390 time: 0.0307910
2026-04-07 01:04:25.767 9 INFO neutron.api.wsgi [None req-c1f5dd43-ceae-4dba-9328-5d2733e8008d 18878a0d425b4acdb108715ae117b9b7 28b3f955963c4cc181f8e9e005ce9122 - - default default] 10.0.0.128 "GET /v2.0/networks HTTP/1.1" status: 200 len: 2349 time: 0.0449493
2026-04-07 01:04:25.791 9 INFO neutron.api.wsgi [None req-d08e9e81-5a6e-4d0e-be1e-5275b3fe2e19 18878a0d425b4acdb108715ae117b9b7 28b3f955963c4cc181f8e9e005ce9122 - - default default] 10.0.0.128 "GET /v2.0/subnets HTTP/1.1" status: 200 len: 1484 time: 0.0214198
2026-04-07 01:04:25.796 9 INFO neutron.api.wsgi [None req-89e5ebe8-df4a-489f-9bbd-40f98040b08b 18878a0d425b4acdb108715ae117b9b7 28b3f955963c4cc181f8e9e005ce9122 - - default default] 10.0.0.128 "GET /v2.0/subnetpools HTTP/1.1" status: 200 len: 193 time: 0.0049267
2026-04-07 01:04:25.808 9 INFO neutron.api.wsgi [None req-0f44f2e0-85ca-4d1f-a91e-7781c276fcdf 18878a0d425b4acdb108715ae117b9b7 28b3f955963c4cc181f8e9e005ce9122 - - default default] 10.0.0.128 "GET /v2.0/floatingips HTTP/1.1" status: 200 len: 193 time: 0.0106442
2026-04-07 01:04:25.817 9 INFO neutron.api.wsgi [None req-0c0d5af5-fe08-4053-a475-f32d239764b7 18878a0d425b4acdb108715ae117b9b7 28b3f955963c4cc181f8e9e005ce9122 - - default default] 10.0.0.128 "GET /v2.0/routers HTTP/1.1" status: 200 len: 189 time: 0.0091300
2026-04-07 01:04:25.824 9 INFO neutron.api.wsgi [None req-d8e053c7-e6ad-4537-9299-f957b6483e55 18878a0d425b4acdb108715ae117b9b7 28b3f955963c4cc181f8e9e005ce9122 - - default default] 10.0.0.128 "GET /v2.0/agents?binary=ovn-controller HTTP/1.1" status: 200 len: 591 time: 0.0059085
2026-04-07 01:04:25.832 9 INFO neutron.api.wsgi [None req-54be317f-6f14-43a3-b0ad-76fb35a748e2 18878a0d425b4acdb108715ae117b9b7 28b3f955963c4cc181f8e9e005ce9122 - - default default] 10.0.0.128 "GET /v2.0/network-ip-availabilities HTTP/1.1" status: 200 len: 1280 time: 0.0072150
2026-04-07 01:04:25.858 9 INFO neutron.api.wsgi [None req-c73d7722-219f-420c-8205-80850e55b05b 18878a0d425b4acdb108715ae117b9b7 28b3f955963c4cc181f8e9e005ce9122 - - default default] 10.0.0.128 "GET /v2.0/security-groups HTTP/1.1" status: 200 len: 17574 time: 0.0258396
2026-04-07 01:04:37.696 10 INFO neutron.api.wsgi [-] 10.0.0.230 "GET / HTTP/1.1" status: 200 len: 246 time: 0.0021799
2026-04-07 01:04:37.697 9 INFO neutron.api.wsgi [-] 10.0.0.230 "GET / HTTP/1.1" status: 200 len: 246 time: 0.0030193
2026-04-07 01:04:52.697 9 INFO neutron.api.wsgi [-] 10.0.0.230 "GET / HTTP/1.1" status: 200 len: 246 time: 0.0022504
2026-04-07 01:04:52.697 10 INFO neutron.api.wsgi [-] 10.0.0.230 "GET / HTTP/1.1" status: 200 len: 246 time: 0.0025182
2026-04-07 01:05:07.696 10 INFO neutron.api.wsgi [-] 10.0.0.230 "GET / HTTP/1.1" status: 200 len: 246 time: 0.0024314
2026-04-07 01:05:07.698 9 INFO neutron.api.wsgi [-] 10.0.0.230 "GET / HTTP/1.1" status: 200 len: 246 time: 0.0040100
2026-04-07 01:05:22.696 9 INFO neutron.api.wsgi [-] 10.0.0.230 "GET / HTTP/1.1" status: 200 len: 246 time: 0.0018759
2026-04-07 01:05:22.698 9 INFO neutron.api.wsgi [-] 10.0.0.230 "GET / HTTP/1.1" status: 200 len: 246 time: 0.0013220
2026-04-07 01:05:25.284 9 INFO neutron.api.wsgi [None req-e185dec5-0f65-4130-abb1-b89dc8286aa2 18878a0d425b4acdb108715ae117b9b7 28b3f955963c4cc181f8e9e005ce9122 - - default default] 10.0.0.128 "GET /v2.0/subnets HTTP/1.1" status: 200 len: 1484 time: 0.0633535
2026-04-07 01:05:25.335 9 INFO neutron.api.wsgi [None req-3148a4bb-3823-428a-82e6-a837ed452922 18878a0d425b4acdb108715ae117b9b7 28b3f955963c4cc181f8e9e005ce9122 - - default default] 10.0.0.128 "GET /v2.0/networks HTTP/1.1" status: 200 len: 2349 time: 0.0495420
2026-04-07 01:05:25.374 9 INFO neutron.api.wsgi [None req-c935ccfe-bb11-40b6-89d2-3762a8ed472e 18878a0d425b4acdb108715ae117b9b7 28b3f955963c4cc181f8e9e005ce9122 - - default default] 10.0.0.128 "GET /v2.0/security-groups HTTP/1.1" status: 200 len: 17574 time: 0.0357113
2026-04-07 01:05:25.422 9 INFO neutron.api.wsgi [None req-e3f0e8b8-c79c-477b-b16d-7abf99e7ee76 18878a0d425b4acdb108715ae117b9b7 28b3f955963c4cc181f8e9e005ce9122 - - default default] 10.0.0.128 "GET /v2.0/ports HTTP/1.1" status: 200 len: 5347 time: 0.0396838
2026-04-07 01:05:25.442 9 INFO neutron.api.wsgi [None req-2fca63e3-dea4-4a45-87b6-028ccb45a7e4 18878a0d425b4acdb108715ae117b9b7 28b3f955963c4cc181f8e9e005ce9122 - - default default] 10.0.0.128 "GET /v2.0/routers HTTP/1.1" status: 200 len: 189 time: 0.0157578
2026-04-07 01:05:25.480 9 INFO neutron.api.wsgi [None req-f6bc0c3d-1422-42b9-85c4-47365666aaf4 18878a0d425b4acdb108715ae117b9b7 28b3f955963c4cc181f8e9e005ce9122 - - default default] 10.0.0.128 "GET /v2.0/agents?binary=ovn-controller HTTP/1.1" status: 200 len: 591 time: 0.0372164
2026-04-07 01:05:25.488 9 INFO neutron.api.wsgi [None req-b118b3be-3377-43ad-b3a2-e0fdf0151808 18878a0d425b4acdb108715ae117b9b7 28b3f955963c4cc181f8e9e005ce9122 - - default default] 10.0.0.128 "GET /v2.0/agents HTTP/1.1" status: 200 len: 1390 time: 0.0076368
2026-04-07 01:05:25.502 9 INFO neutron.api.wsgi [None req-23df5be5-4724-4003-9a2a-82119cc5868a 18878a0d425b4acdb108715ae117b9b7 28b3f955963c4cc181f8e9e005ce9122 - - default default] 10.0.0.128 "GET /v2.0/floatingips HTTP/1.1" status: 200 len: 193 time: 0.0127652
2026-04-07 01:05:25.515 9 INFO neutron.api.wsgi [None req-cef2fc59-2db0-433d-ae1e-175c4a16279d 18878a0d425b4acdb108715ae117b9b7 28b3f955963c4cc181f8e9e005ce9122 - - default default] 10.0.0.128 "GET /v2.0/network-ip-availabilities HTTP/1.1" status: 200 len: 1280 time: 0.0117326
2026-04-07 01:05:25.539 9 INFO neutron.api.wsgi [None req-192101c3-297f-4e27-91cc-dad215c99958 18878a0d425b4acdb108715ae117b9b7 28b3f955963c4cc181f8e9e005ce9122 - - default default] 10.0.0.128 "GET /v2.0/subnets HTTP/1.1" status: 200 len: 1484 time: 0.0229988
2026-04-07 01:05:25.545 9 INFO neutron.api.wsgi [None req-14021e67-ad2e-49e6-82f9-5507db92b977 18878a0d425b4acdb108715ae117b9b7 28b3f955963c4cc181f8e9e005ce9122 - - default default] 10.0.0.128 "GET /v2.0/subnetpools HTTP/1.1" status: 200 len: 193 time: 0.0056076
2026-04-07 01:05:37.697 9 INFO neutron.api.wsgi [-] 10.0.0.230 "GET / HTTP/1.1" status: 200 len: 246 time: 0.0023468
2026-04-07 01:05:37.700 9 INFO neutron.api.wsgi [-] 10.0.0.230 "GET / HTTP/1.1" status: 200 len: 246 time: 0.0019844
2026-04-07 01:05:52.696 10 INFO neutron.api.wsgi [-] 10.0.0.230 "GET / HTTP/1.1" status: 200 len: 246 time: 0.0015671
2026-04-07 01:05:52.697 9 INFO neutron.api.wsgi [-] 10.0.0.230 "GET / HTTP/1.1" status: 200 len: 246 time: 0.0026813
2026-04-07 01:06:07.697 9 INFO neutron.api.wsgi [-] 10.0.0.230 "GET / HTTP/1.1" status: 200 len: 246 time: 0.0022783
2026-04-07 01:06:07.698 10 INFO neutron.api.wsgi [-] 10.0.0.230 "GET / HTTP/1.1" status: 200 len: 246 time: 0.0028472
2026-04-07 01:06:22.697 10 INFO neutron.api.wsgi [-] 10.0.0.230 "GET / HTTP/1.1" status: 200 len: 246 time: 0.0024199
2026-04-07 01:06:22.700 10 INFO neutron.api.wsgi [-] 10.0.0.230 "GET / HTTP/1.1" status: 200 len: 246 time: 0.0021703
2026-04-07 01:06:25.283 9 INFO neutron.api.wsgi [None req-66d0cf83-6903-471a-8b13-d5e155b2bf26 18878a0d425b4acdb108715ae117b9b7 28b3f955963c4cc181f8e9e005ce9122 - - default default] 10.0.0.128 "GET /v2.0/networks HTTP/1.1" status: 200 len: 2349 time: 0.1086452
2026-04-07 01:06:25.316 9 INFO neutron.api.wsgi [None req-155ba02f-02ba-4964-b2e5-68f29ede66a4 18878a0d425b4acdb108715ae117b9b7 28b3f955963c4cc181f8e9e005ce9122 - - default default] 10.0.0.128 "GET /v2.0/security-groups HTTP/1.1" status: 200 len: 17574 time: 0.0327387
2026-04-07 01:06:25.337 9 INFO neutron.api.wsgi [None req-ebb7e904-1002-4ca4-b020-d07164a15344 18878a0d425b4acdb108715ae117b9b7 28b3f955963c4cc181f8e9e005ce9122 - - default default] 10.0.0.128 "GET /v2.0/routers HTTP/1.1" status: 200 len: 189 time: 0.0142927
2026-04-07 01:06:25.383 9 INFO neutron.api.wsgi [None req-87fb0b83-ed8b-41c4-9655-b3e9dd8e53e4 18878a0d425b4acdb108715ae117b9b7 28b3f955963c4cc181f8e9e005ce9122 - - default default] 10.0.0.128 "GET /v2.0/agents?binary=ovn-controller HTTP/1.1" status: 200 len: 591 time: 0.0444973
2026-04-07 01:06:25.397 9 INFO neutron.api.wsgi [None req-714de03f-d0b8-4887-8d0d-85cc8acb64be 18878a0d425b4acdb108715ae117b9b7 28b3f955963c4cc181f8e9e005ce9122 - - default default] 10.0.0.128 "GET /v2.0/floatingips HTTP/1.1" status: 200 len: 193 time: 0.0138531
2026-04-07 01:06:25.436 9 INFO neutron.api.wsgi [None req-13bf2fff-9bd0-4f1a-b719-be53821b12cd 18878a0d425b4acdb108715ae117b9b7 28b3f955963c4cc181f8e9e005ce9122 - - default default] 10.0.0.128 "GET /v2.0/subnets HTTP/1.1" status: 200 len: 1484 time: 0.0375729
2026-04-07 01:06:25.448 9 INFO neutron.api.wsgi [None req-9e74fda0-63fa-45d6-825f-196c59503cc0 18878a0d425b4acdb108715ae117b9b7 28b3f955963c4cc181f8e9e005ce9122 - - default default] 10.0.0.128 "GET /v2.0/agents HTTP/1.1" status: 200 len: 1390 time: 0.0109112
2026-04-07 01:06:25.459 9 INFO neutron.api.wsgi [None req-6acfbccb-d38c-4d9a-a495-878cabaccd61 18878a0d425b4acdb108715ae117b9b7 28b3f955963c4cc181f8e9e005ce9122 - - default default] 10.0.0.128 "GET /v2.0/network-ip-availabilities HTTP/1.1" status: 200 len: 1280 time: 0.0094206
2026-04-07 01:06:25.483 9 INFO neutron.api.wsgi [None req-8259b506-c870-40b1-a524-4e92cba47cdd 18878a0d425b4acdb108715ae117b9b7 28b3f955963c4cc181f8e9e005ce9122 - - default default] 10.0.0.128 "GET /v2.0/subnets HTTP/1.1" status: 200 len: 1484 time: 0.0226948
2026-04-07 01:06:25.490 9 INFO neutron.api.wsgi [None req-b413c2da-bc7a-4a30-9a6e-1555db0852ab 18878a0d425b4acdb108715ae117b9b7 28b3f955963c4cc181f8e9e005ce9122 - - default default] 10.0.0.128 "GET /v2.0/subnetpools HTTP/1.1" status: 200 len: 193 time: 0.0061419
2026-04-07 01:06:25.541 9 INFO neutron.api.wsgi [None req-2173ef38-4fc2-480c-ae64-d6d024f256ec 18878a0d425b4acdb108715ae117b9b7 28b3f955963c4cc181f8e9e005ce9122 - - default default] 10.0.0.128 "GET /v2.0/ports HTTP/1.1" status: 200 len: 5347 time: 0.0504370
2026-04-07 01:06:37.697 9 INFO neutron.api.wsgi [-] 10.0.0.230 "GET / HTTP/1.1" status: 200 len: 246 time: 0.0023861
2026-04-07 01:06:37.700 9 INFO neutron.api.wsgi [-] 10.0.0.230 "GET / HTTP/1.1" status: 200 len: 246 time: 0.0021422
2026-04-07 01:06:52.697 9 INFO neutron.api.wsgi [-] 10.0.0.230 "GET / HTTP/1.1" status: 200 len: 246 time: 0.0022655
2026-04-07 01:06:52.697 10 INFO neutron.api.wsgi [-] 10.0.0.230 "GET / HTTP/1.1" status: 200 len: 246 time: 0.0023682
2026-04-07 01:07:07.696 10 INFO neutron.api.wsgi [-] 10.0.0.230 "GET / HTTP/1.1" status: 200 len: 246 time: 0.0022550
2026-04-07 01:07:07.697 9 INFO neutron.api.wsgi [-] 10.0.0.230 "GET / HTTP/1.1" status: 200 len: 246 time: 0.0024304
2026-04-07 01:07:22.697 9 INFO neutron.api.wsgi [-] 10.0.0.230 "GET / HTTP/1.1" status: 200 len: 246 time: 0.0022972
2026-04-07 01:07:22.697 10 INFO neutron.api.wsgi [-] 10.0.0.230 "GET / HTTP/1.1" status: 200 len: 246 time: 0.0030792
2026-04-07 01:07:25.315 9 INFO neutron.api.wsgi [None req-27e29c42-9c2e-451e-a1dc-b7f7f1eb0d42 18878a0d425b4acdb108715ae117b9b7 28b3f955963c4cc181f8e9e005ce9122 - - default default] 10.0.0.128 "GET /v2.0/networks HTTP/1.1" status: 200 len: 2349 time: 0.1335876
2026-04-07 01:07:25.342 9 INFO neutron.api.wsgi [None req-d7286d0c-8aab-4e33-9c12-914f15831dbf 18878a0d425b4acdb108715ae117b9b7 28b3f955963c4cc181f8e9e005ce9122 - - default default] 10.0.0.128 "GET /v2.0/security-groups HTTP/1.1" status: 200 len: 17574 time: 0.0251603
2026-04-07 01:07:25.371 9 INFO neutron.api.wsgi [None req-f2488336-1b69-4d6b-8823-92344d82fe89 18878a0d425b4acdb108715ae117b9b7 28b3f955963c4cc181f8e9e005ce9122 - - default default] 10.0.0.128 "GET /v2.0/subnets HTTP/1.1" status: 200 len: 1484 time: 0.0235021
2026-04-07 01:07:25.385 9 INFO neutron.api.wsgi [None req-ee4b89e0-808b-4a8e-a519-2a224353323a 18878a0d425b4acdb108715ae117b9b7 28b3f955963c4cc181f8e9e005ce9122 - - default default] 10.0.0.128 "GET /v2.0/floatingips HTTP/1.1" status: 200 len: 193 time: 0.0136867
2026-04-07 01:07:25.424 9 INFO neutron.api.wsgi [None req-4643ef8c-095f-420b-957a-634ff8d0c5d2 18878a0d425b4acdb108715ae117b9b7 28b3f955963c4cc181f8e9e005ce9122 - - default default] 10.0.0.128 "GET /v2.0/ports HTTP/1.1" status: 200 len: 5347 time: 0.0378027
2026-04-07 01:07:25.438 9 INFO neutron.api.wsgi [None req-56538555-3bc6-4f53-9a23-f3f22715ac37 18878a0d425b4acdb108715ae117b9b7 28b3f955963c4cc181f8e9e005ce9122 - - default default] 10.0.0.128 "GET /v2.0/routers HTTP/1.1" status: 200 len: 189 time: 0.0115912
2026-04-07 01:07:25.459 9 INFO neutron.api.wsgi [None req-c0435ac5-ad28-41df-bb7e-4f520e7fdf1a 18878a0d425b4acdb108715ae117b9b7 28b3f955963c4cc181f8e9e005ce9122 - - default default] 10.0.0.128 "GET /v2.0/agents?binary=ovn-controller HTTP/1.1" status: 200 len: 591 time: 0.0204513
2026-04-07 01:07:25.470 9 INFO neutron.api.wsgi [None req-4348e4da-b789-47eb-9ffb-68c6e8fd08cc 18878a0d425b4acdb108715ae117b9b7 28b3f955963c4cc181f8e9e005ce9122 - - default default] 10.0.0.128 "GET /v2.0/agents HTTP/1.1" status: 200 len: 1390 time: 0.0091779
