2026-04-07 01:16:35.650 9 WARNING neutron.api.rpc.agentnotifiers.dhcp_rpc_agent_api [None req-78e44bc3-47a0-4369-bb60-f9e89b88c995 b8f89df6997b4b67b6a75247c35fba1f 451d624d266e4aecb1e6026c99979f6a - - default default] Unable to schedule network 9aff7a8e-31f5-4209-ac23-97fb955a382a: no agents available; will retry on subsequent port and subnet creation events.
2026-04-07 01:16:35.662 10 INFO neutron.db.ovn_revision_numbers_db [None req-8e3fb3f5-3b12-4004-a96c-dd932687892e 48f2ac97353b46e7a9c604df6cea2f91 8806e8e8b8d0486982c50c20e988d608 - - default default] Successfully bumped revision number for resource db9d89d0-ce6e-4c98-878d-c42041c10da9 (type: security_group_rules) to 0
2026-04-07 01:16:35.675 10 INFO neutron.db.ovn_revision_numbers_db [None req-8e3fb3f5-3b12-4004-a96c-dd932687892e 48f2ac97353b46e7a9c604df6cea2f91 8806e8e8b8d0486982c50c20e988d608 - - default default] Successfully bumped revision number for resource e8d7f6e3-c7cd-4146-83d1-73e689184261 (type: security_group_rules) to 0
2026-04-07 01:16:35.776 10 INFO neutron.db.ovn_revision_numbers_db [None req-8e3fb3f5-3b12-4004-a96c-dd932687892e 48f2ac97353b46e7a9c604df6cea2f91 8806e8e8b8d0486982c50c20e988d608 - - default default] Successfully bumped revision number for resource d2aaa587-04a5-4ab8-9a75-eedc89cdf463 (type: security_groups) to 1
2026-04-07 01:16:35.790 10 INFO neutron.db.ovn_revision_numbers_db [None req-8e3fb3f5-3b12-4004-a96c-dd932687892e 48f2ac97353b46e7a9c604df6cea2f91 8806e8e8b8d0486982c50c20e988d608 - - default default] Successfully bumped revision number for resource 1e9a6a3b-78ce-4c5e-b002-4c364d3276f4 (type: security_group_rules) to 0
2026-04-07 01:16:35.804 10 INFO neutron.db.ovn_revision_numbers_db [None req-8e3fb3f5-3b12-4004-a96c-dd932687892e 48f2ac97353b46e7a9c604df6cea2f91 8806e8e8b8d0486982c50c20e988d608 - - default default] Successfully bumped revision number for resource cad3ead3-0991-4c8e-b80b-61103184cdd5 (type: security_group_rules) to 0
2026-04-07 01:16:35.851 10 INFO neutron.api.wsgi [None req-8e3fb3f5-3b12-4004-a96c-dd932687892e 48f2ac97353b46e7a9c604df6cea2f91 8806e8e8b8d0486982c50c20e988d608 - - default default] 10.0.0.206 "POST /v2.0/security-groups HTTP/1.1" status: 201 len: 1824 time: 0.4810214
2026-04-07 01:16:35.872 9 INFO neutron.api.wsgi [None req-78e44bc3-47a0-4369-bb60-f9e89b88c995 b8f89df6997b4b67b6a75247c35fba1f 451d624d266e4aecb1e6026c99979f6a - - default default] 10.0.0.206 "POST /v2.0/floatingips HTTP/1.1" status: 201 len: 751 time: 0.4202664
2026-04-07 01:16:35.882 9 WARNING neutron_lib.context [None req-5105ee03-cc5e-451f-8fa2-26eaec5f5032 b8f89df6997b4b67b6a75247c35fba1f 451d624d266e4aecb1e6026c99979f6a - - default default] Method 'is_advsvc' is deprecated since 2023.2 release (neutron-lib 3.8.0) and will be removed once support for the old RBAC API policies will be removed from Neutron. Please use method 'is_service_role' instead.
2026-04-07 01:16:35.886 10 INFO neutron.api.wsgi [None req-c9f4ae49-0f95-4db6-ba79-43d3eac86e4d 48f2ac97353b46e7a9c604df6cea2f91 8806e8e8b8d0486982c50c20e988d608 - - default default] 10.0.0.206 "GET /v2.0/security-groups HTTP/1.1" status: 200 len: 4724 time: 0.0312285
2026-04-07 01:16:35.973 10 INFO neutron.db.ovn_revision_numbers_db [None req-5e7bff16-1ff4-4f19-a98f-2eead777c306 48f2ac97353b46e7a9c604df6cea2f91 8806e8e8b8d0486982c50c20e988d608 - - default default] Successfully bumped revision number for resource d2aaa587-04a5-4ab8-9a75-eedc89cdf463 (type: security_groups) to 2
2026-04-07 01:16:36.002 10 INFO neutron.api.wsgi [None req-5e7bff16-1ff4-4f19-a98f-2eead777c306 48f2ac97353b46e7a9c604df6cea2f91 8806e8e8b8d0486982c50c20e988d608 - - default default] 10.0.0.206 "PUT /v2.0/security-groups/d2aaa587-04a5-4ab8-9a75-eedc89cdf463 HTTP/1.1" status: 200 len: 1857 time: 0.1098962
2026-04-07 01:16:36.026 10 INFO neutron.api.wsgi [None req-771e623c-d096-4c5e-a764-fa1bd139e180 48f2ac97353b46e7a9c604df6cea2f91 8806e8e8b8d0486982c50c20e988d608 - - default default] 10.0.0.206 "GET /v2.0/security-groups/d2aaa587-04a5-4ab8-9a75-eedc89cdf463 HTTP/1.1" status: 200 len: 1857 time: 0.0187321
2026-04-07 01:16:36.099 9 WARNING neutron.scheduler.dhcp_agent_scheduler [None req-5105ee03-cc5e-451f-8fa2-26eaec5f5032 b8f89df6997b4b67b6a75247c35fba1f 451d624d266e4aecb1e6026c99979f6a - - default default] No more DHCP agents
2026-04-07 01:16:36.101 9 WARNING neutron.api.rpc.agentnotifiers.dhcp_rpc_agent_api [None req-5105ee03-cc5e-451f-8fa2-26eaec5f5032 b8f89df6997b4b67b6a75247c35fba1f 451d624d266e4aecb1e6026c99979f6a - - default default] Unable to schedule network 9aff7a8e-31f5-4209-ac23-97fb955a382a: no agents available; will retry on subsequent port and subnet creation events.
2026-04-07 01:16:36.160 10 INFO neutron.api.wsgi [None req-f8daf7b7-7bda-4409-9463-ae866c0b1ead 48f2ac97353b46e7a9c604df6cea2f91 8806e8e8b8d0486982c50c20e988d608 - - default default] 10.0.0.206 "DELETE /v2.0/security-groups/d2aaa587-04a5-4ab8-9a75-eedc89cdf463 HTTP/1.1" status: 204 len: 168 time: 0.1298940
2026-04-07 01:16:36.195 10 INFO neutron.api.wsgi [None req-421773f7-3b8b-445a-802f-7ff9f7e4fc02 48f2ac97353b46e7a9c604df6cea2f91 8806e8e8b8d0486982c50c20e988d608 - - default default] 10.0.0.206 "GET /v2.0/security-groups HTTP/1.1" status: 200 len: 3120 time: 0.0311682
2026-04-07 01:16:36.208 10 INFO neutron.api.v2.resource [None req-cfea4c10-b8f4-433f-924d-046c9f6cd839 48f2ac97353b46e7a9c604df6cea2f91 8806e8e8b8d0486982c50c20e988d608 - - default default] delete failed (client error): The resource could not be found.
2026-04-07 01:16:36.209 10 INFO neutron.api.wsgi [None req-cfea4c10-b8f4-433f-924d-046c9f6cd839 48f2ac97353b46e7a9c604df6cea2f91 8806e8e8b8d0486982c50c20e988d608 - - default default] 10.0.0.206 "DELETE /v2.0/security-groups/d2aaa587-04a5-4ab8-9a75-eedc89cdf463 HTTP/1.1" status: 404 len: 347 time: 0.0088432
2026-04-07 01:16:36.219 10 WARNING neutron_lib.context [None req-f37d63cf-4b15-47e0-bc29-e2d7da591aa3 48f2ac97353b46e7a9c604df6cea2f91 8806e8e8b8d0486982c50c20e988d608 - - default default] Method 'is_advsvc' is deprecated since 2023.2 release (neutron-lib 3.8.0) and will be removed once support for the old RBAC API policies will be removed from Neutron. Please use method 'is_service_role' instead.
2026-04-07 01:16:36.336 10 INFO neutron.api.wsgi [req-49616617-2ad2-4ada-b1ac-1fec1c5b7069 req-ebaf4afe-de58-40aa-83eb-4df356498291 984fbdfc99d649209dc1352ea21eeb41 b463f2f927e047c6990c6ca3444dea92 - - default default] 10.0.0.43 "GET /v2.0/ports?device_id=ba281763-37bb-46d0-9b9f-87618584d4e8 HTTP/1.1" status: 200 len: 210 time: 0.0206847
2026-04-07 01:16:36.350 10 INFO neutron.db.ovn_revision_numbers_db [None req-f37d63cf-4b15-47e0-bc29-e2d7da591aa3 48f2ac97353b46e7a9c604df6cea2f91 8806e8e8b8d0486982c50c20e988d608 - - default default] Successfully bumped revision number for resource ea4518f6-c51a-4408-9ed3-fd1e54a99dfb (type: security_groups) to 1
2026-04-07 01:16:36.364 10 INFO neutron.db.ovn_revision_numbers_db [None req-f37d63cf-4b15-47e0-bc29-e2d7da591aa3 48f2ac97353b46e7a9c604df6cea2f91 8806e8e8b8d0486982c50c20e988d608 - - default default] Successfully bumped revision number for resource 4dd9df61-f9fb-451e-9d99-998652ea03e6 (type: security_group_rules) to 0
2026-04-07 01:16:36.375 10 INFO neutron.db.ovn_revision_numbers_db [None req-f37d63cf-4b15-47e0-bc29-e2d7da591aa3 48f2ac97353b46e7a9c604df6cea2f91 8806e8e8b8d0486982c50c20e988d608 - - default default] Successfully bumped revision number for resource d24d15f1-0081-479c-bd23-0a515acadeda (type: security_group_rules) to 0
2026-04-07 01:16:36.392 9 INFO neutron.api.wsgi [None req-5105ee03-cc5e-451f-8fa2-26eaec5f5032 b8f89df6997b4b67b6a75247c35fba1f 451d624d266e4aecb1e6026c99979f6a - - default default] 10.0.0.206 "POST /v2.0/floatingips HTTP/1.1" status: 201 len: 751 time: 0.5154717
2026-04-07 01:16:36.402 9 WARNING neutron_lib.context [None req-97b10bb1-59fe-4a0e-b3ca-3d01f659ed88 b8f89df6997b4b67b6a75247c35fba1f 451d624d266e4aecb1e6026c99979f6a - - default default] Method 'is_advsvc' is deprecated since 2023.2 release (neutron-lib 3.8.0) and will be removed once support for the old RBAC API policies will be removed from Neutron. Please use method 'is_service_role' instead.
2026-04-07 01:16:36.411 10 INFO neutron.api.wsgi [None req-f37d63cf-4b15-47e0-bc29-e2d7da591aa3 48f2ac97353b46e7a9c604df6cea2f91 8806e8e8b8d0486982c50c20e988d608 - - default default] 10.0.0.206 "POST /v2.0/security-groups HTTP/1.1" status: 201 len: 1824 time: 0.1953733
2026-04-07 01:16:36.418 9 WARNING neutron_lib.context [None req-063d73b8-6340-4c6b-a928-93831936ec91 48f2ac97353b46e7a9c604df6cea2f91 8806e8e8b8d0486982c50c20e988d608 - - default default] Method 'is_advsvc' is deprecated since 2023.2 release (neutron-lib 3.8.0) and will be removed once support for the old RBAC API policies will be removed from Neutron. Please use method 'is_service_role' instead.
2026-04-07 01:16:36.573 9 INFO neutron.db.ovn_revision_numbers_db [None req-063d73b8-6340-4c6b-a928-93831936ec91 48f2ac97353b46e7a9c604df6cea2f91 8806e8e8b8d0486982c50c20e988d608 - - default default] Successfully bumped revision number for resource ec805896-ad73-436a-a65d-f7a30ed75003 (type: security_group_rules) to 0
2026-04-07 01:16:36.612 9 INFO neutron.api.wsgi [None req-063d73b8-6340-4c6b-a928-93831936ec91 48f2ac97353b46e7a9c604df6cea2f91 8806e8e8b8d0486982c50c20e988d608 - - default default] 10.0.0.206 "POST /v2.0/security-group-rules HTTP/1.1" status: 201 len: 800 time: 0.1971009
2026-04-07 01:16:36.632 9 WARNING neutron.scheduler.dhcp_agent_scheduler [None req-97b10bb1-59fe-4a0e-b3ca-3d01f659ed88 b8f89df6997b4b67b6a75247c35fba1f 451d624d266e4aecb1e6026c99979f6a - - default default] No more DHCP agents
2026-04-07 01:16:36.634 9 WARNING neutron.api.rpc.agentnotifiers.dhcp_rpc_agent_api [None req-97b10bb1-59fe-4a0e-b3ca-3d01f659ed88 b8f89df6997b4b67b6a75247c35fba1f 451d624d266e4aecb1e6026c99979f6a - - default default] Unable to schedule network 9aff7a8e-31f5-4209-ac23-97fb955a382a: no agents available; will retry on subsequent port and subnet creation events.
2026-04-07 01:16:36.646 10 INFO neutron.api.wsgi [None req-cbceae87-ba7a-43ab-b5d2-ca2a2082ab17 48f2ac97353b46e7a9c604df6cea2f91 8806e8e8b8d0486982c50c20e988d608 - - default default] 10.0.0.206 "GET /v2.0/security-group-rules/ec805896-ad73-436a-a65d-f7a30ed75003 HTTP/1.1" status: 200 len: 795 time: 0.0270073
2026-04-07 01:16:36.684 9 INFO neutron.api.wsgi [req-5bb7b7c7-0a96-466f-8464-1008282fce9a req-6e790ffb-92aa-4707-8a9b-9caf62dce397 077cfc4fdc9945279dd840bee508c26d 7b2064a28fc940e79a1ae6d59fa8558d - - f2cb70a218e141769260855bf15aa918 f2cb70a218e141769260855bf15aa918] 199.204.45.244 "GET /v2.0/ports?tenant_id=19c240d8c2b4451a869ca055b312a5e8&device_id=2eff2fc0-d698-4a83-9db3-930a067eb163 HTTP/1.1" status: 200 len: 1638 time: 0.0396869
2026-04-07 01:16:36.726 10 INFO neutron.api.wsgi [None req-5886f952-501c-4147-8eef-508e454eb5cb 48f2ac97353b46e7a9c604df6cea2f91 8806e8e8b8d0486982c50c20e988d608 - - default default] 10.0.0.206 "GET /v2.0/security-group-rules HTTP/1.1" status: 200 len: 4333 time: 0.0723796
2026-04-07 01:16:36.762 9 INFO neutron.api.wsgi [req-5bb7b7c7-0a96-466f-8464-1008282fce9a req-a3178b44-e56e-44bf-93b0-cd8a9eacb267 077cfc4fdc9945279dd840bee508c26d 7b2064a28fc940e79a1ae6d59fa8558d - - f2cb70a218e141769260855bf15aa918 f2cb70a218e141769260855bf15aa918] 199.204.45.244 "GET /v2.0/networks?id=777aaa12-bbfa-4c95-bdd5-34b70372fee4 HTTP/1.1" status: 200 len: 1003 time: 0.0716710
2026-04-07 01:16:36.805 9 INFO neutron.api.wsgi [req-5bb7b7c7-0a96-466f-8464-1008282fce9a req-1103aa86-c4a2-41fe-a96c-97e369a41047 077cfc4fdc9945279dd840bee508c26d 7b2064a28fc940e79a1ae6d59fa8558d - - f2cb70a218e141769260855bf15aa918 f2cb70a218e141769260855bf15aa918] 199.204.45.244 "GET /v2.0/floatingips?fixed_ip_address=10.2.2.71&port_id=872db3af-9f0f-447f-8700-3944c82199b0 HTTP/1.1" status: 200 len: 1058 time: 0.0401762
2026-04-07 01:16:36.827 9 INFO neutron.api.wsgi [req-5bb7b7c7-0a96-466f-8464-1008282fce9a req-b4fb59f5-abb1-4970-b96a-4f4974913cb6 077cfc4fdc9945279dd840bee508c26d 7b2064a28fc940e79a1ae6d59fa8558d - - f2cb70a218e141769260855bf15aa918 f2cb70a218e141769260855bf15aa918] 199.204.45.244 "GET /v2.0/floatingips?fixed_ip_address=fd77%3A1457%3A4cf0%3A26a8%3A%3A3c9&port_id=872db3af-9f0f-447f-8700-3944c82199b0 HTTP/1.1" status: 200 len: 217 time: 0.0155365
2026-04-07 01:16:36.859 10 INFO neutron.api.wsgi [None req-2570e71a-1e43-4b57-b57f-7bb9defb7682 48f2ac97353b46e7a9c604df6cea2f91 8806e8e8b8d0486982c50c20e988d608 - - default default] 10.0.0.206 "DELETE /v2.0/security-group-rules/ec805896-ad73-436a-a65d-f7a30ed75003 HTTP/1.1" status: 204 len: 168 time: 0.1283069
2026-04-07 01:16:36.881 9 INFO neutron.api.wsgi [req-5bb7b7c7-0a96-466f-8464-1008282fce9a req-a9de9d2c-f6d7-40c2-9c06-67777e7d3d3d 077cfc4fdc9945279dd840bee508c26d 7b2064a28fc940e79a1ae6d59fa8558d - - f2cb70a218e141769260855bf15aa918 f2cb70a218e141769260855bf15aa918] 199.204.45.244 "GET /v2.0/subnets?id=f2c50d5a-cdf4-4459-bc73-c8241de20f9b&id=4b672605-5c5f-43a8-8bb0-b29d2250292d HTTP/1.1" status: 200 len: 1614 time: 0.0449700
2026-04-07 01:16:36.906 9 INFO neutron.api.wsgi [req-5bb7b7c7-0a96-466f-8464-1008282fce9a req-7549edf6-d1d1-4f6c-ae3c-53c13ebb148e 077cfc4fdc9945279dd840bee508c26d 7b2064a28fc940e79a1ae6d59fa8558d - - f2cb70a218e141769260855bf15aa918 f2cb70a218e141769260855bf15aa918] 199.204.45.244 "GET /v2.0/ports?network_id=777aaa12-bbfa-4c95-bdd5-34b70372fee4&device_owner=network%3Adhcp HTTP/1.1" status: 200 len: 210 time: 0.0170362
2026-04-07 01:16:36.912 10 INFO neutron.api.wsgi [None req-b8adba59-f876-4978-942a-d5cb2fd40a27 48f2ac97353b46e7a9c604df6cea2f91 8806e8e8b8d0486982c50c20e988d608 - - default default] 10.0.0.206 "GET /v2.0/security-group-rules HTTP/1.1" status: 200 len: 3755 time: 0.0475576
2026-04-07 01:16:36.919 10 WARNING neutron_lib.context [None req-8e0d09b1-920f-44c0-ab4d-4f4a2a4212db 48f2ac97353b46e7a9c604df6cea2f91 8806e8e8b8d0486982c50c20e988d608 - - default default] Method 'is_advsvc' is deprecated since 2023.2 release (neutron-lib 3.8.0) and will be removed once support for the old RBAC API policies will be removed from Neutron. Please use method 'is_service_role' instead.
2026-04-07 01:16:36.935 9 INFO neutron.api.wsgi [req-5bb7b7c7-0a96-466f-8464-1008282fce9a req-731f9686-2b0a-419c-bc56-c1be0fd087c3 077cfc4fdc9945279dd840bee508c26d 7b2064a28fc940e79a1ae6d59fa8558d - - f2cb70a218e141769260855bf15aa918 f2cb70a218e141769260855bf15aa918] 199.204.45.244 "GET /v2.0/ports?network_id=777aaa12-bbfa-4c95-bdd5-34b70372fee4&device_owner=network%3Adhcp HTTP/1.1" status: 200 len: 210 time: 0.0248280
2026-04-07 01:16:37.003 9 INFO neutron.api.wsgi [req-5bb7b7c7-0a96-466f-8464-1008282fce9a req-a6c6fe22-c0df-436a-b22b-6a4360726989 077cfc4fdc9945279dd840bee508c26d 7b2064a28fc940e79a1ae6d59fa8558d - - f2cb70a218e141769260855bf15aa918 f2cb70a218e141769260855bf15aa918] 199.204.45.244 "GET /v2.0/networks/777aaa12-bbfa-4c95-bdd5-34b70372fee4?fields=segments HTTP/1.1" status: 200 len: 212 time: 0.0645413
2026-04-07 01:16:37.067 10 INFO neutron.db.ovn_revision_numbers_db [None req-8e0d09b1-920f-44c0-ab4d-4f4a2a4212db 48f2ac97353b46e7a9c604df6cea2f91 8806e8e8b8d0486982c50c20e988d608 - - default default] Successfully bumped revision number for resource 9d0eb187-a70d-4cd3-9d22-d1e12cec971e (type: security_group_rules) to 0
2026-04-07 01:16:37.069 9 INFO neutron.api.wsgi [req-5bb7b7c7-0a96-466f-8464-1008282fce9a req-ac268884-89c9-4091-87ea-4d551df4315c 077cfc4fdc9945279dd840bee508c26d 7b2064a28fc940e79a1ae6d59fa8558d - - f2cb70a218e141769260855bf15aa918 f2cb70a218e141769260855bf15aa918] 199.204.45.244 "GET /v2.0/networks/777aaa12-bbfa-4c95-bdd5-34b70372fee4?fields=provider%3Aphysical_network&fields=provider%3Anetwork_type HTTP/1.1" status: 200 len: 277 time: 0.0627446
2026-04-07 01:16:37.093 10 INFO neutron.api.wsgi [None req-8e0d09b1-920f-44c0-ab4d-4f4a2a4212db 48f2ac97353b46e7a9c604df6cea2f91 8806e8e8b8d0486982c50c20e988d608 - - default default] 10.0.0.206 "POST /v2.0/security-group-rules HTTP/1.1" status: 201 len: 800 time: 0.1766462
2026-04-07 01:16:37.101 9 INFO neutron.api.wsgi [None req-97b10bb1-59fe-4a0e-b3ca-3d01f659ed88 b8f89df6997b4b67b6a75247c35fba1f 451d624d266e4aecb1e6026c99979f6a - - default default] 10.0.0.206 "POST /v2.0/floatingips HTTP/1.1" status: 201 len: 751 time: 0.7035954
2026-04-07 01:16:37.113 9 WARNING neutron_lib.context [None req-ded858d1-66c4-4456-8ca5-6544d0c6e698 b8f89df6997b4b67b6a75247c35fba1f 451d624d266e4aecb1e6026c99979f6a - - default default] Method 'is_advsvc' is deprecated since 2023.2 release (neutron-lib 3.8.0) and will be removed once support for the old RBAC API policies will be removed from Neutron. Please use method 'is_service_role' instead.
2026-04-07 01:16:37.128 10 INFO neutron.api.wsgi [None req-cc404d49-8174-4ea6-80c8-ddcf8b1f2030 48f2ac97353b46e7a9c604df6cea2f91 8806e8e8b8d0486982c50c20e988d608 - - default default] 10.0.0.206 "GET /v2.0/security-group-rules/9d0eb187-a70d-4cd3-9d22-d1e12cec971e HTTP/1.1" status: 200 len: 795 time: 0.0307410
2026-04-07 01:16:37.212 10 INFO neutron.api.wsgi [None req-db09bf54-15fe-459d-8f9a-ba11e477a3ce 48f2ac97353b46e7a9c604df6cea2f91 8806e8e8b8d0486982c50c20e988d608 - - default default] 10.0.0.206 "GET /v2.0/security-group-rules HTTP/1.1" status: 200 len: 4333 time: 0.0785370
2026-04-07 01:16:37.387 9 WARNING neutron.scheduler.dhcp_agent_scheduler [None req-ded858d1-66c4-4456-8ca5-6544d0c6e698 b8f89df6997b4b67b6a75247c35fba1f 451d624d266e4aecb1e6026c99979f6a - - default default] No more DHCP agents
2026-04-07 01:16:37.388 9 WARNING neutron.api.rpc.agentnotifiers.dhcp_rpc_agent_api [None req-ded858d1-66c4-4456-8ca5-6544d0c6e698 b8f89df6997b4b67b6a75247c35fba1f 451d624d266e4aecb1e6026c99979f6a - - default default] Unable to schedule network 9aff7a8e-31f5-4209-ac23-97fb955a382a: no agents available; will retry on subsequent port and subnet creation events.
2026-04-07 01:16:37.392 10 INFO neutron.api.wsgi [None req-856eed29-0861-4c31-bb7b-8b98f84a1a54 48f2ac97353b46e7a9c604df6cea2f91 8806e8e8b8d0486982c50c20e988d608 - - default default] 10.0.0.206 "DELETE /v2.0/security-group-rules/9d0eb187-a70d-4cd3-9d22-d1e12cec971e HTTP/1.1" status: 204 len: 168 time: 0.1744456
2026-04-07 01:16:37.463 10 INFO neutron.api.wsgi [None req-4f4ace7a-c9cb-46da-813a-6c8145836aa8 48f2ac97353b46e7a9c604df6cea2f91 8806e8e8b8d0486982c50c20e988d608 - - default default] 10.0.0.206 "GET /v2.0/security-group-rules HTTP/1.1" status: 200 len: 3755 time: 0.0626395
2026-04-07 01:16:37.472 10 WARNING neutron_lib.context [None req-c2671992-52f6-483a-82c8-5df3dd429e4f 48f2ac97353b46e7a9c604df6cea2f91 8806e8e8b8d0486982c50c20e988d608 - - default default] Method 'is_advsvc' is deprecated since 2023.2 release (neutron-lib 3.8.0) and will be removed once support for the old RBAC API policies will be removed from Neutron. Please use method 'is_service_role' instead.
2026-04-07 01:16:37.497 9 INFO neutron.api.wsgi [req-d2456a22-a310-4294-9aef-e6630535fd54 req-5f2b8327-b9ce-4c44-8cab-2aa931389a58 984fbdfc99d649209dc1352ea21eeb41 b463f2f927e047c6990c6ca3444dea92 - - default default] 10.0.0.43 "GET /v2.0/ports?device_id=ba281763-37bb-46d0-9b9f-87618584d4e8 HTTP/1.1" status: 200 len: 210 time: 0.0344224
2026-04-07 01:16:37.596 10 INFO neutron.db.ovn_revision_numbers_db [None req-c2671992-52f6-483a-82c8-5df3dd429e4f 48f2ac97353b46e7a9c604df6cea2f91 8806e8e8b8d0486982c50c20e988d608 - - default default] Successfully bumped revision number for resource 32899bb6-2136-4cb7-a00d-740630b1a8f7 (type: security_group_rules) to 0
2026-04-07 01:16:37.639 10 INFO neutron.api.wsgi [None req-c2671992-52f6-483a-82c8-5df3dd429e4f 48f2ac97353b46e7a9c604df6cea2f91 8806e8e8b8d0486982c50c20e988d608 - - default default] 10.0.0.206 "POST /v2.0/security-group-rules HTTP/1.1" status: 201 len: 801 time: 0.1717353
2026-04-07 01:16:37.665 9 INFO neutron.api.wsgi [None req-235962b5-58c1-42ee-b8bd-69df7c030d39 48f2ac97353b46e7a9c604df6cea2f91 8806e8e8b8d0486982c50c20e988d608 - - default default] 10.0.0.206 "GET /v2.0/security-group-rules/32899bb6-2136-4cb7-a00d-740630b1a8f7 HTTP/1.1" status: 200 len: 796 time: 0.0167122
2026-04-07 01:16:37.696 10 INFO neutron.api.wsgi [-] 10.0.0.230 "GET / HTTP/1.1" status: 200 len: 246 time: 0.0017297
2026-04-07 01:16:37.698 10 INFO neutron.api.wsgi [-] 10.0.0.230 "GET / HTTP/1.1" status: 200 len: 246 time: 0.0012562
2026-04-07 01:16:37.748 10 INFO neutron.api.wsgi [None req-1c1121b3-bd1c-4252-9fef-4572d9ca2a8b 48f2ac97353b46e7a9c604df6cea2f91 8806e8e8b8d0486982c50c20e988d608 - - default default] 10.0.0.206 "GET /v2.0/security-group-rules HTTP/1.1" status: 200 len: 4334 time: 0.0780139
2026-04-07 01:16:37.780 9 INFO neutron.api.wsgi [None req-ded858d1-66c4-4456-8ca5-6544d0c6e698 b8f89df6997b4b67b6a75247c35fba1f 451d624d266e4aecb1e6026c99979f6a - - default default] 10.0.0.206 "POST /v2.0/floatingips HTTP/1.1" status: 201 len: 751 time: 0.6720800
2026-04-07 01:16:37.842 9 INFO neutron.api.wsgi [None req-2eaa792b-3ab0-4676-95b0-dffc987445a7 b8f89df6997b4b67b6a75247c35fba1f 451d624d266e4aecb1e6026c99979f6a - - default default] 10.0.0.206 "PUT /v2.0/floatingips/39ce69eb-dcb2-48a9-943f-cc6c3785fbde/tags HTTP/1.1" status: 200 len: 210 time: 0.0568969
2026-04-07 01:16:37.891 10 INFO neutron.api.wsgi [None req-1788571c-a737-422a-922a-621b34fd5933 48f2ac97353b46e7a9c604df6cea2f91 8806e8e8b8d0486982c50c20e988d608 - - default default] 10.0.0.206 "DELETE /v2.0/security-group-rules/32899bb6-2136-4cb7-a00d-740630b1a8f7 HTTP/1.1" status: 204 len: 168 time: 0.1385243
2026-04-07 01:16:37.955 10 INFO neutron.api.wsgi [None req-9ef6056d-3417-45c6-8522-969e59326c47 48f2ac97353b46e7a9c604df6cea2f91 8806e8e8b8d0486982c50c20e988d608 - - default default] 10.0.0.206 "GET /v2.0/security-group-rules HTTP/1.1" status: 200 len: 3755 time: 0.0594513
2026-04-07 01:16:38.076 10 INFO neutron.api.wsgi [None req-05dc21e3-4774-453f-9b5d-846c33ae64cd 48f2ac97353b46e7a9c604df6cea2f91 8806e8e8b8d0486982c50c20e988d608 - - default default] 10.0.0.206 "DELETE /v2.0/security-groups/ea4518f6-c51a-4408-9ed3-fd1e54a99dfb HTTP/1.1" status: 204 len: 168 time: 0.1161506
2026-04-07 01:16:38.092 9 INFO neutron.api.wsgi [None req-218e6fb5-f23d-46cc-893e-f3ecc7555072 b8f89df6997b4b67b6a75247c35fba1f 451d624d266e4aecb1e6026c99979f6a - - default default] 10.0.0.206 "PUT /v2.0/floatingips/539128b5-e1ce-4de6-8234-81e9fc950eed/tags HTTP/1.1" status: 200 len: 218 time: 0.2462618
2026-04-07 01:16:38.141 10 INFO neutron.api.wsgi [None req-2a893020-c913-4979-8219-d755ba73700b 48f2ac97353b46e7a9c604df6cea2f91 8806e8e8b8d0486982c50c20e988d608 - - default default] 10.0.0.206 "GET /v2.0/security-groups HTTP/1.1" status: 200 len: 3120 time: 0.0598512
2026-04-07 01:16:38.153 10 INFO neutron.api.wsgi [None req-dd75bcc2-4980-4197-bbe5-7ab518f281ce b8f89df6997b4b67b6a75247c35fba1f 451d624d266e4aecb1e6026c99979f6a - - default default] 10.0.0.206 "PUT /v2.0/floatingips/e45a6180-f8fb-4d8b-bfb6-134bf8dddb24/tags HTTP/1.1" status: 200 len: 227 time: 0.0572953
2026-04-07 01:16:38.189 9 INFO neutron.api.wsgi [None req-400b02c2-bc32-4abe-8863-8a2eee23e68e 48f2ac97353b46e7a9c604df6cea2f91 8806e8e8b8d0486982c50c20e988d608 - - default default] 10.0.0.206 "GET /v2.0/security-groups HTTP/1.1" status: 200 len: 3120 time: 0.0415399
2026-04-07 01:16:38.191 9 INFO neutron.api.wsgi [None req-38ad5144-59e3-4f69-954c-7d820c202a14 b8f89df6997b4b67b6a75247c35fba1f 451d624d266e4aecb1e6026c99979f6a - - default default] 10.0.0.206 "PUT /v2.0/floatingips/33b11cd0-1a08-419b-87f4-9df411cd419f/tags HTTP/1.1" status: 200 len: 212 time: 0.0328791
2026-04-07 01:16:38.234 9 INFO neutron.api.wsgi [None req-e161678c-4bda-4380-8660-36dc52562cde b8f89df6997b4b67b6a75247c35fba1f 451d624d266e4aecb1e6026c99979f6a - - default default] 10.0.0.206 "GET /v2.0/floatingips?tags=red HTTP/1.1" status: 200 len: 1866 time: 0.0384150
2026-04-07 01:16:38.275 9 INFO neutron.api.wsgi [None req-45a8b373-8589-4872-9293-3871c2f45013 b8f89df6997b4b67b6a75247c35fba1f 451d624d266e4aecb1e6026c99979f6a - - default default] 10.0.0.206 "GET /v2.0/floatingips?tags=red%2Cblue HTTP/1.1" status: 200 len: 1323 time: 0.0360794
2026-04-07 01:16:38.316 9 INFO neutron.api.wsgi [None req-fb90fcf2-d608-417a-8394-7436b0f45f9a b8f89df6997b4b67b6a75247c35fba1f 451d624d266e4aecb1e6026c99979f6a - - default default] 10.0.0.206 "GET /v2.0/floatingips?tags-any=blue HTTP/1.1" status: 200 len: 1323 time: 0.0352240
2026-04-07 01:16:38.342 9 INFO neutron.api.wsgi [None req-031134ec-1747-4424-8504-bac0c19bf805 b8f89df6997b4b67b6a75247c35fba1f 451d624d266e4aecb1e6026c99979f6a - - default default] 10.0.0.206 "GET /v2.0/floatingips?tags-any=red%2Cblue HTTP/1.1" status: 200 len: 1866 time: 0.0210195
2026-04-07 01:16:38.381 9 INFO neutron.api.wsgi [None req-14986017-0865-4d44-8666-9cb79f5f364e b8f89df6997b4b67b6a75247c35fba1f 451d624d266e4aecb1e6026c99979f6a - - default default] 10.0.0.206 "GET /v2.0/floatingips?not-tags=red HTTP/1.1" status: 200 len: 1295 time: 0.0343838
2026-04-07 01:16:38.423 9 INFO neutron.api.wsgi [None req-4e11714f-ac29-4ec3-bd5d-ce4c79ac2d2d b8f89df6997b4b67b6a75247c35fba1f 451d624d266e4aecb1e6026c99979f6a - - default default] 10.0.0.206 "GET /v2.0/floatingips?not-tags=red%2Cblue HTTP/1.1" status: 200 len: 1838 time: 0.0375845
2026-04-07 01:16:38.466 10 INFO neutron.api.wsgi [None req-71a81fe9-215d-44cb-bcb0-7ec4d979b51a b8f89df6997b4b67b6a75247c35fba1f 451d624d266e4aecb1e6026c99979f6a - - default default] 10.0.0.206 "GET /v2.0/floatingips?not-tags-any=blue HTTP/1.1" status: 200 len: 1838 time: 0.0373898
2026-04-07 01:16:38.516 9 INFO neutron.api.wsgi [None req-ffe065cd-7308-4d1a-bebc-5bfe69d13968 b8f89df6997b4b67b6a75247c35fba1f 451d624d266e4aecb1e6026c99979f6a - - default default] 10.0.0.206 "GET /v2.0/floatingips?not-tags-any=red%2Cblue HTTP/1.1" status: 200 len: 1295 time: 0.0437801
2026-04-07 01:16:38.707 10 INFO neutron.api.wsgi [None req-0198eb35-3398-4d01-bfde-0a7da6780045 984fbdfc99d649209dc1352ea21eeb41 b463f2f927e047c6990c6ca3444dea92 - - default default] 10.0.0.206 "DELETE /v2.0/security-groups/b91e0d92-ac58-44cc-b412-38aa88978cf4 HTTP/1.1" status: 204 len: 168 time: 0.1169982
2026-04-07 01:16:38.721 9 INFO neutron.api.v2.resource [None req-07fb64b1-d7bd-49a4-b15e-895ae9d5540c 984fbdfc99d649209dc1352ea21eeb41 b463f2f927e047c6990c6ca3444dea92 - - default default] show failed (client error): The resource could not be found.
2026-04-07 01:16:38.722 9 INFO neutron.api.wsgi [None req-07fb64b1-d7bd-49a4-b15e-895ae9d5540c 984fbdfc99d649209dc1352ea21eeb41 b463f2f927e047c6990c6ca3444dea92 - - default default] 10.0.0.206 "GET /v2.0/security-groups/b91e0d92-ac58-44cc-b412-38aa88978cf4 HTTP/1.1" status: 404 len: 347 time: 0.0102806
2026-04-07 01:16:38.782 10 INFO neutron.api.wsgi [None req-cb36d160-8826-44b6-bf4d-2de67d589c39 18878a0d425b4acdb108715ae117b9b7 28b3f955963c4cc181f8e9e005ce9122 - - default default] 10.0.0.206 "GET /v2.0/security-groups?tenant_id=8806e8e8b8d0486982c50c20e988d608&name=default HTTP/1.1" status: 200 len: 3120 time: 0.1208341
2026-04-07 01:16:38.849 9 INFO neutron.api.wsgi [None req-cf2e40de-dfd4-4325-9b1c-2995ad079c6b b8f89df6997b4b67b6a75247c35fba1f 451d624d266e4aecb1e6026c99979f6a - - default default] 10.0.0.206 "DELETE /v2.0/floatingips/39ce69eb-dcb2-48a9-943f-cc6c3785fbde HTTP/1.1" status: 204 len: 168 time: 0.3248837
2026-04-07 01:16:39.008 10 INFO neutron.api.wsgi [None req-9a3844ca-9ff3-4f16-9219-0c5d62339a1e 18878a0d425b4acdb108715ae117b9b7 28b3f955963c4cc181f8e9e005ce9122 - - default default] 10.0.0.206 "DELETE /v2.0/security-groups/f768a376-1186-4e4d-b30c-f9d08f19f7d3 HTTP/1.1" status: 204 len: 168 time: 0.2211113
2026-04-07 01:16:39.011 9 INFO neutron.api.wsgi [None req-f5346093-5671-47c3-a21f-5e7fda52de2d 984fbdfc99d649209dc1352ea21eeb41 b463f2f927e047c6990c6ca3444dea92 - - default default] 10.0.0.206 "DELETE /v2.0/floatingips/c2e8e286-0650-4936-a677-ebe94b7b07de HTTP/1.1" status: 204 len: 168 time: 0.2845938
2026-04-07 01:16:39.120 10 INFO neutron.api.wsgi [None req-8cd65225-2c77-4d08-aca6-cd3905f70591 b8f89df6997b4b67b6a75247c35fba1f 451d624d266e4aecb1e6026c99979f6a - - default default] 10.0.0.206 "DELETE /v2.0/floatingips/539128b5-e1ce-4de6-8234-81e9fc950eed HTTP/1.1" status: 204 len: 168 time: 0.2653246
2026-04-07 01:16:39.377 10 INFO neutron.api.wsgi [None req-f2f09677-f820-481f-8fa4-3bef5a6bd979 b8f89df6997b4b67b6a75247c35fba1f 451d624d266e4aecb1e6026c99979f6a - - default default] 10.0.0.206 "DELETE /v2.0/floatingips/e45a6180-f8fb-4d8b-bfb6-134bf8dddb24 HTTP/1.1" status: 204 len: 168 time: 0.2535019
2026-04-07 01:16:39.850 10 INFO neutron.api.wsgi [None req-0645cc28-e433-417a-8533-c5e7efebd202 b8f89df6997b4b67b6a75247c35fba1f 451d624d266e4aecb1e6026c99979f6a - - default default] 10.0.0.206 "DELETE /v2.0/floatingips/33b11cd0-1a08-419b-87f4-9df411cd419f HTTP/1.1" status: 204 len: 168 time: 0.4685791
2026-04-07 01:16:39.981 9 INFO neutron.api.wsgi [None req-89e0642e-4130-430e-a41d-0f83a6d4438d 18878a0d425b4acdb108715ae117b9b7 28b3f955963c4cc181f8e9e005ce9122 - - default default] 10.0.0.206 "PUT /v2.0/routers/bdc9f50c-bb72-452c-b45b-2c30e568a8af/remove_router_interface HTTP/1.1" status: 200 len: 503 time: 0.9654622 /var/lib/openstack/lib/python3.12/site-packages/pycadf/identifier.py:71: UserWarning: Invalid uuid: neutron. To ensure interoperability, identifiers should be a valid uuid. warnings.warn(('Invalid uuid: %s. To ensure interoperability, '
2026-04-07 01:16:40.121 10 INFO neutron.api.wsgi [None req-bfbda962-b02a-402a-b23c-3ac911e43803 b8f89df6997b4b67b6a75247c35fba1f 451d624d266e4aecb1e6026c99979f6a - - default default] 10.0.0.206 "DELETE /v2.0/floatingips/9a567066-3250-458c-9050-26dcb72590e6 HTTP/1.1" status: 204 len: 168 time: 0.2654963
2026-04-07 01:16:40.575 9 INFO neutron.api.wsgi [None req-1277b7d4-df8b-48a0-953b-25a7a53cc3a3 18878a0d425b4acdb108715ae117b9b7 28b3f955963c4cc181f8e9e005ce9122 - - default default] 10.0.0.206 "DELETE /v2.0/routers/bdc9f50c-bb72-452c-b45b-2c30e568a8af HTTP/1.1" status: 204 len: 168 time: 0.5868661
2026-04-07 01:16:40.715 9 INFO neutron.api.wsgi [None req-c0bea910-12ff-467d-a4cd-86bb1757c140 18878a0d425b4acdb108715ae117b9b7 28b3f955963c4cc181f8e9e005ce9122 - - default default] 10.0.0.206 "DELETE /v2.0/subnets/c90af769-e887-41c4-9259-e1489be951a9 HTTP/1.1" status: 204 len: 168 time: 0.1361723
2026-04-07 01:16:41.010 9 INFO neutron.services.segments.plugin [-] Segment 380d7b3a-ae1a-4e75-a482-1411508ed9af resource provider aggregate not found
2026-04-07 01:16:41.014 9 INFO neutron.services.segments.plugin [-] Segment 380d7b3a-ae1a-4e75-a482-1411508ed9af resource provider aggregate not found
2026-04-07 01:16:41.021 9 INFO neutron.services.segments.plugin [-] Segment 380d7b3a-ae1a-4e75-a482-1411508ed9af resource provider not found; error: Placement Client Error (4xx): {"errors": [{"status": 404, "title": "Not Found", "detail": "The resource could not be found.\n\n No resource provider with uuid 380d7b3a-ae1a-4e75-a482-1411508ed9af found for delete ", "request_id": "req-09057852-68eb-431a-a49c-582a2cde5dbb"}]}
2026-04-07 01:16:41.028 9 INFO neutron.services.segments.plugin [-] Segment 380d7b3a-ae1a-4e75-a482-1411508ed9af resource provider not found; error: Placement Client Error (4xx): {"errors": [{"status": 404, "title": "Not Found", "detail": "The resource could not be found.\n\n No resource provider with uuid 380d7b3a-ae1a-4e75-a482-1411508ed9af found for delete ", "request_id": "req-f2541f8f-1cb1-42dd-9bd4-56225aae1d93"}]}
2026-04-07 01:16:41.043 9 INFO neutron.api.wsgi [None req-5e2143e1-c2fa-4832-8597-feaac64486ac 18878a0d425b4acdb108715ae117b9b7 28b3f955963c4cc181f8e9e005ce9122 - - default default] 10.0.0.206 "DELETE /v2.0/networks/8d49c01b-5751-4aa4-8430-fb5f90543036 HTTP/1.1" status: 204 len: 168 time: 0.3232760
2026-04-07 01:16:41.054 9 INFO neutron.db.ovn_revision_numbers_db [None req-98f580cf-d74d-44de-b219-a32f80254d0b 18878a0d425b4acdb108715ae117b9b7 28b3f955963c4cc181f8e9e005ce9122 - - default default] Successfully bumped revision number for resource 9d126f5d-5de5-4798-bad6-ec98626173cc (type: security_groups) to 1
2026-04-07 01:16:41.066 9 INFO neutron.db.ovn_revision_numbers_db [None req-98f580cf-d74d-44de-b219-a32f80254d0b 18878a0d425b4acdb108715ae117b9b7 28b3f955963c4cc181f8e9e005ce9122 - - default default] Successfully bumped revision number for resource 20d2fb42-f545-4ecb-88a5-78d85c97e7e7 (type: security_group_rules) to 0
2026-04-07 01:16:41.080 9 INFO neutron.db.ovn_revision_numbers_db [None req-98f580cf-d74d-44de-b219-a32f80254d0b 18878a0d425b4acdb108715ae117b9b7 28b3f955963c4cc181f8e9e005ce9122 - - default default] Successfully bumped revision number for resource 90f4f73b-6539-444e-842e-186cac42def1 (type: security_group_rules) to 0
2026-04-07 01:16:41.094 9 INFO neutron.db.ovn_revision_numbers_db [None req-98f580cf-d74d-44de-b219-a32f80254d0b 18878a0d425b4acdb108715ae117b9b7 28b3f955963c4cc181f8e9e005ce9122 - - default default] Successfully bumped revision number for resource 965f8bf5-56d0-4dcd-8a59-7bd5cabfd294 (type: security_group_rules) to 0
2026-04-07 01:16:41.108 9 INFO neutron.db.ovn_revision_numbers_db [None req-98f580cf-d74d-44de-b219-a32f80254d0b 18878a0d425b4acdb108715ae117b9b7 28b3f955963c4cc181f8e9e005ce9122 - - default default] Successfully bumped revision number for resource f9d5456d-c7a9-4348-a1d4-19764937a1fc (type: security_group_rules) to 0
2026-04-07 01:16:41.142 9 INFO neutron.api.wsgi [None req-98f580cf-d74d-44de-b219-a32f80254d0b 18878a0d425b4acdb108715ae117b9b7 28b3f955963c4cc181f8e9e005ce9122 - - default default] 10.0.0.206 "GET /v2.0/security-groups?tenant_id=451d624d266e4aecb1e6026c99979f6a&name=default HTTP/1.1" status: 200 len: 3120 time: 0.3125420
2026-04-07 01:16:41.162 10 INFO neutron.api.wsgi [None req-a80e985f-d248-4138-a4d7-b38fabf0c0e6 18878a0d425b4acdb108715ae117b9b7 28b3f955963c4cc181f8e9e005ce9122 - - default default] 10.0.0.206 "GET /v2.0/security-groups?tenant_id=b463f2f927e047c6990c6ca3444dea92&name=default HTTP/1.1" status: 200 len: 3120 time: 0.0309722
2026-04-07 01:16:41.389 9 INFO neutron.api.wsgi [None req-d41f58fc-8b8b-4545-8faa-6d729e73c64d 18878a0d425b4acdb108715ae117b9b7 28b3f955963c4cc181f8e9e005ce9122 - - default default] 10.0.0.206 "DELETE /v2.0/security-groups/9d126f5d-5de5-4798-bad6-ec98626173cc HTTP/1.1" status: 204 len: 168 time: 0.2418871
2026-04-07 01:16:41.417 10 INFO neutron.api.wsgi [None req-1d445db6-e213-4b78-b88c-8938545f54a7 18878a0d425b4acdb108715ae117b9b7 28b3f955963c4cc181f8e9e005ce9122 - - default default] 10.0.0.206 "DELETE /v2.0/security-groups/a2beeca2-2708-4233-990f-ae13a9bf3c6d HTTP/1.1" status: 204 len: 168 time: 0.2518585
2026-04-07 01:16:41.621 9 INFO neutron.db.ovn_revision_numbers_db [None req-26bbadce-581e-4dc0-b3d2-2d041f955a01 18878a0d425b4acdb108715ae117b9b7 28b3f955963c4cc181f8e9e005ce9122 - - default default] Successfully bumped revision number for resource fe6637f5-6ef3-4148-b05b-ca894208ff51 (type: security_groups) to 1
2026-04-07 01:16:41.633 9 INFO neutron.db.ovn_revision_numbers_db [None req-26bbadce-581e-4dc0-b3d2-2d041f955a01 18878a0d425b4acdb108715ae117b9b7 28b3f955963c4cc181f8e9e005ce9122 - - default default] Successfully bumped revision number for resource 0605c572-c8e0-4d18-8f62-376793284707 (type: security_group_rules) to 0
2026-04-07 01:16:41.646 9 INFO neutron.db.ovn_revision_numbers_db [None req-26bbadce-581e-4dc0-b3d2-2d041f955a01 18878a0d425b4acdb108715ae117b9b7 28b3f955963c4cc181f8e9e005ce9122 - - default default] Successfully bumped revision number for resource afb9aec5-72e6-42a2-a790-2df8da6c6573 (type: security_group_rules) to 0
2026-04-07 01:16:41.661 9 INFO neutron.db.ovn_revision_numbers_db [None req-26bbadce-581e-4dc0-b3d2-2d041f955a01 18878a0d425b4acdb108715ae117b9b7 28b3f955963c4cc181f8e9e005ce9122 - - default default] Successfully bumped revision number for resource bd81fc58-094a-45c0-9bd6-b9e116c3840b (type: security_group_rules) to 0
2026-04-07 01:16:41.674 9 INFO neutron.db.ovn_revision_numbers_db [None req-26bbadce-581e-4dc0-b3d2-2d041f955a01 18878a0d425b4acdb108715ae117b9b7 28b3f955963c4cc181f8e9e005ce9122 - - default default] Successfully bumped revision number for resource d857c267-89dd-4524-b176-b8f59f58dfae (type: security_group_rules) to 0
2026-04-07 01:16:41.711 9 INFO neutron.api.wsgi [None req-26bbadce-581e-4dc0-b3d2-2d041f955a01 18878a0d425b4acdb108715ae117b9b7 28b3f955963c4cc181f8e9e005ce9122 - - default default] 10.0.0.206 "GET /v2.0/security-groups?tenant_id=bf1fd6dfca5e4bf0a3586bc8e0438091&name=default HTTP/1.1" status: 200 len: 3120 time: 0.1983473
2026-04-07 01:16:41.907 9 INFO neutron.api.wsgi [None req-5cac30e9-3ad8-48d8-826f-499ed0423f8a 18878a0d425b4acdb108715ae117b9b7 28b3f955963c4cc181f8e9e005ce9122 - - default default] 10.0.0.206 "DELETE /v2.0/security-groups/fe6637f5-6ef3-4148-b05b-ca894208ff51 HTTP/1.1" status: 204 len: 168 time: 0.1908116
2026-04-07 01:16:42.163 9 INFO neutron.db.ovn_revision_numbers_db [None req-15647434-a963-4f12-a1cb-fcc7450cdf5f 18878a0d425b4acdb108715ae117b9b7 28b3f955963c4cc181f8e9e005ce9122 - - default default] Successfully bumped revision number for resource 5c1bb390-aa7e-453b-883b-3cb7fe687372 (type: security_groups) to 1
2026-04-07 01:16:42.176 9 INFO neutron.db.ovn_revision_numbers_db [None req-15647434-a963-4f12-a1cb-fcc7450cdf5f 18878a0d425b4acdb108715ae117b9b7 28b3f955963c4cc181f8e9e005ce9122 - - default default] Successfully bumped revision number for resource 6354f58f-a8d2-49a4-aa50-1d46e4be1aa5 (type: security_group_rules) to 0
2026-04-07 01:16:42.188 9 INFO neutron.db.ovn_revision_numbers_db [None req-15647434-a963-4f12-a1cb-fcc7450cdf5f 18878a0d425b4acdb108715ae117b9b7 28b3f955963c4cc181f8e9e005ce9122 - - default default] Successfully bumped revision number for resource 72638a0c-21d7-4fd2-9933-b49211b73363 (type: security_group_rules) to 0
2026-04-07 01:16:42.200 9 INFO neutron.db.ovn_revision_numbers_db [None req-15647434-a963-4f12-a1cb-fcc7450cdf5f 18878a0d425b4acdb108715ae117b9b7 28b3f955963c4cc181f8e9e005ce9122 - - default default] Successfully bumped revision number for resource 76db84b2-0f00-456f-8607-abb7b7ea4375 (type: security_group_rules) to 0
2026-04-07 01:16:42.216 9 INFO neutron.db.ovn_revision_numbers_db [None req-15647434-a963-4f12-a1cb-fcc7450cdf5f 18878a0d425b4acdb108715ae117b9b7 28b3f955963c4cc181f8e9e005ce9122 - - default default] Successfully bumped revision number for resource af4abb6c-7e20-42e2-aec2-0ad34441ac7a (type: security_group_rules) to 0
2026-04-07 01:16:42.246 9 INFO neutron.api.wsgi [None req-15647434-a963-4f12-a1cb-fcc7450cdf5f 18878a0d425b4acdb108715ae117b9b7 28b3f955963c4cc181f8e9e005ce9122 - - default default] 10.0.0.206 "GET /v2.0/security-groups?tenant_id=a9033ca4b96947ad8541ccb4e4d5389c&name=default HTTP/1.1" status: 200 len: 3120 time: 0.1931670
2026-04-07 01:16:42.464 9 INFO neutron.api.wsgi [None req-b9986c1d-4852-40e4-b057-f560553ca484 18878a0d425b4acdb108715ae117b9b7 28b3f955963c4cc181f8e9e005ce9122 - - default default] 10.0.0.206 "DELETE /v2.0/security-groups/5c1bb390-aa7e-453b-883b-3cb7fe687372 HTTP/1.1" status: 204 len: 168 time: 0.2144334
2026-04-07 01:16:43.351 10 INFO neutron.db.ovn_revision_numbers_db [None req-4a9baecd-fa4c-4205-ba1b-7efe84a14d99 18878a0d425b4acdb108715ae117b9b7 28b3f955963c4cc181f8e9e005ce9122 - - default default] Successfully bumped revision number for resource 26cc2ad9-5b1a-4cc2-b591-b4522ace16ee (type: security_groups) to 1
2026-04-07 01:16:43.362 10 INFO neutron.db.ovn_revision_numbers_db [None req-4a9baecd-fa4c-4205-ba1b-7efe84a14d99 18878a0d425b4acdb108715ae117b9b7 28b3f955963c4cc181f8e9e005ce9122 - - default default] Successfully bumped revision number for resource 31c44673-a105-42c6-8667-56d180dfda88 (type: security_group_rules) to 0
2026-04-07 01:16:43.376 10 INFO neutron.db.ovn_revision_numbers_db [None req-4a9baecd-fa4c-4205-ba1b-7efe84a14d99 18878a0d425b4acdb108715ae117b9b7 28b3f955963c4cc181f8e9e005ce9122 - - default default] Successfully bumped revision number for resource 45994213-b783-459b-89d6-4945c624f38c (type: security_group_rules) to 0
2026-04-07 01:16:43.389 10 INFO neutron.db.ovn_revision_numbers_db [None req-4a9baecd-fa4c-4205-ba1b-7efe84a14d99 18878a0d425b4acdb108715ae117b9b7 28b3f955963c4cc181f8e9e005ce9122 - - default default] Successfully bumped revision number for resource 4e328595-d149-4120-b501-e445c6b31549 (type: security_group_rules) to 0
2026-04-07 01:16:43.401 10 INFO neutron.db.ovn_revision_numbers_db [None req-4a9baecd-fa4c-4205-ba1b-7efe84a14d99 18878a0d425b4acdb108715ae117b9b7 28b3f955963c4cc181f8e9e005ce9122 - - default default] Successfully bumped revision number for resource 6bbbefdf-2b95-4bab-87af-7f620fcbf6ea (type: security_group_rules) to 0
2026-04-07 01:16:43.469 10 INFO neutron.db.segments_db [None req-4a9baecd-fa4c-4205-ba1b-7efe84a14d99 18878a0d425b4acdb108715ae117b9b7 28b3f955963c4cc181f8e9e005ce9122 - - default default] Added segment 5ddeeba9-dfcc-4c20-9f53-d3ae889f6364 of type geneve for network bc86314c-d8b1-4c38-876b-d6d1b0bd5a87
2026-04-07 01:16:43.565 10 INFO neutron.db.ovn_revision_numbers_db [None req-4a9baecd-fa4c-4205-ba1b-7efe84a14d99 18878a0d425b4acdb108715ae117b9b7 28b3f955963c4cc181f8e9e005ce9122 - - default default] Successfully bumped revision number for resource bc86314c-d8b1-4c38-876b-d6d1b0bd5a87 (type: networks) to 1
2026-04-07 01:16:43.699 10 WARNING neutron.scheduler.dhcp_agent_scheduler [None req-4a9baecd-fa4c-4205-ba1b-7efe84a14d99 18878a0d425b4acdb108715ae117b9b7 28b3f955963c4cc181f8e9e005ce9122 - - default default] No more DHCP agents
2026-04-07 01:16:43.699 10 WARNING neutron.api.rpc.agentnotifiers.dhcp_rpc_agent_api [None req-4a9baecd-fa4c-4205-ba1b-7efe84a14d99 18878a0d425b4acdb108715ae117b9b7 28b3f955963c4cc181f8e9e005ce9122 - - default default] Unable to schedule network bc86314c-d8b1-4c38-876b-d6d1b0bd5a87: no agents available; will retry on subsequent port and subnet creation events.
2026-04-07 01:16:43.745 10 INFO neutron.db.ovn_revision_numbers_db [None req-4a9baecd-fa4c-4205-ba1b-7efe84a14d99 18878a0d425b4acdb108715ae117b9b7 28b3f955963c4cc181f8e9e005ce9122 - - default default] Successfully bumped revision number for resource bfdeccfe-d04f-4b82-8899-1988a2521cfb (type: ports) to 1
2026-04-07 01:16:43.761 10 INFO neutron.api.wsgi [None req-4a9baecd-fa4c-4205-ba1b-7efe84a14d99 18878a0d425b4acdb108715ae117b9b7 28b3f955963c4cc181f8e9e005ce9122 - - default default] 10.0.0.206 "POST /v2.0/networks HTTP/1.1" status: 201 len: 947 time: 0.6206660
2026-04-07 01:16:43.861 10 WARNING neutron.scheduler.dhcp_agent_scheduler [None req-b6466abf-d710-461f-a257-6712a7b3b721 18878a0d425b4acdb108715ae117b9b7 28b3f955963c4cc181f8e9e005ce9122 - - default default] No more DHCP agents
2026-04-07 01:16:43.862 10 WARNING neutron.api.rpc.agentnotifiers.dhcp_rpc_agent_api [None req-b6466abf-d710-461f-a257-6712a7b3b721 18878a0d425b4acdb108715ae117b9b7 28b3f955963c4cc181f8e9e005ce9122 - - default default] Unable to schedule network bc86314c-d8b1-4c38-876b-d6d1b0bd5a87: no agents available; will retry on subsequent port and subnet creation events.
2026-04-07 01:16:44.243 10 INFO neutron.db.ovn_revision_numbers_db [None req-f638769f-be84-47e4-acfb-0cb83deb62bd - - - - - -] Successfully bumped revision number for resource bfdeccfe-d04f-4b82-8899-1988a2521cfb (type: ports) to 2
2026-04-07 01:16:44.268 10 INFO neutron.db.ovn_revision_numbers_db [None req-f638769f-be84-47e4-acfb-0cb83deb62bd - - - - - -] Successfully bumped revision number for resource e682f6d4-b1f1-4765-a3f4-256393e76582 (type: subnets) to 0
2026-04-07 01:16:44.280 10 INFO neutron.api.wsgi [None req-b6466abf-d710-461f-a257-6712a7b3b721 18878a0d425b4acdb108715ae117b9b7 28b3f955963c4cc181f8e9e005ce9122 - - default default] 10.0.0.206 "POST /v2.0/subnets HTTP/1.1" status: 201 len: 891 time: 0.5152149
2026-04-07 01:16:44.649 10 WARNING neutron.scheduler.dhcp_agent_scheduler [None req-3521b3c2-ac1a-478d-a928-6c35d39e8d23 18878a0d425b4acdb108715ae117b9b7 28b3f955963c4cc181f8e9e005ce9122 - - default default] No more DHCP agents
2026-04-07 01:16:44.651 10 WARNING neutron.api.rpc.agentnotifiers.dhcp_rpc_agent_api [None req-3521b3c2-ac1a-478d-a928-6c35d39e8d23 18878a0d425b4acdb108715ae117b9b7 28b3f955963c4cc181f8e9e005ce9122 - - default default] Unable to schedule network 9aff7a8e-31f5-4209-ac23-97fb955a382a: no agents available; will retry on subsequent port and subnet creation events.
2026-04-07 01:16:44.762 10 INFO neutron.db.ovn_revision_numbers_db [None req-3521b3c2-ac1a-478d-a928-6c35d39e8d23 18878a0d425b4acdb108715ae117b9b7 28b3f955963c4cc181f8e9e005ce9122 - - default default] Successfully bumped revision number for resource b717abf6-f22c-4703-8d6d-5463c18e923d (type: ports) to 1
2026-04-07 01:16:44.881 9 INFO neutron.api.wsgi [req-b7f82a21-3290-43b1-b44b-4d70dee70f0f req-abfa9478-5a89-4161-9a4a-d3ba55f11ca9 077cfc4fdc9945279dd840bee508c26d 7b2064a28fc940e79a1ae6d59fa8558d - - f2cb70a218e141769260855bf15aa918 f2cb70a218e141769260855bf15aa918] 10.0.0.145 "GET /v2.0/ports?device_id=2eff2fc0-d698-4a83-9db3-930a067eb163 HTTP/1.1" status: 200 len: 1638 time: 0.0435891
2026-04-07 01:16:44.928 9 INFO neutron.api.wsgi [req-b7f82a21-3290-43b1-b44b-4d70dee70f0f req-cb5b2e3c-f875-469a-8188-4087885b838c 077cfc4fdc9945279dd840bee508c26d 7b2064a28fc940e79a1ae6d59fa8558d - - f2cb70a218e141769260855bf15aa918 f2cb70a218e141769260855bf15aa918] 10.0.0.145 "GET /v2.0/security-groups?id=bb25f88a-155b-484c-9d3f-8a2334d2c8c9&fields=id&fields=name HTTP/1.1" status: 200 len: 311 time: 0.0390675
2026-04-07 01:16:45.328 10 INFO neutron.plugins.ml2.drivers.ovn.mech_driver.ovsdb.commands [None req-9a888254-dd97-4135-8f68-c9073fa90e7d - - - - - -] Schedule LRP lrp-b717abf6-f22c-4703-8d6d-5463c18e923d on gateway 340b7c8e-ac30-46e4-975f-64ace12d86fe with priority 1
2026-04-07 01:16:45.344 9 INFO neutron.plugins.ml2.drivers.ovn.mech_driver.mech_driver [None req-e8b669ef-9979-4ba0-b834-71d45042ad6c - - - - - -] OVN reports status up for port: b717abf6-f22c-4703-8d6d-5463c18e923d
2026-04-07 01:16:45.357 9 INFO neutron.plugins.ml2.plugin [None req-e8b669ef-9979-4ba0-b834-71d45042ad6c - - - - - -] Attempt 1 to provision port b717abf6-f22c-4703-8d6d-5463c18e923d
2026-04-07 01:16:45.360 9 INFO neutron.plugins.ml2.drivers.ovn.mech_driver.ovsdb.ovsdb_monitor [None req-1860f383-3019-481c-bea6-ed1d3ac9613f - - - - - -] Router cb06ebad-08aa-4d60-a83b-d30673fe80c1 is bound to host instance
2026-04-07 01:16:45.367 10 INFO neutron.db.ovn_revision_numbers_db [None req-3521b3c2-ac1a-478d-a928-6c35d39e8d23 18878a0d425b4acdb108715ae117b9b7 28b3f955963c4cc181f8e9e005ce9122 - - default default] Successfully bumped revision number for resource b717abf6-f22c-4703-8d6d-5463c18e923d (type: router_ports) to 1
2026-04-07 01:16:45.423 10 INFO neutron.db.ovn_revision_numbers_db [None req-3521b3c2-ac1a-478d-a928-6c35d39e8d23 18878a0d425b4acdb108715ae117b9b7 28b3f955963c4cc181f8e9e005ce9122 - - default default] Successfully bumped revision number for resource cb06ebad-08aa-4d60-a83b-d30673fe80c1 (type: routers) to 2
2026-04-07 01:16:45.440 10 INFO neutron.api.wsgi [None req-3521b3c2-ac1a-478d-a928-6c35d39e8d23 18878a0d425b4acdb108715ae117b9b7 28b3f955963c4cc181f8e9e005ce9122 - - default default] 10.0.0.206 "POST /v2.0/routers HTTP/1.1" status: 201 len: 1169 time: 1.1547098
2026-04-07 01:16:45.602 9 WARNING neutron_lib.context [None req-0c026f2c-b517-4810-b81b-bb86db93f648 d836c9ef2c2f4db0be24fb49a704ccca ae9cf1789dc34796ad13c3fe94db0905 - - default default] Method 'is_advsvc' is deprecated since 2023.2 release (neutron-lib 3.8.0) and will be removed once support for the old RBAC API policies will be removed from Neutron. Please use method 'is_service_role' instead.
2026-04-07 01:16:45.728 9 INFO neutron.db.ovn_revision_numbers_db [None req-0c026f2c-b517-4810-b81b-bb86db93f648 d836c9ef2c2f4db0be24fb49a704ccca ae9cf1789dc34796ad13c3fe94db0905 - - default default] Successfully bumped revision number for resource 98661dd4-b429-42b2-9fe9-48e01c6b85b9 (type: routers) to 1
2026-04-07 01:16:45.746 9 INFO neutron.api.wsgi [None req-0c026f2c-b517-4810-b81b-bb86db93f648 d836c9ef2c2f4db0be24fb49a704ccca ae9cf1789dc34796ad13c3fe94db0905 - - default default] 10.0.0.206 "POST /v2.0/routers HTTP/1.1" status: 201 len: 769 time: 0.3081715
2026-04-07 01:16:45.795 10 INFO neutron.api.wsgi [None req-badc9b64-f523-4b89-8e9e-bf3023f92dd4 d836c9ef2c2f4db0be24fb49a704ccca ae9cf1789dc34796ad13c3fe94db0905 - - default default] 10.0.0.206 "PUT /v2.0/routers/98661dd4-b429-42b2-9fe9-48e01c6b85b9/tags HTTP/1.1" status: 200 len: 218 time: 0.0441241
2026-04-07 01:16:45.826 10 INFO neutron.api.wsgi [None req-989596fa-fd21-430b-8806-29eb73cf0576 d836c9ef2c2f4db0be24fb49a704ccca ae9cf1789dc34796ad13c3fe94db0905 - - default default] 10.0.0.206 "GET /v2.0/routers/98661dd4-b429-42b2-9fe9-48e01c6b85b9/tags HTTP/1.1" status: 200 len: 218 time: 0.0275409
2026-04-07 01:16:45.860 9 INFO neutron.db.ovn_revision_numbers_db [None req-3db75d0d-569e-4d50-8567-98bcd9be1a99 - - - - - -] Successfully bumped revision number for resource b717abf6-f22c-4703-8d6d-5463c18e923d (type: ports) to 1
2026-04-07 01:16:45.880 10 INFO neutron.api.wsgi [None req-fb2cfd3a-61e6-4a3b-b2cf-c1ecd1d30857 d836c9ef2c2f4db0be24fb49a704ccca ae9cf1789dc34796ad13c3fe94db0905 - - default default] 10.0.0.206 "PUT /v2.0/routers/98661dd4-b429-42b2-9fe9-48e01c6b85b9/tags/green HTTP/1.1" status: 201 len: 201 time: 0.0479875
2026-04-07 01:16:45.946 9 INFO neutron.api.wsgi [None req-86ee047f-daa0-44af-9c1b-f4d10e0d4f5d d836c9ef2c2f4db0be24fb49a704ccca ae9cf1789dc34796ad13c3fe94db0905 - - default default] 10.0.0.206 "GET /v2.0/routers/98661dd4-b429-42b2-9fe9-48e01c6b85b9/tags HTTP/1.1" status: 200 len: 227 time: 0.0609498
2026-04-07 01:16:45.969 9 WARNING neutron.scheduler.dhcp_agent_scheduler [None req-332d181a-0fe3-4a46-8dbc-9f41a74d3070 18878a0d425b4acdb108715ae117b9b7 28b3f955963c4cc181f8e9e005ce9122 - - default default] No more DHCP agents
