2026-04-07 01:15:07.695 9 INFO neutron.api.wsgi [-] 10.0.0.230 "GET / HTTP/1.1" status: 200 len: 246 time: 0.0014968
2026-04-07 01:15:07.698 10 INFO neutron.api.wsgi [-] 10.0.0.230 "GET / HTTP/1.1" status: 200 len: 246 time: 0.0016696
2026-04-07 01:15:07.735 9 INFO neutron.api.wsgi [req-db628e1d-1cfa-4dc8-82cd-a5b71d3ed929 req-82f826e3-b72c-42fa-b675-ff325c602004 077cfc4fdc9945279dd840bee508c26d 7b2064a28fc940e79a1ae6d59fa8558d - - f2cb70a218e141769260855bf15aa918 f2cb70a218e141769260855bf15aa918] 199.204.45.244 "GET /v2.0/subnets?id=b2f360a6-6e4e-447c-b2e6-a9f34737d293 HTTP/1.1" status: 200 len: 897 time: 0.0395281
2026-04-07 01:15:07.754 9 INFO neutron.api.wsgi [req-db628e1d-1cfa-4dc8-82cd-a5b71d3ed929 req-8d22afdd-1758-42d8-9911-8e0ba3456a71 077cfc4fdc9945279dd840bee508c26d 7b2064a28fc940e79a1ae6d59fa8558d - - f2cb70a218e141769260855bf15aa918 f2cb70a218e141769260855bf15aa918] 199.204.45.244 "GET /v2.0/ports?network_id=a9dcff0d-8ad3-47f8-b197-8e1ee2e08aa0&device_owner=network%3Adhcp HTTP/1.1" status: 200 len: 210 time: 0.0149975
2026-04-07 01:15:07.791 9 INFO neutron.api.wsgi [req-db628e1d-1cfa-4dc8-82cd-a5b71d3ed929 req-8dfb22b6-33b5-4981-b6ee-7779e483bb4b 077cfc4fdc9945279dd840bee508c26d 7b2064a28fc940e79a1ae6d59fa8558d - - f2cb70a218e141769260855bf15aa918 f2cb70a218e141769260855bf15aa918] 199.204.45.244 "GET /v2.0/networks/a9dcff0d-8ad3-47f8-b197-8e1ee2e08aa0?fields=segments HTTP/1.1" status: 200 len: 212 time: 0.0332279
2026-04-07 01:15:07.841 9 INFO neutron.api.wsgi [req-db628e1d-1cfa-4dc8-82cd-a5b71d3ed929 req-bc436270-601f-49f6-a182-a2c37d07d172 077cfc4fdc9945279dd840bee508c26d 7b2064a28fc940e79a1ae6d59fa8558d - - f2cb70a218e141769260855bf15aa918 f2cb70a218e141769260855bf15aa918] 199.204.45.244 "GET /v2.0/networks/a9dcff0d-8ad3-47f8-b197-8e1ee2e08aa0?fields=provider%3Aphysical_network&fields=provider%3Anetwork_type HTTP/1.1" status: 200 len: 277 time: 0.0446835
2026-04-07 01:15:07.851 10 WARNING neutron.scheduler.dhcp_agent_scheduler [None req-6fcc788e-2f07-4a5a-b05a-3b791f0847d3 02f0351de0a7480e81381618c388130e a1875352888d4dbd9b467db0a4f0342a - - default default] No more DHCP agents
2026-04-07 01:15:07.853 10 WARNING neutron.api.rpc.agentnotifiers.dhcp_rpc_agent_api [None req-6fcc788e-2f07-4a5a-b05a-3b791f0847d3 02f0351de0a7480e81381618c388130e a1875352888d4dbd9b467db0a4f0342a - - default default] Unable to schedule network b5b90147-2389-4fa4-9e69-17ade39613a8: no agents available; will retry on subsequent port and subnet creation events.
2026-04-07 01:15:07.946 10 INFO neutron.db.ovn_revision_numbers_db [None req-6fcc788e-2f07-4a5a-b05a-3b791f0847d3 02f0351de0a7480e81381618c388130e a1875352888d4dbd9b467db0a4f0342a - - default default] Successfully bumped revision number for resource 4cfffcf7-5425-4c0f-8e11-07b00f2c6c6d (type: ports) to 1
2026-04-07 01:15:07.968 10 INFO neutron.api.wsgi [None req-6fcc788e-2f07-4a5a-b05a-3b791f0847d3 02f0351de0a7480e81381618c388130e a1875352888d4dbd9b467db0a4f0342a - - default default] 10.0.0.206 "POST /v2.0/networks HTTP/1.1" status: 201 len: 849 time: 0.7663279
2026-04-07 01:15:07.977 10 WARNING neutron_lib.context [None req-41300490-4056-4c2c-a47f-e39337073b89 02f0351de0a7480e81381618c388130e a1875352888d4dbd9b467db0a4f0342a - - default default] Method 'is_advsvc' is deprecated since 2023.2 release (neutron-lib 3.8.0) and will be removed once support for the old RBAC API policies will be removed from Neutron. Please use method 'is_service_role' instead.
2026-04-07 01:15:08.059 10 INFO neutron.db.segments_db [None req-41300490-4056-4c2c-a47f-e39337073b89 02f0351de0a7480e81381618c388130e a1875352888d4dbd9b467db0a4f0342a - - default default] Added segment 963c80b3-8714-4485-9caf-66bf952db549 of type geneve for network 4206b5f2-41af-4f3e-9a06-55534ed062a5
2026-04-07 01:15:08.103 9 INFO neutron.api.wsgi [req-00233551-8a0b-438e-a748-0654c08f3019 req-6ffcc652-249d-48ae-9144-1f24c71e336b 1268c4b4fb384c858b74386b8a932b1b aa467b0fb5354429aa784e478da10476 - - default default] 10.0.0.43 "GET /v2.0/ports?device_id=950ccf72-0e0a-4847-8980-50cc61b6e87f HTTP/1.1" status: 200 len: 1168 time: 0.0372834
2026-04-07 01:15:08.137 9 INFO neutron.api.wsgi [req-00233551-8a0b-438e-a748-0654c08f3019 req-7429059d-4c63-4514-9f18-b0b68484f283 1268c4b4fb384c858b74386b8a932b1b aa467b0fb5354429aa784e478da10476 - - default default] 10.0.0.43 "GET /v2.0/security-groups?id=9d8c40e0-c667-4714-ad73-42187af90f5f&fields=id&fields=name HTTP/1.1" status: 200 len: 312 time: 0.0291719
2026-04-07 01:15:08.192 10 INFO neutron.db.ovn_revision_numbers_db [None req-41300490-4056-4c2c-a47f-e39337073b89 02f0351de0a7480e81381618c388130e a1875352888d4dbd9b467db0a4f0342a - - default default] Successfully bumped revision number for resource 4206b5f2-41af-4f3e-9a06-55534ed062a5 (type: networks) to 1
2026-04-07 01:15:08.362 10 WARNING neutron.scheduler.dhcp_agent_scheduler [None req-41300490-4056-4c2c-a47f-e39337073b89 02f0351de0a7480e81381618c388130e a1875352888d4dbd9b467db0a4f0342a - - default default] No more DHCP agents
2026-04-07 01:15:08.363 10 WARNING neutron.api.rpc.agentnotifiers.dhcp_rpc_agent_api [None req-41300490-4056-4c2c-a47f-e39337073b89 02f0351de0a7480e81381618c388130e a1875352888d4dbd9b467db0a4f0342a - - default default] Unable to schedule network 4206b5f2-41af-4f3e-9a06-55534ed062a5: no agents available; will retry on subsequent port and subnet creation events.
2026-04-07 01:15:08.424 10 INFO neutron.db.ovn_revision_numbers_db [None req-41300490-4056-4c2c-a47f-e39337073b89 02f0351de0a7480e81381618c388130e a1875352888d4dbd9b467db0a4f0342a - - default default] Successfully bumped revision number for resource 70598692-2006-485f-8d7e-2b3ddadc7fe0 (type: ports) to 1
2026-04-07 01:15:08.443 10 INFO neutron.api.wsgi [None req-41300490-4056-4c2c-a47f-e39337073b89 02f0351de0a7480e81381618c388130e a1875352888d4dbd9b467db0a4f0342a - - default default] 10.0.0.206 "POST /v2.0/networks HTTP/1.1" status: 201 len: 848 time: 0.4701741
2026-04-07 01:15:08.453 10 WARNING neutron_lib.context [None req-a7ad18d7-7c2c-4b85-8b46-e87aab0bb1c9 02f0351de0a7480e81381618c388130e a1875352888d4dbd9b467db0a4f0342a - - default default] Method 'is_advsvc' is deprecated since 2023.2 release (neutron-lib 3.8.0) and will be removed once support for the old RBAC API policies will be removed from Neutron. Please use method 'is_service_role' instead.
2026-04-07 01:15:08.474 10 WARNING neutron_lib.context [None req-a7ad18d7-7c2c-4b85-8b46-e87aab0bb1c9 02f0351de0a7480e81381618c388130e a1875352888d4dbd9b467db0a4f0342a - - default default] Method 'is_advsvc' is deprecated since 2023.2 release (neutron-lib 3.8.0) and will be removed once support for the old RBAC API policies will be removed from Neutron. Please use method 'is_service_role' instead.
2026-04-07 01:15:08.699 9 INFO neutron.services.segments.plugin [-] Segment 73ffbfb8-ade0-4944-afe5-e9dd1bad8e3e resource provider aggregate not found
2026-04-07 01:15:08.705 9 INFO neutron.services.segments.plugin [-] Segment 73ffbfb8-ade0-4944-afe5-e9dd1bad8e3e resource provider aggregate not found
2026-04-07 01:15:08.713 9 INFO neutron.services.segments.plugin [-] Segment 73ffbfb8-ade0-4944-afe5-e9dd1bad8e3e resource provider not found; error: Placement Client Error (4xx): {"errors": [{"status": 404, "title": "Not Found", "detail": "The resource could not be found.\n\n No resource provider with uuid 73ffbfb8-ade0-4944-afe5-e9dd1bad8e3e found for delete ", "request_id": "req-15248124-6960-4fef-8c23-5ac2cfa48ae8"}]}
2026-04-07 01:15:08.721 9 INFO neutron.services.segments.plugin [-] Segment 73ffbfb8-ade0-4944-afe5-e9dd1bad8e3e resource provider not found; error: Placement Client Error (4xx): {"errors": [{"status": 404, "title": "Not Found", "detail": "The resource could not be found.\n\n No resource provider with uuid 73ffbfb8-ade0-4944-afe5-e9dd1bad8e3e found for delete ", "request_id": "req-b10fb30a-2ba9-475b-91a5-5db7d4455c77"}]} /var/lib/openstack/lib/python3.12/site-packages/pycadf/identifier.py:71: UserWarning: Invalid uuid: neutron. To ensure interoperability, identifiers should be a valid uuid. warnings.warn(('Invalid uuid: %s. To ensure interoperability, '
2026-04-07 01:15:08.761 10 INFO neutron.api.wsgi [req-296f3553-78fc-4814-92d2-74fa99ddc719 req-1b5e074f-4df9-4ce2-8014-860f166fbe59 32aff603c9734970b52f9df60268ccd8 e8f6d0cd7a8043509ad30b41449d2412 - - default default] 10.0.0.43 "GET /v2.0/ports?device_id=250ed786-5f57-4ccd-8a32-65d8d03ee769 HTTP/1.1" status: 200 len: 1170 time: 0.0346475
2026-04-07 01:15:08.804 10 INFO neutron.api.wsgi [req-296f3553-78fc-4814-92d2-74fa99ddc719 req-b1b62f04-627b-4636-b695-8b26f1f690eb 32aff603c9734970b52f9df60268ccd8 e8f6d0cd7a8043509ad30b41449d2412 - - default default] 10.0.0.43 "GET /v2.0/security-groups?id=b05024e6-f73c-43d9-808e-d3649acbd54e&fields=id&fields=name HTTP/1.1" status: 200 len: 313 time: 0.0397506
2026-04-07 01:15:08.873 10 WARNING neutron.scheduler.dhcp_agent_scheduler [None req-a7ad18d7-7c2c-4b85-8b46-e87aab0bb1c9 02f0351de0a7480e81381618c388130e a1875352888d4dbd9b467db0a4f0342a - - default default] No more DHCP agents
2026-04-07 01:15:08.875 10 WARNING neutron.api.rpc.agentnotifiers.dhcp_rpc_agent_api [None req-a7ad18d7-7c2c-4b85-8b46-e87aab0bb1c9 02f0351de0a7480e81381618c388130e a1875352888d4dbd9b467db0a4f0342a - - default default] Unable to schedule network b5b90147-2389-4fa4-9e69-17ade39613a8: no agents available; will retry on subsequent port and subnet creation events.
2026-04-07 01:15:08.943 10 INFO neutron.db.ovn_revision_numbers_db [None req-a7ad18d7-7c2c-4b85-8b46-e87aab0bb1c9 02f0351de0a7480e81381618c388130e a1875352888d4dbd9b467db0a4f0342a - - default default] Successfully bumped revision number for resource dc2cafbe-81f6-41a3-ab81-6468c58ae3bf (type: ports) to 1
2026-04-07 01:15:08.957 9 INFO neutron.api.wsgi [req-e4bfe843-692d-43fe-96bc-89729d1b02c9 req-310246c4-1ccf-4b11-ae4c-7d5c34c6c57b 32aff603c9734970b52f9df60268ccd8 e8f6d0cd7a8043509ad30b41449d2412 - - default default] 10.0.0.43 "GET /v2.0/ports?device_id=250ed786-5f57-4ccd-8a32-65d8d03ee769 HTTP/1.1" status: 200 len: 1170 time: 0.0721538
2026-04-07 01:15:08.982 10 WARNING neutron.scheduler.dhcp_agent_scheduler [None req-a7ad18d7-7c2c-4b85-8b46-e87aab0bb1c9 02f0351de0a7480e81381618c388130e a1875352888d4dbd9b467db0a4f0342a - - default default] No more DHCP agents
2026-04-07 01:15:08.983 10 WARNING neutron.api.rpc.agentnotifiers.dhcp_rpc_agent_api [None req-a7ad18d7-7c2c-4b85-8b46-e87aab0bb1c9 02f0351de0a7480e81381618c388130e a1875352888d4dbd9b467db0a4f0342a - - default default] Unable to schedule network 4206b5f2-41af-4f3e-9a06-55534ed062a5: no agents available; will retry on subsequent port and subnet creation events.
2026-04-07 01:15:09.050 10 INFO neutron.db.ovn_revision_numbers_db [None req-a7ad18d7-7c2c-4b85-8b46-e87aab0bb1c9 02f0351de0a7480e81381618c388130e a1875352888d4dbd9b467db0a4f0342a - - default default] Successfully bumped revision number for resource 34342905-c148-43da-9211-018c356e90d0 (type: ports) to 1
2026-04-07 01:15:09.073 10 INFO neutron.api.wsgi [None req-a7ad18d7-7c2c-4b85-8b46-e87aab0bb1c9 02f0351de0a7480e81381618c388130e a1875352888d4dbd9b467db0a4f0342a - - default default] 10.0.0.206 "POST /v2.0/ports HTTP/1.1" status: 201 len: 1706 time: 0.6234999 /var/lib/openstack/lib/python3.12/site-packages/pycadf/identifier.py:71: UserWarning: Invalid uuid: neutron. To ensure interoperability, identifiers should be a valid uuid. warnings.warn(('Invalid uuid: %s. To ensure interoperability, '
2026-04-07 01:15:09.159 10 INFO neutron.api.wsgi [None req-d496f14f-127f-4bce-92e0-0d5779596b98 02f0351de0a7480e81381618c388130e a1875352888d4dbd9b467db0a4f0342a - - default default] 10.0.0.206 "GET /v2.0/ports HTTP/1.1" status: 200 len: 3213 time: 0.0780776
2026-04-07 01:15:09.230 10 INFO neutron.api.wsgi [req-d98c3f3a-771d-4e28-91a4-52c3f109e622 req-762b6226-316e-423f-94de-704b311024bb 1268c4b4fb384c858b74386b8a932b1b aa467b0fb5354429aa784e478da10476 - - default default] 10.0.0.43 "GET /v2.0/ports?device_id=950ccf72-0e0a-4847-8980-50cc61b6e87f HTTP/1.1" status: 200 len: 1168 time: 0.0342524
2026-04-07 01:15:09.273 10 INFO neutron.api.wsgi [req-d98c3f3a-771d-4e28-91a4-52c3f109e622 req-34eb3d5a-6fc7-456b-90ac-160ad602d436 1268c4b4fb384c858b74386b8a932b1b aa467b0fb5354429aa784e478da10476 - - default default] 10.0.0.43 "GET /v2.0/security-groups?id=9d8c40e0-c667-4714-ad73-42187af90f5f&fields=id&fields=name HTTP/1.1" status: 200 len: 312 time: 0.0371404
2026-04-07 01:15:09.411 10 INFO neutron.api.wsgi [None req-ac46a96e-76f2-4ffc-986f-00cd6453d3ca 02f0351de0a7480e81381618c388130e a1875352888d4dbd9b467db0a4f0342a - - default default] 10.0.0.206 "DELETE /v2.0/ports/dc2cafbe-81f6-41a3-ab81-6468c58ae3bf HTTP/1.1" status: 204 len: 168 time: 0.2465816
2026-04-07 01:15:09.628 10 INFO neutron.api.wsgi [None req-f3f67920-49d3-467a-8591-5e8d0d70d605 02f0351de0a7480e81381618c388130e a1875352888d4dbd9b467db0a4f0342a - - default default] 10.0.0.206 "DELETE /v2.0/ports/34342905-c148-43da-9211-018c356e90d0 HTTP/1.1" status: 204 len: 168 time: 0.2132788
2026-04-07 01:15:09.656 10 INFO neutron.api.wsgi [None req-24e65daa-245d-49aa-b7a2-bd3b6877174a 02f0351de0a7480e81381618c388130e a1875352888d4dbd9b467db0a4f0342a - - default default] 10.0.0.206 "GET /v2.0/ports HTTP/1.1" status: 200 len: 1718 time: 0.0251644
2026-04-07 01:15:09.665 10 WARNING neutron_lib.context [None req-a702c879-35b0-4f13-a6b2-9d2bd767a045 02f0351de0a7480e81381618c388130e a1875352888d4dbd9b467db0a4f0342a - - default default] Method 'is_advsvc' is deprecated since 2023.2 release (neutron-lib 3.8.0) and will be removed once support for the old RBAC API policies will be removed from Neutron. Please use method 'is_service_role' instead.
2026-04-07 01:15:09.768 9 INFO neutron.db.ovn_revision_numbers_db [None req-1483d664-da83-4892-9738-79541dec0c32 32aff603c9734970b52f9df60268ccd8 e8f6d0cd7a8043509ad30b41449d2412 - - default default] Successfully bumped revision number for resource c8d6a961-f731-4998-aedc-523767bb3404 (type: floatingips) to 1
2026-04-07 01:15:09.816 10 INFO neutron.db.segments_db [None req-a702c879-35b0-4f13-a6b2-9d2bd767a045 02f0351de0a7480e81381618c388130e a1875352888d4dbd9b467db0a4f0342a - - default default] Added segment 2863e0e3-0c30-4d81-9334-b8e67cffcb1c of type geneve for network 7b6eeb93-430c-4c03-b208-2c57611ca5b2
2026-04-07 01:15:09.887 9 INFO neutron.db.ovn_revision_numbers_db [None req-1483d664-da83-4892-9738-79541dec0c32 32aff603c9734970b52f9df60268ccd8 e8f6d0cd7a8043509ad30b41449d2412 - - default default] Successfully bumped revision number for resource c8d6a961-f731-4998-aedc-523767bb3404 (type: floatingips) to 2
2026-04-07 01:15:09.888 9 INFO neutron.db.l3_db [None req-1483d664-da83-4892-9738-79541dec0c32 32aff603c9734970b52f9df60268ccd8 e8f6d0cd7a8043509ad30b41449d2412 - - default default] Floating IP c8d6a961-f731-4998-aedc-523767bb3404 associated. External IP: 10.96.250.219, port: 3892a349-460b-4d31-8b9b-393492349cce.
2026-04-07 01:15:09.913 9 INFO neutron.api.wsgi [None req-1483d664-da83-4892-9738-79541dec0c32 32aff603c9734970b52f9df60268ccd8 e8f6d0cd7a8043509ad30b41449d2412 - - default default] 10.0.0.206 "PUT /v2.0/floatingips/c8d6a961-f731-4998-aedc-523767bb3404 HTTP/1.1" status: 200 len: 1049 time: 0.9458005
2026-04-07 01:15:09.934 10 INFO neutron.db.ovn_revision_numbers_db [None req-a702c879-35b0-4f13-a6b2-9d2bd767a045 02f0351de0a7480e81381618c388130e a1875352888d4dbd9b467db0a4f0342a - - default default] Successfully bumped revision number for resource 7b6eeb93-430c-4c03-b208-2c57611ca5b2 (type: networks) to 1
2026-04-07 01:15:09.947 9 INFO neutron.notifiers.nova [-] Nova event matching ['req-54a15a44-2a2b-4b9e-af1b-7d7a7870cafb'] response: {'name': 'network-changed', 'server_uuid': '250ed786-5f57-4ccd-8a32-65d8d03ee769', 'tag': '3892a349-460b-4d31-8b9b-393492349cce', 'status': 'completed', 'code': 200}
2026-04-07 01:15:09.984 9 INFO neutron.api.wsgi [req-95b61729-65a5-4ef7-8394-fb270de03bc1 req-9388150a-1b92-481b-8c7a-174a67b0838b 32aff603c9734970b52f9df60268ccd8 e8f6d0cd7a8043509ad30b41449d2412 - - default default] 10.0.0.43 "GET /v2.0/ports?device_id=250ed786-5f57-4ccd-8a32-65d8d03ee769 HTTP/1.1" status: 200 len: 1170 time: 0.0354106
2026-04-07 01:15:10.024 9 INFO neutron.api.wsgi [req-95b61729-65a5-4ef7-8394-fb270de03bc1 req-dbfb13b8-f89d-4630-b049-e9af821632b9 32aff603c9734970b52f9df60268ccd8 e8f6d0cd7a8043509ad30b41449d2412 - - default default] 10.0.0.43 "GET /v2.0/security-groups?id=b05024e6-f73c-43d9-808e-d3649acbd54e&fields=id&fields=name HTTP/1.1" status: 200 len: 313 time: 0.0355918
2026-04-07 01:15:10.093 10 WARNING neutron.scheduler.dhcp_agent_scheduler [None req-a702c879-35b0-4f13-a6b2-9d2bd767a045 02f0351de0a7480e81381618c388130e a1875352888d4dbd9b467db0a4f0342a - - default default] No more DHCP agents
2026-04-07 01:15:10.095 10 WARNING neutron.api.rpc.agentnotifiers.dhcp_rpc_agent_api [None req-a702c879-35b0-4f13-a6b2-9d2bd767a045 02f0351de0a7480e81381618c388130e a1875352888d4dbd9b467db0a4f0342a - - default default] Unable to schedule network 7b6eeb93-430c-4c03-b208-2c57611ca5b2: no agents available; will retry on subsequent port and subnet creation events.
2026-04-07 01:15:10.161 10 INFO neutron.db.ovn_revision_numbers_db [None req-a702c879-35b0-4f13-a6b2-9d2bd767a045 02f0351de0a7480e81381618c388130e a1875352888d4dbd9b467db0a4f0342a - - default default] Successfully bumped revision number for resource 89b93232-ea3d-45a5-88d4-a1195497dc40 (type: ports) to 1
2026-04-07 01:15:10.182 10 INFO neutron.api.wsgi [None req-a702c879-35b0-4f13-a6b2-9d2bd767a045 02f0351de0a7480e81381618c388130e a1875352888d4dbd9b467db0a4f0342a - - default default] 10.0.0.206 "POST /v2.0/networks HTTP/1.1" status: 201 len: 848 time: 0.5203469 /var/lib/openstack/lib/python3.12/site-packages/pycadf/identifier.py:71: UserWarning: Invalid uuid: neutron. To ensure interoperability, identifiers should be a valid uuid. warnings.warn(('Invalid uuid: %s. To ensure interoperability, '
2026-04-07 01:15:10.191 10 WARNING neutron_lib.context [None req-255fad5e-cf3b-4394-946b-e601958e8c73 02f0351de0a7480e81381618c388130e a1875352888d4dbd9b467db0a4f0342a - - default default] Method 'is_advsvc' is deprecated since 2023.2 release (neutron-lib 3.8.0) and will be removed once support for the old RBAC API policies will be removed from Neutron. Please use method 'is_service_role' instead.
2026-04-07 01:15:10.270 10 INFO neutron.db.segments_db [None req-255fad5e-cf3b-4394-946b-e601958e8c73 02f0351de0a7480e81381618c388130e a1875352888d4dbd9b467db0a4f0342a - - default default] Added segment 96ad9804-b3c9-4b12-a102-79e8e311d6ec of type geneve for network 13c805b3-9510-48d6-be4c-9fca0ac4a8a8
2026-04-07 01:15:10.407 9 INFO neutron.api.wsgi [req-c5cd9512-13fe-452c-b2eb-27bdba32662d req-cab466b9-51ab-4043-b2d5-b15a97b41cb6 1268c4b4fb384c858b74386b8a932b1b aa467b0fb5354429aa784e478da10476 - - default default] 10.0.0.43 "GET /v2.0/ports?device_id=950ccf72-0e0a-4847-8980-50cc61b6e87f HTTP/1.1" status: 200 len: 1168 time: 0.0589333
2026-04-07 01:15:10.410 10 INFO neutron.api.wsgi [req-42710e0f-9729-4e35-b919-e30fb0da0867 req-7e2523f1-8a40-4098-9254-52eb155cab36 32aff603c9734970b52f9df60268ccd8 e8f6d0cd7a8043509ad30b41449d2412 - - default default] 10.0.0.43 "GET /v2.0/ports?device_id=250ed786-5f57-4ccd-8a32-65d8d03ee769 HTTP/1.1" status: 200 len: 1170 time: 0.0547681
2026-04-07 01:15:10.411 10 INFO neutron.db.ovn_revision_numbers_db [None req-255fad5e-cf3b-4394-946b-e601958e8c73 02f0351de0a7480e81381618c388130e a1875352888d4dbd9b467db0a4f0342a - - default default] Successfully bumped revision number for resource 13c805b3-9510-48d6-be4c-9fca0ac4a8a8 (type: networks) to 1
2026-04-07 01:15:10.442 9 INFO neutron.api.wsgi [req-c5cd9512-13fe-452c-b2eb-27bdba32662d req-7734a750-4b19-4419-b6ca-859820adaa7d 1268c4b4fb384c858b74386b8a932b1b aa467b0fb5354429aa784e478da10476 - - default default] 10.0.0.43 "GET /v2.0/security-groups?id=9d8c40e0-c667-4714-ad73-42187af90f5f&fields=id&fields=name HTTP/1.1" status: 200 len: 312 time: 0.0298467
2026-04-07 01:15:10.459 10 INFO neutron.api.wsgi [req-42710e0f-9729-4e35-b919-e30fb0da0867 req-345e08a0-8ff0-4185-9e28-2f432c70a4ab 32aff603c9734970b52f9df60268ccd8 e8f6d0cd7a8043509ad30b41449d2412 - - default default] 10.0.0.43 "GET /v2.0/security-groups?id=b05024e6-f73c-43d9-808e-d3649acbd54e&fields=id&fields=name HTTP/1.1" status: 200 len: 313 time: 0.0446420
2026-04-07 01:15:10.491 9 INFO neutron.api.wsgi [req-83e15d88-3c7a-41c3-a7ed-187e6631d518 req-54a38e12-0552-401f-b1de-cb2bf427ad6b 077cfc4fdc9945279dd840bee508c26d 7b2064a28fc940e79a1ae6d59fa8558d - - f2cb70a218e141769260855bf15aa918 f2cb70a218e141769260855bf15aa918] 199.204.45.244 "GET /v2.0/ports?tenant_id=e8f6d0cd7a8043509ad30b41449d2412&device_id=250ed786-5f57-4ccd-8a32-65d8d03ee769 HTTP/1.1" status: 200 len: 1409 time: 0.0358729
2026-04-07 01:15:10.532 9 INFO neutron.api.wsgi [req-83e15d88-3c7a-41c3-a7ed-187e6631d518 req-49ceafc9-6410-46e3-834d-b1bbb6766a26 077cfc4fdc9945279dd840bee508c26d 7b2064a28fc940e79a1ae6d59fa8558d - - f2cb70a218e141769260855bf15aa918 f2cb70a218e141769260855bf15aa918] 199.204.45.244 "GET /v2.0/networks?id=103457db-cba6-4585-9d25-565bb7d1c4e8 HTTP/1.1" status: 200 len: 967 time: 0.0351677
2026-04-07 01:15:10.571 9 INFO neutron.api.wsgi [req-83e15d88-3c7a-41c3-a7ed-187e6631d518 req-3bfc5f4d-9c1b-4cd5-a0b1-12aa12d360d9 077cfc4fdc9945279dd840bee508c26d 7b2064a28fc940e79a1ae6d59fa8558d - - f2cb70a218e141769260855bf15aa918 f2cb70a218e141769260855bf15aa918] 199.204.45.244 "GET /v2.0/floatingips?fixed_ip_address=10.100.0.8&port_id=3892a349-460b-4d31-8b9b-393492349cce HTTP/1.1" status: 200 len: 1059 time: 0.0368764
2026-04-07 01:15:10.600 9 INFO neutron.api.wsgi [req-83e15d88-3c7a-41c3-a7ed-187e6631d518 req-373d6d4e-1748-4fd7-9620-b5a7eb0b0271 077cfc4fdc9945279dd840bee508c26d 7b2064a28fc940e79a1ae6d59fa8558d - - f2cb70a218e141769260855bf15aa918 f2cb70a218e141769260855bf15aa918] 199.204.45.244 "GET /v2.0/subnets?id=d7ff9a81-3fc0-4604-a043-73c45e5cec84 HTTP/1.1" status: 200 len: 886 time: 0.0249534
2026-04-07 01:15:10.624 9 INFO neutron.api.wsgi [req-83e15d88-3c7a-41c3-a7ed-187e6631d518 req-0a38f60a-6247-42fd-a7b5-59baba60d5f0 077cfc4fdc9945279dd840bee508c26d 7b2064a28fc940e79a1ae6d59fa8558d - - f2cb70a218e141769260855bf15aa918 f2cb70a218e141769260855bf15aa918] 199.204.45.244 "GET /v2.0/ports?network_id=103457db-cba6-4585-9d25-565bb7d1c4e8&device_owner=network%3Adhcp HTTP/1.1" status: 200 len: 210 time: 0.0219116
2026-04-07 01:15:10.662 9 INFO neutron.api.wsgi [req-83e15d88-3c7a-41c3-a7ed-187e6631d518 req-06e184af-2a4b-49e7-9b07-3c8e8c2851b1 077cfc4fdc9945279dd840bee508c26d 7b2064a28fc940e79a1ae6d59fa8558d - - f2cb70a218e141769260855bf15aa918 f2cb70a218e141769260855bf15aa918] 199.204.45.244 "GET /v2.0/networks/103457db-cba6-4585-9d25-565bb7d1c4e8?fields=segments HTTP/1.1" status: 200 len: 212 time: 0.0343595
2026-04-07 01:15:10.684 10 WARNING neutron.scheduler.dhcp_agent_scheduler [None req-255fad5e-cf3b-4394-946b-e601958e8c73 02f0351de0a7480e81381618c388130e a1875352888d4dbd9b467db0a4f0342a - - default default] No more DHCP agents
2026-04-07 01:15:10.685 10 WARNING neutron.api.rpc.agentnotifiers.dhcp_rpc_agent_api [None req-255fad5e-cf3b-4394-946b-e601958e8c73 02f0351de0a7480e81381618c388130e a1875352888d4dbd9b467db0a4f0342a - - default default] Unable to schedule network 13c805b3-9510-48d6-be4c-9fca0ac4a8a8: no agents available; will retry on subsequent port and subnet creation events.
2026-04-07 01:15:10.704 9 INFO neutron.api.wsgi [req-83e15d88-3c7a-41c3-a7ed-187e6631d518 req-6e4fa701-bfbe-4d02-88a4-1490c794e5af 077cfc4fdc9945279dd840bee508c26d 7b2064a28fc940e79a1ae6d59fa8558d - - f2cb70a218e141769260855bf15aa918 f2cb70a218e141769260855bf15aa918] 199.204.45.244 "GET /v2.0/networks/103457db-cba6-4585-9d25-565bb7d1c4e8?fields=provider%3Aphysical_network&fields=provider%3Anetwork_type HTTP/1.1" status: 200 len: 277 time: 0.0358536
2026-04-07 01:15:10.753 10 INFO neutron.db.ovn_revision_numbers_db [None req-255fad5e-cf3b-4394-946b-e601958e8c73 02f0351de0a7480e81381618c388130e a1875352888d4dbd9b467db0a4f0342a - - default default] Successfully bumped revision number for resource 6c7d9e61-cfb9-4c3b-aaa7-b18fe9f9c3c2 (type: ports) to 1
2026-04-07 01:15:10.776 10 INFO neutron.api.wsgi [None req-255fad5e-cf3b-4394-946b-e601958e8c73 02f0351de0a7480e81381618c388130e a1875352888d4dbd9b467db0a4f0342a - - default default] 10.0.0.206 "POST /v2.0/networks HTTP/1.1" status: 201 len: 849 time: 0.5896375
2026-04-07 01:15:10.812 10 WARNING neutron_lib.context [None req-f943be7f-0158-4165-8d7d-960552f5a464 02f0351de0a7480e81381618c388130e a1875352888d4dbd9b467db0a4f0342a - - default default] Method 'is_advsvc' is deprecated since 2023.2 release (neutron-lib 3.8.0) and will be removed once support for the old RBAC API policies will be removed from Neutron. Please use method 'is_service_role' instead.
2026-04-07 01:15:10.833 10 WARNING neutron_lib.context [None req-f943be7f-0158-4165-8d7d-960552f5a464 02f0351de0a7480e81381618c388130e a1875352888d4dbd9b467db0a4f0342a - - default default] Method 'is_advsvc' is deprecated since 2023.2 release (neutron-lib 3.8.0) and will be removed once support for the old RBAC API policies will be removed from Neutron. Please use method 'is_service_role' instead.
2026-04-07 01:15:10.848 10 INFO neutron.plugins.ml2.drivers.ovn.mech_driver.mech_driver [None req-70580da7-2eda-4740-a37a-dc2531cea16c - - - - - -] OVN reports status down for port: 3892a349-460b-4d31-8b9b-393492349cce
2026-04-07 01:15:10.990 10 INFO neutron.notifiers.nova [-] Nova event matching ['req-c7d64619-dadd-4da8-b60f-6e4ac8d0032f'] response: {'server_uuid': '250ed786-5f57-4ccd-8a32-65d8d03ee769', 'name': 'network-vif-unplugged', 'status': 'completed', 'tag': '3892a349-460b-4d31-8b9b-393492349cce', 'code': 200}
2026-04-07 01:15:11.095 10 INFO neutron.db.ovn_revision_numbers_db [None req-70580da7-2eda-4740-a37a-dc2531cea16c - - - - - -] Successfully bumped revision number for resource 3892a349-460b-4d31-8b9b-393492349cce (type: ports) to 6
2026-04-07 01:15:11.145 10 WARNING neutron.scheduler.dhcp_agent_scheduler [None req-f943be7f-0158-4165-8d7d-960552f5a464 02f0351de0a7480e81381618c388130e a1875352888d4dbd9b467db0a4f0342a - - default default] No more DHCP agents
2026-04-07 01:15:11.146 10 WARNING neutron.api.rpc.agentnotifiers.dhcp_rpc_agent_api [None req-f943be7f-0158-4165-8d7d-960552f5a464 02f0351de0a7480e81381618c388130e a1875352888d4dbd9b467db0a4f0342a - - default default] Unable to schedule network 7b6eeb93-430c-4c03-b208-2c57611ca5b2: no agents available; will retry on subsequent port and subnet creation events.
2026-04-07 01:15:11.491 10 INFO neutron.db.ovn_revision_numbers_db [None req-8c6776d7-f120-48cd-8462-4d34eb674b91 - - - - - -] Successfully bumped revision number for resource 89b93232-ea3d-45a5-88d4-a1195497dc40 (type: ports) to 2
2026-04-07 01:15:11.515 10 INFO neutron.db.ovn_revision_numbers_db [None req-8c6776d7-f120-48cd-8462-4d34eb674b91 - - - - - -] Successfully bumped revision number for resource 5a52c5b8-89dc-412d-a500-d05770ff8601 (type: subnets) to 0 /var/lib/openstack/lib/python3.12/site-packages/pycadf/identifier.py:71: UserWarning: Invalid uuid: neutron. To ensure interoperability, identifiers should be a valid uuid. warnings.warn(('Invalid uuid: %s. To ensure interoperability, '
2026-04-07 01:15:11.547 10 INFO neutron.api.wsgi [req-296b34b6-1a5c-4d20-bb4c-f55c500b7196 req-6712cf54-162e-49bd-a029-2da5ea872f60 1268c4b4fb384c858b74386b8a932b1b aa467b0fb5354429aa784e478da10476 - - default default] 10.0.0.43 "GET /v2.0/ports?device_id=950ccf72-0e0a-4847-8980-50cc61b6e87f HTTP/1.1" status: 200 len: 1168 time: 0.0320096
2026-04-07 01:15:11.551 9 INFO neutron.api.wsgi [req-b588e2a7-e928-45dc-8d70-6e3b9571cf15 req-5929bf7b-c41f-4fbd-81fa-f14aff5b4462 32aff603c9734970b52f9df60268ccd8 e8f6d0cd7a8043509ad30b41449d2412 - - default default] 10.0.0.43 "GET /v2.0/ports?device_id=250ed786-5f57-4ccd-8a32-65d8d03ee769 HTTP/1.1" status: 200 len: 1168 time: 0.0318265
2026-04-07 01:15:11.553 10 WARNING neutron.scheduler.dhcp_agent_scheduler [None req-f943be7f-0158-4165-8d7d-960552f5a464 02f0351de0a7480e81381618c388130e a1875352888d4dbd9b467db0a4f0342a - - default default] No more DHCP agents
2026-04-07 01:15:11.555 10 WARNING neutron.api.rpc.agentnotifiers.dhcp_rpc_agent_api [None req-f943be7f-0158-4165-8d7d-960552f5a464 02f0351de0a7480e81381618c388130e a1875352888d4dbd9b467db0a4f0342a - - default default] Unable to schedule network 13c805b3-9510-48d6-be4c-9fca0ac4a8a8: no agents available; will retry on subsequent port and subnet creation events.
2026-04-07 01:15:11.584 9 INFO neutron.api.wsgi [req-b588e2a7-e928-45dc-8d70-6e3b9571cf15 req-e027a510-311f-42d2-a896-7c58b9334619 32aff603c9734970b52f9df60268ccd8 e8f6d0cd7a8043509ad30b41449d2412 - - default default] 10.0.0.43 "GET /v2.0/security-groups?id=b05024e6-f73c-43d9-808e-d3649acbd54e&fields=id&fields=name HTTP/1.1" status: 200 len: 313 time: 0.0286694
2026-04-07 01:15:11.592 10 INFO neutron.api.wsgi [req-296b34b6-1a5c-4d20-bb4c-f55c500b7196 req-d5f7ad9d-bdd5-41d9-a633-b5e1578e4e0f 1268c4b4fb384c858b74386b8a932b1b aa467b0fb5354429aa784e478da10476 - - default default] 10.0.0.43 "GET /v2.0/security-groups?id=9d8c40e0-c667-4714-ad73-42187af90f5f&fields=id&fields=name HTTP/1.1" status: 200 len: 312 time: 0.0383866
2026-04-07 01:15:11.934 10 INFO neutron.db.ovn_revision_numbers_db [None req-a5463a8f-a276-41e6-9be1-624c9407f264 - - - - - -] Successfully bumped revision number for resource 6c7d9e61-cfb9-4c3b-aaa7-b18fe9f9c3c2 (type: ports) to 2
2026-04-07 01:15:11.961 10 INFO neutron.db.ovn_revision_numbers_db [None req-a5463a8f-a276-41e6-9be1-624c9407f264 - - - - - -] Successfully bumped revision number for resource ba0f6bc5-d249-4d7e-80bc-5ba6b8928fea (type: subnets) to 0
2026-04-07 01:15:11.977 10 INFO neutron.api.wsgi [None req-f943be7f-0158-4165-8d7d-960552f5a464 02f0351de0a7480e81381618c388130e a1875352888d4dbd9b467db0a4f0342a - - default default] 10.0.0.206 "POST /v2.0/subnets HTTP/1.1" status: 201 len: 1472 time: 1.1696496
2026-04-07 01:15:12.017 10 INFO neutron.api.wsgi [None req-6193e891-a4c9-4ba4-9999-91c4b23f6971 02f0351de0a7480e81381618c388130e a1875352888d4dbd9b467db0a4f0342a - - default default] 10.0.0.206 "GET /v2.0/subnets HTTP/1.1" status: 200 len: 2103 time: 0.0343540
2026-04-07 01:15:12.086 9 INFO neutron.api.wsgi [req-64e405e1-6283-4502-acd2-e8da32bcd366 req-a3c9b6d7-36d3-4223-8aca-db08b9e3b412 32aff603c9734970b52f9df60268ccd8 e8f6d0cd7a8043509ad30b41449d2412 - - default default] 199.204.45.244 "GET /v2.0/ports?device_id=250ed786-5f57-4ccd-8a32-65d8d03ee769 HTTP/1.1" status: 200 len: 1168 time: 0.0336483
2026-04-07 01:15:12.167 10 INFO neutron.api.wsgi [None req-ba20dbcb-b564-4430-b1fd-c3f6db4bd4a2 02f0351de0a7480e81381618c388130e a1875352888d4dbd9b467db0a4f0342a - - default default] 10.0.0.206 "DELETE /v2.0/subnets/5a52c5b8-89dc-412d-a500-d05770ff8601 HTTP/1.1" status: 204 len: 168 time: 0.1457057
2026-04-07 01:15:12.318 10 INFO neutron.api.wsgi [None req-d5e5f377-c5e8-4470-94d5-c1d3e1974599 02f0351de0a7480e81381618c388130e a1875352888d4dbd9b467db0a4f0342a - - default default] 10.0.0.206 "DELETE /v2.0/subnets/ba0f6bc5-d249-4d7e-80bc-5ba6b8928fea HTTP/1.1" status: 204 len: 168 time: 0.1454551
2026-04-07 01:15:12.350 10 INFO neutron.api.wsgi [None req-ee85ec9c-56f5-4356-859e-b123eb8fe781 02f0351de0a7480e81381618c388130e a1875352888d4dbd9b467db0a4f0342a - - default default] 10.0.0.206 "GET /v2.0/subnets HTTP/1.1" status: 200 len: 843 time: 0.0269377
2026-04-07 01:15:12.438 9 INFO neutron.db.l3_db [req-64e405e1-6283-4502-acd2-e8da32bcd366 req-fb6cc455-b8c8-4675-aec5-982baa7228fe 32aff603c9734970b52f9df60268ccd8 e8f6d0cd7a8043509ad30b41449d2412 - - default default] Floating IP c8d6a961-f731-4998-aedc-523767bb3404 disassociated. External IP: 10.96.250.219, port: 3892a349-460b-4d31-8b9b-393492349cce.
2026-04-07 01:15:12.571 9 INFO neutron.api.wsgi [req-64e405e1-6283-4502-acd2-e8da32bcd366 req-fb6cc455-b8c8-4675-aec5-982baa7228fe 32aff603c9734970b52f9df60268ccd8 e8f6d0cd7a8043509ad30b41449d2412 - - default default] 199.204.45.244 "DELETE /v2.0/ports/3892a349-460b-4d31-8b9b-393492349cce HTTP/1.1" status: 204 len: 173 time: 0.4816885
2026-04-07 01:15:12.606 9 INFO neutron.notifiers.nova [-] Nova event matching ['req-a57f781a-fc2c-4317-bf7c-a59e931ddb26'] response: {'server_uuid': '250ed786-5f57-4ccd-8a32-65d8d03ee769', 'name': 'network-vif-deleted', 'tag': '3892a349-460b-4d31-8b9b-393492349cce', 'status': 'completed', 'code': 200}
2026-04-07 01:15:12.656 10 INFO neutron.services.segments.plugin [-] Segment 96ad9804-b3c9-4b12-a102-79e8e311d6ec resource provider aggregate not found
2026-04-07 01:15:12.662 10 INFO neutron.services.segments.plugin [-] Segment 96ad9804-b3c9-4b12-a102-79e8e311d6ec resource provider aggregate not found /var/lib/openstack/lib/python3.12/site-packages/pycadf/identifier.py:71: UserWarning: Invalid uuid: neutron. To ensure interoperability, identifiers should be a valid uuid. warnings.warn(('Invalid uuid: %s. To ensure interoperability, '
2026-04-07 01:15:12.681 10 INFO neutron.services.segments.plugin [-] Segment 96ad9804-b3c9-4b12-a102-79e8e311d6ec resource provider not found; error: Placement Client Error (4xx): {"errors": [{"status": 404, "title": "Not Found", "detail": "The resource could not be found.\n\n No resource provider with uuid 96ad9804-b3c9-4b12-a102-79e8e311d6ec found for delete ", "request_id": "req-ac12fea5-9f82-43bb-80a4-700cb203fd79"}]}
2026-04-07 01:15:12.682 10 INFO neutron.services.segments.plugin [-] Segment 96ad9804-b3c9-4b12-a102-79e8e311d6ec resource provider not found; error: Placement Client Error (4xx): {"errors": [{"status": 404, "title": "Not Found", "detail": "The resource could not be found.\n\n No resource provider with uuid 96ad9804-b3c9-4b12-a102-79e8e311d6ec found for delete ", "request_id": "req-e2f4e76d-11cd-40f8-9ad5-b383a8947417"}]}
2026-04-07 01:15:12.684 10 INFO neutron.api.wsgi [req-42bf39eb-2ca8-4a78-a193-b78fd8be64cb req-90929523-0213-490c-b5bc-6538d1bfe7c3 32aff603c9734970b52f9df60268ccd8 e8f6d0cd7a8043509ad30b41449d2412 - - default default] 10.0.0.43 "GET /v2.0/ports?device_id=250ed786-5f57-4ccd-8a32-65d8d03ee769 HTTP/1.1" status: 200 len: 210 time: 0.0232825
2026-04-07 01:15:12.706 9 INFO neutron.api.wsgi [req-0ae4690f-1209-4306-8b1c-5002998c9272 req-286a4839-a5e7-4945-b827-acbc173ba600 1268c4b4fb384c858b74386b8a932b1b aa467b0fb5354429aa784e478da10476 - - default default] 10.0.0.43 "GET /v2.0/ports?device_id=950ccf72-0e0a-4847-8980-50cc61b6e87f HTTP/1.1" status: 200 len: 1168 time: 0.0631597
2026-04-07 01:15:12.710 10 INFO neutron.api.wsgi [None req-2d050c39-b753-41cd-a8de-d32206ea7f1b 02f0351de0a7480e81381618c388130e a1875352888d4dbd9b467db0a4f0342a - - default default] 10.0.0.206 "DELETE /v2.0/networks/13c805b3-9510-48d6-be4c-9fca0ac4a8a8 HTTP/1.1" status: 204 len: 168 time: 0.3526013
2026-04-07 01:15:12.741 9 INFO neutron.api.wsgi [req-0ae4690f-1209-4306-8b1c-5002998c9272 req-0665188d-d4c9-4203-9ac2-659854e578c1 1268c4b4fb384c858b74386b8a932b1b aa467b0fb5354429aa784e478da10476 - - default default] 10.0.0.43 "GET /v2.0/security-groups?id=9d8c40e0-c667-4714-ad73-42187af90f5f&fields=id&fields=name HTTP/1.1" status: 200 len: 312 time: 0.0285087
2026-04-07 01:15:12.901 10 INFO neutron.plugins.ml2.drivers.ovn.mech_driver.mech_driver [None req-e9f7fb57-df41-47da-a24e-8c4d39ede69d - - - - - -] OVN reports status up for port: 1f241603-ae18-4038-bc1f-0cd02c5dee3d
2026-04-07 01:15:12.913 10 INFO neutron.plugins.ml2.plugin [None req-e9f7fb57-df41-47da-a24e-8c4d39ede69d - - - - - -] Attempt 1 to provision port 1f241603-ae18-4038-bc1f-0cd02c5dee3d
2026-04-07 01:15:12.997 10 INFO neutron.api.wsgi [None req-af9a57f5-3bdb-4f23-8657-cb203d7f7c69 02f0351de0a7480e81381618c388130e a1875352888d4dbd9b467db0a4f0342a - - default default] 10.0.0.206 "DELETE /v2.0/networks/7b6eeb93-430c-4c03-b208-2c57611ca5b2 HTTP/1.1" status: 204 len: 168 time: 0.2832983
2026-04-07 01:15:13.027 10 INFO neutron.notifiers.nova [-] Nova event matching ['req-19af1cc1-a609-4e1f-be55-cb8aa19dd97b'] response: {'server_uuid': '250ed786-5f57-4ccd-8a32-65d8d03ee769', 'name': 'network-vif-unplugged', 'status': 'completed', 'tag': '3892a349-460b-4d31-8b9b-393492349cce', 'code': 200}
2026-04-07 01:15:13.165 10 INFO neutron.db.ovn_revision_numbers_db [None req-e9f7fb57-df41-47da-a24e-8c4d39ede69d - - - - - -] Successfully bumped revision number for resource 1f241603-ae18-4038-bc1f-0cd02c5dee3d (type: ports) to 5
2026-04-07 01:15:13.340 9 INFO neutron.services.segments.plugin [-] Segment 963c80b3-8714-4485-9caf-66bf952db549 resource provider aggregate not found
2026-04-07 01:15:13.343 9 INFO neutron.services.segments.plugin [-] Segment 963c80b3-8714-4485-9caf-66bf952db549 resource provider aggregate not found
2026-04-07 01:15:13.356 9 INFO neutron.services.segments.plugin [-] Segment 963c80b3-8714-4485-9caf-66bf952db549 resource provider not found; error: Placement Client Error (4xx): {"errors": [{"status": 404, "title": "Not Found", "detail": "The resource could not be found.\n\n No resource provider with uuid 963c80b3-8714-4485-9caf-66bf952db549 found for delete ", "request_id": "req-c563d83b-3868-41c3-b5a1-ec052cc9aa6b"}]}
2026-04-07 01:15:13.357 9 INFO neutron.services.segments.plugin [-] Segment 963c80b3-8714-4485-9caf-66bf952db549 resource provider not found; error: Placement Client Error (4xx): {"errors": [{"status": 404, "title": "Not Found", "detail": "The resource could not be found.\n\n No resource provider with uuid 963c80b3-8714-4485-9caf-66bf952db549 found for delete ", "request_id": "req-13f637e6-13f0-4b35-a33f-cc4b5974b99b"}]}
2026-04-07 01:15:13.398 9 INFO neutron.api.wsgi [None req-4bb4919e-ab00-4365-ae38-fc880b44cd95 02f0351de0a7480e81381618c388130e a1875352888d4dbd9b467db0a4f0342a - - default default] 10.0.0.206 "DELETE /v2.0/networks/4206b5f2-41af-4f3e-9a06-55534ed062a5 HTTP/1.1" status: 204 len: 168 time: 0.3968174
2026-04-07 01:15:13.697 9 INFO neutron.api.wsgi [None req-11f52785-5488-4e47-9ec7-52ba2a32442e 02f0351de0a7480e81381618c388130e a1875352888d4dbd9b467db0a4f0342a - - default default] 10.0.0.206 "DELETE /v2.0/networks/b5b90147-2389-4fa4-9e69-17ade39613a8 HTTP/1.1" status: 204 len: 168 time: 0.2939651
2026-04-07 01:15:13.768 9 INFO neutron.api.wsgi [req-2d0f3f30-5522-4255-ba6b-5af70427dc52 req-b3b2957a-252a-4ede-b61a-66263f66cc94 32aff603c9734970b52f9df60268ccd8 e8f6d0cd7a8043509ad30b41449d2412 - - default default] 10.0.0.43 "GET /v2.0/ports?device_id=250ed786-5f57-4ccd-8a32-65d8d03ee769 HTTP/1.1" status: 200 len: 210 time: 0.0176396 /var/lib/openstack/lib/python3.12/site-packages/pycadf/identifier.py:71: UserWarning: Invalid uuid: neutron. To ensure interoperability, identifiers should be a valid uuid. warnings.warn(('Invalid uuid: %s. To ensure interoperability, '
2026-04-07 01:15:13.869 10 INFO neutron.api.wsgi [req-5871d83d-ed9f-41c6-84dd-dea31b65130a req-017973c1-a9f2-49ad-8dfe-7aaca98a7b6e 1268c4b4fb384c858b74386b8a932b1b aa467b0fb5354429aa784e478da10476 - - default default] 10.0.0.43 "GET /v2.0/ports?device_id=950ccf72-0e0a-4847-8980-50cc61b6e87f HTTP/1.1" status: 200 len: 1170 time: 0.0696497
2026-04-07 01:15:13.903 10 INFO neutron.api.wsgi [req-5871d83d-ed9f-41c6-84dd-dea31b65130a req-11f133ae-b4e4-4178-a480-ec29aec90418 1268c4b4fb384c858b74386b8a932b1b aa467b0fb5354429aa784e478da10476 - - default default] 10.0.0.43 "GET /v2.0/security-groups?id=9d8c40e0-c667-4714-ad73-42187af90f5f&fields=id&fields=name HTTP/1.1" status: 200 len: 312 time: 0.0300150
2026-04-07 01:15:14.289 9 INFO neutron.api.wsgi [None req-c8f49b88-48ff-452f-919e-69a5c419c578 18878a0d425b4acdb108715ae117b9b7 28b3f955963c4cc181f8e9e005ce9122 - - default default] 10.0.0.206 "GET /v2.0/security-groups?tenant_id=a1875352888d4dbd9b467db0a4f0342a&name=default HTTP/1.1" status: 200 len: 3120 time: 0.0690708
2026-04-07 01:15:14.514 9 INFO neutron.api.wsgi [req-d6826d68-034d-42f2-86e8-46f9aefdf330 req-74c61b12-1743-467e-91b4-54c7bc9519a4 077cfc4fdc9945279dd840bee508c26d 7b2064a28fc940e79a1ae6d59fa8558d - - f2cb70a218e141769260855bf15aa918 f2cb70a218e141769260855bf15aa918] 10.0.0.145 "GET /v2.0/ports?device_id=650b18de-30b1-41b6-9951-7c8fe3117f57 HTTP/1.1" status: 200 len: 1409 time: 0.0915108
2026-04-07 01:15:14.550 9 INFO neutron.api.wsgi [req-d6826d68-034d-42f2-86e8-46f9aefdf330 req-1dbebae3-4891-4c51-b0f5-e11e909cdf0f 077cfc4fdc9945279dd840bee508c26d 7b2064a28fc940e79a1ae6d59fa8558d - - f2cb70a218e141769260855bf15aa918 f2cb70a218e141769260855bf15aa918] 10.0.0.145 "GET /v2.0/security-groups?id=d40951ed-97ba-439d-8807-697f9fca5419&fields=id&fields=name HTTP/1.1" status: 200 len: 313 time: 0.0301681
2026-04-07 01:15:14.605 9 INFO neutron.api.wsgi [None req-4a614787-98cb-4909-8728-ac8e78c56164 18878a0d425b4acdb108715ae117b9b7 28b3f955963c4cc181f8e9e005ce9122 - - default default] 10.0.0.206 "DELETE /v2.0/security-groups/e3e27e4b-559a-4036-a970-d5a8d52dc308 HTTP/1.1" status: 204 len: 168 time: 0.3089213
2026-04-07 01:15:14.698 10 INFO neutron.services.segments.plugin [-] Segment 2863e0e3-0c30-4d81-9334-b8e67cffcb1c resource provider aggregate not found
2026-04-07 01:15:14.705 10 INFO neutron.services.segments.plugin [-] Segment 2863e0e3-0c30-4d81-9334-b8e67cffcb1c resource provider aggregate not found
2026-04-07 01:15:14.715 10 INFO neutron.services.segments.plugin [-] Segment 2863e0e3-0c30-4d81-9334-b8e67cffcb1c resource provider not found; error: Placement Client Error (4xx): {"errors": [{"status": 404, "title": "Not Found", "detail": "The resource could not be found.\n\n No resource provider with uuid 2863e0e3-0c30-4d81-9334-b8e67cffcb1c found for delete ", "request_id": "req-102d00ee-a15a-4f1f-97c2-5af429c7a500"}]}
2026-04-07 01:15:14.719 10 INFO neutron.services.segments.plugin [-] Segment 2863e0e3-0c30-4d81-9334-b8e67cffcb1c resource provider not found; error: Placement Client Error (4xx): {"errors": [{"status": 404, "title": "Not Found", "detail": "The resource could not be found.\n\n No resource provider with uuid 2863e0e3-0c30-4d81-9334-b8e67cffcb1c found for delete ", "request_id": "req-31a7687e-8314-4d1c-b808-1a5fa6dbdece"}]}
2026-04-07 01:15:14.859 9 INFO neutron.api.wsgi [req-486699bd-7ed1-4603-ae2b-a6675e2d204f req-19901b7d-4f69-40dd-90e5-cf552f74e9e6 32aff603c9734970b52f9df60268ccd8 e8f6d0cd7a8043509ad30b41449d2412 - - default default] 10.0.0.43 "GET /v2.0/ports?device_id=250ed786-5f57-4ccd-8a32-65d8d03ee769 HTTP/1.1" status: 200 len: 210 time: 0.0198286
2026-04-07 01:15:14.996 10 INFO neutron.api.wsgi [req-c4d98fa3-8364-42f5-9468-686c97ea4b60 req-d44a7eec-b70a-44d5-8e2a-23dc038e0df5 1268c4b4fb384c858b74386b8a932b1b aa467b0fb5354429aa784e478da10476 - - default default] 10.0.0.43 "GET /v2.0/ports?device_id=950ccf72-0e0a-4847-8980-50cc61b6e87f HTTP/1.1" status: 200 len: 1170 time: 0.0385866
2026-04-07 01:15:15.035 10 INFO neutron.api.wsgi [req-c4d98fa3-8364-42f5-9468-686c97ea4b60 req-1c76150a-f094-4a93-af19-f9129d4f9b76 1268c4b4fb384c858b74386b8a932b1b aa467b0fb5354429aa784e478da10476 - - default default] 10.0.0.43 "GET /v2.0/security-groups?id=9d8c40e0-c667-4714-ad73-42187af90f5f&fields=id&fields=name HTTP/1.1" status: 200 len: 312 time: 0.0351422
2026-04-07 01:15:15.056 10 INFO neutron.notifiers.nova [-] Nova event matching ['req-c2125c4a-d5fa-4054-b3d3-b4f4e3d889be'] response: {'server_uuid': '950ccf72-0e0a-4847-8980-50cc61b6e87f', 'name': 'network-vif-plugged', 'status': 'completed', 'tag': '1f241603-ae18-4038-bc1f-0cd02c5dee3d', 'code': 200}
2026-04-07 01:15:15.056 10 INFO neutron.notifiers.nova [-] Nova event matching ['req-c2125c4a-d5fa-4054-b3d3-b4f4e3d889be'] response: {'server_uuid': '950ccf72-0e0a-4847-8980-50cc61b6e87f', 'name': 'network-vif-plugged', 'status': 'completed', 'tag': '1f241603-ae18-4038-bc1f-0cd02c5dee3d', 'code': 200}
2026-04-07 01:15:15.376 9 INFO neutron.services.segments.plugin [-] Segment 095be9ac-3861-47ec-8d15-6b368e405bd1 resource provider aggregate not found
2026-04-07 01:15:15.382 9 INFO neutron.services.segments.plugin [-] Segment 095be9ac-3861-47ec-8d15-6b368e405bd1 resource provider aggregate not found
2026-04-07 01:15:15.394 9 INFO neutron.services.segments.plugin [-] Segment 095be9ac-3861-47ec-8d15-6b368e405bd1 resource provider not found; error: Placement Client Error (4xx): {"errors": [{"status": 404, "title": "Not Found", "detail": "The resource could not be found.\n\n No resource provider with uuid 095be9ac-3861-47ec-8d15-6b368e405bd1 found for delete ", "request_id": "req-53367e2b-02cc-49ef-9a0d-fcce5dda8bd4"}]}
2026-04-07 01:15:15.395 9 INFO neutron.services.segments.plugin [-] Segment 095be9ac-3861-47ec-8d15-6b368e405bd1 resource provider not found; error: Placement Client Error (4xx): {"errors": [{"status": 404, "title": "Not Found", "detail": "The resource could not be found.\n\n No resource provider with uuid 095be9ac-3861-47ec-8d15-6b368e405bd1 found for delete ", "request_id": "req-91ba3bf8-193f-46f3-b34c-8898cabf4bf0"}]}
2026-04-07 01:15:15.950 10 INFO neutron.api.wsgi [req-dcd81cc4-ecc2-455b-be3f-db034b8f761e req-24637090-d134-4250-8451-1d9255afb578 32aff603c9734970b52f9df60268ccd8 e8f6d0cd7a8043509ad30b41449d2412 - - default default] 10.0.0.43 "GET /v2.0/ports?device_id=250ed786-5f57-4ccd-8a32-65d8d03ee769 HTTP/1.1" status: 200 len: 210 time: 0.0219965
2026-04-07 01:15:16.140 9 INFO neutron.api.wsgi [req-42414554-2f3c-4c7a-a7bb-8d3fcbf7d51b req-40bd6507-b590-4271-b21f-d0d82d1cc4f8 1268c4b4fb384c858b74386b8a932b1b aa467b0fb5354429aa784e478da10476 - - default default] 10.0.0.43 "GET /v2.0/ports?device_id=950ccf72-0e0a-4847-8980-50cc61b6e87f HTTP/1.1" status: 200 len: 1170 time: 0.0363774
2026-04-07 01:15:16.178 9 INFO neutron.api.wsgi [req-42414554-2f3c-4c7a-a7bb-8d3fcbf7d51b req-d2851299-8716-4b84-93f6-1876c34ea672 1268c4b4fb384c858b74386b8a932b1b aa467b0fb5354429aa784e478da10476 - - default default] 10.0.0.43 "GET /v2.0/security-groups?id=9d8c40e0-c667-4714-ad73-42187af90f5f&fields=id&fields=name HTTP/1.1" status: 200 len: 312 time: 0.0332530
2026-04-07 01:15:16.402 10 WARNING neutron_lib.context [None req-f31bfeb4-9bd3-4872-a2f4-453fd1f7a19d 4fb385ec2ce64941828e527b084b301b bc5f72924cef410184ecc05a258491ba - - default default] Method 'is_advsvc' is deprecated since 2023.2 release (neutron-lib 3.8.0) and will be removed once support for the old RBAC API policies will be removed from Neutron. Please use method 'is_service_role' instead.
2026-04-07 01:15:16.543 10 INFO neutron.db.ovn_revision_numbers_db [None req-f31bfeb4-9bd3-4872-a2f4-453fd1f7a19d 4fb385ec2ce64941828e527b084b301b bc5f72924cef410184ecc05a258491ba - - default default] Successfully bumped revision number for resource 7e04a186-e0c6-4bc9-ad62-fd7c0e45d231 (type: security_groups) to 1
2026-04-07 01:15:16.557 10 INFO neutron.db.ovn_revision_numbers_db [None req-f31bfeb4-9bd3-4872-a2f4-453fd1f7a19d 4fb385ec2ce64941828e527b084b301b bc5f72924cef410184ecc05a258491ba - - default default] Successfully bumped revision number for resource b088eace-aff4-456e-aeea-b8f54054ed82 (type: security_group_rules) to 0
2026-04-07 01:15:16.568 10 INFO neutron.db.ovn_revision_numbers_db [None req-f31bfeb4-9bd3-4872-a2f4-453fd1f7a19d 4fb385ec2ce64941828e527b084b301b bc5f72924cef410184ecc05a258491ba - - default default] Successfully bumped revision number for resource b6390c3c-cc7a-48e2-89bd-e03a20c94ce6 (type: security_group_rules) to 0
2026-04-07 01:15:16.580 10 INFO neutron.db.ovn_revision_numbers_db [None req-f31bfeb4-9bd3-4872-a2f4-453fd1f7a19d 4fb385ec2ce64941828e527b084b301b bc5f72924cef410184ecc05a258491ba - - default default] Successfully bumped revision number for resource b9517f76-da6e-4cd3-99f7-a81503b9229e (type: security_group_rules) to 0
2026-04-07 01:15:16.593 10 INFO neutron.db.ovn_revision_numbers_db [None req-f31bfeb4-9bd3-4872-a2f4-453fd1f7a19d 4fb385ec2ce64941828e527b084b301b bc5f72924cef410184ecc05a258491ba - - default default] Successfully bumped revision number for resource d39d81ad-339c-47d6-a786-3497ea2ef97c (type: security_group_rules) to 0
2026-04-07 01:15:16.712 10 INFO neutron.db.ovn_revision_numbers_db [None req-f31bfeb4-9bd3-4872-a2f4-453fd1f7a19d 4fb385ec2ce64941828e527b084b301b bc5f72924cef410184ecc05a258491ba - - default default] Successfully bumped revision number for resource 7ab2fb66-a2fb-4b19-8eff-b3d41d8cecc8 (type: security_groups) to 1
2026-04-07 01:15:16.729 10 INFO neutron.db.ovn_revision_numbers_db [None req-f31bfeb4-9bd3-4872-a2f4-453fd1f7a19d 4fb385ec2ce64941828e527b084b301b bc5f72924cef410184ecc05a258491ba - - default default] Successfully bumped revision number for resource 17a0dbb7-0467-43ad-9d66-497b7aada6af (type: security_group_rules) to 0
2026-04-07 01:15:16.741 10 INFO neutron.db.ovn_revision_numbers_db [None req-f31bfeb4-9bd3-4872-a2f4-453fd1f7a19d 4fb385ec2ce64941828e527b084b301b bc5f72924cef410184ecc05a258491ba - - default default] Successfully bumped revision number for resource c832e3e8-4736-4740-9d21-bb46ddd90e4b (type: security_group_rules) to 0
2026-04-07 01:15:16.771 10 INFO neutron.api.wsgi [None req-f31bfeb4-9bd3-4872-a2f4-453fd1f7a19d 4fb385ec2ce64941828e527b084b301b bc5f72924cef410184ecc05a258491ba - - default default] 10.0.0.206 "POST /v2.0/security-groups HTTP/1.1" status: 201 len: 1825 time: 0.5216410
2026-04-07 01:15:16.809 10 INFO neutron.api.wsgi [None req-d2023eb1-cc01-4924-8a6d-c1e57ab1d489 4fb385ec2ce64941828e527b084b301b bc5f72924cef410184ecc05a258491ba - - default default] 10.0.0.206 "GET /v2.0/security-groups HTTP/1.1" status: 200 len: 4725 time: 0.0331888
2026-04-07 01:15:16.887 10 INFO neutron.db.ovn_revision_numbers_db [None req-ff7bceca-8dde-42f0-bd5c-623078971ed4 4fb385ec2ce64941828e527b084b301b bc5f72924cef410184ecc05a258491ba - - default default] Successfully bumped revision number for resource 7ab2fb66-a2fb-4b19-8eff-b3d41d8cecc8 (type: security_groups) to 2
