2026-04-07 01:19:02.064 9 INFO neutron.api.wsgi [req-ed997a82-cde7-4ac7-90e2-d9202c086a43 req-cec5d81a-e8c4-4f41-bf3d-11013894c1ea 077cfc4fdc9945279dd840bee508c26d 7b2064a28fc940e79a1ae6d59fa8558d - - f2cb70a218e141769260855bf15aa918 f2cb70a218e141769260855bf15aa918] 199.204.45.244 "GET /v2.0/networks/777aaa12-bbfa-4c95-bdd5-34b70372fee4?fields=segments HTTP/1.1" status: 200 len: 212 time: 0.0463955
2026-04-07 01:19:02.087 10 INFO neutron.db.ovn_revision_numbers_db [None req-a0ccf31d-0a52-4987-b937-99fa2b28576e 18878a0d425b4acdb108715ae117b9b7 28b3f955963c4cc181f8e9e005ce9122 - - default default] Successfully bumped revision number for resource c4773b85-956d-4546-a143-ea77374fa2e2 (type: security_groups) to 1
2026-04-07 01:19:02.099 9 INFO neutron.db.ovn_revision_numbers_db [None req-3199d413-71aa-41ac-9957-284639efb7e1 - - - - - -] Successfully bumped revision number for resource bb013dd5-2d1c-417c-9c46-bbc89869b89d (type: ports) to 2
2026-04-07 01:19:02.102 10 INFO neutron.db.ovn_revision_numbers_db [None req-a0ccf31d-0a52-4987-b937-99fa2b28576e 18878a0d425b4acdb108715ae117b9b7 28b3f955963c4cc181f8e9e005ce9122 - - default default] Successfully bumped revision number for resource 267170ef-544a-4f24-abc2-366a07dc34f7 (type: security_group_rules) to 0
2026-04-07 01:19:02.107 9 INFO neutron.api.wsgi [req-ed997a82-cde7-4ac7-90e2-d9202c086a43 req-4d2960c7-9ecc-4b26-9d0d-814b92195239 077cfc4fdc9945279dd840bee508c26d 7b2064a28fc940e79a1ae6d59fa8558d - - f2cb70a218e141769260855bf15aa918 f2cb70a218e141769260855bf15aa918] 199.204.45.244 "GET /v2.0/networks/777aaa12-bbfa-4c95-bdd5-34b70372fee4?fields=provider%3Aphysical_network&fields=provider%3Anetwork_type HTTP/1.1" status: 200 len: 277 time: 0.0403893
2026-04-07 01:19:02.119 10 INFO neutron.db.ovn_revision_numbers_db [None req-a0ccf31d-0a52-4987-b937-99fa2b28576e 18878a0d425b4acdb108715ae117b9b7 28b3f955963c4cc181f8e9e005ce9122 - - default default] Successfully bumped revision number for resource 6aa79f7d-934b-4c7c-9cbe-019cf5facd9c (type: security_group_rules) to 0
2026-04-07 01:19:02.131 10 INFO neutron.db.ovn_revision_numbers_db [None req-a0ccf31d-0a52-4987-b937-99fa2b28576e 18878a0d425b4acdb108715ae117b9b7 28b3f955963c4cc181f8e9e005ce9122 - - default default] Successfully bumped revision number for resource 7ced44a1-1f29-43f8-9423-eaf914a2d3aa (type: security_group_rules) to 0
2026-04-07 01:19:02.149 10 INFO neutron.db.ovn_revision_numbers_db [None req-a0ccf31d-0a52-4987-b937-99fa2b28576e 18878a0d425b4acdb108715ae117b9b7 28b3f955963c4cc181f8e9e005ce9122 - - default default] Successfully bumped revision number for resource fa7cd2e0-5ace-4c45-bdb1-f43b20fddf86 (type: security_group_rules) to 0
2026-04-07 01:19:02.188 10 INFO neutron.api.wsgi [None req-a0ccf31d-0a52-4987-b937-99fa2b28576e 18878a0d425b4acdb108715ae117b9b7 28b3f955963c4cc181f8e9e005ce9122 - - default default] 10.0.0.206 "GET /v2.0/security-groups?tenant_id=90636a3ed4744c9faf8e6fe7d278ace2&name=default HTTP/1.1" status: 200 len: 3120 time: 0.3247221
2026-04-07 01:19:02.308 10 INFO neutron.db.ovn_revision_numbers_db [None req-e54cb55a-7d5b-41bb-80aa-091b2a32dff3 18878a0d425b4acdb108715ae117b9b7 28b3f955963c4cc181f8e9e005ce9122 - - default default] Successfully bumped revision number for resource bb013dd5-2d1c-417c-9c46-bbc89869b89d (type: router_ports) to 1
2026-04-07 01:19:02.313 10 INFO neutron.api.wsgi [None req-e54cb55a-7d5b-41bb-80aa-091b2a32dff3 18878a0d425b4acdb108715ae117b9b7 28b3f955963c4cc181f8e9e005ce9122 - - default default] 10.0.0.206 "PUT /v2.0/routers/c94a9bbb-d818-469c-971f-a16634309966/add_router_interface HTTP/1.1" status: 200 len: 503 time: 1.7460120
2026-04-07 01:19:02.422 9 INFO neutron.api.wsgi [None req-1f3d00fe-b44a-4c8f-8318-bf5da1476e42 18878a0d425b4acdb108715ae117b9b7 28b3f955963c4cc181f8e9e005ce9122 - - default default] 10.0.0.206 "DELETE /v2.0/security-groups/c4773b85-956d-4546-a143-ea77374fa2e2 HTTP/1.1" status: 204 len: 168 time: 0.2281394
2026-04-07 01:19:02.611 9 INFO neutron.db.ovn_revision_numbers_db [None req-5594aa65-be58-479c-8503-e098d91c1ea2 18878a0d425b4acdb108715ae117b9b7 28b3f955963c4cc181f8e9e005ce9122 - - default default] Successfully bumped revision number for resource c50dbc2f-306d-4e8d-ad82-524617a0e051 (type: security_groups) to 1
2026-04-07 01:19:02.623 9 INFO neutron.db.ovn_revision_numbers_db [None req-5594aa65-be58-479c-8503-e098d91c1ea2 18878a0d425b4acdb108715ae117b9b7 28b3f955963c4cc181f8e9e005ce9122 - - default default] Successfully bumped revision number for resource 0ade4f56-27c4-461f-b611-10db5316758f (type: security_group_rules) to 0
2026-04-07 01:19:02.636 9 INFO neutron.db.ovn_revision_numbers_db [None req-5594aa65-be58-479c-8503-e098d91c1ea2 18878a0d425b4acdb108715ae117b9b7 28b3f955963c4cc181f8e9e005ce9122 - - default default] Successfully bumped revision number for resource 21ac039c-084c-4e15-bb9b-567d02339469 (type: security_group_rules) to 0
2026-04-07 01:19:02.647 9 INFO neutron.db.ovn_revision_numbers_db [None req-5594aa65-be58-479c-8503-e098d91c1ea2 18878a0d425b4acdb108715ae117b9b7 28b3f955963c4cc181f8e9e005ce9122 - - default default] Successfully bumped revision number for resource 373755f8-092b-44ea-a848-333dc8b6427c (type: security_group_rules) to 0
2026-04-07 01:19:02.662 9 INFO neutron.db.ovn_revision_numbers_db [None req-5594aa65-be58-479c-8503-e098d91c1ea2 18878a0d425b4acdb108715ae117b9b7 28b3f955963c4cc181f8e9e005ce9122 - - default default] Successfully bumped revision number for resource e90f7e1f-52c7-45e6-9310-db80bea0ce60 (type: security_group_rules) to 0
2026-04-07 01:19:02.700 9 INFO neutron.api.wsgi [None req-5594aa65-be58-479c-8503-e098d91c1ea2 18878a0d425b4acdb108715ae117b9b7 28b3f955963c4cc181f8e9e005ce9122 - - default default] 10.0.0.206 "GET /v2.0/security-groups?tenant_id=fcaba0943d8949df8189bae9b8d9fe9d&name=default HTTP/1.1" status: 200 len: 3120 time: 0.1831479
2026-04-07 01:19:02.900 9 INFO neutron.api.wsgi [None req-8440baed-bd38-43c7-95b7-935f0ee071bc 18878a0d425b4acdb108715ae117b9b7 28b3f955963c4cc181f8e9e005ce9122 - - default default] 10.0.0.206 "DELETE /v2.0/security-groups/c50dbc2f-306d-4e8d-ad82-524617a0e051 HTTP/1.1" status: 204 len: 168 time: 0.1959610
2026-04-07 01:19:03.536 10 INFO neutron.db.ovn_revision_numbers_db [None req-5f715060-dd39-4d43-b4ed-c4e44a5e8344 18878a0d425b4acdb108715ae117b9b7 28b3f955963c4cc181f8e9e005ce9122 - - default default] Successfully bumped revision number for resource 018bc856-ebd3-40d7-8efe-30d592cfc894 (type: security_groups) to 1
2026-04-07 01:19:03.545 10 INFO neutron.db.ovn_revision_numbers_db [None req-5f715060-dd39-4d43-b4ed-c4e44a5e8344 18878a0d425b4acdb108715ae117b9b7 28b3f955963c4cc181f8e9e005ce9122 - - default default] Successfully bumped revision number for resource 0b5347cf-5dde-4717-a8e4-431bb52b31dc (type: security_group_rules) to 0
2026-04-07 01:19:03.558 10 INFO neutron.db.ovn_revision_numbers_db [None req-5f715060-dd39-4d43-b4ed-c4e44a5e8344 18878a0d425b4acdb108715ae117b9b7 28b3f955963c4cc181f8e9e005ce9122 - - default default] Successfully bumped revision number for resource 922115bf-6a42-423f-9fac-b3556932ee19 (type: security_group_rules) to 0
2026-04-07 01:19:03.573 10 INFO neutron.db.ovn_revision_numbers_db [None req-5f715060-dd39-4d43-b4ed-c4e44a5e8344 18878a0d425b4acdb108715ae117b9b7 28b3f955963c4cc181f8e9e005ce9122 - - default default] Successfully bumped revision number for resource a29fe8f7-ed62-4331-aeba-5c3665ad80f3 (type: security_group_rules) to 0
2026-04-07 01:19:03.595 10 INFO neutron.db.ovn_revision_numbers_db [None req-5f715060-dd39-4d43-b4ed-c4e44a5e8344 18878a0d425b4acdb108715ae117b9b7 28b3f955963c4cc181f8e9e005ce9122 - - default default] Successfully bumped revision number for resource a4daffab-4916-4b7f-9535-d4747d848f68 (type: security_group_rules) to 0
2026-04-07 01:19:03.662 10 INFO neutron.db.segments_db [None req-5f715060-dd39-4d43-b4ed-c4e44a5e8344 18878a0d425b4acdb108715ae117b9b7 28b3f955963c4cc181f8e9e005ce9122 - - default default] Added segment 2ef0039a-9b21-443d-a814-bb144d280f4c of type geneve for network f5f07e6c-0fea-4f64-ae06-f4ba83fe887b
2026-04-07 01:19:03.771 10 INFO neutron.db.ovn_revision_numbers_db [None req-5f715060-dd39-4d43-b4ed-c4e44a5e8344 18878a0d425b4acdb108715ae117b9b7 28b3f955963c4cc181f8e9e005ce9122 - - default default] Successfully bumped revision number for resource f5f07e6c-0fea-4f64-ae06-f4ba83fe887b (type: networks) to 1
2026-04-07 01:19:03.912 10 WARNING neutron.scheduler.dhcp_agent_scheduler [None req-5f715060-dd39-4d43-b4ed-c4e44a5e8344 18878a0d425b4acdb108715ae117b9b7 28b3f955963c4cc181f8e9e005ce9122 - - default default] No more DHCP agents
2026-04-07 01:19:03.913 10 WARNING neutron.api.rpc.agentnotifiers.dhcp_rpc_agent_api [None req-5f715060-dd39-4d43-b4ed-c4e44a5e8344 18878a0d425b4acdb108715ae117b9b7 28b3f955963c4cc181f8e9e005ce9122 - - default default] Unable to schedule network f5f07e6c-0fea-4f64-ae06-f4ba83fe887b: no agents available; will retry on subsequent port and subnet creation events.
2026-04-07 01:19:03.967 10 INFO neutron.db.ovn_revision_numbers_db [None req-5f715060-dd39-4d43-b4ed-c4e44a5e8344 18878a0d425b4acdb108715ae117b9b7 28b3f955963c4cc181f8e9e005ce9122 - - default default] Successfully bumped revision number for resource 114fdf13-8931-47b9-9543-b640fc9cd219 (type: ports) to 1
2026-04-07 01:19:03.984 10 INFO neutron.api.wsgi [None req-5f715060-dd39-4d43-b4ed-c4e44a5e8344 18878a0d425b4acdb108715ae117b9b7 28b3f955963c4cc181f8e9e005ce9122 - - default default] 10.0.0.206 "POST /v2.0/networks HTTP/1.1" status: 201 len: 942 time: 0.5863316
2026-04-07 01:19:04.110 10 WARNING neutron.scheduler.dhcp_agent_scheduler [None req-bdfb6c42-012d-4452-9e68-3fb95abdec69 18878a0d425b4acdb108715ae117b9b7 28b3f955963c4cc181f8e9e005ce9122 - - default default] No more DHCP agents
2026-04-07 01:19:04.111 10 WARNING neutron.api.rpc.agentnotifiers.dhcp_rpc_agent_api [None req-bdfb6c42-012d-4452-9e68-3fb95abdec69 18878a0d425b4acdb108715ae117b9b7 28b3f955963c4cc181f8e9e005ce9122 - - default default] Unable to schedule network f5f07e6c-0fea-4f64-ae06-f4ba83fe887b: no agents available; will retry on subsequent port and subnet creation events.
2026-04-07 01:19:04.479 10 INFO neutron.db.ovn_revision_numbers_db [None req-800a9870-9f9f-4482-b9d1-35499e59519b - - - - - -] Successfully bumped revision number for resource 114fdf13-8931-47b9-9543-b640fc9cd219 (type: ports) to 2
2026-04-07 01:19:04.504 10 INFO neutron.db.ovn_revision_numbers_db [None req-800a9870-9f9f-4482-b9d1-35499e59519b - - - - - -] Successfully bumped revision number for resource 64377571-c618-4c6b-9298-9ef99503d67a (type: subnets) to 0
2026-04-07 01:19:04.518 10 INFO neutron.api.wsgi [None req-bdfb6c42-012d-4452-9e68-3fb95abdec69 18878a0d425b4acdb108715ae117b9b7 28b3f955963c4cc181f8e9e005ce9122 - - default default] 10.0.0.206 "POST /v2.0/subnets HTTP/1.1" status: 201 len: 886 time: 0.5300293
2026-04-07 01:19:04.863 10 WARNING neutron.scheduler.dhcp_agent_scheduler [None req-dd151a5f-9673-4872-83ba-81cdbcb577f9 18878a0d425b4acdb108715ae117b9b7 28b3f955963c4cc181f8e9e005ce9122 - - default default] No more DHCP agents
2026-04-07 01:19:04.864 10 WARNING neutron.api.rpc.agentnotifiers.dhcp_rpc_agent_api [None req-dd151a5f-9673-4872-83ba-81cdbcb577f9 18878a0d425b4acdb108715ae117b9b7 28b3f955963c4cc181f8e9e005ce9122 - - default default] Unable to schedule network 9aff7a8e-31f5-4209-ac23-97fb955a382a: no agents available; will retry on subsequent port and subnet creation events.
2026-04-07 01:19:04.970 10 INFO neutron.db.ovn_revision_numbers_db [None req-dd151a5f-9673-4872-83ba-81cdbcb577f9 18878a0d425b4acdb108715ae117b9b7 28b3f955963c4cc181f8e9e005ce9122 - - default default] Successfully bumped revision number for resource 2c4c2489-f202-49c4-b70e-42905513b1c2 (type: ports) to 1
2026-04-07 01:19:05.486 10 INFO neutron.plugins.ml2.drivers.ovn.mech_driver.ovsdb.commands [None req-9a888254-dd97-4135-8f68-c9073fa90e7d - - - - - -] Schedule LRP lrp-2c4c2489-f202-49c4-b70e-42905513b1c2 on gateway 340b7c8e-ac30-46e4-975f-64ace12d86fe with priority 1
2026-04-07 01:19:05.497 10 INFO neutron.plugins.ml2.drivers.ovn.mech_driver.mech_driver [None req-a9e82c89-14cf-4a62-86b0-03f551aff1f5 - - - - - -] OVN reports status up for port: 2c4c2489-f202-49c4-b70e-42905513b1c2
2026-04-07 01:19:05.510 9 INFO neutron.plugins.ml2.drivers.ovn.mech_driver.ovsdb.ovsdb_monitor [None req-32e3af94-f98b-4e4d-bd4f-68af867f1e7a - - - - - -] Router b26531e1-479f-459a-b369-ab6eef4104c6 is bound to host instance
2026-04-07 01:19:05.518 10 INFO neutron.plugins.ml2.plugin [None req-a9e82c89-14cf-4a62-86b0-03f551aff1f5 - - - - - -] Attempt 1 to provision port 2c4c2489-f202-49c4-b70e-42905513b1c2
2026-04-07 01:19:05.532 10 INFO neutron.db.ovn_revision_numbers_db [None req-dd151a5f-9673-4872-83ba-81cdbcb577f9 18878a0d425b4acdb108715ae117b9b7 28b3f955963c4cc181f8e9e005ce9122 - - default default] Successfully bumped revision number for resource 2c4c2489-f202-49c4-b70e-42905513b1c2 (type: router_ports) to 1
2026-04-07 01:19:05.615 10 INFO neutron.db.ovn_revision_numbers_db [None req-dd151a5f-9673-4872-83ba-81cdbcb577f9 18878a0d425b4acdb108715ae117b9b7 28b3f955963c4cc181f8e9e005ce9122 - - default default] Successfully bumped revision number for resource b26531e1-479f-459a-b369-ab6eef4104c6 (type: routers) to 2
2026-04-07 01:19:05.631 10 INFO neutron.api.wsgi [None req-dd151a5f-9673-4872-83ba-81cdbcb577f9 18878a0d425b4acdb108715ae117b9b7 28b3f955963c4cc181f8e9e005ce9122 - - default default] 10.0.0.206 "POST /v2.0/routers HTTP/1.1" status: 201 len: 1164 time: 1.1079535
2026-04-07 01:19:05.911 9 INFO neutron.db.ovn_revision_numbers_db [None req-7e26ca7c-db16-486f-98a4-925ca7ec7e42 - - - - - -] Successfully bumped revision number for resource 2c4c2489-f202-49c4-b70e-42905513b1c2 (type: ports) to 1
2026-04-07 01:19:06.037 10 WARNING neutron.scheduler.dhcp_agent_scheduler [None req-cf29f67a-c744-4133-8fa3-a9bb5543e721 18878a0d425b4acdb108715ae117b9b7 28b3f955963c4cc181f8e9e005ce9122 - - default default] No more DHCP agents
2026-04-07 01:19:06.038 10 WARNING neutron.api.rpc.agentnotifiers.dhcp_rpc_agent_api [None req-cf29f67a-c744-4133-8fa3-a9bb5543e721 18878a0d425b4acdb108715ae117b9b7 28b3f955963c4cc181f8e9e005ce9122 - - default default] Unable to schedule network f5f07e6c-0fea-4f64-ae06-f4ba83fe887b: no agents available; will retry on subsequent port and subnet creation events.
2026-04-07 01:19:06.057 9 WARNING neutron_lib.context [None req-c533887e-d9b2-441d-8a96-6e30ae36ea31 4424d85941a3488085076cb5ae38a43f 212a8b0cd4a0440a8c189aab5a308f06 - - default default] Method 'is_advsvc' is deprecated since 2023.2 release (neutron-lib 3.8.0) and will be removed once support for the old RBAC API policies will be removed from Neutron. Please use method 'is_service_role' instead.
2026-04-07 01:19:06.160 10 INFO neutron.db.ovn_revision_numbers_db [None req-cf29f67a-c744-4133-8fa3-a9bb5543e721 18878a0d425b4acdb108715ae117b9b7 28b3f955963c4cc181f8e9e005ce9122 - - default default] Successfully bumped revision number for resource 7d23e9e1-4866-42b6-b44c-e7632b4574df (type: ports) to 1
2026-04-07 01:19:06.184 9 INFO neutron.db.ovn_revision_numbers_db [None req-c533887e-d9b2-441d-8a96-6e30ae36ea31 4424d85941a3488085076cb5ae38a43f 212a8b0cd4a0440a8c189aab5a308f06 - - default default] Successfully bumped revision number for resource d582977e-0ff8-4c0f-b56d-2681d3a7516f (type: security_groups) to 1
2026-04-07 01:19:06.200 9 INFO neutron.db.ovn_revision_numbers_db [None req-c533887e-d9b2-441d-8a96-6e30ae36ea31 4424d85941a3488085076cb5ae38a43f 212a8b0cd4a0440a8c189aab5a308f06 - - default default] Successfully bumped revision number for resource 047b6257-5a71-40a8-95d6-f5797afb4bae (type: security_group_rules) to 0
2026-04-07 01:19:06.213 9 INFO neutron.db.ovn_revision_numbers_db [None req-c533887e-d9b2-441d-8a96-6e30ae36ea31 4424d85941a3488085076cb5ae38a43f 212a8b0cd4a0440a8c189aab5a308f06 - - default default] Successfully bumped revision number for resource 0629325f-ee71-4f5d-92de-42e6cca092c2 (type: security_group_rules) to 0
2026-04-07 01:19:06.216 9 INFO neutron.db.ovn_revision_numbers_db [None req-7e26ca7c-db16-486f-98a4-925ca7ec7e42 - - - - - -] Successfully bumped revision number for resource 2c4c2489-f202-49c4-b70e-42905513b1c2 (type: ports) to 4
2026-04-07 01:19:06.224 9 INFO neutron.db.ovn_revision_numbers_db [None req-c533887e-d9b2-441d-8a96-6e30ae36ea31 4424d85941a3488085076cb5ae38a43f 212a8b0cd4a0440a8c189aab5a308f06 - - default default] Successfully bumped revision number for resource 5f172b97-bb16-4940-9fc4-3d5cf0fea0ba (type: security_group_rules) to 0
2026-04-07 01:19:06.238 9 INFO neutron.db.ovn_revision_numbers_db [None req-c533887e-d9b2-441d-8a96-6e30ae36ea31 4424d85941a3488085076cb5ae38a43f 212a8b0cd4a0440a8c189aab5a308f06 - - default default] Successfully bumped revision number for resource b2bcbedd-887c-41d7-89e2-4bbbd9bda21f (type: security_group_rules) to 0
2026-04-07 01:19:06.335 9 INFO neutron.db.ovn_revision_numbers_db [None req-c533887e-d9b2-441d-8a96-6e30ae36ea31 4424d85941a3488085076cb5ae38a43f 212a8b0cd4a0440a8c189aab5a308f06 - - default default] Successfully bumped revision number for resource c8aaa1cd-f56f-4cfa-9944-985722319330 (type: security_groups) to 1
2026-04-07 01:19:06.351 9 INFO neutron.db.ovn_revision_numbers_db [None req-c533887e-d9b2-441d-8a96-6e30ae36ea31 4424d85941a3488085076cb5ae38a43f 212a8b0cd4a0440a8c189aab5a308f06 - - default default] Successfully bumped revision number for resource 7edc6a12-4a71-4991-918d-a2a2b7e14d19 (type: security_group_rules) to 0
2026-04-07 01:19:06.363 9 INFO neutron.db.ovn_revision_numbers_db [None req-c533887e-d9b2-441d-8a96-6e30ae36ea31 4424d85941a3488085076cb5ae38a43f 212a8b0cd4a0440a8c189aab5a308f06 - - default default] Successfully bumped revision number for resource f780f6b2-1d14-4718-a496-b2b709807c54 (type: security_group_rules) to 0
2026-04-07 01:19:06.394 9 INFO neutron.api.wsgi [None req-c533887e-d9b2-441d-8a96-6e30ae36ea31 4424d85941a3488085076cb5ae38a43f 212a8b0cd4a0440a8c189aab5a308f06 - - default default] 10.0.0.206 "POST /v2.0/security-groups HTTP/1.1" status: 201 len: 1801 time: 0.4743612
2026-04-07 01:19:06.438 10 INFO neutron.api.wsgi [None req-958f0bf9-df51-4bce-8888-c9a945199d91 4424d85941a3488085076cb5ae38a43f 212a8b0cd4a0440a8c189aab5a308f06 - - default default] 10.0.0.206 "PUT /v2.0/security-groups/c8aaa1cd-f56f-4cfa-9944-985722319330/tags HTTP/1.1" status: 200 len: 218 time: 0.0373170
2026-04-07 01:19:06.465 9 INFO neutron.db.ovn_revision_numbers_db [None req-7e26ca7c-db16-486f-98a4-925ca7ec7e42 - - - - - -] Successfully bumped revision number for resource 2c4c2489-f202-49c4-b70e-42905513b1c2 (type: ports) to 5
2026-04-07 01:19:06.475 10 INFO neutron.api.wsgi [None req-62394808-5421-44dc-8545-e922b6a01cbc 4424d85941a3488085076cb5ae38a43f 212a8b0cd4a0440a8c189aab5a308f06 - - default default] 10.0.0.206 "GET /v2.0/security-groups/c8aaa1cd-f56f-4cfa-9944-985722319330/tags HTTP/1.1" status: 200 len: 218 time: 0.0315793
2026-04-07 01:19:06.523 9 INFO neutron.api.wsgi [None req-603bcd84-8b78-441f-81cf-b7b84489192c 4424d85941a3488085076cb5ae38a43f 212a8b0cd4a0440a8c189aab5a308f06 - - default default] 10.0.0.206 "PUT /v2.0/security-groups/c8aaa1cd-f56f-4cfa-9944-985722319330/tags/green HTTP/1.1" status: 201 len: 201 time: 0.0441465
2026-04-07 01:19:06.550 9 INFO neutron.api.wsgi [None req-4f7d9260-8c05-48d3-9449-fd5b0abb89ee 4424d85941a3488085076cb5ae38a43f 212a8b0cd4a0440a8c189aab5a308f06 - - default default] 10.0.0.206 "GET /v2.0/security-groups/c8aaa1cd-f56f-4cfa-9944-985722319330/tags HTTP/1.1" status: 200 len: 227 time: 0.0221903
2026-04-07 01:19:06.571 9 INFO neutron.api.wsgi [None req-0cd0287c-7686-4424-bde0-760326c957bf 4424d85941a3488085076cb5ae38a43f 212a8b0cd4a0440a8c189aab5a308f06 - - default default] 10.0.0.206 "PUT /v2.0/security-groups/c8aaa1cd-f56f-4cfa-9944-985722319330/tags/red HTTP/1.1" status: 201 len: 201 time: 0.0146418
2026-04-07 01:19:06.589 9 INFO neutron.api.wsgi [None req-9f65945d-e4d5-4a9f-a9bc-2b1316f6f86a 4424d85941a3488085076cb5ae38a43f 212a8b0cd4a0440a8c189aab5a308f06 - - default default] 10.0.0.206 "GET /v2.0/security-groups/c8aaa1cd-f56f-4cfa-9944-985722319330/tags HTTP/1.1" status: 200 len: 227 time: 0.0142350
2026-04-07 01:19:06.615 9 INFO neutron.api.wsgi [None req-e64ba29f-38ac-4da0-bd5d-9c9da58d98bc 4424d85941a3488085076cb5ae38a43f 212a8b0cd4a0440a8c189aab5a308f06 - - default default] 10.0.0.206 "PUT /v2.0/security-groups/c8aaa1cd-f56f-4cfa-9944-985722319330/tags/black.or.white HTTP/1.1" status: 201 len: 201 time: 0.0207067
2026-04-07 01:19:06.636 9 INFO neutron.api.wsgi [None req-0539d8ca-6475-48be-bc07-d999b52f897b 4424d85941a3488085076cb5ae38a43f 212a8b0cd4a0440a8c189aab5a308f06 - - default default] 10.0.0.206 "GET /v2.0/security-groups/c8aaa1cd-f56f-4cfa-9944-985722319330/tags HTTP/1.1" status: 200 len: 245 time: 0.0155494
2026-04-07 01:19:06.675 9 INFO neutron.api.wsgi [None req-2be77efc-8e4f-49d1-8709-acc952b06f9b 4424d85941a3488085076cb5ae38a43f 212a8b0cd4a0440a8c189aab5a308f06 - - default default] 10.0.0.206 "PUT /v2.0/security-groups/c8aaa1cd-f56f-4cfa-9944-985722319330/tags HTTP/1.1" status: 200 len: 230 time: 0.0340645
2026-04-07 01:19:06.698 9 INFO neutron.api.wsgi [None req-74534ce6-1eb8-4894-b07e-bdcf2aa331c5 4424d85941a3488085076cb5ae38a43f 212a8b0cd4a0440a8c189aab5a308f06 - - default default] 10.0.0.206 "GET /v2.0/security-groups/c8aaa1cd-f56f-4cfa-9944-985722319330/tags HTTP/1.1" status: 200 len: 230 time: 0.0176957
2026-04-07 01:19:06.698 10 INFO neutron.db.ovn_revision_numbers_db [None req-cf29f67a-c744-4133-8fa3-a9bb5543e721 18878a0d425b4acdb108715ae117b9b7 28b3f955963c4cc181f8e9e005ce9122 - - default default] Successfully bumped revision number for resource 7d23e9e1-4866-42b6-b44c-e7632b4574df (type: ports) to 1
2026-04-07 01:19:06.722 9 INFO neutron.api.wsgi [None req-08409e92-d865-4478-acba-6dc04ae1f4bf 4424d85941a3488085076cb5ae38a43f 212a8b0cd4a0440a8c189aab5a308f06 - - default default] 10.0.0.206 "GET /v2.0/security-groups/c8aaa1cd-f56f-4cfa-9944-985722319330/tags/red HTTP/1.1" status: 204 len: 168 time: 0.0185435
2026-04-07 01:19:06.742 9 INFO neutron.api.v2.resource [None req-f0220a82-8860-4f16-aa78-47dbdacf589c 4424d85941a3488085076cb5ae38a43f 212a8b0cd4a0440a8c189aab5a308f06 - - default default] show failed (client error): The resource could not be found.
2026-04-07 01:19:06.743 9 INFO neutron.api.wsgi [None req-f0220a82-8860-4f16-aa78-47dbdacf589c 4424d85941a3488085076cb5ae38a43f 212a8b0cd4a0440a8c189aab5a308f06 - - default default] 10.0.0.206 "GET /v2.0/security-groups/c8aaa1cd-f56f-4cfa-9944-985722319330/tags/green HTTP/1.1" status: 404 len: 299 time: 0.0171182
2026-04-07 01:19:06.756 10 WARNING neutron.scheduler.dhcp_agent_scheduler [None req-cf29f67a-c744-4133-8fa3-a9bb5543e721 18878a0d425b4acdb108715ae117b9b7 28b3f955963c4cc181f8e9e005ce9122 - - default default] No more DHCP agents
2026-04-07 01:19:06.757 10 WARNING neutron.api.rpc.agentnotifiers.dhcp_rpc_agent_api [None req-cf29f67a-c744-4133-8fa3-a9bb5543e721 18878a0d425b4acdb108715ae117b9b7 28b3f955963c4cc181f8e9e005ce9122 - - default default] Unable to schedule network f5f07e6c-0fea-4f64-ae06-f4ba83fe887b: no agents available; will retry on subsequent port and subnet creation events.
2026-04-07 01:19:06.776 9 INFO neutron.api.wsgi [None req-4ddebd3b-0b96-4e7e-bfdf-ab94cb3d78fc 4424d85941a3488085076cb5ae38a43f 212a8b0cd4a0440a8c189aab5a308f06 - - default default] 10.0.0.206 "DELETE /v2.0/security-groups/c8aaa1cd-f56f-4cfa-9944-985722319330/tags/red HTTP/1.1" status: 204 len: 168 time: 0.0289819
2026-04-07 01:19:06.806 10 INFO neutron.api.wsgi [None req-93eef69f-bde7-4bd0-9e1a-39d12a584a9e 4424d85941a3488085076cb5ae38a43f 212a8b0cd4a0440a8c189aab5a308f06 - - default default] 10.0.0.206 "GET /v2.0/security-groups/c8aaa1cd-f56f-4cfa-9944-985722319330/tags HTTP/1.1" status: 200 len: 223 time: 0.0251672
2026-04-07 01:19:06.829 9 INFO neutron.api.v2.resource [None req-932cfb53-3266-4662-89e4-dd6bca26ee72 4424d85941a3488085076cb5ae38a43f 212a8b0cd4a0440a8c189aab5a308f06 - - default default] delete failed (client error): The resource could not be found.
2026-04-07 01:19:06.830 9 INFO neutron.api.wsgi [None req-932cfb53-3266-4662-89e4-dd6bca26ee72 4424d85941a3488085076cb5ae38a43f 212a8b0cd4a0440a8c189aab5a308f06 - - default default] 10.0.0.206 "DELETE /v2.0/security-groups/c8aaa1cd-f56f-4cfa-9944-985722319330/tags/green HTTP/1.1" status: 404 len: 299 time: 0.0184262
2026-04-07 01:19:06.864 9 INFO neutron.api.wsgi [None req-0b5582e0-7b65-4532-9799-52ed4f4aa113 4424d85941a3488085076cb5ae38a43f 212a8b0cd4a0440a8c189aab5a308f06 - - default default] 10.0.0.206 "DELETE /v2.0/security-groups/c8aaa1cd-f56f-4cfa-9944-985722319330/tags HTTP/1.1" status: 204 len: 168 time: 0.0299594
2026-04-07 01:19:06.885 9 INFO neutron.api.wsgi [None req-9966343b-4000-43d2-9738-17a638d1d770 4424d85941a3488085076cb5ae38a43f 212a8b0cd4a0440a8c189aab5a308f06 - - default default] 10.0.0.206 "GET /v2.0/security-groups/c8aaa1cd-f56f-4cfa-9944-985722319330/tags HTTP/1.1" status: 200 len: 205 time: 0.0179262
2026-04-07 01:19:07.034 10 INFO neutron.api.wsgi [None req-83cde304-a817-4f31-b107-785b105ec63d 4424d85941a3488085076cb5ae38a43f 212a8b0cd4a0440a8c189aab5a308f06 - - default default] 10.0.0.206 "DELETE /v2.0/security-groups/c8aaa1cd-f56f-4cfa-9944-985722319330 HTTP/1.1" status: 204 len: 168 time: 0.1400764
2026-04-07 01:19:07.069 9 WARNING neutron.plugins.ml2.drivers.ovn.mech_driver.ovsdb.ovn_client [None req-a5b35581-7e05-4f6a-ba8e-4503fba2252e - - - - - -] No hosting information found for port bb013dd5-2d1c-417c-9c46-bbc89869b89d: RuntimeError: No hosting information found for port bb013dd5-2d1c-417c-9c46-bbc89869b89d
2026-04-07 01:19:07.155 9 INFO neutron.db.ovn_revision_numbers_db [None req-a5b35581-7e05-4f6a-ba8e-4503fba2252e - - - - - -] Successfully bumped revision number for resource bb013dd5-2d1c-417c-9c46-bbc89869b89d (type: router_ports) to 2
2026-04-07 01:19:07.155 9 INFO neutron.plugins.ml2.drivers.ovn.mech_driver.mech_driver [None req-a5b35581-7e05-4f6a-ba8e-4503fba2252e - - - - - -] OVN reports status up for port: 7d23e9e1-4866-42b6-b44c-e7632b4574df
2026-04-07 01:19:07.161 9 INFO neutron.plugins.ml2.plugin [None req-a5b35581-7e05-4f6a-ba8e-4503fba2252e - - - - - -] Attempt 1 to provision port 7d23e9e1-4866-42b6-b44c-e7632b4574df
2026-04-07 01:19:07.409 10 INFO neutron.db.ovn_revision_numbers_db [None req-cf29f67a-c744-4133-8fa3-a9bb5543e721 18878a0d425b4acdb108715ae117b9b7 28b3f955963c4cc181f8e9e005ce9122 - - default default] Successfully bumped revision number for resource 7d23e9e1-4866-42b6-b44c-e7632b4574df (type: router_ports) to 1
2026-04-07 01:19:07.414 10 INFO neutron.api.wsgi [None req-cf29f67a-c744-4133-8fa3-a9bb5543e721 18878a0d425b4acdb108715ae117b9b7 28b3f955963c4cc181f8e9e005ce9122 - - default default] 10.0.0.206 "PUT /v2.0/routers/b26531e1-479f-459a-b369-ab6eef4104c6/add_router_interface HTTP/1.1" status: 200 len: 503 time: 1.7777774
2026-04-07 01:19:07.560 9 INFO neutron.db.ovn_revision_numbers_db [None req-a5b35581-7e05-4f6a-ba8e-4503fba2252e - - - - - -] Successfully bumped revision number for resource 7d23e9e1-4866-42b6-b44c-e7632b4574df (type: ports) to 2
2026-04-07 01:19:07.697 9 INFO neutron.api.wsgi [-] 10.0.0.230 "GET / HTTP/1.1" status: 200 len: 246 time: 0.0025151
2026-04-07 01:19:07.698 10 INFO neutron.api.wsgi [-] 10.0.0.230 "GET / HTTP/1.1" status: 200 len: 246 time: 0.0029922
2026-04-07 01:19:07.944 9 INFO neutron.api.wsgi [None req-bf18d27d-a62a-42b8-972a-63ced76ca800 18878a0d425b4acdb108715ae117b9b7 28b3f955963c4cc181f8e9e005ce9122 - - default default] 10.0.0.206 "GET /v2.0/security-groups?tenant_id=212a8b0cd4a0440a8c189aab5a308f06&name=default HTTP/1.1" status: 200 len: 3120 time: 0.1659067
2026-04-07 01:19:07.953 9 WARNING neutron_lib.context [None req-a1cb0a7b-e707-4c97-b4a4-94843f6c27fb ca1bd0ad8b6949098b2b3358eb38aeef 82aed001f1e242db8691cdef50ac6404 - - default default] Method 'is_advsvc' is deprecated since 2023.2 release (neutron-lib 3.8.0) and will be removed once support for the old RBAC API policies will be removed from Neutron. Please use method 'is_service_role' instead.
2026-04-07 01:19:08.047 9 INFO neutron.db.ovn_revision_numbers_db [None req-a1cb0a7b-e707-4c97-b4a4-94843f6c27fb ca1bd0ad8b6949098b2b3358eb38aeef 82aed001f1e242db8691cdef50ac6404 - - default default] Successfully bumped revision number for resource 284a9bac-0d5c-420c-95d6-b1b13f6cf02f (type: security_groups) to 1
2026-04-07 01:19:08.059 9 INFO neutron.db.ovn_revision_numbers_db [None req-a1cb0a7b-e707-4c97-b4a4-94843f6c27fb ca1bd0ad8b6949098b2b3358eb38aeef 82aed001f1e242db8691cdef50ac6404 - - default default] Successfully bumped revision number for resource 2b14b2af-b77d-4181-8fba-7db85b68e17d (type: security_group_rules) to 0
2026-04-07 01:19:08.072 9 INFO neutron.db.ovn_revision_numbers_db [None req-a1cb0a7b-e707-4c97-b4a4-94843f6c27fb ca1bd0ad8b6949098b2b3358eb38aeef 82aed001f1e242db8691cdef50ac6404 - - default default] Successfully bumped revision number for resource 50b17a78-5742-4de1-873c-665fd76bab36 (type: security_group_rules) to 0
2026-04-07 01:19:08.102 9 INFO neutron.api.wsgi [None req-a1cb0a7b-e707-4c97-b4a4-94843f6c27fb ca1bd0ad8b6949098b2b3358eb38aeef 82aed001f1e242db8691cdef50ac6404 - - default default] 10.0.0.206 "POST /v2.0/security-groups HTTP/1.1" status: 201 len: 1875 time: 0.1528759
2026-04-07 01:19:08.112 10 WARNING neutron_lib.context [None req-7defde6d-7f45-4bec-8257-7cf072cb6f37 ca1bd0ad8b6949098b2b3358eb38aeef 82aed001f1e242db8691cdef50ac6404 - - default default] Method 'is_advsvc' is deprecated since 2023.2 release (neutron-lib 3.8.0) and will be removed once support for the old RBAC API policies will be removed from Neutron. Please use method 'is_service_role' instead.
2026-04-07 01:19:08.144 10 INFO neutron.api.wsgi [None req-f0f68e75-4b32-462e-88d5-5394b978198c 18878a0d425b4acdb108715ae117b9b7 28b3f955963c4cc181f8e9e005ce9122 - - default default] 10.0.0.206 "DELETE /v2.0/security-groups/d582977e-0ff8-4c0f-b56d-2681d3a7516f HTTP/1.1" status: 204 len: 168 time: 0.1947479
2026-04-07 01:19:08.226 10 INFO neutron.db.ovn_revision_numbers_db [None req-7defde6d-7f45-4bec-8257-7cf072cb6f37 ca1bd0ad8b6949098b2b3358eb38aeef 82aed001f1e242db8691cdef50ac6404 - - default default] Successfully bumped revision number for resource e95e40f2-1db2-4d92-b197-c27b44235fb2 (type: security_group_rules) to 0
2026-04-07 01:19:08.264 10 INFO neutron.api.wsgi [None req-7defde6d-7f45-4bec-8257-7cf072cb6f37 ca1bd0ad8b6949098b2b3358eb38aeef 82aed001f1e242db8691cdef50ac6404 - - default default] 10.0.0.206 "POST /v2.0/security-group-rules HTTP/1.1" status: 201 len: 796 time: 0.1567492
2026-04-07 01:19:08.274 10 WARNING neutron_lib.context [None req-92c201e1-9473-4fb9-afb7-9596ce15118c ca1bd0ad8b6949098b2b3358eb38aeef 82aed001f1e242db8691cdef50ac6404 - - default default] Method 'is_advsvc' is deprecated since 2023.2 release (neutron-lib 3.8.0) and will be removed once support for the old RBAC API policies will be removed from Neutron. Please use method 'is_service_role' instead.
2026-04-07 01:19:08.373 10 INFO neutron.db.ovn_revision_numbers_db [None req-3b81dd2b-2050-48b7-a9d4-2d1afe0c77f7 18878a0d425b4acdb108715ae117b9b7 28b3f955963c4cc181f8e9e005ce9122 - - default default] Successfully bumped revision number for resource 3105e48e-6b77-42b6-a5b1-11ddf5ba9aea (type: security_groups) to 1
2026-04-07 01:19:08.389 10 INFO neutron.db.ovn_revision_numbers_db [None req-3b81dd2b-2050-48b7-a9d4-2d1afe0c77f7 18878a0d425b4acdb108715ae117b9b7 28b3f955963c4cc181f8e9e005ce9122 - - default default] Successfully bumped revision number for resource 86651fee-824e-4235-875b-9c8026428280 (type: security_group_rules) to 0
2026-04-07 01:19:08.402 10 INFO neutron.db.ovn_revision_numbers_db [None req-3b81dd2b-2050-48b7-a9d4-2d1afe0c77f7 18878a0d425b4acdb108715ae117b9b7 28b3f955963c4cc181f8e9e005ce9122 - - default default] Successfully bumped revision number for resource 8a88fe19-1a59-4913-9bdb-1c52abdaf31a (type: security_group_rules) to 0
2026-04-07 01:19:08.409 10 INFO neutron.db.ovn_revision_numbers_db [None req-92c201e1-9473-4fb9-afb7-9596ce15118c ca1bd0ad8b6949098b2b3358eb38aeef 82aed001f1e242db8691cdef50ac6404 - - default default] Successfully bumped revision number for resource 9e9a56dc-e931-4137-8138-fb55edda88a5 (type: security_group_rules) to 0
2026-04-07 01:19:08.413 10 INFO neutron.db.ovn_revision_numbers_db [None req-3b81dd2b-2050-48b7-a9d4-2d1afe0c77f7 18878a0d425b4acdb108715ae117b9b7 28b3f955963c4cc181f8e9e005ce9122 - - default default] Successfully bumped revision number for resource b5087d3b-e366-4ce4-a4ea-fe5eff1a011b (type: security_group_rules) to 0
2026-04-07 01:19:08.427 10 INFO neutron.db.ovn_revision_numbers_db [None req-3b81dd2b-2050-48b7-a9d4-2d1afe0c77f7 18878a0d425b4acdb108715ae117b9b7 28b3f955963c4cc181f8e9e005ce9122 - - default default] Successfully bumped revision number for resource e98e5c88-d94d-4538-8b3d-30fba5434931 (type: security_group_rules) to 0
2026-04-07 01:19:08.677 10 INFO neutron.api.wsgi [None req-92c201e1-9473-4fb9-afb7-9596ce15118c ca1bd0ad8b6949098b2b3358eb38aeef 82aed001f1e242db8691cdef50ac6404 - - default default] 10.0.0.206 "POST /v2.0/security-group-rules HTTP/1.1" status: 201 len: 795 time: 0.4072418
2026-04-07 01:19:08.687 9 WARNING neutron_lib.context [None req-7d2fe612-8da7-4df7-a9a2-9d35ad67286b ca1bd0ad8b6949098b2b3358eb38aeef 82aed001f1e242db8691cdef50ac6404 - - default default] Method 'is_advsvc' is deprecated since 2023.2 release (neutron-lib 3.8.0) and will be removed once support for the old RBAC API policies will be removed from Neutron. Please use method 'is_service_role' instead.
2026-04-07 01:19:08.699 10 INFO neutron.api.wsgi [None req-3b81dd2b-2050-48b7-a9d4-2d1afe0c77f7 18878a0d425b4acdb108715ae117b9b7 28b3f955963c4cc181f8e9e005ce9122 - - default default] 10.0.0.206 "GET /v2.0/security-groups?tenant_id=c3fbde259a3c43b0ad29df183b228945&name=default HTTP/1.1" status: 200 len: 3120 time: 0.4763005
2026-04-07 01:19:08.807 9 INFO neutron.db.ovn_revision_numbers_db [None req-7d2fe612-8da7-4df7-a9a2-9d35ad67286b ca1bd0ad8b6949098b2b3358eb38aeef 82aed001f1e242db8691cdef50ac6404 - - default default] Successfully bumped revision number for resource c0bf54c4-e2dd-4d8e-b2a0-02ebd38cd848 (type: security_group_rules) to 0
2026-04-07 01:19:08.835 9 INFO neutron.api.wsgi [None req-7d2fe612-8da7-4df7-a9a2-9d35ad67286b ca1bd0ad8b6949098b2b3358eb38aeef 82aed001f1e242db8691cdef50ac6404 - - default default] 10.0.0.206 "POST /v2.0/security-group-rules HTTP/1.1" status: 201 len: 801 time: 0.1512127
2026-04-07 01:19:08.845 9 WARNING neutron_lib.context [None req-eacdff1c-46d9-463a-9550-111c0519ad2d ca1bd0ad8b6949098b2b3358eb38aeef 82aed001f1e242db8691cdef50ac6404 - - default default] Method 'is_advsvc' is deprecated since 2023.2 release (neutron-lib 3.8.0) and will be removed once support for the old RBAC API policies will be removed from Neutron. Please use method 'is_service_role' instead.
2026-04-07 01:19:08.904 10 INFO neutron.api.wsgi [None req-113ff886-5728-4d18-938a-7e697b6911e2 18878a0d425b4acdb108715ae117b9b7 28b3f955963c4cc181f8e9e005ce9122 - - default default] 10.0.0.206 "DELETE /v2.0/security-groups/3105e48e-6b77-42b6-a5b1-11ddf5ba9aea HTTP/1.1" status: 204 len: 168 time: 0.2009916
2026-04-07 01:19:08.960 9 INFO neutron.db.ovn_revision_numbers_db [None req-eacdff1c-46d9-463a-9550-111c0519ad2d ca1bd0ad8b6949098b2b3358eb38aeef 82aed001f1e242db8691cdef50ac6404 - - default default] Successfully bumped revision number for resource 5a821620-ad32-4bdf-8f5e-4faa7a846f06 (type: security_group_rules) to 0
2026-04-07 01:19:08.985 9 INFO neutron.api.wsgi [None req-eacdff1c-46d9-463a-9550-111c0519ad2d ca1bd0ad8b6949098b2b3358eb38aeef 82aed001f1e242db8691cdef50ac6404 - - default default] 10.0.0.206 "POST /v2.0/security-group-rules HTTP/1.1" status: 201 len: 800 time: 0.1453590
2026-04-07 01:19:08.994 9 WARNING neutron_lib.context [None req-1df06cda-0efe-49b4-95f3-57d9e1b96718 ca1bd0ad8b6949098b2b3358eb38aeef 82aed001f1e242db8691cdef50ac6404 - - default default] Method 'is_advsvc' is deprecated since 2023.2 release (neutron-lib 3.8.0) and will be removed once support for the old RBAC API policies will be removed from Neutron. Please use method 'is_service_role' instead.
2026-04-07 01:19:09.026 9 INFO neutron.db.securitygroups_db [None req-1df06cda-0efe-49b4-95f3-57d9e1b96718 ca1bd0ad8b6949098b2b3358eb38aeef 82aed001f1e242db8691cdef50ac6404 - - default default] Project 82aed001f1e242db8691cdef50ac6404 added a security group rule with legacy IPv6 ICMP protocol name icmp, ipv6-icmp should be used instead. It was automatically converted.
2026-04-07 01:19:09.116 9 INFO neutron.db.ovn_revision_numbers_db [None req-1df06cda-0efe-49b4-95f3-57d9e1b96718 ca1bd0ad8b6949098b2b3358eb38aeef 82aed001f1e242db8691cdef50ac6404 - - default default] Successfully bumped revision number for resource 92ab3fc8-42f5-4390-a0ef-3e865fbf9ef7 (type: security_group_rules) to 0
2026-04-07 01:19:09.147 9 INFO neutron.api.wsgi [None req-1df06cda-0efe-49b4-95f3-57d9e1b96718 ca1bd0ad8b6949098b2b3358eb38aeef 82aed001f1e242db8691cdef50ac6404 - - default default] 10.0.0.206 "POST /v2.0/security-group-rules HTTP/1.1" status: 201 len: 806 time: 0.1570346
2026-04-07 01:19:09.156 9 WARNING neutron_lib.context [None req-c1bb12ae-2a14-44cb-8a5a-a71e61005410 ca1bd0ad8b6949098b2b3358eb38aeef 82aed001f1e242db8691cdef50ac6404 - - default default] Method 'is_advsvc' is deprecated since 2023.2 release (neutron-lib 3.8.0) and will be removed once support for the old RBAC API policies will be removed from Neutron. Please use method 'is_service_role' instead.
2026-04-07 01:19:09.183 9 INFO neutron.db.securitygroups_db [None req-c1bb12ae-2a14-44cb-8a5a-a71e61005410 ca1bd0ad8b6949098b2b3358eb38aeef 82aed001f1e242db8691cdef50ac6404 - - default default] Project 82aed001f1e242db8691cdef50ac6404 added a security group rule with legacy IPv6 ICMP protocol name icmp, ipv6-icmp should be used instead. It was automatically converted.
2026-04-07 01:19:09.267 9 INFO neutron.db.ovn_revision_numbers_db [None req-c1bb12ae-2a14-44cb-8a5a-a71e61005410 ca1bd0ad8b6949098b2b3358eb38aeef 82aed001f1e242db8691cdef50ac6404 - - default default] Successfully bumped revision number for resource 296edb71-3fd7-444f-bba5-496d953837d7 (type: security_group_rules) to 0
2026-04-07 01:19:09.292 9 INFO neutron.api.wsgi [None req-c1bb12ae-2a14-44cb-8a5a-a71e61005410 ca1bd0ad8b6949098b2b3358eb38aeef 82aed001f1e242db8691cdef50ac6404 - - default default] 10.0.0.206 "POST /v2.0/security-group-rules HTTP/1.1" status: 201 len: 805 time: 0.1391375
2026-04-07 01:19:09.667 10 INFO neutron.api.wsgi [None req-b623dd8a-9fde-4a6a-97b1-7f8f0ef25ac6 18878a0d425b4acdb108715ae117b9b7 28b3f955963c4cc181f8e9e005ce9122 - - default default] 199.204.45.244 "GET /v2.0/extensions/security-group HTTP/1.1" status: 200 len: 369 time: 0.0033069
2026-04-07 01:19:09.675 10 INFO neutron.api.wsgi [None req-02e65359-18f0-4431-8391-6bf9ca282210 18878a0d425b4acdb108715ae117b9b7 28b3f955963c4cc181f8e9e005ce9122 - - default default] 199.204.45.244 "GET /v2.0/extensions/dns-integration HTTP/1.1" status: 200 len: 371 time: 0.0038486
2026-04-07 01:19:09.682 10 INFO neutron.api.wsgi [None req-ecf8b358-81c7-44a9-bcf7-32bacdd7fce5 18878a0d425b4acdb108715ae117b9b7 28b3f955963c4cc181f8e9e005ce9122 - - default default] 199.204.45.244 "GET /v2.0/extensions/qos HTTP/1.1" status: 200 len: 365 time: 0.0038874
2026-04-07 01:19:09.691 10 INFO neutron.api.wsgi [None req-47ad7a36-1ac1-4214-ada0-a4921ca65be3 18878a0d425b4acdb108715ae117b9b7 28b3f955963c4cc181f8e9e005ce9122 - - default default] 199.204.45.244 "GET /v2.0/extensions/allowed-address-pairs HTTP/1.1" status: 200 len: 383 time: 0.0043514
2026-04-07 01:19:09.724 10 INFO neutron.api.wsgi [None req-e7a1a22c-ea5b-4265-80fb-b7ffa267151c 18878a0d425b4acdb108715ae117b9b7 28b3f955963c4cc181f8e9e005ce9122 - - default default] 199.204.45.244 "GET /v2.0/subnets/0b883af0-764b-40cf-9116-842bb8601cd4 HTTP/1.1" status: 200 len: 873 time: 0.0292528
2026-04-07 01:19:09.742 9 WARNING neutron_lib.context [None req-4a36ea38-a213-4f44-9b5e-bd4fc83a82ae ca1bd0ad8b6949098b2b3358eb38aeef 82aed001f1e242db8691cdef50ac6404 - - default default] Method 'is_advsvc' is deprecated since 2023.2 release (neutron-lib 3.8.0) and will be removed once support for the old RBAC API policies will be removed from Neutron. Please use method 'is_service_role' instead.
2026-04-07 01:19:09.776 10 INFO neutron.api.wsgi [None req-9607d34f-22a8-43d9-9965-24dbbee247f6 18878a0d425b4acdb108715ae117b9b7 28b3f955963c4cc181f8e9e005ce9122 - - default default] 199.204.45.244 "GET /v2.0/ports?device_id=237909f3-cc85-4639-a24e-367bd2914884 HTTP/1.1" status: 200 len: 5123 time: 0.0473728
2026-04-07 01:19:09.861 9 INFO neutron.db.ovn_revision_numbers_db [None req-4a36ea38-a213-4f44-9b5e-bd4fc83a82ae ca1bd0ad8b6949098b2b3358eb38aeef 82aed001f1e242db8691cdef50ac6404 - - default default] Successfully bumped revision number for resource fd0ff388-0bba-4c50-a3ab-def158b119d5 (type: security_groups) to 1
2026-04-07 01:19:09.872 9 INFO neutron.db.ovn_revision_numbers_db [None req-4a36ea38-a213-4f44-9b5e-bd4fc83a82ae ca1bd0ad8b6949098b2b3358eb38aeef 82aed001f1e242db8691cdef50ac6404 - - default default] Successfully bumped revision number for resource 573c3de9-76b4-4740-9a7a-eda5ab8cfe0f (type: security_group_rules) to 0
2026-04-07 01:19:09.887 9 INFO neutron.db.ovn_revision_numbers_db [None req-4a36ea38-a213-4f44-9b5e-bd4fc83a82ae ca1bd0ad8b6949098b2b3358eb38aeef 82aed001f1e242db8691cdef50ac6404 - - default default] Successfully bumped revision number for resource a59eb45f-a0b5-402c-9498-a1abf5de650d (type: security_group_rules) to 0
2026-04-07 01:19:09.889 10 INFO neutron.api.wsgi [None req-6a03fdda-b3f2-4b5b-be9d-1c53bcafe612 18878a0d425b4acdb108715ae117b9b7 28b3f955963c4cc181f8e9e005ce9122 - - default default] 199.204.45.244 "GET /v2.0/extensions/security-group HTTP/1.1" status: 200 len: 369 time: 0.0071876
2026-04-07 01:19:09.897 10 INFO neutron.api.wsgi [None req-d1e9e546-2eae-4094-a9cf-8456ebd7daad 18878a0d425b4acdb108715ae117b9b7 28b3f955963c4cc181f8e9e005ce9122 - - default default] 199.204.45.244 "GET /v2.0/extensions/dns-integration HTTP/1.1" status: 200 len: 371 time: 0.0043232
2026-04-07 01:19:09.904 10 INFO neutron.api.wsgi [None req-4a5a4e03-82a5-4dda-8c3c-bf658cd90d05 18878a0d425b4acdb108715ae117b9b7 28b3f955963c4cc181f8e9e005ce9122 - - default default] 199.204.45.244 "GET /v2.0/extensions/qos HTTP/1.1" status: 200 len: 365 time: 0.0025997
2026-04-07 01:19:09.912 10 INFO neutron.api.wsgi [None req-60359daf-1058-4590-9b43-7914c970fb7e 18878a0d425b4acdb108715ae117b9b7 28b3f955963c4cc181f8e9e005ce9122 - - default default] 199.204.45.244 "GET /v2.0/extensions/allowed-address-pairs HTTP/1.1" status: 200 len: 383 time: 0.0048888
2026-04-07 01:19:09.922 9 INFO neutron.api.wsgi [None req-4a36ea38-a213-4f44-9b5e-bd4fc83a82ae ca1bd0ad8b6949098b2b3358eb38aeef 82aed001f1e242db8691cdef50ac6404 - - default default] 10.0.0.206 "POST /v2.0/security-groups HTTP/1.1" status: 201 len: 1860 time: 0.1863017
2026-04-07 01:19:09.930 9 WARNING neutron_lib.context [None req-c724e791-18ab-49ed-b92c-81875523e899 ca1bd0ad8b6949098b2b3358eb38aeef 82aed001f1e242db8691cdef50ac6404 - - default default] Method 'is_advsvc' is deprecated since 2023.2 release (neutron-lib 3.8.0) and will be removed once support for the old RBAC API policies will be removed from Neutron. Please use method 'is_service_role' instead.
2026-04-07 01:19:09.944 10 INFO neutron.api.wsgi [None req-9b848a1e-28ab-4148-ba38-2d78b8edf33c 18878a0d425b4acdb108715ae117b9b7 28b3f955963c4cc181f8e9e005ce9122 - - default default] 199.204.45.244 "GET /v2.0/ports/12244224-9435-4765-83ed-5840fed6ba01 HTTP/1.1" status: 200 len: 1406 time: 0.0281804
2026-04-07 01:19:10.046 9 INFO neutron.db.ovn_revision_numbers_db [None req-c724e791-18ab-49ed-b92c-81875523e899 ca1bd0ad8b6949098b2b3358eb38aeef 82aed001f1e242db8691cdef50ac6404 - - default default] Successfully bumped revision number for resource e7f76793-407d-4a78-9f35-b7d7af7d4fea (type: security_group_rules) to 0
2026-04-07 01:19:10.076 9 INFO neutron.api.wsgi [None req-c724e791-18ab-49ed-b92c-81875523e899 ca1bd0ad8b6949098b2b3358eb38aeef 82aed001f1e242db8691cdef50ac6404 - - default default] 10.0.0.206 "POST /v2.0/security-group-rules HTTP/1.1" status: 201 len: 796 time: 0.1494644
2026-04-07 01:19:10.085 9 WARNING neutron_lib.context [None req-ed216011-98f4-4892-8116-010dab5b85e9 ca1bd0ad8b6949098b2b3358eb38aeef 82aed001f1e242db8691cdef50ac6404 - - default default] Method 'is_advsvc' is deprecated since 2023.2 release (neutron-lib 3.8.0) and will be removed once support for the old RBAC API policies will be removed from Neutron. Please use method 'is_service_role' instead.
2026-04-07 01:19:10.185 9 INFO neutron.db.ovn_revision_numbers_db [None req-ed216011-98f4-4892-8116-010dab5b85e9 ca1bd0ad8b6949098b2b3358eb38aeef 82aed001f1e242db8691cdef50ac6404 - - default default] Successfully bumped revision number for resource 4de1280e-25eb-4d21-b382-f10b884eb616 (type: security_group_rules) to 0
2026-04-07 01:19:10.213 9 INFO neutron.api.wsgi [None req-ed216011-98f4-4892-8116-010dab5b85e9 ca1bd0ad8b6949098b2b3358eb38aeef 82aed001f1e242db8691cdef50ac6404 - - default default] 10.0.0.206 "POST /v2.0/security-group-rules HTTP/1.1" status: 201 len: 801 time: 0.1322865
2026-04-07 01:19:10.224 10 WARNING neutron_lib.context [None req-9d907404-812d-4950-b5da-eed9f346db9b ca1bd0ad8b6949098b2b3358eb38aeef 82aed001f1e242db8691cdef50ac6404 - - default default] Method 'is_advsvc' is deprecated since 2023.2 release (neutron-lib 3.8.0) and will be removed once support for the old RBAC API policies will be removed from Neutron. Please use method 'is_service_role' instead.
2026-04-07 01:19:10.327 10 INFO neutron.db.ovn_revision_numbers_db [None req-cbd38199-2861-475f-92ea-4e25b1639c2c 18878a0d425b4acdb108715ae117b9b7 28b3f955963c4cc181f8e9e005ce9122 - - default default] Successfully bumped revision number for resource 12244224-9435-4765-83ed-5840fed6ba01 (type: ports) to 7
2026-04-07 01:19:10.342 10 INFO neutron.api.wsgi [None req-cbd38199-2861-475f-92ea-4e25b1639c2c 18878a0d425b4acdb108715ae117b9b7 28b3f955963c4cc181f8e9e005ce9122 - - default default] 199.204.45.244 "PUT /v2.0/ports/12244224-9435-4765-83ed-5840fed6ba01 HTTP/1.1" status: 200 len: 1203 time: 0.3940566 /var/lib/openstack/lib/python3.12/site-packages/pycadf/identifier.py:71: UserWarning: Invalid uuid: neutron. To ensure interoperability, identifiers should be a valid uuid. warnings.warn(('Invalid uuid: %s. To ensure interoperability, '
2026-04-07 01:19:10.362 9 INFO neutron.api.wsgi [req-a386fd13-6850-4dc0-bca4-8643baf28ed2 req-6a4fd0f9-a087-462d-bf72-e602e2408dfa 077cfc4fdc9945279dd840bee508c26d 7b2064a28fc940e79a1ae6d59fa8558d - - f2cb70a218e141769260855bf15aa918 f2cb70a218e141769260855bf15aa918] 199.204.45.244 "GET /v2.0/ports?device_id=51d588c2-d577-46f8-981f-c6e57f850d3a&fields=binding%3Ahost_id&fields=binding%3Avif_type HTTP/1.1" status: 200 len: 265 time: 0.0293064
2026-04-07 01:19:10.390 10 INFO neutron.notifiers.nova [-] Nova event matching ['req-f0d3ae4c-9238-4560-b885-c0ff17a43172'] response: {'name': 'network-changed', 'server_uuid': '237909f3-cc85-4639-a24e-367bd2914884', 'tag': '12244224-9435-4765-83ed-5840fed6ba01', 'status': 'completed', 'code': 200}
2026-04-07 01:19:10.434 10 INFO neutron.api.wsgi [None req-0b79bb59-575d-44c2-8842-2b29622ac028 18878a0d425b4acdb108715ae117b9b7 28b3f955963c4cc181f8e9e005ce9122 - - default default] 199.204.45.244 "GET /v2.0/networks/777aaa12-bbfa-4c95-bdd5-34b70372fee4 HTTP/1.1" status: 200 len: 1000 time: 0.0848360
2026-04-07 01:19:10.486 10 INFO neutron.api.wsgi [None req-204b9905-ba64-45bb-9d9e-281222df6ce0 18878a0d425b4acdb108715ae117b9b7 28b3f955963c4cc181f8e9e005ce9122 - - default default] 199.204.45.244 "GET /v2.0/ports?device_id=237909f3-cc85-4639-a24e-367bd2914884 HTTP/1.1" status: 200 len: 4948 time: 0.0460136
2026-04-07 01:19:10.508 10 WARNING neutron.scheduler.dhcp_agent_scheduler [None req-9d907404-812d-4950-b5da-eed9f346db9b ca1bd0ad8b6949098b2b3358eb38aeef 82aed001f1e242db8691cdef50ac6404 - - default default] No more DHCP agents
2026-04-07 01:19:10.509 10 WARNING neutron.api.rpc.agentnotifiers.dhcp_rpc_agent_api [None req-9d907404-812d-4950-b5da-eed9f346db9b ca1bd0ad8b6949098b2b3358eb38aeef 82aed001f1e242db8691cdef50ac6404 - - default default] Unable to schedule network 9aff7a8e-31f5-4209-ac23-97fb955a382a: no agents available; will retry on subsequent port and subnet creation events.
2026-04-07 01:19:10.601 10 INFO neutron.api.wsgi [None req-0e433dca-47be-470a-a86f-0147b9c7ec4f 18878a0d425b4acdb108715ae117b9b7 28b3f955963c4cc181f8e9e005ce9122 - - default default] 199.204.45.244 "GET /v2.0/ports?device_id=237909f3-cc85-4639-a24e-367bd2914884 HTTP/1.1" status: 200 len: 4948 time: 0.0382729
2026-04-07 01:19:10.792 10 INFO neutron.api.wsgi [None req-9d907404-812d-4950-b5da-eed9f346db9b ca1bd0ad8b6949098b2b3358eb38aeef 82aed001f1e242db8691cdef50ac6404 - - default default] 10.0.0.206 "POST /v2.0/floatingips HTTP/1.1" status: 201 len: 751 time: 0.5722790
2026-04-07 01:19:10.902 10 INFO neutron.api.wsgi [req-ae017df1-63cc-493e-82c9-90e4811dbdf3 req-8eee5c20-1bd8-42f6-8082-a5798df3adbe ca1bd0ad8b6949098b2b3358eb38aeef 82aed001f1e242db8691cdef50ac6404 - - default default] 10.0.0.43 "GET /v2.0/security-groups?name=tempest-securitygroup--1698375423&fields=id&tenant_id=82aed001f1e242db8691cdef50ac6404 HTTP/1.1" status: 200 len: 267 time: 0.0311768
2026-04-07 01:19:10.946 9 INFO neutron.api.wsgi [req-b8729d60-9fad-4d31-b799-f33846f6707b req-73e22fb0-b46f-41de-8dbe-efd1dca992c6 077cfc4fdc9945279dd840bee508c26d 7b2064a28fc940e79a1ae6d59fa8558d - - f2cb70a218e141769260855bf15aa918 f2cb70a218e141769260855bf15aa918] 199.204.45.244 "GET /v2.0/ports?tenant_id=28b3f955963c4cc181f8e9e005ce9122&device_id=237909f3-cc85-4639-a24e-367bd2914884 HTTP/1.1" status: 200 len: 4948 time: 0.0479937
