2026-04-07 01:16:04.641 9 WARNING neutron.scheduler.dhcp_agent_scheduler [None req-9654744c-537d-451d-802a-117f374bf3de 4470b9be103749daba9b45b4051d6d77 ea76fd92ab394ecd8cdc7b279b1be5fb - - default default] No more DHCP agents
2026-04-07 01:16:04.643 9 WARNING neutron.api.rpc.agentnotifiers.dhcp_rpc_agent_api [None req-9654744c-537d-451d-802a-117f374bf3de 4470b9be103749daba9b45b4051d6d77 ea76fd92ab394ecd8cdc7b279b1be5fb - - default default] Unable to schedule network e6544379-9c50-4f35-95ed-52dc4c2b321b: no agents available; will retry on subsequent port and subnet creation events.
2026-04-07 01:16:04.672 9 INFO neutron.db.ovn_revision_numbers_db [None req-9654744c-537d-451d-802a-117f374bf3de 4470b9be103749daba9b45b4051d6d77 ea76fd92ab394ecd8cdc7b279b1be5fb - - default default] Successfully bumped revision number for resource 3affcc92-88c7-49aa-b35a-5ef5bf5dcd59 (type: subnets) to 0
2026-04-07 01:16:04.684 9 INFO neutron.api.wsgi [None req-9654744c-537d-451d-802a-117f374bf3de 4470b9be103749daba9b45b4051d6d77 ea76fd92ab394ecd8cdc7b279b1be5fb - - default default] 10.0.0.206 "POST /v2.0/subnets HTTP/1.1" status: 201 len: 872 time: 0.2333128
2026-04-07 01:16:04.690 10 INFO neutron.db.ovn_revision_numbers_db [None req-90dbebae-ac85-4beb-879d-f6e75d777d04 a2d0a1c93a644353986fb59fa82c6c00 1a115c3af90a4a91b61ee220bd81a204 - - default default] Successfully bumped revision number for resource 83d85df8-8db9-4a40-bf88-cfa3db8622cb (type: networks) to 1
2026-04-07 01:16:04.693 9 WARNING neutron_lib.context [None req-ced71679-747d-47d0-af9b-71bfbd62d4f3 4470b9be103749daba9b45b4051d6d77 ea76fd92ab394ecd8cdc7b279b1be5fb - - default default] Method 'is_advsvc' is deprecated since 2023.2 release (neutron-lib 3.8.0) and will be removed once support for the old RBAC API policies will be removed from Neutron. Please use method 'is_service_role' instead.
2026-04-07 01:16:04.789 9 INFO neutron.db.segments_db [None req-ced71679-747d-47d0-af9b-71bfbd62d4f3 4470b9be103749daba9b45b4051d6d77 ea76fd92ab394ecd8cdc7b279b1be5fb - - default default] Added segment ce528d76-30bc-4049-9462-416879c89342 of type geneve for network a7d8c62c-b42b-400d-9068-23b8b19a8af9
2026-04-07 01:16:04.840 10 WARNING neutron.scheduler.dhcp_agent_scheduler [None req-90dbebae-ac85-4beb-879d-f6e75d777d04 a2d0a1c93a644353986fb59fa82c6c00 1a115c3af90a4a91b61ee220bd81a204 - - default default] No more DHCP agents
2026-04-07 01:16:04.841 10 WARNING neutron.api.rpc.agentnotifiers.dhcp_rpc_agent_api [None req-90dbebae-ac85-4beb-879d-f6e75d777d04 a2d0a1c93a644353986fb59fa82c6c00 1a115c3af90a4a91b61ee220bd81a204 - - default default] Unable to schedule network 83d85df8-8db9-4a40-bf88-cfa3db8622cb: no agents available; will retry on subsequent port and subnet creation events.
2026-04-07 01:16:04.885 9 INFO neutron.db.ovn_revision_numbers_db [None req-ced71679-747d-47d0-af9b-71bfbd62d4f3 4470b9be103749daba9b45b4051d6d77 ea76fd92ab394ecd8cdc7b279b1be5fb - - default default] Successfully bumped revision number for resource a7d8c62c-b42b-400d-9068-23b8b19a8af9 (type: networks) to 1
2026-04-07 01:16:04.898 10 INFO neutron.db.ovn_revision_numbers_db [None req-90dbebae-ac85-4beb-879d-f6e75d777d04 a2d0a1c93a644353986fb59fa82c6c00 1a115c3af90a4a91b61ee220bd81a204 - - default default] Successfully bumped revision number for resource a3b99f53-aa08-463f-b62d-4340b0dad1a6 (type: ports) to 1
2026-04-07 01:16:04.920 10 INFO neutron.api.wsgi [None req-90dbebae-ac85-4beb-879d-f6e75d777d04 a2d0a1c93a644353986fb59fa82c6c00 1a115c3af90a4a91b61ee220bd81a204 - - default default] 10.0.0.206 "POST /v2.0/networks HTTP/1.1" status: 201 len: 849 time: 0.7160509
2026-04-07 01:16:04.931 10 WARNING neutron_lib.context [None req-099ffadd-31c4-4a9d-a7c4-6f3a11d5d4b4 a2d0a1c93a644353986fb59fa82c6c00 1a115c3af90a4a91b61ee220bd81a204 - - default default] Method 'is_advsvc' is deprecated since 2023.2 release (neutron-lib 3.8.0) and will be removed once support for the old RBAC API policies will be removed from Neutron. Please use method 'is_service_role' instead.
2026-04-07 01:16:05.031 9 WARNING neutron.scheduler.dhcp_agent_scheduler [None req-ced71679-747d-47d0-af9b-71bfbd62d4f3 4470b9be103749daba9b45b4051d6d77 ea76fd92ab394ecd8cdc7b279b1be5fb - - default default] No more DHCP agents
2026-04-07 01:16:05.032 9 WARNING neutron.api.rpc.agentnotifiers.dhcp_rpc_agent_api [None req-ced71679-747d-47d0-af9b-71bfbd62d4f3 4470b9be103749daba9b45b4051d6d77 ea76fd92ab394ecd8cdc7b279b1be5fb - - default default] Unable to schedule network a7d8c62c-b42b-400d-9068-23b8b19a8af9: no agents available; will retry on subsequent port and subnet creation events.
2026-04-07 01:16:05.084 9 INFO neutron.db.ovn_revision_numbers_db [None req-ced71679-747d-47d0-af9b-71bfbd62d4f3 4470b9be103749daba9b45b4051d6d77 ea76fd92ab394ecd8cdc7b279b1be5fb - - default default] Successfully bumped revision number for resource 92a6362c-690b-444d-9dd6-2c01612476b2 (type: ports) to 1
2026-04-07 01:16:05.096 10 WARNING neutron.scheduler.dhcp_agent_scheduler [None req-099ffadd-31c4-4a9d-a7c4-6f3a11d5d4b4 a2d0a1c93a644353986fb59fa82c6c00 1a115c3af90a4a91b61ee220bd81a204 - - default default] No more DHCP agents
2026-04-07 01:16:05.099 10 WARNING neutron.api.rpc.agentnotifiers.dhcp_rpc_agent_api [None req-099ffadd-31c4-4a9d-a7c4-6f3a11d5d4b4 a2d0a1c93a644353986fb59fa82c6c00 1a115c3af90a4a91b61ee220bd81a204 - - default default] Unable to schedule network 83d85df8-8db9-4a40-bf88-cfa3db8622cb: no agents available; will retry on subsequent port and subnet creation events.
2026-04-07 01:16:05.103 9 INFO neutron.api.wsgi [None req-ced71679-747d-47d0-af9b-71bfbd62d4f3 4470b9be103749daba9b45b4051d6d77 ea76fd92ab394ecd8cdc7b279b1be5fb - - default default] 10.0.0.206 "POST /v2.0/networks HTTP/1.1" status: 201 len: 847 time: 0.4135559
2026-04-07 01:16:05.124 10 INFO neutron.db.ovn_revision_numbers_db [None req-099ffadd-31c4-4a9d-a7c4-6f3a11d5d4b4 a2d0a1c93a644353986fb59fa82c6c00 1a115c3af90a4a91b61ee220bd81a204 - - default default] Successfully bumped revision number for resource 83e86882-dd1b-447f-939d-23c0d86ac5de (type: subnets) to 0
2026-04-07 01:16:05.137 10 INFO neutron.api.wsgi [None req-099ffadd-31c4-4a9d-a7c4-6f3a11d5d4b4 a2d0a1c93a644353986fb59fa82c6c00 1a115c3af90a4a91b61ee220bd81a204 - - default default] 10.0.0.206 "POST /v2.0/subnets HTTP/1.1" status: 201 len: 826 time: 0.2099595
2026-04-07 01:16:05.146 10 WARNING neutron_lib.context [None req-afd346b2-6dba-4c6f-b31a-c32dc45c8704 a2d0a1c93a644353986fb59fa82c6c00 1a115c3af90a4a91b61ee220bd81a204 - - default default] Method 'is_advsvc' is deprecated since 2023.2 release (neutron-lib 3.8.0) and will be removed once support for the old RBAC API policies will be removed from Neutron. Please use method 'is_service_role' instead.
2026-04-07 01:16:05.233 9 INFO neutron.db.ovn_revision_numbers_db [None req-3a50e446-702e-465c-b38b-82c8c9aa405b 4470b9be103749daba9b45b4051d6d77 ea76fd92ab394ecd8cdc7b279b1be5fb - - default default] Successfully bumped revision number for resource a7d8c62c-b42b-400d-9068-23b8b19a8af9 (type: networks) to 2
2026-04-07 01:16:05.238 9 INFO neutron.api.wsgi [None req-3a50e446-702e-465c-b38b-82c8c9aa405b 4470b9be103749daba9b45b4051d6d77 ea76fd92ab394ecd8cdc7b279b1be5fb - - default default] 10.0.0.206 "PUT /v2.0/networks/a7d8c62c-b42b-400d-9068-23b8b19a8af9 HTTP/1.1" status: 200 len: 792 time: 0.1298070
2026-04-07 01:16:05.247 10 WARNING neutron_lib.context [None req-84b6ea6c-a8c4-4c9b-9666-8029a66bb234 4470b9be103749daba9b45b4051d6d77 ea76fd92ab394ecd8cdc7b279b1be5fb - - default default] Method 'is_advsvc' is deprecated since 2023.2 release (neutron-lib 3.8.0) and will be removed once support for the old RBAC API policies will be removed from Neutron. Please use method 'is_service_role' instead.
2026-04-07 01:16:05.408 9 INFO neutron.api.wsgi [req-60161d7d-0cea-41d2-90dc-75e6a1389786 req-2a2d6ebd-163a-4c37-854b-697bbb77e1b6 db2d3857c65b46ac9201bd00f57948c0 19c240d8c2b4451a869ca055b312a5e8 - - default default] 199.204.45.244 "GET /v2.0/networks?id=c538e71e-691b-49f8-a777-c0eb46f0f424 HTTP/1.1" status: 200 len: 903 time: 0.0462511
2026-04-07 01:16:05.445 9 INFO neutron.api.wsgi [req-60161d7d-0cea-41d2-90dc-75e6a1389786 req-742a4f08-def6-41e2-9222-ac2ef7e8f7f4 db2d3857c65b46ac9201bd00f57948c0 19c240d8c2b4451a869ca055b312a5e8 - - default default] 199.204.45.244 "GET /v2.0/security-groups?fields=id&fields=name&tenant_id=19c240d8c2b4451a869ca055b312a5e8 HTTP/1.1" status: 200 len: 378 time: 0.0319176
2026-04-07 01:16:05.455 9 WARNING neutron_lib.context [req-60161d7d-0cea-41d2-90dc-75e6a1389786 req-b41dfee1-278c-464e-b917-bdc8952094e4 db2d3857c65b46ac9201bd00f57948c0 19c240d8c2b4451a869ca055b312a5e8 - - default default] Method 'is_advsvc' is deprecated since 2023.2 release (neutron-lib 3.8.0) and will be removed once support for the old RBAC API policies will be removed from Neutron. Please use method 'is_service_role' instead.
2026-04-07 01:16:05.475 10 WARNING neutron.scheduler.dhcp_agent_scheduler [None req-84b6ea6c-a8c4-4c9b-9666-8029a66bb234 4470b9be103749daba9b45b4051d6d77 ea76fd92ab394ecd8cdc7b279b1be5fb - - default default] No more DHCP agents
2026-04-07 01:16:05.478 10 WARNING neutron.api.rpc.agentnotifiers.dhcp_rpc_agent_api [None req-84b6ea6c-a8c4-4c9b-9666-8029a66bb234 4470b9be103749daba9b45b4051d6d77 ea76fd92ab394ecd8cdc7b279b1be5fb - - default default] Unable to schedule network a7d8c62c-b42b-400d-9068-23b8b19a8af9: no agents available; will retry on subsequent port and subnet creation events.
2026-04-07 01:16:05.526 10 INFO neutron.db.ovn_revision_numbers_db [None req-84b6ea6c-a8c4-4c9b-9666-8029a66bb234 4470b9be103749daba9b45b4051d6d77 ea76fd92ab394ecd8cdc7b279b1be5fb - - default default] Successfully bumped revision number for resource 9fcd7641-52cf-4583-a3e7-8d198b72a8be (type: subnets) to 0
2026-04-07 01:16:05.536 10 WARNING neutron.scheduler.dhcp_agent_scheduler [None req-afd346b2-6dba-4c6f-b31a-c32dc45c8704 a2d0a1c93a644353986fb59fa82c6c00 1a115c3af90a4a91b61ee220bd81a204 - - default default] No more DHCP agents
2026-04-07 01:16:05.537 10 WARNING neutron.api.rpc.agentnotifiers.dhcp_rpc_agent_api [None req-afd346b2-6dba-4c6f-b31a-c32dc45c8704 a2d0a1c93a644353986fb59fa82c6c00 1a115c3af90a4a91b61ee220bd81a204 - - default default] Unable to schedule network 9aff7a8e-31f5-4209-ac23-97fb955a382a: no agents available; will retry on subsequent port and subnet creation events.
2026-04-07 01:16:05.541 10 INFO neutron.api.wsgi [None req-84b6ea6c-a8c4-4c9b-9666-8029a66bb234 4470b9be103749daba9b45b4051d6d77 ea76fd92ab394ecd8cdc7b279b1be5fb - - default default] 10.0.0.206 "POST /v2.0/subnets HTTP/1.1" status: 201 len: 845 time: 0.2988443
2026-04-07 01:16:05.647 10 INFO neutron.db.ovn_revision_numbers_db [None req-afd346b2-6dba-4c6f-b31a-c32dc45c8704 a2d0a1c93a644353986fb59fa82c6c00 1a115c3af90a4a91b61ee220bd81a204 - - default default] Successfully bumped revision number for resource 688e182c-2634-425e-97e4-e0f5f6dcd8be (type: ports) to 1
2026-04-07 01:16:05.778 9 WARNING neutron.scheduler.dhcp_agent_scheduler [req-60161d7d-0cea-41d2-90dc-75e6a1389786 req-b41dfee1-278c-464e-b917-bdc8952094e4 db2d3857c65b46ac9201bd00f57948c0 19c240d8c2b4451a869ca055b312a5e8 - - default default] No more DHCP agents
2026-04-07 01:16:05.780 9 WARNING neutron.api.rpc.agentnotifiers.dhcp_rpc_agent_api [req-60161d7d-0cea-41d2-90dc-75e6a1389786 req-b41dfee1-278c-464e-b917-bdc8952094e4 db2d3857c65b46ac9201bd00f57948c0 19c240d8c2b4451a869ca055b312a5e8 - - default default] Unable to schedule network c538e71e-691b-49f8-a777-c0eb46f0f424: no agents available; will retry on subsequent port and subnet creation events.
2026-04-07 01:16:05.924 9 INFO neutron.db.ovn_revision_numbers_db [req-60161d7d-0cea-41d2-90dc-75e6a1389786 req-b41dfee1-278c-464e-b917-bdc8952094e4 db2d3857c65b46ac9201bd00f57948c0 19c240d8c2b4451a869ca055b312a5e8 - - default default] Successfully bumped revision number for resource 0faad8f5-3b92-4e28-96bf-0a15720f1963 (type: ports) to 1
2026-04-07 01:16:05.945 9 INFO neutron.api.wsgi [req-60161d7d-0cea-41d2-90dc-75e6a1389786 req-b41dfee1-278c-464e-b917-bdc8952094e4 db2d3857c65b46ac9201bd00f57948c0 19c240d8c2b4451a869ca055b312a5e8 - - default default] 199.204.45.244 "POST /v2.0/ports HTTP/1.1" status: 201 len: 1388 time: 0.4958174 /var/lib/openstack/lib/python3.12/site-packages/pycadf/identifier.py:71: UserWarning: Invalid uuid: neutron. To ensure interoperability, identifiers should be a valid uuid. warnings.warn(('Invalid uuid: %s. To ensure interoperability, '
2026-04-07 01:16:06.145 10 INFO neutron.plugins.ml2.drivers.ovn.mech_driver.ovsdb.commands [None req-9a888254-dd97-4135-8f68-c9073fa90e7d - - - - - -] Schedule LRP lrp-688e182c-2634-425e-97e4-e0f5f6dcd8be on gateway 340b7c8e-ac30-46e4-975f-64ace12d86fe with priority 1
2026-04-07 01:16:06.184 10 INFO neutron.db.ovn_revision_numbers_db [None req-afd346b2-6dba-4c6f-b31a-c32dc45c8704 a2d0a1c93a644353986fb59fa82c6c00 1a115c3af90a4a91b61ee220bd81a204 - - default default] Successfully bumped revision number for resource 688e182c-2634-425e-97e4-e0f5f6dcd8be (type: router_ports) to 1
2026-04-07 01:16:06.255 10 INFO neutron.db.ovn_revision_numbers_db [None req-afd346b2-6dba-4c6f-b31a-c32dc45c8704 a2d0a1c93a644353986fb59fa82c6c00 1a115c3af90a4a91b61ee220bd81a204 - - default default] Successfully bumped revision number for resource debfc0e3-d13b-4983-86c4-4ebc107aca2f (type: routers) to 2
2026-04-07 01:16:06.268 10 INFO neutron.api.wsgi [req-44d52836-4a95-4161-8b45-cb6100ae4270 req-57243963-46c2-4bfc-90b2-04678504d024 db2d3857c65b46ac9201bd00f57948c0 19c240d8c2b4451a869ca055b312a5e8 - - default default] 10.0.0.43 "GET /v2.0/ports?device_id=51d588c2-d577-46f8-981f-c6e57f850d3a HTTP/1.1" status: 200 len: 1386 time: 0.0684075
2026-04-07 01:16:06.271 10 INFO neutron.api.wsgi [None req-afd346b2-6dba-4c6f-b31a-c32dc45c8704 a2d0a1c93a644353986fb59fa82c6c00 1a115c3af90a4a91b61ee220bd81a204 - - default default] 10.0.0.206 "POST /v2.0/routers HTTP/1.1" status: 201 len: 1154 time: 1.1288521
2026-04-07 01:16:06.309 10 INFO neutron.api.wsgi [req-44d52836-4a95-4161-8b45-cb6100ae4270 req-d23c6511-319f-4a7a-a254-8b4068da128d db2d3857c65b46ac9201bd00f57948c0 19c240d8c2b4451a869ca055b312a5e8 - - default default] 10.0.0.43 "GET /v2.0/security-groups?id=bb25f88a-155b-484c-9d3f-8a2334d2c8c9&fields=id&fields=name HTTP/1.1" status: 200 len: 311 time: 0.0337172
2026-04-07 01:16:06.380 9 INFO neutron.db.ovn_revision_numbers_db [None req-a664459b-2325-4369-81fd-bf83a99452b7 - - - - - -] Successfully bumped revision number for resource 92a6362c-690b-444d-9dd6-2c01612476b2 (type: ports) to 2
2026-04-07 01:16:06.411 9 INFO neutron.api.wsgi [req-ca759589-3638-42e7-ae99-7f88a8d27466 req-a120dd86-7745-437a-bc2d-ce5fc4894b73 984fbdfc99d649209dc1352ea21eeb41 b463f2f927e047c6990c6ca3444dea92 - - default default] 10.0.0.43 "GET /v2.0/ports?device_id=ba281763-37bb-46d0-9b9f-87618584d4e8 HTTP/1.1" status: 200 len: 1174 time: 0.0946388 /var/lib/openstack/lib/python3.12/site-packages/pycadf/identifier.py:71: UserWarning: Invalid uuid: neutron. To ensure interoperability, identifiers should be a valid uuid. warnings.warn(('Invalid uuid: %s. To ensure interoperability, '
2026-04-07 01:16:06.429 9 INFO neutron.db.ovn_revision_numbers_db [None req-a664459b-2325-4369-81fd-bf83a99452b7 - - - - - -] Successfully bumped revision number for resource 9fcd7641-52cf-4583-a3e7-8d198b72a8be (type: subnets) to 1
2026-04-07 01:16:06.431 9 INFO neutron.api.wsgi [None req-fc8f0a35-359f-41c5-9565-d6a8937e22e4 4470b9be103749daba9b45b4051d6d77 ea76fd92ab394ecd8cdc7b279b1be5fb - - default default] 10.0.0.206 "PUT /v2.0/subnets/9fcd7641-52cf-4583-a3e7-8d198b72a8be HTTP/1.1" status: 200 len: 850 time: 0.8857019
2026-04-07 01:16:06.456 9 INFO neutron.api.wsgi [req-ca759589-3638-42e7-ae99-7f88a8d27466 req-ea3451cc-55f0-4540-a5cd-5199d3aeba2a 984fbdfc99d649209dc1352ea21eeb41 b463f2f927e047c6990c6ca3444dea92 - - default default] 10.0.0.43 "GET /v2.0/security-groups?id=b91e0d92-ac58-44cc-b412-38aa88978cf4&fields=id&fields=name HTTP/1.1" status: 200 len: 312 time: 0.0392461
2026-04-07 01:16:06.524 9 INFO neutron.db.ovn_revision_numbers_db [req-60161d7d-0cea-41d2-90dc-75e6a1389786 req-0e7f7631-56d9-42d5-aeaa-d9ae0c9fe289 077cfc4fdc9945279dd840bee508c26d 7b2064a28fc940e79a1ae6d59fa8558d - - f2cb70a218e141769260855bf15aa918 f2cb70a218e141769260855bf15aa918] Successfully bumped revision number for resource 0faad8f5-3b92-4e28-96bf-0a15720f1963 (type: ports) to 2
2026-04-07 01:16:06.761 9 INFO neutron.db.ovn_revision_numbers_db [req-60161d7d-0cea-41d2-90dc-75e6a1389786 req-0e7f7631-56d9-42d5-aeaa-d9ae0c9fe289 077cfc4fdc9945279dd840bee508c26d 7b2064a28fc940e79a1ae6d59fa8558d - - f2cb70a218e141769260855bf15aa918 f2cb70a218e141769260855bf15aa918] Successfully bumped revision number for resource 0faad8f5-3b92-4e28-96bf-0a15720f1963 (type: ports) to 4
2026-04-07 01:16:06.778 9 INFO neutron.api.wsgi [req-60161d7d-0cea-41d2-90dc-75e6a1389786 req-0e7f7631-56d9-42d5-aeaa-d9ae0c9fe289 077cfc4fdc9945279dd840bee508c26d 7b2064a28fc940e79a1ae6d59fa8558d - - f2cb70a218e141769260855bf15aa918 f2cb70a218e141769260855bf15aa918] 199.204.45.244 "PUT /v2.0/ports/0faad8f5-3b92-4e28-96bf-0a15720f1963 HTTP/1.1" status: 200 len: 1633 time: 0.8271732
2026-04-07 01:16:06.812 9 INFO neutron.notifiers.nova [-] Nova event matching ['req-8e8a2a45-799d-4bc6-8694-bd04786c2ce4'] response: {'name': 'network-changed', 'server_uuid': '51d588c2-d577-46f8-981f-c6e57f850d3a', 'tag': '0faad8f5-3b92-4e28-96bf-0a15720f1963', 'status': 'completed', 'code': 200}
2026-04-07 01:16:06.818 10 WARNING neutron.plugins.ml2.drivers.ovn.mech_driver.ovsdb.ovn_client [None req-bb8d0eb6-db16-4084-94e2-69965d21f402 - - - - - -] No hosting information found for port 85081fa3-5932-49d0-9f5c-689873886355: RuntimeError: No hosting information found for port 85081fa3-5932-49d0-9f5c-689873886355
2026-04-07 01:16:06.872 10 INFO neutron.api.wsgi [req-c86e6b60-6cbe-4a46-937f-e9fd108dc221 req-17ef7f9c-5e6e-4630-9629-5acb51a87acd 984fbdfc99d649209dc1352ea21eeb41 b463f2f927e047c6990c6ca3444dea92 - - default default] 10.0.0.43 "GET /v2.0/ports?device_id=ba281763-37bb-46d0-9b9f-87618584d4e8 HTTP/1.1" status: 200 len: 1174 time: 0.3531599
2026-04-07 01:16:06.947 10 INFO neutron.api.wsgi [req-c86e6b60-6cbe-4a46-937f-e9fd108dc221 req-ab488080-f13f-403c-b218-8be997bdd479 984fbdfc99d649209dc1352ea21eeb41 b463f2f927e047c6990c6ca3444dea92 - - default default] 10.0.0.43 "GET /v2.0/security-groups?id=b91e0d92-ac58-44cc-b412-38aa88978cf4&fields=id&fields=name HTTP/1.1" status: 200 len: 312 time: 0.0629387
2026-04-07 01:16:06.979 10 INFO neutron.db.ovn_revision_numbers_db [None req-bb8d0eb6-db16-4084-94e2-69965d21f402 - - - - - -] Successfully bumped revision number for resource 85081fa3-5932-49d0-9f5c-689873886355 (type: router_ports) to 2
2026-04-07 01:16:07.047 10 INFO neutron.plugins.ml2.drivers.ovn.mech_driver.mech_driver [None req-bb8d0eb6-db16-4084-94e2-69965d21f402 - - - - - -] OVN reports status up for port: 688e182c-2634-425e-97e4-e0f5f6dcd8be
2026-04-07 01:16:07.065 10 INFO neutron.plugins.ml2.plugin [None req-bb8d0eb6-db16-4084-94e2-69965d21f402 - - - - - -] Attempt 1 to provision port 688e182c-2634-425e-97e4-e0f5f6dcd8be
2026-04-07 01:16:07.122 10 WARNING neutron.scheduler.dhcp_agent_scheduler [None req-d7239fa3-3e35-459a-9baa-1eec2c6994d4 a2d0a1c93a644353986fb59fa82c6c00 1a115c3af90a4a91b61ee220bd81a204 - - default default] No more DHCP agents
2026-04-07 01:16:07.124 10 WARNING neutron.api.rpc.agentnotifiers.dhcp_rpc_agent_api [None req-d7239fa3-3e35-459a-9baa-1eec2c6994d4 a2d0a1c93a644353986fb59fa82c6c00 1a115c3af90a4a91b61ee220bd81a204 - - default default] Unable to schedule network 83d85df8-8db9-4a40-bf88-cfa3db8622cb: no agents available; will retry on subsequent port and subnet creation events.
2026-04-07 01:16:07.297 10 INFO neutron.services.segments.plugin [-] Segment ce528d76-30bc-4049-9462-416879c89342 resource provider aggregate not found
2026-04-07 01:16:07.304 10 INFO neutron.services.segments.plugin [-] Segment ce528d76-30bc-4049-9462-416879c89342 resource provider aggregate not found
2026-04-07 01:16:07.311 10 INFO neutron.services.segments.plugin [-] Segment ce528d76-30bc-4049-9462-416879c89342 resource provider not found; error: Placement Client Error (4xx): {"errors": [{"status": 404, "title": "Not Found", "detail": "The resource could not be found.\n\n No resource provider with uuid ce528d76-30bc-4049-9462-416879c89342 found for delete ", "request_id": "req-c24af72e-7891-4ccb-bd5d-64b2869a67bd"}]}
2026-04-07 01:16:07.311 10 INFO neutron.db.ovn_revision_numbers_db [None req-d7239fa3-3e35-459a-9baa-1eec2c6994d4 a2d0a1c93a644353986fb59fa82c6c00 1a115c3af90a4a91b61ee220bd81a204 - - default default] Successfully bumped revision number for resource bef19de3-d826-474f-b2f5-2f60838a158a (type: ports) to 1
2026-04-07 01:16:07.319 10 INFO neutron.api.wsgi [req-6cd83dee-68a1-4e54-9054-4005a118c837 req-4e508022-bc20-47d3-8cd9-0f58c97bf79b 984fbdfc99d649209dc1352ea21eeb41 b463f2f927e047c6990c6ca3444dea92 - - default default] 10.0.0.43 "GET /v2.0/ports?device_id=ba281763-37bb-46d0-9b9f-87618584d4e8 HTTP/1.1" status: 200 len: 1174 time: 0.0578780
2026-04-07 01:16:07.320 10 INFO neutron.services.segments.plugin [-] Segment ce528d76-30bc-4049-9462-416879c89342 resource provider not found; error: Placement Client Error (4xx): {"errors": [{"status": 404, "title": "Not Found", "detail": "The resource could not be found.\n\n No resource provider with uuid ce528d76-30bc-4049-9462-416879c89342 found for delete ", "request_id": "req-8d9d3e07-0b8f-44a8-b79a-db896cdab1df"}]} /var/lib/openstack/lib/python3.12/site-packages/pycadf/identifier.py:71: UserWarning: Invalid uuid: neutron. To ensure interoperability, identifiers should be a valid uuid. warnings.warn(('Invalid uuid: %s. To ensure interoperability, '
2026-04-07 01:16:07.360 10 INFO neutron.api.wsgi [None req-4623ce4d-4969-4788-a03e-8f1b17045bf6 4470b9be103749daba9b45b4051d6d77 ea76fd92ab394ecd8cdc7b279b1be5fb - - default default] 10.0.0.206 "DELETE /v2.0/networks/a7d8c62c-b42b-400d-9068-23b8b19a8af9 HTTP/1.1" status: 204 len: 168 time: 0.9236224
2026-04-07 01:16:07.377 9 INFO neutron.api.wsgi [req-1d51ff0d-b75a-41f1-8c55-f3f589e76028 req-9396e7ad-c0d5-4857-9a52-d29b4c1d5b50 077cfc4fdc9945279dd840bee508c26d 7b2064a28fc940e79a1ae6d59fa8558d - - f2cb70a218e141769260855bf15aa918 f2cb70a218e141769260855bf15aa918] 199.204.45.244 "GET /v2.0/ports?tenant_id=19c240d8c2b4451a869ca055b312a5e8&device_id=51d588c2-d577-46f8-981f-c6e57f850d3a HTTP/1.1" status: 200 len: 1636 time: 0.0554826
2026-04-07 01:16:07.389 10 INFO neutron.pecan_wsgi.hooks.translation [None req-604dadc1-0159-4256-b0aa-deb0a585b494 4470b9be103749daba9b45b4051d6d77 ea76fd92ab394ecd8cdc7b279b1be5fb - - default default] DELETE failed (client error): The resource could not be found.
2026-04-07 01:16:07.391 10 INFO neutron.api.wsgi [None req-604dadc1-0159-4256-b0aa-deb0a585b494 4470b9be103749daba9b45b4051d6d77 ea76fd92ab394ecd8cdc7b279b1be5fb - - default default] 10.0.0.206 "DELETE /v2.0/networks/a7d8c62c-b42b-400d-9068-23b8b19a8af9 HTTP/1.1" status: 404 len: 339 time: 0.0175905
2026-04-07 01:16:07.400 10 INFO neutron.api.wsgi [req-6cd83dee-68a1-4e54-9054-4005a118c837 req-d4e69386-1012-471a-a55d-d7eb32a990a8 984fbdfc99d649209dc1352ea21eeb41 b463f2f927e047c6990c6ca3444dea92 - - default default] 10.0.0.43 "GET /v2.0/security-groups?id=b91e0d92-ac58-44cc-b412-38aa88978cf4&fields=id&fields=name HTTP/1.1" status: 200 len: 312 time: 0.0746822
2026-04-07 01:16:07.458 9 INFO neutron.api.wsgi [req-1d51ff0d-b75a-41f1-8c55-f3f589e76028 req-1842f7ed-05f6-4a64-9c4d-4b9395041305 077cfc4fdc9945279dd840bee508c26d 7b2064a28fc940e79a1ae6d59fa8558d - - f2cb70a218e141769260855bf15aa918 f2cb70a218e141769260855bf15aa918] 199.204.45.244 "GET /v2.0/networks?tenant_id=19c240d8c2b4451a869ca055b312a5e8&shared=False HTTP/1.1" status: 200 len: 2585 time: 0.0697191
2026-04-07 01:16:07.479 10 INFO neutron.api.wsgi [None req-67e3fe73-787f-46f9-87e7-7930bd225729 4470b9be103749daba9b45b4051d6d77 ea76fd92ab394ecd8cdc7b279b1be5fb - - default default] 10.0.0.206 "GET /v2.0/networks?router%3Aexternal=True HTTP/1.1" status: 200 len: 845 time: 0.0808976
2026-04-07 01:16:07.520 10 INFO neutron.api.wsgi [None req-b43f413f-86a4-4b3d-8e05-b119019b1bb5 4470b9be103749daba9b45b4051d6d77 ea76fd92ab394ecd8cdc7b279b1be5fb - - default default] 10.0.0.206 "GET /v2.0/subnets?network_id=9aff7a8e-31f5-4209-ac23-97fb955a382a HTTP/1.1" status: 200 len: 843 time: 0.0350137
2026-04-07 01:16:07.529 9 INFO neutron.api.wsgi [req-1d51ff0d-b75a-41f1-8c55-f3f589e76028 req-730400ce-2c1f-4854-a8c4-5b750a5cae55 077cfc4fdc9945279dd840bee508c26d 7b2064a28fc940e79a1ae6d59fa8558d - - f2cb70a218e141769260855bf15aa918 f2cb70a218e141769260855bf15aa918] 199.204.45.244 "GET /v2.0/networks?shared=True HTTP/1.1" status: 200 len: 952 time: 0.0509641
2026-04-07 01:16:07.538 10 INFO neutron.api.wsgi [None req-bed0955e-62c1-45fd-acab-5853f7723c03 4470b9be103749daba9b45b4051d6d77 ea76fd92ab394ecd8cdc7b279b1be5fb - - default default] 10.0.0.206 "GET /v2.0/extensions HTTP/1.1" status: 200 len: 19293 time: 0.0092947
2026-04-07 01:16:07.587 9 INFO neutron.api.wsgi [None req-6e56e308-4a15-442a-84f4-8dfbe87750cc 4470b9be103749daba9b45b4051d6d77 ea76fd92ab394ecd8cdc7b279b1be5fb - - default default] 10.0.0.206 "GET /v2.0/networks HTTP/1.1" status: 200 len: 1507 time: 0.0396607
2026-04-07 01:16:07.642 10 INFO neutron.api.wsgi [None req-433b17e9-aeb0-48fb-a531-821f27048b1b 4470b9be103749daba9b45b4051d6d77 ea76fd92ab394ecd8cdc7b279b1be5fb - - default default] 10.0.0.206 "GET /v2.0/subnets HTTP/1.1" status: 200 len: 1507 time: 0.0459077
2026-04-07 01:16:07.688 9 INFO neutron.api.wsgi [None req-f9d8c87d-86c5-43eb-ae34-29f2e95e42d7 4470b9be103749daba9b45b4051d6d77 ea76fd92ab394ecd8cdc7b279b1be5fb - - default default] 10.0.0.206 "GET /v2.0/networks/e6544379-9c50-4f35-95ed-52dc4c2b321b HTTP/1.1" status: 200 len: 866 time: 0.0411444
2026-04-07 01:16:07.696 10 INFO neutron.api.wsgi [-] 10.0.0.230 "GET / HTTP/1.1" status: 200 len: 246 time: 0.0012932
2026-04-07 01:16:07.698 10 INFO neutron.api.wsgi [-] 10.0.0.230 "GET / HTTP/1.1" status: 200 len: 246 time: 0.0008793
2026-04-07 01:16:07.715 9 INFO neutron.api.wsgi [None req-96ac1585-5412-486c-a95d-2ff809d794c4 4470b9be103749daba9b45b4051d6d77 ea76fd92ab394ecd8cdc7b279b1be5fb - - default default] 10.0.0.206 "GET /v2.0/subnets/3affcc92-88c7-49aa-b35a-5ef5bf5dcd59 HTTP/1.1" status: 200 len: 867 time: 0.0221941
2026-04-07 01:16:07.731 9 INFO neutron.pecan_wsgi.hooks.translation [None req-2291315f-331f-491f-90d4-cd8706369fe2 4470b9be103749daba9b45b4051d6d77 ea76fd92ab394ecd8cdc7b279b1be5fb - - default default] DELETE failed (client error): The resource could not be found.
2026-04-07 01:16:07.733 9 INFO neutron.api.wsgi [None req-2291315f-331f-491f-90d4-cd8706369fe2 4470b9be103749daba9b45b4051d6d77 ea76fd92ab394ecd8cdc7b279b1be5fb - - default default] 10.0.0.206 "DELETE /v2.0/subnets/9fcd7641-52cf-4583-a3e7-8d198b72a8be HTTP/1.1" status: 404 len: 337 time: 0.0145795
2026-04-07 01:16:07.744 9 INFO neutron.pecan_wsgi.hooks.translation [None req-b2559ba3-40a4-43e8-8de1-4f94be461206 4470b9be103749daba9b45b4051d6d77 ea76fd92ab394ecd8cdc7b279b1be5fb - - default default] DELETE failed (client error): The resource could not be found.
2026-04-07 01:16:07.747 9 INFO neutron.api.wsgi [None req-b2559ba3-40a4-43e8-8de1-4f94be461206 4470b9be103749daba9b45b4051d6d77 ea76fd92ab394ecd8cdc7b279b1be5fb - - default default] 10.0.0.206 "DELETE /v2.0/networks/a7d8c62c-b42b-400d-9068-23b8b19a8af9 HTTP/1.1" status: 404 len: 339 time: 0.0097742
2026-04-07 01:16:07.866 9 INFO neutron.api.wsgi [None req-86e90367-1ab9-4e05-9969-1a02e2eccb7e 4470b9be103749daba9b45b4051d6d77 ea76fd92ab394ecd8cdc7b279b1be5fb - - default default] 10.0.0.206 "DELETE /v2.0/subnets/3affcc92-88c7-49aa-b35a-5ef5bf5dcd59 HTTP/1.1" status: 204 len: 168 time: 0.1172671
2026-04-07 01:16:08.019 10 INFO neutron.db.ovn_revision_numbers_db [None req-d7239fa3-3e35-459a-9baa-1eec2c6994d4 a2d0a1c93a644353986fb59fa82c6c00 1a115c3af90a4a91b61ee220bd81a204 - - default default] Successfully bumped revision number for resource bef19de3-d826-474f-b2f5-2f60838a158a (type: ports) to 1
2026-04-07 01:16:08.076 10 WARNING neutron.scheduler.dhcp_agent_scheduler [None req-d7239fa3-3e35-459a-9baa-1eec2c6994d4 a2d0a1c93a644353986fb59fa82c6c00 1a115c3af90a4a91b61ee220bd81a204 - - default default] No more DHCP agents
2026-04-07 01:16:08.077 10 WARNING neutron.api.rpc.agentnotifiers.dhcp_rpc_agent_api [None req-d7239fa3-3e35-459a-9baa-1eec2c6994d4 a2d0a1c93a644353986fb59fa82c6c00 1a115c3af90a4a91b61ee220bd81a204 - - default default] Unable to schedule network 83d85df8-8db9-4a40-bf88-cfa3db8622cb: no agents available; will retry on subsequent port and subnet creation events.
2026-04-07 01:16:08.231 10 INFO neutron.api.wsgi [None req-2399825c-31a7-49d0-9fb4-3ac1d287c6c0 4470b9be103749daba9b45b4051d6d77 ea76fd92ab394ecd8cdc7b279b1be5fb - - default default] 10.0.0.206 "DELETE /v2.0/networks/e6544379-9c50-4f35-95ed-52dc4c2b321b HTTP/1.1" status: 204 len: 168 time: 0.3610885
2026-04-07 01:16:08.425 10 INFO neutron.db.ovn_revision_numbers_db [None req-d7239fa3-3e35-459a-9baa-1eec2c6994d4 a2d0a1c93a644353986fb59fa82c6c00 1a115c3af90a4a91b61ee220bd81a204 - - default default] Successfully bumped revision number for resource bef19de3-d826-474f-b2f5-2f60838a158a (type: router_ports) to 1
2026-04-07 01:16:08.431 10 INFO neutron.api.wsgi [None req-d7239fa3-3e35-459a-9baa-1eec2c6994d4 a2d0a1c93a644353986fb59fa82c6c00 1a115c3af90a4a91b61ee220bd81a204 - - default default] 10.0.0.206 "PUT /v2.0/routers/debfc0e3-d13b-4983-86c4-4ebc107aca2f/add_router_interface HTTP/1.1" status: 200 len: 503 time: 2.1512973
2026-04-07 01:16:08.438 10 WARNING neutron_lib.context [None req-71495fb6-0729-4d9e-b97f-5f752eac5200 a2d0a1c93a644353986fb59fa82c6c00 1a115c3af90a4a91b61ee220bd81a204 - - default default] Method 'is_advsvc' is deprecated since 2023.2 release (neutron-lib 3.8.0) and will be removed once support for the old RBAC API policies will be removed from Neutron. Please use method 'is_service_role' instead.
2026-04-07 01:16:08.501 9 INFO neutron.api.wsgi [req-81d039ef-8e3e-4409-8968-fb348440b8ac req-036789bd-9675-42b3-a6bf-4b34c8f3e512 984fbdfc99d649209dc1352ea21eeb41 b463f2f927e047c6990c6ca3444dea92 - - default default] 10.0.0.43 "GET /v2.0/ports?device_id=ba281763-37bb-46d0-9b9f-87618584d4e8 HTTP/1.1" status: 200 len: 1174 time: 0.0468953
2026-04-07 01:16:08.540 9 INFO neutron.api.wsgi [req-81d039ef-8e3e-4409-8968-fb348440b8ac req-16c350f7-bd69-4d75-ae6a-ada7c286fafc 984fbdfc99d649209dc1352ea21eeb41 b463f2f927e047c6990c6ca3444dea92 - - default default] 10.0.0.43 "GET /v2.0/security-groups?id=b91e0d92-ac58-44cc-b412-38aa88978cf4&fields=id&fields=name HTTP/1.1" status: 200 len: 312 time: 0.0321178
2026-04-07 01:16:08.572 9 INFO neutron.api.wsgi [req-60161d7d-0cea-41d2-90dc-75e6a1389786 req-e3dc5619-8c9c-4cf1-a51b-f414a2afaaf6 077cfc4fdc9945279dd840bee508c26d 7b2064a28fc940e79a1ae6d59fa8558d - - f2cb70a218e141769260855bf15aa918 f2cb70a218e141769260855bf15aa918] 199.204.45.244 "GET /v2.0/ports?tenant_id=19c240d8c2b4451a869ca055b312a5e8&device_id=51d588c2-d577-46f8-981f-c6e57f850d3a HTTP/1.1" status: 200 len: 1636 time: 0.0282383
2026-04-07 01:16:08.589 9 INFO neutron.api.wsgi [req-60161d7d-0cea-41d2-90dc-75e6a1389786 req-1c1fd47b-add5-40a0-a49a-040aea00f9be 077cfc4fdc9945279dd840bee508c26d 7b2064a28fc940e79a1ae6d59fa8558d - - f2cb70a218e141769260855bf15aa918 f2cb70a218e141769260855bf15aa918] 199.204.45.244 "GET /v2.0/floatingips?fixed_ip_address=10.2.1.235&port_id=0faad8f5-3b92-4e28-96bf-0a15720f1963 HTTP/1.1" status: 200 len: 217 time: 0.0130539
2026-04-07 01:16:08.612 9 INFO neutron.api.wsgi [req-60161d7d-0cea-41d2-90dc-75e6a1389786 req-6e9a97ad-b188-4a24-9926-661af3bf9528 077cfc4fdc9945279dd840bee508c26d 7b2064a28fc940e79a1ae6d59fa8558d - - f2cb70a218e141769260855bf15aa918 f2cb70a218e141769260855bf15aa918] 199.204.45.244 "GET /v2.0/floatingips?fixed_ip_address=fd7b%3Af9f7%3Afff%3A4eca%3A%3A217&port_id=0faad8f5-3b92-4e28-96bf-0a15720f1963 HTTP/1.1" status: 200 len: 217 time: 0.0169470
2026-04-07 01:16:08.638 9 INFO neutron.api.wsgi [req-60161d7d-0cea-41d2-90dc-75e6a1389786 req-1067e27e-7649-4dfa-8db5-e1bd6b52674e 077cfc4fdc9945279dd840bee508c26d 7b2064a28fc940e79a1ae6d59fa8558d - - f2cb70a218e141769260855bf15aa918 f2cb70a218e141769260855bf15aa918] 199.204.45.244 "GET /v2.0/subnets?id=135a9428-e703-4580-95f9-5d0d3245ddc3&id=0b883af0-764b-40cf-9116-842bb8601cd4 HTTP/1.1" status: 200 len: 1609 time: 0.0211697
2026-04-07 01:16:08.656 9 INFO neutron.api.wsgi [req-60161d7d-0cea-41d2-90dc-75e6a1389786 req-96d49bfd-8473-4032-a140-7ea67841c557 077cfc4fdc9945279dd840bee508c26d 7b2064a28fc940e79a1ae6d59fa8558d - - f2cb70a218e141769260855bf15aa918 f2cb70a218e141769260855bf15aa918] 199.204.45.244 "GET /v2.0/ports?network_id=c538e71e-691b-49f8-a777-c0eb46f0f424&device_owner=network%3Adhcp HTTP/1.1" status: 200 len: 210 time: 0.0129912
2026-04-07 01:16:08.675 9 INFO neutron.api.wsgi [req-60161d7d-0cea-41d2-90dc-75e6a1389786 req-6c733bb6-104e-490d-b14b-555326362680 077cfc4fdc9945279dd840bee508c26d 7b2064a28fc940e79a1ae6d59fa8558d - - f2cb70a218e141769260855bf15aa918 f2cb70a218e141769260855bf15aa918] 199.204.45.244 "GET /v2.0/ports?network_id=c538e71e-691b-49f8-a777-c0eb46f0f424&device_owner=network%3Adhcp HTTP/1.1" status: 200 len: 210 time: 0.0143366
2026-04-07 01:16:08.718 9 INFO neutron.api.wsgi [req-60161d7d-0cea-41d2-90dc-75e6a1389786 req-e5000270-1b91-4af8-8823-30631a4d2d59 077cfc4fdc9945279dd840bee508c26d 7b2064a28fc940e79a1ae6d59fa8558d - - f2cb70a218e141769260855bf15aa918 f2cb70a218e141769260855bf15aa918] 199.204.45.244 "GET /v2.0/networks/c538e71e-691b-49f8-a777-c0eb46f0f424?fields=segments HTTP/1.1" status: 200 len: 212 time: 0.0385559
2026-04-07 01:16:08.718 10 WARNING neutron.scheduler.dhcp_agent_scheduler [None req-71495fb6-0729-4d9e-b97f-5f752eac5200 a2d0a1c93a644353986fb59fa82c6c00 1a115c3af90a4a91b61ee220bd81a204 - - default default] No more DHCP agents
2026-04-07 01:16:08.720 10 WARNING neutron.api.rpc.agentnotifiers.dhcp_rpc_agent_api [None req-71495fb6-0729-4d9e-b97f-5f752eac5200 a2d0a1c93a644353986fb59fa82c6c00 1a115c3af90a4a91b61ee220bd81a204 - - default default] Unable to schedule network 83d85df8-8db9-4a40-bf88-cfa3db8622cb: no agents available; will retry on subsequent port and subnet creation events.
2026-04-07 01:16:08.764 9 INFO neutron.api.wsgi [req-60161d7d-0cea-41d2-90dc-75e6a1389786 req-209e7ce8-c6e4-4974-b537-78d0da8fa23b 077cfc4fdc9945279dd840bee508c26d 7b2064a28fc940e79a1ae6d59fa8558d - - f2cb70a218e141769260855bf15aa918 f2cb70a218e141769260855bf15aa918] 199.204.45.244 "GET /v2.0/networks/c538e71e-691b-49f8-a777-c0eb46f0f424?fields=provider%3Aphysical_network&fields=provider%3Anetwork_type HTTP/1.1" status: 200 len: 277 time: 0.0408344 /var/lib/openstack/lib/python3.12/site-packages/pycadf/identifier.py:71: UserWarning: Invalid uuid: neutron. To ensure interoperability, identifiers should be a valid uuid. warnings.warn(('Invalid uuid: %s. To ensure interoperability, '
2026-04-07 01:16:08.812 10 INFO neutron.api.wsgi [None req-89cb49dc-6e3b-4df2-b428-cbfe5a4600e1 18878a0d425b4acdb108715ae117b9b7 28b3f955963c4cc181f8e9e005ce9122 - - default default] 10.0.0.206 "GET /v2.0/security-groups?tenant_id=ea76fd92ab394ecd8cdc7b279b1be5fb&name=default HTTP/1.1" status: 200 len: 3120 time: 0.1069348
2026-04-07 01:16:08.835 10 INFO neutron.db.ovn_revision_numbers_db [None req-71495fb6-0729-4d9e-b97f-5f752eac5200 a2d0a1c93a644353986fb59fa82c6c00 1a115c3af90a4a91b61ee220bd81a204 - - default default] Successfully bumped revision number for resource cc52ab5d-4309-49d4-98f5-a0bf4491c58f (type: ports) to 1
2026-04-07 01:16:08.856 10 INFO neutron.api.wsgi [None req-71495fb6-0729-4d9e-b97f-5f752eac5200 a2d0a1c93a644353986fb59fa82c6c00 1a115c3af90a4a91b61ee220bd81a204 - - default default] 10.0.0.206 "POST /v2.0/ports HTTP/1.1" status: 201 len: 1154 time: 0.4219763
2026-04-07 01:16:08.866 10 WARNING neutron_lib.context [None req-1d6a5912-aeb5-4721-96e5-995444048afe a2d0a1c93a644353986fb59fa82c6c00 1a115c3af90a4a91b61ee220bd81a204 - - default default] Method 'is_advsvc' is deprecated since 2023.2 release (neutron-lib 3.8.0) and will be removed once support for the old RBAC API policies will be removed from Neutron. Please use method 'is_service_role' instead.
2026-04-07 01:16:08.995 9 INFO neutron.api.wsgi [None req-d7c71241-c9d6-4a24-8bb6-9fc40ef6129c 18878a0d425b4acdb108715ae117b9b7 28b3f955963c4cc181f8e9e005ce9122 - - default default] 10.0.0.206 "DELETE /v2.0/security-groups/7f71d438-eafd-4c12-87c6-0924794f4533 HTTP/1.1" status: 204 len: 168 time: 0.1769781
2026-04-07 01:16:09.030 9 INFO neutron.api.wsgi [req-3a3398af-085f-4c1c-8ec3-69ed4230015d req-a7e03036-cdbc-4bdb-9130-ed12d9ada2c3 077cfc4fdc9945279dd840bee508c26d 7b2064a28fc940e79a1ae6d59fa8558d - - f2cb70a218e141769260855bf15aa918 f2cb70a218e141769260855bf15aa918] 199.204.45.244 "GET /v2.0/ports?tenant_id=b463f2f927e047c6990c6ca3444dea92&device_id=ba281763-37bb-46d0-9b9f-87618584d4e8 HTTP/1.1" status: 200 len: 1413 time: 0.0308046
2026-04-07 01:16:09.145 10 WARNING neutron.scheduler.dhcp_agent_scheduler [None req-1d6a5912-aeb5-4721-96e5-995444048afe a2d0a1c93a644353986fb59fa82c6c00 1a115c3af90a4a91b61ee220bd81a204 - - default default] No more DHCP agents
2026-04-07 01:16:09.147 10 WARNING neutron.api.rpc.agentnotifiers.dhcp_rpc_agent_api [None req-1d6a5912-aeb5-4721-96e5-995444048afe a2d0a1c93a644353986fb59fa82c6c00 1a115c3af90a4a91b61ee220bd81a204 - - default default] Unable to schedule network 83d85df8-8db9-4a40-bf88-cfa3db8622cb: no agents available; will retry on subsequent port and subnet creation events.
2026-04-07 01:16:09.258 10 INFO neutron.db.ovn_revision_numbers_db [None req-1d6a5912-aeb5-4721-96e5-995444048afe a2d0a1c93a644353986fb59fa82c6c00 1a115c3af90a4a91b61ee220bd81a204 - - default default] Successfully bumped revision number for resource 5e63a328-d021-4775-ad06-dfbfe3ba220d (type: ports) to 1
2026-04-07 01:16:09.278 10 INFO neutron.api.wsgi [None req-1d6a5912-aeb5-4721-96e5-995444048afe a2d0a1c93a644353986fb59fa82c6c00 1a115c3af90a4a91b61ee220bd81a204 - - default default] 10.0.0.206 "POST /v2.0/ports HTTP/1.1" status: 201 len: 1158 time: 0.4157732 /var/lib/openstack/lib/python3.12/site-packages/pycadf/identifier.py:71: UserWarning: Invalid uuid: neutron. To ensure interoperability, identifiers should be a valid uuid. warnings.warn(('Invalid uuid: %s. To ensure interoperability, '
2026-04-07 01:16:09.288 10 WARNING neutron_lib.context [None req-a2764a93-71b6-4387-afcb-25309d556f60 a2d0a1c93a644353986fb59fa82c6c00 1a115c3af90a4a91b61ee220bd81a204 - - default default] Method 'is_advsvc' is deprecated since 2023.2 release (neutron-lib 3.8.0) and will be removed once support for the old RBAC API policies will be removed from Neutron. Please use method 'is_service_role' instead.
2026-04-07 01:16:09.331 10 INFO neutron.services.segments.plugin [-] Segment dd44dd32-93f5-4a4a-96df-1254c6b0da89 resource provider aggregate not found
2026-04-07 01:16:09.343 10 INFO neutron.services.segments.plugin [-] Segment dd44dd32-93f5-4a4a-96df-1254c6b0da89 resource provider aggregate not found
2026-04-07 01:16:09.346 10 INFO neutron.services.segments.plugin [-] Segment dd44dd32-93f5-4a4a-96df-1254c6b0da89 resource provider not found; error: Placement Client Error (4xx): {"errors": [{"status": 404, "title": "Not Found", "detail": "The resource could not be found.\n\n No resource provider with uuid dd44dd32-93f5-4a4a-96df-1254c6b0da89 found for delete ", "request_id": "req-7b8abde9-5bc0-49e0-9377-82b359432861"}]}
2026-04-07 01:16:09.354 10 INFO neutron.services.segments.plugin [-] Segment dd44dd32-93f5-4a4a-96df-1254c6b0da89 resource provider not found; error: Placement Client Error (4xx): {"errors": [{"status": 404, "title": "Not Found", "detail": "The resource could not be found.\n\n No resource provider with uuid dd44dd32-93f5-4a4a-96df-1254c6b0da89 found for delete ", "request_id": "req-1ed7fd87-7d4c-445c-86e9-87c25a99ecda"}]}
2026-04-07 01:16:09.493 10 WARNING neutron.scheduler.dhcp_agent_scheduler [None req-a2764a93-71b6-4387-afcb-25309d556f60 a2d0a1c93a644353986fb59fa82c6c00 1a115c3af90a4a91b61ee220bd81a204 - - default default] No more DHCP agents
2026-04-07 01:16:09.494 10 WARNING neutron.api.rpc.agentnotifiers.dhcp_rpc_agent_api [None req-a2764a93-71b6-4387-afcb-25309d556f60 a2d0a1c93a644353986fb59fa82c6c00 1a115c3af90a4a91b61ee220bd81a204 - - default default] Unable to schedule network 9aff7a8e-31f5-4209-ac23-97fb955a382a: no agents available; will retry on subsequent port and subnet creation events.
2026-04-07 01:16:09.580 9 INFO neutron.api.wsgi [req-3a3398af-085f-4c1c-8ec3-69ed4230015d req-088a6231-aac7-4f2f-a721-f8e7cbb4fded 077cfc4fdc9945279dd840bee508c26d 7b2064a28fc940e79a1ae6d59fa8558d - - f2cb70a218e141769260855bf15aa918 f2cb70a218e141769260855bf15aa918] 199.204.45.244 "GET /v2.0/networks?id=8d49c01b-5751-4aa4-8430-fb5f90543036 HTTP/1.1" status: 200 len: 974 time: 0.0395272
2026-04-07 01:16:09.617 9 INFO neutron.api.wsgi [req-3a3398af-085f-4c1c-8ec3-69ed4230015d req-a5ce59bc-38fa-4edf-bb71-7e678bf030e4 077cfc4fdc9945279dd840bee508c26d 7b2064a28fc940e79a1ae6d59fa8558d - - f2cb70a218e141769260855bf15aa918 f2cb70a218e141769260855bf15aa918] 199.204.45.244 "GET /v2.0/floatingips?fixed_ip_address=10.100.0.13&port_id=886bcb59-79b3-4ec4-a9fe-1afd55119aab HTTP/1.1" status: 200 len: 1060 time: 0.0307913
2026-04-07 01:16:09.636 10 INFO neutron.api.wsgi [req-74b3c4ca-fbd6-4d25-938e-a2890b7d9253 req-cd776cc3-d52a-4cb8-8495-465394cff268 984fbdfc99d649209dc1352ea21eeb41 b463f2f927e047c6990c6ca3444dea92 - - default default] 10.0.0.43 "GET /v2.0/ports?device_id=ba281763-37bb-46d0-9b9f-87618584d4e8 HTTP/1.1" status: 200 len: 1174 time: 0.0393512
2026-04-07 01:16:09.642 9 INFO neutron.api.wsgi [req-3a3398af-085f-4c1c-8ec3-69ed4230015d req-d28b820b-cc82-4652-8ca2-67bbd91afa1e 077cfc4fdc9945279dd840bee508c26d 7b2064a28fc940e79a1ae6d59fa8558d - - f2cb70a218e141769260855bf15aa918 f2cb70a218e141769260855bf15aa918] 199.204.45.244 "GET /v2.0/subnets?id=c90af769-e887-41c4-9259-e1489be951a9 HTTP/1.1" status: 200 len: 893 time: 0.0194581
2026-04-07 01:16:09.664 9 INFO neutron.api.wsgi [req-3a3398af-085f-4c1c-8ec3-69ed4230015d req-8ba32198-8c98-41fd-b9cf-a681102d5b72 077cfc4fdc9945279dd840bee508c26d 7b2064a28fc940e79a1ae6d59fa8558d - - f2cb70a218e141769260855bf15aa918 f2cb70a218e141769260855bf15aa918] 199.204.45.244 "GET /v2.0/ports?network_id=8d49c01b-5751-4aa4-8430-fb5f90543036&device_owner=network%3Adhcp HTTP/1.1" status: 200 len: 210 time: 0.0189164
2026-04-07 01:16:09.685 10 INFO neutron.api.wsgi [req-74b3c4ca-fbd6-4d25-938e-a2890b7d9253 req-193d4c55-5421-4ae2-aca7-ef79b0f539d6 984fbdfc99d649209dc1352ea21eeb41 b463f2f927e047c6990c6ca3444dea92 - - default default] 10.0.0.43 "GET /v2.0/security-groups?id=b91e0d92-ac58-44cc-b412-38aa88978cf4&fields=id&fields=name HTTP/1.1" status: 200 len: 312 time: 0.0419407
2026-04-07 01:16:09.712 9 INFO neutron.api.wsgi [req-3a3398af-085f-4c1c-8ec3-69ed4230015d req-5a7b7e5b-5c56-4459-bd19-59b1e867bce6 077cfc4fdc9945279dd840bee508c26d 7b2064a28fc940e79a1ae6d59fa8558d - - f2cb70a218e141769260855bf15aa918 f2cb70a218e141769260855bf15aa918] 199.204.45.244 "GET /v2.0/networks/8d49c01b-5751-4aa4-8430-fb5f90543036?fields=segments HTTP/1.1" status: 200 len: 212 time: 0.0418706
2026-04-07 01:16:09.750 9 INFO neutron.api.wsgi [req-3a3398af-085f-4c1c-8ec3-69ed4230015d req-c6e046d7-555d-4303-bd00-1bc3b36f14d4 077cfc4fdc9945279dd840bee508c26d 7b2064a28fc940e79a1ae6d59fa8558d - - f2cb70a218e141769260855bf15aa918 f2cb70a218e141769260855bf15aa918] 199.204.45.244 "GET /v2.0/networks/8d49c01b-5751-4aa4-8430-fb5f90543036?fields=provider%3Aphysical_network&fields=provider%3Anetwork_type HTTP/1.1" status: 200 len: 277 time: 0.0342574
2026-04-07 01:16:10.071 10 INFO neutron.db.ovn_revision_numbers_db [None req-a2764a93-71b6-4387-afcb-25309d556f60 a2d0a1c93a644353986fb59fa82c6c00 1a115c3af90a4a91b61ee220bd81a204 - - default default] Successfully bumped revision number for resource 50ec79e9-1398-4d80-be14-6d66e99aa77d (type: floatingips) to -1
2026-04-07 01:16:10.164 10 INFO neutron.db.ovn_revision_numbers_db [None req-a2764a93-71b6-4387-afcb-25309d556f60 a2d0a1c93a644353986fb59fa82c6c00 1a115c3af90a4a91b61ee220bd81a204 - - default default] Successfully bumped revision number for resource 50ec79e9-1398-4d80-be14-6d66e99aa77d (type: floatingips) to 1
2026-04-07 01:16:10.164 10 INFO neutron.db.l3_db [None req-a2764a93-71b6-4387-afcb-25309d556f60 a2d0a1c93a644353986fb59fa82c6c00 1a115c3af90a4a91b61ee220bd81a204 - - default default] Floating IP 50ec79e9-1398-4d80-be14-6d66e99aa77d associated. External IP: 10.96.250.217, port: 5e63a328-d021-4775-ad06-dfbfe3ba220d.
2026-04-07 01:16:10.199 10 INFO neutron.api.wsgi [None req-a2764a93-71b6-4387-afcb-25309d556f60 a2d0a1c93a644353986fb59fa82c6c00 1a115c3af90a4a91b61ee220bd81a204 - - default default] 10.0.0.206 "POST /v2.0/floatingips HTTP/1.1" status: 201 len: 1042 time: 0.9148438 /var/lib/openstack/lib/python3.12/site-packages/pycadf/identifier.py:71: UserWarning: Invalid uuid: neutron. To ensure interoperability, identifiers should be a valid uuid. warnings.warn(('Invalid uuid: %s. To ensure interoperability, '
2026-04-07 01:16:10.370 9 INFO neutron.db.ovn_revision_numbers_db [None req-8820abc1-e513-4305-b78c-4398c92ffaac a2d0a1c93a644353986fb59fa82c6c00 1a115c3af90a4a91b61ee220bd81a204 - - default default] Successfully bumped revision number for resource 50ec79e9-1398-4d80-be14-6d66e99aa77d (type: floatingips) to 2
2026-04-07 01:16:10.418 9 INFO neutron.db.l3_db [None req-8820abc1-e513-4305-b78c-4398c92ffaac a2d0a1c93a644353986fb59fa82c6c00 1a115c3af90a4a91b61ee220bd81a204 - - default default] Floating IP 50ec79e9-1398-4d80-be14-6d66e99aa77d disassociated. External IP: 10.96.250.217, port: 5e63a328-d021-4775-ad06-dfbfe3ba220d.
2026-04-07 01:16:10.446 9 INFO neutron.api.wsgi [None req-8820abc1-e513-4305-b78c-4398c92ffaac a2d0a1c93a644353986fb59fa82c6c00 1a115c3af90a4a91b61ee220bd81a204 - - default default] 10.0.0.206 "PUT /v2.0/floatingips/50ec79e9-1398-4d80-be14-6d66e99aa77d HTTP/1.1" status: 200 len: 748 time: 0.2429047 /var/lib/openstack/lib/python3.12/site-packages/pycadf/identifier.py:71: UserWarning: Invalid uuid: neutron. To ensure interoperability, identifiers should be a valid uuid. warnings.warn(('Invalid uuid: %s. To ensure interoperability, '
2026-04-07 01:16:10.712 10 WARNING neutron_lib.context [None req-2f7077fb-451e-4090-add0-5cfd235a41e2 f74260c0f4584f0298a807545d33ad53 2215ba944d994bf3bd249bfd543fcf53 - - default default] Method 'is_advsvc' is deprecated since 2023.2 release (neutron-lib 3.8.0) and will be removed once support for the old RBAC API policies will be removed from Neutron. Please use method 'is_service_role' instead.
2026-04-07 01:16:10.734 9 INFO neutron.api.wsgi [None req-8488c740-47ac-4a24-85d3-9ffe9cf7a20d a2d0a1c93a644353986fb59fa82c6c00 1a115c3af90a4a91b61ee220bd81a204 - - default default] 10.0.0.206 "DELETE /v2.0/floatingips/50ec79e9-1398-4d80-be14-6d66e99aa77d HTTP/1.1" status: 204 len: 168 time: 0.2820334
2026-04-07 01:16:10.744 9 WARNING neutron_lib.context [None req-16007cfe-150b-45c0-b2f2-2f5d5e4357ff a2d0a1c93a644353986fb59fa82c6c00 1a115c3af90a4a91b61ee220bd81a204 - - default default] Method 'is_advsvc' is deprecated since 2023.2 release (neutron-lib 3.8.0) and will be removed once support for the old RBAC API policies will be removed from Neutron. Please use method 'is_service_role' instead.
2026-04-07 01:16:10.800 9 INFO neutron.api.wsgi [req-8bacca9c-b24e-41e0-9609-452c3b4e4391 req-d6b446c8-b012-4ac3-a56d-44a149ce712e 984fbdfc99d649209dc1352ea21eeb41 b463f2f927e047c6990c6ca3444dea92 - - default default] 10.0.0.43 "GET /v2.0/ports?device_id=ba281763-37bb-46d0-9b9f-87618584d4e8 HTTP/1.1" status: 200 len: 1174 time: 0.0492103
2026-04-07 01:16:10.805 9 INFO neutron.api.wsgi [req-69578a48-ed9a-45d2-ba4e-cb26e5d7ba94 req-0d2c14d3-6355-4104-8fe7-6ca22132e0b5 077cfc4fdc9945279dd840bee508c26d 7b2064a28fc940e79a1ae6d59fa8558d - - f2cb70a218e141769260855bf15aa918 f2cb70a218e141769260855bf15aa918] 199.204.45.244 "GET /v2.0/ports?tenant_id=b463f2f927e047c6990c6ca3444dea92&device_id=ba281763-37bb-46d0-9b9f-87618584d4e8 HTTP/1.1" status: 200 len: 1413 time: 0.0442657
2026-04-07 01:16:10.849 10 INFO neutron.db.ovn_revision_numbers_db [None req-2f7077fb-451e-4090-add0-5cfd235a41e2 f74260c0f4584f0298a807545d33ad53 2215ba944d994bf3bd249bfd543fcf53 - - default default] Successfully bumped revision number for resource 7046dd61-e143-43c1-b4fa-3c43109683f3 (type: security_groups) to 1
2026-04-07 01:16:10.865 10 INFO neutron.db.ovn_revision_numbers_db [None req-2f7077fb-451e-4090-add0-5cfd235a41e2 f74260c0f4584f0298a807545d33ad53 2215ba944d994bf3bd249bfd543fcf53 - - default default] Successfully bumped revision number for resource 3f5cb377-ea26-4e88-9901-55500a38654c (type: security_group_rules) to 0
2026-04-07 01:16:10.878 9 INFO neutron.api.wsgi [req-8bacca9c-b24e-41e0-9609-452c3b4e4391 req-e6cf3c50-b259-434e-9bf0-598de93d5111 984fbdfc99d649209dc1352ea21eeb41 b463f2f927e047c6990c6ca3444dea92 - - default default] 10.0.0.43 "GET /v2.0/security-groups?id=b91e0d92-ac58-44cc-b412-38aa88978cf4&fields=id&fields=name HTTP/1.1" status: 200 len: 312 time: 0.0714352
2026-04-07 01:16:10.885 9 INFO neutron.api.wsgi [req-69578a48-ed9a-45d2-ba4e-cb26e5d7ba94 req-2ad67e20-11e3-4316-ab93-e9c548545cb8 077cfc4fdc9945279dd840bee508c26d 7b2064a28fc940e79a1ae6d59fa8558d - - f2cb70a218e141769260855bf15aa918 f2cb70a218e141769260855bf15aa918] 199.204.45.244 "GET /v2.0/networks?id=8d49c01b-5751-4aa4-8430-fb5f90543036 HTTP/1.1" status: 200 len: 974 time: 0.0732844
