2026-04-07 01:18:42.419 10 INFO neutron.services.segments.plugin [-] Segment eaae6d54-856f-494f-bbbf-9dd30a7a14fb resource provider not found; error: Placement Client Error (4xx): {"errors": [{"status": 404, "title": "Not Found", "detail": "The resource could not be found.\n\n No resource provider with uuid eaae6d54-856f-494f-bbbf-9dd30a7a14fb found for delete ", "request_id": "req-08416c58-caf2-40f2-b984-e499e0b22e17"}]}
2026-04-07 01:18:42.431 10 INFO neutron.api.wsgi [None req-9abb9016-d0b8-4952-8a09-e05e4eb3ec67 18878a0d425b4acdb108715ae117b9b7 28b3f955963c4cc181f8e9e005ce9122 - - default default] 199.204.45.244 "GET /v2.0/subnets/0b883af0-764b-40cf-9116-842bb8601cd4 HTTP/1.1" status: 200 len: 873 time: 0.0422881
2026-04-07 01:18:42.431 10 INFO neutron.services.segments.plugin [-] Segment 80becddd-7b1b-4d48-b52c-49cb697f9f16 resource provider not found; error: Placement Client Error (4xx): {"errors": [{"status": 404, "title": "Not Found", "detail": "The resource could not be found.\n\n No resource provider with uuid 80becddd-7b1b-4d48-b52c-49cb697f9f16 found for delete ", "request_id": "req-454a241f-890b-4f7c-8b58-4e52a2428818"}]}
2026-04-07 01:18:42.432 10 INFO neutron.services.segments.plugin [-] Segment 80becddd-7b1b-4d48-b52c-49cb697f9f16 resource provider aggregate not found
2026-04-07 01:18:42.442 10 INFO neutron.services.segments.plugin [-] Segment 80becddd-7b1b-4d48-b52c-49cb697f9f16 resource provider not found; error: Placement Client Error (4xx): {"errors": [{"status": 404, "title": "Not Found", "detail": "The resource could not be found.\n\n No resource provider with uuid 80becddd-7b1b-4d48-b52c-49cb697f9f16 found for delete ", "request_id": "req-c916367a-6aab-4280-900d-00020e20b2dd"}]}
2026-04-07 01:18:42.494 9 INFO neutron.db.ovn_revision_numbers_db [None req-4e7fbcd3-7a89-4870-a268-a1350b96c765 18878a0d425b4acdb108715ae117b9b7 28b3f955963c4cc181f8e9e005ce9122 - - default default] Successfully bumped revision number for resource c0e74fd4-a8d5-4dd5-b89e-d1c6ca295653 (type: security_groups) to 1
2026-04-07 01:18:42.509 9 INFO neutron.db.ovn_revision_numbers_db [None req-4e7fbcd3-7a89-4870-a268-a1350b96c765 18878a0d425b4acdb108715ae117b9b7 28b3f955963c4cc181f8e9e005ce9122 - - default default] Successfully bumped revision number for resource 66371c21-b830-4d4c-8284-9ee1f1341c3f (type: security_group_rules) to 0
2026-04-07 01:18:42.521 9 INFO neutron.db.ovn_revision_numbers_db [None req-4e7fbcd3-7a89-4870-a268-a1350b96c765 18878a0d425b4acdb108715ae117b9b7 28b3f955963c4cc181f8e9e005ce9122 - - default default] Successfully bumped revision number for resource 9e127734-b1c3-42fa-b038-f4692d616895 (type: security_group_rules) to 0
2026-04-07 01:18:42.531 10 INFO neutron.api.wsgi [None req-a9a6247e-4725-437e-a1db-3a0bb1036ab4 18878a0d425b4acdb108715ae117b9b7 28b3f955963c4cc181f8e9e005ce9122 - - default default] 199.204.45.244 "GET /v2.0/extensions/security-group HTTP/1.1" status: 200 len: 369 time: 0.0051901
2026-04-07 01:18:42.533 9 INFO neutron.db.ovn_revision_numbers_db [None req-4e7fbcd3-7a89-4870-a268-a1350b96c765 18878a0d425b4acdb108715ae117b9b7 28b3f955963c4cc181f8e9e005ce9122 - - default default] Successfully bumped revision number for resource a347c000-7928-40f1-ad27-a6fc84c2842c (type: security_group_rules) to 0
2026-04-07 01:18:42.538 10 INFO neutron.api.wsgi [None req-3b43dcc7-d0d0-4220-ab50-7c4ae7962b1d 18878a0d425b4acdb108715ae117b9b7 28b3f955963c4cc181f8e9e005ce9122 - - default default] 199.204.45.244 "GET /v2.0/extensions/dns-integration HTTP/1.1" status: 200 len: 371 time: 0.0036874
2026-04-07 01:18:42.546 10 INFO neutron.api.wsgi [None req-3bceadb3-cbc0-4bfd-b108-2b29e5ee0b72 18878a0d425b4acdb108715ae117b9b7 28b3f955963c4cc181f8e9e005ce9122 - - default default] 199.204.45.244 "GET /v2.0/extensions/qos HTTP/1.1" status: 200 len: 365 time: 0.0033553
2026-04-07 01:18:42.547 9 INFO neutron.db.ovn_revision_numbers_db [None req-4e7fbcd3-7a89-4870-a268-a1350b96c765 18878a0d425b4acdb108715ae117b9b7 28b3f955963c4cc181f8e9e005ce9122 - - default default] Successfully bumped revision number for resource c3f7d448-2c0b-4e10-9593-b54059262dca (type: security_group_rules) to 0
2026-04-07 01:18:42.554 10 INFO neutron.api.wsgi [None req-a7d0f3f4-b784-41f2-9b47-c50d078e7265 18878a0d425b4acdb108715ae117b9b7 28b3f955963c4cc181f8e9e005ce9122 - - default default] 199.204.45.244 "GET /v2.0/extensions/allowed-address-pairs HTTP/1.1" status: 200 len: 383 time: 0.0037298
2026-04-07 01:18:42.580 10 INFO neutron.api.wsgi [None req-6dcd94fd-b5c6-4a94-bb4f-c492380bef71 18878a0d425b4acdb108715ae117b9b7 28b3f955963c4cc181f8e9e005ce9122 - - default default] 199.204.45.244 "GET /v2.0/subnets/d2c09d54-3cfb-47ff-b82c-b9684c909d8c HTTP/1.1" status: 200 len: 875 time: 0.0214586
2026-04-07 01:18:42.585 9 INFO neutron.api.wsgi [None req-4e7fbcd3-7a89-4870-a268-a1350b96c765 18878a0d425b4acdb108715ae117b9b7 28b3f955963c4cc181f8e9e005ce9122 - - default default] 10.0.0.206 "GET /v2.0/security-groups?tenant_id=e7cbf5aea9684ab398885b029d945fce&name=default HTTP/1.1" status: 200 len: 3120 time: 0.3717372
2026-04-07 01:18:42.617 10 INFO neutron.api.wsgi [None req-fb926b45-a2b7-452e-b712-bbcceca62861 18878a0d425b4acdb108715ae117b9b7 28b3f955963c4cc181f8e9e005ce9122 - - default default] 199.204.45.244 "GET /v2.0/ports/75ee3b6a-7cea-4823-807b-9c823e05a729 HTTP/1.1" status: 200 len: 1336 time: 0.0302777
2026-04-07 01:18:42.644 10 INFO neutron.api.wsgi [None req-3ed5f18a-5cd9-443d-9d66-9cc8119ed6e3 18878a0d425b4acdb108715ae117b9b7 28b3f955963c4cc181f8e9e005ce9122 - - default default] 199.204.45.244 "GET /v2.0/ports/a7eb8983-43b0-4861-94be-149440df8984 HTTP/1.1" status: 200 len: 1518 time: 0.0224855
2026-04-07 01:18:42.671 10 INFO neutron.api.wsgi [None req-ebcc29c9-71c6-483b-b980-acb3cb76fcbd 18878a0d425b4acdb108715ae117b9b7 28b3f955963c4cc181f8e9e005ce9122 - - default default] 199.204.45.244 "GET /v2.0/subnets/d2c09d54-3cfb-47ff-b82c-b9684c909d8c HTTP/1.1" status: 200 len: 875 time: 0.0203857
2026-04-07 01:18:42.720 10 INFO neutron.api.wsgi [None req-0a5445ba-3e09-4f13-9a9f-d5f90f96d7b2 18878a0d425b4acdb108715ae117b9b7 28b3f955963c4cc181f8e9e005ce9122 - - default default] 199.204.45.244 "GET /v2.0/networks/5c1ea1ff-7b04-425e-88c5-0cf5232bc5b3 HTTP/1.1" status: 200 len: 1002 time: 0.0441651
2026-04-07 01:18:42.754 10 INFO neutron.api.wsgi [None req-f95d287d-aae5-4bcd-aa2a-03c59d503bbc 18878a0d425b4acdb108715ae117b9b7 28b3f955963c4cc181f8e9e005ce9122 - - default default] 199.204.45.244 "GET /v2.0/ports/75ee3b6a-7cea-4823-807b-9c823e05a729 HTTP/1.1" status: 200 len: 1336 time: 0.0305037
2026-04-07 01:18:42.781 10 INFO neutron.api.wsgi [None req-fbb43263-1ce7-405a-935a-870c7cd4d5c8 18878a0d425b4acdb108715ae117b9b7 28b3f955963c4cc181f8e9e005ce9122 - - default default] 199.204.45.244 "GET /v2.0/subnets/d2c09d54-3cfb-47ff-b82c-b9684c909d8c HTTP/1.1" status: 200 len: 875 time: 0.0202081
2026-04-07 01:18:42.782 9 INFO neutron.api.wsgi [None req-e762a7ae-d3bb-4fa8-bc7a-42bfe32970c0 18878a0d425b4acdb108715ae117b9b7 28b3f955963c4cc181f8e9e005ce9122 - - default default] 10.0.0.206 "DELETE /v2.0/security-groups/c0e74fd4-a8d5-4dd5-b89e-d1c6ca295653 HTTP/1.1" status: 204 len: 168 time: 0.1923265
2026-04-07 01:18:42.898 10 INFO neutron.api.wsgi [None req-9624f41f-31f8-4aed-8969-2a75840f08e3 18878a0d425b4acdb108715ae117b9b7 28b3f955963c4cc181f8e9e005ce9122 - - default default] 10.0.0.206 "GET /v2.0/security-groups?tenant_id=29ef6460bf0b40ad84c73cf79966ee15&name=default HTTP/1.1" status: 200 len: 3120 time: 0.0315418
2026-04-07 01:18:42.903 9 INFO neutron.api.wsgi [req-5ef1b4c6-b396-427f-a404-e8a513c9ab13 req-b05fb19b-06b9-420c-bc03-0c8a79de85d8 077cfc4fdc9945279dd840bee508c26d 7b2064a28fc940e79a1ae6d59fa8558d - - f2cb70a218e141769260855bf15aa918 f2cb70a218e141769260855bf15aa918] 199.204.45.244 "GET /v2.0/ports?tenant_id=28b3f955963c4cc181f8e9e005ce9122&device_id=237909f3-cc85-4639-a24e-367bd2914884 HTTP/1.1" status: 200 len: 3925 time: 0.0390906
2026-04-07 01:18:42.956 10 INFO neutron.api.wsgi [req-6ac43a85-8b0a-40ee-9edf-bc6ded49dc5f req-011ce053-0269-4a4c-89dd-fc986bf7fa84 26aa32f4841044849a20fe3af61e2d45 a4b4447576af4d7599c8d38afb32a107 - - default default] 10.0.0.43 "GET /v2.0/ports?device_id=7e2e21c0-06e3-4755-9fc4-48de33dfebd9 HTTP/1.1" status: 200 len: 210 time: 0.0168529
2026-04-07 01:18:42.963 9 INFO neutron.api.wsgi [req-5ef1b4c6-b396-427f-a404-e8a513c9ab13 req-cf407f0c-8d80-410f-8029-f41e281550c3 077cfc4fdc9945279dd840bee508c26d 7b2064a28fc940e79a1ae6d59fa8558d - - f2cb70a218e141769260855bf15aa918 f2cb70a218e141769260855bf15aa918] 199.204.45.244 "GET /v2.0/networks?id=c538e71e-691b-49f8-a777-c0eb46f0f424 HTTP/1.1" status: 200 len: 1002 time: 0.0518038
2026-04-07 01:18:42.986 9 INFO neutron.api.wsgi [req-5ef1b4c6-b396-427f-a404-e8a513c9ab13 req-e872812b-95aa-4c99-8019-e3cdb162d4b2 077cfc4fdc9945279dd840bee508c26d 7b2064a28fc940e79a1ae6d59fa8558d - - f2cb70a218e141769260855bf15aa918 f2cb70a218e141769260855bf15aa918] 199.204.45.244 "GET /v2.0/floatingips?fixed_ip_address=10.2.1.240&port_id=2f51f7f3-3ca5-4ec7-b051-31c26cd2a469 HTTP/1.1" status: 200 len: 217 time: 0.0169630
2026-04-07 01:18:43.019 9 INFO neutron.api.wsgi [req-5ef1b4c6-b396-427f-a404-e8a513c9ab13 req-f2d750ed-0110-4f01-b93b-a1a5aae99fc3 077cfc4fdc9945279dd840bee508c26d 7b2064a28fc940e79a1ae6d59fa8558d - - f2cb70a218e141769260855bf15aa918 f2cb70a218e141769260855bf15aa918] 199.204.45.244 "GET /v2.0/subnets?id=0b883af0-764b-40cf-9116-842bb8601cd4 HTTP/1.1" status: 200 len: 876 time: 0.0255921
2026-04-07 01:18:43.038 9 INFO neutron.api.wsgi [req-5ef1b4c6-b396-427f-a404-e8a513c9ab13 req-8c94b913-6b8d-436d-aba4-f30162a78eda 077cfc4fdc9945279dd840bee508c26d 7b2064a28fc940e79a1ae6d59fa8558d - - f2cb70a218e141769260855bf15aa918 f2cb70a218e141769260855bf15aa918] 199.204.45.244 "GET /v2.0/ports?network_id=c538e71e-691b-49f8-a777-c0eb46f0f424&device_owner=network%3Adhcp HTTP/1.1" status: 200 len: 210 time: 0.0135779
2026-04-07 01:18:43.086 9 INFO neutron.api.wsgi [req-5ef1b4c6-b396-427f-a404-e8a513c9ab13 req-91f6cf18-9b9f-4b59-9b0a-eb062e1f5941 077cfc4fdc9945279dd840bee508c26d 7b2064a28fc940e79a1ae6d59fa8558d - - f2cb70a218e141769260855bf15aa918 f2cb70a218e141769260855bf15aa918] 199.204.45.244 "GET /v2.0/networks/c538e71e-691b-49f8-a777-c0eb46f0f424?fields=segments HTTP/1.1" status: 200 len: 212 time: 0.0428379
2026-04-07 01:18:43.131 9 INFO neutron.api.wsgi [req-5ef1b4c6-b396-427f-a404-e8a513c9ab13 req-8db9425a-3220-4131-92af-3e527366af8d 077cfc4fdc9945279dd840bee508c26d 7b2064a28fc940e79a1ae6d59fa8558d - - f2cb70a218e141769260855bf15aa918 f2cb70a218e141769260855bf15aa918] 199.204.45.244 "GET /v2.0/networks/c538e71e-691b-49f8-a777-c0eb46f0f424?fields=provider%3Aphysical_network&fields=provider%3Anetwork_type HTTP/1.1" status: 200 len: 277 time: 0.0400000
2026-04-07 01:18:43.139 9 INFO neutron.api.wsgi [None req-d61c3d84-8035-4a42-96c2-574cd3b4db4f 18878a0d425b4acdb108715ae117b9b7 28b3f955963c4cc181f8e9e005ce9122 - - default default] 10.0.0.206 "DELETE /v2.0/security-groups/6c1c1e5e-2ddc-4c07-b3ad-5d23b1d37e4e HTTP/1.1" status: 204 len: 168 time: 0.2360327
2026-04-07 01:18:43.426 10 INFO neutron.db.ovn_revision_numbers_db [None req-835d1c27-56c5-4bbc-9a13-63865ce209ef 18878a0d425b4acdb108715ae117b9b7 28b3f955963c4cc181f8e9e005ce9122 - - default default] Successfully bumped revision number for resource 0b55444a-4ed9-4adc-a97b-0a2d95953e23 (type: security_groups) to 1
2026-04-07 01:18:43.438 10 INFO neutron.db.ovn_revision_numbers_db [None req-835d1c27-56c5-4bbc-9a13-63865ce209ef 18878a0d425b4acdb108715ae117b9b7 28b3f955963c4cc181f8e9e005ce9122 - - default default] Successfully bumped revision number for resource 0e8fce0b-b0d6-4909-9dc9-5ea21d9f1a33 (type: security_group_rules) to 0
2026-04-07 01:18:43.453 10 INFO neutron.db.ovn_revision_numbers_db [None req-835d1c27-56c5-4bbc-9a13-63865ce209ef 18878a0d425b4acdb108715ae117b9b7 28b3f955963c4cc181f8e9e005ce9122 - - default default] Successfully bumped revision number for resource 71df3564-7abd-4d32-a575-b7a4c2e2b95a (type: security_group_rules) to 0
2026-04-07 01:18:43.467 10 INFO neutron.db.ovn_revision_numbers_db [None req-835d1c27-56c5-4bbc-9a13-63865ce209ef 18878a0d425b4acdb108715ae117b9b7 28b3f955963c4cc181f8e9e005ce9122 - - default default] Successfully bumped revision number for resource 7fbcb430-e114-42c2-9fcd-da9a897177c7 (type: security_group_rules) to 0
2026-04-07 01:18:43.479 10 INFO neutron.db.ovn_revision_numbers_db [None req-835d1c27-56c5-4bbc-9a13-63865ce209ef 18878a0d425b4acdb108715ae117b9b7 28b3f955963c4cc181f8e9e005ce9122 - - default default] Successfully bumped revision number for resource f73d2ef0-5c4f-4b6d-bcc8-aa53fa179694 (type: security_group_rules) to 0
2026-04-07 01:18:43.511 10 INFO neutron.api.wsgi [None req-835d1c27-56c5-4bbc-9a13-63865ce209ef 18878a0d425b4acdb108715ae117b9b7 28b3f955963c4cc181f8e9e005ce9122 - - default default] 10.0.0.206 "GET /v2.0/security-groups?tenant_id=26c2e352926c49638a4c92e0e98e0354&name=default HTTP/1.1" status: 200 len: 3120 time: 0.2076766
2026-04-07 01:18:43.709 10 INFO neutron.api.wsgi [None req-6d33734b-2a76-4146-a3be-6dd4967bd939 18878a0d425b4acdb108715ae117b9b7 28b3f955963c4cc181f8e9e005ce9122 - - default default] 10.0.0.206 "DELETE /v2.0/security-groups/0b55444a-4ed9-4adc-a97b-0a2d95953e23 HTTP/1.1" status: 204 len: 168 time: 0.1938021
2026-04-07 01:18:46.149 10 INFO neutron.api.wsgi [None req-7ad318c9-e826-47d4-b627-1fbcc41f17cb 18878a0d425b4acdb108715ae117b9b7 28b3f955963c4cc181f8e9e005ce9122 - - default default] 10.0.0.206 "PUT /v2.0/routers/39bcc62a-394f-4565-b426-54be36c4370c/remove_router_interface HTTP/1.1" status: 200 len: 503 time: 0.9820487
2026-04-07 01:18:47.006 9 INFO neutron.api.wsgi [None req-f8027ad3-d7e8-42a6-95c2-59d2a081a9c6 18878a0d425b4acdb108715ae117b9b7 28b3f955963c4cc181f8e9e005ce9122 - - default default] 10.0.0.206 "DELETE /v2.0/routers/39bcc62a-394f-4565-b426-54be36c4370c HTTP/1.1" status: 204 len: 168 time: 0.8494728 /var/lib/openstack/lib/python3.12/site-packages/pycadf/identifier.py:71: UserWarning: Invalid uuid: neutron. To ensure interoperability, identifiers should be a valid uuid. warnings.warn(('Invalid uuid: %s. To ensure interoperability, '
2026-04-07 01:18:47.164 10 INFO neutron.api.wsgi [None req-e8f0f381-c50d-4fda-a5ab-b60ec75ed38d 18878a0d425b4acdb108715ae117b9b7 28b3f955963c4cc181f8e9e005ce9122 - - default default] 10.0.0.206 "DELETE /v2.0/subnets/0e3dacef-98e0-4998-b70d-f1c1a4a5d97c HTTP/1.1" status: 204 len: 168 time: 0.1537902
2026-04-07 01:18:47.478 9 INFO neutron.services.segments.plugin [-] Segment 98777ba7-5016-452e-97ab-e9b0b5eaf981 resource provider aggregate not found
2026-04-07 01:18:47.480 9 INFO neutron.services.segments.plugin [-] Segment 98777ba7-5016-452e-97ab-e9b0b5eaf981 resource provider aggregate not found
2026-04-07 01:18:47.489 9 INFO neutron.services.segments.plugin [-] Segment 98777ba7-5016-452e-97ab-e9b0b5eaf981 resource provider not found; error: Placement Client Error (4xx): {"errors": [{"status": 404, "title": "Not Found", "detail": "The resource could not be found.\n\n No resource provider with uuid 98777ba7-5016-452e-97ab-e9b0b5eaf981 found for delete ", "request_id": "req-c6915c49-0002-4dce-b3fa-c1fe9be8f061"}]}
2026-04-07 01:18:47.497 9 INFO neutron.services.segments.plugin [-] Segment 98777ba7-5016-452e-97ab-e9b0b5eaf981 resource provider not found; error: Placement Client Error (4xx): {"errors": [{"status": 404, "title": "Not Found", "detail": "The resource could not be found.\n\n No resource provider with uuid 98777ba7-5016-452e-97ab-e9b0b5eaf981 found for delete ", "request_id": "req-17ef1cc9-901e-4776-a7a0-1023c00dd956"}]}
2026-04-07 01:18:47.510 9 INFO neutron.api.wsgi [None req-8befff6a-9923-4bd2-ad79-fa977265af4b 18878a0d425b4acdb108715ae117b9b7 28b3f955963c4cc181f8e9e005ce9122 - - default default] 10.0.0.206 "DELETE /v2.0/networks/f1da5829-dfa6-49e4-b615-2bec503a4eb8 HTTP/1.1" status: 204 len: 168 time: 0.3408983
2026-04-07 01:18:47.683 10 INFO neutron.api.wsgi [None req-3cb878a6-c17c-43d3-b827-85b7bfd9e6da 18878a0d425b4acdb108715ae117b9b7 28b3f955963c4cc181f8e9e005ce9122 - - default default] 10.0.0.206 "GET /v2.0/security-groups?tenant_id=a4b4447576af4d7599c8d38afb32a107&name=default HTTP/1.1" status: 200 len: 3120 time: 0.0345232
2026-04-07 01:18:47.818 9 WARNING neutron_lib.context [None req-7956e264-56ca-49a9-840b-d1de72300dad 65491a05c144452387f2e88eae28bde1 1eae62c0878e41049d21c14aa8f389a8 - - default default] Method 'is_advsvc' is deprecated since 2023.2 release (neutron-lib 3.8.0) and will be removed once support for the old RBAC API policies will be removed from Neutron. Please use method 'is_service_role' instead.
2026-04-07 01:18:47.865 9 INFO neutron.api.wsgi [None req-7956e264-56ca-49a9-840b-d1de72300dad 65491a05c144452387f2e88eae28bde1 1eae62c0878e41049d21c14aa8f389a8 - - default default] 10.0.0.206 "POST /v2.0/subnetpools HTTP/1.1" status: 201 len: 715 time: 0.2520752
2026-04-07 01:18:47.874 9 WARNING neutron_lib.context [None req-ece62016-87b3-4c6f-8e8e-cb637aaaa552 65491a05c144452387f2e88eae28bde1 1eae62c0878e41049d21c14aa8f389a8 - - default default] Method 'is_advsvc' is deprecated since 2023.2 release (neutron-lib 3.8.0) and will be removed once support for the old RBAC API policies will be removed from Neutron. Please use method 'is_service_role' instead.
2026-04-07 01:18:47.886 10 INFO neutron.api.wsgi [None req-09b5e2d8-dbdd-4dae-b567-a69efc0b86ce 18878a0d425b4acdb108715ae117b9b7 28b3f955963c4cc181f8e9e005ce9122 - - default default] 10.0.0.206 "DELETE /v2.0/security-groups/d5a37ee7-f6f2-4d7c-b14c-fcf0204e545e HTTP/1.1" status: 204 len: 168 time: 0.1976314
2026-04-07 01:18:47.913 9 INFO neutron.api.wsgi [None req-ece62016-87b3-4c6f-8e8e-cb637aaaa552 65491a05c144452387f2e88eae28bde1 1eae62c0878e41049d21c14aa8f389a8 - - default default] 10.0.0.206 "POST /v2.0/subnetpools HTTP/1.1" status: 201 len: 715 time: 0.0433650
2026-04-07 01:18:47.921 9 WARNING neutron_lib.context [None req-ad00f2f0-5b69-4179-936b-5cf59f79cd5d 65491a05c144452387f2e88eae28bde1 1eae62c0878e41049d21c14aa8f389a8 - - default default] Method 'is_advsvc' is deprecated since 2023.2 release (neutron-lib 3.8.0) and will be removed once support for the old RBAC API policies will be removed from Neutron. Please use method 'is_service_role' instead.
2026-04-07 01:18:47.968 9 INFO neutron.api.wsgi [None req-ad00f2f0-5b69-4179-936b-5cf59f79cd5d 65491a05c144452387f2e88eae28bde1 1eae62c0878e41049d21c14aa8f389a8 - - default default] 10.0.0.206 "POST /v2.0/subnetpools HTTP/1.1" status: 201 len: 715 time: 0.0508192
2026-04-07 01:18:47.977 9 WARNING neutron_lib.context [None req-0c4531ef-f0de-49c2-897f-ae00b4eb5c06 65491a05c144452387f2e88eae28bde1 1eae62c0878e41049d21c14aa8f389a8 - - default default] Method 'is_advsvc' is deprecated since 2023.2 release (neutron-lib 3.8.0) and will be removed once support for the old RBAC API policies will be removed from Neutron. Please use method 'is_service_role' instead.
2026-04-07 01:18:48.018 9 INFO neutron.api.wsgi [None req-0c4531ef-f0de-49c2-897f-ae00b4eb5c06 65491a05c144452387f2e88eae28bde1 1eae62c0878e41049d21c14aa8f389a8 - - default default] 10.0.0.206 "POST /v2.0/subnetpools HTTP/1.1" status: 201 len: 715 time: 0.0458455
2026-04-07 01:18:48.028 9 WARNING neutron_lib.context [None req-25cad24b-1b37-48c2-9da7-753458c6e6c1 65491a05c144452387f2e88eae28bde1 1eae62c0878e41049d21c14aa8f389a8 - - default default] Method 'is_advsvc' is deprecated since 2023.2 release (neutron-lib 3.8.0) and will be removed once support for the old RBAC API policies will be removed from Neutron. Please use method 'is_service_role' instead.
2026-04-07 01:18:48.076 9 INFO neutron.api.wsgi [None req-25cad24b-1b37-48c2-9da7-753458c6e6c1 65491a05c144452387f2e88eae28bde1 1eae62c0878e41049d21c14aa8f389a8 - - default default] 10.0.0.206 "POST /v2.0/subnetpools HTTP/1.1" status: 201 len: 715 time: 0.0534296
2026-04-07 01:18:48.108 9 INFO neutron.api.wsgi [None req-e17bce3b-f04e-4d26-8b55-79b020f365a3 65491a05c144452387f2e88eae28bde1 1eae62c0878e41049d21c14aa8f389a8 - - default default] 10.0.0.206 "PUT /v2.0/subnetpools/b194b9a0-1390-43d9-8455-3aa3e0fd4f15/tags HTTP/1.1" status: 200 len: 210 time: 0.0268822
2026-04-07 01:18:48.146 9 INFO neutron.api.wsgi [None req-d625ae4b-486a-4148-be18-86d59cf3b02e 65491a05c144452387f2e88eae28bde1 1eae62c0878e41049d21c14aa8f389a8 - - default default] 10.0.0.206 "PUT /v2.0/subnetpools/4863b239-f78f-45d5-b79f-0a1679261aca/tags HTTP/1.1" status: 200 len: 218 time: 0.0343621
2026-04-07 01:18:48.187 9 INFO neutron.api.wsgi [None req-26cae7ca-334a-44bd-871e-e145c7ae25e4 65491a05c144452387f2e88eae28bde1 1eae62c0878e41049d21c14aa8f389a8 - - default default] 10.0.0.206 "PUT /v2.0/subnetpools/350823e4-4a2e-4ea5-b569-986d1f59cf2d/tags HTTP/1.1" status: 200 len: 227 time: 0.0362804
2026-04-07 01:18:48.220 9 INFO neutron.api.wsgi [None req-d885915b-178c-482b-ae6b-d7f6fe512491 65491a05c144452387f2e88eae28bde1 1eae62c0878e41049d21c14aa8f389a8 - - default default] 10.0.0.206 "PUT /v2.0/subnetpools/b0857d93-14cd-4150-9f7d-e704b487ebad/tags HTTP/1.1" status: 200 len: 212 time: 0.0298178
2026-04-07 01:18:48.247 9 INFO neutron.api.wsgi [None req-4745f936-8d82-4669-9bb5-5a4880ae43fc 65491a05c144452387f2e88eae28bde1 1eae62c0878e41049d21c14aa8f389a8 - - default default] 10.0.0.206 "GET /v2.0/subnetpools?tags=red HTTP/1.1" status: 200 len: 1758 time: 0.0223370
2026-04-07 01:18:48.271 9 INFO neutron.api.wsgi [None req-f0ab3002-8e6b-41ed-9888-0e81640627c1 65491a05c144452387f2e88eae28bde1 1eae62c0878e41049d21c14aa8f389a8 - - default default] 10.0.0.206 "GET /v2.0/subnetpools?tags=red%2Cblue HTTP/1.1" status: 200 len: 1251 time: 0.0201452
2026-04-07 01:18:48.290 9 INFO neutron.api.wsgi [None req-63b7cdbf-1711-4c41-9790-9dbac61d19e5 65491a05c144452387f2e88eae28bde1 1eae62c0878e41049d21c14aa8f389a8 - - default default] 10.0.0.206 "GET /v2.0/subnetpools?tags-any=blue HTTP/1.1" status: 200 len: 1251 time: 0.0163128
2026-04-07 01:18:48.313 9 INFO neutron.api.wsgi [None req-fb498aaa-d61d-441e-85a4-fd82d44f8ef7 65491a05c144452387f2e88eae28bde1 1eae62c0878e41049d21c14aa8f389a8 - - default default] 10.0.0.206 "GET /v2.0/subnetpools?tags-any=red%2Cblue HTTP/1.1" status: 200 len: 1758 time: 0.0189822
2026-04-07 01:18:48.336 9 INFO neutron.api.wsgi [None req-9156d64b-2d35-4846-b468-d6cc179b36d7 65491a05c144452387f2e88eae28bde1 1eae62c0878e41049d21c14aa8f389a8 - - default default] 10.0.0.206 "GET /v2.0/subnetpools?not-tags=red HTTP/1.1" status: 200 len: 1223 time: 0.0194399
2026-04-07 01:18:48.362 9 INFO neutron.api.wsgi [None req-72b9cca8-f722-4cbd-b7cd-64215efa3d07 65491a05c144452387f2e88eae28bde1 1eae62c0878e41049d21c14aa8f389a8 - - default default] 10.0.0.206 "GET /v2.0/subnetpools?not-tags=red%2Cblue HTTP/1.1" status: 200 len: 1730 time: 0.0204301
2026-04-07 01:18:48.383 9 INFO neutron.api.wsgi [None req-60792241-2a4d-477f-8672-45972a37a4d5 65491a05c144452387f2e88eae28bde1 1eae62c0878e41049d21c14aa8f389a8 - - default default] 10.0.0.206 "GET /v2.0/subnetpools?not-tags-any=blue HTTP/1.1" status: 200 len: 1730 time: 0.0178523
2026-04-07 01:18:48.405 9 INFO neutron.api.wsgi [None req-a597c764-cd11-4a77-865c-e8224c757cd6 65491a05c144452387f2e88eae28bde1 1eae62c0878e41049d21c14aa8f389a8 - - default default] 10.0.0.206 "GET /v2.0/subnetpools?not-tags-any=red%2Cblue HTTP/1.1" status: 200 len: 1223 time: 0.0172262
2026-04-07 01:18:48.445 9 INFO neutron.api.wsgi [None req-bcdf51e7-202f-4705-b566-0b69e177cb43 65491a05c144452387f2e88eae28bde1 1eae62c0878e41049d21c14aa8f389a8 - - default default] 10.0.0.206 "DELETE /v2.0/subnetpools/b194b9a0-1390-43d9-8455-3aa3e0fd4f15 HTTP/1.1" status: 204 len: 168 time: 0.0339575
2026-04-07 01:18:48.481 9 INFO neutron.api.wsgi [None req-4a17897a-1bb5-4199-a8a4-0aa12dbe5f78 65491a05c144452387f2e88eae28bde1 1eae62c0878e41049d21c14aa8f389a8 - - default default] 10.0.0.206 "DELETE /v2.0/subnetpools/4863b239-f78f-45d5-b79f-0a1679261aca HTTP/1.1" status: 204 len: 168 time: 0.0318375
2026-04-07 01:18:48.519 9 INFO neutron.api.wsgi [None req-679600ea-3cb3-400e-af70-0a1d59a6f141 65491a05c144452387f2e88eae28bde1 1eae62c0878e41049d21c14aa8f389a8 - - default default] 10.0.0.206 "DELETE /v2.0/subnetpools/350823e4-4a2e-4ea5-b569-986d1f59cf2d HTTP/1.1" status: 204 len: 168 time: 0.0349739
2026-04-07 01:18:48.557 9 INFO neutron.api.wsgi [None req-f9631a6d-f08e-4c2f-ab0f-2f2d46cb8a40 65491a05c144452387f2e88eae28bde1 1eae62c0878e41049d21c14aa8f389a8 - - default default] 10.0.0.206 "DELETE /v2.0/subnetpools/b0857d93-14cd-4150-9f7d-e704b487ebad HTTP/1.1" status: 204 len: 168 time: 0.0337319
2026-04-07 01:18:48.595 9 INFO neutron.api.wsgi [None req-263fff13-158c-472e-b92f-6b31b9df107d 65491a05c144452387f2e88eae28bde1 1eae62c0878e41049d21c14aa8f389a8 - - default default] 10.0.0.206 "DELETE /v2.0/subnetpools/5355a082-ae9a-4a3f-9627-2b07e4d5bde5 HTTP/1.1" status: 204 len: 168 time: 0.0334489
2026-04-07 01:18:49.419 9 INFO neutron.api.wsgi [None req-7c5a5695-e233-4e78-af64-4b013eac3633 18878a0d425b4acdb108715ae117b9b7 28b3f955963c4cc181f8e9e005ce9122 - - default default] 10.0.0.127 "GET /v2.0/extensions/security-group HTTP/1.1" status: 200 len: 369 time: 0.0339725
2026-04-07 01:18:49.429 9 INFO neutron.api.wsgi [None req-0e1ceba3-d330-4ad4-9ebd-4ef46988ff6b 18878a0d425b4acdb108715ae117b9b7 28b3f955963c4cc181f8e9e005ce9122 - - default default] 10.0.0.127 "GET /v2.0/extensions/dns-integration HTTP/1.1" status: 200 len: 371 time: 0.0032427
2026-04-07 01:18:49.437 9 INFO neutron.api.wsgi [None req-285b8831-d8de-4afb-ac52-01910e41d18f 18878a0d425b4acdb108715ae117b9b7 28b3f955963c4cc181f8e9e005ce9122 - - default default] 10.0.0.127 "GET /v2.0/extensions/qos HTTP/1.1" status: 200 len: 365 time: 0.0030620
2026-04-07 01:18:49.453 9 INFO neutron.api.wsgi [None req-686f0497-4400-48ab-96de-2f31d20ae83f 18878a0d425b4acdb108715ae117b9b7 28b3f955963c4cc181f8e9e005ce9122 - - default default] 10.0.0.127 "GET /v2.0/extensions/allowed-address-pairs HTTP/1.1" status: 200 len: 383 time: 0.0103021
2026-04-07 01:18:49.503 9 INFO neutron.db.ovn_revision_numbers_db [None req-769d4f10-9f2b-4d4b-a8d8-e91525af7df2 18878a0d425b4acdb108715ae117b9b7 28b3f955963c4cc181f8e9e005ce9122 - - default default] Successfully bumped revision number for resource 2453196c-5984-4189-97f3-ee0a91278123 (type: security_groups) to 1
2026-04-07 01:18:49.515 9 INFO neutron.db.ovn_revision_numbers_db [None req-769d4f10-9f2b-4d4b-a8d8-e91525af7df2 18878a0d425b4acdb108715ae117b9b7 28b3f955963c4cc181f8e9e005ce9122 - - default default] Successfully bumped revision number for resource 9b4f4085-0dfa-4456-941a-34a1f4f5b413 (type: security_group_rules) to 0
2026-04-07 01:18:49.528 9 INFO neutron.db.ovn_revision_numbers_db [None req-769d4f10-9f2b-4d4b-a8d8-e91525af7df2 18878a0d425b4acdb108715ae117b9b7 28b3f955963c4cc181f8e9e005ce9122 - - default default] Successfully bumped revision number for resource d4871a42-4b93-471b-9426-5b7edc6d0fa6 (type: security_group_rules) to 0
2026-04-07 01:18:49.540 9 INFO neutron.db.ovn_revision_numbers_db [None req-769d4f10-9f2b-4d4b-a8d8-e91525af7df2 18878a0d425b4acdb108715ae117b9b7 28b3f955963c4cc181f8e9e005ce9122 - - default default] Successfully bumped revision number for resource dfd08ca2-d183-45b6-b5d6-5f7d28446e20 (type: security_group_rules) to 0
2026-04-07 01:18:49.551 9 INFO neutron.db.ovn_revision_numbers_db [None req-769d4f10-9f2b-4d4b-a8d8-e91525af7df2 18878a0d425b4acdb108715ae117b9b7 28b3f955963c4cc181f8e9e005ce9122 - - default default] Successfully bumped revision number for resource f9cdc2fa-7159-49d2-83c3-69228547a88c (type: security_group_rules) to 0
2026-04-07 01:18:49.583 9 INFO neutron.api.wsgi [None req-769d4f10-9f2b-4d4b-a8d8-e91525af7df2 18878a0d425b4acdb108715ae117b9b7 28b3f955963c4cc181f8e9e005ce9122 - - default default] 10.0.0.206 "GET /v2.0/security-groups?tenant_id=1eae62c0878e41049d21c14aa8f389a8&name=default HTTP/1.1" status: 200 len: 3120 time: 0.3580260
2026-04-07 01:18:49.781 9 INFO neutron.api.wsgi [None req-464fe6e7-3e0d-4446-83ec-a95bef932659 18878a0d425b4acdb108715ae117b9b7 28b3f955963c4cc181f8e9e005ce9122 - - default default] 10.0.0.206 "DELETE /v2.0/security-groups/2453196c-5984-4189-97f3-ee0a91278123 HTTP/1.1" status: 204 len: 168 time: 0.1926522
2026-04-07 01:18:49.968 9 INFO neutron.api.wsgi [-] 10.0.0.127 "GET / HTTP/1.1" status: 200 len: 284 time: 0.0024266
2026-04-07 01:18:49.990 10 INFO neutron.db.ovn_revision_numbers_db [None req-83b932b3-f4ea-4d81-83b8-45ba56c81073 18878a0d425b4acdb108715ae117b9b7 28b3f955963c4cc181f8e9e005ce9122 - - default default] Successfully bumped revision number for resource 12e0adda-bf7c-4943-afcb-81d98bd060b3 (type: security_groups) to 1
2026-04-07 01:18:50.008 10 INFO neutron.db.ovn_revision_numbers_db [None req-83b932b3-f4ea-4d81-83b8-45ba56c81073 18878a0d425b4acdb108715ae117b9b7 28b3f955963c4cc181f8e9e005ce9122 - - default default] Successfully bumped revision number for resource 82a69278-36c3-4b7e-ac4c-e279e2a3dc22 (type: security_group_rules) to 0
2026-04-07 01:18:50.023 9 INFO neutron.api.wsgi [None req-57bac433-dedb-4626-b7c6-aa6e55be1eb4 db2d3857c65b46ac9201bd00f57948c0 19c240d8c2b4451a869ca055b312a5e8 - - default default] 10.0.0.127 "GET /v2.0/subnets/f2c50d5a-cdf4-4459-bc73-c8241de20f9b HTTP/1.1" status: 200 len: 854 time: 0.0324669
2026-04-07 01:18:50.026 10 INFO neutron.db.ovn_revision_numbers_db [None req-83b932b3-f4ea-4d81-83b8-45ba56c81073 18878a0d425b4acdb108715ae117b9b7 28b3f955963c4cc181f8e9e005ce9122 - - default default] Successfully bumped revision number for resource 8afe6412-fc9c-4e97-b256-397b0d9268d8 (type: security_group_rules) to 0
2026-04-07 01:18:50.040 10 INFO neutron.db.ovn_revision_numbers_db [None req-83b932b3-f4ea-4d81-83b8-45ba56c81073 18878a0d425b4acdb108715ae117b9b7 28b3f955963c4cc181f8e9e005ce9122 - - default default] Successfully bumped revision number for resource a69bbd68-476d-413d-a478-163ed00a3c69 (type: security_group_rules) to 0
2026-04-07 01:18:50.054 10 INFO neutron.db.ovn_revision_numbers_db [None req-83b932b3-f4ea-4d81-83b8-45ba56c81073 18878a0d425b4acdb108715ae117b9b7 28b3f955963c4cc181f8e9e005ce9122 - - default default] Successfully bumped revision number for resource e1148052-4d97-488e-a029-9eac80a4f4fd (type: security_group_rules) to 0
2026-04-07 01:18:50.083 10 INFO neutron.api.wsgi [None req-83b932b3-f4ea-4d81-83b8-45ba56c81073 18878a0d425b4acdb108715ae117b9b7 28b3f955963c4cc181f8e9e005ce9122 - - default default] 10.0.0.206 "GET /v2.0/security-groups?tenant_id=f0943c13d9ab46e69ac7d560bd0a8b27&name=default HTTP/1.1" status: 200 len: 3120 time: 0.2021277
2026-04-07 01:18:50.282 9 INFO neutron.api.wsgi [None req-bd3e22dc-5704-4a27-844f-aae4a0012674 18878a0d425b4acdb108715ae117b9b7 28b3f955963c4cc181f8e9e005ce9122 - - default default] 10.0.0.206 "DELETE /v2.0/security-groups/12e0adda-bf7c-4943-afcb-81d98bd060b3 HTTP/1.1" status: 204 len: 168 time: 0.1939809
2026-04-07 01:18:50.447 9 INFO neutron.db.ovn_revision_numbers_db [None req-995be037-efca-41e3-960c-265c59728835 18878a0d425b4acdb108715ae117b9b7 28b3f955963c4cc181f8e9e005ce9122 - - default default] Successfully bumped revision number for resource d0a7bdde-d518-4db9-be40-291f1cabdd54 (type: security_groups) to 1
2026-04-07 01:18:50.459 9 INFO neutron.db.ovn_revision_numbers_db [None req-995be037-efca-41e3-960c-265c59728835 18878a0d425b4acdb108715ae117b9b7 28b3f955963c4cc181f8e9e005ce9122 - - default default] Successfully bumped revision number for resource 08bec959-36b2-4186-870b-95e2d597bc74 (type: security_group_rules) to 0
2026-04-07 01:18:50.473 9 INFO neutron.db.ovn_revision_numbers_db [None req-995be037-efca-41e3-960c-265c59728835 18878a0d425b4acdb108715ae117b9b7 28b3f955963c4cc181f8e9e005ce9122 - - default default] Successfully bumped revision number for resource 226dc4ca-af6e-4733-8d0d-3c9dc4878848 (type: security_group_rules) to 0
2026-04-07 01:18:50.483 9 INFO neutron.db.ovn_revision_numbers_db [None req-995be037-efca-41e3-960c-265c59728835 18878a0d425b4acdb108715ae117b9b7 28b3f955963c4cc181f8e9e005ce9122 - - default default] Successfully bumped revision number for resource 2ef94d10-b2af-4225-9d70-c2e77ced2066 (type: security_group_rules) to 0
2026-04-07 01:18:50.492 9 INFO neutron.db.ovn_revision_numbers_db [None req-995be037-efca-41e3-960c-265c59728835 18878a0d425b4acdb108715ae117b9b7 28b3f955963c4cc181f8e9e005ce9122 - - default default] Successfully bumped revision number for resource dd5a8bff-fba9-4cf3-bfe8-1504b7ea69dd (type: security_group_rules) to 0
2026-04-07 01:18:50.520 9 INFO neutron.api.wsgi [None req-995be037-efca-41e3-960c-265c59728835 18878a0d425b4acdb108715ae117b9b7 28b3f955963c4cc181f8e9e005ce9122 - - default default] 10.0.0.206 "GET /v2.0/security-groups?tenant_id=fd6eb1a2f6f84d5ab9b57ce5145264d8&name=default HTTP/1.1" status: 200 len: 3120 time: 0.1544096
2026-04-07 01:18:50.703 9 INFO neutron.api.wsgi [None req-f3600b23-f5b3-4f24-8ab8-bb836bc53e85 18878a0d425b4acdb108715ae117b9b7 28b3f955963c4cc181f8e9e005ce9122 - - default default] 10.0.0.206 "DELETE /v2.0/security-groups/d0a7bdde-d518-4db9-be40-291f1cabdd54 HTTP/1.1" status: 204 len: 168 time: 0.1783471
2026-04-07 01:18:50.853 10 INFO neutron.api.wsgi [None req-a8d456a2-ae21-4360-8e07-419f125f0d7a 18878a0d425b4acdb108715ae117b9b7 28b3f955963c4cc181f8e9e005ce9122 - - default default] 199.204.45.244 "GET /v2.0/extensions/security-group HTTP/1.1" status: 200 len: 369 time: 0.0044215
2026-04-07 01:18:50.859 10 INFO neutron.api.wsgi [None req-466c48a9-d457-4b65-bc41-4b2ab2aae102 18878a0d425b4acdb108715ae117b9b7 28b3f955963c4cc181f8e9e005ce9122 - - default default] 199.204.45.244 "GET /v2.0/extensions/dns-integration HTTP/1.1" status: 200 len: 371 time: 0.0026653
2026-04-07 01:18:50.864 10 INFO neutron.api.wsgi [None req-ebd5e5ae-78d8-45b6-ab06-0fc674552cbb 18878a0d425b4acdb108715ae117b9b7 28b3f955963c4cc181f8e9e005ce9122 - - default default] 199.204.45.244 "GET /v2.0/extensions/qos HTTP/1.1" status: 200 len: 365 time: 0.0026691
2026-04-07 01:18:50.870 10 INFO neutron.api.wsgi [None req-5356ccac-e905-4941-865e-63168b0768df 18878a0d425b4acdb108715ae117b9b7 28b3f955963c4cc181f8e9e005ce9122 - - default default] 199.204.45.244 "GET /v2.0/extensions/allowed-address-pairs HTTP/1.1" status: 200 len: 383 time: 0.0030301
2026-04-07 01:18:50.899 10 INFO neutron.api.wsgi [None req-91a2d461-e134-4101-8dd8-5cb6f55d7946 18878a0d425b4acdb108715ae117b9b7 28b3f955963c4cc181f8e9e005ce9122 - - default default] 199.204.45.244 "GET /v2.0/subnets/0b883af0-764b-40cf-9116-842bb8601cd4 HTTP/1.1" status: 200 len: 873 time: 0.0255826
2026-04-07 01:18:50.926 10 INFO neutron.api.wsgi [None req-96363eff-993d-4c7d-b7fa-365927de0fd7 18878a0d425b4acdb108715ae117b9b7 28b3f955963c4cc181f8e9e005ce9122 - - default default] 199.204.45.244 "GET /v2.0/subnets/f2c50d5a-cdf4-4459-bc73-c8241de20f9b HTTP/1.1" status: 200 len: 872 time: 0.0220070
2026-04-07 01:18:50.965 10 INFO neutron.api.wsgi [None req-9b38554d-6369-4d97-b6e4-3f9f77261392 18878a0d425b4acdb108715ae117b9b7 28b3f955963c4cc181f8e9e005ce9122 - - default default] 199.204.45.244 "GET /v2.0/ports?device_id=237909f3-cc85-4639-a24e-367bd2914884 HTTP/1.1" status: 200 len: 3925 time: 0.0344591
2026-04-07 01:18:51.095 10 INFO neutron.api.wsgi [None req-6fa1014f-e263-407e-bb0d-f4923c63c9a0 18878a0d425b4acdb108715ae117b9b7 28b3f955963c4cc181f8e9e005ce9122 - - default default] 199.204.45.244 "GET /v2.0/extensions/security-group HTTP/1.1" status: 200 len: 369 time: 0.0057094
2026-04-07 01:18:51.102 10 INFO neutron.api.wsgi [None req-0497d1ea-4ed0-4b61-be11-3bb40f13a8af 18878a0d425b4acdb108715ae117b9b7 28b3f955963c4cc181f8e9e005ce9122 - - default default] 199.204.45.244 "GET /v2.0/extensions/dns-integration HTTP/1.1" status: 200 len: 371 time: 0.0038126
2026-04-07 01:18:51.109 10 INFO neutron.api.wsgi [None req-93639b26-fa0d-452b-b2db-0934e9f97154 18878a0d425b4acdb108715ae117b9b7 28b3f955963c4cc181f8e9e005ce9122 - - default default] 199.204.45.244 "GET /v2.0/extensions/qos HTTP/1.1" status: 200 len: 365 time: 0.0037243
2026-04-07 01:18:51.116 10 INFO neutron.api.wsgi [None req-f1358998-204d-4f97-a2e2-e4531106b55f 18878a0d425b4acdb108715ae117b9b7 28b3f955963c4cc181f8e9e005ce9122 - - default default] 199.204.45.244 "GET /v2.0/extensions/allowed-address-pairs HTTP/1.1" status: 200 len: 383 time: 0.0036745
2026-04-07 01:18:51.154 9 INFO neutron.api.wsgi [None req-0c333383-548c-42ff-b423-b1339295b395 98f06a50fc614262a37c251d98a14519 a03772c5f83447ee90680e2072b89772 - - default default] 10.0.0.247 "GET /v2.0/extensions HTTP/1.1" status: 200 len: 19298 time: 0.2288103
2026-04-07 01:18:51.242 9 INFO neutron.api.wsgi [None req-f1bbed02-f254-446c-98df-e3522f7b04b0 98f06a50fc614262a37c251d98a14519 a03772c5f83447ee90680e2072b89772 - - default default] 10.0.0.247 "GET /v2.0/quotas/a03772c5f83447ee90680e2072b89772/details HTTP/1.1" status: 200 len: 1046 time: 0.0750785
2026-04-07 01:18:52.220 9 INFO neutron.api.wsgi [req-309efd0f-9b1f-47dc-b4aa-acfbda3701a4 req-7c7595ec-2d60-4db3-94a5-1481a04e2245 077cfc4fdc9945279dd840bee508c26d 7b2064a28fc940e79a1ae6d59fa8558d - - f2cb70a218e141769260855bf15aa918 f2cb70a218e141769260855bf15aa918] 199.204.45.244 "GET /v2.0/networks/777aaa12-bbfa-4c95-bdd5-34b70372fee4?fields=segments HTTP/1.1" status: 200 len: 212 time: 0.0445135
2026-04-07 01:18:52.269 9 INFO neutron.api.wsgi [req-309efd0f-9b1f-47dc-b4aa-acfbda3701a4 req-35753e47-ee12-42d5-9090-8ab8d650ffe7 077cfc4fdc9945279dd840bee508c26d 7b2064a28fc940e79a1ae6d59fa8558d - - f2cb70a218e141769260855bf15aa918 f2cb70a218e141769260855bf15aa918] 199.204.45.244 "GET /v2.0/networks/777aaa12-bbfa-4c95-bdd5-34b70372fee4?fields=provider%3Aphysical_network&fields=provider%3Anetwork_type HTTP/1.1" status: 200 len: 277 time: 0.0430448
2026-04-07 01:18:52.696 10 INFO neutron.api.wsgi [-] 10.0.0.230 "GET / HTTP/1.1" status: 200 len: 246 time: 0.0022552
2026-04-07 01:18:52.697 9 INFO neutron.api.wsgi [-] 10.0.0.230 "GET / HTTP/1.1" status: 200 len: 246 time: 0.0025623
2026-04-07 01:18:52.826 9 INFO neutron.api.wsgi [req-309efd0f-9b1f-47dc-b4aa-acfbda3701a4 req-7ad56bbc-d233-4bf9-942f-8cecd82e871d 18878a0d425b4acdb108715ae117b9b7 28b3f955963c4cc181f8e9e005ce9122 - - default default] 199.204.45.244 "GET /v2.0/networks?id=777aaa12-bbfa-4c95-bdd5-34b70372fee4 HTTP/1.1" status: 200 len: 1003 time: 0.0502744
2026-04-07 01:18:53.152 9 WARNING neutron.scheduler.dhcp_agent_scheduler [req-309efd0f-9b1f-47dc-b4aa-acfbda3701a4 req-20faf170-e5d8-4e22-b9a8-632f4b5e9f50 18878a0d425b4acdb108715ae117b9b7 28b3f955963c4cc181f8e9e005ce9122 - - default default] No more DHCP agents
2026-04-07 01:18:53.154 9 WARNING neutron.api.rpc.agentnotifiers.dhcp_rpc_agent_api [req-309efd0f-9b1f-47dc-b4aa-acfbda3701a4 req-20faf170-e5d8-4e22-b9a8-632f4b5e9f50 18878a0d425b4acdb108715ae117b9b7 28b3f955963c4cc181f8e9e005ce9122 - - default default] Unable to schedule network 777aaa12-bbfa-4c95-bdd5-34b70372fee4: no agents available; will retry on subsequent port and subnet creation events.
2026-04-07 01:18:53.294 9 INFO neutron.db.ovn_revision_numbers_db [req-309efd0f-9b1f-47dc-b4aa-acfbda3701a4 req-20faf170-e5d8-4e22-b9a8-632f4b5e9f50 18878a0d425b4acdb108715ae117b9b7 28b3f955963c4cc181f8e9e005ce9122 - - default default] Successfully bumped revision number for resource 12244224-9435-4765-83ed-5840fed6ba01 (type: ports) to 1
2026-04-07 01:18:53.315 9 INFO neutron.api.wsgi [req-309efd0f-9b1f-47dc-b4aa-acfbda3701a4 req-20faf170-e5d8-4e22-b9a8-632f4b5e9f50 18878a0d425b4acdb108715ae117b9b7 28b3f955963c4cc181f8e9e005ce9122 - - default default] 199.204.45.244 "POST /v2.0/ports HTTP/1.1" status: 201 len: 1512 time: 0.4843471 /var/lib/openstack/lib/python3.12/site-packages/pycadf/identifier.py:71: UserWarning: Invalid uuid: neutron. To ensure interoperability, identifiers should be a valid uuid. warnings.warn(('Invalid uuid: %s. To ensure interoperability, '
2026-04-07 01:18:53.371 10 INFO neutron.api.wsgi [None req-da234203-0d58-4e29-8eb4-e5ac5d821e2e 98f06a50fc614262a37c251d98a14519 a03772c5f83447ee90680e2072b89772 - - default default] 10.0.0.247 "GET /v2.0/extensions HTTP/1.1" status: 200 len: 19298 time: 0.0109980
2026-04-07 01:18:53.482 10 INFO neutron.api.wsgi [None req-a777f1df-c110-43e6-849f-2938b09a3d39 98f06a50fc614262a37c251d98a14519 a03772c5f83447ee90680e2072b89772 - - default default] 10.0.0.247 "GET /v2.0/quotas/a03772c5f83447ee90680e2072b89772/details HTTP/1.1" status: 200 len: 1046 time: 0.0962086
2026-04-07 01:18:53.661 9 INFO neutron.db.ovn_revision_numbers_db [req-309efd0f-9b1f-47dc-b4aa-acfbda3701a4 req-a8987df7-85e7-4dad-9cc1-6898bc458495 077cfc4fdc9945279dd840bee508c26d 7b2064a28fc940e79a1ae6d59fa8558d - - f2cb70a218e141769260855bf15aa918 f2cb70a218e141769260855bf15aa918] Successfully bumped revision number for resource 12244224-9435-4765-83ed-5840fed6ba01 (type: ports) to 2
2026-04-07 01:18:53.845 9 INFO neutron.db.ovn_revision_numbers_db [req-309efd0f-9b1f-47dc-b4aa-acfbda3701a4 req-a8987df7-85e7-4dad-9cc1-6898bc458495 077cfc4fdc9945279dd840bee508c26d 7b2064a28fc940e79a1ae6d59fa8558d - - f2cb70a218e141769260855bf15aa918 f2cb70a218e141769260855bf15aa918] Successfully bumped revision number for resource 12244224-9435-4765-83ed-5840fed6ba01 (type: ports) to 4
2026-04-07 01:18:53.861 9 INFO neutron.api.wsgi [req-309efd0f-9b1f-47dc-b4aa-acfbda3701a4 req-a8987df7-85e7-4dad-9cc1-6898bc458495 077cfc4fdc9945279dd840bee508c26d 7b2064a28fc940e79a1ae6d59fa8558d - - f2cb70a218e141769260855bf15aa918 f2cb70a218e141769260855bf15aa918] 199.204.45.244 "PUT /v2.0/ports/12244224-9435-4765-83ed-5840fed6ba01 HTTP/1.1" status: 200 len: 1637 time: 0.5397379
2026-04-07 01:18:53.869 10 WARNING neutron_lib.context [None req-a161a194-dbd5-464e-bc24-7600dc493d06 31df92809a8342dd874eebe7bd3de715 1b6eab42f9504932af96178f4d1d4469 - - default default] Method 'is_advsvc' is deprecated since 2023.2 release (neutron-lib 3.8.0) and will be removed once support for the old RBAC API policies will be removed from Neutron. Please use method 'is_service_role' instead.
2026-04-07 01:18:53.891 9 INFO neutron.notifiers.nova [-] Nova event matching ['req-0fd0d8c5-12e7-4c6b-accd-0987740912b6'] response: {'name': 'network-changed', 'server_uuid': '237909f3-cc85-4639-a24e-367bd2914884', 'tag': '12244224-9435-4765-83ed-5840fed6ba01', 'status': 'completed', 'code': 200}
2026-04-07 01:18:53.996 10 INFO neutron.db.ovn_revision_numbers_db [None req-a161a194-dbd5-464e-bc24-7600dc493d06 31df92809a8342dd874eebe7bd3de715 1b6eab42f9504932af96178f4d1d4469 - - default default] Successfully bumped revision number for resource 31281b30-c928-40bd-92a5-e49c23ae0bf6 (type: security_groups) to 1
2026-04-07 01:18:54.008 10 INFO neutron.db.ovn_revision_numbers_db [None req-a161a194-dbd5-464e-bc24-7600dc493d06 31df92809a8342dd874eebe7bd3de715 1b6eab42f9504932af96178f4d1d4469 - - default default] Successfully bumped revision number for resource 489b9ad5-2aa0-4106-b83f-350d2f784d44 (type: security_group_rules) to 0
2026-04-07 01:18:54.020 10 INFO neutron.db.ovn_revision_numbers_db [None req-a161a194-dbd5-464e-bc24-7600dc493d06 31df92809a8342dd874eebe7bd3de715 1b6eab42f9504932af96178f4d1d4469 - - default default] Successfully bumped revision number for resource 5262741f-95ba-4313-9772-23b00f07483e (type: security_group_rules) to 0
2026-04-07 01:18:54.033 10 INFO neutron.db.ovn_revision_numbers_db [None req-a161a194-dbd5-464e-bc24-7600dc493d06 31df92809a8342dd874eebe7bd3de715 1b6eab42f9504932af96178f4d1d4469 - - default default] Successfully bumped revision number for resource 55e447c9-5fb4-4b47-ba85-3b640458a0fb (type: security_group_rules) to 0
2026-04-07 01:18:54.044 10 INFO neutron.db.ovn_revision_numbers_db [None req-a161a194-dbd5-464e-bc24-7600dc493d06 31df92809a8342dd874eebe7bd3de715 1b6eab42f9504932af96178f4d1d4469 - - default default] Successfully bumped revision number for resource 7db07e71-fc2f-4824-99bb-bbfb704965a4 (type: security_group_rules) to 0
2026-04-07 01:18:54.116 10 INFO neutron.db.segments_db [None req-a161a194-dbd5-464e-bc24-7600dc493d06 31df92809a8342dd874eebe7bd3de715 1b6eab42f9504932af96178f4d1d4469 - - default default] Added segment 72eca6f5-0861-4b06-817d-559402b1fc98 of type geneve for network c36e8d64-d320-4149-8f95-fbe24c715f1f
2026-04-07 01:18:54.229 10 INFO neutron.db.ovn_revision_numbers_db [None req-a161a194-dbd5-464e-bc24-7600dc493d06 31df92809a8342dd874eebe7bd3de715 1b6eab42f9504932af96178f4d1d4469 - - default default] Successfully bumped revision number for resource c36e8d64-d320-4149-8f95-fbe24c715f1f (type: networks) to 1
2026-04-07 01:18:54.381 10 WARNING neutron.scheduler.dhcp_agent_scheduler [None req-a161a194-dbd5-464e-bc24-7600dc493d06 31df92809a8342dd874eebe7bd3de715 1b6eab42f9504932af96178f4d1d4469 - - default default] No more DHCP agents
2026-04-07 01:18:54.383 10 WARNING neutron.api.rpc.agentnotifiers.dhcp_rpc_agent_api [None req-a161a194-dbd5-464e-bc24-7600dc493d06 31df92809a8342dd874eebe7bd3de715 1b6eab42f9504932af96178f4d1d4469 - - default default] Unable to schedule network c36e8d64-d320-4149-8f95-fbe24c715f1f: no agents available; will retry on subsequent port and subnet creation events. /var/lib/openstack/lib/python3.12/site-packages/pycadf/identifier.py:71: UserWarning: Invalid uuid: neutron. To ensure interoperability, identifiers should be a valid uuid. warnings.warn(('Invalid uuid: %s. To ensure interoperability, '
2026-04-07 01:18:54.444 10 INFO neutron.db.ovn_revision_numbers_db [None req-a161a194-dbd5-464e-bc24-7600dc493d06 31df92809a8342dd874eebe7bd3de715 1b6eab42f9504932af96178f4d1d4469 - - default default] Successfully bumped revision number for resource e2caa88f-ef07-4d0b-b492-59046dea480f (type: ports) to 1
2026-04-07 01:18:54.447 9 INFO neutron.api.wsgi [req-70a2d6ce-8c0d-4c01-871f-e60c5d52a98e req-072949a3-726f-4ff8-9dfc-4fa5d892db68 077cfc4fdc9945279dd840bee508c26d 7b2064a28fc940e79a1ae6d59fa8558d - - f2cb70a218e141769260855bf15aa918 f2cb70a218e141769260855bf15aa918] 199.204.45.244 "GET /v2.0/ports?tenant_id=28b3f955963c4cc181f8e9e005ce9122&device_id=237909f3-cc85-4639-a24e-367bd2914884 HTTP/1.1" status: 200 len: 5354 time: 0.0490067
2026-04-07 01:18:54.464 10 INFO neutron.api.wsgi [None req-a161a194-dbd5-464e-bc24-7600dc493d06 31df92809a8342dd874eebe7bd3de715 1b6eab42f9504932af96178f4d1d4469 - - default default] 10.0.0.206 "POST /v2.0/networks HTTP/1.1" status: 201 len: 831 time: 0.7105830
2026-04-07 01:18:54.474 10 WARNING neutron_lib.context [None req-b37996c6-ade7-4cca-b667-de0fc38ce3b3 31df92809a8342dd874eebe7bd3de715 1b6eab42f9504932af96178f4d1d4469 - - default default] Method 'is_advsvc' is deprecated since 2023.2 release (neutron-lib 3.8.0) and will be removed once support for the old RBAC API policies will be removed from Neutron. Please use method 'is_service_role' instead.
2026-04-07 01:18:54.491 9 INFO neutron.api.wsgi [req-70a2d6ce-8c0d-4c01-871f-e60c5d52a98e req-59436b59-0ccb-4982-93c4-5adf6b463542 077cfc4fdc9945279dd840bee508c26d 7b2064a28fc940e79a1ae6d59fa8558d - - f2cb70a218e141769260855bf15aa918 f2cb70a218e141769260855bf15aa918] 199.204.45.244 "GET /v2.0/networks?id=777aaa12-bbfa-4c95-bdd5-34b70372fee4 HTTP/1.1" status: 200 len: 1003 time: 0.0365489
2026-04-07 01:18:54.511 9 INFO neutron.api.wsgi [req-70a2d6ce-8c0d-4c01-871f-e60c5d52a98e req-92cdcb55-35a1-4e02-a499-8b4cc21f640c 077cfc4fdc9945279dd840bee508c26d 7b2064a28fc940e79a1ae6d59fa8558d - - f2cb70a218e141769260855bf15aa918 f2cb70a218e141769260855bf15aa918] 199.204.45.244 "GET /v2.0/floatingips?fixed_ip_address=10.2.2.194&port_id=12244224-9435-4765-83ed-5840fed6ba01 HTTP/1.1" status: 200 len: 217 time: 0.0140262
2026-04-07 01:18:54.530 9 INFO neutron.api.wsgi [req-70a2d6ce-8c0d-4c01-871f-e60c5d52a98e req-7e10f063-1ba0-456b-b0f5-e6b31ce785ec 077cfc4fdc9945279dd840bee508c26d 7b2064a28fc940e79a1ae6d59fa8558d - - f2cb70a218e141769260855bf15aa918 f2cb70a218e141769260855bf15aa918] 199.204.45.244 "GET /v2.0/floatingips?fixed_ip_address=fd77%3A1457%3A4cf0%3A26a8%3A%3A2fe&port_id=12244224-9435-4765-83ed-5840fed6ba01 HTTP/1.1" status: 200 len: 217 time: 0.0137725
2026-04-07 01:18:54.559 9 INFO neutron.api.wsgi [req-70a2d6ce-8c0d-4c01-871f-e60c5d52a98e req-d56db966-fa47-4bad-bf2f-2c912b8391c1 077cfc4fdc9945279dd840bee508c26d 7b2064a28fc940e79a1ae6d59fa8558d - - f2cb70a218e141769260855bf15aa918 f2cb70a218e141769260855bf15aa918] 199.204.45.244 "GET /v2.0/subnets?id=f2c50d5a-cdf4-4459-bc73-c8241de20f9b&id=4b672605-5c5f-43a8-8bb0-b29d2250292d HTTP/1.1" status: 200 len: 1614 time: 0.0231378
2026-04-07 01:18:54.578 9 INFO neutron.api.wsgi [req-70a2d6ce-8c0d-4c01-871f-e60c5d52a98e req-cdaba439-66da-4580-abff-2e1940c4be9e 077cfc4fdc9945279dd840bee508c26d 7b2064a28fc940e79a1ae6d59fa8558d - - f2cb70a218e141769260855bf15aa918 f2cb70a218e141769260855bf15aa918] 199.204.45.244 "GET /v2.0/ports?network_id=777aaa12-bbfa-4c95-bdd5-34b70372fee4&device_owner=network%3Adhcp HTTP/1.1" status: 200 len: 210 time: 0.0149839
2026-04-07 01:18:54.599 9 INFO neutron.api.wsgi [req-70a2d6ce-8c0d-4c01-871f-e60c5d52a98e req-a12b4fb4-86e1-4e73-afd8-d82729288c9b 077cfc4fdc9945279dd840bee508c26d 7b2064a28fc940e79a1ae6d59fa8558d - - f2cb70a218e141769260855bf15aa918 f2cb70a218e141769260855bf15aa918] 199.204.45.244 "GET /v2.0/ports?network_id=777aaa12-bbfa-4c95-bdd5-34b70372fee4&device_owner=network%3Adhcp HTTP/1.1" status: 200 len: 210 time: 0.0162702
2026-04-07 01:18:54.643 9 INFO neutron.api.wsgi [req-70a2d6ce-8c0d-4c01-871f-e60c5d52a98e req-4f3c6f3d-c51a-415b-9194-95f99d20d465 077cfc4fdc9945279dd840bee508c26d 7b2064a28fc940e79a1ae6d59fa8558d - - f2cb70a218e141769260855bf15aa918 f2cb70a218e141769260855bf15aa918] 199.204.45.244 "GET /v2.0/networks/777aaa12-bbfa-4c95-bdd5-34b70372fee4?fields=segments HTTP/1.1" status: 200 len: 212 time: 0.0375848
2026-04-07 01:18:54.672 10 WARNING neutron.scheduler.dhcp_agent_scheduler [None req-b37996c6-ade7-4cca-b667-de0fc38ce3b3 31df92809a8342dd874eebe7bd3de715 1b6eab42f9504932af96178f4d1d4469 - - default default] No more DHCP agents
