2026-04-07 01:17:38.718 9 INFO neutron.api.wsgi [req-46dafc69-95b8-41ed-956a-0eaeea3c3495 req-b68c499b-ddc4-4192-a626-bb620616fc90 077cfc4fdc9945279dd840bee508c26d 7b2064a28fc940e79a1ae6d59fa8558d - - f2cb70a218e141769260855bf15aa918 f2cb70a218e141769260855bf15aa918] 199.204.45.244 "GET /v2.0/networks?id=a3eceb6f-1783-487f-83e5-0b6b5742c170 HTTP/1.1" status: 200 len: 958 time: 0.3364222
2026-04-07 01:17:38.738 9 INFO neutron.api.wsgi [req-46dafc69-95b8-41ed-956a-0eaeea3c3495 req-c08c2cf0-47df-435b-91ed-08726c1d2059 077cfc4fdc9945279dd840bee508c26d 7b2064a28fc940e79a1ae6d59fa8558d - - f2cb70a218e141769260855bf15aa918 f2cb70a218e141769260855bf15aa918] 199.204.45.244 "GET /v2.0/floatingips?fixed_ip_address=10.100.0.4&port_id=af76fdeb-b724-4b0c-9572-186844fb9cf2 HTTP/1.1" status: 200 len: 217 time: 0.0158784
2026-04-07 01:17:38.768 9 INFO neutron.api.wsgi [req-46dafc69-95b8-41ed-956a-0eaeea3c3495 req-1e89935d-dd53-4016-8c86-a4e18f074699 077cfc4fdc9945279dd840bee508c26d 7b2064a28fc940e79a1ae6d59fa8558d - - f2cb70a218e141769260855bf15aa918 f2cb70a218e141769260855bf15aa918] 199.204.45.244 "GET /v2.0/subnets?id=36c8cfd1-d84d-4b18-b1e8-303fb1f6bc30 HTTP/1.1" status: 200 len: 877 time: 0.0253861
2026-04-07 01:17:38.795 9 INFO neutron.api.wsgi [req-46dafc69-95b8-41ed-956a-0eaeea3c3495 req-8acd142b-53a7-47f5-8075-06f4af3e5013 077cfc4fdc9945279dd840bee508c26d 7b2064a28fc940e79a1ae6d59fa8558d - - f2cb70a218e141769260855bf15aa918 f2cb70a218e141769260855bf15aa918] 199.204.45.244 "GET /v2.0/ports?network_id=a3eceb6f-1783-487f-83e5-0b6b5742c170&device_owner=network%3Adhcp HTTP/1.1" status: 200 len: 210 time: 0.0225766
2026-04-07 01:17:38.819 9 INFO neutron.services.segments.plugin [-] Segment 7d61a16f-6052-4814-808f-43cbfd2367be resource provider aggregate not found
2026-04-07 01:17:38.823 9 INFO neutron.services.segments.plugin [-] Segment 7d61a16f-6052-4814-808f-43cbfd2367be resource provider aggregate not found
2026-04-07 01:17:38.847 9 INFO neutron.services.segments.plugin [-] Segment 7d61a16f-6052-4814-808f-43cbfd2367be resource provider not found; error: Placement Client Error (4xx): {"errors": [{"status": 404, "title": "Not Found", "detail": "The resource could not be found.\n\n No resource provider with uuid 7d61a16f-6052-4814-808f-43cbfd2367be found for delete ", "request_id": "req-91422bb6-3a06-4ee0-af91-33fe160ffe2b"}]}
2026-04-07 01:17:38.849 9 INFO neutron.services.segments.plugin [-] Segment 7d61a16f-6052-4814-808f-43cbfd2367be resource provider not found; error: Placement Client Error (4xx): {"errors": [{"status": 404, "title": "Not Found", "detail": "The resource could not be found.\n\n No resource provider with uuid 7d61a16f-6052-4814-808f-43cbfd2367be found for delete ", "request_id": "req-fdbf28ec-1a61-4913-8a64-861852d646c9"}]}
2026-04-07 01:17:38.858 9 INFO neutron.api.wsgi [None req-c01ec959-0808-4ab3-a376-f244442b4962 ea25a50cc90e4024bdbf34cbd67ba251 1b21af1dd38446ad95de658f93aa5519 - - default default] 10.0.0.206 "DELETE /v2.0/networks/5300c29d-b8c5-483d-a6f6-f82c54597c17 HTTP/1.1" status: 204 len: 168 time: 0.6861498
2026-04-07 01:17:38.861 9 INFO neutron.api.wsgi [req-46dafc69-95b8-41ed-956a-0eaeea3c3495 req-6cdb6d4a-effc-4aeb-b345-6e40bcb8e347 077cfc4fdc9945279dd840bee508c26d 7b2064a28fc940e79a1ae6d59fa8558d - - f2cb70a218e141769260855bf15aa918 f2cb70a218e141769260855bf15aa918] 199.204.45.244 "GET /v2.0/networks/a3eceb6f-1783-487f-83e5-0b6b5742c170?fields=segments HTTP/1.1" status: 200 len: 212 time: 0.0569103
2026-04-07 01:17:38.878 10 WARNING neutron_lib.context [None req-19044414-6ba6-41af-a356-f0284691b142 b52ede52d06f4234a1749f6efdeae547 4dfd6544db204e0f917bf280812e8286 - - default default] Method 'is_advsvc' is deprecated since 2023.2 release (neutron-lib 3.8.0) and will be removed once support for the old RBAC API policies will be removed from Neutron. Please use method 'is_service_role' instead.
2026-04-07 01:17:38.919 9 INFO neutron.api.wsgi [req-46dafc69-95b8-41ed-956a-0eaeea3c3495 req-c8b5b5a2-2660-4ebb-9627-a13ba2c5fe5c 077cfc4fdc9945279dd840bee508c26d 7b2064a28fc940e79a1ae6d59fa8558d - - f2cb70a218e141769260855bf15aa918 f2cb70a218e141769260855bf15aa918] 199.204.45.244 "GET /v2.0/networks/a3eceb6f-1783-487f-83e5-0b6b5742c170?fields=provider%3Aphysical_network&fields=provider%3Anetwork_type HTTP/1.1" status: 200 len: 277 time: 0.0517352
2026-04-07 01:17:39.003 10 INFO neutron.db.ovn_revision_numbers_db [None req-19044414-6ba6-41af-a356-f0284691b142 b52ede52d06f4234a1749f6efdeae547 4dfd6544db204e0f917bf280812e8286 - - default default] Successfully bumped revision number for resource 22120e92-9b01-4678-b070-402944cb54a2 (type: security_groups) to 1
2026-04-07 01:17:39.019 10 INFO neutron.db.ovn_revision_numbers_db [None req-19044414-6ba6-41af-a356-f0284691b142 b52ede52d06f4234a1749f6efdeae547 4dfd6544db204e0f917bf280812e8286 - - default default] Successfully bumped revision number for resource 40aeee20-d442-4f29-8c20-3017ba77672f (type: security_group_rules) to 0
2026-04-07 01:17:39.030 10 INFO neutron.db.ovn_revision_numbers_db [None req-19044414-6ba6-41af-a356-f0284691b142 b52ede52d06f4234a1749f6efdeae547 4dfd6544db204e0f917bf280812e8286 - - default default] Successfully bumped revision number for resource e93acb45-9123-40fb-9ae0-100e2849398d (type: security_group_rules) to 0
2026-04-07 01:17:39.063 10 INFO neutron.api.wsgi [None req-19044414-6ba6-41af-a356-f0284691b142 b52ede52d06f4234a1749f6efdeae547 4dfd6544db204e0f917bf280812e8286 - - default default] 10.0.0.206 "POST /v2.0/security-groups HTTP/1.1" status: 201 len: 1871 time: 0.1896217
2026-04-07 01:17:39.075 9 WARNING neutron_lib.context [None req-ae1b44c1-56df-4774-84be-d06f30bd9755 b52ede52d06f4234a1749f6efdeae547 4dfd6544db204e0f917bf280812e8286 - - default default] Method 'is_advsvc' is deprecated since 2023.2 release (neutron-lib 3.8.0) and will be removed once support for the old RBAC API policies will be removed from Neutron. Please use method 'is_service_role' instead.
2026-04-07 01:17:39.161 10 INFO neutron.services.segments.plugin [-] Segment 2cbb963e-818e-4525-b0b8-64ea74b009a4 resource provider aggregate not found
2026-04-07 01:17:39.169 10 INFO neutron.services.segments.plugin [-] Segment 2cbb963e-818e-4525-b0b8-64ea74b009a4 resource provider aggregate not found
2026-04-07 01:17:39.173 10 INFO neutron.services.segments.plugin [-] Segment 2cbb963e-818e-4525-b0b8-64ea74b009a4 resource provider not found; error: Placement Client Error (4xx): {"errors": [{"status": 404, "title": "Not Found", "detail": "The resource could not be found.\n\n No resource provider with uuid 2cbb963e-818e-4525-b0b8-64ea74b009a4 found for delete ", "request_id": "req-01bbde41-4a8b-442a-b2e4-8df57b81f502"}]}
2026-04-07 01:17:39.182 10 INFO neutron.api.wsgi [None req-3334b27e-fe3d-4986-b15a-5f0663f8c93e ea25a50cc90e4024bdbf34cbd67ba251 1b21af1dd38446ad95de658f93aa5519 - - default default] 10.0.0.206 "DELETE /v2.0/networks/73765dd7-0ba0-4f41-97a9-2131e32be1f6 HTTP/1.1" status: 204 len: 168 time: 0.3191149
2026-04-07 01:17:39.184 10 INFO neutron.services.segments.plugin [-] Segment 2cbb963e-818e-4525-b0b8-64ea74b009a4 resource provider not found; error: Placement Client Error (4xx): {"errors": [{"status": 404, "title": "Not Found", "detail": "The resource could not be found.\n\n No resource provider with uuid 2cbb963e-818e-4525-b0b8-64ea74b009a4 found for delete ", "request_id": "req-a283899a-3470-4ee5-887b-7a75325c457b"}]}
2026-04-07 01:17:39.192 10 WARNING neutron_lib.context [None req-bf7f999d-46f3-4e62-a678-caab961fc62f ea25a50cc90e4024bdbf34cbd67ba251 1b21af1dd38446ad95de658f93aa5519 - - default default] Method 'is_advsvc' is deprecated since 2023.2 release (neutron-lib 3.8.0) and will be removed once support for the old RBAC API policies will be removed from Neutron. Please use method 'is_service_role' instead.
2026-04-07 01:17:39.193 9 INFO neutron.db.ovn_revision_numbers_db [None req-ae1b44c1-56df-4774-84be-d06f30bd9755 b52ede52d06f4234a1749f6efdeae547 4dfd6544db204e0f917bf280812e8286 - - default default] Successfully bumped revision number for resource 33a42b9b-1720-4c10-b69a-db158fe0ceeb (type: security_group_rules) to 0
2026-04-07 01:17:39.221 9 INFO neutron.api.wsgi [None req-ae1b44c1-56df-4774-84be-d06f30bd9755 b52ede52d06f4234a1749f6efdeae547 4dfd6544db204e0f917bf280812e8286 - - default default] 10.0.0.206 "POST /v2.0/security-group-rules HTTP/1.1" status: 201 len: 796 time: 0.1526730
2026-04-07 01:17:39.230 9 WARNING neutron_lib.context [None req-3d2ab74a-1c3e-4c59-b6b5-a65220e56542 b52ede52d06f4234a1749f6efdeae547 4dfd6544db204e0f917bf280812e8286 - - default default] Method 'is_advsvc' is deprecated since 2023.2 release (neutron-lib 3.8.0) and will be removed once support for the old RBAC API policies will be removed from Neutron. Please use method 'is_service_role' instead.
2026-04-07 01:17:39.269 10 INFO neutron.db.segments_db [None req-bf7f999d-46f3-4e62-a678-caab961fc62f ea25a50cc90e4024bdbf34cbd67ba251 1b21af1dd38446ad95de658f93aa5519 - - default default] Added segment a2aa2208-8b0f-49e5-bea8-190feffde940 of type geneve for network 8144c948-12ad-4416-bf52-a46dc59cc93a
2026-04-07 01:17:39.325 9 INFO neutron.db.ovn_revision_numbers_db [None req-3d2ab74a-1c3e-4c59-b6b5-a65220e56542 b52ede52d06f4234a1749f6efdeae547 4dfd6544db204e0f917bf280812e8286 - - default default] Successfully bumped revision number for resource 3f7f3e64-902d-4fbd-87d3-2d68b773975c (type: security_group_rules) to 0
2026-04-07 01:17:39.352 9 INFO neutron.api.wsgi [None req-3d2ab74a-1c3e-4c59-b6b5-a65220e56542 b52ede52d06f4234a1749f6efdeae547 4dfd6544db204e0f917bf280812e8286 - - default default] 10.0.0.206 "POST /v2.0/security-group-rules HTTP/1.1" status: 201 len: 795 time: 0.1255274
2026-04-07 01:17:39.363 9 WARNING neutron_lib.context [None req-60039132-44b0-43bf-a4e8-7c13bd923753 b52ede52d06f4234a1749f6efdeae547 4dfd6544db204e0f917bf280812e8286 - - default default] Method 'is_advsvc' is deprecated since 2023.2 release (neutron-lib 3.8.0) and will be removed once support for the old RBAC API policies will be removed from Neutron. Please use method 'is_service_role' instead.
2026-04-07 01:17:39.384 10 INFO neutron.db.ovn_revision_numbers_db [None req-bf7f999d-46f3-4e62-a678-caab961fc62f ea25a50cc90e4024bdbf34cbd67ba251 1b21af1dd38446ad95de658f93aa5519 - - default default] Successfully bumped revision number for resource 8144c948-12ad-4416-bf52-a46dc59cc93a (type: networks) to 1
2026-04-07 01:17:39.474 9 INFO neutron.db.ovn_revision_numbers_db [None req-60039132-44b0-43bf-a4e8-7c13bd923753 b52ede52d06f4234a1749f6efdeae547 4dfd6544db204e0f917bf280812e8286 - - default default] Successfully bumped revision number for resource 74c4b1b9-38d1-4c28-97a2-55a4200e9c3e (type: security_group_rules) to 0
2026-04-07 01:17:39.502 9 INFO neutron.api.wsgi [None req-60039132-44b0-43bf-a4e8-7c13bd923753 b52ede52d06f4234a1749f6efdeae547 4dfd6544db204e0f917bf280812e8286 - - default default] 10.0.0.206 "POST /v2.0/security-group-rules HTTP/1.1" status: 201 len: 801 time: 0.1432173
2026-04-07 01:17:39.511 9 WARNING neutron_lib.context [None req-a51267c0-34e8-49be-9335-2e70813c15e7 b52ede52d06f4234a1749f6efdeae547 4dfd6544db204e0f917bf280812e8286 - - default default] Method 'is_advsvc' is deprecated since 2023.2 release (neutron-lib 3.8.0) and will be removed once support for the old RBAC API policies will be removed from Neutron. Please use method 'is_service_role' instead.
2026-04-07 01:17:39.557 10 WARNING neutron.scheduler.dhcp_agent_scheduler [None req-bf7f999d-46f3-4e62-a678-caab961fc62f ea25a50cc90e4024bdbf34cbd67ba251 1b21af1dd38446ad95de658f93aa5519 - - default default] No more DHCP agents
2026-04-07 01:17:39.558 10 WARNING neutron.api.rpc.agentnotifiers.dhcp_rpc_agent_api [None req-bf7f999d-46f3-4e62-a678-caab961fc62f ea25a50cc90e4024bdbf34cbd67ba251 1b21af1dd38446ad95de658f93aa5519 - - default default] Unable to schedule network 8144c948-12ad-4416-bf52-a46dc59cc93a: no agents available; will retry on subsequent port and subnet creation events.
2026-04-07 01:17:39.612 10 INFO neutron.db.ovn_revision_numbers_db [None req-bf7f999d-46f3-4e62-a678-caab961fc62f ea25a50cc90e4024bdbf34cbd67ba251 1b21af1dd38446ad95de658f93aa5519 - - default default] Successfully bumped revision number for resource 3ef73c51-e28b-41af-ab2c-f19878c81dfa (type: ports) to 1
2026-04-07 01:17:39.624 9 INFO neutron.db.ovn_revision_numbers_db [None req-a51267c0-34e8-49be-9335-2e70813c15e7 b52ede52d06f4234a1749f6efdeae547 4dfd6544db204e0f917bf280812e8286 - - default default] Successfully bumped revision number for resource 6b1f8633-31c0-4917-b40e-26b44e479f81 (type: security_group_rules) to 0
2026-04-07 01:17:39.633 10 INFO neutron.api.wsgi [None req-bf7f999d-46f3-4e62-a678-caab961fc62f ea25a50cc90e4024bdbf34cbd67ba251 1b21af1dd38446ad95de658f93aa5519 - - default default] 10.0.0.206 "POST /v2.0/networks HTTP/1.1" status: 201 len: 832 time: 0.4441650
2026-04-07 01:17:39.643 10 WARNING neutron_lib.context [None req-b71dca76-8fb0-48f7-aac1-c90e0744067d ea25a50cc90e4024bdbf34cbd67ba251 1b21af1dd38446ad95de658f93aa5519 - - default default] Method 'is_advsvc' is deprecated since 2023.2 release (neutron-lib 3.8.0) and will be removed once support for the old RBAC API policies will be removed from Neutron. Please use method 'is_service_role' instead.
2026-04-07 01:17:39.652 9 INFO neutron.api.wsgi [None req-a51267c0-34e8-49be-9335-2e70813c15e7 b52ede52d06f4234a1749f6efdeae547 4dfd6544db204e0f917bf280812e8286 - - default default] 10.0.0.206 "POST /v2.0/security-group-rules HTTP/1.1" status: 201 len: 800 time: 0.1452007
2026-04-07 01:17:39.661 9 WARNING neutron_lib.context [None req-b7be6929-5765-489c-ac09-6d2d6f31a724 b52ede52d06f4234a1749f6efdeae547 4dfd6544db204e0f917bf280812e8286 - - default default] Method 'is_advsvc' is deprecated since 2023.2 release (neutron-lib 3.8.0) and will be removed once support for the old RBAC API policies will be removed from Neutron. Please use method 'is_service_role' instead.
2026-04-07 01:17:39.692 9 INFO neutron.db.securitygroups_db [None req-b7be6929-5765-489c-ac09-6d2d6f31a724 b52ede52d06f4234a1749f6efdeae547 4dfd6544db204e0f917bf280812e8286 - - default default] Project 4dfd6544db204e0f917bf280812e8286 added a security group rule with legacy IPv6 ICMP protocol name icmp, ipv6-icmp should be used instead. It was automatically converted.
2026-04-07 01:17:39.772 9 INFO neutron.db.ovn_revision_numbers_db [None req-b7be6929-5765-489c-ac09-6d2d6f31a724 b52ede52d06f4234a1749f6efdeae547 4dfd6544db204e0f917bf280812e8286 - - default default] Successfully bumped revision number for resource 3a63c858-bc97-40f4-bd68-9118477bcf00 (type: security_group_rules) to 0
2026-04-07 01:17:39.798 9 INFO neutron.api.wsgi [None req-b7be6929-5765-489c-ac09-6d2d6f31a724 b52ede52d06f4234a1749f6efdeae547 4dfd6544db204e0f917bf280812e8286 - - default default] 10.0.0.206 "POST /v2.0/security-group-rules HTTP/1.1" status: 201 len: 806 time: 0.1404114
2026-04-07 01:17:39.807 9 WARNING neutron_lib.context [None req-6df1d9f9-7633-4688-8665-d6615854936c b52ede52d06f4234a1749f6efdeae547 4dfd6544db204e0f917bf280812e8286 - - default default] Method 'is_advsvc' is deprecated since 2023.2 release (neutron-lib 3.8.0) and will be removed once support for the old RBAC API policies will be removed from Neutron. Please use method 'is_service_role' instead.
2026-04-07 01:17:39.815 10 WARNING neutron.scheduler.dhcp_agent_scheduler [None req-b71dca76-8fb0-48f7-aac1-c90e0744067d ea25a50cc90e4024bdbf34cbd67ba251 1b21af1dd38446ad95de658f93aa5519 - - default default] No more DHCP agents
2026-04-07 01:17:39.816 10 WARNING neutron.api.rpc.agentnotifiers.dhcp_rpc_agent_api [None req-b71dca76-8fb0-48f7-aac1-c90e0744067d ea25a50cc90e4024bdbf34cbd67ba251 1b21af1dd38446ad95de658f93aa5519 - - default default] Unable to schedule network 8144c948-12ad-4416-bf52-a46dc59cc93a: no agents available; will retry on subsequent port and subnet creation events.
2026-04-07 01:17:39.837 9 INFO neutron.db.securitygroups_db [None req-6df1d9f9-7633-4688-8665-d6615854936c b52ede52d06f4234a1749f6efdeae547 4dfd6544db204e0f917bf280812e8286 - - default default] Project 4dfd6544db204e0f917bf280812e8286 added a security group rule with legacy IPv6 ICMP protocol name icmp, ipv6-icmp should be used instead. It was automatically converted.
2026-04-07 01:17:39.842 10 INFO neutron.db.ovn_revision_numbers_db [None req-b71dca76-8fb0-48f7-aac1-c90e0744067d ea25a50cc90e4024bdbf34cbd67ba251 1b21af1dd38446ad95de658f93aa5519 - - default default] Successfully bumped revision number for resource 61f18cf6-9d64-42f3-9d1b-c771b020de8c (type: subnets) to 0
2026-04-07 01:17:39.856 10 INFO neutron.api.wsgi [None req-b71dca76-8fb0-48f7-aac1-c90e0744067d ea25a50cc90e4024bdbf34cbd67ba251 1b21af1dd38446ad95de658f93aa5519 - - default default] 10.0.0.206 "POST /v2.0/subnets HTTP/1.1" status: 201 len: 845 time: 0.2175713
2026-04-07 01:17:39.864 10 WARNING neutron_lib.context [None req-df997488-d39d-4f19-acea-6bdba1c668ba ea25a50cc90e4024bdbf34cbd67ba251 1b21af1dd38446ad95de658f93aa5519 - - default default] Method 'is_advsvc' is deprecated since 2023.2 release (neutron-lib 3.8.0) and will be removed once support for the old RBAC API policies will be removed from Neutron. Please use method 'is_service_role' instead.
2026-04-07 01:17:39.923 9 INFO neutron.db.ovn_revision_numbers_db [None req-6df1d9f9-7633-4688-8665-d6615854936c b52ede52d06f4234a1749f6efdeae547 4dfd6544db204e0f917bf280812e8286 - - default default] Successfully bumped revision number for resource 15da6a8a-2182-44b0-bdf8-de93d0c74695 (type: security_group_rules) to 0
2026-04-07 01:17:39.949 10 INFO neutron.db.ovn_revision_numbers_db [None req-df997488-d39d-4f19-acea-6bdba1c668ba ea25a50cc90e4024bdbf34cbd67ba251 1b21af1dd38446ad95de658f93aa5519 - - default default] Successfully bumped revision number for resource 64b824c8-fa38-4486-b4b0-c380b21204b2 (type: routers) to 1
2026-04-07 01:17:39.953 9 INFO neutron.api.wsgi [None req-6df1d9f9-7633-4688-8665-d6615854936c b52ede52d06f4234a1749f6efdeae547 4dfd6544db204e0f917bf280812e8286 - - default default] 10.0.0.206 "POST /v2.0/security-group-rules HTTP/1.1" status: 201 len: 805 time: 0.1496174
2026-04-07 01:17:39.964 10 INFO neutron.api.wsgi [None req-df997488-d39d-4f19-acea-6bdba1c668ba ea25a50cc90e4024bdbf34cbd67ba251 1b21af1dd38446ad95de658f93aa5519 - - default default] 10.0.0.206 "POST /v2.0/routers HTTP/1.1" status: 201 len: 805 time: 0.1038399
2026-04-07 01:17:39.973 10 WARNING neutron_lib.context [None req-faddf3fe-0a13-45a4-bf45-b06ca01d0572 ea25a50cc90e4024bdbf34cbd67ba251 1b21af1dd38446ad95de658f93aa5519 - - default default] Method 'is_advsvc' is deprecated since 2023.2 release (neutron-lib 3.8.0) and will be removed once support for the old RBAC API policies will be removed from Neutron. Please use method 'is_service_role' instead.
2026-04-07 01:17:40.235 10 WARNING neutron.scheduler.dhcp_agent_scheduler [None req-faddf3fe-0a13-45a4-bf45-b06ca01d0572 ea25a50cc90e4024bdbf34cbd67ba251 1b21af1dd38446ad95de658f93aa5519 - - default default] No more DHCP agents
2026-04-07 01:17:40.236 10 WARNING neutron.api.rpc.agentnotifiers.dhcp_rpc_agent_api [None req-faddf3fe-0a13-45a4-bf45-b06ca01d0572 ea25a50cc90e4024bdbf34cbd67ba251 1b21af1dd38446ad95de658f93aa5519 - - default default] Unable to schedule network 8144c948-12ad-4416-bf52-a46dc59cc93a: no agents available; will retry on subsequent port and subnet creation events.
2026-04-07 01:17:40.319 10 INFO neutron.db.ovn_revision_numbers_db [None req-faddf3fe-0a13-45a4-bf45-b06ca01d0572 ea25a50cc90e4024bdbf34cbd67ba251 1b21af1dd38446ad95de658f93aa5519 - - default default] Successfully bumped revision number for resource f10dc0f6-c63a-4078-b893-55fb0015d57f (type: ports) to 1
2026-04-07 01:17:40.338 10 INFO neutron.api.wsgi [None req-faddf3fe-0a13-45a4-bf45-b06ca01d0572 ea25a50cc90e4024bdbf34cbd67ba251 1b21af1dd38446ad95de658f93aa5519 - - default default] 10.0.0.206 "POST /v2.0/ports HTTP/1.1" status: 201 len: 1163 time: 0.3683481 /var/lib/openstack/lib/python3.12/site-packages/pycadf/identifier.py:71: UserWarning: Invalid uuid: neutron. To ensure interoperability, identifiers should be a valid uuid. warnings.warn(('Invalid uuid: %s. To ensure interoperability, '
2026-04-07 01:17:40.411 10 INFO neutron.api.wsgi [None req-f9728b0a-811d-4673-9520-d70235172133 b52ede52d06f4234a1749f6efdeae547 4dfd6544db204e0f917bf280812e8286 - - default default] 10.0.0.206 "GET /v2.0/networks HTTP/1.1" status: 200 len: 1492 time: 0.0982730
2026-04-07 01:17:40.536 9 INFO neutron.api.wsgi [req-72a1ace1-0b09-44f9-a16d-69c69bd5d6cf req-04f1450b-9873-4105-be22-667f88243ae5 b52ede52d06f4234a1749f6efdeae547 4dfd6544db204e0f917bf280812e8286 - - default default] 10.0.0.43 "GET /v2.0/security-groups?name=tempest-secgroup-smoke-88786997&fields=id&tenant_id=4dfd6544db204e0f917bf280812e8286 HTTP/1.1" status: 200 len: 267 time: 0.0472860
2026-04-07 01:17:40.588 9 INFO neutron.api.wsgi [req-72a1ace1-0b09-44f9-a16d-69c69bd5d6cf req-4058ad77-e5b7-42db-9e64-2e7518acae0b b52ede52d06f4234a1749f6efdeae547 4dfd6544db204e0f917bf280812e8286 - - default default] 10.0.0.43 "GET /v2.0/networks?id=a3eceb6f-1783-487f-83e5-0b6b5742c170 HTTP/1.1" status: 200 len: 859 time: 0.0463245
2026-04-07 01:17:40.603 9 INFO neutron.api.wsgi [req-72a1ace1-0b09-44f9-a16d-69c69bd5d6cf req-a3d26888-88f9-4795-852f-240d5f043ac6 b52ede52d06f4234a1749f6efdeae547 4dfd6544db204e0f917bf280812e8286 - - default default] 10.0.0.43 "GET /v2.0/quotas/4dfd6544db204e0f917bf280812e8286 HTTP/1.1" status: 200 len: 491 time: 0.0094786
2026-04-07 01:17:40.685 9 INFO neutron.api.wsgi [req-72a1ace1-0b09-44f9-a16d-69c69bd5d6cf req-a4da2d4d-c350-476c-8af1-248572a61f60 b52ede52d06f4234a1749f6efdeae547 4dfd6544db204e0f917bf280812e8286 - - default default] 10.0.0.43 "GET /v2.0/ports?tenant_id=4dfd6544db204e0f917bf280812e8286&fields=id HTTP/1.1" status: 200 len: 348 time: 0.0770183
2026-04-07 01:17:40.742 9 INFO neutron.api.wsgi [req-72a1ace1-0b09-44f9-a16d-69c69bd5d6cf req-c22236bd-bc6f-4126-b20d-c1e8255d4885 077cfc4fdc9945279dd840bee508c26d 7b2064a28fc940e79a1ae6d59fa8558d - - f2cb70a218e141769260855bf15aa918 f2cb70a218e141769260855bf15aa918] 10.0.0.43 "GET /v2.0/networks/a3eceb6f-1783-487f-83e5-0b6b5742c170?fields=segments HTTP/1.1" status: 200 len: 212 time: 0.0467188
2026-04-07 01:17:40.746 9 INFO neutron.plugins.ml2.drivers.ovn.mech_driver.mech_driver [None req-cf5dedcf-ca07-4fc6-bab3-2f03fe98213d - - - - - -] OVN reports status up for port: f10dc0f6-c63a-4078-b893-55fb0015d57f
2026-04-07 01:17:40.762 9 INFO neutron.plugins.ml2.plugin [None req-cf5dedcf-ca07-4fc6-bab3-2f03fe98213d - - - - - -] Attempt 1 to provision port f10dc0f6-c63a-4078-b893-55fb0015d57f
2026-04-07 01:17:40.769 10 INFO neutron.db.ovn_revision_numbers_db [None req-5ccfd318-2491-4c2c-82d4-87288733e450 ea25a50cc90e4024bdbf34cbd67ba251 1b21af1dd38446ad95de658f93aa5519 - - default default] Successfully bumped revision number for resource f10dc0f6-c63a-4078-b893-55fb0015d57f (type: ports) to 2
2026-04-07 01:17:40.798 9 INFO neutron.api.wsgi [req-72a1ace1-0b09-44f9-a16d-69c69bd5d6cf req-d6e898e5-89a3-46d3-b2cb-ee4a5c3bcc3b 077cfc4fdc9945279dd840bee508c26d 7b2064a28fc940e79a1ae6d59fa8558d - - f2cb70a218e141769260855bf15aa918 f2cb70a218e141769260855bf15aa918] 10.0.0.43 "GET /v2.0/networks/a3eceb6f-1783-487f-83e5-0b6b5742c170?fields=provider%3Aphysical_network&fields=provider%3Anetwork_type HTTP/1.1" status: 200 len: 277 time: 0.0479057 /var/lib/openstack/lib/python3.12/site-packages/pycadf/identifier.py:71: UserWarning: Invalid uuid: neutron. To ensure interoperability, identifiers should be a valid uuid. warnings.warn(('Invalid uuid: %s. To ensure interoperability, '
2026-04-07 01:17:40.915 10 INFO neutron.api.wsgi [req-1d9adc6e-8d02-4e49-9f69-4e4191810387 req-1e98400f-d892-425c-8f6c-56120e409828 b52ede52d06f4234a1749f6efdeae547 4dfd6544db204e0f917bf280812e8286 - - default default] 10.0.0.43 "GET /v2.0/ports?device_id=60fd0ea2-1580-4588-930f-2221b69a3c72 HTTP/1.1" status: 200 len: 210 time: 0.0154746
2026-04-07 01:17:41.075 9 INFO neutron.db.ovn_revision_numbers_db [None req-cf5dedcf-ca07-4fc6-bab3-2f03fe98213d - - - - - -] Successfully bumped revision number for resource f10dc0f6-c63a-4078-b893-55fb0015d57f (type: ports) to 3
2026-04-07 01:17:41.271 10 INFO neutron.db.ovn_revision_numbers_db [None req-5ccfd318-2491-4c2c-82d4-87288733e450 ea25a50cc90e4024bdbf34cbd67ba251 1b21af1dd38446ad95de658f93aa5519 - - default default] Successfully bumped revision number for resource f10dc0f6-c63a-4078-b893-55fb0015d57f (type: ports) to 3
2026-04-07 01:17:41.320 10 WARNING neutron.scheduler.dhcp_agent_scheduler [None req-5ccfd318-2491-4c2c-82d4-87288733e450 ea25a50cc90e4024bdbf34cbd67ba251 1b21af1dd38446ad95de658f93aa5519 - - default default] No more DHCP agents
2026-04-07 01:17:41.321 10 WARNING neutron.api.rpc.agentnotifiers.dhcp_rpc_agent_api [None req-5ccfd318-2491-4c2c-82d4-87288733e450 ea25a50cc90e4024bdbf34cbd67ba251 1b21af1dd38446ad95de658f93aa5519 - - default default] Unable to schedule network 8144c948-12ad-4416-bf52-a46dc59cc93a: no agents available; will retry on subsequent port and subnet creation events.
2026-04-07 01:17:41.490 10 INFO neutron.db.ovn_revision_numbers_db [None req-5ccfd318-2491-4c2c-82d4-87288733e450 ea25a50cc90e4024bdbf34cbd67ba251 1b21af1dd38446ad95de658f93aa5519 - - default default] Successfully bumped revision number for resource f10dc0f6-c63a-4078-b893-55fb0015d57f (type: router_ports) to 3
2026-04-07 01:17:41.499 10 INFO neutron.api.wsgi [None req-5ccfd318-2491-4c2c-82d4-87288733e450 ea25a50cc90e4024bdbf34cbd67ba251 1b21af1dd38446ad95de658f93aa5519 - - default default] 10.0.0.206 "PUT /v2.0/routers/64b824c8-fa38-4486-b4b0-c380b21204b2/add_router_interface HTTP/1.1" status: 200 len: 503 time: 1.1552088 /var/lib/openstack/lib/python3.12/site-packages/pycadf/identifier.py:71: UserWarning: Invalid uuid: neutron. To ensure interoperability, identifiers should be a valid uuid. warnings.warn(('Invalid uuid: %s. To ensure interoperability, '
2026-04-07 01:17:41.539 10 INFO neutron.api.wsgi [None req-8e1d473a-e78a-4ef3-b37e-9dd5f859dda0 ea25a50cc90e4024bdbf34cbd67ba251 1b21af1dd38446ad95de658f93aa5519 - - default default] 10.0.0.206 "GET /v2.0/ports/f10dc0f6-c63a-4078-b893-55fb0015d57f HTTP/1.1" status: 200 len: 1221 time: 0.0334578 /var/lib/openstack/lib/python3.12/site-packages/pycadf/identifier.py:71: UserWarning: Invalid uuid: neutron. To ensure interoperability, identifiers should be a valid uuid. warnings.warn(('Invalid uuid: %s. To ensure interoperability, '
2026-04-07 01:17:41.994 9 INFO neutron.api.wsgi [req-8a71cdf0-5a64-4695-94c8-f6eccce6d6a6 req-a9fa971a-aed3-48ad-a4fc-c5c17c887679 b52ede52d06f4234a1749f6efdeae547 4dfd6544db204e0f917bf280812e8286 - - default default] 10.0.0.43 "GET /v2.0/ports?device_id=60fd0ea2-1580-4588-930f-2221b69a3c72 HTTP/1.1" status: 200 len: 210 time: 0.0210187
2026-04-07 01:17:42.122 10 INFO neutron.api.wsgi [None req-15704c3b-7ac8-4f7c-91b4-6e38c329eed6 ea25a50cc90e4024bdbf34cbd67ba251 1b21af1dd38446ad95de658f93aa5519 - - default default] 10.0.0.206 "PUT /v2.0/routers/64b824c8-fa38-4486-b4b0-c380b21204b2/remove_router_interface HTTP/1.1" status: 200 len: 503 time: 0.5782235
2026-04-07 01:17:42.139 10 WARNING neutron.plugins.ml2.drivers.ovn.mech_driver.ovsdb.ovn_client [None req-ef06bec0-144e-49bf-92f3-dfa1f8760a91 - - - - - -] No port found with ID e7eab3b1-529a-4260-b831-77f6eb86de8b: RuntimeError: No port found with ID e7eab3b1-529a-4260-b831-77f6eb86de8b
2026-04-07 01:17:42.212 9 INFO neutron.api.v2.resource [None req-e745d488-b20a-4658-8604-650f013d1411 ea25a50cc90e4024bdbf34cbd67ba251 1b21af1dd38446ad95de658f93aa5519 - - default default] remove_router_interface failed (client error): The resource could not be found.
2026-04-07 01:17:42.214 9 INFO neutron.api.wsgi [None req-e745d488-b20a-4658-8604-650f013d1411 ea25a50cc90e4024bdbf34cbd67ba251 1b21af1dd38446ad95de658f93aa5519 - - default default] 10.0.0.206 "PUT /v2.0/routers/64b824c8-fa38-4486-b4b0-c380b21204b2/remove_router_interface HTTP/1.1" status: 404 len: 398 time: 0.0847490
2026-04-07 01:17:42.236 9 INFO neutron.api.wsgi [None req-58906d1d-dcd7-4920-8d15-3419c1ae6bc7 ea25a50cc90e4024bdbf34cbd67ba251 1b21af1dd38446ad95de658f93aa5519 - - default default] 10.0.0.206 "GET /v2.0/ports?device_id=64b824c8-fa38-4486-b4b0-c380b21204b2 HTTP/1.1" status: 200 len: 205 time: 0.0154433
2026-04-07 01:17:42.409 9 INFO neutron.api.wsgi [None req-5ea2740d-18c3-48e9-b38a-31ebf7aa915f ea25a50cc90e4024bdbf34cbd67ba251 1b21af1dd38446ad95de658f93aa5519 - - default default] 10.0.0.206 "DELETE /v2.0/routers/64b824c8-fa38-4486-b4b0-c380b21204b2 HTTP/1.1" status: 204 len: 168 time: 0.1680558
2026-04-07 01:17:42.546 9 INFO neutron.api.wsgi [None req-4db62680-c2af-410f-a1f5-2d8c896f7b99 ea25a50cc90e4024bdbf34cbd67ba251 1b21af1dd38446ad95de658f93aa5519 - - default default] 10.0.0.206 "DELETE /v2.0/subnets/61f18cf6-9d64-42f3-9d1b-c771b020de8c HTTP/1.1" status: 204 len: 168 time: 0.1323779
2026-04-07 01:17:42.829 9 INFO neutron.services.segments.plugin [-] Segment a2aa2208-8b0f-49e5-bea8-190feffde940 resource provider aggregate not found
2026-04-07 01:17:42.835 9 INFO neutron.services.segments.plugin [-] Segment a2aa2208-8b0f-49e5-bea8-190feffde940 resource provider aggregate not found
2026-04-07 01:17:42.847 9 INFO neutron.services.segments.plugin [-] Segment a2aa2208-8b0f-49e5-bea8-190feffde940 resource provider not found; error: Placement Client Error (4xx): {"errors": [{"status": 404, "title": "Not Found", "detail": "The resource could not be found.\n\n No resource provider with uuid a2aa2208-8b0f-49e5-bea8-190feffde940 found for delete ", "request_id": "req-5d3525fe-3cd8-40f0-a560-0dd13c36458c"}]}
2026-04-07 01:17:42.849 9 INFO neutron.services.segments.plugin [-] Segment a2aa2208-8b0f-49e5-bea8-190feffde940 resource provider not found; error: Placement Client Error (4xx): {"errors": [{"status": 404, "title": "Not Found", "detail": "The resource could not be found.\n\n No resource provider with uuid a2aa2208-8b0f-49e5-bea8-190feffde940 found for delete ", "request_id": "req-46c9a012-86f0-4ef7-898b-56254dc1a9f4"}]}
2026-04-07 01:17:42.869 9 INFO neutron.api.wsgi [None req-f5186247-ed93-4b4e-b9fe-a5c611ad5128 ea25a50cc90e4024bdbf34cbd67ba251 1b21af1dd38446ad95de658f93aa5519 - - default default] 10.0.0.206 "DELETE /v2.0/networks/8144c948-12ad-4416-bf52-a46dc59cc93a HTTP/1.1" status: 204 len: 168 time: 0.3189592
2026-04-07 01:17:42.883 9 WARNING neutron_lib.context [None req-a195325f-f8d7-41aa-b82c-5cd51b38665c ea25a50cc90e4024bdbf34cbd67ba251 1b21af1dd38446ad95de658f93aa5519 - - default default] Method 'is_advsvc' is deprecated since 2023.2 release (neutron-lib 3.8.0) and will be removed once support for the old RBAC API policies will be removed from Neutron. Please use method 'is_service_role' instead.
2026-04-07 01:17:42.976 9 INFO neutron.db.segments_db [None req-a195325f-f8d7-41aa-b82c-5cd51b38665c ea25a50cc90e4024bdbf34cbd67ba251 1b21af1dd38446ad95de658f93aa5519 - - default default] Added segment 8ebaa8df-3ef2-4e81-a970-6647309f826f of type geneve for network 8339303a-dadf-4c69-88e5-6d257eba0db8 /var/lib/openstack/lib/python3.12/site-packages/pycadf/identifier.py:71: UserWarning: Invalid uuid: neutron. To ensure interoperability, identifiers should be a valid uuid. warnings.warn(('Invalid uuid: %s. To ensure interoperability, '
2026-04-07 01:17:43.090 10 INFO neutron.api.wsgi [req-fb5dd925-62dc-4124-b870-9e4c71358f1e req-f1a66549-daef-4d82-8cf1-e4a87eb013ef b52ede52d06f4234a1749f6efdeae547 4dfd6544db204e0f917bf280812e8286 - - default default] 10.0.0.43 "GET /v2.0/ports?device_id=60fd0ea2-1580-4588-930f-2221b69a3c72 HTTP/1.1" status: 200 len: 210 time: 0.0238338
2026-04-07 01:17:43.105 9 INFO neutron.db.ovn_revision_numbers_db [None req-a195325f-f8d7-41aa-b82c-5cd51b38665c ea25a50cc90e4024bdbf34cbd67ba251 1b21af1dd38446ad95de658f93aa5519 - - default default] Successfully bumped revision number for resource 8339303a-dadf-4c69-88e5-6d257eba0db8 (type: networks) to 1
2026-04-07 01:17:43.278 9 WARNING neutron.scheduler.dhcp_agent_scheduler [None req-a195325f-f8d7-41aa-b82c-5cd51b38665c ea25a50cc90e4024bdbf34cbd67ba251 1b21af1dd38446ad95de658f93aa5519 - - default default] No more DHCP agents
2026-04-07 01:17:43.279 9 WARNING neutron.api.rpc.agentnotifiers.dhcp_rpc_agent_api [None req-a195325f-f8d7-41aa-b82c-5cd51b38665c ea25a50cc90e4024bdbf34cbd67ba251 1b21af1dd38446ad95de658f93aa5519 - - default default] Unable to schedule network 8339303a-dadf-4c69-88e5-6d257eba0db8: no agents available; will retry on subsequent port and subnet creation events.
2026-04-07 01:17:43.356 9 INFO neutron.db.ovn_revision_numbers_db [None req-a195325f-f8d7-41aa-b82c-5cd51b38665c ea25a50cc90e4024bdbf34cbd67ba251 1b21af1dd38446ad95de658f93aa5519 - - default default] Successfully bumped revision number for resource 9d538dc0-06a5-4b23-a6de-f8703b4ac1c3 (type: ports) to 1
2026-04-07 01:17:43.380 9 INFO neutron.api.wsgi [None req-a195325f-f8d7-41aa-b82c-5cd51b38665c ea25a50cc90e4024bdbf34cbd67ba251 1b21af1dd38446ad95de658f93aa5519 - - default default] 10.0.0.206 "POST /v2.0/networks HTTP/1.1" status: 201 len: 832 time: 0.5026572
2026-04-07 01:17:43.390 9 WARNING neutron_lib.context [None req-0ec6b50e-a6bc-4478-9e45-9ef9bf1b8c43 ea25a50cc90e4024bdbf34cbd67ba251 1b21af1dd38446ad95de658f93aa5519 - - default default] Method 'is_advsvc' is deprecated since 2023.2 release (neutron-lib 3.8.0) and will be removed once support for the old RBAC API policies will be removed from Neutron. Please use method 'is_service_role' instead.
2026-04-07 01:17:43.593 9 WARNING neutron.scheduler.dhcp_agent_scheduler [None req-0ec6b50e-a6bc-4478-9e45-9ef9bf1b8c43 ea25a50cc90e4024bdbf34cbd67ba251 1b21af1dd38446ad95de658f93aa5519 - - default default] No more DHCP agents
2026-04-07 01:17:43.603 9 WARNING neutron.api.rpc.agentnotifiers.dhcp_rpc_agent_api [None req-0ec6b50e-a6bc-4478-9e45-9ef9bf1b8c43 ea25a50cc90e4024bdbf34cbd67ba251 1b21af1dd38446ad95de658f93aa5519 - - default default] Unable to schedule network 8339303a-dadf-4c69-88e5-6d257eba0db8: no agents available; will retry on subsequent port and subnet creation events.
2026-04-07 01:17:43.680 9 INFO neutron.db.ovn_revision_numbers_db [None req-0ec6b50e-a6bc-4478-9e45-9ef9bf1b8c43 ea25a50cc90e4024bdbf34cbd67ba251 1b21af1dd38446ad95de658f93aa5519 - - default default] Successfully bumped revision number for resource d2809646-7890-4dbf-b0b8-0e97e10daf8f (type: subnets) to 0
2026-04-07 01:17:43.698 9 INFO neutron.api.wsgi [None req-0ec6b50e-a6bc-4478-9e45-9ef9bf1b8c43 ea25a50cc90e4024bdbf34cbd67ba251 1b21af1dd38446ad95de658f93aa5519 - - default default] 10.0.0.206 "POST /v2.0/subnets HTTP/1.1" status: 201 len: 845 time: 0.3126726
2026-04-07 01:17:43.710 9 WARNING neutron_lib.context [None req-e49dd9a8-855e-41a6-97da-bd2112b87796 ea25a50cc90e4024bdbf34cbd67ba251 1b21af1dd38446ad95de658f93aa5519 - - default default] Method 'is_advsvc' is deprecated since 2023.2 release (neutron-lib 3.8.0) and will be removed once support for the old RBAC API policies will be removed from Neutron. Please use method 'is_service_role' instead.
2026-04-07 01:17:43.843 9 INFO neutron.db.ovn_revision_numbers_db [None req-e49dd9a8-855e-41a6-97da-bd2112b87796 ea25a50cc90e4024bdbf34cbd67ba251 1b21af1dd38446ad95de658f93aa5519 - - default default] Successfully bumped revision number for resource 8b4ef0ec-df22-4259-b2c7-5b99d808869c (type: routers) to 1
2026-04-07 01:17:43.858 9 INFO neutron.api.wsgi [None req-e49dd9a8-855e-41a6-97da-bd2112b87796 ea25a50cc90e4024bdbf34cbd67ba251 1b21af1dd38446ad95de658f93aa5519 - - default default] 10.0.0.206 "POST /v2.0/routers HTTP/1.1" status: 201 len: 805 time: 0.1544430
2026-04-07 01:17:44.178 9 INFO neutron.api.wsgi [req-97c4b882-2f8d-4336-8fda-0725c23b3a48 req-4e04272b-7dd2-4a83-b59a-f7d5a4cc0a73 b52ede52d06f4234a1749f6efdeae547 4dfd6544db204e0f917bf280812e8286 - - default default] 10.0.0.43 "GET /v2.0/ports?device_id=60fd0ea2-1580-4588-930f-2221b69a3c72 HTTP/1.1" status: 200 len: 210 time: 0.0287609
2026-04-07 01:17:44.220 9 WARNING neutron.scheduler.dhcp_agent_scheduler [None req-7be5485f-eb2b-48f7-ba95-da64878b70bc ea25a50cc90e4024bdbf34cbd67ba251 1b21af1dd38446ad95de658f93aa5519 - - default default] No more DHCP agents
2026-04-07 01:17:44.221 9 WARNING neutron.api.rpc.agentnotifiers.dhcp_rpc_agent_api [None req-7be5485f-eb2b-48f7-ba95-da64878b70bc ea25a50cc90e4024bdbf34cbd67ba251 1b21af1dd38446ad95de658f93aa5519 - - default default] Unable to schedule network 8339303a-dadf-4c69-88e5-6d257eba0db8: no agents available; will retry on subsequent port and subnet creation events.
2026-04-07 01:17:44.333 9 INFO neutron.db.ovn_revision_numbers_db [None req-7be5485f-eb2b-48f7-ba95-da64878b70bc ea25a50cc90e4024bdbf34cbd67ba251 1b21af1dd38446ad95de658f93aa5519 - - default default] Successfully bumped revision number for resource 59eef755-ce46-478d-b695-01336a5d5c94 (type: ports) to 1
2026-04-07 01:17:44.786 9 INFO neutron.db.ovn_revision_numbers_db [None req-7be5485f-eb2b-48f7-ba95-da64878b70bc ea25a50cc90e4024bdbf34cbd67ba251 1b21af1dd38446ad95de658f93aa5519 - - default default] Successfully bumped revision number for resource 59eef755-ce46-478d-b695-01336a5d5c94 (type: ports) to 1
2026-04-07 01:17:44.842 9 WARNING neutron.scheduler.dhcp_agent_scheduler [None req-7be5485f-eb2b-48f7-ba95-da64878b70bc ea25a50cc90e4024bdbf34cbd67ba251 1b21af1dd38446ad95de658f93aa5519 - - default default] No more DHCP agents
2026-04-07 01:17:44.844 9 WARNING neutron.api.rpc.agentnotifiers.dhcp_rpc_agent_api [None req-7be5485f-eb2b-48f7-ba95-da64878b70bc ea25a50cc90e4024bdbf34cbd67ba251 1b21af1dd38446ad95de658f93aa5519 - - default default] Unable to schedule network 8339303a-dadf-4c69-88e5-6d257eba0db8: no agents available; will retry on subsequent port and subnet creation events.
2026-04-07 01:17:45.024 9 INFO neutron.db.ovn_revision_numbers_db [None req-7be5485f-eb2b-48f7-ba95-da64878b70bc ea25a50cc90e4024bdbf34cbd67ba251 1b21af1dd38446ad95de658f93aa5519 - - default default] Successfully bumped revision number for resource 59eef755-ce46-478d-b695-01336a5d5c94 (type: router_ports) to 1
2026-04-07 01:17:45.029 9 INFO neutron.api.wsgi [None req-7be5485f-eb2b-48f7-ba95-da64878b70bc ea25a50cc90e4024bdbf34cbd67ba251 1b21af1dd38446ad95de658f93aa5519 - - default default] 10.0.0.206 "PUT /v2.0/routers/8b4ef0ec-df22-4259-b2c7-5b99d808869c/add_router_interface HTTP/1.1" status: 200 len: 503 time: 1.1665010
2026-04-07 01:17:45.063 9 INFO neutron.api.wsgi [None req-7a8bf88e-e1ca-4abf-bb42-a360ee6f6b80 ea25a50cc90e4024bdbf34cbd67ba251 1b21af1dd38446ad95de658f93aa5519 - - default default] 10.0.0.206 "GET /v2.0/ports/59eef755-ce46-478d-b695-01336a5d5c94 HTTP/1.1" status: 200 len: 1139 time: 0.0291765
2026-04-07 01:17:45.160 10 INFO neutron.api.wsgi [None req-9be3ec75-56d9-4243-a018-1ab019711e0c ea25a50cc90e4024bdbf34cbd67ba251 1b21af1dd38446ad95de658f93aa5519 - - default default] 10.0.0.206 "GET /v2.0/ports/59eef755-ce46-478d-b695-01336a5d5c94 HTTP/1.1" status: 200 len: 1139 time: 0.0914006
2026-04-07 01:17:45.249 10 INFO neutron.api.wsgi [req-ebdf1afb-8be0-443d-9741-4e44837dbe0d req-99cb6a82-3677-43c3-b786-5b142d61d665 b52ede52d06f4234a1749f6efdeae547 4dfd6544db204e0f917bf280812e8286 - - default default] 10.0.0.43 "GET /v2.0/ports?device_id=60fd0ea2-1580-4588-930f-2221b69a3c72 HTTP/1.1" status: 200 len: 210 time: 0.0151060
2026-04-07 01:17:45.307 9 INFO neutron.api.wsgi [req-72a1ace1-0b09-44f9-a16d-69c69bd5d6cf req-5cc1bb3d-3c0a-44e5-a87e-f99d0eb62bea b52ede52d06f4234a1749f6efdeae547 4dfd6544db204e0f917bf280812e8286 - - default default] 199.204.45.244 "GET /v2.0/networks?id=a3eceb6f-1783-487f-83e5-0b6b5742c170 HTTP/1.1" status: 200 len: 859 time: 0.0440557
2026-04-07 01:17:45.347 9 INFO neutron.api.wsgi [req-72a1ace1-0b09-44f9-a16d-69c69bd5d6cf req-5461bb1c-38b4-4de0-a2e3-63e4c639480f b52ede52d06f4234a1749f6efdeae547 4dfd6544db204e0f917bf280812e8286 - - default default] 199.204.45.244 "GET /v2.0/security-groups?fields=id&fields=name&tenant_id=4dfd6544db204e0f917bf280812e8286 HTTP/1.1" status: 200 len: 471 time: 0.0352056
2026-04-07 01:17:45.355 9 WARNING neutron_lib.context [req-72a1ace1-0b09-44f9-a16d-69c69bd5d6cf req-9aa1ac23-301d-4e78-b418-fc4c04030634 b52ede52d06f4234a1749f6efdeae547 4dfd6544db204e0f917bf280812e8286 - - default default] Method 'is_advsvc' is deprecated since 2023.2 release (neutron-lib 3.8.0) and will be removed once support for the old RBAC API policies will be removed from Neutron. Please use method 'is_service_role' instead.
2026-04-07 01:17:45.610 9 WARNING neutron.scheduler.dhcp_agent_scheduler [req-72a1ace1-0b09-44f9-a16d-69c69bd5d6cf req-9aa1ac23-301d-4e78-b418-fc4c04030634 b52ede52d06f4234a1749f6efdeae547 4dfd6544db204e0f917bf280812e8286 - - default default] No more DHCP agents
2026-04-07 01:17:45.611 9 WARNING neutron.api.rpc.agentnotifiers.dhcp_rpc_agent_api [req-72a1ace1-0b09-44f9-a16d-69c69bd5d6cf req-9aa1ac23-301d-4e78-b418-fc4c04030634 b52ede52d06f4234a1749f6efdeae547 4dfd6544db204e0f917bf280812e8286 - - default default] Unable to schedule network a3eceb6f-1783-487f-83e5-0b6b5742c170: no agents available; will retry on subsequent port and subnet creation events.
2026-04-07 01:17:45.737 9 INFO neutron.db.ovn_revision_numbers_db [req-72a1ace1-0b09-44f9-a16d-69c69bd5d6cf req-9aa1ac23-301d-4e78-b418-fc4c04030634 b52ede52d06f4234a1749f6efdeae547 4dfd6544db204e0f917bf280812e8286 - - default default] Successfully bumped revision number for resource 31137562-1567-4620-8925-d5035a8d3b85 (type: ports) to 1
2026-04-07 01:17:45.755 9 INFO neutron.api.wsgi [req-72a1ace1-0b09-44f9-a16d-69c69bd5d6cf req-9aa1ac23-301d-4e78-b418-fc4c04030634 b52ede52d06f4234a1749f6efdeae547 4dfd6544db204e0f917bf280812e8286 - - default default] 199.204.45.244 "POST /v2.0/ports HTTP/1.1" status: 201 len: 1158 time: 0.4039676 /var/lib/openstack/lib/python3.12/site-packages/pycadf/identifier.py:71: UserWarning: Invalid uuid: neutron. To ensure interoperability, identifiers should be a valid uuid. warnings.warn(('Invalid uuid: %s. To ensure interoperability, '
2026-04-07 01:17:46.076 9 INFO neutron.db.ovn_revision_numbers_db [req-72a1ace1-0b09-44f9-a16d-69c69bd5d6cf req-835dfb07-64f7-402f-ac89-9be081a82e25 077cfc4fdc9945279dd840bee508c26d 7b2064a28fc940e79a1ae6d59fa8558d - - f2cb70a218e141769260855bf15aa918 f2cb70a218e141769260855bf15aa918] Successfully bumped revision number for resource 31137562-1567-4620-8925-d5035a8d3b85 (type: ports) to 2
2026-04-07 01:17:46.205 10 INFO neutron.api.wsgi [None req-75beb5f2-7e4e-467b-a51e-204c6b70875f ea25a50cc90e4024bdbf34cbd67ba251 1b21af1dd38446ad95de658f93aa5519 - - default default] 10.0.0.206 "GET /v2.0/ports/59eef755-ce46-478d-b695-01336a5d5c94 HTTP/1.1" status: 200 len: 1139 time: 0.0335374
2026-04-07 01:17:46.252 9 WARNING neutron.plugins.ml2.drivers.ovn.mech_driver.ovsdb.ovn_client [None req-2557c232-0d99-4f64-a6b2-b508f696d392 - - - - - -] No port found with ID f10dc0f6-c63a-4078-b893-55fb0015d57f: RuntimeError: No port found with ID f10dc0f6-c63a-4078-b893-55fb0015d57f
2026-04-07 01:17:46.259 9 INFO neutron.plugins.ml2.drivers.ovn.mech_driver.mech_driver [None req-2557c232-0d99-4f64-a6b2-b508f696d392 - - - - - -] OVN reports status up for port: 59eef755-ce46-478d-b695-01336a5d5c94
2026-04-07 01:17:46.265 9 INFO neutron.plugins.ml2.plugin [None req-2557c232-0d99-4f64-a6b2-b508f696d392 - - - - - -] Attempt 1 to provision port 59eef755-ce46-478d-b695-01336a5d5c94
2026-04-07 01:17:46.272 9 INFO neutron.db.ovn_revision_numbers_db [req-72a1ace1-0b09-44f9-a16d-69c69bd5d6cf req-835dfb07-64f7-402f-ac89-9be081a82e25 077cfc4fdc9945279dd840bee508c26d 7b2064a28fc940e79a1ae6d59fa8558d - - f2cb70a218e141769260855bf15aa918 f2cb70a218e141769260855bf15aa918] Successfully bumped revision number for resource 31137562-1567-4620-8925-d5035a8d3b85 (type: ports) to 4
2026-04-07 01:17:46.297 9 INFO neutron.api.wsgi [req-72a1ace1-0b09-44f9-a16d-69c69bd5d6cf req-835dfb07-64f7-402f-ac89-9be081a82e25 077cfc4fdc9945279dd840bee508c26d 7b2064a28fc940e79a1ae6d59fa8558d - - f2cb70a218e141769260855bf15aa918 f2cb70a218e141769260855bf15aa918] 199.204.45.244 "PUT /v2.0/ports/31137562-1567-4620-8925-d5035a8d3b85 HTTP/1.1" status: 200 len: 1404 time: 0.5369349 /var/lib/openstack/lib/python3.12/site-packages/pycadf/identifier.py:71: UserWarning: Invalid uuid: neutron. To ensure interoperability, identifiers should be a valid uuid. warnings.warn(('Invalid uuid: %s. To ensure interoperability, '
2026-04-07 01:17:46.332 9 INFO neutron.notifiers.nova [-] Nova event matching ['req-83d6843e-a831-474f-97ee-3aa36adfdfdf'] response: {'name': 'network-changed', 'server_uuid': '60fd0ea2-1580-4588-930f-2221b69a3c72', 'tag': '31137562-1567-4620-8925-d5035a8d3b85', 'status': 'completed', 'code': 200}
2026-04-07 01:17:46.376 9 INFO neutron.api.wsgi [req-af341e2d-0ccc-4bee-b1b2-85c680c60318 req-87846837-1817-4101-8b6f-a1578c8bf87a b52ede52d06f4234a1749f6efdeae547 4dfd6544db204e0f917bf280812e8286 - - default default] 10.0.0.43 "GET /v2.0/ports?device_id=60fd0ea2-1580-4588-930f-2221b69a3c72 HTTP/1.1" status: 200 len: 1168 time: 0.0670271
2026-04-07 01:17:46.413 9 INFO neutron.api.wsgi [req-af341e2d-0ccc-4bee-b1b2-85c680c60318 req-2670dae0-f711-4bf9-9d9d-ce82ea83a60e b52ede52d06f4234a1749f6efdeae547 4dfd6544db204e0f917bf280812e8286 - - default default] 10.0.0.43 "GET /v2.0/security-groups?id=22120e92-9b01-4678-b070-402944cb54a2&fields=id&fields=name HTTP/1.1" status: 200 len: 311 time: 0.0317736
2026-04-07 01:17:46.625 9 INFO neutron.db.ovn_revision_numbers_db [None req-2557c232-0d99-4f64-a6b2-b508f696d392 - - - - - -] Successfully bumped revision number for resource 59eef755-ce46-478d-b695-01336a5d5c94 (type: ports) to 2
2026-04-07 01:17:46.871 9 INFO neutron.api.wsgi [req-ab538ab0-703d-42f4-9c12-67cbbc9245e9 req-22408a4d-c3d4-4471-b830-bcdecb37b886 077cfc4fdc9945279dd840bee508c26d 7b2064a28fc940e79a1ae6d59fa8558d - - f2cb70a218e141769260855bf15aa918 f2cb70a218e141769260855bf15aa918] 199.204.45.244 "GET /v2.0/ports?tenant_id=4dfd6544db204e0f917bf280812e8286&device_id=60fd0ea2-1580-4588-930f-2221b69a3c72 HTTP/1.1" status: 200 len: 1407 time: 0.0303805
2026-04-07 01:17:46.909 9 INFO neutron.api.wsgi [req-ab538ab0-703d-42f4-9c12-67cbbc9245e9 req-e9cff3c4-d3f9-4fa5-8bf3-1678f9fd02f5 077cfc4fdc9945279dd840bee508c26d 7b2064a28fc940e79a1ae6d59fa8558d - - f2cb70a218e141769260855bf15aa918 f2cb70a218e141769260855bf15aa918] 199.204.45.244 "GET /v2.0/networks?tenant_id=4dfd6544db204e0f917bf280812e8286&shared=False HTTP/1.1" status: 200 len: 958 time: 0.0336847
2026-04-07 01:17:46.947 9 INFO neutron.api.wsgi [req-ab538ab0-703d-42f4-9c12-67cbbc9245e9 req-d6aa94e1-c000-45cd-977f-56a8a4a75953 077cfc4fdc9945279dd840bee508c26d 7b2064a28fc940e79a1ae6d59fa8558d - - f2cb70a218e141769260855bf15aa918 f2cb70a218e141769260855bf15aa918] 199.204.45.244 "GET /v2.0/networks?shared=True HTTP/1.1" status: 200 len: 952 time: 0.0347154
2026-04-07 01:17:47.242 9 INFO neutron.api.wsgi [None req-9cd4ce26-82ad-49d0-ad36-b61cbd4076bb ea25a50cc90e4024bdbf34cbd67ba251 1b21af1dd38446ad95de658f93aa5519 - - default default] 10.0.0.206 "GET /v2.0/ports/59eef755-ce46-478d-b695-01336a5d5c94 HTTP/1.1" status: 200 len: 1141 time: 0.0317657
2026-04-07 01:17:47.510 9 INFO neutron.api.wsgi [req-800146d9-fed3-4577-a95d-c53602576340 req-91b99136-ace5-4041-b64e-fe0d11d6232d b52ede52d06f4234a1749f6efdeae547 4dfd6544db204e0f917bf280812e8286 - - default default] 10.0.0.43 "GET /v2.0/ports?device_id=60fd0ea2-1580-4588-930f-2221b69a3c72 HTTP/1.1" status: 200 len: 1168 time: 0.0355864
2026-04-07 01:17:47.555 9 INFO neutron.api.wsgi [req-800146d9-fed3-4577-a95d-c53602576340 req-20c7ead3-ac36-46cb-9e43-5036abe7346c b52ede52d06f4234a1749f6efdeae547 4dfd6544db204e0f917bf280812e8286 - - default default] 10.0.0.43 "GET /v2.0/security-groups?id=22120e92-9b01-4678-b070-402944cb54a2&fields=id&fields=name HTTP/1.1" status: 200 len: 311 time: 0.0426142
2026-04-07 01:17:47.769 9 INFO neutron.api.wsgi [None req-320705fa-1ccb-4479-8817-9b253eb90c62 ea25a50cc90e4024bdbf34cbd67ba251 1b21af1dd38446ad95de658f93aa5519 - - default default] 10.0.0.206 "PUT /v2.0/routers/8b4ef0ec-df22-4259-b2c7-5b99d808869c/remove_router_interface HTTP/1.1" status: 200 len: 503 time: 0.5221610
2026-04-07 01:17:47.791 10 INFO neutron.api.wsgi [None req-dcdbfab2-4ae1-4f8d-99dc-883357d8f14a ea25a50cc90e4024bdbf34cbd67ba251 1b21af1dd38446ad95de658f93aa5519 - - default default] 10.0.0.206 "GET /v2.0/ports?device_id=8b4ef0ec-df22-4259-b2c7-5b99d808869c HTTP/1.1" status: 200 len: 205 time: 0.0171096 /var/lib/openstack/lib/python3.12/site-packages/pycadf/identifier.py:71: UserWarning: Invalid uuid: neutron. To ensure interoperability, identifiers should be a valid uuid. warnings.warn(('Invalid uuid: %s. To ensure interoperability, '
2026-04-07 01:17:47.961 9 INFO neutron.api.wsgi [None req-30d6d254-6707-47d6-b60c-5d99ef2cf515 ea25a50cc90e4024bdbf34cbd67ba251 1b21af1dd38446ad95de658f93aa5519 - - default default] 10.0.0.206 "DELETE /v2.0/routers/8b4ef0ec-df22-4259-b2c7-5b99d808869c HTTP/1.1" status: 204 len: 168 time: 0.1637754
2026-04-07 01:17:48.011 9 INFO neutron.api.wsgi [req-72a1ace1-0b09-44f9-a16d-69c69bd5d6cf req-7f76d6b7-7bfe-41a9-b8f9-bd0d09a79ca7 077cfc4fdc9945279dd840bee508c26d 7b2064a28fc940e79a1ae6d59fa8558d - - f2cb70a218e141769260855bf15aa918 f2cb70a218e141769260855bf15aa918] 199.204.45.244 "GET /v2.0/ports?tenant_id=4dfd6544db204e0f917bf280812e8286&device_id=60fd0ea2-1580-4588-930f-2221b69a3c72 HTTP/1.1" status: 200 len: 1407 time: 0.0368237
2026-04-07 01:17:48.034 9 INFO neutron.api.wsgi [req-72a1ace1-0b09-44f9-a16d-69c69bd5d6cf req-9226aa44-baf2-4774-80f0-71423ee1f5b4 077cfc4fdc9945279dd840bee508c26d 7b2064a28fc940e79a1ae6d59fa8558d - - f2cb70a218e141769260855bf15aa918 f2cb70a218e141769260855bf15aa918] 199.204.45.244 "GET /v2.0/floatingips?fixed_ip_address=10.100.0.9&port_id=31137562-1567-4620-8925-d5035a8d3b85 HTTP/1.1" status: 200 len: 217 time: 0.0161307
