2026-04-07 01:20:18.055 10 INFO neutron.api.wsgi [None req-98842519-14ed-4483-8bfd-de6759d1c14f db2d3857c65b46ac9201bd00f57948c0 19c240d8c2b4451a869ca055b312a5e8 - - default default] 10.0.0.206 "DELETE /v2.0/subnets/f2c50d5a-cdf4-4459-bc73-c8241de20f9b HTTP/1.1" status: 204 len: 168 time: 0.1556687
2026-04-07 01:20:18.069 10 INFO neutron.pecan_wsgi.hooks.translation [None req-80df4441-0c97-4f1f-b23e-ee343d6763e6 db2d3857c65b46ac9201bd00f57948c0 19c240d8c2b4451a869ca055b312a5e8 - - default default] GET failed (client error): The resource could not be found.
2026-04-07 01:20:18.071 10 INFO neutron.api.wsgi [None req-80df4441-0c97-4f1f-b23e-ee343d6763e6 db2d3857c65b46ac9201bd00f57948c0 19c240d8c2b4451a869ca055b312a5e8 - - default default] 10.0.0.206 "GET /v2.0/subnets/f2c50d5a-cdf4-4459-bc73-c8241de20f9b HTTP/1.1" status: 404 len: 337 time: 0.0114315
2026-04-07 01:20:18.098 10 INFO neutron.db.ovn_revision_numbers_db [None req-4581020d-7e9c-408b-9b92-8d196fee885f 18878a0d425b4acdb108715ae117b9b7 28b3f955963c4cc181f8e9e005ce9122 - - default default] Successfully bumped revision number for resource 49d7dae2-fe86-4012-842e-7575db70fc16 (type: security_groups) to 1
2026-04-07 01:20:18.110 10 INFO neutron.db.ovn_revision_numbers_db [None req-4581020d-7e9c-408b-9b92-8d196fee885f 18878a0d425b4acdb108715ae117b9b7 28b3f955963c4cc181f8e9e005ce9122 - - default default] Successfully bumped revision number for resource 1bd92e8c-d119-475a-b220-3fa6841662fa (type: security_group_rules) to 0
2026-04-07 01:20:18.125 10 INFO neutron.db.ovn_revision_numbers_db [None req-4581020d-7e9c-408b-9b92-8d196fee885f 18878a0d425b4acdb108715ae117b9b7 28b3f955963c4cc181f8e9e005ce9122 - - default default] Successfully bumped revision number for resource 87cd516d-985c-4015-b64f-da8aa5236006 (type: security_group_rules) to 0
2026-04-07 01:20:18.138 10 INFO neutron.db.ovn_revision_numbers_db [None req-4581020d-7e9c-408b-9b92-8d196fee885f 18878a0d425b4acdb108715ae117b9b7 28b3f955963c4cc181f8e9e005ce9122 - - default default] Successfully bumped revision number for resource cfbe019a-c5e8-480b-b791-b1ed3ba5cb81 (type: security_group_rules) to 0
2026-04-07 01:20:18.150 10 INFO neutron.db.ovn_revision_numbers_db [None req-4581020d-7e9c-408b-9b92-8d196fee885f 18878a0d425b4acdb108715ae117b9b7 28b3f955963c4cc181f8e9e005ce9122 - - default default] Successfully bumped revision number for resource f2fbbfbc-6020-4e32-beee-b42112ea160b (type: security_group_rules) to 0
2026-04-07 01:20:18.186 10 INFO neutron.api.wsgi [None req-4581020d-7e9c-408b-9b92-8d196fee885f 18878a0d425b4acdb108715ae117b9b7 28b3f955963c4cc181f8e9e005ce9122 - - default default] 10.0.0.206 "GET /v2.0/security-groups?tenant_id=c3d5a1b5b9754327b5ddeb91886d920d&name=default HTTP/1.1" status: 200 len: 3120 time: 0.2009561
2026-04-07 01:20:18.368 10 INFO neutron.api.wsgi [None req-0658a007-33c8-492a-8a50-027595a860ff db2d3857c65b46ac9201bd00f57948c0 19c240d8c2b4451a869ca055b312a5e8 - - default default] 10.0.0.206 "DELETE /v2.0/networks/777aaa12-bbfa-4c95-bdd5-34b70372fee4 HTTP/1.1" status: 204 len: 168 time: 0.2920771
2026-04-07 01:20:18.381 9 INFO neutron.api.wsgi [None req-cf2dd612-5dc0-45a4-99e2-4d244dd24574 18878a0d425b4acdb108715ae117b9b7 28b3f955963c4cc181f8e9e005ce9122 - - default default] 10.0.0.206 "DELETE /v2.0/security-groups/49d7dae2-fe86-4012-842e-7575db70fc16 HTTP/1.1" status: 204 len: 168 time: 0.1893933
2026-04-07 01:20:18.382 10 INFO neutron.pecan_wsgi.hooks.translation [None req-6fd52550-910d-4c32-9729-bb5cf606734d db2d3857c65b46ac9201bd00f57948c0 19c240d8c2b4451a869ca055b312a5e8 - - default default] GET failed (client error): The resource could not be found.
2026-04-07 01:20:18.384 10 INFO neutron.api.wsgi [None req-6fd52550-910d-4c32-9729-bb5cf606734d db2d3857c65b46ac9201bd00f57948c0 19c240d8c2b4451a869ca055b312a5e8 - - default default] 10.0.0.206 "GET /v2.0/networks/777aaa12-bbfa-4c95-bdd5-34b70372fee4 HTTP/1.1" status: 404 len: 339 time: 0.0094299
2026-04-07 01:20:18.519 9 INFO neutron.api.wsgi [None req-d565729f-ca66-45dd-8b8e-3b52beafdcba db2d3857c65b46ac9201bd00f57948c0 19c240d8c2b4451a869ca055b312a5e8 - - default default] 10.0.0.206 "DELETE /v2.0/subnets/135a9428-e703-4580-95f9-5d0d3245ddc3 HTTP/1.1" status: 204 len: 168 time: 0.1270552
2026-04-07 01:20:18.528 10 INFO neutron.services.segments.plugin [-] Segment 38cf8add-ca6b-4dba-ab02-59f1ab4c6719 resource provider aggregate not found
2026-04-07 01:20:18.530 9 INFO neutron.pecan_wsgi.hooks.translation [None req-1653add7-d008-4f8e-b4c2-ac5fbff85086 db2d3857c65b46ac9201bd00f57948c0 19c240d8c2b4451a869ca055b312a5e8 - - default default] GET failed (client error): The resource could not be found.
2026-04-07 01:20:18.531 9 INFO neutron.api.wsgi [None req-1653add7-d008-4f8e-b4c2-ac5fbff85086 db2d3857c65b46ac9201bd00f57948c0 19c240d8c2b4451a869ca055b312a5e8 - - default default] 10.0.0.206 "GET /v2.0/subnets/135a9428-e703-4580-95f9-5d0d3245ddc3 HTTP/1.1" status: 404 len: 337 time: 0.0090649
2026-04-07 01:20:18.544 10 INFO neutron.services.segments.plugin [-] Segment 38cf8add-ca6b-4dba-ab02-59f1ab4c6719 resource provider not found; error: Placement Client Error (4xx): {"errors": [{"status": 404, "title": "Not Found", "detail": "The resource could not be found.\n\n No resource provider with uuid 38cf8add-ca6b-4dba-ab02-59f1ab4c6719 found for delete ", "request_id": "req-6c25ffb1-c373-4c98-93ac-8e27dbb0cfb4"}]}
2026-04-07 01:20:18.547 10 INFO neutron.services.segments.plugin [-] Segment 38cf8add-ca6b-4dba-ab02-59f1ab4c6719 resource provider aggregate not found
2026-04-07 01:20:18.562 10 INFO neutron.services.segments.plugin [-] Segment 38cf8add-ca6b-4dba-ab02-59f1ab4c6719 resource provider not found; error: Placement Client Error (4xx): {"errors": [{"status": 404, "title": "Not Found", "detail": "The resource could not be found.\n\n No resource provider with uuid 38cf8add-ca6b-4dba-ab02-59f1ab4c6719 found for delete ", "request_id": "req-fc1c123b-2d60-4176-8fba-dc91bd1f152d"}]}
2026-04-07 01:20:18.680 9 INFO neutron.api.wsgi [None req-35bf8f70-d6f4-4374-9682-25b135607ee5 db2d3857c65b46ac9201bd00f57948c0 19c240d8c2b4451a869ca055b312a5e8 - - default default] 10.0.0.206 "DELETE /v2.0/subnets/0b883af0-764b-40cf-9116-842bb8601cd4 HTTP/1.1" status: 204 len: 168 time: 0.1444099
2026-04-07 01:20:18.695 9 INFO neutron.pecan_wsgi.hooks.translation [None req-f10530a9-1750-4f74-b1ac-bbff3ca3adb8 db2d3857c65b46ac9201bd00f57948c0 19c240d8c2b4451a869ca055b312a5e8 - - default default] GET failed (client error): The resource could not be found.
2026-04-07 01:20:18.696 9 INFO neutron.api.wsgi [None req-f10530a9-1750-4f74-b1ac-bbff3ca3adb8 db2d3857c65b46ac9201bd00f57948c0 19c240d8c2b4451a869ca055b312a5e8 - - default default] 10.0.0.206 "GET /v2.0/subnets/0b883af0-764b-40cf-9116-842bb8601cd4 HTTP/1.1" status: 404 len: 337 time: 0.0111921
2026-04-07 01:20:19.012 10 INFO neutron.api.wsgi [None req-feb951d1-9761-4c11-af18-6b30abda9dd6 db2d3857c65b46ac9201bd00f57948c0 19c240d8c2b4451a869ca055b312a5e8 - - default default] 10.0.0.206 "DELETE /v2.0/networks/c538e71e-691b-49f8-a777-c0eb46f0f424 HTTP/1.1" status: 204 len: 168 time: 0.3107879
2026-04-07 01:20:19.028 10 INFO neutron.pecan_wsgi.hooks.translation [None req-cac1214b-aa00-4739-bd7d-db3a6eef63c9 db2d3857c65b46ac9201bd00f57948c0 19c240d8c2b4451a869ca055b312a5e8 - - default default] GET failed (client error): The resource could not be found.
2026-04-07 01:20:19.029 10 INFO neutron.api.wsgi [None req-cac1214b-aa00-4739-bd7d-db3a6eef63c9 db2d3857c65b46ac9201bd00f57948c0 19c240d8c2b4451a869ca055b312a5e8 - - default default] 10.0.0.206 "GET /v2.0/networks/c538e71e-691b-49f8-a777-c0eb46f0f424 HTTP/1.1" status: 404 len: 339 time: 0.0121086
2026-04-07 01:20:19.162 10 INFO neutron.api.wsgi [None req-8c5ecb29-4d2b-4c7e-9336-728af15cba6c db2d3857c65b46ac9201bd00f57948c0 19c240d8c2b4451a869ca055b312a5e8 - - default default] 10.0.0.206 "DELETE /v2.0/subnets/c20d6daa-4193-4b4c-9ddf-802e31d609b9 HTTP/1.1" status: 204 len: 168 time: 0.1284759
2026-04-07 01:20:19.177 10 INFO neutron.pecan_wsgi.hooks.translation [None req-3dec9f2a-d922-4ebb-a5c0-0025e964e10d db2d3857c65b46ac9201bd00f57948c0 19c240d8c2b4451a869ca055b312a5e8 - - default default] GET failed (client error): The resource could not be found.
2026-04-07 01:20:19.178 10 INFO neutron.api.wsgi [None req-3dec9f2a-d922-4ebb-a5c0-0025e964e10d db2d3857c65b46ac9201bd00f57948c0 19c240d8c2b4451a869ca055b312a5e8 - - default default] 10.0.0.206 "GET /v2.0/subnets/c20d6daa-4193-4b4c-9ddf-802e31d609b9 HTTP/1.1" status: 404 len: 337 time: 0.0119843
2026-04-07 01:20:19.320 10 INFO neutron.api.wsgi [None req-3171853a-c76b-4e84-ab97-d31051f7107b db2d3857c65b46ac9201bd00f57948c0 19c240d8c2b4451a869ca055b312a5e8 - - default default] 10.0.0.206 "DELETE /v2.0/subnets/d2c09d54-3cfb-47ff-b82c-b9684c909d8c HTTP/1.1" status: 204 len: 168 time: 0.1372986
2026-04-07 01:20:19.334 10 INFO neutron.pecan_wsgi.hooks.translation [None req-4bd98d69-2a89-4ea7-abdd-c1bf31798d5c db2d3857c65b46ac9201bd00f57948c0 19c240d8c2b4451a869ca055b312a5e8 - - default default] GET failed (client error): The resource could not be found.
2026-04-07 01:20:19.335 10 INFO neutron.api.wsgi [None req-4bd98d69-2a89-4ea7-abdd-c1bf31798d5c db2d3857c65b46ac9201bd00f57948c0 19c240d8c2b4451a869ca055b312a5e8 - - default default] 10.0.0.206 "GET /v2.0/subnets/d2c09d54-3cfb-47ff-b82c-b9684c909d8c HTTP/1.1" status: 404 len: 337 time: 0.0102587
2026-04-07 01:20:19.626 10 INFO neutron.api.wsgi [None req-d00fe3b4-dd8e-475e-b9f8-0ca117d542a0 db2d3857c65b46ac9201bd00f57948c0 19c240d8c2b4451a869ca055b312a5e8 - - default default] 10.0.0.206 "DELETE /v2.0/networks/5c1ea1ff-7b04-425e-88c5-0cf5232bc5b3 HTTP/1.1" status: 204 len: 168 time: 0.2867839
2026-04-07 01:20:19.640 10 INFO neutron.pecan_wsgi.hooks.translation [None req-e296911b-f10d-4ee2-b0f8-e7951e0bf455 db2d3857c65b46ac9201bd00f57948c0 19c240d8c2b4451a869ca055b312a5e8 - - default default] GET failed (client error): The resource could not be found.
2026-04-07 01:20:19.641 10 INFO neutron.api.wsgi [None req-e296911b-f10d-4ee2-b0f8-e7951e0bf455 db2d3857c65b46ac9201bd00f57948c0 19c240d8c2b4451a869ca055b312a5e8 - - default default] 10.0.0.206 "GET /v2.0/networks/5c1ea1ff-7b04-425e-88c5-0cf5232bc5b3 HTTP/1.1" status: 404 len: 339 time: 0.0114222
2026-04-07 01:20:20.559 10 INFO neutron.services.segments.plugin [-] Segment 3dcb7019-d3b8-4acd-b849-f3ed689c2f32 resource provider aggregate not found
2026-04-07 01:20:20.574 10 INFO neutron.services.segments.plugin [-] Segment 3dcb7019-d3b8-4acd-b849-f3ed689c2f32 resource provider aggregate not found
2026-04-07 01:20:20.578 10 INFO neutron.services.segments.plugin [-] Segment 3dcb7019-d3b8-4acd-b849-f3ed689c2f32 resource provider not found; error: Placement Client Error (4xx): {"errors": [{"status": 404, "title": "Not Found", "detail": "The resource could not be found.\n\n No resource provider with uuid 3dcb7019-d3b8-4acd-b849-f3ed689c2f32 found for delete ", "request_id": "req-731d263e-ff43-49de-b945-567d6eb41a83"}]}
2026-04-07 01:20:20.590 10 INFO neutron.services.segments.plugin [-] Segment d6e4d0b1-734b-49b4-b9ed-f7a850f4b402 resource provider aggregate not found
2026-04-07 01:20:20.594 10 INFO neutron.services.segments.plugin [-] Segment 3dcb7019-d3b8-4acd-b849-f3ed689c2f32 resource provider not found; error: Placement Client Error (4xx): {"errors": [{"status": 404, "title": "Not Found", "detail": "The resource could not be found.\n\n No resource provider with uuid 3dcb7019-d3b8-4acd-b849-f3ed689c2f32 found for delete ", "request_id": "req-c18dc5e7-6c3f-4acc-82bc-506f72ed1180"}]}
2026-04-07 01:20:20.599 10 INFO neutron.services.segments.plugin [-] Segment d6e4d0b1-734b-49b4-b9ed-f7a850f4b402 resource provider not found; error: Placement Client Error (4xx): {"errors": [{"status": 404, "title": "Not Found", "detail": "The resource could not be found.\n\n No resource provider with uuid d6e4d0b1-734b-49b4-b9ed-f7a850f4b402 found for delete ", "request_id": "req-78403645-a200-4097-9fc4-c89288d418c1"}]}
2026-04-07 01:20:20.605 10 INFO neutron.services.segments.plugin [-] Segment d6e4d0b1-734b-49b4-b9ed-f7a850f4b402 resource provider aggregate not found
2026-04-07 01:20:20.623 10 INFO neutron.services.segments.plugin [-] Segment d6e4d0b1-734b-49b4-b9ed-f7a850f4b402 resource provider not found; error: Placement Client Error (4xx): {"errors": [{"status": 404, "title": "Not Found", "detail": "The resource could not be found.\n\n No resource provider with uuid d6e4d0b1-734b-49b4-b9ed-f7a850f4b402 found for delete ", "request_id": "req-b555ef95-6655-4d2f-a145-337b81456abb"}]}
2026-04-07 01:20:21.517 9 INFO neutron.api.wsgi [None req-48d4e4ea-52fb-4384-8923-9015e9906132 18878a0d425b4acdb108715ae117b9b7 28b3f955963c4cc181f8e9e005ce9122 - - default default] 10.0.0.206 "GET /v2.0/security-groups?tenant_id=19c240d8c2b4451a869ca055b312a5e8&name=default HTTP/1.1" status: 200 len: 3120 time: 0.1673932
2026-04-07 01:20:21.582 10 WARNING neutron_lib.context [None req-e99cf08e-bd98-4135-93b8-54df9506507e 835ea375d07c4761b251277dd474176a bab8819db0ca4e36ab08ac4c3ce1afd8 - - default default] Method 'is_advsvc' is deprecated since 2023.2 release (neutron-lib 3.8.0) and will be removed once support for the old RBAC API policies will be removed from Neutron. Please use method 'is_service_role' instead.
2026-04-07 01:20:21.714 9 INFO neutron.api.wsgi [None req-9761f394-be5a-4dac-8184-6c3910c9f35f 18878a0d425b4acdb108715ae117b9b7 28b3f955963c4cc181f8e9e005ce9122 - - default default] 10.0.0.206 "DELETE /v2.0/security-groups/e2f8638a-5d3d-47ea-91e5-df80e2d7f872 HTTP/1.1" status: 204 len: 168 time: 0.1923201
2026-04-07 01:20:21.787 10 WARNING neutron.scheduler.dhcp_agent_scheduler [None req-e99cf08e-bd98-4135-93b8-54df9506507e 835ea375d07c4761b251277dd474176a bab8819db0ca4e36ab08ac4c3ce1afd8 - - default default] No more DHCP agents
2026-04-07 01:20:21.788 10 WARNING neutron.api.rpc.agentnotifiers.dhcp_rpc_agent_api [None req-e99cf08e-bd98-4135-93b8-54df9506507e 835ea375d07c4761b251277dd474176a bab8819db0ca4e36ab08ac4c3ce1afd8 - - default default] Unable to schedule network 9aff7a8e-31f5-4209-ac23-97fb955a382a: no agents available; will retry on subsequent port and subnet creation events.
2026-04-07 01:20:21.903 9 INFO neutron.db.ovn_revision_numbers_db [None req-81b2a00e-ea54-413d-8b87-14281f383570 18878a0d425b4acdb108715ae117b9b7 28b3f955963c4cc181f8e9e005ce9122 - - default default] Successfully bumped revision number for resource 01032de9-ec63-4ba9-9895-92b44c83c9b3 (type: security_groups) to 1
2026-04-07 01:20:21.915 9 INFO neutron.db.ovn_revision_numbers_db [None req-81b2a00e-ea54-413d-8b87-14281f383570 18878a0d425b4acdb108715ae117b9b7 28b3f955963c4cc181f8e9e005ce9122 - - default default] Successfully bumped revision number for resource 1f32a0ec-187c-4739-a1a3-1c103e7f56cb (type: security_group_rules) to 0
2026-04-07 01:20:21.926 9 INFO neutron.db.ovn_revision_numbers_db [None req-81b2a00e-ea54-413d-8b87-14281f383570 18878a0d425b4acdb108715ae117b9b7 28b3f955963c4cc181f8e9e005ce9122 - - default default] Successfully bumped revision number for resource 45712916-13d1-4928-a23f-3f2c1825bff8 (type: security_group_rules) to 0
2026-04-07 01:20:21.938 9 INFO neutron.db.ovn_revision_numbers_db [None req-81b2a00e-ea54-413d-8b87-14281f383570 18878a0d425b4acdb108715ae117b9b7 28b3f955963c4cc181f8e9e005ce9122 - - default default] Successfully bumped revision number for resource bfcce2ba-ee3f-48e1-b810-1ddb8287804e (type: security_group_rules) to 0
2026-04-07 01:20:21.949 9 INFO neutron.db.ovn_revision_numbers_db [None req-81b2a00e-ea54-413d-8b87-14281f383570 18878a0d425b4acdb108715ae117b9b7 28b3f955963c4cc181f8e9e005ce9122 - - default default] Successfully bumped revision number for resource d057804c-40af-4f2a-8423-a8ed666bcf67 (type: security_group_rules) to 0
2026-04-07 01:20:21.984 9 INFO neutron.api.wsgi [None req-81b2a00e-ea54-413d-8b87-14281f383570 18878a0d425b4acdb108715ae117b9b7 28b3f955963c4cc181f8e9e005ce9122 - - default default] 10.0.0.206 "GET /v2.0/security-groups?tenant_id=c668d665b8a64709b2007547825b6f5b&name=default HTTP/1.1" status: 200 len: 3124 time: 0.1895478
2026-04-07 01:20:22.051 10 INFO neutron.api.wsgi [None req-e99cf08e-bd98-4135-93b8-54df9506507e 835ea375d07c4761b251277dd474176a bab8819db0ca4e36ab08ac4c3ce1afd8 - - default default] 10.0.0.206 "POST /v2.0/floatingips HTTP/1.1" status: 201 len: 751 time: 0.5166526
2026-04-07 01:20:22.092 10 INFO neutron.api.wsgi [None req-133a5c53-b564-4afa-9625-534f844837dd 835ea375d07c4761b251277dd474176a bab8819db0ca4e36ab08ac4c3ce1afd8 - - default default] 10.0.0.206 "PUT /v2.0/floatingips/503d05d2-8a73-4304-b883-34d352d1ea4b/tags HTTP/1.1" status: 200 len: 218 time: 0.0348771
2026-04-07 01:20:22.118 9 INFO neutron.api.wsgi [None req-cfb3fc0b-b662-4d5b-a4d6-e61a547d0359 835ea375d07c4761b251277dd474176a bab8819db0ca4e36ab08ac4c3ce1afd8 - - default default] 10.0.0.206 "GET /v2.0/floatingips/503d05d2-8a73-4304-b883-34d352d1ea4b/tags HTTP/1.1" status: 200 len: 218 time: 0.0204477
2026-04-07 01:20:22.153 9 INFO neutron.api.wsgi [None req-52fccce6-9443-45ec-af63-27a95e11fcf6 835ea375d07c4761b251277dd474176a bab8819db0ca4e36ab08ac4c3ce1afd8 - - default default] 10.0.0.206 "PUT /v2.0/floatingips/503d05d2-8a73-4304-b883-34d352d1ea4b/tags/green HTTP/1.1" status: 201 len: 201 time: 0.0291862
2026-04-07 01:20:22.180 9 INFO neutron.api.wsgi [None req-8fec8fcc-eece-414f-95b4-cbbecb5cd230 835ea375d07c4761b251277dd474176a bab8819db0ca4e36ab08ac4c3ce1afd8 - - default default] 10.0.0.206 "GET /v2.0/floatingips/503d05d2-8a73-4304-b883-34d352d1ea4b/tags HTTP/1.1" status: 200 len: 227 time: 0.0217519
2026-04-07 01:20:22.192 10 INFO neutron.api.wsgi [None req-66d04deb-9ccf-4eed-84ba-38755faa1dd8 18878a0d425b4acdb108715ae117b9b7 28b3f955963c4cc181f8e9e005ce9122 - - default default] 10.0.0.206 "DELETE /v2.0/security-groups/01032de9-ec63-4ba9-9895-92b44c83c9b3 HTTP/1.1" status: 204 len: 168 time: 0.2027082
2026-04-07 01:20:22.202 9 INFO neutron.api.wsgi [None req-f72932c4-29ce-4cb8-88af-d1baed8cd286 835ea375d07c4761b251277dd474176a bab8819db0ca4e36ab08ac4c3ce1afd8 - - default default] 10.0.0.206 "PUT /v2.0/floatingips/503d05d2-8a73-4304-b883-34d352d1ea4b/tags/red HTTP/1.1" status: 201 len: 201 time: 0.0183156
2026-04-07 01:20:22.224 9 INFO neutron.api.wsgi [None req-74e43a89-95a2-46ad-ab52-743bf310b2b9 835ea375d07c4761b251277dd474176a bab8819db0ca4e36ab08ac4c3ce1afd8 - - default default] 10.0.0.206 "GET /v2.0/floatingips/503d05d2-8a73-4304-b883-34d352d1ea4b/tags HTTP/1.1" status: 200 len: 227 time: 0.0176938
2026-04-07 01:20:22.257 9 INFO neutron.api.wsgi [None req-24028627-6ed6-4563-a7db-c67d818dcac8 835ea375d07c4761b251277dd474176a bab8819db0ca4e36ab08ac4c3ce1afd8 - - default default] 10.0.0.206 "PUT /v2.0/floatingips/503d05d2-8a73-4304-b883-34d352d1ea4b/tags/black.or.white HTTP/1.1" status: 201 len: 201 time: 0.0291073
2026-04-07 01:20:22.283 9 INFO neutron.api.wsgi [None req-c6535f77-61bd-45c5-83e5-6f2aa0d1aeea 835ea375d07c4761b251277dd474176a bab8819db0ca4e36ab08ac4c3ce1afd8 - - default default] 10.0.0.206 "GET /v2.0/floatingips/503d05d2-8a73-4304-b883-34d352d1ea4b/tags HTTP/1.1" status: 200 len: 245 time: 0.0220618
2026-04-07 01:20:22.317 9 INFO neutron.api.wsgi [None req-e6c3e643-3631-454d-b787-bf1fe83074a2 835ea375d07c4761b251277dd474176a bab8819db0ca4e36ab08ac4c3ce1afd8 - - default default] 10.0.0.206 "PUT /v2.0/floatingips/503d05d2-8a73-4304-b883-34d352d1ea4b/tags HTTP/1.1" status: 200 len: 230 time: 0.0296979
2026-04-07 01:20:22.339 9 INFO neutron.api.wsgi [None req-4a16ec36-0a12-4f71-84b0-637f4c78d124 835ea375d07c4761b251277dd474176a bab8819db0ca4e36ab08ac4c3ce1afd8 - - default default] 10.0.0.206 "GET /v2.0/floatingips/503d05d2-8a73-4304-b883-34d352d1ea4b/tags HTTP/1.1" status: 200 len: 230 time: 0.0191050
2026-04-07 01:20:22.363 9 INFO neutron.api.wsgi [None req-080be580-b675-4801-8ce5-09350a2e9f31 835ea375d07c4761b251277dd474176a bab8819db0ca4e36ab08ac4c3ce1afd8 - - default default] 10.0.0.206 "GET /v2.0/floatingips/503d05d2-8a73-4304-b883-34d352d1ea4b/tags/red HTTP/1.1" status: 204 len: 168 time: 0.0201838
2026-04-07 01:20:22.393 9 INFO neutron.api.v2.resource [None req-72ad6255-a7a3-439d-bb76-06d0d34d1f17 835ea375d07c4761b251277dd474176a bab8819db0ca4e36ab08ac4c3ce1afd8 - - default default] show failed (client error): The resource could not be found.
2026-04-07 01:20:22.394 9 INFO neutron.api.wsgi [None req-72ad6255-a7a3-439d-bb76-06d0d34d1f17 835ea375d07c4761b251277dd474176a bab8819db0ca4e36ab08ac4c3ce1afd8 - - default default] 10.0.0.206 "GET /v2.0/floatingips/503d05d2-8a73-4304-b883-34d352d1ea4b/tags/green HTTP/1.1" status: 404 len: 299 time: 0.0260129
2026-04-07 01:20:22.405 10 INFO neutron.db.ovn_revision_numbers_db [None req-2496ed19-cf7f-4243-9d7b-4ccea8f89f06 18878a0d425b4acdb108715ae117b9b7 28b3f955963c4cc181f8e9e005ce9122 - - default default] Successfully bumped revision number for resource 1dfd783c-06b6-45e2-86b7-e93afbfb66ea (type: security_groups) to 1
2026-04-07 01:20:22.416 10 INFO neutron.db.ovn_revision_numbers_db [None req-2496ed19-cf7f-4243-9d7b-4ccea8f89f06 18878a0d425b4acdb108715ae117b9b7 28b3f955963c4cc181f8e9e005ce9122 - - default default] Successfully bumped revision number for resource 0317bf11-c1ef-495c-b335-8ed42b739d8f (type: security_group_rules) to 0
2026-04-07 01:20:22.426 10 INFO neutron.db.ovn_revision_numbers_db [None req-2496ed19-cf7f-4243-9d7b-4ccea8f89f06 18878a0d425b4acdb108715ae117b9b7 28b3f955963c4cc181f8e9e005ce9122 - - default default] Successfully bumped revision number for resource 734cfe0b-4e7c-4c51-a72f-1fb52147b877 (type: security_group_rules) to 0
2026-04-07 01:20:22.430 9 INFO neutron.api.wsgi [None req-a16a800d-297d-46b8-8098-541a288aa2b5 835ea375d07c4761b251277dd474176a bab8819db0ca4e36ab08ac4c3ce1afd8 - - default default] 10.0.0.206 "DELETE /v2.0/floatingips/503d05d2-8a73-4304-b883-34d352d1ea4b/tags/red HTTP/1.1" status: 204 len: 168 time: 0.0311112
2026-04-07 01:20:22.439 10 INFO neutron.db.ovn_revision_numbers_db [None req-2496ed19-cf7f-4243-9d7b-4ccea8f89f06 18878a0d425b4acdb108715ae117b9b7 28b3f955963c4cc181f8e9e005ce9122 - - default default] Successfully bumped revision number for resource e1770da5-b425-44cd-9990-82618e98b640 (type: security_group_rules) to 0
2026-04-07 01:20:22.450 10 INFO neutron.db.ovn_revision_numbers_db [None req-2496ed19-cf7f-4243-9d7b-4ccea8f89f06 18878a0d425b4acdb108715ae117b9b7 28b3f955963c4cc181f8e9e005ce9122 - - default default] Successfully bumped revision number for resource f8e23cb1-0586-4584-b986-2e33af5a6c26 (type: security_group_rules) to 0
2026-04-07 01:20:22.456 9 INFO neutron.api.wsgi [None req-ca224b82-bff9-4a77-b39e-ed8ade0e50fa 835ea375d07c4761b251277dd474176a bab8819db0ca4e36ab08ac4c3ce1afd8 - - default default] 10.0.0.206 "GET /v2.0/floatingips/503d05d2-8a73-4304-b883-34d352d1ea4b/tags HTTP/1.1" status: 200 len: 223 time: 0.0190301
2026-04-07 01:20:22.479 10 INFO neutron.api.wsgi [None req-2496ed19-cf7f-4243-9d7b-4ccea8f89f06 18878a0d425b4acdb108715ae117b9b7 28b3f955963c4cc181f8e9e005ce9122 - - default default] 10.0.0.206 "GET /v2.0/security-groups?tenant_id=e66bd45e902f45d9adb07dce41e52f8c&name=default HTTP/1.1" status: 200 len: 3124 time: 0.1739297
2026-04-07 01:20:22.481 9 INFO neutron.api.v2.resource [None req-0d551d15-82a2-4409-9adf-cbe81257a95d 835ea375d07c4761b251277dd474176a bab8819db0ca4e36ab08ac4c3ce1afd8 - - default default] delete failed (client error): The resource could not be found.
2026-04-07 01:20:22.482 9 INFO neutron.api.wsgi [None req-0d551d15-82a2-4409-9adf-cbe81257a95d 835ea375d07c4761b251277dd474176a bab8819db0ca4e36ab08ac4c3ce1afd8 - - default default] 10.0.0.206 "DELETE /v2.0/floatingips/503d05d2-8a73-4304-b883-34d352d1ea4b/tags/green HTTP/1.1" status: 404 len: 299 time: 0.0208266
2026-04-07 01:20:22.517 10 INFO neutron.api.wsgi [None req-4b28062b-83b8-4127-80c5-2265a4bc5260 835ea375d07c4761b251277dd474176a bab8819db0ca4e36ab08ac4c3ce1afd8 - - default default] 10.0.0.206 "DELETE /v2.0/floatingips/503d05d2-8a73-4304-b883-34d352d1ea4b/tags HTTP/1.1" status: 204 len: 168 time: 0.0314174
2026-04-07 01:20:22.549 10 INFO neutron.api.wsgi [None req-5955166e-255d-4b22-8277-20754aaa2a96 835ea375d07c4761b251277dd474176a bab8819db0ca4e36ab08ac4c3ce1afd8 - - default default] 10.0.0.206 "GET /v2.0/floatingips/503d05d2-8a73-4304-b883-34d352d1ea4b/tags HTTP/1.1" status: 200 len: 205 time: 0.0283377
2026-04-07 01:20:22.671 9 INFO neutron.api.wsgi [None req-72918dbe-c8f6-481e-8039-16b4797c3a67 18878a0d425b4acdb108715ae117b9b7 28b3f955963c4cc181f8e9e005ce9122 - - default default] 10.0.0.206 "DELETE /v2.0/security-groups/1dfd783c-06b6-45e2-86b7-e93afbfb66ea HTTP/1.1" status: 204 len: 168 time: 0.1870847
2026-04-07 01:20:22.697 9 INFO neutron.api.wsgi [-] 10.0.0.230 "GET / HTTP/1.1" status: 200 len: 246 time: 0.0027223
2026-04-07 01:20:22.700 9 INFO neutron.api.wsgi [-] 10.0.0.230 "GET / HTTP/1.1" status: 200 len: 246 time: 0.0012474
2026-04-07 01:20:22.819 10 INFO neutron.api.wsgi [None req-c3ef37ae-c930-4048-9d48-b367134d5e48 835ea375d07c4761b251277dd474176a bab8819db0ca4e36ab08ac4c3ce1afd8 - - default default] 10.0.0.206 "DELETE /v2.0/floatingips/503d05d2-8a73-4304-b883-34d352d1ea4b HTTP/1.1" status: 204 len: 168 time: 0.2628796
2026-04-07 01:20:22.894 9 INFO neutron.db.ovn_revision_numbers_db [None req-6dab106b-a34c-4d2f-b2a6-1bd89bd6663b 18878a0d425b4acdb108715ae117b9b7 28b3f955963c4cc181f8e9e005ce9122 - - default default] Successfully bumped revision number for resource 46e32ed6-fc56-40be-ba7e-706cf24d6fac (type: security_groups) to 1
2026-04-07 01:20:22.907 9 INFO neutron.db.ovn_revision_numbers_db [None req-6dab106b-a34c-4d2f-b2a6-1bd89bd6663b 18878a0d425b4acdb108715ae117b9b7 28b3f955963c4cc181f8e9e005ce9122 - - default default] Successfully bumped revision number for resource 711f67a6-7cee-433c-a30b-66b67192f36a (type: security_group_rules) to 0
2026-04-07 01:20:22.919 9 INFO neutron.db.ovn_revision_numbers_db [None req-6dab106b-a34c-4d2f-b2a6-1bd89bd6663b 18878a0d425b4acdb108715ae117b9b7 28b3f955963c4cc181f8e9e005ce9122 - - default default] Successfully bumped revision number for resource a24f92de-3a74-457c-8fda-689b59e4bd11 (type: security_group_rules) to 0
2026-04-07 01:20:22.931 9 INFO neutron.db.ovn_revision_numbers_db [None req-6dab106b-a34c-4d2f-b2a6-1bd89bd6663b 18878a0d425b4acdb108715ae117b9b7 28b3f955963c4cc181f8e9e005ce9122 - - default default] Successfully bumped revision number for resource f259cdd7-c10a-44f1-a797-72452e9a651f (type: security_group_rules) to 0
2026-04-07 01:20:22.941 9 INFO neutron.db.ovn_revision_numbers_db [None req-6dab106b-a34c-4d2f-b2a6-1bd89bd6663b 18878a0d425b4acdb108715ae117b9b7 28b3f955963c4cc181f8e9e005ce9122 - - default default] Successfully bumped revision number for resource ffcf6ad1-e1b0-46c5-ab64-b6f54e792b11 (type: security_group_rules) to 0
2026-04-07 01:20:22.993 9 INFO neutron.api.wsgi [None req-6dab106b-a34c-4d2f-b2a6-1bd89bd6663b 18878a0d425b4acdb108715ae117b9b7 28b3f955963c4cc181f8e9e005ce9122 - - default default] 10.0.0.206 "GET /v2.0/security-groups?tenant_id=d7592919c61e4e81ae7f9f1eb35eef35&name=default HTTP/1.1" status: 200 len: 3124 time: 0.1963401
2026-04-07 01:20:23.171 9 INFO neutron.api.wsgi [None req-f7721353-c8e9-48a7-bace-f7cf19774729 18878a0d425b4acdb108715ae117b9b7 28b3f955963c4cc181f8e9e005ce9122 - - default default] 10.0.0.206 "DELETE /v2.0/security-groups/46e32ed6-fc56-40be-ba7e-706cf24d6fac HTTP/1.1" status: 204 len: 168 time: 0.1732123
2026-04-07 01:20:23.421 10 INFO neutron.db.ovn_revision_numbers_db [None req-472e5f60-5d15-4467-8160-d2ddd66989ea 18878a0d425b4acdb108715ae117b9b7 28b3f955963c4cc181f8e9e005ce9122 - - default default] Successfully bumped revision number for resource 3fc82ddc-1213-4534-95ce-49892560c391 (type: security_groups) to 1
2026-04-07 01:20:23.433 10 INFO neutron.db.ovn_revision_numbers_db [None req-472e5f60-5d15-4467-8160-d2ddd66989ea 18878a0d425b4acdb108715ae117b9b7 28b3f955963c4cc181f8e9e005ce9122 - - default default] Successfully bumped revision number for resource 215d5a52-ef67-4839-b5bb-57bf402db6a6 (type: security_group_rules) to 0
2026-04-07 01:20:23.444 10 INFO neutron.db.ovn_revision_numbers_db [None req-472e5f60-5d15-4467-8160-d2ddd66989ea 18878a0d425b4acdb108715ae117b9b7 28b3f955963c4cc181f8e9e005ce9122 - - default default] Successfully bumped revision number for resource bef63cb8-0c49-4bf0-a157-390900217d7f (type: security_group_rules) to 0
2026-04-07 01:20:23.456 10 INFO neutron.db.ovn_revision_numbers_db [None req-472e5f60-5d15-4467-8160-d2ddd66989ea 18878a0d425b4acdb108715ae117b9b7 28b3f955963c4cc181f8e9e005ce9122 - - default default] Successfully bumped revision number for resource e6697d8d-4629-4a8e-bae8-559b30ab8527 (type: security_group_rules) to 0
2026-04-07 01:20:23.468 10 INFO neutron.db.ovn_revision_numbers_db [None req-472e5f60-5d15-4467-8160-d2ddd66989ea 18878a0d425b4acdb108715ae117b9b7 28b3f955963c4cc181f8e9e005ce9122 - - default default] Successfully bumped revision number for resource e9cc908b-cdc8-4f82-b165-dc7d40dde493 (type: security_group_rules) to 0
2026-04-07 01:20:23.505 10 INFO neutron.api.wsgi [None req-472e5f60-5d15-4467-8160-d2ddd66989ea 18878a0d425b4acdb108715ae117b9b7 28b3f955963c4cc181f8e9e005ce9122 - - default default] 10.0.0.206 "GET /v2.0/security-groups?tenant_id=97a630f87eb4492caf2027335d4fbc5d&name=default HTTP/1.1" status: 200 len: 3124 time: 0.1878662
2026-04-07 01:20:23.649 10 INFO neutron.db.ovn_revision_numbers_db [None req-60bffb34-eb61-45a3-a098-5a34b57c4c0c 18878a0d425b4acdb108715ae117b9b7 28b3f955963c4cc181f8e9e005ce9122 - - default default] Successfully bumped revision number for resource b8c3372b-7249-4331-9592-d3ababc5f527 (type: security_groups) to 1
2026-04-07 01:20:23.661 10 INFO neutron.db.ovn_revision_numbers_db [None req-60bffb34-eb61-45a3-a098-5a34b57c4c0c 18878a0d425b4acdb108715ae117b9b7 28b3f955963c4cc181f8e9e005ce9122 - - default default] Successfully bumped revision number for resource 231b49e3-f6f4-4eda-af72-966a0e1bfcfb (type: security_group_rules) to 0
2026-04-07 01:20:23.675 10 INFO neutron.db.ovn_revision_numbers_db [None req-60bffb34-eb61-45a3-a098-5a34b57c4c0c 18878a0d425b4acdb108715ae117b9b7 28b3f955963c4cc181f8e9e005ce9122 - - default default] Successfully bumped revision number for resource 48737357-abc4-4f58-b351-1a0f84b59706 (type: security_group_rules) to 0
2026-04-07 01:20:23.686 10 INFO neutron.db.ovn_revision_numbers_db [None req-60bffb34-eb61-45a3-a098-5a34b57c4c0c 18878a0d425b4acdb108715ae117b9b7 28b3f955963c4cc181f8e9e005ce9122 - - default default] Successfully bumped revision number for resource 86602541-01e9-43b3-8f31-db0ebbbfd464 (type: security_group_rules) to 0
2026-04-07 01:20:23.700 10 INFO neutron.db.ovn_revision_numbers_db [None req-60bffb34-eb61-45a3-a098-5a34b57c4c0c 18878a0d425b4acdb108715ae117b9b7 28b3f955963c4cc181f8e9e005ce9122 - - default default] Successfully bumped revision number for resource fae6aa6c-2d6c-44d0-b53d-762ad71114f5 (type: security_group_rules) to 0
2026-04-07 01:20:23.707 10 INFO neutron.api.wsgi [None req-82cad22e-1d46-4b86-a00d-fd1dd53f37bd 18878a0d425b4acdb108715ae117b9b7 28b3f955963c4cc181f8e9e005ce9122 - - default default] 10.0.0.206 "DELETE /v2.0/security-groups/3fc82ddc-1213-4534-95ce-49892560c391 HTTP/1.1" status: 204 len: 168 time: 0.1963627
2026-04-07 01:20:23.731 10 INFO neutron.api.wsgi [None req-60bffb34-eb61-45a3-a098-5a34b57c4c0c 18878a0d425b4acdb108715ae117b9b7 28b3f955963c4cc181f8e9e005ce9122 - - default default] 10.0.0.206 "GET /v2.0/security-groups?tenant_id=084397e2264d4a11b4d9f0b21827030f&name=default HTTP/1.1" status: 200 len: 3124 time: 0.3219094
2026-04-07 01:20:23.895 10 INFO neutron.db.ovn_revision_numbers_db [None req-7c16669c-6f01-453c-8d23-0b79e5d2e533 18878a0d425b4acdb108715ae117b9b7 28b3f955963c4cc181f8e9e005ce9122 - - default default] Successfully bumped revision number for resource 0754dd88-2ed9-4955-900c-a94d0ffb23b5 (type: security_groups) to 1
2026-04-07 01:20:23.908 10 INFO neutron.db.ovn_revision_numbers_db [None req-7c16669c-6f01-453c-8d23-0b79e5d2e533 18878a0d425b4acdb108715ae117b9b7 28b3f955963c4cc181f8e9e005ce9122 - - default default] Successfully bumped revision number for resource 26ce4c47-9612-493d-a60c-5c91900f2d07 (type: security_group_rules) to 0
2026-04-07 01:20:23.920 10 INFO neutron.api.wsgi [None req-19eafecd-1227-47a1-a9fe-fd59c49ba58a 18878a0d425b4acdb108715ae117b9b7 28b3f955963c4cc181f8e9e005ce9122 - - default default] 10.0.0.206 "DELETE /v2.0/security-groups/b8c3372b-7249-4331-9592-d3ababc5f527 HTTP/1.1" status: 204 len: 168 time: 0.1849270
2026-04-07 01:20:23.921 10 INFO neutron.db.ovn_revision_numbers_db [None req-7c16669c-6f01-453c-8d23-0b79e5d2e533 18878a0d425b4acdb108715ae117b9b7 28b3f955963c4cc181f8e9e005ce9122 - - default default] Successfully bumped revision number for resource 70ee0d89-ef6d-4252-9e66-3a8d765df318 (type: security_group_rules) to 0
2026-04-07 01:20:23.930 10 INFO neutron.db.ovn_revision_numbers_db [None req-7c16669c-6f01-453c-8d23-0b79e5d2e533 18878a0d425b4acdb108715ae117b9b7 28b3f955963c4cc181f8e9e005ce9122 - - default default] Successfully bumped revision number for resource d4ce6983-2874-47ba-859a-a373ff39fc63 (type: security_group_rules) to 0
2026-04-07 01:20:23.939 10 INFO neutron.db.ovn_revision_numbers_db [None req-7c16669c-6f01-453c-8d23-0b79e5d2e533 18878a0d425b4acdb108715ae117b9b7 28b3f955963c4cc181f8e9e005ce9122 - - default default] Successfully bumped revision number for resource f58408fe-70d6-4ad5-884b-8c0bcccaf59e (type: security_group_rules) to 0
2026-04-07 01:20:23.975 10 INFO neutron.api.wsgi [None req-7c16669c-6f01-453c-8d23-0b79e5d2e533 18878a0d425b4acdb108715ae117b9b7 28b3f955963c4cc181f8e9e005ce9122 - - default default] 10.0.0.206 "GET /v2.0/security-groups?tenant_id=1fdf1b72545540b0ae72050eaf0a387d&name=default HTTP/1.1" status: 200 len: 3124 time: 0.1972740
2026-04-07 01:20:24.146 10 INFO neutron.api.wsgi [None req-c833f0e7-4562-4749-b7ff-d16db821e514 18878a0d425b4acdb108715ae117b9b7 28b3f955963c4cc181f8e9e005ce9122 - - default default] 10.0.0.206 "DELETE /v2.0/security-groups/0754dd88-2ed9-4955-900c-a94d0ffb23b5 HTTP/1.1" status: 204 len: 168 time: 0.1657641
2026-04-07 01:20:24.147 10 INFO neutron.db.ovn_revision_numbers_db [None req-e6166538-9cc3-4b05-a52b-a15927f9d908 18878a0d425b4acdb108715ae117b9b7 28b3f955963c4cc181f8e9e005ce9122 - - default default] Successfully bumped revision number for resource eb83290c-82f3-42b3-80f4-be5c2d0150e0 (type: security_groups) to 1
2026-04-07 01:20:24.156 10 INFO neutron.db.ovn_revision_numbers_db [None req-e6166538-9cc3-4b05-a52b-a15927f9d908 18878a0d425b4acdb108715ae117b9b7 28b3f955963c4cc181f8e9e005ce9122 - - default default] Successfully bumped revision number for resource 17acead9-d431-4b8e-aff9-db110b34e41d (type: security_group_rules) to 0
2026-04-07 01:20:24.166 10 INFO neutron.db.ovn_revision_numbers_db [None req-e6166538-9cc3-4b05-a52b-a15927f9d908 18878a0d425b4acdb108715ae117b9b7 28b3f955963c4cc181f8e9e005ce9122 - - default default] Successfully bumped revision number for resource 46117df5-2e05-4963-a4fa-01a6f0577c7d (type: security_group_rules) to 0
2026-04-07 01:20:24.175 10 INFO neutron.db.ovn_revision_numbers_db [None req-e6166538-9cc3-4b05-a52b-a15927f9d908 18878a0d425b4acdb108715ae117b9b7 28b3f955963c4cc181f8e9e005ce9122 - - default default] Successfully bumped revision number for resource 751bbdbc-6c99-40cf-ad06-55be60b0b28e (type: security_group_rules) to 0
2026-04-07 01:20:24.186 10 INFO neutron.db.ovn_revision_numbers_db [None req-e6166538-9cc3-4b05-a52b-a15927f9d908 18878a0d425b4acdb108715ae117b9b7 28b3f955963c4cc181f8e9e005ce9122 - - default default] Successfully bumped revision number for resource e641bcc6-7e5a-4775-b765-d650becd7d5d (type: security_group_rules) to 0
2026-04-07 01:20:24.219 10 INFO neutron.api.wsgi [None req-e6166538-9cc3-4b05-a52b-a15927f9d908 18878a0d425b4acdb108715ae117b9b7 28b3f955963c4cc181f8e9e005ce9122 - - default default] 10.0.0.206 "GET /v2.0/security-groups?tenant_id=bab8819db0ca4e36ab08ac4c3ce1afd8&name=default HTTP/1.1" status: 200 len: 3124 time: 0.1714497
2026-04-07 01:20:24.402 9 INFO neutron.db.ovn_revision_numbers_db [None req-43688e81-5957-4210-94cb-226ff045b93d 18878a0d425b4acdb108715ae117b9b7 28b3f955963c4cc181f8e9e005ce9122 - - default default] Successfully bumped revision number for resource 5ea32127-f2a5-4b50-be2f-cba48e7e807d (type: security_groups) to 1
2026-04-07 01:20:24.415 9 INFO neutron.db.ovn_revision_numbers_db [None req-43688e81-5957-4210-94cb-226ff045b93d 18878a0d425b4acdb108715ae117b9b7 28b3f955963c4cc181f8e9e005ce9122 - - default default] Successfully bumped revision number for resource 267c6e81-83cc-4d76-b435-fb43c04a03ac (type: security_group_rules) to 0
2026-04-07 01:20:24.422 10 INFO neutron.api.wsgi [None req-b9c3908f-4355-4000-b185-d2729656a84b 18878a0d425b4acdb108715ae117b9b7 28b3f955963c4cc181f8e9e005ce9122 - - default default] 10.0.0.206 "DELETE /v2.0/security-groups/eb83290c-82f3-42b3-80f4-be5c2d0150e0 HTTP/1.1" status: 204 len: 168 time: 0.1973491
2026-04-07 01:20:24.428 9 INFO neutron.db.ovn_revision_numbers_db [None req-43688e81-5957-4210-94cb-226ff045b93d 18878a0d425b4acdb108715ae117b9b7 28b3f955963c4cc181f8e9e005ce9122 - - default default] Successfully bumped revision number for resource 2fde378e-a623-4487-8502-95d6e5fce5fd (type: security_group_rules) to 0
2026-04-07 01:20:24.445 9 INFO neutron.db.ovn_revision_numbers_db [None req-43688e81-5957-4210-94cb-226ff045b93d 18878a0d425b4acdb108715ae117b9b7 28b3f955963c4cc181f8e9e005ce9122 - - default default] Successfully bumped revision number for resource a1d1df57-c80d-4635-bd85-7926eb84a802 (type: security_group_rules) to 0
2026-04-07 01:20:24.462 9 INFO neutron.db.ovn_revision_numbers_db [None req-43688e81-5957-4210-94cb-226ff045b93d 18878a0d425b4acdb108715ae117b9b7 28b3f955963c4cc181f8e9e005ce9122 - - default default] Successfully bumped revision number for resource bd4a324b-d68f-4f6b-a58c-1b9aa1c81c49 (type: security_group_rules) to 0
2026-04-07 01:20:24.499 9 INFO neutron.api.wsgi [None req-43688e81-5957-4210-94cb-226ff045b93d 18878a0d425b4acdb108715ae117b9b7 28b3f955963c4cc181f8e9e005ce9122 - - default default] 10.0.0.206 "GET /v2.0/security-groups?tenant_id=221a32cab6cc483ea510bae1dc5baaf6&name=default HTTP/1.1" status: 200 len: 3124 time: 0.2363541
2026-04-07 01:20:24.687 9 INFO neutron.api.wsgi [None req-07e70f89-1ce0-4f6f-9eaa-6630da9b70d8 18878a0d425b4acdb108715ae117b9b7 28b3f955963c4cc181f8e9e005ce9122 - - default default] 10.0.0.206 "DELETE /v2.0/security-groups/5ea32127-f2a5-4b50-be2f-cba48e7e807d HTTP/1.1" status: 204 len: 168 time: 0.1838937
2026-04-07 01:20:25.398 9 INFO neutron.api.wsgi [None req-e50e5891-b7d3-4a5a-908c-4592a058e256 18878a0d425b4acdb108715ae117b9b7 28b3f955963c4cc181f8e9e005ce9122 - - default default] 10.0.0.128 "GET /v2.0/subnets HTTP/1.1" status: 200 len: 1484 time: 0.1508291
2026-04-07 01:20:25.408 9 INFO neutron.api.wsgi [None req-d6c29284-99cd-4e7d-95f5-ce3fba5ecc47 18878a0d425b4acdb108715ae117b9b7 28b3f955963c4cc181f8e9e005ce9122 - - default default] 10.0.0.128 "GET /v2.0/subnetpools HTTP/1.1" status: 200 len: 193 time: 0.0087838
2026-04-07 01:20:25.425 9 INFO neutron.api.wsgi [None req-043c29e7-fce9-49c4-b155-a5378eb7f6bb 18878a0d425b4acdb108715ae117b9b7 28b3f955963c4cc181f8e9e005ce9122 - - default default] 10.0.0.128 "GET /v2.0/floatingips HTTP/1.1" status: 200 len: 193 time: 0.0163839
2026-04-07 01:20:25.470 9 INFO neutron.api.wsgi [None req-e488ffe3-6c94-4206-9fd3-f7d4c588d300 18878a0d425b4acdb108715ae117b9b7 28b3f955963c4cc181f8e9e005ce9122 - - default default] 10.0.0.128 "GET /v2.0/security-groups HTTP/1.1" status: 200 len: 17574 time: 0.0438120
2026-04-07 01:20:25.524 9 INFO neutron.api.wsgi [None req-345d9fcf-3643-4c42-86bc-4d079e0f176c 18878a0d425b4acdb108715ae117b9b7 28b3f955963c4cc181f8e9e005ce9122 - - default default] 10.0.0.128 "GET /v2.0/ports HTTP/1.1" status: 200 len: 5347 time: 0.0505559
2026-04-07 01:20:25.551 9 INFO neutron.api.wsgi [None req-912fa806-583c-45c0-915d-a9af0c62af0f 18878a0d425b4acdb108715ae117b9b7 28b3f955963c4cc181f8e9e005ce9122 - - default default] 10.0.0.128 "GET /v2.0/subnets HTTP/1.1" status: 200 len: 1484 time: 0.0241742
2026-04-07 01:20:25.562 9 INFO neutron.api.wsgi [None req-6ba44fae-d151-426a-bb48-a0df03b4ae84 18878a0d425b4acdb108715ae117b9b7 28b3f955963c4cc181f8e9e005ce9122 - - default default] 10.0.0.128 "GET /v2.0/network-ip-availabilities HTTP/1.1" status: 200 len: 1280 time: 0.0095541
2026-04-07 01:20:25.575 9 INFO neutron.api.wsgi [None req-1853b4f6-6368-4224-bc0b-c2dc58b02f89 18878a0d425b4acdb108715ae117b9b7 28b3f955963c4cc181f8e9e005ce9122 - - default default] 10.0.0.128 "GET /v2.0/routers HTTP/1.1" status: 200 len: 189 time: 0.0122576
2026-04-07 01:20:25.586 9 INFO neutron.api.wsgi [None req-e7fe4a65-0794-46ab-a480-10d3e2ecea2a 18878a0d425b4acdb108715ae117b9b7 28b3f955963c4cc181f8e9e005ce9122 - - default default] 10.0.0.128 "GET /v2.0/agents?binary=ovn-controller HTTP/1.1" status: 200 len: 591 time: 0.0109429
2026-04-07 01:20:25.634 9 INFO neutron.api.wsgi [None req-0e17a928-44a2-4d1a-a68b-996719a94706 18878a0d425b4acdb108715ae117b9b7 28b3f955963c4cc181f8e9e005ce9122 - - default default] 10.0.0.128 "GET /v2.0/networks HTTP/1.1" status: 200 len: 2349 time: 0.0449214
2026-04-07 01:20:25.645 9 INFO neutron.api.wsgi [None req-c77c8bf9-0489-4e40-bfff-4d4ffc54d226 18878a0d425b4acdb108715ae117b9b7 28b3f955963c4cc181f8e9e005ce9122 - - default default] 10.0.0.128 "GET /v2.0/agents HTTP/1.1" status: 200 len: 1390 time: 0.0085387
2026-04-07 01:20:27.594 10 WARNING neutron_lib.context [None req-7cfd51ae-805e-4fb6-8826-41b7290e5e91 f2448762cb00400b98cf0b4ff99dd55b 0fe59d67501c4a1e9e607d8a6030713c - - default default] Method 'is_advsvc' is deprecated since 2023.2 release (neutron-lib 3.8.0) and will be removed once support for the old RBAC API policies will be removed from Neutron. Please use method 'is_service_role' instead.
2026-04-07 01:20:27.726 10 INFO neutron.db.ovn_revision_numbers_db [None req-7cfd51ae-805e-4fb6-8826-41b7290e5e91 f2448762cb00400b98cf0b4ff99dd55b 0fe59d67501c4a1e9e607d8a6030713c - - default default] Successfully bumped revision number for resource d56a66ae-faaf-4525-afda-01a4b1e415d5 (type: security_groups) to 1
2026-04-07 01:20:27.740 10 INFO neutron.db.ovn_revision_numbers_db [None req-7cfd51ae-805e-4fb6-8826-41b7290e5e91 f2448762cb00400b98cf0b4ff99dd55b 0fe59d67501c4a1e9e607d8a6030713c - - default default] Successfully bumped revision number for resource 6f96462f-9443-48e2-baab-b4147008d5c6 (type: security_group_rules) to 0
2026-04-07 01:20:27.751 10 INFO neutron.db.ovn_revision_numbers_db [None req-7cfd51ae-805e-4fb6-8826-41b7290e5e91 f2448762cb00400b98cf0b4ff99dd55b 0fe59d67501c4a1e9e607d8a6030713c - - default default] Successfully bumped revision number for resource 7ffd389a-0188-4eac-a0a7-5358adec966d (type: security_group_rules) to 0
2026-04-07 01:20:27.766 10 INFO neutron.db.ovn_revision_numbers_db [None req-7cfd51ae-805e-4fb6-8826-41b7290e5e91 f2448762cb00400b98cf0b4ff99dd55b 0fe59d67501c4a1e9e607d8a6030713c - - default default] Successfully bumped revision number for resource 99bd5887-c15d-4bd8-b760-1dde055cec88 (type: security_group_rules) to 0
2026-04-07 01:20:27.779 10 INFO neutron.db.ovn_revision_numbers_db [None req-7cfd51ae-805e-4fb6-8826-41b7290e5e91 f2448762cb00400b98cf0b4ff99dd55b 0fe59d67501c4a1e9e607d8a6030713c - - default default] Successfully bumped revision number for resource ba3c33f0-465b-4368-8489-23a4baf581cc (type: security_group_rules) to 0
2026-04-07 01:20:27.847 10 INFO neutron.db.segments_db [None req-7cfd51ae-805e-4fb6-8826-41b7290e5e91 f2448762cb00400b98cf0b4ff99dd55b 0fe59d67501c4a1e9e607d8a6030713c - - default default] Added segment 2ceaa3f8-c8d3-4adb-a1bd-e75ba7b2cbe4 of type geneve for network 13ec7421-7cc3-49c0-8203-6646067601e2
2026-04-07 01:20:27.951 10 INFO neutron.db.ovn_revision_numbers_db [None req-7cfd51ae-805e-4fb6-8826-41b7290e5e91 f2448762cb00400b98cf0b4ff99dd55b 0fe59d67501c4a1e9e607d8a6030713c - - default default] Successfully bumped revision number for resource 13ec7421-7cc3-49c0-8203-6646067601e2 (type: networks) to 1
2026-04-07 01:20:28.094 10 WARNING neutron.scheduler.dhcp_agent_scheduler [None req-7cfd51ae-805e-4fb6-8826-41b7290e5e91 f2448762cb00400b98cf0b4ff99dd55b 0fe59d67501c4a1e9e607d8a6030713c - - default default] No more DHCP agents
2026-04-07 01:20:28.095 10 WARNING neutron.api.rpc.agentnotifiers.dhcp_rpc_agent_api [None req-7cfd51ae-805e-4fb6-8826-41b7290e5e91 f2448762cb00400b98cf0b4ff99dd55b 0fe59d67501c4a1e9e607d8a6030713c - - default default] Unable to schedule network 13ec7421-7cc3-49c0-8203-6646067601e2: no agents available; will retry on subsequent port and subnet creation events.
2026-04-07 01:20:28.152 10 INFO neutron.db.ovn_revision_numbers_db [None req-7cfd51ae-805e-4fb6-8826-41b7290e5e91 f2448762cb00400b98cf0b4ff99dd55b 0fe59d67501c4a1e9e607d8a6030713c - - default default] Successfully bumped revision number for resource 5cb6589c-ceff-4185-a7aa-7bb71ddaee8a (type: ports) to 1
2026-04-07 01:20:28.170 10 INFO neutron.api.wsgi [None req-7cfd51ae-805e-4fb6-8826-41b7290e5e91 f2448762cb00400b98cf0b4ff99dd55b 0fe59d67501c4a1e9e607d8a6030713c - - default default] 10.0.0.206 "POST /v2.0/networks HTTP/1.1" status: 201 len: 830 time: 0.7177913
2026-04-07 01:20:28.179 10 WARNING neutron_lib.context [None req-45e4749d-9f01-4485-8fbb-3b20a3e88cb3 f2448762cb00400b98cf0b4ff99dd55b 0fe59d67501c4a1e9e607d8a6030713c - - default default] Method 'is_advsvc' is deprecated since 2023.2 release (neutron-lib 3.8.0) and will be removed once support for the old RBAC API policies will be removed from Neutron. Please use method 'is_service_role' instead.
2026-04-07 01:20:28.246 10 INFO neutron.db.segments_db [None req-45e4749d-9f01-4485-8fbb-3b20a3e88cb3 f2448762cb00400b98cf0b4ff99dd55b 0fe59d67501c4a1e9e607d8a6030713c - - default default] Added segment a60f4cf4-3a10-4e12-97f6-3857e5a0bde0 of type geneve for network d871e785-5571-4b46-95fc-355a0ac4fffc
2026-04-07 01:20:28.339 10 INFO neutron.db.ovn_revision_numbers_db [None req-45e4749d-9f01-4485-8fbb-3b20a3e88cb3 f2448762cb00400b98cf0b4ff99dd55b 0fe59d67501c4a1e9e607d8a6030713c - - default default] Successfully bumped revision number for resource d871e785-5571-4b46-95fc-355a0ac4fffc (type: networks) to 1
2026-04-07 01:20:28.488 10 WARNING neutron.scheduler.dhcp_agent_scheduler [None req-45e4749d-9f01-4485-8fbb-3b20a3e88cb3 f2448762cb00400b98cf0b4ff99dd55b 0fe59d67501c4a1e9e607d8a6030713c - - default default] No more DHCP agents
2026-04-07 01:20:28.489 10 WARNING neutron.api.rpc.agentnotifiers.dhcp_rpc_agent_api [None req-45e4749d-9f01-4485-8fbb-3b20a3e88cb3 f2448762cb00400b98cf0b4ff99dd55b 0fe59d67501c4a1e9e607d8a6030713c - - default default] Unable to schedule network d871e785-5571-4b46-95fc-355a0ac4fffc: no agents available; will retry on subsequent port and subnet creation events.
2026-04-07 01:20:28.545 10 INFO neutron.db.ovn_revision_numbers_db [None req-45e4749d-9f01-4485-8fbb-3b20a3e88cb3 f2448762cb00400b98cf0b4ff99dd55b 0fe59d67501c4a1e9e607d8a6030713c - - default default] Successfully bumped revision number for resource 1d4215cb-2bf3-4310-8d6b-1a5ec1f0b995 (type: ports) to 1
2026-04-07 01:20:28.562 10 INFO neutron.api.wsgi [None req-45e4749d-9f01-4485-8fbb-3b20a3e88cb3 f2448762cb00400b98cf0b4ff99dd55b 0fe59d67501c4a1e9e607d8a6030713c - - default default] 10.0.0.206 "POST /v2.0/networks HTTP/1.1" status: 201 len: 831 time: 0.3868353
2026-04-07 01:20:28.595 10 INFO neutron.api.wsgi [None req-f1de3e8d-1d16-412e-8276-b26f71b2cd2a f2448762cb00400b98cf0b4ff99dd55b 0fe59d67501c4a1e9e607d8a6030713c - - default default] 10.0.0.206 "PUT /v2.0/networks/13ec7421-7cc3-49c0-8203-6646067601e2/tags HTTP/1.1" status: 200 len: 218 time: 0.0268929
2026-04-07 01:20:28.617 10 INFO neutron.api.wsgi [None req-fc75c95b-4add-49a2-b74e-949417525d38 f2448762cb00400b98cf0b4ff99dd55b 0fe59d67501c4a1e9e607d8a6030713c - - default default] 10.0.0.206 "GET /v2.0/networks/13ec7421-7cc3-49c0-8203-6646067601e2/tags HTTP/1.1" status: 200 len: 218 time: 0.0178952
2026-04-07 01:20:28.645 10 INFO neutron.api.wsgi [None req-29b5e3d1-3413-4c11-9cb8-63695d1c29f3 f2448762cb00400b98cf0b4ff99dd55b 0fe59d67501c4a1e9e607d8a6030713c - - default default] 10.0.0.206 "PUT /v2.0/networks/d871e785-5571-4b46-95fc-355a0ac4fffc/tags HTTP/1.1" status: 200 len: 210 time: 0.0240753
2026-04-07 01:20:28.665 10 INFO neutron.api.wsgi [None req-e58ccc2e-42b6-4cc6-ba34-058efac8f809 f2448762cb00400b98cf0b4ff99dd55b 0fe59d67501c4a1e9e607d8a6030713c - - default default] 10.0.0.206 "GET /v2.0/networks/d871e785-5571-4b46-95fc-355a0ac4fffc/tags HTTP/1.1" status: 200 len: 210 time: 0.0165579
2026-04-07 01:20:28.692 10 INFO neutron.api.wsgi [None req-227abd61-fdb1-47d1-87dc-d030b0aa03c5 f2448762cb00400b98cf0b4ff99dd55b 0fe59d67501c4a1e9e607d8a6030713c - - default default] 10.0.0.206 "PUT /v2.0/networks/d871e785-5571-4b46-95fc-355a0ac4fffc/tags HTTP/1.1" status: 200 len: 205 time: 0.0230155
2026-04-07 01:20:28.717 10 INFO neutron.api.wsgi [None req-9c1f7381-4be9-4335-be3c-8ae41800abaa f2448762cb00400b98cf0b4ff99dd55b 0fe59d67501c4a1e9e607d8a6030713c - - default default] 10.0.0.206 "GET /v2.0/networks/d871e785-5571-4b46-95fc-355a0ac4fffc/tags HTTP/1.1" status: 200 len: 205 time: 0.0212436
2026-04-07 01:20:28.746 10 INFO neutron.api.wsgi [None req-4ede75b1-95d1-41ef-bb01-735fd82df012 f2448762cb00400b98cf0b4ff99dd55b 0fe59d67501c4a1e9e607d8a6030713c - - default default] 10.0.0.206 "GET /v2.0/networks/13ec7421-7cc3-49c0-8203-6646067601e2/tags HTTP/1.1" status: 200 len: 218 time: 0.0261738
2026-04-07 01:20:28.845 9 INFO neutron.db.ovn_revision_numbers_db [None req-1b57c9ce-cb08-49a0-bd4c-994e725f83ed cfc2c70e13304ec39fee041dc39714c9 0331089967fa439caee58b8a1d22838b - - default default] Successfully bumped revision number for resource eb20d760-210d-4fbc-abb0-ee291f7e99cb (type: security_groups) to 1
