2026-04-07 01:14:50.056 10 INFO neutron.plugins.ml2.drivers.ovn.mech_driver.mech_driver [None req-b6f2c6ea-f115-4211-a534-2c48e96ed06e - - - - - -] OVN reports status up for port: 670a5619-32f7-400b-a015-6159d854da88
2026-04-07 01:14:50.070 10 INFO neutron.plugins.ml2.plugin [None req-b6f2c6ea-f115-4211-a534-2c48e96ed06e - - - - - -] Attempt 1 to provision port 670a5619-32f7-400b-a015-6159d854da88
2026-04-07 01:14:50.075 9 INFO neutron.plugins.ml2.drivers.ovn.mech_driver.ovsdb.ovsdb_monitor [None req-8675ccb9-f4f0-4dab-b508-225e3a664aef - - - - - -] Router a5e5b824-bdbb-40af-a4be-156568dba7b8 is bound to host instance
2026-04-07 01:14:50.089 10 INFO neutron.db.ovn_revision_numbers_db [None req-0e436073-3096-44c6-95a9-16f48454cac4 18878a0d425b4acdb108715ae117b9b7 28b3f955963c4cc181f8e9e005ce9122 - - default default] Successfully bumped revision number for resource 670a5619-32f7-400b-a015-6159d854da88 (type: router_ports) to 1
2026-04-07 01:14:50.148 10 INFO neutron.db.ovn_revision_numbers_db [None req-0e436073-3096-44c6-95a9-16f48454cac4 18878a0d425b4acdb108715ae117b9b7 28b3f955963c4cc181f8e9e005ce9122 - - default default] Successfully bumped revision number for resource a5e5b824-bdbb-40af-a4be-156568dba7b8 (type: routers) to 2
2026-04-07 01:14:50.162 10 INFO neutron.api.wsgi [None req-0e436073-3096-44c6-95a9-16f48454cac4 18878a0d425b4acdb108715ae117b9b7 28b3f955963c4cc181f8e9e005ce9122 - - default default] 10.0.0.206 "POST /v2.0/routers HTTP/1.1" status: 201 len: 1161 time: 1.0629199
2026-04-07 01:14:50.289 9 INFO neutron.api.wsgi [None req-eb1ffd69-aa2e-40c9-b447-f528a39f75f7 68e1c925a1304bfaab8aa340b9c31efc 4aa0d3e1c8f845a9898f66afecbb7efd - - default default] 10.0.0.206 "GET /v2.0/extensions HTTP/1.1" status: 200 len: 19293 time: 0.1447523
2026-04-07 01:14:50.299 10 INFO neutron.api.wsgi [None req-494f4e2e-97c5-4049-8324-be7e9d01b3b9 68e1c925a1304bfaab8aa340b9c31efc 4aa0d3e1c8f845a9898f66afecbb7efd - - default default] 10.0.0.206 "GET /v2.0/extensions/address-group HTTP/1.1" status: 200 len: 353 time: 0.0050681
2026-04-07 01:14:50.308 9 INFO neutron.api.wsgi [None req-be6ebf4b-0621-4906-9c7f-fe28bc37c266 68e1c925a1304bfaab8aa340b9c31efc 4aa0d3e1c8f845a9898f66afecbb7efd - - default default] 10.0.0.206 "GET /v2.0/extensions/address-scope HTTP/1.1" status: 200 len: 357 time: 0.0042443
2026-04-07 01:14:50.315 10 INFO neutron.api.wsgi [None req-cf95acad-2c85-4e5f-932f-a8316cb87375 68e1c925a1304bfaab8aa340b9c31efc 4aa0d3e1c8f845a9898f66afecbb7efd - - default default] 10.0.0.206 "GET /v2.0/extensions/agent HTTP/1.1" status: 200 len: 347 time: 0.0043352
2026-04-07 01:14:50.320 10 INFO neutron.api.wsgi [None req-59a8703c-e134-4da0-ac60-5d88c355c6dd 68e1c925a1304bfaab8aa340b9c31efc 4aa0d3e1c8f845a9898f66afecbb7efd - - default default] 10.0.0.206 "GET /v2.0/extensions/allowed-address-pairs HTTP/1.1" status: 200 len: 378 time: 0.0024409
2026-04-07 01:14:50.328 9 INFO neutron.api.wsgi [None req-19c21ca6-3c5a-490b-a859-1b060b8569ca 68e1c925a1304bfaab8aa340b9c31efc 4aa0d3e1c8f845a9898f66afecbb7efd - - default default] 10.0.0.206 "GET /v2.0/extensions/auto-allocated-topology HTTP/1.1" status: 200 len: 394 time: 0.0042274
2026-04-07 01:14:50.334 10 INFO neutron.api.wsgi [None req-19f45840-fe1a-4321-b7fe-1bcb73abfd69 68e1c925a1304bfaab8aa340b9c31efc 4aa0d3e1c8f845a9898f66afecbb7efd - - default default] 10.0.0.206 "GET /v2.0/extensions/availability_zone HTTP/1.1" status: 200 len: 372 time: 0.0030763
2026-04-07 01:14:50.341 9 INFO neutron.api.wsgi [None req-5343ec19-1c32-420c-b29a-3dcfb86b5426 68e1c925a1304bfaab8aa340b9c31efc 4aa0d3e1c8f845a9898f66afecbb7efd - - default default] 10.0.0.206 "GET /v2.0/extensions/default-subnetpools HTTP/1.1" status: 200 len: 405 time: 0.0040293
2026-04-07 01:14:50.349 9 INFO neutron.api.wsgi [None req-92e6d878-acce-4276-ba84-5f35b9df7642 68e1c925a1304bfaab8aa340b9c31efc 4aa0d3e1c8f845a9898f66afecbb7efd - - default default] 10.0.0.206 "GET /v2.0/extensions/dhcp_agent_scheduler HTTP/1.1" status: 200 len: 381 time: 0.0035491
2026-04-07 01:14:50.361 9 INFO neutron.api.wsgi [None req-c54f4f2d-4f58-4392-bbb7-99ca51191052 68e1c925a1304bfaab8aa340b9c31efc 4aa0d3e1c8f845a9898f66afecbb7efd - - default default] 10.0.0.206 "GET /v2.0/extensions/dns-integration HTTP/1.1" status: 200 len: 366 time: 0.0089421
2026-04-07 01:14:50.369 9 INFO neutron.api.wsgi [None req-956a1754-4346-4f5c-a99b-0f764ed14b1e 68e1c925a1304bfaab8aa340b9c31efc 4aa0d3e1c8f845a9898f66afecbb7efd - - default default] 10.0.0.206 "GET /v2.0/extensions/dns-domain-ports HTTP/1.1" status: 200 len: 399 time: 0.0041516
2026-04-07 01:14:50.376 9 INFO neutron.api.wsgi [None req-b9bfd57c-628b-40c6-8619-03b7607c5fa8 68e1c925a1304bfaab8aa340b9c31efc 4aa0d3e1c8f845a9898f66afecbb7efd - - default default] 10.0.0.206 "GET /v2.0/extensions/dns-integration-domain-keywords HTTP/1.1" status: 200 len: 477 time: 0.0031097
2026-04-07 01:14:50.383 9 INFO neutron.api.wsgi [None req-01b21b77-07e3-4af6-af4c-8670ea218b1f 68e1c925a1304bfaab8aa340b9c31efc 4aa0d3e1c8f845a9898f66afecbb7efd - - default default] 10.0.0.206 "GET /v2.0/extensions/empty-string-filtering HTTP/1.1" status: 200 len: 413 time: 0.0040617
2026-04-07 01:14:50.392 10 INFO neutron.api.wsgi [None req-d8535b03-60f0-49ea-b6ed-809f47060333 68e1c925a1304bfaab8aa340b9c31efc 4aa0d3e1c8f845a9898f66afecbb7efd - - default default] 10.0.0.206 "GET /v2.0/extensions/external-net HTTP/1.1" status: 200 len: 394 time: 0.0057828
2026-04-07 01:14:50.403 9 INFO neutron.api.wsgi [None req-5a6757cb-5510-4429-886b-51611fbcf63d 68e1c925a1304bfaab8aa340b9c31efc 4aa0d3e1c8f845a9898f66afecbb7efd - - default default] 10.0.0.206 "GET /v2.0/extensions/extra_dhcp_opt HTTP/1.1" status: 200 len: 498 time: 0.0065622
2026-04-07 01:14:50.412 10 INFO neutron.api.wsgi [None req-f240c967-18c6-4e4a-b884-7c07a775231e 68e1c925a1304bfaab8aa340b9c31efc 4aa0d3e1c8f845a9898f66afecbb7efd - - default default] 10.0.0.206 "GET /v2.0/extensions/extraroute HTTP/1.1" status: 200 len: 375 time: 0.0056093
2026-04-07 01:14:50.420 10 INFO neutron.api.wsgi [None req-98c6446c-0430-4101-8994-0d625b4c7aaf 68e1c925a1304bfaab8aa340b9c31efc 4aa0d3e1c8f845a9898f66afecbb7efd - - default default] 10.0.0.206 "GET /v2.0/extensions/floating-ip-port-forwarding-detail HTTP/1.1" status: 200 len: 465 time: 0.0050969
2026-04-07 01:14:50.429 10 INFO neutron.api.wsgi [None req-8a852343-0931-4915-ac54-ad6a89752f59 68e1c925a1304bfaab8aa340b9c31efc 4aa0d3e1c8f845a9898f66afecbb7efd - - default default] 10.0.0.206 "GET /v2.0/extensions/fip-port-details HTTP/1.1" status: 200 len: 406 time: 0.0035737
2026-04-07 01:14:50.436 10 INFO neutron.api.wsgi [None req-a674bb95-b1a3-475b-8c3e-1792f7c5c320 68e1c925a1304bfaab8aa340b9c31efc 4aa0d3e1c8f845a9898f66afecbb7efd - - default default] 10.0.0.206 "GET /v2.0/extensions/flavors HTTP/1.1" status: 200 len: 387 time: 0.0043349
2026-04-07 01:14:50.442 10 INFO neutron.api.wsgi [None req-ae786ae4-2efc-43ff-8948-f32908725c73 68e1c925a1304bfaab8aa340b9c31efc 4aa0d3e1c8f845a9898f66afecbb7efd - - default default] 10.0.0.206 "GET /v2.0/extensions/floatingip-pools HTTP/1.1" status: 200 len: 382 time: 0.0032139
2026-04-07 01:14:50.449 10 INFO neutron.api.wsgi [None req-2a1550b0-594d-44a6-8e5e-6d42eee15019 68e1c925a1304bfaab8aa340b9c31efc 4aa0d3e1c8f845a9898f66afecbb7efd - - default default] 10.0.0.206 "GET /v2.0/extensions/ip_allocation HTTP/1.1" status: 200 len: 356 time: 0.0030792
2026-04-07 01:14:50.455 10 INFO neutron.api.wsgi [None req-5655fb2b-d13c-44ea-a430-cb457d7c1a77 68e1c925a1304bfaab8aa340b9c31efc 4aa0d3e1c8f845a9898f66afecbb7efd - - default default] 10.0.0.206 "GET /v2.0/extensions/l2_adjacency HTTP/1.1" status: 200 len: 372 time: 0.0032969
2026-04-07 01:14:50.460 9 INFO neutron.plugins.ml2.drivers.ovn.mech_driver.ovsdb.commands [None req-d1407e0a-ac6b-45f9-b28f-a245ceb4f29c - - - - - -] Schedule LRP lrp-f9650bc1-8489-4851-a5f1-7d15481a5a6b on gateway 340b7c8e-ac30-46e4-975f-64ace12d86fe with priority 1
2026-04-07 01:14:50.463 10 INFO neutron.api.wsgi [None req-70775f48-7c7a-43ce-bb57-8d5861174852 68e1c925a1304bfaab8aa340b9c31efc 4aa0d3e1c8f845a9898f66afecbb7efd - - default default] 10.0.0.206 "GET /v2.0/extensions/router HTTP/1.1" status: 200 len: 450 time: 0.0040386
2026-04-07 01:14:50.472 9 INFO neutron.api.wsgi [None req-9fd5b3fd-384d-45c1-a2d9-a7417574b4aa 68e1c925a1304bfaab8aa340b9c31efc 4aa0d3e1c8f845a9898f66afecbb7efd - - default default] 10.0.0.206 "GET /v2.0/extensions/enable-default-route-bfd HTTP/1.1" status: 200 len: 406 time: 0.0055878
2026-04-07 01:14:50.481 10 INFO neutron.plugins.ml2.drivers.ovn.mech_driver.ovsdb.ovsdb_monitor [None req-cc75d463-efde-48a5-ada4-b437b63db3ed - - - - - -] Router 10860282-df02-4c50-835b-96b421e557f6 is bound to host instance
2026-04-07 01:14:50.487 10 INFO neutron.api.wsgi [None req-fe3eaeea-d38c-4aa9-bee6-6c26fa3f6e3f 68e1c925a1304bfaab8aa340b9c31efc 4aa0d3e1c8f845a9898f66afecbb7efd - - default default] 10.0.0.206 "GET /v2.0/extensions/enable-default-route-ecmp HTTP/1.1" status: 200 len: 409 time: 0.0039828
2026-04-07 01:14:50.496 9 INFO neutron.api.wsgi [None req-cb2b4de5-f237-4cef-9acb-95df644e0c5f 68e1c925a1304bfaab8aa340b9c31efc 4aa0d3e1c8f845a9898f66afecbb7efd - - default default] 10.0.0.206 "GET /v2.0/extensions/ext-gw-mode HTTP/1.1" status: 200 len: 462 time: 0.0053303
2026-04-07 01:14:50.513 9 INFO neutron.db.ovn_revision_numbers_db [None req-1c7da814-3c3f-4c42-9dab-29db0fe97c59 18878a0d425b4acdb108715ae117b9b7 28b3f955963c4cc181f8e9e005ce9122 - - default default] Successfully bumped revision number for resource f9650bc1-8489-4851-a5f1-7d15481a5a6b (type: router_ports) to 1
2026-04-07 01:14:50.514 10 INFO neutron.api.wsgi [None req-3c778dc9-51ab-4d0c-b8ba-a9496280f75b 68e1c925a1304bfaab8aa340b9c31efc 4aa0d3e1c8f845a9898f66afecbb7efd - - default default] 10.0.0.206 "GET /v2.0/extensions/l3-ha HTTP/1.1" status: 200 len: 360 time: 0.0114634
2026-04-07 01:14:50.522 10 INFO neutron.api.wsgi [None req-678c228c-b0e4-47a8-a64f-fbdb2c3457f0 68e1c925a1304bfaab8aa340b9c31efc 4aa0d3e1c8f845a9898f66afecbb7efd - - default default] 10.0.0.206 "GET /v2.0/extensions/external-gateway-multihoming HTTP/1.1" status: 200 len: 421 time: 0.0034533
2026-04-07 01:14:50.533 9 INFO neutron.api.wsgi [None req-0c7054bb-5d84-4632-bb9e-ed33a4542dc4 68e1c925a1304bfaab8aa340b9c31efc 4aa0d3e1c8f845a9898f66afecbb7efd - - default default] 10.0.0.206 "GET /v2.0/extensions/l3-flavors HTTP/1.1" status: 200 len: 366 time: 0.0041409
2026-04-07 01:14:50.543 9 INFO neutron.api.wsgi [None req-28a282ba-5235-4279-a89e-0c1a27ff2b54 68e1c925a1304bfaab8aa340b9c31efc 4aa0d3e1c8f845a9898f66afecbb7efd - - default default] 10.0.0.206 "GET /v2.0/extensions/logging HTTP/1.1" status: 200 len: 407 time: 0.0045440
2026-04-07 01:14:50.550 9 INFO neutron.api.wsgi [None req-aa04867a-666a-40d5-b347-c7ebed236ecf 68e1c925a1304bfaab8aa340b9c31efc 4aa0d3e1c8f845a9898f66afecbb7efd - - default default] 10.0.0.206 "GET /v2.0/extensions/multi-provider HTTP/1.1" status: 200 len: 406 time: 0.0036938
2026-04-07 01:14:50.560 10 INFO neutron.api.wsgi [None req-e7828bea-85da-4080-a0a0-3cadc0b07240 68e1c925a1304bfaab8aa340b9c31efc 4aa0d3e1c8f845a9898f66afecbb7efd - - default default] 10.0.0.206 "GET /v2.0/extensions/net-mtu HTTP/1.1" status: 200 len: 370 time: 0.0039380
2026-04-07 01:14:50.570 9 INFO neutron.db.ovn_revision_numbers_db [None req-d31a55d0-7413-47de-b989-5d21aacade83 - - - - - -] Successfully bumped revision number for resource 670a5619-32f7-400b-a015-6159d854da88 (type: ports) to 1
2026-04-07 01:14:50.573 10 INFO neutron.api.wsgi [None req-1f839a5b-3ce8-4c97-8327-f0a13e553544 68e1c925a1304bfaab8aa340b9c31efc 4aa0d3e1c8f845a9898f66afecbb7efd - - default default] 10.0.0.206 "GET /v2.0/extensions/net-mtu-writable HTTP/1.1" status: 200 len: 401 time: 0.0058913
2026-04-07 01:14:50.583 9 INFO neutron.api.wsgi [None req-bdf380db-f243-488c-a63b-a74c0a62ccab 68e1c925a1304bfaab8aa340b9c31efc 4aa0d3e1c8f845a9898f66afecbb7efd - - default default] 10.0.0.206 "GET /v2.0/extensions/network_availability_zone HTTP/1.1" status: 200 len: 394 time: 0.0046859
2026-04-07 01:14:50.589 9 INFO neutron.api.wsgi [None req-d088b748-097c-4f7a-8e45-f37b9d643ad9 68e1c925a1304bfaab8aa340b9c31efc 4aa0d3e1c8f845a9898f66afecbb7efd - - default default] 10.0.0.206 "GET /v2.0/extensions/network-ip-availability HTTP/1.1" status: 200 len: 410 time: 0.0033979
2026-04-07 01:14:50.596 9 INFO neutron.api.wsgi [None req-d7a1f1a1-5ebf-454b-9b94-ee78178c9749 68e1c925a1304bfaab8aa340b9c31efc 4aa0d3e1c8f845a9898f66afecbb7efd - - default default] 10.0.0.206 "GET /v2.0/extensions/pagination HTTP/1.1" status: 200 len: 386 time: 0.0032637
2026-04-07 01:14:50.604 10 INFO neutron.api.wsgi [None req-a079ef11-2ffb-426b-954b-fa795e6b1fee 68e1c925a1304bfaab8aa340b9c31efc 4aa0d3e1c8f845a9898f66afecbb7efd - - default default] 10.0.0.206 "GET /v2.0/extensions/port-device-profile HTTP/1.1" status: 200 len: 383 time: 0.0049572
2026-04-07 01:14:50.610 9 INFO neutron.api.wsgi [None req-950446ac-04c2-480b-a9c3-3db0a1809c3e 68e1c925a1304bfaab8aa340b9c31efc 4aa0d3e1c8f845a9898f66afecbb7efd - - default default] 10.0.0.206 "GET /v2.0/extensions/port-mac-address-regenerate HTTP/1.1" status: 200 len: 403 time: 0.0030582
2026-04-07 01:14:50.614 9 INFO neutron.db.ovn_revision_numbers_db [None req-1c7da814-3c3f-4c42-9dab-29db0fe97c59 18878a0d425b4acdb108715ae117b9b7 28b3f955963c4cc181f8e9e005ce9122 - - default default] Successfully bumped revision number for resource 10860282-df02-4c50-835b-96b421e557f6 (type: routers) to 2
2026-04-07 01:14:50.617 10 INFO neutron.api.wsgi [None req-1c96e4f9-950e-4e4a-b5b6-bff2a96a1f4a 68e1c925a1304bfaab8aa340b9c31efc 4aa0d3e1c8f845a9898f66afecbb7efd - - default default] 10.0.0.206 "GET /v2.0/extensions/port-numa-affinity-policy HTTP/1.1" status: 200 len: 392 time: 0.0032516
2026-04-07 01:14:50.623 10 WARNING neutron.scheduler.dhcp_agent_scheduler [None req-cad605e2-d9cc-4b06-a876-be7f623b9d90 18878a0d425b4acdb108715ae117b9b7 28b3f955963c4cc181f8e9e005ce9122 - - default default] No more DHCP agents
2026-04-07 01:14:50.623 9 INFO neutron.api.wsgi [None req-041ec8ae-c5f1-40ee-b732-f5de5442f052 68e1c925a1304bfaab8aa340b9c31efc 4aa0d3e1c8f845a9898f66afecbb7efd - - default default] 10.0.0.206 "GET /v2.0/extensions/port-numa-affinity-policy-socket HTTP/1.1" status: 200 len: 434 time: 0.0032604
2026-04-07 01:14:50.624 10 WARNING neutron.api.rpc.agentnotifiers.dhcp_rpc_agent_api [None req-cad605e2-d9cc-4b06-a876-be7f623b9d90 18878a0d425b4acdb108715ae117b9b7 28b3f955963c4cc181f8e9e005ce9122 - - default default] Unable to schedule network 103457db-cba6-4585-9d25-565bb7d1c4e8: no agents available; will retry on subsequent port and subnet creation events.
2026-04-07 01:14:50.631 9 INFO neutron.api.wsgi [None req-33e25073-ed50-4645-942a-609a6d4ca7d2 68e1c925a1304bfaab8aa340b9c31efc 4aa0d3e1c8f845a9898f66afecbb7efd - - default default] 10.0.0.206 "GET /v2.0/extensions/port-resource-request HTTP/1.1" status: 200 len: 379 time: 0.0030489
2026-04-07 01:14:50.635 9 INFO neutron.api.wsgi [None req-1c7da814-3c3f-4c42-9dab-29db0fe97c59 18878a0d425b4acdb108715ae117b9b7 28b3f955963c4cc181f8e9e005ce9122 - - default default] 10.0.0.206 "POST /v2.0/routers HTTP/1.1" status: 201 len: 1172 time: 1.2186472
2026-04-07 01:14:50.639 10 INFO neutron.api.wsgi [None req-4cd80135-ddb3-4b10-bed1-af612f5cbb20 68e1c925a1304bfaab8aa340b9c31efc 4aa0d3e1c8f845a9898f66afecbb7efd - - default default] 10.0.0.206 "GET /v2.0/extensions/port-resource-request-groups HTTP/1.1" status: 200 len: 465 time: 0.0039001
2026-04-07 01:14:50.646 9 INFO neutron.api.wsgi [None req-16c23e5e-2723-4534-8950-11c4d6183b03 68e1c925a1304bfaab8aa340b9c31efc 4aa0d3e1c8f845a9898f66afecbb7efd - - default default] 10.0.0.206 "GET /v2.0/extensions/binding HTTP/1.1" status: 200 len: 387 time: 0.0040939
2026-04-07 01:14:50.656 10 INFO neutron.api.wsgi [None req-05f54b03-d2fd-4fce-8baa-f00816fdb408 68e1c925a1304bfaab8aa340b9c31efc 4aa0d3e1c8f845a9898f66afecbb7efd - - default default] 10.0.0.206 "GET /v2.0/extensions/binding-extended HTTP/1.1" status: 200 len: 406 time: 0.0045507
2026-04-07 01:14:50.664 9 INFO neutron.api.wsgi [None req-f3e2d1e1-67ac-47e3-b881-fa4568dae355 68e1c925a1304bfaab8aa340b9c31efc 4aa0d3e1c8f845a9898f66afecbb7efd - - default default] 10.0.0.206 "GET /v2.0/extensions/port-security HTTP/1.1" status: 200 len: 354 time: 0.0052414
2026-04-07 01:14:50.670 9 INFO neutron.api.wsgi [None req-eca0e8cb-bc2f-4de4-b788-a6f6b2e9ae85 68e1c925a1304bfaab8aa340b9c31efc 4aa0d3e1c8f845a9898f66afecbb7efd - - default default] 10.0.0.206 "GET /v2.0/extensions/project-id HTTP/1.1" status: 200 len: 398 time: 0.0029709
2026-04-07 01:14:50.675 9 INFO neutron.api.wsgi [None req-7281479b-7de3-43b8-be50-2d3618d2b334 68e1c925a1304bfaab8aa340b9c31efc 4aa0d3e1c8f845a9898f66afecbb7efd - - default default] 10.0.0.206 "GET /v2.0/extensions/provider HTTP/1.1" status: 200 len: 385 time: 0.0023565
2026-04-07 01:14:50.689 10 INFO neutron.api.wsgi [None req-a7d25c2d-fc17-4741-babe-a5502f32f933 68e1c925a1304bfaab8aa340b9c31efc 4aa0d3e1c8f845a9898f66afecbb7efd - - default default] 10.0.0.206 "GET /v2.0/extensions/qos HTTP/1.1" status: 200 len: 360 time: 0.0058670
2026-04-07 01:14:50.697 9 INFO neutron.api.wsgi [None req-b1040982-cf2a-4abe-8e4b-dfb42329edec 68e1c925a1304bfaab8aa340b9c31efc 4aa0d3e1c8f845a9898f66afecbb7efd - - default default] 10.0.0.206 "GET /v2.0/extensions/qos-bw-limit-direction HTTP/1.1" status: 200 len: 452 time: 0.0041256
2026-04-07 01:14:50.705 9 INFO neutron.api.wsgi [None req-2aaebcc0-d492-44dd-90c7-5945d4d27e86 68e1c925a1304bfaab8aa340b9c31efc 4aa0d3e1c8f845a9898f66afecbb7efd - - default default] 10.0.0.206 "GET /v2.0/extensions/qos-bw-minimum-ingress HTTP/1.1" status: 200 len: 445 time: 0.0027151
2026-04-07 01:14:50.711 9 INFO neutron.api.wsgi [None req-a2f22fcb-5b96-483b-b4d6-74b8ad2c3359 68e1c925a1304bfaab8aa340b9c31efc 4aa0d3e1c8f845a9898f66afecbb7efd - - default default] 10.0.0.206 "GET /v2.0/extensions/qos-default HTTP/1.1" status: 200 len: 377 time: 0.0028973
2026-04-07 01:14:50.721 9 INFO neutron.api.wsgi [None req-72dfd2e7-a58b-4815-b60a-54554482bcc8 68e1c925a1304bfaab8aa340b9c31efc 4aa0d3e1c8f845a9898f66afecbb7efd - - default default] 10.0.0.206 "GET /v2.0/extensions/qos-fip HTTP/1.1" status: 200 len: 372 time: 0.0034943
2026-04-07 01:14:50.727 10 INFO neutron.api.wsgi [req-cf3af4d9-5ac5-48c4-b2dd-0c95d3469671 req-a7bda3ee-5423-4e12-a8dd-7ef6f1830333 56289b12899e4b7a8bb9fb287f6b17d6 6719d5e4d9484b8da7b600045fa19fab - - default default] 10.0.0.43 "GET /v2.0/ports?device_id=650b18de-30b1-41b6-9951-7c8fe3117f57 HTTP/1.1" status: 200 len: 210 time: 0.0233653
2026-04-07 01:14:50.729 9 INFO neutron.api.wsgi [None req-c0d92cc0-fd12-452c-879b-2d76d2adcfb0 68e1c925a1304bfaab8aa340b9c31efc 4aa0d3e1c8f845a9898f66afecbb7efd - - default default] 10.0.0.206 "GET /v2.0/extensions/qos-gateway-ip HTTP/1.1" status: 200 len: 391 time: 0.0033174
2026-04-07 01:14:50.730 9 WARNING neutron.plugins.ml2.drivers.ovn.mech_driver.ovsdb.ovn_client [None req-8c66f2b1-7bb9-4a6b-b9cd-16d28ddc7ff8 - - - - - -] No hosting information found for port 67c02a05-4080-4e55-9dfc-f867b4ee3765: RuntimeError: No hosting information found for port 67c02a05-4080-4e55-9dfc-f867b4ee3765
2026-04-07 01:14:50.741 9 INFO neutron.api.wsgi [None req-bd793dc8-c7e0-483c-a0f0-ceb3a7b59fd5 68e1c925a1304bfaab8aa340b9c31efc 4aa0d3e1c8f845a9898f66afecbb7efd - - default default] 10.0.0.206 "GET /v2.0/extensions/qos-port-network-policy HTTP/1.1" status: 200 len: 403 time: 0.0084879
2026-04-07 01:14:50.750 9 INFO neutron.api.wsgi [None req-430f2d58-b910-4cc1-a0b7-a771b3ef2ccf 68e1c925a1304bfaab8aa340b9c31efc 4aa0d3e1c8f845a9898f66afecbb7efd - - default default] 10.0.0.206 "GET /v2.0/extensions/qos-pps-minimum HTTP/1.1" status: 200 len: 397 time: 0.0041118
2026-04-07 01:14:50.758 9 INFO neutron.api.wsgi [None req-879e3559-346d-4248-ae9b-3b83e2fbbe9f 68e1c925a1304bfaab8aa340b9c31efc 4aa0d3e1c8f845a9898f66afecbb7efd - - default default] 10.0.0.206 "GET /v2.0/extensions/qos-pps-minimum-rule-alias HTTP/1.1" status: 200 len: 471 time: 0.0030589
2026-04-07 01:14:50.766 9 INFO neutron.api.wsgi [None req-ae01dabb-f596-4cd4-9e06-9d4cf447c2eb 68e1c925a1304bfaab8aa340b9c31efc 4aa0d3e1c8f845a9898f66afecbb7efd - - default default] 10.0.0.206 "GET /v2.0/extensions/qos-pps HTTP/1.1" status: 200 len: 389 time: 0.0041199
2026-04-07 01:14:50.776 9 INFO neutron.api.wsgi [None req-6c95e653-e7de-4253-8eff-13ec5740e8c4 68e1c925a1304bfaab8aa340b9c31efc 4aa0d3e1c8f845a9898f66afecbb7efd - - default default] 10.0.0.206 "GET /v2.0/extensions/qos-rule-type-details HTTP/1.1" status: 200 len: 423 time: 0.0052383
2026-04-07 01:14:50.783 9 INFO neutron.api.wsgi [None req-b5acdc61-e2d3-401f-bb80-aa8ca9b3831e 68e1c925a1304bfaab8aa340b9c31efc 4aa0d3e1c8f845a9898f66afecbb7efd - - default default] 10.0.0.206 "GET /v2.0/extensions/qos-rule-type-filter HTTP/1.1" status: 200 len: 567 time: 0.0038853
2026-04-07 01:14:50.789 9 INFO neutron.api.wsgi [None req-5dbfe3b4-c607-4cfd-8a70-7b014045365e 68e1c925a1304bfaab8aa340b9c31efc 4aa0d3e1c8f845a9898f66afecbb7efd - - default default] 10.0.0.206 "GET /v2.0/extensions/qos-rules-alias HTTP/1.1" status: 200 len: 448 time: 0.0025525
2026-04-07 01:14:50.798 10 INFO neutron.api.wsgi [None req-68bad176-bab2-4b9c-abef-b638d561afca 68e1c925a1304bfaab8aa340b9c31efc 4aa0d3e1c8f845a9898f66afecbb7efd - - default default] 10.0.0.206 "GET /v2.0/extensions/quota-check-limit HTTP/1.1" status: 200 len: 420 time: 0.0049291
2026-04-07 01:14:50.806 9 INFO neutron.api.wsgi [None req-7ee82aca-6004-4484-9ba2-50045f041a23 68e1c925a1304bfaab8aa340b9c31efc 4aa0d3e1c8f845a9898f66afecbb7efd - - default default] 10.0.0.206 "GET /v2.0/extensions/quotas HTTP/1.1" status: 200 len: 386 time: 0.0037498
2026-04-07 01:14:50.807 10 INFO neutron.db.ovn_revision_numbers_db [None req-cad605e2-d9cc-4b06-a876-be7f623b9d90 18878a0d425b4acdb108715ae117b9b7 28b3f955963c4cc181f8e9e005ce9122 - - default default] Successfully bumped revision number for resource e96cb50a-d68f-4ad7-93a4-fa05a2e23eac (type: ports) to 1
2026-04-07 01:14:50.814 9 INFO neutron.api.wsgi [None req-b22249fc-b659-440e-907d-06e4b6ee806e 68e1c925a1304bfaab8aa340b9c31efc 4aa0d3e1c8f845a9898f66afecbb7efd - - default default] 10.0.0.206 "GET /v2.0/extensions/quota_details HTTP/1.1" status: 200 len: 407 time: 0.0033095
2026-04-07 01:14:50.820 10 INFO neutron.api.wsgi [None req-40740389-4505-4d7e-b4ea-7645c743782f 68e1c925a1304bfaab8aa340b9c31efc 4aa0d3e1c8f845a9898f66afecbb7efd - - default default] 10.0.0.206 "GET /v2.0/extensions/rbac-policies HTTP/1.1" status: 200 len: 417 time: 0.0031013
2026-04-07 01:14:50.826 9 INFO neutron.api.wsgi [None req-abfc0ba1-3cd3-4004-a8bb-3ce5b2e5b34a 68e1c925a1304bfaab8aa340b9c31efc 4aa0d3e1c8f845a9898f66afecbb7efd - - default default] 10.0.0.206 "GET /v2.0/extensions/rbac-address-scope HTTP/1.1" status: 200 len: 384 time: 0.0033495
2026-04-07 01:14:50.827 9 INFO neutron.db.ovn_revision_numbers_db [None req-8c66f2b1-7bb9-4a6b-b9cd-16d28ddc7ff8 - - - - - -] Successfully bumped revision number for resource 67c02a05-4080-4e55-9dfc-f867b4ee3765 (type: router_ports) to 2
2026-04-07 01:14:50.832 9 INFO neutron.api.wsgi [None req-40f847c5-1aea-4764-a23d-fae649f37d6b 68e1c925a1304bfaab8aa340b9c31efc 4aa0d3e1c8f845a9898f66afecbb7efd - - default default] 10.0.0.206 "GET /v2.0/extensions/rbac-security-groups HTTP/1.1" status: 200 len: 404 time: 0.0035017
2026-04-07 01:14:50.841 10 INFO neutron.api.wsgi [None req-1cb58fca-9842-4fda-9631-927df0b9631c 68e1c925a1304bfaab8aa340b9c31efc 4aa0d3e1c8f845a9898f66afecbb7efd - - default default] 10.0.0.206 "GET /v2.0/extensions/revision-if-match HTTP/1.1" status: 200 len: 441 time: 0.0050447
2026-04-07 01:14:50.852 9 INFO neutron.api.wsgi [None req-64e96150-3b6f-4d02-ab41-915b1061915f 68e1c925a1304bfaab8aa340b9c31efc 4aa0d3e1c8f845a9898f66afecbb7efd - - default default] 10.0.0.206 "GET /v2.0/extensions/standard-attr-revisions HTTP/1.1" status: 200 len: 423 time: 0.0064037
2026-04-07 01:14:50.859 9 INFO neutron.api.wsgi [None req-84025fed-1527-45a2-b276-7863bc4fbf12 68e1c925a1304bfaab8aa340b9c31efc 4aa0d3e1c8f845a9898f66afecbb7efd - - default default] 10.0.0.206 "GET /v2.0/extensions/router_availability_zone HTTP/1.1" status: 200 len: 391 time: 0.0039585
2026-04-07 01:14:50.871 10 INFO neutron.api.wsgi [None req-884a0581-8b3f-441d-96e7-0fa0798ec83a 68e1c925a1304bfaab8aa340b9c31efc 4aa0d3e1c8f845a9898f66afecbb7efd - - default default] 10.0.0.206 "GET /v2.0/extensions/security-groups-default-rules HTTP/1.1" status: 200 len: 456 time: 0.0050623
2026-04-07 01:14:50.879 9 INFO neutron.api.wsgi [None req-db7d0450-c3c2-484d-aa1c-d8e6d7b561f8 68e1c925a1304bfaab8aa340b9c31efc 4aa0d3e1c8f845a9898f66afecbb7efd - - default default] 10.0.0.206 "GET /v2.0/extensions/security-groups-normalized-cidr HTTP/1.1" status: 200 len: 445 time: 0.0045428
2026-04-07 01:14:50.887 9 INFO neutron.api.wsgi [None req-83ac66f3-fc53-4796-9064-046d7c7e1030 68e1c925a1304bfaab8aa340b9c31efc 4aa0d3e1c8f845a9898f66afecbb7efd - - default default] 10.0.0.206 "GET /v2.0/extensions/security-groups-remote-address-group HTTP/1.1" status: 200 len: 448 time: 0.0037620
2026-04-07 01:14:50.889 9 INFO neutron.plugins.ml2.drivers.ovn.mech_driver.mech_driver [None req-8c66f2b1-7bb9-4a6b-b9cd-16d28ddc7ff8 - - - - - -] OVN reports status up for port: f9650bc1-8489-4851-a5f1-7d15481a5a6b
2026-04-07 01:14:50.898 9 INFO neutron.api.wsgi [None req-2ae3fb86-016e-402c-b711-e1fbcc0a8820 68e1c925a1304bfaab8aa340b9c31efc 4aa0d3e1c8f845a9898f66afecbb7efd - - default default] 10.0.0.206 "GET /v2.0/extensions/security-groups-rules-belongs-to-default-sg HTTP/1.1" status: 200 len: 508 time: 0.0029037
2026-04-07 01:14:50.907 9 INFO neutron.plugins.ml2.plugin [None req-8c66f2b1-7bb9-4a6b-b9cd-16d28ddc7ff8 - - - - - -] Attempt 1 to provision port f9650bc1-8489-4851-a5f1-7d15481a5a6b
2026-04-07 01:14:50.908 10 INFO neutron.api.wsgi [None req-8d4c2a3a-e3dc-4551-a4bb-85778d94f6cb 68e1c925a1304bfaab8aa340b9c31efc 4aa0d3e1c8f845a9898f66afecbb7efd - - default default] 10.0.0.206 "GET /v2.0/extensions/security-groups-shared-filtering HTTP/1.1" status: 200 len: 435 time: 0.0049365
2026-04-07 01:14:50.924 9 INFO neutron.api.wsgi [None req-deee4bca-8a92-4513-959d-35aa4aa39741 68e1c925a1304bfaab8aa340b9c31efc 4aa0d3e1c8f845a9898f66afecbb7efd - - default default] 10.0.0.206 "GET /v2.0/extensions/security-group HTTP/1.1" status: 200 len: 364 time: 0.0040951
2026-04-07 01:14:50.931 9 INFO neutron.api.wsgi [None req-a5af4206-576d-453e-bbe3-3a1325addc96 68e1c925a1304bfaab8aa340b9c31efc 4aa0d3e1c8f845a9898f66afecbb7efd - - default default] 10.0.0.206 "GET /v2.0/extensions/segment HTTP/1.1" status: 200 len: 339 time: 0.0036695
2026-04-07 01:14:50.940 9 INFO neutron.api.wsgi [None req-05f7d332-2fe1-4846-9f16-afa75f901b78 68e1c925a1304bfaab8aa340b9c31efc 4aa0d3e1c8f845a9898f66afecbb7efd - - default default] 10.0.0.206 "GET /v2.0/extensions/segments-peer-subnet-host-routes HTTP/1.1" status: 200 len: 427 time: 0.0042801
2026-04-07 01:14:50.951 10 INFO neutron.api.wsgi [None req-e5151b96-824b-4a81-913e-39fb49d3082b 68e1c925a1304bfaab8aa340b9c31efc 4aa0d3e1c8f845a9898f66afecbb7efd - - default default] 10.0.0.206 "GET /v2.0/extensions/service-type HTTP/1.1" status: 200 len: 415 time: 0.0066803
2026-04-07 01:14:50.961 10 INFO neutron.api.wsgi [None req-06072ea1-4b8a-4095-9bcc-046d415c47a5 68e1c925a1304bfaab8aa340b9c31efc 4aa0d3e1c8f845a9898f66afecbb7efd - - default default] 10.0.0.206 "GET /v2.0/extensions/sorting HTTP/1.1" status: 200 len: 377 time: 0.0061328
2026-04-07 01:14:50.970 9 INFO neutron.api.wsgi [None req-e63a448c-8e73-4c37-a6ce-3bb67ca76f25 68e1c925a1304bfaab8aa340b9c31efc 4aa0d3e1c8f845a9898f66afecbb7efd - - default default] 10.0.0.206 "GET /v2.0/extensions/standard-attr-segment HTTP/1.1" status: 200 len: 406 time: 0.0033181
2026-04-07 01:14:50.979 10 INFO neutron.api.wsgi [None req-e61874b8-d1e8-478e-9cfd-e0ba55e36d5d 68e1c925a1304bfaab8aa340b9c31efc 4aa0d3e1c8f845a9898f66afecbb7efd - - default default] 10.0.0.206 "GET /v2.0/extensions/standard-attr-description HTTP/1.1" status: 200 len: 408 time: 0.0053651
2026-04-07 01:14:50.980 9 INFO neutron.db.ovn_revision_numbers_db [None req-d31a55d0-7413-47de-b989-5d21aacade83 - - - - - -] Successfully bumped revision number for resource 670a5619-32f7-400b-a015-6159d854da88 (type: ports) to 4
2026-04-07 01:14:50.988 9 INFO neutron.api.wsgi [None req-daecab5f-a38c-46a5-8077-d9593093fccc 68e1c925a1304bfaab8aa340b9c31efc 4aa0d3e1c8f845a9898f66afecbb7efd - - default default] 10.0.0.206 "GET /v2.0/extensions/stateful-security-group HTTP/1.1" status: 200 len: 402 time: 0.0038598
2026-04-07 01:14:50.994 9 INFO neutron.api.wsgi [None req-a2f7d08d-e275-4f71-a091-30bcb8210a24 68e1c925a1304bfaab8aa340b9c31efc 4aa0d3e1c8f845a9898f66afecbb7efd - - default default] 10.0.0.206 "GET /v2.0/extensions/subnet-dns-publish-fixed-ip HTTP/1.1" status: 200 len: 421 time: 0.0034444
2026-04-07 01:14:51.001 9 INFO neutron.api.wsgi [None req-bba981d6-8321-487a-a815-adb0c2427915 68e1c925a1304bfaab8aa340b9c31efc 4aa0d3e1c8f845a9898f66afecbb7efd - - default default] 10.0.0.206 "GET /v2.0/extensions/subnet-external-network HTTP/1.1" status: 200 len: 418 time: 0.0040112
2026-04-07 01:14:51.008 9 INFO neutron.api.wsgi [None req-52cc8387-9397-4ecd-860e-b211108e16aa 68e1c925a1304bfaab8aa340b9c31efc 4aa0d3e1c8f845a9898f66afecbb7efd - - default default] 10.0.0.206 "GET /v2.0/extensions/subnet-segmentid-writable HTTP/1.1" status: 200 len: 421 time: 0.0032842
2026-04-07 01:14:51.020 10 INFO neutron.api.wsgi [None req-1fd7962d-5006-4d00-8f36-1d1113823276 68e1c925a1304bfaab8aa340b9c31efc 4aa0d3e1c8f845a9898f66afecbb7efd - - default default] 10.0.0.206 "GET /v2.0/extensions/subnet-service-types HTTP/1.1" status: 200 len: 400 time: 0.0063894
2026-04-07 01:14:51.030 9 INFO neutron.api.wsgi [None req-f3b8b1ad-deba-499c-908f-03ca93d89e72 68e1c925a1304bfaab8aa340b9c31efc 4aa0d3e1c8f845a9898f66afecbb7efd - - default default] 10.0.0.206 "GET /v2.0/extensions/subnet_allocation HTTP/1.1" status: 200 len: 388 time: 0.0042601
2026-04-07 01:14:51.037 9 INFO neutron.api.wsgi [None req-ecab5ed9-7db7-4a80-9690-ac440c492173 68e1c925a1304bfaab8aa340b9c31efc 4aa0d3e1c8f845a9898f66afecbb7efd - - default default] 10.0.0.206 "GET /v2.0/extensions/subnetpool-prefix-ops HTTP/1.1" status: 200 len: 418 time: 0.0031619
2026-04-07 01:14:51.044 9 INFO neutron.api.wsgi [None req-39e7de27-2324-4b05-8e34-acf87763d011 68e1c925a1304bfaab8aa340b9c31efc 4aa0d3e1c8f845a9898f66afecbb7efd - - default default] 10.0.0.206 "GET /v2.0/extensions/tag-creation HTTP/1.1" status: 200 len: 384 time: 0.0024457
2026-04-07 01:14:51.055 10 INFO neutron.api.wsgi [None req-52e34a9b-08f2-4f15-922b-c69dff26526a 68e1c925a1304bfaab8aa340b9c31efc 4aa0d3e1c8f845a9898f66afecbb7efd - - default default] 10.0.0.206 "GET /v2.0/extensions/standard-attr-tag HTTP/1.1" status: 200 len: 537 time: 0.0075879
2026-04-07 01:14:51.062 9 INFO neutron.api.wsgi [None req-c80cb931-886f-4732-8201-2b2f3d1da5f9 68e1c925a1304bfaab8aa340b9c31efc 4aa0d3e1c8f845a9898f66afecbb7efd - - default default] 10.0.0.206 "GET /v2.0/extensions/standard-attr-timestamp HTTP/1.1" status: 200 len: 449 time: 0.0034349
2026-04-07 01:14:51.071 10 INFO neutron.api.wsgi [None req-dfe67650-6e52-4afa-b694-678aa0be997b 68e1c925a1304bfaab8aa340b9c31efc 4aa0d3e1c8f845a9898f66afecbb7efd - - default default] 10.0.0.206 "GET /v2.0/extensions/trunk HTTP/1.1" status: 200 len: 358 time: 0.0032015
2026-04-07 01:14:51.078 9 INFO neutron.api.wsgi [None req-927511fe-2b7c-420f-8117-724046a5b939 68e1c925a1304bfaab8aa340b9c31efc 4aa0d3e1c8f845a9898f66afecbb7efd - - default default] 10.0.0.206 "GET /v2.0/extensions/trunk-details HTTP/1.1" status: 200 len: 362 time: 0.0032299
2026-04-07 01:14:51.086 9 INFO neutron.api.wsgi [None req-22c13ae4-15f1-470b-bee3-3b6c13373cdc 68e1c925a1304bfaab8aa340b9c31efc 4aa0d3e1c8f845a9898f66afecbb7efd - - default default] 10.0.0.206 "GET /v2.0/extensions/vpn-agent-scheduler HTTP/1.1" status: 200 len: 393 time: 0.0041595
2026-04-07 01:14:51.092 9 INFO neutron.api.wsgi [None req-e0604f82-9fa8-491c-a375-0f5f213e16e4 68e1c925a1304bfaab8aa340b9c31efc 4aa0d3e1c8f845a9898f66afecbb7efd - - default default] 10.0.0.206 "GET /v2.0/extensions/vpn-endpoint-groups HTTP/1.1" status: 200 len: 371 time: 0.0031173
2026-04-07 01:14:51.098 9 INFO neutron.api.wsgi [None req-0ff18a41-d0c4-4de6-8158-67f13d5ea0bd 68e1c925a1304bfaab8aa340b9c31efc 4aa0d3e1c8f845a9898f66afecbb7efd - - default default] 10.0.0.206 "GET /v2.0/extensions/vpn-flavors HTTP/1.1" status: 200 len: 376 time: 0.0029736
2026-04-07 01:14:51.105 9 INFO neutron.api.wsgi [None req-73b09797-41f7-4756-8065-bd69123220d6 68e1c925a1304bfaab8aa340b9c31efc 4aa0d3e1c8f845a9898f66afecbb7efd - - default default] 10.0.0.206 "GET /v2.0/extensions/vpnaas HTTP/1.1" status: 200 len: 348 time: 0.0032012
2026-04-07 01:14:51.112 10 INFO neutron.db.ovn_revision_numbers_db [None req-91b20d18-d396-455c-ba09-f43d9f0645e8 - - - - - -] Successfully bumped revision number for resource f9650bc1-8489-4851-a5f1-7d15481a5a6b (type: ports) to 1
2026-04-07 01:14:51.289 9 INFO neutron.db.ovn_revision_numbers_db [None req-d31a55d0-7413-47de-b989-5d21aacade83 - - - - - -] Successfully bumped revision number for resource 670a5619-32f7-400b-a015-6159d854da88 (type: ports) to 5
2026-04-07 01:14:51.434 10 WARNING neutron.scheduler.dhcp_agent_scheduler [None req-560619ae-20c3-4043-8360-075864d6c2f0 18878a0d425b4acdb108715ae117b9b7 28b3f955963c4cc181f8e9e005ce9122 - - default default] No more DHCP agents
2026-04-07 01:14:51.438 10 WARNING neutron.api.rpc.agentnotifiers.dhcp_rpc_agent_api [None req-560619ae-20c3-4043-8360-075864d6c2f0 18878a0d425b4acdb108715ae117b9b7 28b3f955963c4cc181f8e9e005ce9122 - - default default] Unable to schedule network a9dcff0d-8ad3-47f8-b197-8e1ee2e08aa0: no agents available; will retry on subsequent port and subnet creation events.
2026-04-07 01:14:51.589 10 INFO neutron.db.ovn_revision_numbers_db [None req-560619ae-20c3-4043-8360-075864d6c2f0 18878a0d425b4acdb108715ae117b9b7 28b3f955963c4cc181f8e9e005ce9122 - - default default] Successfully bumped revision number for resource c60d25bd-4472-4533-b70c-a4121537d811 (type: ports) to 1
2026-04-07 01:14:51.702 10 INFO neutron.db.ovn_revision_numbers_db [None req-91b20d18-d396-455c-ba09-f43d9f0645e8 - - - - - -] Successfully bumped revision number for resource f9650bc1-8489-4851-a5f1-7d15481a5a6b (type: ports) to 4
2026-04-07 01:14:51.713 9 INFO neutron.plugins.ml2.drivers.ovn.mech_driver.mech_driver [None req-8c66f2b1-7bb9-4a6b-b9cd-16d28ddc7ff8 - - - - - -] OVN reports status up for port: e96cb50a-d68f-4ad7-93a4-fa05a2e23eac
2026-04-07 01:14:51.719 9 INFO neutron.plugins.ml2.plugin [None req-8c66f2b1-7bb9-4a6b-b9cd-16d28ddc7ff8 - - - - - -] Attempt 1 to provision port e96cb50a-d68f-4ad7-93a4-fa05a2e23eac
2026-04-07 01:14:51.749 10 INFO neutron.db.ovn_revision_numbers_db [None req-cad605e2-d9cc-4b06-a876-be7f623b9d90 18878a0d425b4acdb108715ae117b9b7 28b3f955963c4cc181f8e9e005ce9122 - - default default] Successfully bumped revision number for resource e96cb50a-d68f-4ad7-93a4-fa05a2e23eac (type: ports) to 1
2026-04-07 01:14:51.803 9 INFO neutron.api.wsgi [req-295a72e6-aafe-4fcc-b749-2513f4db22f9 req-43980698-f867-49a2-b60c-3b7ca4a7e050 56289b12899e4b7a8bb9fb287f6b17d6 6719d5e4d9484b8da7b600045fa19fab - - default default] 10.0.0.43 "GET /v2.0/ports?device_id=650b18de-30b1-41b6-9951-7c8fe3117f57 HTTP/1.1" status: 200 len: 210 time: 0.0204642
2026-04-07 01:14:51.823 9 INFO neutron.db.ovn_revision_numbers_db [None req-980e1d70-6b8b-443a-b2b0-ba0a93919b71 18878a0d425b4acdb108715ae117b9b7 28b3f955963c4cc181f8e9e005ce9122 - - default default] Successfully bumped revision number for resource ffda0563-86a2-4033-b1f6-d56f0a9bebc0 (type: security_groups) to 1
2026-04-07 01:14:51.857 9 INFO neutron.db.ovn_revision_numbers_db [None req-980e1d70-6b8b-443a-b2b0-ba0a93919b71 18878a0d425b4acdb108715ae117b9b7 28b3f955963c4cc181f8e9e005ce9122 - - default default] Successfully bumped revision number for resource 561460f7-e9a9-4fdf-a21f-e2913b3100a1 (type: security_group_rules) to 0
2026-04-07 01:14:51.862 10 WARNING neutron.scheduler.dhcp_agent_scheduler [None req-cad605e2-d9cc-4b06-a876-be7f623b9d90 18878a0d425b4acdb108715ae117b9b7 28b3f955963c4cc181f8e9e005ce9122 - - default default] No more DHCP agents
2026-04-07 01:14:51.865 10 WARNING neutron.api.rpc.agentnotifiers.dhcp_rpc_agent_api [None req-cad605e2-d9cc-4b06-a876-be7f623b9d90 18878a0d425b4acdb108715ae117b9b7 28b3f955963c4cc181f8e9e005ce9122 - - default default] Unable to schedule network 103457db-cba6-4585-9d25-565bb7d1c4e8: no agents available; will retry on subsequent port and subnet creation events.
2026-04-07 01:14:51.879 9 INFO neutron.db.ovn_revision_numbers_db [None req-980e1d70-6b8b-443a-b2b0-ba0a93919b71 18878a0d425b4acdb108715ae117b9b7 28b3f955963c4cc181f8e9e005ce9122 - - default default] Successfully bumped revision number for resource cf2b4abd-dce3-43f6-aa12-a47d26209f23 (type: security_group_rules) to 0
2026-04-07 01:14:51.898 9 INFO neutron.db.ovn_revision_numbers_db [None req-980e1d70-6b8b-443a-b2b0-ba0a93919b71 18878a0d425b4acdb108715ae117b9b7 28b3f955963c4cc181f8e9e005ce9122 - - default default] Successfully bumped revision number for resource e5fac5b4-822d-4fe6-b681-4d98aa19ad27 (type: security_group_rules) to 0
2026-04-07 01:14:51.913 9 INFO neutron.db.ovn_revision_numbers_db [None req-980e1d70-6b8b-443a-b2b0-ba0a93919b71 18878a0d425b4acdb108715ae117b9b7 28b3f955963c4cc181f8e9e005ce9122 - - default default] Successfully bumped revision number for resource f232bb9c-6f7e-478f-93cf-ef3999526fae (type: security_group_rules) to 0
2026-04-07 01:14:51.959 9 INFO neutron.api.wsgi [None req-980e1d70-6b8b-443a-b2b0-ba0a93919b71 18878a0d425b4acdb108715ae117b9b7 28b3f955963c4cc181f8e9e005ce9122 - - default default] 10.0.0.206 "GET /v2.0/security-groups?tenant_id=4aa0d3e1c8f845a9898f66afecbb7efd&name=default HTTP/1.1" status: 200 len: 3120 time: 0.3391845
2026-04-07 01:14:52.134 9 INFO neutron.db.ovn_revision_numbers_db [None req-8c66f2b1-7bb9-4a6b-b9cd-16d28ddc7ff8 - - - - - -] Successfully bumped revision number for resource e96cb50a-d68f-4ad7-93a4-fa05a2e23eac (type: ports) to 2
2026-04-07 01:14:52.185 9 INFO neutron.api.wsgi [None req-f86b91b2-e8a1-42b6-8ffa-df61e4121b7f 18878a0d425b4acdb108715ae117b9b7 28b3f955963c4cc181f8e9e005ce9122 - - default default] 10.0.0.206 "DELETE /v2.0/security-groups/ffda0563-86a2-4033-b1f6-d56f0a9bebc0 HTTP/1.1" status: 204 len: 168 time: 0.2209697
2026-04-07 01:14:52.203 10 INFO neutron.db.ovn_revision_numbers_db [None req-91b20d18-d396-455c-ba09-f43d9f0645e8 - - - - - -] Successfully bumped revision number for resource f9650bc1-8489-4851-a5f1-7d15481a5a6b (type: ports) to 5
2026-04-07 01:14:52.275 9 INFO neutron.api.wsgi [req-67e01064-7407-4175-a0b2-cc021723ff1e req-6982bbbe-42ee-4482-b8f6-14ecbb75ed1f 56289b12899e4b7a8bb9fb287f6b17d6 6719d5e4d9484b8da7b600045fa19fab - - default default] 199.204.45.244 "GET /v2.0/networks?id=befd3154-ed57-4da1-aa84-a2469651fe6c HTTP/1.1" status: 200 len: 881 time: 0.1020727
2026-04-07 01:14:52.326 9 INFO neutron.api.wsgi [req-67e01064-7407-4175-a0b2-cc021723ff1e req-1efccddd-8d4f-471f-8fe0-7d1f4a1a4695 56289b12899e4b7a8bb9fb287f6b17d6 6719d5e4d9484b8da7b600045fa19fab - - default default] 199.204.45.244 "GET /v2.0/security-groups?fields=id&fields=name&tenant_id=6719d5e4d9484b8da7b600045fa19fab HTTP/1.1" status: 200 len: 380 time: 0.0353575
2026-04-07 01:14:52.333 9 WARNING neutron_lib.context [req-67e01064-7407-4175-a0b2-cc021723ff1e req-d1edfec6-d2a8-42da-a0a1-9829d2e1b8d8 56289b12899e4b7a8bb9fb287f6b17d6 6719d5e4d9484b8da7b600045fa19fab - - default default] Method 'is_advsvc' is deprecated since 2023.2 release (neutron-lib 3.8.0) and will be removed once support for the old RBAC API policies will be removed from Neutron. Please use method 'is_service_role' instead.
2026-04-07 01:14:52.394 10 INFO neutron.db.ovn_revision_numbers_db [None req-560619ae-20c3-4043-8360-075864d6c2f0 18878a0d425b4acdb108715ae117b9b7 28b3f955963c4cc181f8e9e005ce9122 - - default default] Successfully bumped revision number for resource c60d25bd-4472-4533-b70c-a4121537d811 (type: ports) to 1
2026-04-07 01:14:52.466 10 WARNING neutron.scheduler.dhcp_agent_scheduler [None req-560619ae-20c3-4043-8360-075864d6c2f0 18878a0d425b4acdb108715ae117b9b7 28b3f955963c4cc181f8e9e005ce9122 - - default default] No more DHCP agents
2026-04-07 01:14:52.468 10 WARNING neutron.api.rpc.agentnotifiers.dhcp_rpc_agent_api [None req-560619ae-20c3-4043-8360-075864d6c2f0 18878a0d425b4acdb108715ae117b9b7 28b3f955963c4cc181f8e9e005ce9122 - - default default] Unable to schedule network a9dcff0d-8ad3-47f8-b197-8e1ee2e08aa0: no agents available; will retry on subsequent port and subnet creation events.
2026-04-07 01:14:52.650 10 INFO neutron.db.ovn_revision_numbers_db [None req-cad605e2-d9cc-4b06-a876-be7f623b9d90 18878a0d425b4acdb108715ae117b9b7 28b3f955963c4cc181f8e9e005ce9122 - - default default] Successfully bumped revision number for resource e96cb50a-d68f-4ad7-93a4-fa05a2e23eac (type: router_ports) to 1
2026-04-07 01:14:52.654 10 INFO neutron.api.wsgi [None req-cad605e2-d9cc-4b06-a876-be7f623b9d90 18878a0d425b4acdb108715ae117b9b7 28b3f955963c4cc181f8e9e005ce9122 - - default default] 10.0.0.206 "PUT /v2.0/routers/a5e5b824-bdbb-40af-a4be-156568dba7b8/add_router_interface HTTP/1.1" status: 200 len: 503 time: 2.4873781
2026-04-07 01:14:52.697 10 INFO neutron.api.wsgi [-] 10.0.0.230 "GET / HTTP/1.1" status: 200 len: 246 time: 0.0015891
2026-04-07 01:14:52.699 10 INFO neutron.api.wsgi [-] 10.0.0.230 "GET / HTTP/1.1" status: 200 len: 246 time: 0.0014005
2026-04-07 01:14:52.799 9 WARNING neutron.scheduler.dhcp_agent_scheduler [req-67e01064-7407-4175-a0b2-cc021723ff1e req-d1edfec6-d2a8-42da-a0a1-9829d2e1b8d8 56289b12899e4b7a8bb9fb287f6b17d6 6719d5e4d9484b8da7b600045fa19fab - - default default] No more DHCP agents
2026-04-07 01:14:52.800 9 WARNING neutron.api.rpc.agentnotifiers.dhcp_rpc_agent_api [req-67e01064-7407-4175-a0b2-cc021723ff1e req-d1edfec6-d2a8-42da-a0a1-9829d2e1b8d8 56289b12899e4b7a8bb9fb287f6b17d6 6719d5e4d9484b8da7b600045fa19fab - - default default] Unable to schedule network befd3154-ed57-4da1-aa84-a2469651fe6c: no agents available; will retry on subsequent port and subnet creation events.
2026-04-07 01:14:52.945 9 INFO neutron.db.ovn_revision_numbers_db [req-67e01064-7407-4175-a0b2-cc021723ff1e req-d1edfec6-d2a8-42da-a0a1-9829d2e1b8d8 56289b12899e4b7a8bb9fb287f6b17d6 6719d5e4d9484b8da7b600045fa19fab - - default default] Successfully bumped revision number for resource 08fb43af-69c0-470f-bd90-60b8111c5ec4 (type: ports) to 1
2026-04-07 01:14:52.969 10 INFO neutron.api.wsgi [req-6f0a52c3-0daf-4474-a555-c1f99cba5b62 req-0b8d63f3-2b01-4e7a-882a-bd96f804e670 56289b12899e4b7a8bb9fb287f6b17d6 6719d5e4d9484b8da7b600045fa19fab - - default default] 10.0.0.43 "GET /v2.0/ports?device_id=650b18de-30b1-41b6-9951-7c8fe3117f57 HTTP/1.1" status: 200 len: 1156 time: 0.1123879
2026-04-07 01:14:52.971 9 INFO neutron.api.wsgi [req-67e01064-7407-4175-a0b2-cc021723ff1e req-d1edfec6-d2a8-42da-a0a1-9829d2e1b8d8 56289b12899e4b7a8bb9fb287f6b17d6 6719d5e4d9484b8da7b600045fa19fab - - default default] 199.204.45.244 "POST /v2.0/ports HTTP/1.1" status: 201 len: 1158 time: 0.6423457 /var/lib/openstack/lib/python3.12/site-packages/pycadf/identifier.py:71: UserWarning: Invalid uuid: neutron. To ensure interoperability, identifiers should be a valid uuid. warnings.warn(('Invalid uuid: %s. To ensure interoperability, '
2026-04-07 01:14:52.981 9 INFO neutron.api.wsgi [req-67e01064-7407-4175-a0b2-cc021723ff1e req-395a539b-0000-4b50-8e97-e572ece6e4f0 56289b12899e4b7a8bb9fb287f6b17d6 6719d5e4d9484b8da7b600045fa19fab - - default default] 199.204.45.244 "GET /v2.0/extensions HTTP/1.1" status: 200 len: 19298 time: 0.0059247
2026-04-07 01:14:53.161 10 INFO neutron.api.wsgi [req-6f0a52c3-0daf-4474-a555-c1f99cba5b62 req-4461e1e7-12f0-440a-a43f-a2f89fd1a7c6 56289b12899e4b7a8bb9fb287f6b17d6 6719d5e4d9484b8da7b600045fa19fab - - default default] 10.0.0.43 "GET /v2.0/security-groups?id=d40951ed-97ba-439d-8807-697f9fca5419&fields=id&fields=name HTTP/1.1" status: 200 len: 313 time: 0.1875122
2026-04-07 01:14:53.262 10 WARNING neutron_lib.context [None req-7f816ed3-e3ee-41cd-a5ed-b7a1290974a4 32aff603c9734970b52f9df60268ccd8 e8f6d0cd7a8043509ad30b41449d2412 - - default default] Method 'is_advsvc' is deprecated since 2023.2 release (neutron-lib 3.8.0) and will be removed once support for the old RBAC API policies will be removed from Neutron. Please use method 'is_service_role' instead.
2026-04-07 01:14:53.339 10 INFO neutron.db.ovn_revision_numbers_db [None req-560619ae-20c3-4043-8360-075864d6c2f0 18878a0d425b4acdb108715ae117b9b7 28b3f955963c4cc181f8e9e005ce9122 - - default default] Successfully bumped revision number for resource c60d25bd-4472-4533-b70c-a4121537d811 (type: router_ports) to 1
2026-04-07 01:14:53.344 10 INFO neutron.api.wsgi [None req-560619ae-20c3-4043-8360-075864d6c2f0 18878a0d425b4acdb108715ae117b9b7 28b3f955963c4cc181f8e9e005ce9122 - - default default] 10.0.0.206 "PUT /v2.0/routers/10860282-df02-4c50-835b-96b421e557f6/add_router_interface HTTP/1.1" status: 200 len: 503 time: 2.7038035
2026-04-07 01:14:53.400 10 INFO neutron.db.ovn_revision_numbers_db [None req-7f816ed3-e3ee-41cd-a5ed-b7a1290974a4 32aff603c9734970b52f9df60268ccd8 e8f6d0cd7a8043509ad30b41449d2412 - - default default] Successfully bumped revision number for resource b05024e6-f73c-43d9-808e-d3649acbd54e (type: security_groups) to 1
2026-04-07 01:14:53.410 10 INFO neutron.db.ovn_revision_numbers_db [None req-7f816ed3-e3ee-41cd-a5ed-b7a1290974a4 32aff603c9734970b52f9df60268ccd8 e8f6d0cd7a8043509ad30b41449d2412 - - default default] Successfully bumped revision number for resource ddcaa696-c584-4fdd-80bb-925b01b4f8da (type: security_group_rules) to 0
2026-04-07 01:14:53.421 10 INFO neutron.db.ovn_revision_numbers_db [None req-7f816ed3-e3ee-41cd-a5ed-b7a1290974a4 32aff603c9734970b52f9df60268ccd8 e8f6d0cd7a8043509ad30b41449d2412 - - default default] Successfully bumped revision number for resource fda70d4f-5e23-4af1-9754-ce5acc2f301d (type: security_group_rules) to 0
2026-04-07 01:14:53.454 10 INFO neutron.api.wsgi [None req-7f816ed3-e3ee-41cd-a5ed-b7a1290974a4 32aff603c9734970b52f9df60268ccd8 e8f6d0cd7a8043509ad30b41449d2412 - - default default] 10.0.0.206 "POST /v2.0/security-groups HTTP/1.1" status: 201 len: 1861 time: 0.1959944
2026-04-07 01:14:53.468 10 WARNING neutron_lib.context [None req-9cac29ec-33e3-4167-a17d-e77aa008baa9 32aff603c9734970b52f9df60268ccd8 e8f6d0cd7a8043509ad30b41449d2412 - - default default] Method 'is_advsvc' is deprecated since 2023.2 release (neutron-lib 3.8.0) and will be removed once support for the old RBAC API policies will be removed from Neutron. Please use method 'is_service_role' instead.
2026-04-07 01:14:53.561 10 INFO neutron.db.ovn_revision_numbers_db [None req-9cac29ec-33e3-4167-a17d-e77aa008baa9 32aff603c9734970b52f9df60268ccd8 e8f6d0cd7a8043509ad30b41449d2412 - - default default] Successfully bumped revision number for resource 241cca64-0674-4800-9db9-4588f13ff7d9 (type: security_group_rules) to 0
2026-04-07 01:14:53.581 10 INFO neutron.api.wsgi [None req-9cac29ec-33e3-4167-a17d-e77aa008baa9 32aff603c9734970b52f9df60268ccd8 e8f6d0cd7a8043509ad30b41449d2412 - - default default] 10.0.0.206 "POST /v2.0/security-group-rules HTTP/1.1" status: 201 len: 796 time: 0.1184754
2026-04-07 01:14:53.593 10 WARNING neutron_lib.context [None req-1f8cef80-b9da-477a-a1af-98a9286f143c 32aff603c9734970b52f9df60268ccd8 e8f6d0cd7a8043509ad30b41449d2412 - - default default] Method 'is_advsvc' is deprecated since 2023.2 release (neutron-lib 3.8.0) and will be removed once support for the old RBAC API policies will be removed from Neutron. Please use method 'is_service_role' instead.
2026-04-07 01:14:53.711 10 INFO neutron.db.ovn_revision_numbers_db [None req-1f8cef80-b9da-477a-a1af-98a9286f143c 32aff603c9734970b52f9df60268ccd8 e8f6d0cd7a8043509ad30b41449d2412 - - default default] Successfully bumped revision number for resource 63b9602b-2912-4192-a8eb-be352604b3b7 (type: security_group_rules) to 0
2026-04-07 01:14:53.749 10 INFO neutron.api.wsgi [None req-1f8cef80-b9da-477a-a1af-98a9286f143c 32aff603c9734970b52f9df60268ccd8 e8f6d0cd7a8043509ad30b41449d2412 - - default default] 10.0.0.206 "POST /v2.0/security-group-rules HTTP/1.1" status: 201 len: 801 time: 0.1587341
2026-04-07 01:14:53.762 10 WARNING neutron_lib.context [None req-80dcad90-2d33-45fb-ad53-c168a4a03c4b 32aff603c9734970b52f9df60268ccd8 e8f6d0cd7a8043509ad30b41449d2412 - - default default] Method 'is_advsvc' is deprecated since 2023.2 release (neutron-lib 3.8.0) and will be removed once support for the old RBAC API policies will be removed from Neutron. Please use method 'is_service_role' instead.
2026-04-07 01:14:53.776 9 INFO neutron.db.ovn_revision_numbers_db [req-67e01064-7407-4175-a0b2-cc021723ff1e req-41effbfb-ba0d-4152-b436-3c4ca2f421bb 077cfc4fdc9945279dd840bee508c26d 7b2064a28fc940e79a1ae6d59fa8558d - - f2cb70a218e141769260855bf15aa918 f2cb70a218e141769260855bf15aa918] Successfully bumped revision number for resource 08fb43af-69c0-470f-bd90-60b8111c5ec4 (type: ports) to 2
2026-04-07 01:14:53.886 10 WARNING neutron_lib.context [None req-16f915ee-5158-4fbd-943f-be45ac5c4331 1268c4b4fb384c858b74386b8a932b1b aa467b0fb5354429aa784e478da10476 - - default default] Method 'is_advsvc' is deprecated since 2023.2 release (neutron-lib 3.8.0) and will be removed once support for the old RBAC API policies will be removed from Neutron. Please use method 'is_service_role' instead.
2026-04-07 01:14:53.928 10 WARNING neutron_lib.context [None req-e0f7806f-08c3-4c4f-8118-7726788ae731 4da119129a11405dacdc1aca773370cd 6a7771a54dcf4b389ceb6d75f5d4b15d - - default default] Method 'is_advsvc' is deprecated since 2023.2 release (neutron-lib 3.8.0) and will be removed once support for the old RBAC API policies will be removed from Neutron. Please use method 'is_service_role' instead.
