2026-04-07 01:17:20.207 9 INFO neutron.api.wsgi [req-d3be3487-e5b6-4956-a872-5b0a091b7233 req-0b52f1af-e90a-4651-9df0-4a367a7d6b67 077cfc4fdc9945279dd840bee508c26d 7b2064a28fc940e79a1ae6d59fa8558d - - f2cb70a218e141769260855bf15aa918 f2cb70a218e141769260855bf15aa918] 199.204.45.244 "GET /v2.0/ports?network_id=a3eceb6f-1783-487f-83e5-0b6b5742c170&device_owner=network%3Adhcp HTTP/1.1" status: 200 len: 210 time: 0.0189004
2026-04-07 01:17:20.218 10 INFO neutron.api.wsgi [None req-7550f825-f0e0-4ec6-9e91-898c987ccc5c 18878a0d425b4acdb108715ae117b9b7 28b3f955963c4cc181f8e9e005ce9122 - - default default] 10.0.0.206 "GET /v2.0/security-groups?tenant_id=8bf0373d1d56405fac5a70401a0b1971&name=default HTTP/1.1" status: 200 len: 3120 time: 0.3534992
2026-04-07 01:17:20.254 9 INFO neutron.api.wsgi [req-d3be3487-e5b6-4956-a872-5b0a091b7233 req-712771a3-193a-4437-802c-7e210f3d3a22 077cfc4fdc9945279dd840bee508c26d 7b2064a28fc940e79a1ae6d59fa8558d - - f2cb70a218e141769260855bf15aa918 f2cb70a218e141769260855bf15aa918] 199.204.45.244 "GET /v2.0/networks/a3eceb6f-1783-487f-83e5-0b6b5742c170?fields=segments HTTP/1.1" status: 200 len: 212 time: 0.0387828
2026-04-07 01:17:20.298 9 INFO neutron.api.wsgi [req-d3be3487-e5b6-4956-a872-5b0a091b7233 req-aef857bf-2a86-4093-ac00-7e1c25034e71 077cfc4fdc9945279dd840bee508c26d 7b2064a28fc940e79a1ae6d59fa8558d - - f2cb70a218e141769260855bf15aa918 f2cb70a218e141769260855bf15aa918] 199.204.45.244 "GET /v2.0/networks/a3eceb6f-1783-487f-83e5-0b6b5742c170?fields=provider%3Aphysical_network&fields=provider%3Anetwork_type HTTP/1.1" status: 200 len: 277 time: 0.0394185
2026-04-07 01:17:20.400 10 INFO neutron.api.wsgi [None req-f642769b-ed1b-4a37-b788-30a4fedeea5a 18878a0d425b4acdb108715ae117b9b7 28b3f955963c4cc181f8e9e005ce9122 - - default default] 10.0.0.206 "DELETE /v2.0/security-groups/a8b0c1b0-3bad-4a32-91d4-97e58db984d6 HTTP/1.1" status: 204 len: 168 time: 0.1774707
2026-04-07 01:17:20.478 9 INFO neutron.notifiers.nova [-] Nova event matching ['req-ccc444ba-18c4-4a01-b196-55657cae2b5d'] response: {'server_uuid': '237909f3-cc85-4639-a24e-367bd2914884', 'name': 'network-vif-plugged', 'status': 'completed', 'tag': '47875aae-967e-4f37-9469-cb6feb5699ab', 'code': 200}
2026-04-07 01:17:20.478 9 INFO neutron.notifiers.nova [-] Nova event matching ['req-ccc444ba-18c4-4a01-b196-55657cae2b5d'] response: {'server_uuid': '237909f3-cc85-4639-a24e-367bd2914884', 'name': 'network-vif-plugged', 'status': 'completed', 'tag': '47875aae-967e-4f37-9469-cb6feb5699ab', 'code': 200}
2026-04-07 01:17:20.620 9 INFO neutron.db.ovn_revision_numbers_db [None req-bf4252e5-aa04-4063-8009-05ffe7d888a9 18878a0d425b4acdb108715ae117b9b7 28b3f955963c4cc181f8e9e005ce9122 - - default default] Successfully bumped revision number for resource 3d212564-f612-4a30-9e37-431aa4865e93 (type: security_groups) to 1
2026-04-07 01:17:20.633 9 INFO neutron.db.ovn_revision_numbers_db [None req-bf4252e5-aa04-4063-8009-05ffe7d888a9 18878a0d425b4acdb108715ae117b9b7 28b3f955963c4cc181f8e9e005ce9122 - - default default] Successfully bumped revision number for resource 6d23a619-48d7-4cef-829b-61f295f7cccd (type: security_group_rules) to 0
2026-04-07 01:17:20.645 9 INFO neutron.db.ovn_revision_numbers_db [None req-bf4252e5-aa04-4063-8009-05ffe7d888a9 18878a0d425b4acdb108715ae117b9b7 28b3f955963c4cc181f8e9e005ce9122 - - default default] Successfully bumped revision number for resource 769c801e-dc36-4861-b2e7-9b62125ecdeb (type: security_group_rules) to 0
2026-04-07 01:17:20.658 9 INFO neutron.db.ovn_revision_numbers_db [None req-bf4252e5-aa04-4063-8009-05ffe7d888a9 18878a0d425b4acdb108715ae117b9b7 28b3f955963c4cc181f8e9e005ce9122 - - default default] Successfully bumped revision number for resource baa0c10f-dbb3-49a8-a73e-66d7129366cd (type: security_group_rules) to 0
2026-04-07 01:17:20.670 9 INFO neutron.db.ovn_revision_numbers_db [None req-bf4252e5-aa04-4063-8009-05ffe7d888a9 18878a0d425b4acdb108715ae117b9b7 28b3f955963c4cc181f8e9e005ce9122 - - default default] Successfully bumped revision number for resource d3310067-a548-499a-ac73-75bee136e45d (type: security_group_rules) to 0
2026-04-07 01:17:20.704 9 INFO neutron.api.wsgi [None req-bf4252e5-aa04-4063-8009-05ffe7d888a9 18878a0d425b4acdb108715ae117b9b7 28b3f955963c4cc181f8e9e005ce9122 - - default default] 10.0.0.206 "GET /v2.0/security-groups?tenant_id=88626663164543eabf154557d19590fb&name=default HTTP/1.1" status: 200 len: 3120 time: 0.2141962
2026-04-07 01:17:20.778 9 INFO neutron.api.wsgi [req-590bc677-2de4-42f2-99cb-1b12da387166 req-152b5f72-654c-41f2-a331-045645c17db4 b52ede52d06f4234a1749f6efdeae547 4dfd6544db204e0f917bf280812e8286 - - default default] 10.0.0.43 "GET /v2.0/ports?device_id=cc962766-885e-4e45-92dd-759bd5cace38 HTTP/1.1" status: 200 len: 1168 time: 0.0358441
2026-04-07 01:17:20.831 9 INFO neutron.api.wsgi [req-590bc677-2de4-42f2-99cb-1b12da387166 req-59a0fcf6-168a-4ab3-af51-87e40e54a63f b52ede52d06f4234a1749f6efdeae547 4dfd6544db204e0f917bf280812e8286 - - default default] 10.0.0.43 "GET /v2.0/security-groups?id=b5be9bb6-339c-41bf-a011-2c16e76da186&fields=id&fields=name HTTP/1.1" status: 200 len: 313 time: 0.0466492
2026-04-07 01:17:20.924 9 INFO neutron.api.wsgi [None req-1f87d55c-a950-4b3f-94a1-5d0681b42c3f 18878a0d425b4acdb108715ae117b9b7 28b3f955963c4cc181f8e9e005ce9122 - - default default] 10.0.0.206 "DELETE /v2.0/security-groups/3d212564-f612-4a30-9e37-431aa4865e93 HTTP/1.1" status: 204 len: 168 time: 0.2097886
2026-04-07 01:17:21.932 10 INFO neutron.api.wsgi [req-f099997f-48a7-4d7a-ae88-80db98031321 req-3b1420b3-979d-4468-ba8e-8326f4a8edbd b52ede52d06f4234a1749f6efdeae547 4dfd6544db204e0f917bf280812e8286 - - default default] 10.0.0.43 "GET /v2.0/ports?device_id=cc962766-885e-4e45-92dd-759bd5cace38 HTTP/1.1" status: 200 len: 1168 time: 0.0437140
2026-04-07 01:17:21.972 10 INFO neutron.api.wsgi [req-f099997f-48a7-4d7a-ae88-80db98031321 req-251601e4-61eb-4143-868e-646bb1564284 b52ede52d06f4234a1749f6efdeae547 4dfd6544db204e0f917bf280812e8286 - - default default] 10.0.0.43 "GET /v2.0/security-groups?id=b5be9bb6-339c-41bf-a011-2c16e76da186&fields=id&fields=name HTTP/1.1" status: 200 len: 313 time: 0.0335021
2026-04-07 01:17:22.388 9 INFO neutron.api.wsgi [req-21bc7f6b-ef80-4683-85c0-1eea30686286 req-12230619-e0d6-4a42-8f7c-4680a3d6bc7e 18878a0d425b4acdb108715ae117b9b7 28b3f955963c4cc181f8e9e005ce9122 - - default default] 10.0.0.43 "GET /v2.0/ports?device_id=237909f3-cc85-4639-a24e-367bd2914884 HTTP/1.1" status: 200 len: 1417 time: 0.0346882
2026-04-07 01:17:22.440 9 INFO neutron.api.wsgi [req-21bc7f6b-ef80-4683-85c0-1eea30686286 req-310a1a13-91f5-4097-aaba-aecc41015caf 18878a0d425b4acdb108715ae117b9b7 28b3f955963c4cc181f8e9e005ce9122 - - default default] 10.0.0.43 "GET /v2.0/security-groups?id=1cf47931-f7e8-42b0-bfbe-a484556add00&fields=id&fields=name HTTP/1.1" status: 200 len: 294 time: 0.0423820
2026-04-07 01:17:22.448 9 INFO neutron.plugins.ml2.drivers.ovn.mech_driver.mech_driver [None req-7c142224-f06a-43da-9973-370b9995d365 - - - - - -] OVN reports status up for port: af76fdeb-b724-4b0c-9572-186844fb9cf2
2026-04-07 01:17:22.471 9 INFO neutron.plugins.ml2.plugin [None req-7c142224-f06a-43da-9973-370b9995d365 - - - - - -] Attempt 1 to provision port af76fdeb-b724-4b0c-9572-186844fb9cf2
2026-04-07 01:17:22.538 10 INFO neutron.api.wsgi [req-00edf8be-8696-4035-ab4f-ae1bb69cb3e8 req-a42f5ddc-e099-4ee9-aaf1-cc96581f20bc 18878a0d425b4acdb108715ae117b9b7 28b3f955963c4cc181f8e9e005ce9122 - - default default] 10.0.0.43 "GET /v2.0/ports?device_id=237909f3-cc85-4639-a24e-367bd2914884 HTTP/1.1" status: 200 len: 1417 time: 0.0308976
2026-04-07 01:17:22.596 9 INFO neutron.notifiers.nova [-] Nova event matching ['req-7861072d-144c-4307-9f28-f7dcaf5f7a72'] response: {'server_uuid': 'cc962766-885e-4e45-92dd-759bd5cace38', 'name': 'network-vif-plugged', 'status': 'completed', 'tag': 'af76fdeb-b724-4b0c-9572-186844fb9cf2', 'code': 200}
2026-04-07 01:17:22.697 10 INFO neutron.api.wsgi [-] 10.0.0.230 "GET / HTTP/1.1" status: 200 len: 246 time: 0.0023344
2026-04-07 01:17:22.699 10 INFO neutron.api.wsgi [-] 10.0.0.230 "GET / HTTP/1.1" status: 200 len: 246 time: 0.0011394
2026-04-07 01:17:22.723 9 INFO neutron.db.ovn_revision_numbers_db [None req-7c142224-f06a-43da-9973-370b9995d365 - - - - - -] Successfully bumped revision number for resource af76fdeb-b724-4b0c-9572-186844fb9cf2 (type: ports) to 5
2026-04-07 01:17:23.113 10 INFO neutron.api.wsgi [req-7c35f273-47e0-4e22-8971-d0e20827eb64 req-3069e008-fcce-4bc0-bfa8-c318b71dd540 b52ede52d06f4234a1749f6efdeae547 4dfd6544db204e0f917bf280812e8286 - - default default] 10.0.0.43 "GET /v2.0/ports?device_id=cc962766-885e-4e45-92dd-759bd5cace38 HTTP/1.1" status: 200 len: 1170 time: 0.0674655
2026-04-07 01:17:23.159 10 INFO neutron.api.wsgi [req-7c35f273-47e0-4e22-8971-d0e20827eb64 req-faae522a-3950-4310-920a-ec11058ae89e b52ede52d06f4234a1749f6efdeae547 4dfd6544db204e0f917bf280812e8286 - - default default] 10.0.0.43 "GET /v2.0/security-groups?id=b5be9bb6-339c-41bf-a011-2c16e76da186&fields=id&fields=name HTTP/1.1" status: 200 len: 313 time: 0.0396774 /var/lib/openstack/lib/python3.12/site-packages/pycadf/identifier.py:71: UserWarning: Invalid uuid: neutron. To ensure interoperability, identifiers should be a valid uuid. warnings.warn(('Invalid uuid: %s. To ensure interoperability, '
2026-04-07 01:17:24.271 9 INFO neutron.api.wsgi [req-34aa3b45-f592-4a9f-b749-9d159329c0b9 req-262a1296-8421-474a-988b-aeab357a5c69 b52ede52d06f4234a1749f6efdeae547 4dfd6544db204e0f917bf280812e8286 - - default default] 10.0.0.43 "GET /v2.0/ports?device_id=cc962766-885e-4e45-92dd-759bd5cace38 HTTP/1.1" status: 200 len: 1170 time: 0.0428450
2026-04-07 01:17:24.311 9 INFO neutron.api.wsgi [req-34aa3b45-f592-4a9f-b749-9d159329c0b9 req-fbf0f389-4978-4a62-a94e-e34bb25ab824 b52ede52d06f4234a1749f6efdeae547 4dfd6544db204e0f917bf280812e8286 - - default default] 10.0.0.43 "GET /v2.0/security-groups?id=b5be9bb6-339c-41bf-a011-2c16e76da186&fields=id&fields=name HTTP/1.1" status: 200 len: 313 time: 0.0325735
2026-04-07 01:17:24.457 10 INFO neutron.api.wsgi [req-72f40c9f-bec8-4cc2-8300-e35138a7f10a req-d8525475-e6e7-4305-99d3-7827ec006c27 b52ede52d06f4234a1749f6efdeae547 4dfd6544db204e0f917bf280812e8286 - - default default] 10.0.0.43 "GET /v2.0/ports?device_id=cc962766-885e-4e45-92dd-759bd5cace38 HTTP/1.1" status: 200 len: 1170 time: 0.0741920
2026-04-07 01:17:24.495 10 INFO neutron.api.wsgi [req-72f40c9f-bec8-4cc2-8300-e35138a7f10a req-5ce92676-9239-4866-9b04-2035e471c77a b52ede52d06f4234a1749f6efdeae547 4dfd6544db204e0f917bf280812e8286 - - default default] 10.0.0.43 "GET /v2.0/security-groups?id=b5be9bb6-339c-41bf-a011-2c16e76da186&fields=id&fields=name HTTP/1.1" status: 200 len: 313 time: 0.0317783
2026-04-07 01:17:24.553 10 INFO neutron.api.wsgi [None req-3ed73cfd-d6e6-477a-9ebf-a198a56dc026 0b83ec72885a4a498a3e9330b64b9fbf b7214a30e9bb489faefd2b3adfbfb787 - - default default] 10.0.0.206 "GET /v2.0/ports?device_id=cc962766-885e-4e45-92dd-759bd5cace38 HTTP/1.1" status: 200 len: 1404 time: 0.0310273
2026-04-07 01:17:24.561 10 WARNING neutron_lib.context [None req-90a5fbd7-a030-4442-8f09-d098c4b58279 b52ede52d06f4234a1749f6efdeae547 4dfd6544db204e0f917bf280812e8286 - - default default] Method 'is_advsvc' is deprecated since 2023.2 release (neutron-lib 3.8.0) and will be removed once support for the old RBAC API policies will be removed from Neutron. Please use method 'is_service_role' instead.
2026-04-07 01:17:24.630 9 INFO neutron.notifiers.nova [-] Nova event matching ['req-24fdfce8-cba7-4085-97bb-ba623579de1c'] response: {'server_uuid': 'cc962766-885e-4e45-92dd-759bd5cace38', 'name': 'network-vif-plugged', 'status': 'completed', 'tag': 'af76fdeb-b724-4b0c-9572-186844fb9cf2', 'code': 200}
2026-04-07 01:17:24.816 10 WARNING neutron.scheduler.dhcp_agent_scheduler [None req-90a5fbd7-a030-4442-8f09-d098c4b58279 b52ede52d06f4234a1749f6efdeae547 4dfd6544db204e0f917bf280812e8286 - - default default] No more DHCP agents
2026-04-07 01:17:24.819 10 WARNING neutron.api.rpc.agentnotifiers.dhcp_rpc_agent_api [None req-90a5fbd7-a030-4442-8f09-d098c4b58279 b52ede52d06f4234a1749f6efdeae547 4dfd6544db204e0f917bf280812e8286 - - default default] Unable to schedule network 9aff7a8e-31f5-4209-ac23-97fb955a382a: no agents available; will retry on subsequent port and subnet creation events.
2026-04-07 01:17:25.274 9 INFO neutron.db.ovn_revision_numbers_db [None req-bd958c4a-ab59-431a-82a5-5dad5e68fe11 18878a0d425b4acdb108715ae117b9b7 28b3f955963c4cc181f8e9e005ce9122 - - default default] Successfully bumped revision number for resource 7a840bc6-677f-4cce-9417-fd49496df139 (type: security_groups) to 1
2026-04-07 01:17:25.289 9 INFO neutron.db.ovn_revision_numbers_db [None req-bd958c4a-ab59-431a-82a5-5dad5e68fe11 18878a0d425b4acdb108715ae117b9b7 28b3f955963c4cc181f8e9e005ce9122 - - default default] Successfully bumped revision number for resource 3d945357-9497-4934-90d9-566d10508f98 (type: security_group_rules) to 0
2026-04-07 01:17:25.309 9 INFO neutron.db.ovn_revision_numbers_db [None req-bd958c4a-ab59-431a-82a5-5dad5e68fe11 18878a0d425b4acdb108715ae117b9b7 28b3f955963c4cc181f8e9e005ce9122 - - default default] Successfully bumped revision number for resource 56855236-a9b2-4c7c-9381-1244358d84ee (type: security_group_rules) to 0
2026-04-07 01:17:25.325 9 INFO neutron.db.ovn_revision_numbers_db [None req-bd958c4a-ab59-431a-82a5-5dad5e68fe11 18878a0d425b4acdb108715ae117b9b7 28b3f955963c4cc181f8e9e005ce9122 - - default default] Successfully bumped revision number for resource a9432801-8ae5-413c-8980-c72ccf73b9c1 (type: security_group_rules) to 0
2026-04-07 01:17:25.339 9 INFO neutron.db.ovn_revision_numbers_db [None req-bd958c4a-ab59-431a-82a5-5dad5e68fe11 18878a0d425b4acdb108715ae117b9b7 28b3f955963c4cc181f8e9e005ce9122 - - default default] Successfully bumped revision number for resource d8b62593-0500-4c01-829d-2b81bad967b8 (type: security_group_rules) to 0
2026-04-07 01:17:25.370 9 INFO neutron.api.wsgi [None req-c5f7fafe-98b6-489f-a6d0-43db04229220 18878a0d425b4acdb108715ae117b9b7 28b3f955963c4cc181f8e9e005ce9122 - - default default] 10.0.0.128 "GET /v2.0/subnets HTTP/1.1" status: 200 len: 6351 time: 0.0835538
2026-04-07 01:17:25.387 9 INFO neutron.api.wsgi [None req-584de456-8688-41e0-91f5-56eac64f70c9 18878a0d425b4acdb108715ae117b9b7 28b3f955963c4cc181f8e9e005ce9122 - - default default] 10.0.0.128 "GET /v2.0/subnetpools HTTP/1.1" status: 200 len: 193 time: 0.0115888
2026-04-07 01:17:25.422 10 INFO neutron.db.ovn_revision_numbers_db [None req-90a5fbd7-a030-4442-8f09-d098c4b58279 b52ede52d06f4234a1749f6efdeae547 4dfd6544db204e0f917bf280812e8286 - - default default] Successfully bumped revision number for resource d549cdbe-b6c9-49a8-9a38-6d90464cd950 (type: floatingips) to -1
2026-04-07 01:17:25.435 9 INFO neutron.api.wsgi [None req-bd958c4a-ab59-431a-82a5-5dad5e68fe11 18878a0d425b4acdb108715ae117b9b7 28b3f955963c4cc181f8e9e005ce9122 - - default default] 10.0.0.206 "GET /v2.0/security-groups?tenant_id=94bf927573c24958a62894449e8c3246&name=default HTTP/1.1" status: 200 len: 3120 time: 0.4217451
2026-04-07 01:17:25.455 9 INFO neutron.api.wsgi [None req-2ffb99a9-344e-49af-bd3d-d6c4899b40c5 18878a0d425b4acdb108715ae117b9b7 28b3f955963c4cc181f8e9e005ce9122 - - default default] 10.0.0.128 "GET /v2.0/floatingips HTTP/1.1" status: 200 len: 2719 time: 0.0675735 /var/lib/openstack/lib/python3.12/site-packages/pycadf/identifier.py:71: UserWarning: Invalid uuid: neutron. To ensure interoperability, identifiers should be a valid uuid. warnings.warn(('Invalid uuid: %s. To ensure interoperability, '
2026-04-07 01:17:25.495 9 INFO neutron.api.wsgi [None req-9afce8ed-a15a-46c0-85eb-d5a2d00d3228 18878a0d425b4acdb108715ae117b9b7 28b3f955963c4cc181f8e9e005ce9122 - - default default] 10.0.0.128 "GET /v2.0/subnets HTTP/1.1" status: 200 len: 6351 time: 0.0385706
2026-04-07 01:17:25.540 10 INFO neutron.db.ovn_revision_numbers_db [None req-90a5fbd7-a030-4442-8f09-d098c4b58279 b52ede52d06f4234a1749f6efdeae547 4dfd6544db204e0f917bf280812e8286 - - default default] Successfully bumped revision number for resource d549cdbe-b6c9-49a8-9a38-6d90464cd950 (type: floatingips) to 1
2026-04-07 01:17:25.540 10 INFO neutron.db.l3_db [None req-90a5fbd7-a030-4442-8f09-d098c4b58279 b52ede52d06f4234a1749f6efdeae547 4dfd6544db204e0f917bf280812e8286 - - default default] Floating IP d549cdbe-b6c9-49a8-9a38-6d90464cd950 associated. External IP: 10.96.250.214, port: af76fdeb-b724-4b0c-9572-186844fb9cf2.
2026-04-07 01:17:25.554 9 INFO neutron.api.wsgi [None req-5718034b-d6e2-46ef-9918-dcfc6da8419e 18878a0d425b4acdb108715ae117b9b7 28b3f955963c4cc181f8e9e005ce9122 - - default default] 10.0.0.128 "GET /v2.0/networks HTTP/1.1" status: 200 len: 5465 time: 0.0566726
2026-04-07 01:17:25.578 10 INFO neutron.api.wsgi [None req-90a5fbd7-a030-4442-8f09-d098c4b58279 b52ede52d06f4234a1749f6efdeae547 4dfd6544db204e0f917bf280812e8286 - - default default] 10.0.0.206 "POST /v2.0/floatingips HTTP/1.1" status: 201 len: 1054 time: 1.0200448
2026-04-07 01:17:25.609 10 INFO neutron.notifiers.nova [-] Nova event matching ['req-4793ea20-cb31-494b-b69e-807510726da8'] response: {'name': 'network-changed', 'server_uuid': 'cc962766-885e-4e45-92dd-759bd5cace38', 'tag': 'af76fdeb-b724-4b0c-9572-186844fb9cf2', 'status': 'completed', 'code': 200}
2026-04-07 01:17:25.613 9 INFO neutron.api.wsgi [None req-df5f84bb-2e01-42e1-8331-dbd15f46a1a1 18878a0d425b4acdb108715ae117b9b7 28b3f955963c4cc181f8e9e005ce9122 - - default default] 10.0.0.128 "GET /v2.0/security-groups HTTP/1.1" status: 200 len: 41579 time: 0.0511546
2026-04-07 01:17:25.623 9 INFO neutron.api.wsgi [None req-d85d4bb0-71e8-45fe-ae6d-9d95b1db0858 b52ede52d06f4234a1749f6efdeae547 4dfd6544db204e0f917bf280812e8286 - - default default] 10.0.0.206 "GET /v2.0/floatingips/d549cdbe-b6c9-49a8-9a38-6d90464cd950 HTTP/1.1" status: 200 len: 1051 time: 0.0409007
2026-04-07 01:17:25.661 10 INFO neutron.api.wsgi [None req-ffed3de9-0f02-418f-9deb-96be84f28430 18878a0d425b4acdb108715ae117b9b7 28b3f955963c4cc181f8e9e005ce9122 - - default default] 10.0.0.206 "DELETE /v2.0/security-groups/7a840bc6-677f-4cce-9417-fd49496df139 HTTP/1.1" status: 204 len: 168 time: 0.2205794
2026-04-07 01:17:25.706 9 INFO neutron.api.wsgi [None req-9c3c6a2a-4528-44ee-834f-c8b67bc72db1 18878a0d425b4acdb108715ae117b9b7 28b3f955963c4cc181f8e9e005ce9122 - - default default] 10.0.0.128 "GET /v2.0/ports HTTP/1.1" status: 200 len: 25322 time: 0.0820167
2026-04-07 01:17:25.783 9 INFO neutron.api.wsgi [None req-af199d09-63ac-4836-ab89-766df769aeba 18878a0d425b4acdb108715ae117b9b7 28b3f955963c4cc181f8e9e005ce9122 - - default default] 10.0.0.128 "GET /v2.0/routers HTTP/1.1" status: 200 len: 2104 time: 0.0616107
2026-04-07 01:17:25.799 9 INFO neutron.api.wsgi [None req-22f7fe43-c814-46cb-89b1-470d503d7de8 18878a0d425b4acdb108715ae117b9b7 28b3f955963c4cc181f8e9e005ce9122 - - default default] 10.0.0.128 "GET /v2.0/agents?binary=ovn-controller HTTP/1.1" status: 200 len: 591 time: 0.0145376
2026-04-07 01:17:25.813 9 INFO neutron.api.wsgi [None req-8316c341-f4df-4b38-9d0a-4ca3da3a02eb 18878a0d425b4acdb108715ae117b9b7 28b3f955963c4cc181f8e9e005ce9122 - - default default] 10.0.0.128 "GET /v2.0/agents HTTP/1.1" status: 200 len: 1390 time: 0.0105336
2026-04-07 01:17:25.828 9 INFO neutron.api.wsgi [None req-f1b0570f-05da-4dae-8b73-b40d9a57863d 18878a0d425b4acdb108715ae117b9b7 28b3f955963c4cc181f8e9e005ce9122 - - default default] 10.0.0.128 "GET /v2.0/network-ip-availabilities HTTP/1.1" status: 200 len: 3808 time: 0.0134776
2026-04-07 01:17:25.893 9 INFO neutron.db.ovn_revision_numbers_db [None req-e99e833a-da71-4d94-9dad-80f23a06adb5 18878a0d425b4acdb108715ae117b9b7 28b3f955963c4cc181f8e9e005ce9122 - - default default] Successfully bumped revision number for resource 0630c83f-4a74-4eab-b942-938a8e7492cb (type: security_groups) to 1
2026-04-07 01:17:25.904 9 INFO neutron.db.ovn_revision_numbers_db [None req-e99e833a-da71-4d94-9dad-80f23a06adb5 18878a0d425b4acdb108715ae117b9b7 28b3f955963c4cc181f8e9e005ce9122 - - default default] Successfully bumped revision number for resource 0fb468ab-c888-4ac3-8c6b-1825970737b9 (type: security_group_rules) to 0
2026-04-07 01:17:25.915 9 INFO neutron.db.ovn_revision_numbers_db [None req-e99e833a-da71-4d94-9dad-80f23a06adb5 18878a0d425b4acdb108715ae117b9b7 28b3f955963c4cc181f8e9e005ce9122 - - default default] Successfully bumped revision number for resource 4d90f042-be4e-42ee-98a8-89cd6c8a0dbc (type: security_group_rules) to 0
2026-04-07 01:17:25.935 9 INFO neutron.db.ovn_revision_numbers_db [None req-e99e833a-da71-4d94-9dad-80f23a06adb5 18878a0d425b4acdb108715ae117b9b7 28b3f955963c4cc181f8e9e005ce9122 - - default default] Successfully bumped revision number for resource bf03394b-2d11-4477-9893-17b4c2d9a085 (type: security_group_rules) to 0
2026-04-07 01:17:25.949 9 INFO neutron.db.ovn_revision_numbers_db [None req-e99e833a-da71-4d94-9dad-80f23a06adb5 18878a0d425b4acdb108715ae117b9b7 28b3f955963c4cc181f8e9e005ce9122 - - default default] Successfully bumped revision number for resource dc062814-7fc9-4552-8af4-34021e8a1015 (type: security_group_rules) to 0
2026-04-07 01:17:25.985 9 INFO neutron.api.wsgi [None req-e99e833a-da71-4d94-9dad-80f23a06adb5 18878a0d425b4acdb108715ae117b9b7 28b3f955963c4cc181f8e9e005ce9122 - - default default] 10.0.0.206 "GET /v2.0/security-groups?tenant_id=b68cdff843cc4c35b41eb8426c814e5d&name=default HTTP/1.1" status: 200 len: 3120 time: 0.2134190
2026-04-07 01:17:26.148 9 INFO neutron.api.wsgi [req-7a2809ab-14f4-4bdc-84ca-5117c5c9f31c req-4e108b1d-4cd1-4a03-9fd0-9959c1cd098c 077cfc4fdc9945279dd840bee508c26d 7b2064a28fc940e79a1ae6d59fa8558d - - f2cb70a218e141769260855bf15aa918 f2cb70a218e141769260855bf15aa918] 199.204.45.244 "GET /v2.0/ports?tenant_id=4dfd6544db204e0f917bf280812e8286&device_id=cc962766-885e-4e45-92dd-759bd5cace38 HTTP/1.1" status: 200 len: 1409 time: 0.0306594
2026-04-07 01:17:26.195 9 INFO neutron.api.wsgi [req-7a2809ab-14f4-4bdc-84ca-5117c5c9f31c req-79478ed9-e952-435a-b779-5e14326f9de4 077cfc4fdc9945279dd840bee508c26d 7b2064a28fc940e79a1ae6d59fa8558d - - f2cb70a218e141769260855bf15aa918 f2cb70a218e141769260855bf15aa918] 199.204.45.244 "GET /v2.0/networks?id=a3eceb6f-1783-487f-83e5-0b6b5742c170 HTTP/1.1" status: 200 len: 958 time: 0.0400021
2026-04-07 01:17:26.198 9 INFO neutron.api.wsgi [None req-fe500e29-c68d-4abd-a13b-f164457780f7 18878a0d425b4acdb108715ae117b9b7 28b3f955963c4cc181f8e9e005ce9122 - - default default] 10.0.0.206 "DELETE /v2.0/security-groups/0630c83f-4a74-4eab-b942-938a8e7492cb HTTP/1.1" status: 204 len: 168 time: 0.2075686
2026-04-07 01:17:26.231 9 INFO neutron.api.wsgi [req-7a2809ab-14f4-4bdc-84ca-5117c5c9f31c req-f9c09952-105f-4cc0-9c18-87f88fd938aa 077cfc4fdc9945279dd840bee508c26d 7b2064a28fc940e79a1ae6d59fa8558d - - f2cb70a218e141769260855bf15aa918 f2cb70a218e141769260855bf15aa918] 199.204.45.244 "GET /v2.0/floatingips?fixed_ip_address=10.100.0.4&port_id=af76fdeb-b724-4b0c-9572-186844fb9cf2 HTTP/1.1" status: 200 len: 1059 time: 0.0307057
2026-04-07 01:17:26.260 9 INFO neutron.api.wsgi [req-7a2809ab-14f4-4bdc-84ca-5117c5c9f31c req-3986c758-4fff-4e3e-bc9b-67bd4441a33a 077cfc4fdc9945279dd840bee508c26d 7b2064a28fc940e79a1ae6d59fa8558d - - f2cb70a218e141769260855bf15aa918 f2cb70a218e141769260855bf15aa918] 199.204.45.244 "GET /v2.0/subnets?id=36c8cfd1-d84d-4b18-b1e8-303fb1f6bc30 HTTP/1.1" status: 200 len: 877 time: 0.0227811
2026-04-07 01:17:26.286 9 INFO neutron.api.wsgi [req-7a2809ab-14f4-4bdc-84ca-5117c5c9f31c req-0872338e-0974-4399-8317-942421f26847 077cfc4fdc9945279dd840bee508c26d 7b2064a28fc940e79a1ae6d59fa8558d - - f2cb70a218e141769260855bf15aa918 f2cb70a218e141769260855bf15aa918] 199.204.45.244 "GET /v2.0/ports?network_id=a3eceb6f-1783-487f-83e5-0b6b5742c170&device_owner=network%3Adhcp HTTP/1.1" status: 200 len: 210 time: 0.0187931
2026-04-07 01:17:26.336 9 INFO neutron.api.wsgi [req-7a2809ab-14f4-4bdc-84ca-5117c5c9f31c req-ae530e40-6be8-46d7-beff-c9143eeda70b 077cfc4fdc9945279dd840bee508c26d 7b2064a28fc940e79a1ae6d59fa8558d - - f2cb70a218e141769260855bf15aa918 f2cb70a218e141769260855bf15aa918] 199.204.45.244 "GET /v2.0/networks/a3eceb6f-1783-487f-83e5-0b6b5742c170?fields=segments HTTP/1.1" status: 200 len: 212 time: 0.0414116
2026-04-07 01:17:26.388 9 INFO neutron.api.wsgi [req-7a2809ab-14f4-4bdc-84ca-5117c5c9f31c req-bd3cf359-1672-4cc9-bb95-21f067199b68 077cfc4fdc9945279dd840bee508c26d 7b2064a28fc940e79a1ae6d59fa8558d - - f2cb70a218e141769260855bf15aa918 f2cb70a218e141769260855bf15aa918] 199.204.45.244 "GET /v2.0/networks/a3eceb6f-1783-487f-83e5-0b6b5742c170?fields=provider%3Aphysical_network&fields=provider%3Anetwork_type HTTP/1.1" status: 200 len: 277 time: 0.0428267
2026-04-07 01:17:28.142 9 WARNING neutron_lib.context [None req-ea335314-7718-4702-83ef-dac517b3e9a6 ea25a50cc90e4024bdbf34cbd67ba251 1b21af1dd38446ad95de658f93aa5519 - - default default] Method 'is_advsvc' is deprecated since 2023.2 release (neutron-lib 3.8.0) and will be removed once support for the old RBAC API policies will be removed from Neutron. Please use method 'is_service_role' instead.
2026-04-07 01:17:28.305 9 INFO neutron.db.ovn_revision_numbers_db [None req-ea335314-7718-4702-83ef-dac517b3e9a6 ea25a50cc90e4024bdbf34cbd67ba251 1b21af1dd38446ad95de658f93aa5519 - - default default] Successfully bumped revision number for resource b8767456-227f-4f28-a187-f414663468a2 (type: security_groups) to 1
2026-04-07 01:17:28.318 9 INFO neutron.db.ovn_revision_numbers_db [None req-ea335314-7718-4702-83ef-dac517b3e9a6 ea25a50cc90e4024bdbf34cbd67ba251 1b21af1dd38446ad95de658f93aa5519 - - default default] Successfully bumped revision number for resource 2c689725-537e-4305-ba5c-ca6e0a430238 (type: security_group_rules) to 0
2026-04-07 01:17:28.332 9 INFO neutron.db.ovn_revision_numbers_db [None req-ea335314-7718-4702-83ef-dac517b3e9a6 ea25a50cc90e4024bdbf34cbd67ba251 1b21af1dd38446ad95de658f93aa5519 - - default default] Successfully bumped revision number for resource 7292dc53-7807-4064-9b70-acc36f9d7ecf (type: security_group_rules) to 0
2026-04-07 01:17:28.344 9 INFO neutron.db.ovn_revision_numbers_db [None req-ea335314-7718-4702-83ef-dac517b3e9a6 ea25a50cc90e4024bdbf34cbd67ba251 1b21af1dd38446ad95de658f93aa5519 - - default default] Successfully bumped revision number for resource d2f5d584-e87d-4fb8-88e6-2754c2ed0450 (type: security_group_rules) to 0
2026-04-07 01:17:28.356 9 INFO neutron.db.ovn_revision_numbers_db [None req-ea335314-7718-4702-83ef-dac517b3e9a6 ea25a50cc90e4024bdbf34cbd67ba251 1b21af1dd38446ad95de658f93aa5519 - - default default] Successfully bumped revision number for resource f0f84f92-2774-4ed5-ad41-ed055489a606 (type: security_group_rules) to 0
2026-04-07 01:17:28.430 9 INFO neutron.db.segments_db [None req-ea335314-7718-4702-83ef-dac517b3e9a6 ea25a50cc90e4024bdbf34cbd67ba251 1b21af1dd38446ad95de658f93aa5519 - - default default] Added segment 2cbb963e-818e-4525-b0b8-64ea74b009a4 of type geneve for network 73765dd7-0ba0-4f41-97a9-2131e32be1f6
2026-04-07 01:17:28.535 9 INFO neutron.db.ovn_revision_numbers_db [None req-ea335314-7718-4702-83ef-dac517b3e9a6 ea25a50cc90e4024bdbf34cbd67ba251 1b21af1dd38446ad95de658f93aa5519 - - default default] Successfully bumped revision number for resource 73765dd7-0ba0-4f41-97a9-2131e32be1f6 (type: networks) to 1
2026-04-07 01:17:28.677 9 WARNING neutron.scheduler.dhcp_agent_scheduler [None req-ea335314-7718-4702-83ef-dac517b3e9a6 ea25a50cc90e4024bdbf34cbd67ba251 1b21af1dd38446ad95de658f93aa5519 - - default default] No more DHCP agents
2026-04-07 01:17:28.679 9 WARNING neutron.api.rpc.agentnotifiers.dhcp_rpc_agent_api [None req-ea335314-7718-4702-83ef-dac517b3e9a6 ea25a50cc90e4024bdbf34cbd67ba251 1b21af1dd38446ad95de658f93aa5519 - - default default] Unable to schedule network 73765dd7-0ba0-4f41-97a9-2131e32be1f6: no agents available; will retry on subsequent port and subnet creation events.
2026-04-07 01:17:28.739 9 INFO neutron.db.ovn_revision_numbers_db [None req-ea335314-7718-4702-83ef-dac517b3e9a6 ea25a50cc90e4024bdbf34cbd67ba251 1b21af1dd38446ad95de658f93aa5519 - - default default] Successfully bumped revision number for resource 6cc8c06e-5be5-4782-87e0-432fd77c9c63 (type: ports) to 1
2026-04-07 01:17:28.759 9 INFO neutron.api.wsgi [None req-ea335314-7718-4702-83ef-dac517b3e9a6 ea25a50cc90e4024bdbf34cbd67ba251 1b21af1dd38446ad95de658f93aa5519 - - default default] 10.0.0.206 "POST /v2.0/networks HTTP/1.1" status: 201 len: 833 time: 0.7597711
2026-04-07 01:17:28.771 10 WARNING neutron_lib.context [None req-934d07af-f58c-4cb6-aceb-38907049a358 ea25a50cc90e4024bdbf34cbd67ba251 1b21af1dd38446ad95de658f93aa5519 - - default default] Method 'is_advsvc' is deprecated since 2023.2 release (neutron-lib 3.8.0) and will be removed once support for the old RBAC API policies will be removed from Neutron. Please use method 'is_service_role' instead.
2026-04-07 01:17:28.851 10 INFO neutron.db.segments_db [None req-934d07af-f58c-4cb6-aceb-38907049a358 ea25a50cc90e4024bdbf34cbd67ba251 1b21af1dd38446ad95de658f93aa5519 - - default default] Added segment 7d61a16f-6052-4814-808f-43cbfd2367be of type geneve for network 5300c29d-b8c5-483d-a6f6-f82c54597c17
2026-04-07 01:17:28.970 10 INFO neutron.db.ovn_revision_numbers_db [None req-934d07af-f58c-4cb6-aceb-38907049a358 ea25a50cc90e4024bdbf34cbd67ba251 1b21af1dd38446ad95de658f93aa5519 - - default default] Successfully bumped revision number for resource 5300c29d-b8c5-483d-a6f6-f82c54597c17 (type: networks) to 1
2026-04-07 01:17:29.120 10 WARNING neutron.scheduler.dhcp_agent_scheduler [None req-934d07af-f58c-4cb6-aceb-38907049a358 ea25a50cc90e4024bdbf34cbd67ba251 1b21af1dd38446ad95de658f93aa5519 - - default default] No more DHCP agents
2026-04-07 01:17:29.122 10 WARNING neutron.api.rpc.agentnotifiers.dhcp_rpc_agent_api [None req-934d07af-f58c-4cb6-aceb-38907049a358 ea25a50cc90e4024bdbf34cbd67ba251 1b21af1dd38446ad95de658f93aa5519 - - default default] Unable to schedule network 5300c29d-b8c5-483d-a6f6-f82c54597c17: no agents available; will retry on subsequent port and subnet creation events.
2026-04-07 01:17:29.188 10 INFO neutron.db.ovn_revision_numbers_db [None req-934d07af-f58c-4cb6-aceb-38907049a358 ea25a50cc90e4024bdbf34cbd67ba251 1b21af1dd38446ad95de658f93aa5519 - - default default] Successfully bumped revision number for resource 060e4b9d-d36b-4905-9cf4-81aba022a447 (type: ports) to 1
2026-04-07 01:17:29.210 10 INFO neutron.api.wsgi [None req-934d07af-f58c-4cb6-aceb-38907049a358 ea25a50cc90e4024bdbf34cbd67ba251 1b21af1dd38446ad95de658f93aa5519 - - default default] 10.0.0.206 "POST /v2.0/networks HTTP/1.1" status: 201 len: 832 time: 0.4432931
2026-04-07 01:17:29.220 10 WARNING neutron_lib.context [None req-b0be1b13-5df4-4e61-97f4-70f4c67a956b ea25a50cc90e4024bdbf34cbd67ba251 1b21af1dd38446ad95de658f93aa5519 - - default default] Method 'is_advsvc' is deprecated since 2023.2 release (neutron-lib 3.8.0) and will be removed once support for the old RBAC API policies will be removed from Neutron. Please use method 'is_service_role' instead.
2026-04-07 01:17:29.389 10 WARNING neutron.scheduler.dhcp_agent_scheduler [None req-b0be1b13-5df4-4e61-97f4-70f4c67a956b ea25a50cc90e4024bdbf34cbd67ba251 1b21af1dd38446ad95de658f93aa5519 - - default default] No more DHCP agents
2026-04-07 01:17:29.390 10 WARNING neutron.api.rpc.agentnotifiers.dhcp_rpc_agent_api [None req-b0be1b13-5df4-4e61-97f4-70f4c67a956b ea25a50cc90e4024bdbf34cbd67ba251 1b21af1dd38446ad95de658f93aa5519 - - default default] Unable to schedule network 73765dd7-0ba0-4f41-97a9-2131e32be1f6: no agents available; will retry on subsequent port and subnet creation events.
2026-04-07 01:17:29.415 10 INFO neutron.db.ovn_revision_numbers_db [None req-b0be1b13-5df4-4e61-97f4-70f4c67a956b ea25a50cc90e4024bdbf34cbd67ba251 1b21af1dd38446ad95de658f93aa5519 - - default default] Successfully bumped revision number for resource 6185bba8-18c1-4dd4-92fc-7b81ffca8bdc (type: subnets) to 0
2026-04-07 01:17:29.427 10 INFO neutron.api.wsgi [None req-b0be1b13-5df4-4e61-97f4-70f4c67a956b ea25a50cc90e4024bdbf34cbd67ba251 1b21af1dd38446ad95de658f93aa5519 - - default default] 10.0.0.206 "POST /v2.0/subnets HTTP/1.1" status: 201 len: 845 time: 0.2115393
2026-04-07 01:17:29.436 10 WARNING neutron_lib.context [None req-f872e383-6bb8-418e-a69b-c8f5b00cd759 ea25a50cc90e4024bdbf34cbd67ba251 1b21af1dd38446ad95de658f93aa5519 - - default default] Method 'is_advsvc' is deprecated since 2023.2 release (neutron-lib 3.8.0) and will be removed once support for the old RBAC API policies will be removed from Neutron. Please use method 'is_service_role' instead.
2026-04-07 01:17:29.590 10 WARNING neutron.scheduler.dhcp_agent_scheduler [None req-f872e383-6bb8-418e-a69b-c8f5b00cd759 ea25a50cc90e4024bdbf34cbd67ba251 1b21af1dd38446ad95de658f93aa5519 - - default default] No more DHCP agents
2026-04-07 01:17:29.591 10 WARNING neutron.api.rpc.agentnotifiers.dhcp_rpc_agent_api [None req-f872e383-6bb8-418e-a69b-c8f5b00cd759 ea25a50cc90e4024bdbf34cbd67ba251 1b21af1dd38446ad95de658f93aa5519 - - default default] Unable to schedule network 5300c29d-b8c5-483d-a6f6-f82c54597c17: no agents available; will retry on subsequent port and subnet creation events.
2026-04-07 01:17:29.619 10 INFO neutron.db.ovn_revision_numbers_db [None req-f872e383-6bb8-418e-a69b-c8f5b00cd759 ea25a50cc90e4024bdbf34cbd67ba251 1b21af1dd38446ad95de658f93aa5519 - - default default] Successfully bumped revision number for resource 12549591-9913-4354-8438-58d7fd385b99 (type: subnets) to 0
2026-04-07 01:17:29.633 10 INFO neutron.api.wsgi [None req-f872e383-6bb8-418e-a69b-c8f5b00cd759 ea25a50cc90e4024bdbf34cbd67ba251 1b21af1dd38446ad95de658f93aa5519 - - default default] 10.0.0.206 "POST /v2.0/subnets HTTP/1.1" status: 201 len: 854 time: 0.2006154
2026-04-07 01:17:29.641 10 WARNING neutron_lib.context [None req-f62c8cf1-48b5-476f-abfc-e253ea1c13fc ea25a50cc90e4024bdbf34cbd67ba251 1b21af1dd38446ad95de658f93aa5519 - - default default] Method 'is_advsvc' is deprecated since 2023.2 release (neutron-lib 3.8.0) and will be removed once support for the old RBAC API policies will be removed from Neutron. Please use method 'is_service_role' instead.
2026-04-07 01:17:29.737 10 INFO neutron.db.ovn_revision_numbers_db [None req-f62c8cf1-48b5-476f-abfc-e253ea1c13fc ea25a50cc90e4024bdbf34cbd67ba251 1b21af1dd38446ad95de658f93aa5519 - - default default] Successfully bumped revision number for resource c0fbabe4-11d5-4856-b69c-585e5e298882 (type: routers) to 1
2026-04-07 01:17:29.749 10 INFO neutron.api.wsgi [None req-f62c8cf1-48b5-476f-abfc-e253ea1c13fc ea25a50cc90e4024bdbf34cbd67ba251 1b21af1dd38446ad95de658f93aa5519 - - default default] 10.0.0.206 "POST /v2.0/routers HTTP/1.1" status: 201 len: 805 time: 0.1110363
2026-04-07 01:17:30.076 10 WARNING neutron.scheduler.dhcp_agent_scheduler [None req-918fa1cf-9e82-4207-979f-0ee2676682ec ea25a50cc90e4024bdbf34cbd67ba251 1b21af1dd38446ad95de658f93aa5519 - - default default] No more DHCP agents
2026-04-07 01:17:30.077 10 WARNING neutron.api.rpc.agentnotifiers.dhcp_rpc_agent_api [None req-918fa1cf-9e82-4207-979f-0ee2676682ec ea25a50cc90e4024bdbf34cbd67ba251 1b21af1dd38446ad95de658f93aa5519 - - default default] Unable to schedule network 73765dd7-0ba0-4f41-97a9-2131e32be1f6: no agents available; will retry on subsequent port and subnet creation events.
2026-04-07 01:17:30.156 10 INFO neutron.db.ovn_revision_numbers_db [None req-918fa1cf-9e82-4207-979f-0ee2676682ec ea25a50cc90e4024bdbf34cbd67ba251 1b21af1dd38446ad95de658f93aa5519 - - default default] Successfully bumped revision number for resource e9fc42ca-9464-4d09-8f23-f68d3634409d (type: ports) to 1
2026-04-07 01:17:30.505 10 INFO neutron.plugins.ml2.drivers.ovn.mech_driver.mech_driver [None req-d3541d07-19f1-4efd-b9ce-42252add6273 - - - - - -] OVN reports status up for port: e9fc42ca-9464-4d09-8f23-f68d3634409d
2026-04-07 01:17:30.515 10 INFO neutron.plugins.ml2.plugin [None req-d3541d07-19f1-4efd-b9ce-42252add6273 - - - - - -] Attempt 1 to provision port e9fc42ca-9464-4d09-8f23-f68d3634409d
2026-04-07 01:17:30.523 10 INFO neutron.db.ovn_revision_numbers_db [None req-918fa1cf-9e82-4207-979f-0ee2676682ec ea25a50cc90e4024bdbf34cbd67ba251 1b21af1dd38446ad95de658f93aa5519 - - default default] Successfully bumped revision number for resource e9fc42ca-9464-4d09-8f23-f68d3634409d (type: ports) to 1
2026-04-07 01:17:30.573 10 WARNING neutron.scheduler.dhcp_agent_scheduler [None req-918fa1cf-9e82-4207-979f-0ee2676682ec ea25a50cc90e4024bdbf34cbd67ba251 1b21af1dd38446ad95de658f93aa5519 - - default default] No more DHCP agents
2026-04-07 01:17:30.574 10 WARNING neutron.api.rpc.agentnotifiers.dhcp_rpc_agent_api [None req-918fa1cf-9e82-4207-979f-0ee2676682ec ea25a50cc90e4024bdbf34cbd67ba251 1b21af1dd38446ad95de658f93aa5519 - - default default] Unable to schedule network 73765dd7-0ba0-4f41-97a9-2131e32be1f6: no agents available; will retry on subsequent port and subnet creation events.
2026-04-07 01:17:30.798 10 INFO neutron.db.ovn_revision_numbers_db [None req-918fa1cf-9e82-4207-979f-0ee2676682ec ea25a50cc90e4024bdbf34cbd67ba251 1b21af1dd38446ad95de658f93aa5519 - - default default] Successfully bumped revision number for resource e9fc42ca-9464-4d09-8f23-f68d3634409d (type: router_ports) to 1
2026-04-07 01:17:30.804 10 INFO neutron.api.wsgi [None req-918fa1cf-9e82-4207-979f-0ee2676682ec ea25a50cc90e4024bdbf34cbd67ba251 1b21af1dd38446ad95de658f93aa5519 - - default default] 10.0.0.206 "PUT /v2.0/routers/c0fbabe4-11d5-4856-b69c-585e5e298882/add_router_interface HTTP/1.1" status: 200 len: 503 time: 1.0486324
2026-04-07 01:17:30.869 9 INFO neutron.api.wsgi [None req-f4453e4b-4e33-439d-b8e8-c6836e77d23e ea25a50cc90e4024bdbf34cbd67ba251 1b21af1dd38446ad95de658f93aa5519 - - default default] 10.0.0.206 "GET /v2.0/ports/e9fc42ca-9464-4d09-8f23-f68d3634409d HTTP/1.1" status: 200 len: 1141 time: 0.0593660
2026-04-07 01:17:30.940 10 INFO neutron.db.ovn_revision_numbers_db [None req-d3541d07-19f1-4efd-b9ce-42252add6273 - - - - - -] Successfully bumped revision number for resource e9fc42ca-9464-4d09-8f23-f68d3634409d (type: ports) to 2
2026-04-07 01:17:31.248 9 WARNING neutron.scheduler.dhcp_agent_scheduler [None req-407ed15d-f0bf-4b7d-bf2d-42fbac5855d8 ea25a50cc90e4024bdbf34cbd67ba251 1b21af1dd38446ad95de658f93aa5519 - - default default] No more DHCP agents
2026-04-07 01:17:31.249 9 WARNING neutron.api.rpc.agentnotifiers.dhcp_rpc_agent_api [None req-407ed15d-f0bf-4b7d-bf2d-42fbac5855d8 ea25a50cc90e4024bdbf34cbd67ba251 1b21af1dd38446ad95de658f93aa5519 - - default default] Unable to schedule network 5300c29d-b8c5-483d-a6f6-f82c54597c17: no agents available; will retry on subsequent port and subnet creation events.
2026-04-07 01:17:31.329 9 INFO neutron.db.ovn_revision_numbers_db [None req-407ed15d-f0bf-4b7d-bf2d-42fbac5855d8 ea25a50cc90e4024bdbf34cbd67ba251 1b21af1dd38446ad95de658f93aa5519 - - default default] Successfully bumped revision number for resource e7eab3b1-529a-4260-b831-77f6eb86de8b (type: ports) to 1
2026-04-07 01:17:31.799 9 INFO neutron.db.ovn_revision_numbers_db [None req-407ed15d-f0bf-4b7d-bf2d-42fbac5855d8 ea25a50cc90e4024bdbf34cbd67ba251 1b21af1dd38446ad95de658f93aa5519 - - default default] Successfully bumped revision number for resource e7eab3b1-529a-4260-b831-77f6eb86de8b (type: ports) to 1
2026-04-07 01:17:31.850 9 WARNING neutron.scheduler.dhcp_agent_scheduler [None req-407ed15d-f0bf-4b7d-bf2d-42fbac5855d8 ea25a50cc90e4024bdbf34cbd67ba251 1b21af1dd38446ad95de658f93aa5519 - - default default] No more DHCP agents
2026-04-07 01:17:31.851 9 WARNING neutron.api.rpc.agentnotifiers.dhcp_rpc_agent_api [None req-407ed15d-f0bf-4b7d-bf2d-42fbac5855d8 ea25a50cc90e4024bdbf34cbd67ba251 1b21af1dd38446ad95de658f93aa5519 - - default default] Unable to schedule network 5300c29d-b8c5-483d-a6f6-f82c54597c17: no agents available; will retry on subsequent port and subnet creation events.
2026-04-07 01:17:32.015 9 INFO neutron.db.ovn_revision_numbers_db [None req-407ed15d-f0bf-4b7d-bf2d-42fbac5855d8 ea25a50cc90e4024bdbf34cbd67ba251 1b21af1dd38446ad95de658f93aa5519 - - default default] Successfully bumped revision number for resource e7eab3b1-529a-4260-b831-77f6eb86de8b (type: router_ports) to 1
2026-04-07 01:17:32.020 9 INFO neutron.api.wsgi [None req-407ed15d-f0bf-4b7d-bf2d-42fbac5855d8 ea25a50cc90e4024bdbf34cbd67ba251 1b21af1dd38446ad95de658f93aa5519 - - default default] 10.0.0.206 "PUT /v2.0/routers/c0fbabe4-11d5-4856-b69c-585e5e298882/add_router_interface HTTP/1.1" status: 200 len: 503 time: 1.1478665
2026-04-07 01:17:32.095 9 INFO neutron.api.wsgi [None req-168223c2-2bdb-4142-86bc-488b0047d6ea ea25a50cc90e4024bdbf34cbd67ba251 1b21af1dd38446ad95de658f93aa5519 - - default default] 10.0.0.206 "GET /v2.0/ports/e7eab3b1-529a-4260-b831-77f6eb86de8b HTTP/1.1" status: 200 len: 1147 time: 0.0685081
2026-04-07 01:17:32.128 9 INFO neutron.api.wsgi [None req-74887584-fcdd-4525-8e66-38c881d380d3 ea25a50cc90e4024bdbf34cbd67ba251 1b21af1dd38446ad95de658f93aa5519 - - default default] 10.0.0.206 "GET /v2.0/ports/e7eab3b1-529a-4260-b831-77f6eb86de8b HTTP/1.1" status: 200 len: 1147 time: 0.0264549
2026-04-07 01:17:33.164 10 INFO neutron.api.wsgi [None req-d8e10bb8-71df-42d0-99fb-d45a5bdd9825 ea25a50cc90e4024bdbf34cbd67ba251 1b21af1dd38446ad95de658f93aa5519 - - default default] 10.0.0.206 "GET /v2.0/ports/e7eab3b1-529a-4260-b831-77f6eb86de8b HTTP/1.1" status: 200 len: 1147 time: 0.0306327
2026-04-07 01:17:34.212 10 INFO neutron.api.wsgi [None req-241d47a7-9f5d-4175-a496-5df0fc119955 ea25a50cc90e4024bdbf34cbd67ba251 1b21af1dd38446ad95de658f93aa5519 - - default default] 10.0.0.206 "GET /v2.0/ports/e7eab3b1-529a-4260-b831-77f6eb86de8b HTTP/1.1" status: 200 len: 1147 time: 0.0420847
2026-04-07 01:17:34.217 10 INFO neutron.api.wsgi [req-cf70d378-f346-4ae6-9174-8150c30f9b2a req-3c19cdb6-dd2a-44f1-bd77-f47fa03b6305 077cfc4fdc9945279dd840bee508c26d 7b2064a28fc940e79a1ae6d59fa8558d - - f2cb70a218e141769260855bf15aa918 f2cb70a218e141769260855bf15aa918] 10.0.0.145 "GET /v2.0/ports?device_id=cc962766-885e-4e45-92dd-759bd5cace38 HTTP/1.1" status: 200 len: 1409 time: 0.1263473
2026-04-07 01:17:34.252 10 INFO neutron.api.wsgi [req-cf70d378-f346-4ae6-9174-8150c30f9b2a req-b3783921-f58c-45f3-b3ed-a6240eadbe46 077cfc4fdc9945279dd840bee508c26d 7b2064a28fc940e79a1ae6d59fa8558d - - f2cb70a218e141769260855bf15aa918 f2cb70a218e141769260855bf15aa918] 10.0.0.145 "GET /v2.0/security-groups?id=b5be9bb6-339c-41bf-a011-2c16e76da186&fields=id&fields=name HTTP/1.1" status: 200 len: 313 time: 0.0277510
2026-04-07 01:17:35.279 10 INFO neutron.api.wsgi [None req-ae41bff1-0b4e-4cf5-a6ea-b150c9326649 ea25a50cc90e4024bdbf34cbd67ba251 1b21af1dd38446ad95de658f93aa5519 - - default default] 10.0.0.206 "GET /v2.0/ports/e7eab3b1-529a-4260-b831-77f6eb86de8b HTTP/1.1" status: 200 len: 1147 time: 0.0558834
2026-04-07 01:17:35.957 10 WARNING neutron.plugins.ml2.drivers.ovn.mech_driver.ovsdb.ovn_client [None req-ab12879b-cad2-4f00-8bdf-170f668da88f - - - - - -] No hosting information found for port e9fc42ca-9464-4d09-8f23-f68d3634409d: RuntimeError: No hosting information found for port e9fc42ca-9464-4d09-8f23-f68d3634409d
2026-04-07 01:17:36.047 10 INFO neutron.db.ovn_revision_numbers_db [None req-ab12879b-cad2-4f00-8bdf-170f668da88f - - - - - -] Successfully bumped revision number for resource e9fc42ca-9464-4d09-8f23-f68d3634409d (type: router_ports) to 2
2026-04-07 01:17:36.081 10 INFO neutron.plugins.ml2.drivers.ovn.mech_driver.mech_driver [None req-ab12879b-cad2-4f00-8bdf-170f668da88f - - - - - -] OVN reports status up for port: e7eab3b1-529a-4260-b831-77f6eb86de8b
2026-04-07 01:17:36.087 10 INFO neutron.plugins.ml2.plugin [None req-ab12879b-cad2-4f00-8bdf-170f668da88f - - - - - -] Attempt 1 to provision port e7eab3b1-529a-4260-b831-77f6eb86de8b
2026-04-07 01:17:36.325 9 INFO neutron.api.wsgi [None req-79e409ca-1155-451c-a6db-3a224d139af5 ea25a50cc90e4024bdbf34cbd67ba251 1b21af1dd38446ad95de658f93aa5519 - - default default] 10.0.0.206 "GET /v2.0/ports/e7eab3b1-529a-4260-b831-77f6eb86de8b HTTP/1.1" status: 200 len: 1149 time: 0.0393035
2026-04-07 01:17:36.722 10 INFO neutron.db.ovn_revision_numbers_db [None req-ab12879b-cad2-4f00-8bdf-170f668da88f - - - - - -] Successfully bumped revision number for resource e7eab3b1-529a-4260-b831-77f6eb86de8b (type: ports) to 2
2026-04-07 01:17:36.930 9 INFO neutron.api.wsgi [None req-113dc30b-a006-4cf4-ba70-0f821b64448d 0b83ec72885a4a498a3e9330b64b9fbf b7214a30e9bb489faefd2b3adfbfb787 - - default default] 10.0.0.206 "GET /v2.0/ports?project_id=4dfd6544db204e0f917bf280812e8286&network_id=a3eceb6f-1783-487f-83e5-0b6b5742c170 HTTP/1.1" status: 200 len: 3510 time: 0.0866191
2026-04-07 01:17:37.052 9 INFO neutron.api.wsgi [None req-a4f84571-7767-4e87-bb08-d691665cf1ae ea25a50cc90e4024bdbf34cbd67ba251 1b21af1dd38446ad95de658f93aa5519 - - default default] 10.0.0.206 "PUT /v2.0/routers/c0fbabe4-11d5-4856-b69c-585e5e298882/remove_router_interface HTTP/1.1" status: 200 len: 503 time: 0.7210596 /var/lib/openstack/lib/python3.12/site-packages/pycadf/identifier.py:71: UserWarning: Invalid uuid: neutron. To ensure interoperability, identifiers should be a valid uuid. warnings.warn(('Invalid uuid: %s. To ensure interoperability, '
2026-04-07 01:17:37.129 9 INFO neutron.api.wsgi [None req-1988491b-407e-48f7-acdd-defd831d6e26 ea25a50cc90e4024bdbf34cbd67ba251 1b21af1dd38446ad95de658f93aa5519 - - default default] 10.0.0.206 "GET /v2.0/ports/e9fc42ca-9464-4d09-8f23-f68d3634409d HTTP/1.1" status: 200 len: 1141 time: 0.0726550
2026-04-07 01:17:37.260 9 INFO neutron.api.wsgi [None req-6d1a2585-e714-407e-8b05-c25adeb264bc 0b83ec72885a4a498a3e9330b64b9fbf b7214a30e9bb489faefd2b3adfbfb787 - - default default] 10.0.0.206 "GET /v2.0/subnets?network_id=9aff7a8e-31f5-4209-ac23-97fb955a382a HTTP/1.1" status: 200 len: 861 time: 0.0353975
2026-04-07 01:17:37.686 10 INFO neutron.db.ovn_revision_numbers_db [None req-070d2ff7-7189-4549-943b-fb06c96a6f87 b52ede52d06f4234a1749f6efdeae547 4dfd6544db204e0f917bf280812e8286 - - default default] Successfully bumped revision number for resource d549cdbe-b6c9-49a8-9a38-6d90464cd950 (type: floatingips) to 2
2026-04-07 01:17:37.696 9 INFO neutron.api.wsgi [-] 10.0.0.230 "GET / HTTP/1.1" status: 200 len: 246 time: 0.0017426
2026-04-07 01:17:37.698 9 INFO neutron.api.wsgi [-] 10.0.0.230 "GET / HTTP/1.1" status: 200 len: 246 time: 0.0010216
2026-04-07 01:17:37.703 9 INFO neutron.api.wsgi [None req-663c7be0-a803-40ea-b9b4-cd7ad87fc7cf ea25a50cc90e4024bdbf34cbd67ba251 1b21af1dd38446ad95de658f93aa5519 - - default default] 10.0.0.206 "PUT /v2.0/routers/c0fbabe4-11d5-4856-b69c-585e5e298882/remove_router_interface HTTP/1.1" status: 200 len: 503 time: 0.5694809 /var/lib/openstack/lib/python3.12/site-packages/pycadf/identifier.py:71: UserWarning: Invalid uuid: neutron. To ensure interoperability, identifiers should be a valid uuid. warnings.warn(('Invalid uuid: %s. To ensure interoperability, '
2026-04-07 01:17:37.724 9 INFO neutron.api.wsgi [None req-f82a448e-c384-49e9-8155-c55a9ca5d010 ea25a50cc90e4024bdbf34cbd67ba251 1b21af1dd38446ad95de658f93aa5519 - - default default] 10.0.0.206 "GET /v2.0/ports?device_id=c0fbabe4-11d5-4856-b69c-585e5e298882 HTTP/1.1" status: 200 len: 205 time: 0.0157886
2026-04-07 01:17:37.755 10 INFO neutron.db.l3_db [None req-070d2ff7-7189-4549-943b-fb06c96a6f87 b52ede52d06f4234a1749f6efdeae547 4dfd6544db204e0f917bf280812e8286 - - default default] Floating IP d549cdbe-b6c9-49a8-9a38-6d90464cd950 disassociated. External IP: 10.96.250.214, port: af76fdeb-b724-4b0c-9572-186844fb9cf2.
2026-04-07 01:17:37.782 10 INFO neutron.api.wsgi [None req-070d2ff7-7189-4549-943b-fb06c96a6f87 b52ede52d06f4234a1749f6efdeae547 4dfd6544db204e0f917bf280812e8286 - - default default] 10.0.0.206 "PUT /v2.0/floatingips/d549cdbe-b6c9-49a8-9a38-6d90464cd950 HTTP/1.1" status: 200 len: 748 time: 0.2883987
2026-04-07 01:17:37.808 10 INFO neutron.api.wsgi [None req-979c0f85-545d-4af3-9d53-fdc306897657 b52ede52d06f4234a1749f6efdeae547 4dfd6544db204e0f917bf280812e8286 - - default default] 10.0.0.206 "GET /v2.0/floatingips/d549cdbe-b6c9-49a8-9a38-6d90464cd950 HTTP/1.1" status: 200 len: 746 time: 0.0202076
2026-04-07 01:17:37.834 10 INFO neutron.notifiers.nova [-] Nova event matching ['req-33d7c38b-afa1-42c6-b54a-e183ce85c212'] response: {'name': 'network-changed', 'server_uuid': 'cc962766-885e-4e45-92dd-759bd5cace38', 'tag': 'af76fdeb-b724-4b0c-9572-186844fb9cf2', 'status': 'completed', 'code': 200}
2026-04-07 01:17:37.885 9 INFO neutron.api.wsgi [None req-aeddb65f-5620-4e75-a143-483eb7b81d6f ea25a50cc90e4024bdbf34cbd67ba251 1b21af1dd38446ad95de658f93aa5519 - - default default] 10.0.0.206 "DELETE /v2.0/routers/c0fbabe4-11d5-4856-b69c-585e5e298882 HTTP/1.1" status: 204 len: 168 time: 0.1565540
2026-04-07 01:17:38.015 9 INFO neutron.api.wsgi [None req-c52850f8-36d8-488c-8bc6-8d915449d078 ea25a50cc90e4024bdbf34cbd67ba251 1b21af1dd38446ad95de658f93aa5519 - - default default] 10.0.0.206 "DELETE /v2.0/subnets/12549591-9913-4354-8438-58d7fd385b99 HTTP/1.1" status: 204 len: 168 time: 0.1252992
2026-04-07 01:17:38.167 9 INFO neutron.api.wsgi [None req-fc97961e-36a8-4c24-b2d1-314dc49c26f1 ea25a50cc90e4024bdbf34cbd67ba251 1b21af1dd38446ad95de658f93aa5519 - - default default] 10.0.0.206 "DELETE /v2.0/subnets/6185bba8-18c1-4dd4-92fc-7b81ffca8bdc HTTP/1.1" status: 204 len: 168 time: 0.1448631
2026-04-07 01:17:38.376 9 INFO neutron.api.wsgi [req-46dafc69-95b8-41ed-956a-0eaeea3c3495 req-a129df0b-092e-457e-a1b1-5a07dc3ce064 077cfc4fdc9945279dd840bee508c26d 7b2064a28fc940e79a1ae6d59fa8558d - - f2cb70a218e141769260855bf15aa918 f2cb70a218e141769260855bf15aa918] 199.204.45.244 "GET /v2.0/ports?tenant_id=4dfd6544db204e0f917bf280812e8286&device_id=cc962766-885e-4e45-92dd-759bd5cace38 HTTP/1.1" status: 200 len: 1409 time: 0.0353048
