2026-04-07 01:15:43.756 9 INFO neutron.api.wsgi [req-3dc68eb4-8c32-441e-8e84-173b87f70071 req-2ce548f8-017a-4639-9958-8eb9a33af65c 077cfc4fdc9945279dd840bee508c26d 7b2064a28fc940e79a1ae6d59fa8558d - - f2cb70a218e141769260855bf15aa918 f2cb70a218e141769260855bf15aa918] 199.204.45.244 "GET /v2.0/networks?shared=True HTTP/1.1" status: 200 len: 952 time: 0.0475285
2026-04-07 01:15:43.968 10 INFO neutron.notifiers.nova [-] Nova event matching ['req-6f713b36-f432-4717-9919-87f5fe577027'] response: {'name': 'network-changed', 'server_uuid': 'f9794ded-c2b1-4c53-adf1-072c033ccab5', 'tag': '03a204d5-701d-4e98-8fcf-ecceac00ae3f', 'status': 'completed', 'code': 200}
2026-04-07 01:15:43.968 10 INFO neutron.notifiers.nova [-] Nova event matching ['req-6f713b36-f432-4717-9919-87f5fe577027'] response: {'server_uuid': 'f9794ded-c2b1-4c53-adf1-072c033ccab5', 'name': 'network-vif-unplugged', 'status': 'completed', 'tag': '03a204d5-701d-4e98-8fcf-ecceac00ae3f', 'code': 200}
2026-04-07 01:15:43.968 10 INFO neutron.notifiers.nova [-] Nova event matching ['req-6f713b36-f432-4717-9919-87f5fe577027'] response: {'server_uuid': 'f9794ded-c2b1-4c53-adf1-072c033ccab5', 'name': 'network-vif-unplugged', 'status': 'completed', 'tag': '03a204d5-701d-4e98-8fcf-ecceac00ae3f', 'code': 200}
2026-04-07 01:15:44.150 9 INFO neutron.api.wsgi [req-dde01c5d-c476-4f41-93db-e61f80b6e174 req-c3b225da-e8d8-43ff-90cb-21662dced056 984fbdfc99d649209dc1352ea21eeb41 b463f2f927e047c6990c6ca3444dea92 - - default default] 10.0.0.43 "GET /v2.0/ports?device_id=ba281763-37bb-46d0-9b9f-87618584d4e8 HTTP/1.1" status: 200 len: 1172 time: 0.0343943
2026-04-07 01:15:44.187 9 INFO neutron.api.wsgi [req-dde01c5d-c476-4f41-93db-e61f80b6e174 req-35f5cacc-976e-4ea2-917f-e71d66cf5c35 984fbdfc99d649209dc1352ea21eeb41 b463f2f927e047c6990c6ca3444dea92 - - default default] 10.0.0.43 "GET /v2.0/security-groups?id=b91e0d92-ac58-44cc-b412-38aa88978cf4&fields=id&fields=name HTTP/1.1" status: 200 len: 312 time: 0.0306492
2026-04-07 01:15:44.319 9 INFO neutron.api.wsgi [req-9d6b8ea3-5973-4ad7-85b6-16f9d6d843c4 req-9ae0c04f-8ab2-4b96-b8da-ff60dd332ad3 52160afacb5f48d4ac85a6290fa48512 bdbe93101f344055b7827af8b5b61a6f - - default default] 199.204.45.244 "GET /v2.0/ports?device_id=f9794ded-c2b1-4c53-adf1-072c033ccab5 HTTP/1.1" status: 200 len: 1168 time: 0.0370433
2026-04-07 01:15:44.524 9 INFO neutron.api.wsgi [req-de94f8a0-89af-4c11-86c0-82784d53fcf0 req-51215eee-c5fa-4f00-8117-dbd8032b0624 077cfc4fdc9945279dd840bee508c26d 7b2064a28fc940e79a1ae6d59fa8558d - - f2cb70a218e141769260855bf15aa918 f2cb70a218e141769260855bf15aa918] 199.204.45.244 "GET /v2.0/ports?tenant_id=bdbe93101f344055b7827af8b5b61a6f&device_id=f9794ded-c2b1-4c53-adf1-072c033ccab5 HTTP/1.1" status: 200 len: 1407 time: 0.0438924
2026-04-07 01:15:44.592 9 INFO neutron.api.wsgi [req-de94f8a0-89af-4c11-86c0-82784d53fcf0 req-b561f567-0077-48b5-bf0b-ee2d1bcb9f77 077cfc4fdc9945279dd840bee508c26d 7b2064a28fc940e79a1ae6d59fa8558d - - f2cb70a218e141769260855bf15aa918 f2cb70a218e141769260855bf15aa918] 199.204.45.244 "GET /v2.0/networks?id=0947e661-31c1-46ef-a414-6bf9eed275cb HTTP/1.1" status: 200 len: 974 time: 0.0629411
2026-04-07 01:15:44.673 9 INFO neutron.api.wsgi [req-de94f8a0-89af-4c11-86c0-82784d53fcf0 req-c2b1ac53-b2cc-4553-8a58-ac791d3d5df7 077cfc4fdc9945279dd840bee508c26d 7b2064a28fc940e79a1ae6d59fa8558d - - f2cb70a218e141769260855bf15aa918 f2cb70a218e141769260855bf15aa918] 199.204.45.244 "GET /v2.0/floatingips?fixed_ip_address=10.100.0.3&port_id=03a204d5-701d-4e98-8fcf-ecceac00ae3f HTTP/1.1" status: 200 len: 1057 time: 0.0751212 /var/lib/openstack/lib/python3.12/site-packages/pycadf/identifier.py:71: UserWarning: Invalid uuid: neutron. To ensure interoperability, identifiers should be a valid uuid. warnings.warn(('Invalid uuid: %s. To ensure interoperability, '
2026-04-07 01:15:44.699 9 INFO neutron.db.l3_db [req-9d6b8ea3-5973-4ad7-85b6-16f9d6d843c4 req-74a95de9-bee5-40c1-9929-b0925c3ef309 52160afacb5f48d4ac85a6290fa48512 bdbe93101f344055b7827af8b5b61a6f - - default default] Floating IP c267f5de-e034-4e8a-8c64-9423d3c7951f disassociated. External IP: 10.96.250.213, port: 03a204d5-701d-4e98-8fcf-ecceac00ae3f.
2026-04-07 01:15:44.719 9 INFO neutron.api.wsgi [req-de94f8a0-89af-4c11-86c0-82784d53fcf0 req-90e0f8da-74c4-4165-b7f9-dbefa42e4612 077cfc4fdc9945279dd840bee508c26d 7b2064a28fc940e79a1ae6d59fa8558d - - f2cb70a218e141769260855bf15aa918 f2cb70a218e141769260855bf15aa918] 199.204.45.244 "GET /v2.0/subnets?id=f85304c0-8036-411d-8aef-9a3f4011de36 HTTP/1.1" status: 200 len: 893 time: 0.0377274
2026-04-07 01:15:44.737 9 INFO neutron.api.wsgi [req-de94f8a0-89af-4c11-86c0-82784d53fcf0 req-cbdee844-21f6-45b4-98b7-83bf82993f2e 077cfc4fdc9945279dd840bee508c26d 7b2064a28fc940e79a1ae6d59fa8558d - - f2cb70a218e141769260855bf15aa918 f2cb70a218e141769260855bf15aa918] 199.204.45.244 "GET /v2.0/ports?network_id=0947e661-31c1-46ef-a414-6bf9eed275cb&device_owner=network%3Adhcp HTTP/1.1" status: 200 len: 210 time: 0.0132275
2026-04-07 01:15:44.812 9 INFO neutron.api.wsgi [req-de94f8a0-89af-4c11-86c0-82784d53fcf0 req-944eb031-97ef-418d-8bf9-0221ee2fb1d2 077cfc4fdc9945279dd840bee508c26d 7b2064a28fc940e79a1ae6d59fa8558d - - f2cb70a218e141769260855bf15aa918 f2cb70a218e141769260855bf15aa918] 199.204.45.244 "GET /v2.0/networks/0947e661-31c1-46ef-a414-6bf9eed275cb?fields=segments HTTP/1.1" status: 200 len: 212 time: 0.0649643
2026-04-07 01:15:44.835 9 INFO neutron.api.wsgi [req-5b1c2be4-e863-4225-8ece-4c0a64c86b10 req-096fd5e5-960c-4dca-bf60-34fd79a4df31 077cfc4fdc9945279dd840bee508c26d 7b2064a28fc940e79a1ae6d59fa8558d - - f2cb70a218e141769260855bf15aa918 f2cb70a218e141769260855bf15aa918] 199.204.45.244 "GET /v2.0/ports?tenant_id=b463f2f927e047c6990c6ca3444dea92&device_id=ba281763-37bb-46d0-9b9f-87618584d4e8 HTTP/1.1" status: 200 len: 1411 time: 0.0503359 /var/lib/openstack/lib/python3.12/site-packages/pycadf/identifier.py:71: UserWarning: Invalid uuid: neutron. To ensure interoperability, identifiers should be a valid uuid. warnings.warn(('Invalid uuid: %s. To ensure interoperability, '
2026-04-07 01:15:44.857 9 INFO neutron.api.wsgi [req-5b1c2be4-e863-4225-8ece-4c0a64c86b10 req-c95a4e4c-3c0f-44e3-beea-2a4ff5c1c54c 077cfc4fdc9945279dd840bee508c26d 7b2064a28fc940e79a1ae6d59fa8558d - - f2cb70a218e141769260855bf15aa918 f2cb70a218e141769260855bf15aa918] 199.204.45.244 "GET /v2.0/floatingips?fixed_ip_address=10.100.0.13&port_id=886bcb59-79b3-4ec4-a9fe-1afd55119aab HTTP/1.1" status: 200 len: 217 time: 0.0185800
2026-04-07 01:15:44.869 10 INFO neutron.api.wsgi [req-f7a69d72-d716-41ce-ab1b-82f1ab483035 req-a11c00f7-add8-40ef-a383-f053d95d6266 52160afacb5f48d4ac85a6290fa48512 bdbe93101f344055b7827af8b5b61a6f - - default default] 10.0.0.43 "GET /v2.0/ports?device_id=f9794ded-c2b1-4c53-adf1-072c033ccab5 HTTP/1.1" status: 200 len: 210 time: 0.0210941
2026-04-07 01:15:44.872 9 INFO neutron.api.wsgi [req-9d6b8ea3-5973-4ad7-85b6-16f9d6d843c4 req-74a95de9-bee5-40c1-9929-b0925c3ef309 52160afacb5f48d4ac85a6290fa48512 bdbe93101f344055b7827af8b5b61a6f - - default default] 199.204.45.244 "DELETE /v2.0/ports/03a204d5-701d-4e98-8fcf-ecceac00ae3f HTTP/1.1" status: 204 len: 173 time: 0.5491040
2026-04-07 01:15:44.883 9 INFO neutron.api.wsgi [req-de94f8a0-89af-4c11-86c0-82784d53fcf0 req-28b08c83-06c2-48c8-a9cf-c0b02f87d7a6 077cfc4fdc9945279dd840bee508c26d 7b2064a28fc940e79a1ae6d59fa8558d - - f2cb70a218e141769260855bf15aa918 f2cb70a218e141769260855bf15aa918] 199.204.45.244 "GET /v2.0/networks/0947e661-31c1-46ef-a414-6bf9eed275cb?fields=provider%3Aphysical_network&fields=provider%3Anetwork_type HTTP/1.1" status: 200 len: 277 time: 0.0666463
2026-04-07 01:15:44.887 9 INFO neutron.api.wsgi [req-5b1c2be4-e863-4225-8ece-4c0a64c86b10 req-ff41f053-1ae1-4736-a3d5-4bc4cd1126da 077cfc4fdc9945279dd840bee508c26d 7b2064a28fc940e79a1ae6d59fa8558d - - f2cb70a218e141769260855bf15aa918 f2cb70a218e141769260855bf15aa918] 199.204.45.244 "GET /v2.0/subnets?id=c90af769-e887-41c4-9259-e1489be951a9 HTTP/1.1" status: 200 len: 893 time: 0.0269709
2026-04-07 01:15:44.906 9 INFO neutron.api.wsgi [req-5b1c2be4-e863-4225-8ece-4c0a64c86b10 req-7a4aac4e-e938-4bcb-9ab3-6f9a68bade1b 077cfc4fdc9945279dd840bee508c26d 7b2064a28fc940e79a1ae6d59fa8558d - - f2cb70a218e141769260855bf15aa918 f2cb70a218e141769260855bf15aa918] 199.204.45.244 "GET /v2.0/ports?network_id=8d49c01b-5751-4aa4-8430-fb5f90543036&device_owner=network%3Adhcp HTTP/1.1" status: 200 len: 210 time: 0.0146482
2026-04-07 01:15:44.942 9 INFO neutron.api.wsgi [req-5b1c2be4-e863-4225-8ece-4c0a64c86b10 req-e775165d-213b-4047-ade8-5b2d9024568e 077cfc4fdc9945279dd840bee508c26d 7b2064a28fc940e79a1ae6d59fa8558d - - f2cb70a218e141769260855bf15aa918 f2cb70a218e141769260855bf15aa918] 199.204.45.244 "GET /v2.0/networks/8d49c01b-5751-4aa4-8430-fb5f90543036?fields=segments HTTP/1.1" status: 200 len: 212 time: 0.0330653
2026-04-07 01:15:44.993 9 INFO neutron.api.wsgi [req-5b1c2be4-e863-4225-8ece-4c0a64c86b10 req-17f5ab6b-1765-42c8-b73a-f0ef131e5d29 077cfc4fdc9945279dd840bee508c26d 7b2064a28fc940e79a1ae6d59fa8558d - - f2cb70a218e141769260855bf15aa918 f2cb70a218e141769260855bf15aa918] 199.204.45.244 "GET /v2.0/networks/8d49c01b-5751-4aa4-8430-fb5f90543036?fields=provider%3Aphysical_network&fields=provider%3Anetwork_type HTTP/1.1" status: 200 len: 277 time: 0.0448923
2026-04-07 01:15:45.092 9 INFO neutron.notifiers.nova [-] Nova event matching ['req-0061d3d0-6d3c-40cd-bae2-9f596351b54e'] response: {'server_uuid': 'f9794ded-c2b1-4c53-adf1-072c033ccab5', 'name': 'network-vif-deleted', 'tag': '03a204d5-701d-4e98-8fcf-ecceac00ae3f', 'status': 'completed', 'code': 200}
2026-04-07 01:15:45.320 10 INFO neutron.api.wsgi [req-b497b535-1888-43af-bb09-f28086897d43 req-2fb610ea-cfe8-4b16-acfe-e87008c92a31 984fbdfc99d649209dc1352ea21eeb41 b463f2f927e047c6990c6ca3444dea92 - - default default] 10.0.0.43 "GET /v2.0/ports?device_id=ba281763-37bb-46d0-9b9f-87618584d4e8 HTTP/1.1" status: 200 len: 1172 time: 0.0728636
2026-04-07 01:15:45.358 10 INFO neutron.api.wsgi [req-b497b535-1888-43af-bb09-f28086897d43 req-937cdb1e-97d8-4230-99de-30ae11b72d23 984fbdfc99d649209dc1352ea21eeb41 b463f2f927e047c6990c6ca3444dea92 - - default default] 10.0.0.43 "GET /v2.0/security-groups?id=b91e0d92-ac58-44cc-b412-38aa88978cf4&fields=id&fields=name HTTP/1.1" status: 200 len: 312 time: 0.0306368
2026-04-07 01:15:45.963 9 INFO neutron.api.wsgi [req-18b3ac0b-f6d7-436d-a0df-530520fda6c6 req-d9a6cb4c-95d3-4e1a-8883-2b3363d581be 52160afacb5f48d4ac85a6290fa48512 bdbe93101f344055b7827af8b5b61a6f - - default default] 10.0.0.43 "GET /v2.0/ports?device_id=f9794ded-c2b1-4c53-adf1-072c033ccab5 HTTP/1.1" status: 200 len: 210 time: 0.0138681
2026-04-07 01:15:46.461 10 INFO neutron.api.wsgi [req-8b52083e-ba79-4c87-bff0-7d3343cf8cfa req-eba088dd-6d46-4f8f-b2ae-71a730de5ead 984fbdfc99d649209dc1352ea21eeb41 b463f2f927e047c6990c6ca3444dea92 - - default default] 10.0.0.43 "GET /v2.0/ports?device_id=ba281763-37bb-46d0-9b9f-87618584d4e8 HTTP/1.1" status: 200 len: 1172 time: 0.0439343
2026-04-07 01:15:46.503 10 INFO neutron.api.wsgi [req-8b52083e-ba79-4c87-bff0-7d3343cf8cfa req-6598dde3-4e7c-4b56-a091-ddc9de514a74 984fbdfc99d649209dc1352ea21eeb41 b463f2f927e047c6990c6ca3444dea92 - - default default] 10.0.0.43 "GET /v2.0/security-groups?id=b91e0d92-ac58-44cc-b412-38aa88978cf4&fields=id&fields=name HTTP/1.1" status: 200 len: 312 time: 0.0358617
2026-04-07 01:15:46.513 10 WARNING neutron_lib.context [None req-68224a1f-eee2-40d6-b832-13b1a51d81f9 db2d3857c65b46ac9201bd00f57948c0 19c240d8c2b4451a869ca055b312a5e8 - - default default] Method 'is_advsvc' is deprecated since 2023.2 release (neutron-lib 3.8.0) and will be removed once support for the old RBAC API policies will be removed from Neutron. Please use method 'is_service_role' instead.
2026-04-07 01:15:46.648 10 INFO neutron.db.ovn_revision_numbers_db [None req-68224a1f-eee2-40d6-b832-13b1a51d81f9 db2d3857c65b46ac9201bd00f57948c0 19c240d8c2b4451a869ca055b312a5e8 - - default default] Successfully bumped revision number for resource e2f8638a-5d3d-47ea-91e5-df80e2d7f872 (type: security_groups) to 1
2026-04-07 01:15:46.660 10 INFO neutron.db.ovn_revision_numbers_db [None req-68224a1f-eee2-40d6-b832-13b1a51d81f9 db2d3857c65b46ac9201bd00f57948c0 19c240d8c2b4451a869ca055b312a5e8 - - default default] Successfully bumped revision number for resource 591e0b93-4715-4faa-a3a8-25f8437406b1 (type: security_group_rules) to 0
2026-04-07 01:15:46.671 10 INFO neutron.db.ovn_revision_numbers_db [None req-68224a1f-eee2-40d6-b832-13b1a51d81f9 db2d3857c65b46ac9201bd00f57948c0 19c240d8c2b4451a869ca055b312a5e8 - - default default] Successfully bumped revision number for resource 669c9f45-6c04-4e05-a114-7624a8ba45c2 (type: security_group_rules) to 0
2026-04-07 01:15:46.681 10 INFO neutron.db.ovn_revision_numbers_db [None req-68224a1f-eee2-40d6-b832-13b1a51d81f9 db2d3857c65b46ac9201bd00f57948c0 19c240d8c2b4451a869ca055b312a5e8 - - default default] Successfully bumped revision number for resource 84b52ef7-c638-48ff-8e2f-35cebb9b4e21 (type: security_group_rules) to 0
2026-04-07 01:15:46.696 10 INFO neutron.db.ovn_revision_numbers_db [None req-68224a1f-eee2-40d6-b832-13b1a51d81f9 db2d3857c65b46ac9201bd00f57948c0 19c240d8c2b4451a869ca055b312a5e8 - - default default] Successfully bumped revision number for resource e5597e43-c425-4776-bebd-aaf437e6659d (type: security_group_rules) to 0
2026-04-07 01:15:46.773 10 INFO neutron.db.segments_db [None req-68224a1f-eee2-40d6-b832-13b1a51d81f9 db2d3857c65b46ac9201bd00f57948c0 19c240d8c2b4451a869ca055b312a5e8 - - default default] Added segment d6e4d0b1-734b-49b4-b9ed-f7a850f4b402 of type geneve for network 5c1ea1ff-7b04-425e-88c5-0cf5232bc5b3
2026-04-07 01:15:46.900 10 INFO neutron.db.ovn_revision_numbers_db [None req-68224a1f-eee2-40d6-b832-13b1a51d81f9 db2d3857c65b46ac9201bd00f57948c0 19c240d8c2b4451a869ca055b312a5e8 - - default default] Successfully bumped revision number for resource 5c1ea1ff-7b04-425e-88c5-0cf5232bc5b3 (type: networks) to 1
2026-04-07 01:15:47.047 10 INFO neutron.api.wsgi [req-3d07393f-55c1-459f-9088-58da7545e17e req-7dbc8ca6-90d1-451b-85e4-bad37660ab8c 52160afacb5f48d4ac85a6290fa48512 bdbe93101f344055b7827af8b5b61a6f - - default default] 10.0.0.43 "GET /v2.0/ports?device_id=f9794ded-c2b1-4c53-adf1-072c033ccab5 HTTP/1.1" status: 200 len: 210 time: 0.0221930
2026-04-07 01:15:47.097 10 WARNING neutron.scheduler.dhcp_agent_scheduler [None req-68224a1f-eee2-40d6-b832-13b1a51d81f9 db2d3857c65b46ac9201bd00f57948c0 19c240d8c2b4451a869ca055b312a5e8 - - default default] No more DHCP agents
2026-04-07 01:15:47.099 10 WARNING neutron.api.rpc.agentnotifiers.dhcp_rpc_agent_api [None req-68224a1f-eee2-40d6-b832-13b1a51d81f9 db2d3857c65b46ac9201bd00f57948c0 19c240d8c2b4451a869ca055b312a5e8 - - default default] Unable to schedule network 5c1ea1ff-7b04-425e-88c5-0cf5232bc5b3: no agents available; will retry on subsequent port and subnet creation events.
2026-04-07 01:15:47.140 9 INFO neutron.plugins.ml2.drivers.ovn.mech_driver.mech_driver [None req-be66ab88-88e1-4242-864a-9bfb6ede632d - - - - - -] OVN reports status up for port: 886bcb59-79b3-4ec4-a9fe-1afd55119aab
2026-04-07 01:15:47.154 9 INFO neutron.plugins.ml2.plugin [None req-be66ab88-88e1-4242-864a-9bfb6ede632d - - - - - -] Attempt 1 to provision port 886bcb59-79b3-4ec4-a9fe-1afd55119aab
2026-04-07 01:15:47.182 10 INFO neutron.db.ovn_revision_numbers_db [None req-68224a1f-eee2-40d6-b832-13b1a51d81f9 db2d3857c65b46ac9201bd00f57948c0 19c240d8c2b4451a869ca055b312a5e8 - - default default] Successfully bumped revision number for resource f2889500-4d41-41ba-ab8f-aaa93eb92189 (type: ports) to 1
2026-04-07 01:15:47.208 10 INFO neutron.api.wsgi [None req-68224a1f-eee2-40d6-b832-13b1a51d81f9 db2d3857c65b46ac9201bd00f57948c0 19c240d8c2b4451a869ca055b312a5e8 - - default default] 10.0.0.206 "POST /v2.0/networks HTTP/1.1" status: 201 len: 839 time: 0.9328187
2026-04-07 01:15:47.218 10 WARNING neutron_lib.context [None req-c83366ba-51f0-48c9-bd18-98fa84ed1b22 db2d3857c65b46ac9201bd00f57948c0 19c240d8c2b4451a869ca055b312a5e8 - - default default] Method 'is_advsvc' is deprecated since 2023.2 release (neutron-lib 3.8.0) and will be removed once support for the old RBAC API policies will be removed from Neutron. Please use method 'is_service_role' instead.
2026-04-07 01:15:47.312 9 INFO neutron.notifiers.nova [-] Nova event matching ['req-23bd9188-c71c-4c84-8076-0762b93e23f4'] response: {'server_uuid': 'ba281763-37bb-46d0-9b9f-87618584d4e8', 'name': 'network-vif-plugged', 'status': 'completed', 'tag': '886bcb59-79b3-4ec4-a9fe-1afd55119aab', 'code': 200}
2026-04-07 01:15:47.442 10 WARNING neutron.scheduler.dhcp_agent_scheduler [None req-c83366ba-51f0-48c9-bd18-98fa84ed1b22 db2d3857c65b46ac9201bd00f57948c0 19c240d8c2b4451a869ca055b312a5e8 - - default default] No more DHCP agents
2026-04-07 01:15:47.443 10 WARNING neutron.api.rpc.agentnotifiers.dhcp_rpc_agent_api [None req-c83366ba-51f0-48c9-bd18-98fa84ed1b22 db2d3857c65b46ac9201bd00f57948c0 19c240d8c2b4451a869ca055b312a5e8 - - default default] Unable to schedule network 5c1ea1ff-7b04-425e-88c5-0cf5232bc5b3: no agents available; will retry on subsequent port and subnet creation events.
2026-04-07 01:15:47.463 9 INFO neutron.db.ovn_revision_numbers_db [None req-be66ab88-88e1-4242-864a-9bfb6ede632d - - - - - -] Successfully bumped revision number for resource 886bcb59-79b3-4ec4-a9fe-1afd55119aab (type: ports) to 5
2026-04-07 01:15:47.617 10 INFO neutron.api.wsgi [req-3f0270e0-e5ab-47d0-99ce-a46c630ad33b req-33041483-e73f-4578-9622-5cc9bfabe72a 984fbdfc99d649209dc1352ea21eeb41 b463f2f927e047c6990c6ca3444dea92 - - default default] 10.0.0.43 "GET /v2.0/ports?device_id=ba281763-37bb-46d0-9b9f-87618584d4e8 HTTP/1.1" status: 200 len: 1174 time: 0.0383193
2026-04-07 01:15:47.667 10 INFO neutron.api.wsgi [req-3f0270e0-e5ab-47d0-99ce-a46c630ad33b req-e4b7a865-6e13-429a-b0a2-3a2d99b7a9a8 984fbdfc99d649209dc1352ea21eeb41 b463f2f927e047c6990c6ca3444dea92 - - default default] 10.0.0.43 "GET /v2.0/security-groups?id=b91e0d92-ac58-44cc-b412-38aa88978cf4&fields=id&fields=name HTTP/1.1" status: 200 len: 312 time: 0.0457361
2026-04-07 01:15:47.917 10 INFO neutron.db.ovn_revision_numbers_db [None req-cdcb2e2f-9e7c-455c-952c-49cb8c02ee0e - - - - - -] Successfully bumped revision number for resource f2889500-4d41-41ba-ab8f-aaa93eb92189 (type: ports) to 2
2026-04-07 01:15:47.950 10 INFO neutron.db.ovn_revision_numbers_db [None req-cdcb2e2f-9e7c-455c-952c-49cb8c02ee0e - - - - - -] Successfully bumped revision number for resource d2c09d54-3cfb-47ff-b82c-b9684c909d8c (type: subnets) to 0
2026-04-07 01:15:47.965 10 INFO neutron.api.wsgi [None req-c83366ba-51f0-48c9-bd18-98fa84ed1b22 db2d3857c65b46ac9201bd00f57948c0 19c240d8c2b4451a869ca055b312a5e8 - - default default] 10.0.0.206 "POST /v2.0/subnets HTTP/1.1" status: 201 len: 857 time: 0.7527518
2026-04-07 01:15:48.208 10 INFO neutron.api.wsgi [None req-7a2c9992-af40-443e-999a-87f2f5a13d4e 9142169ff44148eb9898702181e25c30 e66bd45e902f45d9adb07dce41e52f8c - - default default] 10.0.0.206 "GET /v2.0/subnetpools?name=shared-default-subnetpool-v6 HTTP/1.1" status: 200 len: 212 time: 0.2362025 /var/lib/openstack/lib/python3.12/site-packages/pycadf/identifier.py:71: UserWarning: Invalid uuid: neutron. To ensure interoperability, identifiers should be a valid uuid. warnings.warn(('Invalid uuid: %s. To ensure interoperability, '
2026-04-07 01:15:48.221 9 WARNING neutron_lib.context [None req-ea060d16-d30c-4683-ba81-4b7b94f2e9f4 db2d3857c65b46ac9201bd00f57948c0 19c240d8c2b4451a869ca055b312a5e8 - - default default] Method 'is_advsvc' is deprecated since 2023.2 release (neutron-lib 3.8.0) and will be removed once support for the old RBAC API policies will be removed from Neutron. Please use method 'is_service_role' instead.
2026-04-07 01:15:48.275 10 INFO neutron.api.wsgi [None req-5875ffe2-a8a6-426e-8e57-656fd1f16c2d 52160afacb5f48d4ac85a6290fa48512 bdbe93101f344055b7827af8b5b61a6f - - default default] 10.0.0.206 "DELETE /v2.0/security-groups/cb8158e0-fd16-4c38-b1fb-29ad6076a2e7 HTTP/1.1" status: 204 len: 168 time: 0.1341569
2026-04-07 01:15:48.289 10 INFO neutron.api.v2.resource [None req-faba9f43-b65d-4254-8a32-603b0c562523 52160afacb5f48d4ac85a6290fa48512 bdbe93101f344055b7827af8b5b61a6f - - default default] show failed (client error): The resource could not be found.
2026-04-07 01:15:48.290 10 INFO neutron.api.wsgi [None req-faba9f43-b65d-4254-8a32-603b0c562523 52160afacb5f48d4ac85a6290fa48512 bdbe93101f344055b7827af8b5b61a6f - - default default] 10.0.0.206 "GET /v2.0/security-groups/cb8158e0-fd16-4c38-b1fb-29ad6076a2e7 HTTP/1.1" status: 404 len: 347 time: 0.0099230
2026-04-07 01:15:48.486 9 WARNING neutron.scheduler.dhcp_agent_scheduler [None req-ea060d16-d30c-4683-ba81-4b7b94f2e9f4 db2d3857c65b46ac9201bd00f57948c0 19c240d8c2b4451a869ca055b312a5e8 - - default default] No more DHCP agents
2026-04-07 01:15:48.487 9 WARNING neutron.api.rpc.agentnotifiers.dhcp_rpc_agent_api [None req-ea060d16-d30c-4683-ba81-4b7b94f2e9f4 db2d3857c65b46ac9201bd00f57948c0 19c240d8c2b4451a869ca055b312a5e8 - - default default] Unable to schedule network 5c1ea1ff-7b04-425e-88c5-0cf5232bc5b3: no agents available; will retry on subsequent port and subnet creation events.
2026-04-07 01:15:48.518 9 INFO neutron.db.ovn_revision_numbers_db [None req-ea060d16-d30c-4683-ba81-4b7b94f2e9f4 db2d3857c65b46ac9201bd00f57948c0 19c240d8c2b4451a869ca055b312a5e8 - - default default] Successfully bumped revision number for resource c20d6daa-4193-4b4c-9ddf-802e31d609b9 (type: subnets) to 0
2026-04-07 01:15:48.533 9 INFO neutron.api.wsgi [None req-ea060d16-d30c-4683-ba81-4b7b94f2e9f4 db2d3857c65b46ac9201bd00f57948c0 19c240d8c2b4451a869ca055b312a5e8 - - default default] 10.0.0.206 "POST /v2.0/subnets HTTP/1.1" status: 201 len: 930 time: 0.3183167
2026-04-07 01:15:48.542 10 WARNING neutron_lib.context [None req-bd2325f9-48f3-4a25-a7d4-77f21a751c0d db2d3857c65b46ac9201bd00f57948c0 19c240d8c2b4451a869ca055b312a5e8 - - default default] Method 'is_advsvc' is deprecated since 2023.2 release (neutron-lib 3.8.0) and will be removed once support for the old RBAC API policies will be removed from Neutron. Please use method 'is_service_role' instead.
2026-04-07 01:15:48.626 10 INFO neutron.api.wsgi [None req-a2f261e6-5ff2-4b29-8e7b-a65b91a054c4 52160afacb5f48d4ac85a6290fa48512 bdbe93101f344055b7827af8b5b61a6f - - default default] 10.0.0.206 "DELETE /v2.0/floatingips/c267f5de-e034-4e8a-8c64-9423d3c7951f HTTP/1.1" status: 204 len: 168 time: 0.3328037
2026-04-07 01:15:48.660 10 INFO neutron.db.segments_db [None req-bd2325f9-48f3-4a25-a7d4-77f21a751c0d db2d3857c65b46ac9201bd00f57948c0 19c240d8c2b4451a869ca055b312a5e8 - - default default] Added segment 3dcb7019-d3b8-4acd-b849-f3ed689c2f32 of type geneve for network c538e71e-691b-49f8-a777-c0eb46f0f424
2026-04-07 01:15:48.800 9 INFO neutron.api.wsgi [req-e896b675-cd1f-4e4b-aa63-fe385dc4757c req-34d477ff-855b-45ad-8aa2-6a2c6a90442a 984fbdfc99d649209dc1352ea21eeb41 b463f2f927e047c6990c6ca3444dea92 - - default default] 10.0.0.43 "GET /v2.0/ports?device_id=ba281763-37bb-46d0-9b9f-87618584d4e8 HTTP/1.1" status: 200 len: 1174 time: 0.0697088
2026-04-07 01:15:48.824 10 INFO neutron.db.ovn_revision_numbers_db [None req-bd2325f9-48f3-4a25-a7d4-77f21a751c0d db2d3857c65b46ac9201bd00f57948c0 19c240d8c2b4451a869ca055b312a5e8 - - default default] Successfully bumped revision number for resource c538e71e-691b-49f8-a777-c0eb46f0f424 (type: networks) to 1
2026-04-07 01:15:48.837 9 INFO neutron.api.wsgi [req-e896b675-cd1f-4e4b-aa63-fe385dc4757c req-01f7e702-1c3e-4ae3-91cd-178ba2a8c700 984fbdfc99d649209dc1352ea21eeb41 b463f2f927e047c6990c6ca3444dea92 - - default default] 10.0.0.43 "GET /v2.0/security-groups?id=b91e0d92-ac58-44cc-b412-38aa88978cf4&fields=id&fields=name HTTP/1.1" status: 200 len: 312 time: 0.0318530
2026-04-07 01:15:49.023 10 WARNING neutron.scheduler.dhcp_agent_scheduler [None req-bd2325f9-48f3-4a25-a7d4-77f21a751c0d db2d3857c65b46ac9201bd00f57948c0 19c240d8c2b4451a869ca055b312a5e8 - - default default] No more DHCP agents
2026-04-07 01:15:49.024 10 WARNING neutron.api.rpc.agentnotifiers.dhcp_rpc_agent_api [None req-bd2325f9-48f3-4a25-a7d4-77f21a751c0d db2d3857c65b46ac9201bd00f57948c0 19c240d8c2b4451a869ca055b312a5e8 - - default default] Unable to schedule network c538e71e-691b-49f8-a777-c0eb46f0f424: no agents available; will retry on subsequent port and subnet creation events.
2026-04-07 01:15:49.266 10 INFO neutron.db.ovn_revision_numbers_db [None req-bd2325f9-48f3-4a25-a7d4-77f21a751c0d db2d3857c65b46ac9201bd00f57948c0 19c240d8c2b4451a869ca055b312a5e8 - - default default] Successfully bumped revision number for resource 188bbc32-6f42-4811-8eb7-e2c73c799ff3 (type: ports) to 1
2026-04-07 01:15:49.292 10 INFO neutron.api.wsgi [None req-bd2325f9-48f3-4a25-a7d4-77f21a751c0d db2d3857c65b46ac9201bd00f57948c0 19c240d8c2b4451a869ca055b312a5e8 - - default default] 10.0.0.206 "POST /v2.0/networks HTTP/1.1" status: 201 len: 836 time: 0.7547042
2026-04-07 01:15:49.303 9 WARNING neutron_lib.context [None req-22c6ade9-0915-4285-a193-ef601e017260 db2d3857c65b46ac9201bd00f57948c0 19c240d8c2b4451a869ca055b312a5e8 - - default default] Method 'is_advsvc' is deprecated since 2023.2 release (neutron-lib 3.8.0) and will be removed once support for the old RBAC API policies will be removed from Neutron. Please use method 'is_service_role' instead.
2026-04-07 01:15:49.359 9 INFO neutron.notifiers.nova [-] Nova event matching ['req-ff150764-5cb8-4e76-b2c0-1434ec714131'] response: {'server_uuid': 'ba281763-37bb-46d0-9b9f-87618584d4e8', 'name': 'network-vif-plugged', 'status': 'completed', 'tag': '886bcb59-79b3-4ec4-a9fe-1afd55119aab', 'code': 200}
2026-04-07 01:15:49.524 9 INFO neutron.db.ovn_revision_numbers_db [None req-5d9dba2d-003b-46c8-968f-8898f4231730 18878a0d425b4acdb108715ae117b9b7 28b3f955963c4cc181f8e9e005ce9122 - - default default] Successfully bumped revision number for resource 6040a37c-7bc7-4c80-8ef9-320ebf7af736 (type: security_groups) to 1
2026-04-07 01:15:49.534 9 INFO neutron.db.ovn_revision_numbers_db [None req-5d9dba2d-003b-46c8-968f-8898f4231730 18878a0d425b4acdb108715ae117b9b7 28b3f955963c4cc181f8e9e005ce9122 - - default default] Successfully bumped revision number for resource 3e4abe51-ce54-4e86-a4fa-9d3263dfafd8 (type: security_group_rules) to 0
2026-04-07 01:15:49.537 9 WARNING neutron.scheduler.dhcp_agent_scheduler [None req-22c6ade9-0915-4285-a193-ef601e017260 db2d3857c65b46ac9201bd00f57948c0 19c240d8c2b4451a869ca055b312a5e8 - - default default] No more DHCP agents
2026-04-07 01:15:49.540 9 WARNING neutron.api.rpc.agentnotifiers.dhcp_rpc_agent_api [None req-22c6ade9-0915-4285-a193-ef601e017260 db2d3857c65b46ac9201bd00f57948c0 19c240d8c2b4451a869ca055b312a5e8 - - default default] Unable to schedule network c538e71e-691b-49f8-a777-c0eb46f0f424: no agents available; will retry on subsequent port and subnet creation events.
2026-04-07 01:15:49.570 9 INFO neutron.db.ovn_revision_numbers_db [None req-5d9dba2d-003b-46c8-968f-8898f4231730 18878a0d425b4acdb108715ae117b9b7 28b3f955963c4cc181f8e9e005ce9122 - - default default] Successfully bumped revision number for resource cc198e12-3e43-4fc7-96c0-c3d210b5d701 (type: security_group_rules) to 0
2026-04-07 01:15:49.588 9 INFO neutron.db.ovn_revision_numbers_db [None req-5d9dba2d-003b-46c8-968f-8898f4231730 18878a0d425b4acdb108715ae117b9b7 28b3f955963c4cc181f8e9e005ce9122 - - default default] Successfully bumped revision number for resource d29b9544-837b-4808-bb59-a84306edaa1c (type: security_group_rules) to 0
2026-04-07 01:15:49.604 9 INFO neutron.db.ovn_revision_numbers_db [None req-5d9dba2d-003b-46c8-968f-8898f4231730 18878a0d425b4acdb108715ae117b9b7 28b3f955963c4cc181f8e9e005ce9122 - - default default] Successfully bumped revision number for resource f83e3e9b-5ce2-48d3-9557-95a327b440cf (type: security_group_rules) to 0
2026-04-07 01:15:49.645 9 INFO neutron.api.wsgi [None req-5d9dba2d-003b-46c8-968f-8898f4231730 18878a0d425b4acdb108715ae117b9b7 28b3f955963c4cc181f8e9e005ce9122 - - default default] 10.0.0.206 "GET /v2.0/security-groups?tenant_id=0d9181caf1a543f6a988401918a9598b&name=default HTTP/1.1" status: 200 len: 3120 time: 0.4045558
2026-04-07 01:15:49.895 10 INFO neutron.api.wsgi [None req-fa218fb4-9f04-49a8-8ce2-75ef3089c0db 18878a0d425b4acdb108715ae117b9b7 28b3f955963c4cc181f8e9e005ce9122 - - default default] 10.0.0.206 "PUT /v2.0/routers/3cda6709-2807-43fa-8c12-1318fbebf818/remove_router_interface HTTP/1.1" status: 200 len: 503 time: 1.2641883
2026-04-07 01:15:49.898 9 INFO neutron.api.wsgi [None req-2e76af56-d0a0-451f-93d8-c76f8d96ffb8 18878a0d425b4acdb108715ae117b9b7 28b3f955963c4cc181f8e9e005ce9122 - - default default] 10.0.0.206 "DELETE /v2.0/security-groups/6040a37c-7bc7-4c80-8ef9-320ebf7af736 HTTP/1.1" status: 204 len: 168 time: 0.2474267 /var/lib/openstack/lib/python3.12/site-packages/pycadf/identifier.py:71: UserWarning: Invalid uuid: neutron. To ensure interoperability, identifiers should be a valid uuid. warnings.warn(('Invalid uuid: %s. To ensure interoperability, '
2026-04-07 01:15:49.941 9 INFO neutron.api.wsgi [req-5d0c17bb-0723-4831-a6d0-8c0f8b333b93 req-1d0ccbd1-3a4d-4d90-95ef-dc357b07e34a 984fbdfc99d649209dc1352ea21eeb41 b463f2f927e047c6990c6ca3444dea92 - - default default] 10.0.0.43 "GET /v2.0/ports?device_id=ba281763-37bb-46d0-9b9f-87618584d4e8 HTTP/1.1" status: 200 len: 1174 time: 0.0349848
2026-04-07 01:15:49.993 9 INFO neutron.api.wsgi [req-5d0c17bb-0723-4831-a6d0-8c0f8b333b93 req-c36777eb-f990-4252-95ad-89ccbde6ce92 984fbdfc99d649209dc1352ea21eeb41 b463f2f927e047c6990c6ca3444dea92 - - default default] 10.0.0.43 "GET /v2.0/security-groups?id=b91e0d92-ac58-44cc-b412-38aa88978cf4&fields=id&fields=name HTTP/1.1" status: 200 len: 312 time: 0.0451045
2026-04-07 01:15:50.041 9 INFO neutron.db.ovn_revision_numbers_db [None req-2b3bd66d-6059-45c8-896d-102dbdbd5364 - - - - - -] Successfully bumped revision number for resource 188bbc32-6f42-4811-8eb7-e2c73c799ff3 (type: ports) to 2
2026-04-07 01:15:50.070 9 INFO neutron.db.ovn_revision_numbers_db [None req-2b3bd66d-6059-45c8-896d-102dbdbd5364 - - - - - -] Successfully bumped revision number for resource 0b883af0-764b-40cf-9116-842bb8601cd4 (type: subnets) to 0
2026-04-07 01:15:50.084 9 INFO neutron.api.wsgi [None req-22c6ade9-0915-4285-a193-ef601e017260 db2d3857c65b46ac9201bd00f57948c0 19c240d8c2b4451a869ca055b312a5e8 - - default default] 10.0.0.206 "POST /v2.0/subnets HTTP/1.1" status: 201 len: 855 time: 0.7858286
2026-04-07 01:15:50.091 9 WARNING neutron_lib.context [None req-5212e615-12a9-472f-8157-bd75f4eab2e5 db2d3857c65b46ac9201bd00f57948c0 19c240d8c2b4451a869ca055b312a5e8 - - default default] Method 'is_advsvc' is deprecated since 2023.2 release (neutron-lib 3.8.0) and will be removed once support for the old RBAC API policies will be removed from Neutron. Please use method 'is_service_role' instead.
2026-04-07 01:15:50.102 10 INFO neutron.api.wsgi [req-7966e598-7eaf-43e3-b0d5-b6078bb2624d req-acd45c61-4d33-41ea-a8b6-dab69baeebb3 984fbdfc99d649209dc1352ea21eeb41 b463f2f927e047c6990c6ca3444dea92 - - default default] 10.0.0.43 "GET /v2.0/ports?device_id=ba281763-37bb-46d0-9b9f-87618584d4e8 HTTP/1.1" status: 200 len: 1174 time: 0.0508680
2026-04-07 01:15:50.170 10 INFO neutron.db.ovn_revision_numbers_db [None req-2a5039f9-4966-464a-a524-a06064493214 18878a0d425b4acdb108715ae117b9b7 28b3f955963c4cc181f8e9e005ce9122 - - default default] Successfully bumped revision number for resource 1a792892-bb7c-43c8-8910-0b3d97576ccb (type: security_groups) to 1
2026-04-07 01:15:50.182 10 INFO neutron.db.ovn_revision_numbers_db [None req-2a5039f9-4966-464a-a524-a06064493214 18878a0d425b4acdb108715ae117b9b7 28b3f955963c4cc181f8e9e005ce9122 - - default default] Successfully bumped revision number for resource 15a1daeb-a150-402b-acc8-ee7c76268c12 (type: security_group_rules) to 0
2026-04-07 01:15:50.195 10 INFO neutron.db.ovn_revision_numbers_db [None req-2a5039f9-4966-464a-a524-a06064493214 18878a0d425b4acdb108715ae117b9b7 28b3f955963c4cc181f8e9e005ce9122 - - default default] Successfully bumped revision number for resource 3c0d1e70-8ae8-47b0-945c-b38fbf6d75c8 (type: security_group_rules) to 0
2026-04-07 01:15:50.209 10 INFO neutron.db.ovn_revision_numbers_db [None req-2a5039f9-4966-464a-a524-a06064493214 18878a0d425b4acdb108715ae117b9b7 28b3f955963c4cc181f8e9e005ce9122 - - default default] Successfully bumped revision number for resource 6bd15240-6d13-4048-b60f-ac6456143277 (type: security_group_rules) to 0
2026-04-07 01:15:50.224 10 INFO neutron.db.ovn_revision_numbers_db [None req-2a5039f9-4966-464a-a524-a06064493214 18878a0d425b4acdb108715ae117b9b7 28b3f955963c4cc181f8e9e005ce9122 - - default default] Successfully bumped revision number for resource 6c7fd267-3fe2-483e-a62d-c18955582024 (type: security_group_rules) to 0
2026-04-07 01:15:50.263 10 INFO neutron.api.wsgi [None req-2a5039f9-4966-464a-a524-a06064493214 18878a0d425b4acdb108715ae117b9b7 28b3f955963c4cc181f8e9e005ce9122 - - default default] 10.0.0.206 "GET /v2.0/security-groups?tenant_id=9e0dbb11fc6f4ad8bf726d2a3bf961ee&name=default HTTP/1.1" status: 200 len: 3120 time: 0.2270923
2026-04-07 01:15:50.384 9 WARNING neutron.scheduler.dhcp_agent_scheduler [None req-5212e615-12a9-472f-8157-bd75f4eab2e5 db2d3857c65b46ac9201bd00f57948c0 19c240d8c2b4451a869ca055b312a5e8 - - default default] No more DHCP agents
2026-04-07 01:15:50.387 9 WARNING neutron.api.rpc.agentnotifiers.dhcp_rpc_agent_api [None req-5212e615-12a9-472f-8157-bd75f4eab2e5 db2d3857c65b46ac9201bd00f57948c0 19c240d8c2b4451a869ca055b312a5e8 - - default default] Unable to schedule network c538e71e-691b-49f8-a777-c0eb46f0f424: no agents available; will retry on subsequent port and subnet creation events.
2026-04-07 01:15:50.422 9 INFO neutron.db.ovn_revision_numbers_db [None req-5212e615-12a9-472f-8157-bd75f4eab2e5 db2d3857c65b46ac9201bd00f57948c0 19c240d8c2b4451a869ca055b312a5e8 - - default default] Successfully bumped revision number for resource 135a9428-e703-4580-95f9-5d0d3245ddc3 (type: subnets) to 0
2026-04-07 01:15:50.444 9 INFO neutron.api.wsgi [None req-5212e615-12a9-472f-8157-bd75f4eab2e5 db2d3857c65b46ac9201bd00f57948c0 19c240d8c2b4451a869ca055b312a5e8 - - default default] 10.0.0.206 "POST /v2.0/subnets HTTP/1.1" status: 201 len: 923 time: 0.3568139
2026-04-07 01:15:50.453 9 WARNING neutron_lib.context [None req-a2794376-a364-402d-9ad2-e3cadc56b3ee db2d3857c65b46ac9201bd00f57948c0 19c240d8c2b4451a869ca055b312a5e8 - - default default] Method 'is_advsvc' is deprecated since 2023.2 release (neutron-lib 3.8.0) and will be removed once support for the old RBAC API policies will be removed from Neutron. Please use method 'is_service_role' instead.
2026-04-07 01:15:50.547 10 INFO neutron.api.wsgi [None req-c080fdd0-3072-4661-b71b-b01c40acd5bf 18878a0d425b4acdb108715ae117b9b7 28b3f955963c4cc181f8e9e005ce9122 - - default default] 10.0.0.206 "DELETE /v2.0/security-groups/1a792892-bb7c-43c8-8910-0b3d97576ccb HTTP/1.1" status: 204 len: 168 time: 0.2792506
2026-04-07 01:15:50.569 9 INFO neutron.db.segments_db [None req-a2794376-a364-402d-9ad2-e3cadc56b3ee db2d3857c65b46ac9201bd00f57948c0 19c240d8c2b4451a869ca055b312a5e8 - - default default] Added segment 38cf8add-ca6b-4dba-ab02-59f1ab4c6719 of type geneve for network 777aaa12-bbfa-4c95-bdd5-34b70372fee4
2026-04-07 01:15:50.631 9 INFO neutron.db.ovn_revision_numbers_db [None req-37567c6f-ead0-45cb-8798-b44b0fced1a5 984fbdfc99d649209dc1352ea21eeb41 b463f2f927e047c6990c6ca3444dea92 - - default default] Successfully bumped revision number for resource c2e8e286-0650-4936-a677-ebe94b7b07de (type: floatingips) to 1
2026-04-07 01:15:50.636 10 INFO neutron.api.wsgi [None req-41dc23f8-2f3d-449e-9c7e-7f65687caa90 18878a0d425b4acdb108715ae117b9b7 28b3f955963c4cc181f8e9e005ce9122 - - default default] 10.0.0.206 "DELETE /v2.0/routers/3cda6709-2807-43fa-8c12-1318fbebf818 HTTP/1.1" status: 204 len: 168 time: 0.7375340 /var/lib/openstack/lib/python3.12/site-packages/pycadf/identifier.py:71: UserWarning: Invalid uuid: neutron. To ensure interoperability, identifiers should be a valid uuid. warnings.warn(('Invalid uuid: %s. To ensure interoperability, '
2026-04-07 01:15:50.712 9 INFO neutron.db.ovn_revision_numbers_db [None req-a2794376-a364-402d-9ad2-e3cadc56b3ee db2d3857c65b46ac9201bd00f57948c0 19c240d8c2b4451a869ca055b312a5e8 - - default default] Successfully bumped revision number for resource 777aaa12-bbfa-4c95-bdd5-34b70372fee4 (type: networks) to 1
2026-04-07 01:15:50.783 9 INFO neutron.db.ovn_revision_numbers_db [None req-37567c6f-ead0-45cb-8798-b44b0fced1a5 984fbdfc99d649209dc1352ea21eeb41 b463f2f927e047c6990c6ca3444dea92 - - default default] Successfully bumped revision number for resource c2e8e286-0650-4936-a677-ebe94b7b07de (type: floatingips) to 2
2026-04-07 01:15:50.784 9 INFO neutron.db.l3_db [None req-37567c6f-ead0-45cb-8798-b44b0fced1a5 984fbdfc99d649209dc1352ea21eeb41 b463f2f927e047c6990c6ca3444dea92 - - default default] Floating IP c2e8e286-0650-4936-a677-ebe94b7b07de associated. External IP: 10.96.250.214, port: 886bcb59-79b3-4ec4-a9fe-1afd55119aab.
2026-04-07 01:15:50.791 10 INFO neutron.api.wsgi [None req-01f67987-c597-4dac-9f41-5c38f709090b 18878a0d425b4acdb108715ae117b9b7 28b3f955963c4cc181f8e9e005ce9122 - - default default] 10.0.0.206 "DELETE /v2.0/subnets/f85304c0-8036-411d-8aef-9a3f4011de36 HTTP/1.1" status: 204 len: 168 time: 0.1487303
2026-04-07 01:15:50.812 9 INFO neutron.api.wsgi [None req-37567c6f-ead0-45cb-8798-b44b0fced1a5 984fbdfc99d649209dc1352ea21eeb41 b463f2f927e047c6990c6ca3444dea92 - - default default] 10.0.0.206 "PUT /v2.0/floatingips/c2e8e286-0650-4936-a677-ebe94b7b07de HTTP/1.1" status: 200 len: 1050 time: 0.6985352
2026-04-07 01:15:50.886 9 WARNING neutron.scheduler.dhcp_agent_scheduler [None req-a2794376-a364-402d-9ad2-e3cadc56b3ee db2d3857c65b46ac9201bd00f57948c0 19c240d8c2b4451a869ca055b312a5e8 - - default default] No more DHCP agents
2026-04-07 01:15:50.887 9 WARNING neutron.api.rpc.agentnotifiers.dhcp_rpc_agent_api [None req-a2794376-a364-402d-9ad2-e3cadc56b3ee db2d3857c65b46ac9201bd00f57948c0 19c240d8c2b4451a869ca055b312a5e8 - - default default] Unable to schedule network 777aaa12-bbfa-4c95-bdd5-34b70372fee4: no agents available; will retry on subsequent port and subnet creation events.
2026-04-07 01:15:50.943 9 INFO neutron.db.ovn_revision_numbers_db [None req-a2794376-a364-402d-9ad2-e3cadc56b3ee db2d3857c65b46ac9201bd00f57948c0 19c240d8c2b4451a869ca055b312a5e8 - - default default] Successfully bumped revision number for resource e45af2e6-be87-4797-8ba3-5dcb0e99e28c (type: ports) to 1
2026-04-07 01:15:50.962 9 INFO neutron.api.wsgi [None req-a2794376-a364-402d-9ad2-e3cadc56b3ee db2d3857c65b46ac9201bd00f57948c0 19c240d8c2b4451a869ca055b312a5e8 - - default default] 10.0.0.206 "POST /v2.0/networks HTTP/1.1" status: 201 len: 837 time: 0.5135448
2026-04-07 01:15:50.971 10 WARNING neutron_lib.context [None req-e1a1320e-5405-43f0-bb50-31494d50cfa3 db2d3857c65b46ac9201bd00f57948c0 19c240d8c2b4451a869ca055b312a5e8 - - default default] Method 'is_advsvc' is deprecated since 2023.2 release (neutron-lib 3.8.0) and will be removed once support for the old RBAC API policies will be removed from Neutron. Please use method 'is_service_role' instead.
2026-04-07 01:15:51.075 10 INFO neutron.services.segments.plugin [-] Segment b8d76bb1-7579-42ec-93dc-b94be702b842 resource provider aggregate not found
2026-04-07 01:15:51.077 10 INFO neutron.services.segments.plugin [-] Segment b8d76bb1-7579-42ec-93dc-b94be702b842 resource provider aggregate not found
2026-04-07 01:15:51.087 10 INFO neutron.services.segments.plugin [-] Segment b8d76bb1-7579-42ec-93dc-b94be702b842 resource provider not found; error: Placement Client Error (4xx): {"errors": [{"status": 404, "title": "Not Found", "detail": "The resource could not be found.\n\n No resource provider with uuid b8d76bb1-7579-42ec-93dc-b94be702b842 found for delete ", "request_id": "req-d9cc52ee-f554-4303-ad62-4c15ab28b479"}]}
2026-04-07 01:15:51.091 10 INFO neutron.services.segments.plugin [-] Segment b8d76bb1-7579-42ec-93dc-b94be702b842 resource provider not found; error: Placement Client Error (4xx): {"errors": [{"status": 404, "title": "Not Found", "detail": "The resource could not be found.\n\n No resource provider with uuid b8d76bb1-7579-42ec-93dc-b94be702b842 found for delete ", "request_id": "req-6c7f64bb-e8d2-4ecc-b38a-1dc3f5dce2c9"}]}
2026-04-07 01:15:51.108 10 INFO neutron.api.wsgi [None req-7549bc35-4860-4f80-939f-3071bb007dab 18878a0d425b4acdb108715ae117b9b7 28b3f955963c4cc181f8e9e005ce9122 - - default default] 10.0.0.206 "DELETE /v2.0/networks/0947e661-31c1-46ef-a414-6bf9eed275cb HTTP/1.1" status: 204 len: 168 time: 0.3127017
2026-04-07 01:15:51.172 10 WARNING neutron.scheduler.dhcp_agent_scheduler [None req-e1a1320e-5405-43f0-bb50-31494d50cfa3 db2d3857c65b46ac9201bd00f57948c0 19c240d8c2b4451a869ca055b312a5e8 - - default default] No more DHCP agents
2026-04-07 01:15:51.177 10 WARNING neutron.api.rpc.agentnotifiers.dhcp_rpc_agent_api [None req-e1a1320e-5405-43f0-bb50-31494d50cfa3 db2d3857c65b46ac9201bd00f57948c0 19c240d8c2b4451a869ca055b312a5e8 - - default default] Unable to schedule network 777aaa12-bbfa-4c95-bdd5-34b70372fee4: no agents available; will retry on subsequent port and subnet creation events.
2026-04-07 01:15:51.268 10 INFO neutron.api.wsgi [None req-d513096a-8ae9-4e22-af42-8455a1a6a983 18878a0d425b4acdb108715ae117b9b7 28b3f955963c4cc181f8e9e005ce9122 - - default default] 10.0.0.206 "GET /v2.0/security-groups?tenant_id=bdbe93101f344055b7827af8b5b61a6f&name=default HTTP/1.1" status: 200 len: 3120 time: 0.0312088
2026-04-07 01:15:51.393 9 INFO neutron.notifiers.nova [-] Nova event matching ['req-1ecf3d56-9889-4c19-bed5-dcd85d57b3e8'] response: {'name': 'network-changed', 'server_uuid': 'ba281763-37bb-46d0-9b9f-87618584d4e8', 'tag': '886bcb59-79b3-4ec4-a9fe-1afd55119aab', 'status': 'completed', 'code': 200}
2026-04-07 01:15:51.467 9 INFO neutron.api.wsgi [None req-eeb6f2db-0161-421e-b6d3-641476b26822 18878a0d425b4acdb108715ae117b9b7 28b3f955963c4cc181f8e9e005ce9122 - - default default] 10.0.0.206 "DELETE /v2.0/security-groups/b8ee8a9a-d4e8-4e57-a355-b0664bf56274 HTTP/1.1" status: 204 len: 168 time: 0.1919954
2026-04-07 01:15:51.583 10 INFO neutron.db.ovn_revision_numbers_db [None req-19124ba1-7ddc-421e-8fa7-b8cfe3b25904 - - - - - -] Successfully bumped revision number for resource e45af2e6-be87-4797-8ba3-5dcb0e99e28c (type: ports) to 2
2026-04-07 01:15:51.606 10 INFO neutron.db.ovn_revision_numbers_db [None req-19124ba1-7ddc-421e-8fa7-b8cfe3b25904 - - - - - -] Successfully bumped revision number for resource f2c50d5a-cdf4-4459-bc73-c8241de20f9b (type: subnets) to 0
2026-04-07 01:15:51.619 10 INFO neutron.api.wsgi [None req-e1a1320e-5405-43f0-bb50-31494d50cfa3 db2d3857c65b46ac9201bd00f57948c0 19c240d8c2b4451a869ca055b312a5e8 - - default default] 10.0.0.206 "POST /v2.0/subnets HTTP/1.1" status: 201 len: 854 time: 0.6515985
2026-04-07 01:15:51.627 10 WARNING neutron_lib.context [None req-156154ea-7759-441b-8c50-67c01d9aacc0 db2d3857c65b46ac9201bd00f57948c0 19c240d8c2b4451a869ca055b312a5e8 - - default default] Method 'is_advsvc' is deprecated since 2023.2 release (neutron-lib 3.8.0) and will be removed once support for the old RBAC API policies will be removed from Neutron. Please use method 'is_service_role' instead.
2026-04-07 01:15:51.787 10 WARNING neutron.scheduler.dhcp_agent_scheduler [None req-156154ea-7759-441b-8c50-67c01d9aacc0 db2d3857c65b46ac9201bd00f57948c0 19c240d8c2b4451a869ca055b312a5e8 - - default default] No more DHCP agents
2026-04-07 01:15:51.788 10 WARNING neutron.api.rpc.agentnotifiers.dhcp_rpc_agent_api [None req-156154ea-7759-441b-8c50-67c01d9aacc0 db2d3857c65b46ac9201bd00f57948c0 19c240d8c2b4451a869ca055b312a5e8 - - default default] Unable to schedule network 777aaa12-bbfa-4c95-bdd5-34b70372fee4: no agents available; will retry on subsequent port and subnet creation events.
2026-04-07 01:15:51.813 10 INFO neutron.db.ovn_revision_numbers_db [None req-156154ea-7759-441b-8c50-67c01d9aacc0 db2d3857c65b46ac9201bd00f57948c0 19c240d8c2b4451a869ca055b312a5e8 - - default default] Successfully bumped revision number for resource 4b672605-5c5f-43a8-8bb0-b29d2250292d (type: subnets) to 0
2026-04-07 01:15:51.826 10 INFO neutron.api.wsgi [None req-156154ea-7759-441b-8c50-67c01d9aacc0 db2d3857c65b46ac9201bd00f57948c0 19c240d8c2b4451a869ca055b312a5e8 - - default default] 10.0.0.206 "POST /v2.0/subnets HTTP/1.1" status: 201 len: 929 time: 0.2027621
2026-04-07 01:15:51.833 10 WARNING neutron_lib.context [None req-6255d955-770a-42aa-811d-9e273df07798 db2d3857c65b46ac9201bd00f57948c0 19c240d8c2b4451a869ca055b312a5e8 - - default default] Method 'is_advsvc' is deprecated since 2023.2 release (neutron-lib 3.8.0) and will be removed once support for the old RBAC API policies will be removed from Neutron. Please use method 'is_service_role' instead.
2026-04-07 01:15:51.930 9 INFO neutron.api.wsgi [req-805fd38d-75bc-4a1b-a312-09e672e5a1f5 req-072e1384-1433-432b-a8cf-169ef09d7537 077cfc4fdc9945279dd840bee508c26d 7b2064a28fc940e79a1ae6d59fa8558d - - f2cb70a218e141769260855bf15aa918 f2cb70a218e141769260855bf15aa918] 199.204.45.244 "GET /v2.0/ports?tenant_id=b463f2f927e047c6990c6ca3444dea92&device_id=ba281763-37bb-46d0-9b9f-87618584d4e8 HTTP/1.1" status: 200 len: 1413 time: 0.0273445
2026-04-07 01:15:51.979 9 INFO neutron.api.wsgi [req-805fd38d-75bc-4a1b-a312-09e672e5a1f5 req-c84c79d5-4aa5-43c6-b0a4-88713abf56ee 077cfc4fdc9945279dd840bee508c26d 7b2064a28fc940e79a1ae6d59fa8558d - - f2cb70a218e141769260855bf15aa918 f2cb70a218e141769260855bf15aa918] 199.204.45.244 "GET /v2.0/networks?id=8d49c01b-5751-4aa4-8430-fb5f90543036 HTTP/1.1" status: 200 len: 974 time: 0.0446982
2026-04-07 01:15:52.023 9 INFO neutron.api.wsgi [req-805fd38d-75bc-4a1b-a312-09e672e5a1f5 req-8e7d3b98-7686-4801-92e4-d0734ebaaf48 077cfc4fdc9945279dd840bee508c26d 7b2064a28fc940e79a1ae6d59fa8558d - - f2cb70a218e141769260855bf15aa918 f2cb70a218e141769260855bf15aa918] 199.204.45.244 "GET /v2.0/floatingips?fixed_ip_address=10.100.0.13&port_id=886bcb59-79b3-4ec4-a9fe-1afd55119aab HTTP/1.1" status: 200 len: 1060 time: 0.0370944
2026-04-07 01:15:52.052 9 INFO neutron.api.wsgi [req-805fd38d-75bc-4a1b-a312-09e672e5a1f5 req-530497c5-4cdd-41e7-9fd6-f20aaaa357ec 077cfc4fdc9945279dd840bee508c26d 7b2064a28fc940e79a1ae6d59fa8558d - - f2cb70a218e141769260855bf15aa918 f2cb70a218e141769260855bf15aa918] 199.204.45.244 "GET /v2.0/subnets?id=c90af769-e887-41c4-9259-e1489be951a9 HTTP/1.1" status: 200 len: 893 time: 0.0240695
2026-04-07 01:15:52.077 9 INFO neutron.api.wsgi [req-805fd38d-75bc-4a1b-a312-09e672e5a1f5 req-36102652-9698-45cf-91f2-5c26a1b91e19 077cfc4fdc9945279dd840bee508c26d 7b2064a28fc940e79a1ae6d59fa8558d - - f2cb70a218e141769260855bf15aa918 f2cb70a218e141769260855bf15aa918] 199.204.45.244 "GET /v2.0/ports?network_id=8d49c01b-5751-4aa4-8430-fb5f90543036&device_owner=network%3Adhcp HTTP/1.1" status: 200 len: 210 time: 0.0203185
2026-04-07 01:15:52.118 9 INFO neutron.api.wsgi [req-805fd38d-75bc-4a1b-a312-09e672e5a1f5 req-9a122fe0-cbef-4201-82b9-25648d74a383 077cfc4fdc9945279dd840bee508c26d 7b2064a28fc940e79a1ae6d59fa8558d - - f2cb70a218e141769260855bf15aa918 f2cb70a218e141769260855bf15aa918] 199.204.45.244 "GET /v2.0/networks/8d49c01b-5751-4aa4-8430-fb5f90543036?fields=segments HTTP/1.1" status: 200 len: 212 time: 0.0350549
2026-04-07 01:15:52.163 9 INFO neutron.api.wsgi [req-805fd38d-75bc-4a1b-a312-09e672e5a1f5 req-4b791ef1-f261-4c70-a2f1-2c8ce8d07a66 077cfc4fdc9945279dd840bee508c26d 7b2064a28fc940e79a1ae6d59fa8558d - - f2cb70a218e141769260855bf15aa918 f2cb70a218e141769260855bf15aa918] 199.204.45.244 "GET /v2.0/networks/8d49c01b-5751-4aa4-8430-fb5f90543036?fields=provider%3Aphysical_network&fields=provider%3Anetwork_type HTTP/1.1" status: 200 len: 277 time: 0.0396547
2026-04-07 01:15:52.209 10 WARNING neutron.scheduler.dhcp_agent_scheduler [None req-6255d955-770a-42aa-811d-9e273df07798 db2d3857c65b46ac9201bd00f57948c0 19c240d8c2b4451a869ca055b312a5e8 - - default default] No more DHCP agents
2026-04-07 01:15:52.211 10 WARNING neutron.api.rpc.agentnotifiers.dhcp_rpc_agent_api [None req-6255d955-770a-42aa-811d-9e273df07798 db2d3857c65b46ac9201bd00f57948c0 19c240d8c2b4451a869ca055b312a5e8 - - default default] Unable to schedule network 9aff7a8e-31f5-4209-ac23-97fb955a382a: no agents available; will retry on subsequent port and subnet creation events.
2026-04-07 01:15:52.324 10 INFO neutron.db.ovn_revision_numbers_db [None req-6255d955-770a-42aa-811d-9e273df07798 db2d3857c65b46ac9201bd00f57948c0 19c240d8c2b4451a869ca055b312a5e8 - - default default] Successfully bumped revision number for resource 30661f1a-0eb9-4f4b-a58e-fc122295ce61 (type: ports) to 1
2026-04-07 01:15:52.696 10 INFO neutron.api.wsgi [-] 10.0.0.230 "GET / HTTP/1.1" status: 200 len: 246 time: 0.0014632
2026-04-07 01:15:52.698 9 INFO neutron.api.wsgi [-] 10.0.0.230 "GET / HTTP/1.1" status: 200 len: 246 time: 0.0023885
2026-04-07 01:15:52.803 10 INFO neutron.plugins.ml2.drivers.ovn.mech_driver.ovsdb.commands [None req-9a888254-dd97-4135-8f68-c9073fa90e7d - - - - - -] Schedule LRP lrp-30661f1a-0eb9-4f4b-a58e-fc122295ce61 on gateway 340b7c8e-ac30-46e4-975f-64ace12d86fe with priority 1
2026-04-07 01:15:52.810 9 INFO neutron.plugins.ml2.drivers.ovn.mech_driver.mech_driver [None req-bafd09fb-30f2-4f6f-8196-8e3fc6e3a977 - - - - - -] OVN reports status up for port: 30661f1a-0eb9-4f4b-a58e-fc122295ce61
2026-04-07 01:15:52.826 9 INFO neutron.plugins.ml2.drivers.ovn.mech_driver.ovsdb.ovsdb_monitor [None req-6782d97e-46c7-4c4d-a517-88742bdd29a1 - - - - - -] Router 3680514e-5cd6-4fc5-a925-e2467a2c7801 is bound to host instance
2026-04-07 01:15:52.831 9 INFO neutron.plugins.ml2.plugin [None req-bafd09fb-30f2-4f6f-8196-8e3fc6e3a977 - - - - - -] Attempt 1 to provision port 30661f1a-0eb9-4f4b-a58e-fc122295ce61
