2026-04-07 01:15:33.460 10 INFO neutron.services.segments.plugin [-] Segment 6857d53f-a19b-4de3-8684-747094abba19 resource provider not found; error: Placement Client Error (4xx): {"errors": [{"status": 404, "title": "Not Found", "detail": "The resource could not be found.\n\n No resource provider with uuid 6857d53f-a19b-4de3-8684-747094abba19 found for delete ", "request_id": "req-d27e8c11-9824-4fca-ab98-ed7e5c776e99"}]}
2026-04-07 01:15:33.463 10 INFO neutron.services.segments.plugin [-] Segment 6857d53f-a19b-4de3-8684-747094abba19 resource provider not found; error: Placement Client Error (4xx): {"errors": [{"status": 404, "title": "Not Found", "detail": "The resource could not be found.\n\n No resource provider with uuid 6857d53f-a19b-4de3-8684-747094abba19 found for delete ", "request_id": "req-d3f1e383-f8e5-4301-b98f-2c32bbb6850c"}]}
2026-04-07 01:15:33.472 10 INFO neutron.db.ovn_revision_numbers_db [None req-9ce9c837-206b-4921-ac05-996777c2ca97 18878a0d425b4acdb108715ae117b9b7 28b3f955963c4cc181f8e9e005ce9122 - - default default] Successfully bumped revision number for resource 87a1e4f8-3092-47c3-9a11-860bbe4fdef2 (type: security_group_rules) to 0
2026-04-07 01:15:33.490 10 INFO neutron.api.wsgi [None req-7b2afaa1-5797-4fb1-9111-ca5fdb22854d 18878a0d425b4acdb108715ae117b9b7 28b3f955963c4cc181f8e9e005ce9122 - - default default] 10.0.0.206 "DELETE /v2.0/networks/befd3154-ed57-4da1-aa84-a2469651fe6c HTTP/1.1" status: 204 len: 168 time: 0.2824173
2026-04-07 01:15:33.491 10 INFO neutron.db.ovn_revision_numbers_db [None req-9ce9c837-206b-4921-ac05-996777c2ca97 18878a0d425b4acdb108715ae117b9b7 28b3f955963c4cc181f8e9e005ce9122 - - default default] Successfully bumped revision number for resource a074fd03-edba-4cc2-9997-58648f0d59c6 (type: security_group_rules) to 0
2026-04-07 01:15:33.501 10 INFO neutron.db.ovn_revision_numbers_db [None req-9ce9c837-206b-4921-ac05-996777c2ca97 18878a0d425b4acdb108715ae117b9b7 28b3f955963c4cc181f8e9e005ce9122 - - default default] Successfully bumped revision number for resource f776739f-581e-4193-bea2-93ca2fa40caa (type: security_group_rules) to 0
2026-04-07 01:15:33.506 9 INFO neutron.db.ovn_revision_numbers_db [None req-227a59b9-f327-4b6c-ae17-82323464a478 18878a0d425b4acdb108715ae117b9b7 28b3f955963c4cc181f8e9e005ce9122 - - default default] Successfully bumped revision number for resource 0e16c132-2f87-4a6f-b83a-e7a3bb3028d1 (type: ports) to 1
2026-04-07 01:15:33.512 10 INFO neutron.db.ovn_revision_numbers_db [None req-9ce9c837-206b-4921-ac05-996777c2ca97 18878a0d425b4acdb108715ae117b9b7 28b3f955963c4cc181f8e9e005ce9122 - - default default] Successfully bumped revision number for resource fc1459f7-3626-4a19-9f1a-4523a5f576d6 (type: security_group_rules) to 0
2026-04-07 01:15:33.547 10 INFO neutron.api.wsgi [None req-9ce9c837-206b-4921-ac05-996777c2ca97 18878a0d425b4acdb108715ae117b9b7 28b3f955963c4cc181f8e9e005ce9122 - - default default] 10.0.0.206 "GET /v2.0/security-groups?tenant_id=1b754be5b6fb43b787edd26768f9d1c3&name=default HTTP/1.1" status: 200 len: 3120 time: 0.2108660
2026-04-07 01:15:33.608 9 INFO neutron.db.ovn_revision_numbers_db [None req-6782d97e-46c7-4c4d-a517-88742bdd29a1 - - - - - -] Successfully bumped revision number for resource 6ff8cfc7-9a17-4a5a-bd4e-8ab8eeedb0b8 (type: ports) to 4
2026-04-07 01:15:33.688 9 INFO neutron.api.wsgi [None req-0a249633-b35b-4db3-8528-4a18a938c057 18878a0d425b4acdb108715ae117b9b7 28b3f955963c4cc181f8e9e005ce9122 - - default default] 10.0.0.206 "GET /v2.0/security-groups?tenant_id=6719d5e4d9484b8da7b600045fa19fab&name=default HTTP/1.1" status: 200 len: 3116 time: 0.0429864
2026-04-07 01:15:33.767 10 INFO neutron.api.wsgi [None req-acdb5efb-8482-424b-9765-bf3e1443a5b6 18878a0d425b4acdb108715ae117b9b7 28b3f955963c4cc181f8e9e005ce9122 - - default default] 10.0.0.206 "DELETE /v2.0/security-groups/e3ace94a-9756-4fc5-887f-42e4c64b6c73 HTTP/1.1" status: 204 len: 168 time: 0.2144568
2026-04-07 01:15:33.883 10 INFO neutron.api.wsgi [None req-63a99511-5d62-47d7-a9cf-08b90ed1f354 18878a0d425b4acdb108715ae117b9b7 28b3f955963c4cc181f8e9e005ce9122 - - default default] 10.0.0.206 "DELETE /v2.0/security-groups/6bfabd17-20d5-41ed-afe0-8f1e535a96f0 HTTP/1.1" status: 204 len: 168 time: 0.1891537
2026-04-07 01:15:33.940 9 INFO neutron.db.ovn_revision_numbers_db [None req-6782d97e-46c7-4c4d-a517-88742bdd29a1 - - - - - -] Successfully bumped revision number for resource 6ff8cfc7-9a17-4a5a-bd4e-8ab8eeedb0b8 (type: ports) to 5
2026-04-07 01:15:34.047 10 INFO neutron.plugins.ml2.drivers.ovn.mech_driver.mech_driver [None req-1386d486-a0b8-41f6-8b91-b5d5e7240969 - - - - - -] OVN reports status up for port: 0e16c132-2f87-4a6f-b83a-e7a3bb3028d1
2026-04-07 01:15:34.054 10 INFO neutron.plugins.ml2.plugin [None req-1386d486-a0b8-41f6-8b91-b5d5e7240969 - - - - - -] Attempt 1 to provision port 0e16c132-2f87-4a6f-b83a-e7a3bb3028d1
2026-04-07 01:15:34.061 9 INFO neutron.db.ovn_revision_numbers_db [None req-227a59b9-f327-4b6c-ae17-82323464a478 18878a0d425b4acdb108715ae117b9b7 28b3f955963c4cc181f8e9e005ce9122 - - default default] Successfully bumped revision number for resource 0e16c132-2f87-4a6f-b83a-e7a3bb3028d1 (type: ports) to 1
2026-04-07 01:15:34.107 9 WARNING neutron.scheduler.dhcp_agent_scheduler [None req-227a59b9-f327-4b6c-ae17-82323464a478 18878a0d425b4acdb108715ae117b9b7 28b3f955963c4cc181f8e9e005ce9122 - - default default] No more DHCP agents
2026-04-07 01:15:34.109 9 WARNING neutron.api.rpc.agentnotifiers.dhcp_rpc_agent_api [None req-227a59b9-f327-4b6c-ae17-82323464a478 18878a0d425b4acdb108715ae117b9b7 28b3f955963c4cc181f8e9e005ce9122 - - default default] Unable to schedule network 8d49c01b-5751-4aa4-8430-fb5f90543036: no agents available; will retry on subsequent port and subnet creation events.
2026-04-07 01:15:34.313 10 INFO neutron.api.wsgi [req-d27e8051-9218-4985-a200-1d3921b9df41 req-b265926e-97de-4dc0-a049-5b9b281cbca4 52160afacb5f48d4ac85a6290fa48512 bdbe93101f344055b7827af8b5b61a6f - - default default] 10.0.0.43 "GET /v2.0/ports?device_id=f9794ded-c2b1-4c53-adf1-072c033ccab5 HTTP/1.1" status: 200 len: 210 time: 0.0190539
2026-04-07 01:15:34.364 10 INFO neutron.db.ovn_revision_numbers_db [None req-1386d486-a0b8-41f6-8b91-b5d5e7240969 - - - - - -] Successfully bumped revision number for resource 0e16c132-2f87-4a6f-b83a-e7a3bb3028d1 (type: ports) to 2
2026-04-07 01:15:34.371 9 INFO neutron.api.wsgi [req-0b70cc47-55ff-4ccb-8093-621f2e9ca5dc req-c8f12ca7-79bd-4643-b413-8f09360f4070 52160afacb5f48d4ac85a6290fa48512 bdbe93101f344055b7827af8b5b61a6f - - default default] 199.204.45.244 "GET /v2.0/networks?id=0947e661-31c1-46ef-a414-6bf9eed275cb HTTP/1.1" status: 200 len: 875 time: 0.0592802
2026-04-07 01:15:34.414 9 INFO neutron.api.wsgi [req-0b70cc47-55ff-4ccb-8093-621f2e9ca5dc req-2bec017d-34a3-4921-a672-7b8e68928034 52160afacb5f48d4ac85a6290fa48512 bdbe93101f344055b7827af8b5b61a6f - - default default] 199.204.45.244 "GET /v2.0/security-groups?fields=id&fields=name&tenant_id=bdbe93101f344055b7827af8b5b61a6f HTTP/1.1" status: 200 len: 380 time: 0.0376704
2026-04-07 01:15:34.426 9 WARNING neutron_lib.context [req-0b70cc47-55ff-4ccb-8093-621f2e9ca5dc req-eaca88e0-36ab-4e68-acc8-3aed15a4790e 52160afacb5f48d4ac85a6290fa48512 bdbe93101f344055b7827af8b5b61a6f - - default default] Method 'is_advsvc' is deprecated since 2023.2 release (neutron-lib 3.8.0) and will be removed once support for the old RBAC API policies will be removed from Neutron. Please use method 'is_service_role' instead.
2026-04-07 01:15:34.689 9 INFO neutron.db.ovn_revision_numbers_db [None req-227a59b9-f327-4b6c-ae17-82323464a478 18878a0d425b4acdb108715ae117b9b7 28b3f955963c4cc181f8e9e005ce9122 - - default default] Successfully bumped revision number for resource 0e16c132-2f87-4a6f-b83a-e7a3bb3028d1 (type: router_ports) to 1
2026-04-07 01:15:34.694 9 INFO neutron.api.wsgi [None req-227a59b9-f327-4b6c-ae17-82323464a478 18878a0d425b4acdb108715ae117b9b7 28b3f955963c4cc181f8e9e005ce9122 - - default default] 10.0.0.206 "PUT /v2.0/routers/bdc9f50c-bb72-452c-b45b-2c30e568a8af/add_router_interface HTTP/1.1" status: 200 len: 503 time: 1.8756101
2026-04-07 01:15:34.756 9 WARNING neutron.scheduler.dhcp_agent_scheduler [req-0b70cc47-55ff-4ccb-8093-621f2e9ca5dc req-eaca88e0-36ab-4e68-acc8-3aed15a4790e 52160afacb5f48d4ac85a6290fa48512 bdbe93101f344055b7827af8b5b61a6f - - default default] No more DHCP agents
2026-04-07 01:15:34.757 9 WARNING neutron.api.rpc.agentnotifiers.dhcp_rpc_agent_api [req-0b70cc47-55ff-4ccb-8093-621f2e9ca5dc req-eaca88e0-36ab-4e68-acc8-3aed15a4790e 52160afacb5f48d4ac85a6290fa48512 bdbe93101f344055b7827af8b5b61a6f - - default default] Unable to schedule network 0947e661-31c1-46ef-a414-6bf9eed275cb: no agents available; will retry on subsequent port and subnet creation events.
2026-04-07 01:15:34.877 9 INFO neutron.db.ovn_revision_numbers_db [req-0b70cc47-55ff-4ccb-8093-621f2e9ca5dc req-eaca88e0-36ab-4e68-acc8-3aed15a4790e 52160afacb5f48d4ac85a6290fa48512 bdbe93101f344055b7827af8b5b61a6f - - default default] Successfully bumped revision number for resource 03a204d5-701d-4e98-8fcf-ecceac00ae3f (type: ports) to 1
2026-04-07 01:15:34.917 9 INFO neutron.api.wsgi [req-0b70cc47-55ff-4ccb-8093-621f2e9ca5dc req-eaca88e0-36ab-4e68-acc8-3aed15a4790e 52160afacb5f48d4ac85a6290fa48512 bdbe93101f344055b7827af8b5b61a6f - - default default] 199.204.45.244 "POST /v2.0/ports HTTP/1.1" status: 201 len: 1158 time: 0.4990816 /var/lib/openstack/lib/python3.12/site-packages/pycadf/identifier.py:71: UserWarning: Invalid uuid: neutron. To ensure interoperability, identifiers should be a valid uuid. warnings.warn(('Invalid uuid: %s. To ensure interoperability, '
2026-04-07 01:15:35.226 9 INFO neutron.db.ovn_revision_numbers_db [req-0b70cc47-55ff-4ccb-8093-621f2e9ca5dc req-26ccbd16-41bf-4db4-930f-c48d31663cf6 077cfc4fdc9945279dd840bee508c26d 7b2064a28fc940e79a1ae6d59fa8558d - - f2cb70a218e141769260855bf15aa918 f2cb70a218e141769260855bf15aa918] Successfully bumped revision number for resource 03a204d5-701d-4e98-8fcf-ecceac00ae3f (type: ports) to 2
2026-04-07 01:15:35.296 10 WARNING neutron_lib.context [None req-ecc54d5f-ca40-4a6f-854f-a3d142b78562 984fbdfc99d649209dc1352ea21eeb41 b463f2f927e047c6990c6ca3444dea92 - - default default] Method 'is_advsvc' is deprecated since 2023.2 release (neutron-lib 3.8.0) and will be removed once support for the old RBAC API policies will be removed from Neutron. Please use method 'is_service_role' instead.
2026-04-07 01:15:35.427 9 INFO neutron.db.ovn_revision_numbers_db [req-0b70cc47-55ff-4ccb-8093-621f2e9ca5dc req-26ccbd16-41bf-4db4-930f-c48d31663cf6 077cfc4fdc9945279dd840bee508c26d 7b2064a28fc940e79a1ae6d59fa8558d - - f2cb70a218e141769260855bf15aa918 f2cb70a218e141769260855bf15aa918] Successfully bumped revision number for resource 03a204d5-701d-4e98-8fcf-ecceac00ae3f (type: ports) to 4
2026-04-07 01:15:35.439 10 INFO neutron.db.ovn_revision_numbers_db [None req-ecc54d5f-ca40-4a6f-854f-a3d142b78562 984fbdfc99d649209dc1352ea21eeb41 b463f2f927e047c6990c6ca3444dea92 - - default default] Successfully bumped revision number for resource b91e0d92-ac58-44cc-b412-38aa88978cf4 (type: security_groups) to 1
2026-04-07 01:15:35.445 9 INFO neutron.api.wsgi [req-0b70cc47-55ff-4ccb-8093-621f2e9ca5dc req-26ccbd16-41bf-4db4-930f-c48d31663cf6 077cfc4fdc9945279dd840bee508c26d 7b2064a28fc940e79a1ae6d59fa8558d - - f2cb70a218e141769260855bf15aa918 f2cb70a218e141769260855bf15aa918] 199.204.45.244 "PUT /v2.0/ports/03a204d5-701d-4e98-8fcf-ecceac00ae3f HTTP/1.1" status: 200 len: 1404 time: 0.5232360
2026-04-07 01:15:35.452 10 INFO neutron.api.wsgi [req-5530050c-875d-4c51-a7b1-f3329575b7bd req-0c713956-6f70-4fc3-b523-525e3f5068c4 52160afacb5f48d4ac85a6290fa48512 bdbe93101f344055b7827af8b5b61a6f - - default default] 10.0.0.43 "GET /v2.0/ports?device_id=f9794ded-c2b1-4c53-adf1-072c033ccab5 HTTP/1.1" status: 200 len: 1168 time: 0.0780098
2026-04-07 01:15:35.462 10 INFO neutron.db.ovn_revision_numbers_db [None req-ecc54d5f-ca40-4a6f-854f-a3d142b78562 984fbdfc99d649209dc1352ea21eeb41 b463f2f927e047c6990c6ca3444dea92 - - default default] Successfully bumped revision number for resource 6b60489c-576a-4128-9ffb-63a77f536c83 (type: security_group_rules) to 0
2026-04-07 01:15:35.470 9 INFO neutron.notifiers.nova [-] Nova event matching ['req-b9f70008-4f08-4a78-a8b9-6e74bf4f1473'] response: {'name': 'network-changed', 'server_uuid': 'f9794ded-c2b1-4c53-adf1-072c033ccab5', 'tag': '03a204d5-701d-4e98-8fcf-ecceac00ae3f', 'status': 'completed', 'code': 200}
2026-04-07 01:15:35.479 10 INFO neutron.db.ovn_revision_numbers_db [None req-ecc54d5f-ca40-4a6f-854f-a3d142b78562 984fbdfc99d649209dc1352ea21eeb41 b463f2f927e047c6990c6ca3444dea92 - - default default] Successfully bumped revision number for resource be916b3f-65ab-41e7-b466-21f72ba6689c (type: security_group_rules) to 0
2026-04-07 01:15:35.496 10 INFO neutron.api.wsgi [req-5530050c-875d-4c51-a7b1-f3329575b7bd req-1839f775-cbe2-474d-823c-4a18a4d3c062 52160afacb5f48d4ac85a6290fa48512 bdbe93101f344055b7827af8b5b61a6f - - default default] 10.0.0.43 "GET /v2.0/security-groups?id=cb8158e0-fd16-4c38-b1fb-29ad6076a2e7&fields=id&fields=name HTTP/1.1" status: 200 len: 313 time: 0.0396812
2026-04-07 01:15:35.519 10 INFO neutron.api.wsgi [None req-ecc54d5f-ca40-4a6f-854f-a3d142b78562 984fbdfc99d649209dc1352ea21eeb41 b463f2f927e047c6990c6ca3444dea92 - - default default] 10.0.0.206 "POST /v2.0/security-groups HTTP/1.1" status: 201 len: 1859 time: 0.2311580
2026-04-07 01:15:35.527 10 WARNING neutron_lib.context [None req-4ed3caf0-18de-4527-9bf9-31ab5b220aaf 984fbdfc99d649209dc1352ea21eeb41 b463f2f927e047c6990c6ca3444dea92 - - default default] Method 'is_advsvc' is deprecated since 2023.2 release (neutron-lib 3.8.0) and will be removed once support for the old RBAC API policies will be removed from Neutron. Please use method 'is_service_role' instead.
2026-04-07 01:15:35.661 10 INFO neutron.db.ovn_revision_numbers_db [None req-4ed3caf0-18de-4527-9bf9-31ab5b220aaf 984fbdfc99d649209dc1352ea21eeb41 b463f2f927e047c6990c6ca3444dea92 - - default default] Successfully bumped revision number for resource bdf77aee-d6cd-40c1-bd54-c268f07f5b4b (type: security_group_rules) to 0
2026-04-07 01:15:35.696 10 INFO neutron.api.wsgi [None req-4ed3caf0-18de-4527-9bf9-31ab5b220aaf 984fbdfc99d649209dc1352ea21eeb41 b463f2f927e047c6990c6ca3444dea92 - - default default] 10.0.0.206 "POST /v2.0/security-group-rules HTTP/1.1" status: 201 len: 796 time: 0.1727903
2026-04-07 01:15:35.704 10 WARNING neutron_lib.context [None req-d21b3471-f731-4b30-92bc-6899fb8e5b31 984fbdfc99d649209dc1352ea21eeb41 b463f2f927e047c6990c6ca3444dea92 - - default default] Method 'is_advsvc' is deprecated since 2023.2 release (neutron-lib 3.8.0) and will be removed once support for the old RBAC API policies will be removed from Neutron. Please use method 'is_service_role' instead.
2026-04-07 01:15:35.824 10 INFO neutron.db.ovn_revision_numbers_db [None req-d21b3471-f731-4b30-92bc-6899fb8e5b31 984fbdfc99d649209dc1352ea21eeb41 b463f2f927e047c6990c6ca3444dea92 - - default default] Successfully bumped revision number for resource 67169836-b060-44b3-8f84-3e5c5387af0e (type: security_group_rules) to 0
2026-04-07 01:15:35.860 10 INFO neutron.api.wsgi [None req-d21b3471-f731-4b30-92bc-6899fb8e5b31 984fbdfc99d649209dc1352ea21eeb41 b463f2f927e047c6990c6ca3444dea92 - - default default] 10.0.0.206 "POST /v2.0/security-group-rules HTTP/1.1" status: 201 len: 801 time: 0.1592100
2026-04-07 01:15:35.871 10 WARNING neutron_lib.context [None req-81c1f89a-0b31-4c77-a962-ba71032604ac 984fbdfc99d649209dc1352ea21eeb41 b463f2f927e047c6990c6ca3444dea92 - - default default] Method 'is_advsvc' is deprecated since 2023.2 release (neutron-lib 3.8.0) and will be removed once support for the old RBAC API policies will be removed from Neutron. Please use method 'is_service_role' instead. /var/lib/openstack/lib/python3.12/site-packages/pycadf/identifier.py:71: UserWarning: Invalid uuid: neutron. To ensure interoperability, identifiers should be a valid uuid. warnings.warn(('Invalid uuid: %s. To ensure interoperability, '
2026-04-07 01:15:36.014 9 INFO neutron.api.wsgi [req-5fdd570f-17a0-47b1-b7df-93fac8a63e3c req-658b51a2-c2ed-4694-9aaa-c4df1ab59aac 077cfc4fdc9945279dd840bee508c26d 7b2064a28fc940e79a1ae6d59fa8558d - - f2cb70a218e141769260855bf15aa918 f2cb70a218e141769260855bf15aa918] 199.204.45.244 "GET /v2.0/ports?tenant_id=bdbe93101f344055b7827af8b5b61a6f&device_id=f9794ded-c2b1-4c53-adf1-072c033ccab5 HTTP/1.1" status: 200 len: 1407 time: 0.0339053
2026-04-07 01:15:36.059 9 INFO neutron.api.wsgi [req-5fdd570f-17a0-47b1-b7df-93fac8a63e3c req-4a3f3494-bce6-4f10-b2bc-bad19833dd30 077cfc4fdc9945279dd840bee508c26d 7b2064a28fc940e79a1ae6d59fa8558d - - f2cb70a218e141769260855bf15aa918 f2cb70a218e141769260855bf15aa918] 199.204.45.244 "GET /v2.0/networks?tenant_id=bdbe93101f344055b7827af8b5b61a6f&shared=False HTTP/1.1" status: 200 len: 974 time: 0.0410790
2026-04-07 01:15:36.101 9 INFO neutron.api.wsgi [req-5fdd570f-17a0-47b1-b7df-93fac8a63e3c req-307303ca-e723-4ccb-a9ba-9108e19927e9 077cfc4fdc9945279dd840bee508c26d 7b2064a28fc940e79a1ae6d59fa8558d - - f2cb70a218e141769260855bf15aa918 f2cb70a218e141769260855bf15aa918] 199.204.45.244 "GET /v2.0/networks?shared=True HTTP/1.1" status: 200 len: 952 time: 0.0377052
2026-04-07 01:15:36.102 10 WARNING neutron.scheduler.dhcp_agent_scheduler [None req-81c1f89a-0b31-4c77-a962-ba71032604ac 984fbdfc99d649209dc1352ea21eeb41 b463f2f927e047c6990c6ca3444dea92 - - default default] No more DHCP agents
2026-04-07 01:15:36.104 10 WARNING neutron.api.rpc.agentnotifiers.dhcp_rpc_agent_api [None req-81c1f89a-0b31-4c77-a962-ba71032604ac 984fbdfc99d649209dc1352ea21eeb41 b463f2f927e047c6990c6ca3444dea92 - - default default] Unable to schedule network 9aff7a8e-31f5-4209-ac23-97fb955a382a: no agents available; will retry on subsequent port and subnet creation events.
2026-04-07 01:15:36.376 10 INFO neutron.api.wsgi [None req-81c1f89a-0b31-4c77-a962-ba71032604ac 984fbdfc99d649209dc1352ea21eeb41 b463f2f927e047c6990c6ca3444dea92 - - default default] 10.0.0.206 "POST /v2.0/floatingips HTTP/1.1" status: 201 len: 751 time: 0.5115764
2026-04-07 01:15:36.631 9 INFO neutron.api.wsgi [req-da5a7fe8-b347-462e-b234-921d536f3595 req-629d8ded-c48d-44c9-bab6-9ea3e09bb166 52160afacb5f48d4ac85a6290fa48512 bdbe93101f344055b7827af8b5b61a6f - - default default] 10.0.0.43 "GET /v2.0/ports?device_id=f9794ded-c2b1-4c53-adf1-072c033ccab5 HTTP/1.1" status: 200 len: 1168 time: 0.0668862
2026-04-07 01:15:36.672 9 INFO neutron.api.wsgi [req-da5a7fe8-b347-462e-b234-921d536f3595 req-63566e28-7860-4063-a202-d4e18655f993 52160afacb5f48d4ac85a6290fa48512 bdbe93101f344055b7827af8b5b61a6f - - default default] 10.0.0.43 "GET /v2.0/security-groups?id=cb8158e0-fd16-4c38-b1fb-29ad6076a2e7&fields=id&fields=name HTTP/1.1" status: 200 len: 313 time: 0.0347877
2026-04-07 01:15:36.862 10 INFO neutron.db.ovn_revision_numbers_db [None req-44b771ce-03a9-4aa7-b4e1-2e4c803809b1 18878a0d425b4acdb108715ae117b9b7 28b3f955963c4cc181f8e9e005ce9122 - - default default] Successfully bumped revision number for resource 7803b557-8ff8-404e-bbf2-be35545b213d (type: security_groups) to 1
2026-04-07 01:15:36.882 10 INFO neutron.db.ovn_revision_numbers_db [None req-44b771ce-03a9-4aa7-b4e1-2e4c803809b1 18878a0d425b4acdb108715ae117b9b7 28b3f955963c4cc181f8e9e005ce9122 - - default default] Successfully bumped revision number for resource 4cdfc854-4094-4ad5-be91-a8548087bd74 (type: security_group_rules) to 0
2026-04-07 01:15:36.890 10 INFO neutron.api.wsgi [req-5b1c2be4-e863-4225-8ece-4c0a64c86b10 req-7a4fc52e-2af6-4249-b6f1-2888b2d7d314 984fbdfc99d649209dc1352ea21eeb41 b463f2f927e047c6990c6ca3444dea92 - - default default] 10.0.0.43 "GET /v2.0/security-groups?name=tempest-securitygroup--949520331&fields=id&tenant_id=b463f2f927e047c6990c6ca3444dea92 HTTP/1.1" status: 200 len: 267 time: 0.0514350
2026-04-07 01:15:36.903 10 INFO neutron.db.ovn_revision_numbers_db [None req-44b771ce-03a9-4aa7-b4e1-2e4c803809b1 18878a0d425b4acdb108715ae117b9b7 28b3f955963c4cc181f8e9e005ce9122 - - default default] Successfully bumped revision number for resource bbc69c99-f3e5-42d7-9f81-c5d6627d7cae (type: security_group_rules) to 0
2026-04-07 01:15:36.905 10 INFO neutron.db.ovn_revision_numbers_db [None req-541c59ec-fa79-406e-b5b0-ea07dbf400b0 18878a0d425b4acdb108715ae117b9b7 28b3f955963c4cc181f8e9e005ce9122 - - default default] Successfully bumped revision number for resource 5e29528e-b304-49b9-9f8f-2d38c1e98086 (type: security_groups) to 1
2026-04-07 01:15:36.922 10 INFO neutron.db.ovn_revision_numbers_db [None req-541c59ec-fa79-406e-b5b0-ea07dbf400b0 18878a0d425b4acdb108715ae117b9b7 28b3f955963c4cc181f8e9e005ce9122 - - default default] Successfully bumped revision number for resource 0d92fa01-c02b-4b12-8f43-71e3d41c35fc (type: security_group_rules) to 0
2026-04-07 01:15:36.924 10 INFO neutron.db.ovn_revision_numbers_db [None req-44b771ce-03a9-4aa7-b4e1-2e4c803809b1 18878a0d425b4acdb108715ae117b9b7 28b3f955963c4cc181f8e9e005ce9122 - - default default] Successfully bumped revision number for resource e5c1ba92-dfba-4698-9946-373e82102dfc (type: security_group_rules) to 0
2026-04-07 01:15:36.939 10 INFO neutron.db.ovn_revision_numbers_db [None req-541c59ec-fa79-406e-b5b0-ea07dbf400b0 18878a0d425b4acdb108715ae117b9b7 28b3f955963c4cc181f8e9e005ce9122 - - default default] Successfully bumped revision number for resource 4d04442c-2136-4c6c-8213-20e2c99e2174 (type: security_group_rules) to 0
2026-04-07 01:15:36.941 10 INFO neutron.db.ovn_revision_numbers_db [None req-44b771ce-03a9-4aa7-b4e1-2e4c803809b1 18878a0d425b4acdb108715ae117b9b7 28b3f955963c4cc181f8e9e005ce9122 - - default default] Successfully bumped revision number for resource effe7e9b-fedc-4bc0-b643-40dfff4d84c1 (type: security_group_rules) to 0
2026-04-07 01:15:36.947 10 INFO neutron.api.wsgi [req-5b1c2be4-e863-4225-8ece-4c0a64c86b10 req-c32d1191-5951-4c42-8ee1-f531d70719db 984fbdfc99d649209dc1352ea21eeb41 b463f2f927e047c6990c6ca3444dea92 - - default default] 10.0.0.43 "GET /v2.0/networks?id=8d49c01b-5751-4aa4-8430-fb5f90543036 HTTP/1.1" status: 200 len: 875 time: 0.0509632
2026-04-07 01:15:36.962 10 INFO neutron.db.ovn_revision_numbers_db [None req-541c59ec-fa79-406e-b5b0-ea07dbf400b0 18878a0d425b4acdb108715ae117b9b7 28b3f955963c4cc181f8e9e005ce9122 - - default default] Successfully bumped revision number for resource 5a9b5c42-3721-4293-b620-fc798b3debb5 (type: security_group_rules) to 0
2026-04-07 01:15:36.968 10 INFO neutron.api.wsgi [req-5b1c2be4-e863-4225-8ece-4c0a64c86b10 req-90ffce35-ffda-45ab-b6ef-2fcceacaa0f1 984fbdfc99d649209dc1352ea21eeb41 b463f2f927e047c6990c6ca3444dea92 - - default default] 10.0.0.43 "GET /v2.0/quotas/b463f2f927e047c6990c6ca3444dea92 HTTP/1.1" status: 200 len: 491 time: 0.0148406
2026-04-07 01:15:36.975 10 INFO neutron.db.ovn_revision_numbers_db [None req-541c59ec-fa79-406e-b5b0-ea07dbf400b0 18878a0d425b4acdb108715ae117b9b7 28b3f955963c4cc181f8e9e005ce9122 - - default default] Successfully bumped revision number for resource f0aaac0a-65e1-48cd-95be-a0db56e54881 (type: security_group_rules) to 0
2026-04-07 01:15:37.016 10 INFO neutron.api.wsgi [None req-44b771ce-03a9-4aa7-b4e1-2e4c803809b1 18878a0d425b4acdb108715ae117b9b7 28b3f955963c4cc181f8e9e005ce9122 - - default default] 10.0.0.206 "GET /v2.0/security-groups?tenant_id=3f65faf66a67472baf8ddb56577c51b2&name=default HTTP/1.1" status: 200 len: 3120 time: 0.3600922
2026-04-07 01:15:37.030 10 INFO neutron.api.wsgi [None req-541c59ec-fa79-406e-b5b0-ea07dbf400b0 18878a0d425b4acdb108715ae117b9b7 28b3f955963c4cc181f8e9e005ce9122 - - default default] 10.0.0.206 "GET /v2.0/security-groups?tenant_id=95e8ea28aa7041c2a61fc90e495b0da5&name=default HTTP/1.1" status: 200 len: 3120 time: 0.3898296
2026-04-07 01:15:37.055 10 INFO neutron.api.wsgi [req-5b1c2be4-e863-4225-8ece-4c0a64c86b10 req-2cc99840-5a37-4ad0-8f50-41240ca3b4d6 984fbdfc99d649209dc1352ea21eeb41 b463f2f927e047c6990c6ca3444dea92 - - default default] 10.0.0.43 "GET /v2.0/ports?tenant_id=b463f2f927e047c6990c6ca3444dea92&fields=id HTTP/1.1" status: 200 len: 302 time: 0.0769033
2026-04-07 01:15:37.102 10 INFO neutron.api.wsgi [req-5b1c2be4-e863-4225-8ece-4c0a64c86b10 req-fadcdd37-4797-4964-9861-8a561f3a9279 077cfc4fdc9945279dd840bee508c26d 7b2064a28fc940e79a1ae6d59fa8558d - - f2cb70a218e141769260855bf15aa918 f2cb70a218e141769260855bf15aa918] 10.0.0.43 "GET /v2.0/networks/8d49c01b-5751-4aa4-8430-fb5f90543036?fields=segments HTTP/1.1" status: 200 len: 212 time: 0.0346437
2026-04-07 01:15:37.146 10 INFO neutron.api.wsgi [req-5b1c2be4-e863-4225-8ece-4c0a64c86b10 req-bf6180ea-46e1-4ce9-a8ee-1c0207972e5c 077cfc4fdc9945279dd840bee508c26d 7b2064a28fc940e79a1ae6d59fa8558d - - f2cb70a218e141769260855bf15aa918 f2cb70a218e141769260855bf15aa918] 10.0.0.43 "GET /v2.0/networks/8d49c01b-5751-4aa4-8430-fb5f90543036?fields=provider%3Aphysical_network&fields=provider%3Anetwork_type HTTP/1.1" status: 200 len: 277 time: 0.0391977
2026-04-07 01:15:37.154 9 INFO neutron.api.wsgi [req-0b70cc47-55ff-4ccb-8093-621f2e9ca5dc req-dd9e34e9-0e90-47c5-8c86-b3bfa6b2aba1 077cfc4fdc9945279dd840bee508c26d 7b2064a28fc940e79a1ae6d59fa8558d - - f2cb70a218e141769260855bf15aa918 f2cb70a218e141769260855bf15aa918] 199.204.45.244 "GET /v2.0/ports?tenant_id=bdbe93101f344055b7827af8b5b61a6f&device_id=f9794ded-c2b1-4c53-adf1-072c033ccab5 HTTP/1.1" status: 200 len: 1407 time: 0.0382664
2026-04-07 01:15:37.185 9 INFO neutron.api.wsgi [req-0b70cc47-55ff-4ccb-8093-621f2e9ca5dc req-413ecc3d-ba32-479d-9eb3-5c8608ab054a 077cfc4fdc9945279dd840bee508c26d 7b2064a28fc940e79a1ae6d59fa8558d - - f2cb70a218e141769260855bf15aa918 f2cb70a218e141769260855bf15aa918] 199.204.45.244 "GET /v2.0/floatingips?fixed_ip_address=10.100.0.3&port_id=03a204d5-701d-4e98-8fcf-ecceac00ae3f HTTP/1.1" status: 200 len: 217 time: 0.0233788
2026-04-07 01:15:37.218 9 INFO neutron.api.wsgi [req-0b70cc47-55ff-4ccb-8093-621f2e9ca5dc req-2aaf4055-a322-44c7-971e-6e717e0a6c96 077cfc4fdc9945279dd840bee508c26d 7b2064a28fc940e79a1ae6d59fa8558d - - f2cb70a218e141769260855bf15aa918 f2cb70a218e141769260855bf15aa918] 199.204.45.244 "GET /v2.0/subnets?id=f85304c0-8036-411d-8aef-9a3f4011de36 HTTP/1.1" status: 200 len: 893 time: 0.0270648
2026-04-07 01:15:37.251 9 INFO neutron.api.wsgi [req-0b70cc47-55ff-4ccb-8093-621f2e9ca5dc req-1c330ef9-d6a0-42ea-a20c-a3a67c93affc 077cfc4fdc9945279dd840bee508c26d 7b2064a28fc940e79a1ae6d59fa8558d - - f2cb70a218e141769260855bf15aa918 f2cb70a218e141769260855bf15aa918] 199.204.45.244 "GET /v2.0/ports?network_id=0947e661-31c1-46ef-a414-6bf9eed275cb&device_owner=network%3Adhcp HTTP/1.1" status: 200 len: 210 time: 0.0166707
2026-04-07 01:15:37.278 9 INFO neutron.api.wsgi [req-2aba9f65-6ce6-4e57-ae94-59a32e2bfddb req-3c9a25e0-d1e4-4fd0-8963-c11573ceca1c 984fbdfc99d649209dc1352ea21eeb41 b463f2f927e047c6990c6ca3444dea92 - - default default] 10.0.0.43 "GET /v2.0/ports?device_id=ba281763-37bb-46d0-9b9f-87618584d4e8 HTTP/1.1" status: 200 len: 210 time: 0.0190144
2026-04-07 01:15:37.304 9 INFO neutron.api.wsgi [req-0b70cc47-55ff-4ccb-8093-621f2e9ca5dc req-fa479159-f656-4e42-829b-bdcc8e3a9022 077cfc4fdc9945279dd840bee508c26d 7b2064a28fc940e79a1ae6d59fa8558d - - f2cb70a218e141769260855bf15aa918 f2cb70a218e141769260855bf15aa918] 199.204.45.244 "GET /v2.0/networks/0947e661-31c1-46ef-a414-6bf9eed275cb?fields=segments HTTP/1.1" status: 200 len: 212 time: 0.0497720
2026-04-07 01:15:37.308 9 INFO neutron.api.wsgi [None req-c46fb72b-d782-4a85-bf76-f40bea9dbace 18878a0d425b4acdb108715ae117b9b7 28b3f955963c4cc181f8e9e005ce9122 - - default default] 10.0.0.206 "DELETE /v2.0/security-groups/7803b557-8ff8-404e-bbf2-be35545b213d HTTP/1.1" status: 204 len: 168 time: 0.2868581
2026-04-07 01:15:37.354 9 INFO neutron.api.wsgi [None req-eecea3e5-cde7-4acf-9183-2c9eada0b586 18878a0d425b4acdb108715ae117b9b7 28b3f955963c4cc181f8e9e005ce9122 - - default default] 10.0.0.206 "DELETE /v2.0/security-groups/5e29528e-b304-49b9-9f8f-2d38c1e98086 HTTP/1.1" status: 204 len: 168 time: 0.3198543
2026-04-07 01:15:37.374 9 INFO neutron.api.wsgi [req-0b70cc47-55ff-4ccb-8093-621f2e9ca5dc req-6ce78d1c-01dd-49e2-9cb7-6eb6cd2c98b9 077cfc4fdc9945279dd840bee508c26d 7b2064a28fc940e79a1ae6d59fa8558d - - f2cb70a218e141769260855bf15aa918 f2cb70a218e141769260855bf15aa918] 199.204.45.244 "GET /v2.0/networks/0947e661-31c1-46ef-a414-6bf9eed275cb?fields=provider%3Aphysical_network&fields=provider%3Anetwork_type HTTP/1.1" status: 200 len: 277 time: 0.0650084
2026-04-07 01:15:37.697 9 INFO neutron.api.wsgi [-] 10.0.0.230 "GET / HTTP/1.1" status: 200 len: 246 time: 0.0025215
2026-04-07 01:15:37.699 10 INFO neutron.api.wsgi [-] 10.0.0.230 "GET / HTTP/1.1" status: 200 len: 246 time: 0.0043771
2026-04-07 01:15:37.767 10 INFO neutron.api.wsgi [req-f392e4d8-b60e-411f-856c-2ef470a95c30 req-3d4295f5-554b-408e-a4cf-279c62d52d99 52160afacb5f48d4ac85a6290fa48512 bdbe93101f344055b7827af8b5b61a6f - - default default] 10.0.0.43 "GET /v2.0/ports?device_id=f9794ded-c2b1-4c53-adf1-072c033ccab5 HTTP/1.1" status: 200 len: 1168 time: 0.0353205
2026-04-07 01:15:37.806 10 INFO neutron.api.wsgi [req-f392e4d8-b60e-411f-856c-2ef470a95c30 req-bbe9a81a-1adc-44b1-a6ea-1051a6931e55 52160afacb5f48d4ac85a6290fa48512 bdbe93101f344055b7827af8b5b61a6f - - default default] 10.0.0.43 "GET /v2.0/security-groups?id=cb8158e0-fd16-4c38-b1fb-29ad6076a2e7&fields=id&fields=name HTTP/1.1" status: 200 len: 313 time: 0.0320082
2026-04-07 01:15:38.354 9 INFO neutron.api.wsgi [req-5848c4be-137a-48af-bb30-25e0b6f9e395 req-83c1c93a-874b-49a1-ae30-9ab8df118539 984fbdfc99d649209dc1352ea21eeb41 b463f2f927e047c6990c6ca3444dea92 - - default default] 10.0.0.43 "GET /v2.0/ports?device_id=ba281763-37bb-46d0-9b9f-87618584d4e8 HTTP/1.1" status: 200 len: 210 time: 0.0219679
2026-04-07 01:15:39.057 10 INFO neutron.api.wsgi [req-73d47bc1-6fac-4ddd-931a-fcdc3334a9fd req-52d9caf6-3a26-4fd8-a647-b7f741392b67 52160afacb5f48d4ac85a6290fa48512 bdbe93101f344055b7827af8b5b61a6f - - default default] 10.0.0.43 "GET /v2.0/ports?device_id=f9794ded-c2b1-4c53-adf1-072c033ccab5 HTTP/1.1" status: 200 len: 1168 time: 0.0350776
2026-04-07 01:15:39.091 10 INFO neutron.api.wsgi [req-73d47bc1-6fac-4ddd-931a-fcdc3334a9fd req-08080149-d80d-4527-9d18-6ee534416bb0 52160afacb5f48d4ac85a6290fa48512 bdbe93101f344055b7827af8b5b61a6f - - default default] 10.0.0.43 "GET /v2.0/security-groups?id=cb8158e0-fd16-4c38-b1fb-29ad6076a2e7&fields=id&fields=name HTTP/1.1" status: 200 len: 313 time: 0.0276706
2026-04-07 01:15:39.426 9 INFO neutron.api.wsgi [req-c3ef2889-8a90-4a04-82d4-1e172e1659df req-3e588926-318f-48fe-81bf-7fbbbd001e03 984fbdfc99d649209dc1352ea21eeb41 b463f2f927e047c6990c6ca3444dea92 - - default default] 10.0.0.43 "GET /v2.0/ports?device_id=ba281763-37bb-46d0-9b9f-87618584d4e8 HTTP/1.1" status: 200 len: 210 time: 0.0174091
2026-04-07 01:15:39.698 10 WARNING neutron.plugins.ml2.drivers.ovn.mech_driver.ovsdb.ovn_client [None req-ffee2862-1a6e-4d3a-befe-51ac1a3e1a66 - - - - - -] No hosting information found for port 0e16c132-2f87-4a6f-b83a-e7a3bb3028d1: RuntimeError: No hosting information found for port 0e16c132-2f87-4a6f-b83a-e7a3bb3028d1
2026-04-07 01:15:39.774 10 INFO neutron.db.ovn_revision_numbers_db [None req-ffee2862-1a6e-4d3a-befe-51ac1a3e1a66 - - - - - -] Successfully bumped revision number for resource 0e16c132-2f87-4a6f-b83a-e7a3bb3028d1 (type: router_ports) to 2
2026-04-07 01:15:39.774 10 INFO neutron.plugins.ml2.drivers.ovn.mech_driver.mech_driver [None req-ffee2862-1a6e-4d3a-befe-51ac1a3e1a66 - - - - - -] OVN reports status up for port: 03a204d5-701d-4e98-8fcf-ecceac00ae3f
2026-04-07 01:15:39.791 10 INFO neutron.plugins.ml2.plugin [None req-ffee2862-1a6e-4d3a-befe-51ac1a3e1a66 - - - - - -] Attempt 1 to provision port 03a204d5-701d-4e98-8fcf-ecceac00ae3f
2026-04-07 01:15:39.897 10 INFO neutron.notifiers.nova [-] Nova event matching ['req-782a8fde-0a06-4eb0-a1a1-c37e80d1526b'] response: {'server_uuid': 'f9794ded-c2b1-4c53-adf1-072c033ccab5', 'name': 'network-vif-plugged', 'status': 'completed', 'tag': '03a204d5-701d-4e98-8fcf-ecceac00ae3f', 'code': 200}
2026-04-07 01:15:39.997 10 INFO neutron.db.ovn_revision_numbers_db [None req-ffee2862-1a6e-4d3a-befe-51ac1a3e1a66 - - - - - -] Successfully bumped revision number for resource 03a204d5-701d-4e98-8fcf-ecceac00ae3f (type: ports) to 5
2026-04-07 01:15:40.196 9 INFO neutron.api.wsgi [req-e6e275cc-4b65-4818-a6c1-ea7107dbc744 req-ab475874-53e6-4e97-b587-6902065297a4 52160afacb5f48d4ac85a6290fa48512 bdbe93101f344055b7827af8b5b61a6f - - default default] 10.0.0.43 "GET /v2.0/ports?device_id=f9794ded-c2b1-4c53-adf1-072c033ccab5 HTTP/1.1" status: 200 len: 1170 time: 0.0354257
2026-04-07 01:15:40.227 9 INFO neutron.api.wsgi [req-e6e275cc-4b65-4818-a6c1-ea7107dbc744 req-38c2fb61-c087-468b-b40b-4e550010fcaa 52160afacb5f48d4ac85a6290fa48512 bdbe93101f344055b7827af8b5b61a6f - - default default] 10.0.0.43 "GET /v2.0/security-groups?id=cb8158e0-fd16-4c38-b1fb-29ad6076a2e7&fields=id&fields=name HTTP/1.1" status: 200 len: 313 time: 0.0258973 /var/lib/openstack/lib/python3.12/site-packages/pycadf/identifier.py:71: UserWarning: Invalid uuid: neutron. To ensure interoperability, identifiers should be a valid uuid. warnings.warn(('Invalid uuid: %s. To ensure interoperability, '
2026-04-07 01:15:40.514 10 INFO neutron.api.wsgi [req-17ea6a74-74d0-4955-b912-2a9c4cb10ddc req-8b386282-af30-4aba-8a94-0aa0df00527e 984fbdfc99d649209dc1352ea21eeb41 b463f2f927e047c6990c6ca3444dea92 - - default default] 10.0.0.43 "GET /v2.0/ports?device_id=ba281763-37bb-46d0-9b9f-87618584d4e8 HTTP/1.1" status: 200 len: 210 time: 0.0182893
2026-04-07 01:15:41.311 9 INFO neutron.api.wsgi [req-9a68f26b-6682-4051-b837-b9b9c5873097 req-303ca0d5-2e45-4abd-9d41-bf8a4f0e8b68 52160afacb5f48d4ac85a6290fa48512 bdbe93101f344055b7827af8b5b61a6f - - default default] 10.0.0.43 "GET /v2.0/ports?device_id=f9794ded-c2b1-4c53-adf1-072c033ccab5 HTTP/1.1" status: 200 len: 1170 time: 0.0339472
2026-04-07 01:15:41.358 9 INFO neutron.api.wsgi [req-9a68f26b-6682-4051-b837-b9b9c5873097 req-98ef5d98-cb9f-43cb-aa4e-d58bffab1097 52160afacb5f48d4ac85a6290fa48512 bdbe93101f344055b7827af8b5b61a6f - - default default] 10.0.0.43 "GET /v2.0/security-groups?id=cb8158e0-fd16-4c38-b1fb-29ad6076a2e7&fields=id&fields=name HTTP/1.1" status: 200 len: 313 time: 0.0400431
2026-04-07 01:15:41.521 10 INFO neutron.api.wsgi [req-6dbf8594-4f3f-4950-82da-086765aeb4f8 req-f0af8e1d-66c9-4ffa-8e0e-efe50cb13d7c 52160afacb5f48d4ac85a6290fa48512 bdbe93101f344055b7827af8b5b61a6f - - default default] 10.0.0.43 "GET /v2.0/ports?device_id=f9794ded-c2b1-4c53-adf1-072c033ccab5 HTTP/1.1" status: 200 len: 1170 time: 0.1045656
2026-04-07 01:15:41.536 9 INFO neutron.api.wsgi [req-5b1c2be4-e863-4225-8ece-4c0a64c86b10 req-4576ab33-3847-4486-b7f6-26975da9b763 984fbdfc99d649209dc1352ea21eeb41 b463f2f927e047c6990c6ca3444dea92 - - default default] 199.204.45.244 "GET /v2.0/networks?id=8d49c01b-5751-4aa4-8430-fb5f90543036 HTTP/1.1" status: 200 len: 875 time: 0.0620024
2026-04-07 01:15:41.573 9 INFO neutron.api.wsgi [req-5b1c2be4-e863-4225-8ece-4c0a64c86b10 req-0435aa93-9722-4597-ab6a-899d5566f5a1 984fbdfc99d649209dc1352ea21eeb41 b463f2f927e047c6990c6ca3444dea92 - - default default] 199.204.45.244 "GET /v2.0/security-groups?fields=id&fields=name&tenant_id=b463f2f927e047c6990c6ca3444dea92 HTTP/1.1" status: 200 len: 379 time: 0.0332952
2026-04-07 01:15:41.582 9 WARNING neutron_lib.context [req-5b1c2be4-e863-4225-8ece-4c0a64c86b10 req-0a6ffd15-8bc0-4f03-8241-69cd484bd96a 984fbdfc99d649209dc1352ea21eeb41 b463f2f927e047c6990c6ca3444dea92 - - default default] Method 'is_advsvc' is deprecated since 2023.2 release (neutron-lib 3.8.0) and will be removed once support for the old RBAC API policies will be removed from Neutron. Please use method 'is_service_role' instead.
2026-04-07 01:15:41.608 9 INFO neutron.api.wsgi [req-84b76116-2095-492e-be68-c6b51dd14f5f req-29d568c5-8a8a-4c64-861d-8b4e42e26734 984fbdfc99d649209dc1352ea21eeb41 b463f2f927e047c6990c6ca3444dea92 - - default default] 10.0.0.43 "GET /v2.0/ports?device_id=ba281763-37bb-46d0-9b9f-87618584d4e8 HTTP/1.1" status: 200 len: 210 time: 0.0189667
2026-04-07 01:15:41.858 9 WARNING neutron.scheduler.dhcp_agent_scheduler [req-5b1c2be4-e863-4225-8ece-4c0a64c86b10 req-0a6ffd15-8bc0-4f03-8241-69cd484bd96a 984fbdfc99d649209dc1352ea21eeb41 b463f2f927e047c6990c6ca3444dea92 - - default default] No more DHCP agents
2026-04-07 01:15:41.860 9 WARNING neutron.api.rpc.agentnotifiers.dhcp_rpc_agent_api [req-5b1c2be4-e863-4225-8ece-4c0a64c86b10 req-0a6ffd15-8bc0-4f03-8241-69cd484bd96a 984fbdfc99d649209dc1352ea21eeb41 b463f2f927e047c6990c6ca3444dea92 - - default default] Unable to schedule network 8d49c01b-5751-4aa4-8430-fb5f90543036: no agents available; will retry on subsequent port and subnet creation events.
2026-04-07 01:15:41.923 10 INFO neutron.notifiers.nova [-] Nova event matching ['req-777dc560-0671-4a16-83ac-12a9d070e429'] response: {'server_uuid': 'f9794ded-c2b1-4c53-adf1-072c033ccab5', 'name': 'network-vif-plugged', 'status': 'completed', 'tag': '03a204d5-701d-4e98-8fcf-ecceac00ae3f', 'code': 200}
2026-04-07 01:15:41.943 10 INFO neutron.db.ovn_revision_numbers_db [None req-dfdff57d-4ee3-4273-a4d2-573f46d8f34c 52160afacb5f48d4ac85a6290fa48512 bdbe93101f344055b7827af8b5b61a6f - - default default] Successfully bumped revision number for resource c267f5de-e034-4e8a-8c64-9423d3c7951f (type: floatingips) to 1
2026-04-07 01:15:42.014 9 INFO neutron.db.ovn_revision_numbers_db [req-5b1c2be4-e863-4225-8ece-4c0a64c86b10 req-0a6ffd15-8bc0-4f03-8241-69cd484bd96a 984fbdfc99d649209dc1352ea21eeb41 b463f2f927e047c6990c6ca3444dea92 - - default default] Successfully bumped revision number for resource 886bcb59-79b3-4ec4-a9fe-1afd55119aab (type: ports) to 1
2026-04-07 01:15:42.037 9 INFO neutron.api.wsgi [req-5b1c2be4-e863-4225-8ece-4c0a64c86b10 req-0a6ffd15-8bc0-4f03-8241-69cd484bd96a 984fbdfc99d649209dc1352ea21eeb41 b463f2f927e047c6990c6ca3444dea92 - - default default] 199.204.45.244 "POST /v2.0/ports HTTP/1.1" status: 201 len: 1162 time: 0.4585278 /var/lib/openstack/lib/python3.12/site-packages/pycadf/identifier.py:71: UserWarning: Invalid uuid: neutron. To ensure interoperability, identifiers should be a valid uuid. warnings.warn(('Invalid uuid: %s. To ensure interoperability, '
2026-04-07 01:15:42.065 10 INFO neutron.db.ovn_revision_numbers_db [None req-dfdff57d-4ee3-4273-a4d2-573f46d8f34c 52160afacb5f48d4ac85a6290fa48512 bdbe93101f344055b7827af8b5b61a6f - - default default] Successfully bumped revision number for resource c267f5de-e034-4e8a-8c64-9423d3c7951f (type: floatingips) to 2
2026-04-07 01:15:42.065 10 INFO neutron.db.l3_db [None req-dfdff57d-4ee3-4273-a4d2-573f46d8f34c 52160afacb5f48d4ac85a6290fa48512 bdbe93101f344055b7827af8b5b61a6f - - default default] Floating IP c267f5de-e034-4e8a-8c64-9423d3c7951f associated. External IP: 10.96.250.213, port: 03a204d5-701d-4e98-8fcf-ecceac00ae3f.
2026-04-07 01:15:42.090 10 INFO neutron.api.wsgi [None req-dfdff57d-4ee3-4273-a4d2-573f46d8f34c 52160afacb5f48d4ac85a6290fa48512 bdbe93101f344055b7827af8b5b61a6f - - default default] 10.0.0.206 "PUT /v2.0/floatingips/c267f5de-e034-4e8a-8c64-9423d3c7951f HTTP/1.1" status: 200 len: 1049 time: 0.5583568
2026-04-07 01:15:42.241 9 INFO neutron.api.wsgi [req-84d15b60-7b87-4cea-bd27-9302a4ac6455 req-1558477a-ee48-493f-9e4a-d61cb787c6ca 52160afacb5f48d4ac85a6290fa48512 bdbe93101f344055b7827af8b5b61a6f - - default default] 10.0.0.43 "GET /v2.0/ports?device_id=f9794ded-c2b1-4c53-adf1-072c033ccab5 HTTP/1.1" status: 200 len: 1170 time: 0.0968359
2026-04-07 01:15:42.290 9 INFO neutron.db.ovn_revision_numbers_db [None req-ca4bac6c-e050-41bb-9cd3-abc12d23b25a 18878a0d425b4acdb108715ae117b9b7 28b3f955963c4cc181f8e9e005ce9122 - - default default] Successfully bumped revision number for resource 31bf31d8-315b-42f0-87e7-0017206a45b3 (type: security_groups) to 1
2026-04-07 01:15:42.299 9 INFO neutron.api.wsgi [req-84d15b60-7b87-4cea-bd27-9302a4ac6455 req-a4076987-6bff-45ac-a493-1d18610db609 52160afacb5f48d4ac85a6290fa48512 bdbe93101f344055b7827af8b5b61a6f - - default default] 10.0.0.43 "GET /v2.0/security-groups?id=cb8158e0-fd16-4c38-b1fb-29ad6076a2e7&fields=id&fields=name HTTP/1.1" status: 200 len: 313 time: 0.0517378
2026-04-07 01:15:42.308 9 INFO neutron.db.ovn_revision_numbers_db [None req-ca4bac6c-e050-41bb-9cd3-abc12d23b25a 18878a0d425b4acdb108715ae117b9b7 28b3f955963c4cc181f8e9e005ce9122 - - default default] Successfully bumped revision number for resource 150ff099-f056-41ea-9179-3d36ab1c7d35 (type: security_group_rules) to 0
2026-04-07 01:15:42.322 9 INFO neutron.db.ovn_revision_numbers_db [None req-ca4bac6c-e050-41bb-9cd3-abc12d23b25a 18878a0d425b4acdb108715ae117b9b7 28b3f955963c4cc181f8e9e005ce9122 - - default default] Successfully bumped revision number for resource 2becd675-8058-434d-be4d-e4ac16194667 (type: security_group_rules) to 0
2026-04-07 01:15:42.339 9 INFO neutron.db.ovn_revision_numbers_db [None req-ca4bac6c-e050-41bb-9cd3-abc12d23b25a 18878a0d425b4acdb108715ae117b9b7 28b3f955963c4cc181f8e9e005ce9122 - - default default] Successfully bumped revision number for resource 67a463dc-fae0-455f-b154-a4920bca02c1 (type: security_group_rules) to 0
2026-04-07 01:15:42.358 9 INFO neutron.db.ovn_revision_numbers_db [None req-ca4bac6c-e050-41bb-9cd3-abc12d23b25a 18878a0d425b4acdb108715ae117b9b7 28b3f955963c4cc181f8e9e005ce9122 - - default default] Successfully bumped revision number for resource 9526bb4c-ddd6-4def-8be8-688c85dc85da (type: security_group_rules) to 0
2026-04-07 01:15:42.397 9 INFO neutron.api.wsgi [None req-ca4bac6c-e050-41bb-9cd3-abc12d23b25a 18878a0d425b4acdb108715ae117b9b7 28b3f955963c4cc181f8e9e005ce9122 - - default default] 10.0.0.206 "GET /v2.0/security-groups?tenant_id=4f82af004f9d462abe6844c653db9f22&name=default HTTP/1.1" status: 200 len: 3120 time: 0.4446716 /var/lib/openstack/lib/python3.12/site-packages/pycadf/identifier.py:71: UserWarning: Invalid uuid: neutron. To ensure interoperability, identifiers should be a valid uuid. warnings.warn(('Invalid uuid: %s. To ensure interoperability, '
2026-04-07 01:15:42.499 9 INFO neutron.db.ovn_revision_numbers_db [req-5b1c2be4-e863-4225-8ece-4c0a64c86b10 req-6868fd78-4c61-49aa-8091-a6aff61e835e 077cfc4fdc9945279dd840bee508c26d 7b2064a28fc940e79a1ae6d59fa8558d - - f2cb70a218e141769260855bf15aa918 f2cb70a218e141769260855bf15aa918] Successfully bumped revision number for resource 886bcb59-79b3-4ec4-a9fe-1afd55119aab (type: ports) to 2
2026-04-07 01:15:42.573 10 INFO neutron.api.wsgi [req-74a26c31-47af-4d62-8986-bd2cc758cd1c req-ab4162e4-9718-4983-9ef3-464da4000ae6 52160afacb5f48d4ac85a6290fa48512 bdbe93101f344055b7827af8b5b61a6f - - default default] 10.0.0.43 "GET /v2.0/ports?device_id=f9794ded-c2b1-4c53-adf1-072c033ccab5 HTTP/1.1" status: 200 len: 1170 time: 0.0441542
2026-04-07 01:15:42.620 10 INFO neutron.api.wsgi [req-74a26c31-47af-4d62-8986-bd2cc758cd1c req-340f0278-04cb-4db1-b506-ee0388d7953b 52160afacb5f48d4ac85a6290fa48512 bdbe93101f344055b7827af8b5b61a6f - - default default] 10.0.0.43 "GET /v2.0/security-groups?id=cb8158e0-fd16-4c38-b1fb-29ad6076a2e7&fields=id&fields=name HTTP/1.1" status: 200 len: 313 time: 0.0399759
2026-04-07 01:15:42.676 9 INFO neutron.api.wsgi [None req-84ce971d-8798-40c2-9f87-5ac4d6fc3d68 18878a0d425b4acdb108715ae117b9b7 28b3f955963c4cc181f8e9e005ce9122 - - default default] 10.0.0.206 "DELETE /v2.0/security-groups/31bf31d8-315b-42f0-87e7-0017206a45b3 HTTP/1.1" status: 204 len: 168 time: 0.2726486 /var/lib/openstack/lib/python3.12/site-packages/pycadf/identifier.py:71: UserWarning: Invalid uuid: neutron. To ensure interoperability, identifiers should be a valid uuid. warnings.warn(('Invalid uuid: %s. To ensure interoperability, '
2026-04-07 01:15:42.910 10 INFO neutron.db.ovn_revision_numbers_db [None req-8fdf3ec2-73f7-4eb0-a448-30cf864aea2c 18878a0d425b4acdb108715ae117b9b7 28b3f955963c4cc181f8e9e005ce9122 - - default default] Successfully bumped revision number for resource f9b6d541-4f76-4c08-b610-56d2291ef356 (type: security_groups) to 1
2026-04-07 01:15:42.924 10 INFO neutron.db.ovn_revision_numbers_db [None req-8fdf3ec2-73f7-4eb0-a448-30cf864aea2c 18878a0d425b4acdb108715ae117b9b7 28b3f955963c4cc181f8e9e005ce9122 - - default default] Successfully bumped revision number for resource 397f1163-80f2-405b-bc58-e6798ff0a8c8 (type: security_group_rules) to 0
2026-04-07 01:15:42.938 10 INFO neutron.db.ovn_revision_numbers_db [None req-8fdf3ec2-73f7-4eb0-a448-30cf864aea2c 18878a0d425b4acdb108715ae117b9b7 28b3f955963c4cc181f8e9e005ce9122 - - default default] Successfully bumped revision number for resource 456659e6-8aad-4ca3-960a-755e005d4ff4 (type: security_group_rules) to 0
2026-04-07 01:15:42.962 10 INFO neutron.db.ovn_revision_numbers_db [None req-8fdf3ec2-73f7-4eb0-a448-30cf864aea2c 18878a0d425b4acdb108715ae117b9b7 28b3f955963c4cc181f8e9e005ce9122 - - default default] Successfully bumped revision number for resource 698ac176-7144-47a5-a878-4fbaf75dabec (type: security_group_rules) to 0
2026-04-07 01:15:42.973 9 INFO neutron.api.wsgi [req-0e90f464-ea90-4726-9776-3c38f89b354b req-55c9122f-934c-461f-98e1-5fd8a2e09e40 984fbdfc99d649209dc1352ea21eeb41 b463f2f927e047c6990c6ca3444dea92 - - default default] 10.0.0.43 "GET /v2.0/ports?device_id=ba281763-37bb-46d0-9b9f-87618584d4e8 HTTP/1.1" status: 200 len: 1172 time: 0.2966616
2026-04-07 01:15:42.975 10 INFO neutron.db.ovn_revision_numbers_db [None req-8fdf3ec2-73f7-4eb0-a448-30cf864aea2c 18878a0d425b4acdb108715ae117b9b7 28b3f955963c4cc181f8e9e005ce9122 - - default default] Successfully bumped revision number for resource 984cbc65-1ad6-4232-a357-34216a4246e3 (type: security_group_rules) to 0
2026-04-07 01:15:42.987 9 INFO neutron.db.ovn_revision_numbers_db [req-5b1c2be4-e863-4225-8ece-4c0a64c86b10 req-6868fd78-4c61-49aa-8091-a6aff61e835e 077cfc4fdc9945279dd840bee508c26d 7b2064a28fc940e79a1ae6d59fa8558d - - f2cb70a218e141769260855bf15aa918 f2cb70a218e141769260855bf15aa918] Successfully bumped revision number for resource 886bcb59-79b3-4ec4-a9fe-1afd55119aab (type: ports) to 4
2026-04-07 01:15:43.015 9 INFO neutron.api.wsgi [req-5b1c2be4-e863-4225-8ece-4c0a64c86b10 req-6868fd78-4c61-49aa-8091-a6aff61e835e 077cfc4fdc9945279dd840bee508c26d 7b2064a28fc940e79a1ae6d59fa8558d - - f2cb70a218e141769260855bf15aa918 f2cb70a218e141769260855bf15aa918] 199.204.45.244 "PUT /v2.0/ports/886bcb59-79b3-4ec4-a9fe-1afd55119aab HTTP/1.1" status: 200 len: 1408 time: 0.9702635
2026-04-07 01:15:43.022 10 INFO neutron.api.wsgi [None req-8fdf3ec2-73f7-4eb0-a448-30cf864aea2c 18878a0d425b4acdb108715ae117b9b7 28b3f955963c4cc181f8e9e005ce9122 - - default default] 10.0.0.206 "GET /v2.0/security-groups?tenant_id=703c2e9520304bd297e30cfd1eede598&name=default HTTP/1.1" status: 200 len: 3120 time: 0.2139642
2026-04-07 01:15:43.039 9 INFO neutron.api.wsgi [req-0e90f464-ea90-4726-9776-3c38f89b354b req-9aeee8dc-39e4-4b26-9b28-76d9ca8d3c0f 984fbdfc99d649209dc1352ea21eeb41 b463f2f927e047c6990c6ca3444dea92 - - default default] 10.0.0.43 "GET /v2.0/security-groups?id=b91e0d92-ac58-44cc-b412-38aa88978cf4&fields=id&fields=name HTTP/1.1" status: 200 len: 312 time: 0.0593946
2026-04-07 01:15:43.054 9 INFO neutron.notifiers.nova [-] Nova event matching ['req-c7c19dfd-68ea-4b31-b908-e3c1aa74416c'] response: {'name': 'network-changed', 'server_uuid': 'ba281763-37bb-46d0-9b9f-87618584d4e8', 'tag': '886bcb59-79b3-4ec4-a9fe-1afd55119aab', 'status': 'completed', 'code': 200}
2026-04-07 01:15:43.083 10 INFO neutron.plugins.ml2.drivers.ovn.mech_driver.mech_driver [None req-05c169b2-5616-44fd-b4dc-86f34d3c41fa - - - - - -] OVN reports status down for port: 03a204d5-701d-4e98-8fcf-ecceac00ae3f
2026-04-07 01:15:43.282 10 INFO neutron.api.wsgi [None req-848c88e3-45d9-49fc-8665-9888cce26301 18878a0d425b4acdb108715ae117b9b7 28b3f955963c4cc181f8e9e005ce9122 - - default default] 10.0.0.206 "DELETE /v2.0/security-groups/f9b6d541-4f76-4c08-b610-56d2291ef356 HTTP/1.1" status: 204 len: 168 time: 0.2495193
2026-04-07 01:15:43.345 10 INFO neutron.db.ovn_revision_numbers_db [None req-05c169b2-5616-44fd-b4dc-86f34d3c41fa - - - - - -] Successfully bumped revision number for resource 03a204d5-701d-4e98-8fcf-ecceac00ae3f (type: ports) to 6
2026-04-07 01:15:43.621 9 INFO neutron.api.wsgi [req-3dc68eb4-8c32-441e-8e84-173b87f70071 req-0f62d26c-cb9c-4b3b-b626-cf7fce4411c0 077cfc4fdc9945279dd840bee508c26d 7b2064a28fc940e79a1ae6d59fa8558d - - f2cb70a218e141769260855bf15aa918 f2cb70a218e141769260855bf15aa918] 199.204.45.244 "GET /v2.0/ports?tenant_id=b463f2f927e047c6990c6ca3444dea92&device_id=ba281763-37bb-46d0-9b9f-87618584d4e8 HTTP/1.1" status: 200 len: 1411 time: 0.0344813
2026-04-07 01:15:43.700 9 INFO neutron.api.wsgi [req-3dc68eb4-8c32-441e-8e84-173b87f70071 req-51d63064-c8c5-4b6a-8178-308a122b8080 077cfc4fdc9945279dd840bee508c26d 7b2064a28fc940e79a1ae6d59fa8558d - - f2cb70a218e141769260855bf15aa918 f2cb70a218e141769260855bf15aa918] 199.204.45.244 "GET /v2.0/networks?tenant_id=b463f2f927e047c6990c6ca3444dea92&shared=False HTTP/1.1" status: 200 len: 974 time: 0.0563025
2026-04-07 01:15:43.708 9 INFO neutron.api.wsgi [req-9b5b9e08-e9b5-402c-a8b8-5f10a7402b6f req-f5a4c121-fa3b-41f8-88b4-b140b5c1ad7e 52160afacb5f48d4ac85a6290fa48512 bdbe93101f344055b7827af8b5b61a6f - - default default] 10.0.0.43 "GET /v2.0/ports?device_id=f9794ded-c2b1-4c53-adf1-072c033ccab5 HTTP/1.1" status: 200 len: 1168 time: 0.0310004
2026-04-07 01:15:43.748 9 INFO neutron.api.wsgi [req-9b5b9e08-e9b5-402c-a8b8-5f10a7402b6f req-16ce3d9b-e994-4421-8be2-25720ad48208 52160afacb5f48d4ac85a6290fa48512 bdbe93101f344055b7827af8b5b61a6f - - default default] 10.0.0.43 "GET /v2.0/security-groups?id=cb8158e0-fd16-4c38-b1fb-29ad6076a2e7&fields=id&fields=name HTTP/1.1" status: 200 len: 313 time: 0.0350902
