2026-04-07 01:16:57.928 10 INFO neutron.api.wsgi [None req-414864a6-3daf-45db-8073-aab21704323a 18878a0d425b4acdb108715ae117b9b7 28b3f955963c4cc181f8e9e005ce9122 - - default default] 199.204.45.244 "GET /v2.0/extensions/security-group HTTP/1.1" status: 200 len: 369 time: 0.0893173
2026-04-07 01:16:57.937 10 INFO neutron.api.wsgi [None req-6dc9f9bc-a69d-4535-ba4a-7556d55119f6 18878a0d425b4acdb108715ae117b9b7 28b3f955963c4cc181f8e9e005ce9122 - - default default] 199.204.45.244 "GET /v2.0/extensions/dns-integration HTTP/1.1" status: 200 len: 371 time: 0.0038624
2026-04-07 01:16:57.943 10 INFO neutron.api.wsgi [None req-fba32599-9311-4dff-a060-6333016772a1 18878a0d425b4acdb108715ae117b9b7 28b3f955963c4cc181f8e9e005ce9122 - - default default] 199.204.45.244 "GET /v2.0/extensions/qos HTTP/1.1" status: 200 len: 365 time: 0.0025835
2026-04-07 01:16:57.953 10 INFO neutron.api.wsgi [None req-3963e785-02ee-4fc7-8894-c04eaeb35d06 18878a0d425b4acdb108715ae117b9b7 28b3f955963c4cc181f8e9e005ce9122 - - default default] 199.204.45.244 "GET /v2.0/extensions/allowed-address-pairs HTTP/1.1" status: 200 len: 383 time: 0.0057137
2026-04-07 01:16:57.988 10 INFO neutron.api.wsgi [None req-4295a7e5-92f0-4267-b4e5-e4705a846298 18878a0d425b4acdb108715ae117b9b7 28b3f955963c4cc181f8e9e005ce9122 - - default default] 199.204.45.244 "GET /v2.0/ports/75ee3b6a-7cea-4823-807b-9c823e05a729 HTTP/1.1" status: 200 len: 1328 time: 0.0298247
2026-04-07 01:16:58.045 10 WARNING neutron_lib.context [None req-c0322eae-832b-42cc-b584-2bbe2ccd31cc 752e840528904d3e9eca3b3503b9566b 05d40a132b0e43fc9298e86d76d0c8a9 - - default default] Method 'is_advsvc' is deprecated since 2023.2 release (neutron-lib 3.8.0) and will be removed once support for the old RBAC API policies will be removed from Neutron. Please use method 'is_service_role' instead.
2026-04-07 01:16:58.172 10 INFO neutron.db.ovn_revision_numbers_db [None req-c0322eae-832b-42cc-b584-2bbe2ccd31cc 752e840528904d3e9eca3b3503b9566b 05d40a132b0e43fc9298e86d76d0c8a9 - - default default] Successfully bumped revision number for resource 3ae3b6cb-e301-4f88-bb63-073ec3419835 (type: security_groups) to 1
2026-04-07 01:16:58.184 10 INFO neutron.db.ovn_revision_numbers_db [None req-c0322eae-832b-42cc-b584-2bbe2ccd31cc 752e840528904d3e9eca3b3503b9566b 05d40a132b0e43fc9298e86d76d0c8a9 - - default default] Successfully bumped revision number for resource 2d190653-5dbd-4b4c-900e-a17b6d2dddec (type: security_group_rules) to 0
2026-04-07 01:16:58.192 10 INFO neutron.api.wsgi [None req-2ae48a45-5a15-4582-8982-87b8eee0a933 18878a0d425b4acdb108715ae117b9b7 28b3f955963c4cc181f8e9e005ce9122 - - default default] 199.204.45.244 "GET /v2.0/extensions/security-group HTTP/1.1" status: 200 len: 369 time: 0.0051067
2026-04-07 01:16:58.199 10 INFO neutron.api.wsgi [None req-81e31f02-5bdc-4335-9846-9122bf818a0e 18878a0d425b4acdb108715ae117b9b7 28b3f955963c4cc181f8e9e005ce9122 - - default default] 199.204.45.244 "GET /v2.0/extensions/dns-integration HTTP/1.1" status: 200 len: 371 time: 0.0041940
2026-04-07 01:16:58.203 10 INFO neutron.db.ovn_revision_numbers_db [None req-c0322eae-832b-42cc-b584-2bbe2ccd31cc 752e840528904d3e9eca3b3503b9566b 05d40a132b0e43fc9298e86d76d0c8a9 - - default default] Successfully bumped revision number for resource 572fc99d-09a0-4652-bdce-9db5994a172a (type: security_group_rules) to 0
2026-04-07 01:16:58.209 10 INFO neutron.api.wsgi [None req-94026a6d-1fc0-43da-af7b-1cd981e70112 18878a0d425b4acdb108715ae117b9b7 28b3f955963c4cc181f8e9e005ce9122 - - default default] 199.204.45.244 "GET /v2.0/extensions/qos HTTP/1.1" status: 200 len: 365 time: 0.0050144
2026-04-07 01:16:58.216 10 INFO neutron.api.wsgi [None req-faacc39b-fd55-433f-a255-63e76f1a85d0 18878a0d425b4acdb108715ae117b9b7 28b3f955963c4cc181f8e9e005ce9122 - - default default] 199.204.45.244 "GET /v2.0/extensions/allowed-address-pairs HTTP/1.1" status: 200 len: 383 time: 0.0024946
2026-04-07 01:16:58.223 10 INFO neutron.db.ovn_revision_numbers_db [None req-c0322eae-832b-42cc-b584-2bbe2ccd31cc 752e840528904d3e9eca3b3503b9566b 05d40a132b0e43fc9298e86d76d0c8a9 - - default default] Successfully bumped revision number for resource 856a775a-f2e6-42e2-8613-8ecfe109efa9 (type: security_group_rules) to 0
2026-04-07 01:16:58.238 10 INFO neutron.api.v2.resource [None req-8aa02aed-ae8a-4e29-9306-604945a33dc6 18878a0d425b4acdb108715ae117b9b7 28b3f955963c4cc181f8e9e005ce9122 - - default default] show failed (client error): The resource could not be found.
2026-04-07 01:16:58.239 10 INFO neutron.api.wsgi [None req-8aa02aed-ae8a-4e29-9306-604945a33dc6 18878a0d425b4acdb108715ae117b9b7 28b3f955963c4cc181f8e9e005ce9122 - - default default] 199.204.45.244 "GET /v2.0/security-groups/lb-f75a6c34-72bc-4742-9085-383458644b6a HTTP/1.1" status: 404 len: 355 time: 0.0157733
2026-04-07 01:16:58.243 10 INFO neutron.db.ovn_revision_numbers_db [None req-c0322eae-832b-42cc-b584-2bbe2ccd31cc 752e840528904d3e9eca3b3503b9566b 05d40a132b0e43fc9298e86d76d0c8a9 - - default default] Successfully bumped revision number for resource d4f39e9d-f920-4f51-b1b9-acf4e3161435 (type: security_group_rules) to 0
2026-04-07 01:16:58.287 10 INFO neutron.api.wsgi [None req-cec892c8-7946-4430-bb6c-e8125743e277 18878a0d425b4acdb108715ae117b9b7 28b3f955963c4cc181f8e9e005ce9122 - - default default] 199.204.45.244 "GET /v2.0/security-groups?name=lb-f75a6c34-72bc-4742-9085-383458644b6a HTTP/1.1" status: 200 len: 221 time: 0.0405455
2026-04-07 01:16:58.327 10 INFO neutron.plugins.ml2.drivers.ovn.mech_driver.mech_driver [None req-4df8578d-a292-42a6-a921-a576952932d2 - - - - - -] OVN reports status up for port: 3995b916-73be-44d1-b729-c73ff3b60645
2026-04-07 01:16:58.338 10 INFO neutron.db.segments_db [None req-c0322eae-832b-42cc-b584-2bbe2ccd31cc 752e840528904d3e9eca3b3503b9566b 05d40a132b0e43fc9298e86d76d0c8a9 - - default default] Added segment b4905e74-b0e7-4eb3-8bf1-a1224bac0ff0 of type geneve for network 7441a5bd-b407-4f9c-abe2-3ffd1e9c2d0a
2026-04-07 01:16:58.347 10 INFO neutron.plugins.ml2.plugin [None req-4df8578d-a292-42a6-a921-a576952932d2 - - - - - -] Attempt 1 to provision port 3995b916-73be-44d1-b729-c73ff3b60645
2026-04-07 01:16:58.484 10 INFO neutron.db.ovn_revision_numbers_db [None req-f29a28e8-7a9a-475b-a71e-eb65216ccea7 18878a0d425b4acdb108715ae117b9b7 28b3f955963c4cc181f8e9e005ce9122 - - default default] Successfully bumped revision number for resource 6b8c6a24-4a28-4fed-9057-b422093fe380 (type: security_groups) to 1
2026-04-07 01:16:58.505 10 INFO neutron.db.ovn_revision_numbers_db [None req-f29a28e8-7a9a-475b-a71e-eb65216ccea7 18878a0d425b4acdb108715ae117b9b7 28b3f955963c4cc181f8e9e005ce9122 - - default default] Successfully bumped revision number for resource 5d4138c5-9ba7-487b-93d2-1fa94409d946 (type: security_group_rules) to 0
2026-04-07 01:16:58.509 10 INFO neutron.notifiers.nova [-] Nova event matching ['req-659f6b3c-fcf2-4157-886b-33b20c4bcba8'] response: {'server_uuid': '5b277e60-94ba-4de1-acb0-b6e03b78bc74', 'name': 'network-vif-plugged', 'status': 'completed', 'tag': '3995b916-73be-44d1-b729-c73ff3b60645', 'code': 200}
2026-04-07 01:16:58.525 10 INFO neutron.db.ovn_revision_numbers_db [None req-c0322eae-832b-42cc-b584-2bbe2ccd31cc 752e840528904d3e9eca3b3503b9566b 05d40a132b0e43fc9298e86d76d0c8a9 - - default default] Successfully bumped revision number for resource 7441a5bd-b407-4f9c-abe2-3ffd1e9c2d0a (type: networks) to 1
2026-04-07 01:16:58.528 10 INFO neutron.db.ovn_revision_numbers_db [None req-f29a28e8-7a9a-475b-a71e-eb65216ccea7 18878a0d425b4acdb108715ae117b9b7 28b3f955963c4cc181f8e9e005ce9122 - - default default] Successfully bumped revision number for resource f56ed85f-ac51-4a97-ae5e-dae8af84431d (type: security_group_rules) to 0
2026-04-07 01:16:58.579 10 INFO neutron.api.wsgi [None req-f29a28e8-7a9a-475b-a71e-eb65216ccea7 18878a0d425b4acdb108715ae117b9b7 28b3f955963c4cc181f8e9e005ce9122 - - default default] 199.204.45.244 "POST /v2.0/security-groups HTTP/1.1" status: 201 len: 1841 time: 0.2875192
2026-04-07 01:16:58.637 10 INFO neutron.api.wsgi [None req-3392512d-0e02-4ccb-a9d9-b438ffa1f0b6 18878a0d425b4acdb108715ae117b9b7 28b3f955963c4cc181f8e9e005ce9122 - - default default] 199.204.45.244 "GET /v2.0/security-group-rules?security_group_id=6b8c6a24-4a28-4fed-9057-b422093fe380 HTTP/1.1" status: 200 len: 1382 time: 0.0517213
2026-04-07 01:16:58.708 10 INFO neutron.db.ovn_revision_numbers_db [None req-4df8578d-a292-42a6-a921-a576952932d2 - - - - - -] Successfully bumped revision number for resource 3995b916-73be-44d1-b729-c73ff3b60645 (type: ports) to 5
2026-04-07 01:16:58.757 10 WARNING neutron.scheduler.dhcp_agent_scheduler [None req-c0322eae-832b-42cc-b584-2bbe2ccd31cc 752e840528904d3e9eca3b3503b9566b 05d40a132b0e43fc9298e86d76d0c8a9 - - default default] No more DHCP agents
2026-04-07 01:16:58.759 10 WARNING neutron.api.rpc.agentnotifiers.dhcp_rpc_agent_api [None req-c0322eae-832b-42cc-b584-2bbe2ccd31cc 752e840528904d3e9eca3b3503b9566b 05d40a132b0e43fc9298e86d76d0c8a9 - - default default] Unable to schedule network 7441a5bd-b407-4f9c-abe2-3ffd1e9c2d0a: no agents available; will retry on subsequent port and subnet creation events.
2026-04-07 01:16:58.835 10 INFO neutron.db.ovn_revision_numbers_db [None req-c0322eae-832b-42cc-b584-2bbe2ccd31cc 752e840528904d3e9eca3b3503b9566b 05d40a132b0e43fc9298e86d76d0c8a9 - - default default] Successfully bumped revision number for resource 5881f4c2-8d69-4f67-975b-b57c5de58589 (type: ports) to 1
2026-04-07 01:16:58.856 10 INFO neutron.api.wsgi [None req-c0322eae-832b-42cc-b584-2bbe2ccd31cc 752e840528904d3e9eca3b3503b9566b 05d40a132b0e43fc9298e86d76d0c8a9 - - default default] 10.0.0.206 "POST /v2.0/networks HTTP/1.1" status: 201 len: 831 time: 0.8429635 /var/lib/openstack/lib/python3.12/site-packages/pycadf/identifier.py:71: UserWarning: Invalid uuid: neutron. To ensure interoperability, identifiers should be a valid uuid. warnings.warn(('Invalid uuid: %s. To ensure interoperability, '
2026-04-07 01:16:58.868 10 WARNING neutron_lib.context [None req-5d4f1a3f-5a98-4431-a252-7fa3e9e3b191 752e840528904d3e9eca3b3503b9566b 05d40a132b0e43fc9298e86d76d0c8a9 - - default default] Method 'is_advsvc' is deprecated since 2023.2 release (neutron-lib 3.8.0) and will be removed once support for the old RBAC API policies will be removed from Neutron. Please use method 'is_service_role' instead.
2026-04-07 01:16:58.910 9 INFO neutron.api.wsgi [req-2fd14e73-0457-4a2a-94fb-e8f172f444d7 req-12836197-a86d-40ea-8d6d-9d1a842a6c4d c4f24defb3c449a3a467ca9c5b5ea9c3 9dd825cddae541d791ee13080a332c84 - - default default] 10.0.0.43 "GET /v2.0/ports?device_id=5b277e60-94ba-4de1-acb0-b6e03b78bc74 HTTP/1.1" status: 200 len: 1170 time: 0.0318077
2026-04-07 01:16:58.940 9 INFO neutron.api.wsgi [req-2fd14e73-0457-4a2a-94fb-e8f172f444d7 req-1a9a2f50-077d-4c73-8295-5e8443903c3b c4f24defb3c449a3a467ca9c5b5ea9c3 9dd825cddae541d791ee13080a332c84 - - default default] 10.0.0.43 "GET /v2.0/security-groups?id=26cc2ad9-5b1a-4cc2-b591-b4522ace16ee&fields=id&fields=name HTTP/1.1" status: 200 len: 286 time: 0.0235167
2026-04-07 01:16:59.052 10 INFO neutron.db.ovn_revision_numbers_db [None req-9956d40b-9405-4836-8329-1b190b207970 18878a0d425b4acdb108715ae117b9b7 28b3f955963c4cc181f8e9e005ce9122 - - default default] Successfully bumped revision number for resource 75ee3b6a-7cea-4823-807b-9c823e05a729 (type: ports) to 2
2026-04-07 01:16:59.062 10 INFO neutron.api.wsgi [None req-9956d40b-9405-4836-8329-1b190b207970 18878a0d425b4acdb108715ae117b9b7 28b3f955963c4cc181f8e9e005ce9122 - - default default] 199.204.45.244 "PUT /v2.0/ports/75ee3b6a-7cea-4823-807b-9c823e05a729 HTTP/1.1" status: 200 len: 1328 time: 0.4180048
2026-04-07 01:16:59.106 10 WARNING neutron.scheduler.dhcp_agent_scheduler [None req-5d4f1a3f-5a98-4431-a252-7fa3e9e3b191 752e840528904d3e9eca3b3503b9566b 05d40a132b0e43fc9298e86d76d0c8a9 - - default default] No more DHCP agents
2026-04-07 01:16:59.108 10 WARNING neutron.api.rpc.agentnotifiers.dhcp_rpc_agent_api [None req-5d4f1a3f-5a98-4431-a252-7fa3e9e3b191 752e840528904d3e9eca3b3503b9566b 05d40a132b0e43fc9298e86d76d0c8a9 - - default default] Unable to schedule network 7441a5bd-b407-4f9c-abe2-3ffd1e9c2d0a: no agents available; will retry on subsequent port and subnet creation events. /var/lib/openstack/lib/python3.12/site-packages/pycadf/identifier.py:71: UserWarning: Invalid uuid: neutron. To ensure interoperability, identifiers should be a valid uuid. warnings.warn(('Invalid uuid: %s. To ensure interoperability, '
2026-04-07 01:16:59.120 10 INFO neutron.api.wsgi [None req-64573eeb-3c24-44e8-81dc-5e2cfa38c0f8 18878a0d425b4acdb108715ae117b9b7 28b3f955963c4cc181f8e9e005ce9122 - - default default] 199.204.45.244 "GET /v2.0/extensions/security-group HTTP/1.1" status: 200 len: 369 time: 0.0046387
2026-04-07 01:16:59.127 10 INFO neutron.api.wsgi [None req-3ae0035e-6e09-45f3-a0a6-58cff514f6aa 18878a0d425b4acdb108715ae117b9b7 28b3f955963c4cc181f8e9e005ce9122 - - default default] 199.204.45.244 "GET /v2.0/extensions/dns-integration HTTP/1.1" status: 200 len: 371 time: 0.0036519
2026-04-07 01:16:59.132 10 INFO neutron.api.wsgi [None req-c7268234-b5e4-4255-ae76-552a4a7143b6 18878a0d425b4acdb108715ae117b9b7 28b3f955963c4cc181f8e9e005ce9122 - - default default] 199.204.45.244 "GET /v2.0/extensions/qos HTTP/1.1" status: 200 len: 365 time: 0.0024273
2026-04-07 01:16:59.141 10 INFO neutron.api.wsgi [None req-3e3eb23b-6d49-4fb3-bf96-5295d290ec6f 18878a0d425b4acdb108715ae117b9b7 28b3f955963c4cc181f8e9e005ce9122 - - default default] 199.204.45.244 "GET /v2.0/extensions/allowed-address-pairs HTTP/1.1" status: 200 len: 383 time: 0.0050876
2026-04-07 01:16:59.183 10 INFO neutron.api.wsgi [None req-4d4e6860-595d-4574-93b3-6c938143eae4 18878a0d425b4acdb108715ae117b9b7 28b3f955963c4cc181f8e9e005ce9122 - - default default] 199.204.45.244 "GET /v2.0/subnets/d2c09d54-3cfb-47ff-b82c-b9684c909d8c HTTP/1.1" status: 200 len: 875 time: 0.0386398
2026-04-07 01:16:59.193 10 INFO neutron.db.ovn_revision_numbers_db [None req-5d4f1a3f-5a98-4431-a252-7fa3e9e3b191 752e840528904d3e9eca3b3503b9566b 05d40a132b0e43fc9298e86d76d0c8a9 - - default default] Successfully bumped revision number for resource fb876d20-82c0-4424-a3aa-3293d4b83c38 (type: ports) to 1
2026-04-07 01:16:59.214 10 INFO neutron.api.wsgi [None req-5d4f1a3f-5a98-4431-a252-7fa3e9e3b191 752e840528904d3e9eca3b3503b9566b 05d40a132b0e43fc9298e86d76d0c8a9 - - default default] 10.0.0.206 "POST /v2.0/ports HTTP/1.1" status: 201 len: 942 time: 0.3496530
2026-04-07 01:16:59.226 9 WARNING neutron_lib.context [None req-17aef1f7-14c2-4df3-ae8c-493c92e40683 752e840528904d3e9eca3b3503b9566b 05d40a132b0e43fc9298e86d76d0c8a9 - - default default] Method 'is_advsvc' is deprecated since 2023.2 release (neutron-lib 3.8.0) and will be removed once support for the old RBAC API policies will be removed from Neutron. Please use method 'is_service_role' instead.
2026-04-07 01:16:59.462 9 INFO neutron.api.wsgi [None req-17aef1f7-14c2-4df3-ae8c-493c92e40683 752e840528904d3e9eca3b3503b9566b 05d40a132b0e43fc9298e86d76d0c8a9 - - default default] 10.0.0.206 "POST /v2.0/trunks HTTP/1.1" status: 201 len: 608 time: 0.2413230
2026-04-07 01:16:59.499 10 INFO neutron.api.wsgi [None req-0c00faf5-d746-478d-a3d6-6461293f48a3 752e840528904d3e9eca3b3503b9566b 05d40a132b0e43fc9298e86d76d0c8a9 - - default default] 10.0.0.206 "PUT /v2.0/trunks/75cdd890-49c0-484b-91cc-87feaa940881/tags HTTP/1.1" status: 200 len: 218 time: 0.0287666
2026-04-07 01:16:59.527 10 INFO neutron.api.wsgi [None req-900db82a-d65c-453b-a1b8-f43b3d5824d5 752e840528904d3e9eca3b3503b9566b 05d40a132b0e43fc9298e86d76d0c8a9 - - default default] 10.0.0.206 "GET /v2.0/trunks/75cdd890-49c0-484b-91cc-87feaa940881/tags HTTP/1.1" status: 200 len: 218 time: 0.0226469
2026-04-07 01:16:59.557 10 INFO neutron.api.wsgi [None req-b35ee284-61dd-47c7-8446-5db8088a392f 752e840528904d3e9eca3b3503b9566b 05d40a132b0e43fc9298e86d76d0c8a9 - - default default] 10.0.0.206 "PUT /v2.0/trunks/75cdd890-49c0-484b-91cc-87feaa940881/tags/green HTTP/1.1" status: 201 len: 201 time: 0.0236187
2026-04-07 01:16:59.576 9 INFO neutron.api.wsgi [None req-53faa99f-00a5-4c7e-b468-dd780e107f95 752e840528904d3e9eca3b3503b9566b 05d40a132b0e43fc9298e86d76d0c8a9 - - default default] 10.0.0.206 "GET /v2.0/trunks/75cdd890-49c0-484b-91cc-87feaa940881/tags HTTP/1.1" status: 200 len: 227 time: 0.0109863
2026-04-07 01:16:59.602 9 INFO neutron.api.wsgi [None req-6824cd14-9eac-4b0e-a682-f809a0fdc124 752e840528904d3e9eca3b3503b9566b 05d40a132b0e43fc9298e86d76d0c8a9 - - default default] 10.0.0.206 "PUT /v2.0/trunks/75cdd890-49c0-484b-91cc-87feaa940881/tags/red HTTP/1.1" status: 201 len: 201 time: 0.0210161
2026-04-07 01:16:59.618 9 INFO neutron.api.wsgi [None req-bf4e2a09-e882-4556-8384-7b7d960d0755 752e840528904d3e9eca3b3503b9566b 05d40a132b0e43fc9298e86d76d0c8a9 - - default default] 10.0.0.206 "GET /v2.0/trunks/75cdd890-49c0-484b-91cc-87feaa940881/tags HTTP/1.1" status: 200 len: 227 time: 0.0118129
2026-04-07 01:16:59.640 9 INFO neutron.api.wsgi [None req-74d2eba9-fd69-4e0b-9c1e-6bd72cd533e7 752e840528904d3e9eca3b3503b9566b 05d40a132b0e43fc9298e86d76d0c8a9 - - default default] 10.0.0.206 "PUT /v2.0/trunks/75cdd890-49c0-484b-91cc-87feaa940881/tags/black.or.white HTTP/1.1" status: 201 len: 201 time: 0.0176291
2026-04-07 01:16:59.655 9 INFO neutron.api.wsgi [None req-245da282-c232-4130-9bea-1bcd54e52aed 752e840528904d3e9eca3b3503b9566b 05d40a132b0e43fc9298e86d76d0c8a9 - - default default] 10.0.0.206 "GET /v2.0/trunks/75cdd890-49c0-484b-91cc-87feaa940881/tags HTTP/1.1" status: 200 len: 245 time: 0.0115032
2026-04-07 01:16:59.681 9 INFO neutron.api.wsgi [None req-21006016-4c90-4e5f-87f8-834e8990d75c 752e840528904d3e9eca3b3503b9566b 05d40a132b0e43fc9298e86d76d0c8a9 - - default default] 10.0.0.206 "PUT /v2.0/trunks/75cdd890-49c0-484b-91cc-87feaa940881/tags HTTP/1.1" status: 200 len: 230 time: 0.0215774
2026-04-07 01:16:59.709 9 INFO neutron.api.wsgi [None req-09e4431f-deab-4e58-859d-44ee4a5f09ae 752e840528904d3e9eca3b3503b9566b 05d40a132b0e43fc9298e86d76d0c8a9 - - default default] 10.0.0.206 "GET /v2.0/trunks/75cdd890-49c0-484b-91cc-87feaa940881/tags HTTP/1.1" status: 200 len: 230 time: 0.0136638
2026-04-07 01:16:59.722 9 INFO neutron.api.wsgi [None req-35cb1718-07ef-465d-9173-e23d63dbd246 752e840528904d3e9eca3b3503b9566b 05d40a132b0e43fc9298e86d76d0c8a9 - - default default] 10.0.0.206 "GET /v2.0/trunks/75cdd890-49c0-484b-91cc-87feaa940881/tags/red HTTP/1.1" status: 204 len: 168 time: 0.0103836
2026-04-07 01:16:59.738 9 INFO neutron.api.v2.resource [None req-7b687e1e-15e4-45cd-ad2c-9526647bf433 752e840528904d3e9eca3b3503b9566b 05d40a132b0e43fc9298e86d76d0c8a9 - - default default] show failed (client error): The resource could not be found.
2026-04-07 01:16:59.739 9 INFO neutron.api.wsgi [None req-7b687e1e-15e4-45cd-ad2c-9526647bf433 752e840528904d3e9eca3b3503b9566b 05d40a132b0e43fc9298e86d76d0c8a9 - - default default] 10.0.0.206 "GET /v2.0/trunks/75cdd890-49c0-484b-91cc-87feaa940881/tags/green HTTP/1.1" status: 404 len: 299 time: 0.0121524
2026-04-07 01:16:59.781 9 INFO neutron.api.wsgi [None req-0ec9cfc2-8a3e-47c2-8e5d-db9e401e1c6a 752e840528904d3e9eca3b3503b9566b 05d40a132b0e43fc9298e86d76d0c8a9 - - default default] 10.0.0.206 "DELETE /v2.0/trunks/75cdd890-49c0-484b-91cc-87feaa940881/tags/red HTTP/1.1" status: 204 len: 168 time: 0.0381856
2026-04-07 01:16:59.806 9 INFO neutron.api.wsgi [None req-5502ba8a-60bc-486b-8a51-7377d78c7afd 752e840528904d3e9eca3b3503b9566b 05d40a132b0e43fc9298e86d76d0c8a9 - - default default] 10.0.0.206 "GET /v2.0/trunks/75cdd890-49c0-484b-91cc-87feaa940881/tags HTTP/1.1" status: 200 len: 223 time: 0.0151136
2026-04-07 01:16:59.831 9 INFO neutron.api.v2.resource [None req-98873a02-f6d5-404d-b24c-1154b5b0bcd9 752e840528904d3e9eca3b3503b9566b 05d40a132b0e43fc9298e86d76d0c8a9 - - default default] delete failed (client error): The resource could not be found.
2026-04-07 01:16:59.833 9 INFO neutron.api.wsgi [None req-98873a02-f6d5-404d-b24c-1154b5b0bcd9 752e840528904d3e9eca3b3503b9566b 05d40a132b0e43fc9298e86d76d0c8a9 - - default default] 10.0.0.206 "DELETE /v2.0/trunks/75cdd890-49c0-484b-91cc-87feaa940881/tags/green HTTP/1.1" status: 404 len: 299 time: 0.0225866
2026-04-07 01:16:59.867 10 INFO neutron.api.wsgi [None req-2258473a-1c3e-46da-ad28-d07af1a2b021 752e840528904d3e9eca3b3503b9566b 05d40a132b0e43fc9298e86d76d0c8a9 - - default default] 10.0.0.206 "DELETE /v2.0/trunks/75cdd890-49c0-484b-91cc-87feaa940881/tags HTTP/1.1" status: 204 len: 168 time: 0.0298667
2026-04-07 01:16:59.887 10 INFO neutron.api.wsgi [None req-ed800b78-74a4-4242-9a86-f42ee8c3642c 752e840528904d3e9eca3b3503b9566b 05d40a132b0e43fc9298e86d76d0c8a9 - - default default] 10.0.0.206 "GET /v2.0/trunks/75cdd890-49c0-484b-91cc-87feaa940881/tags HTTP/1.1" status: 200 len: 205 time: 0.0160475
2026-04-07 01:16:59.914 10 INFO neutron.api.wsgi [None req-31c0979d-9aba-4192-8b51-884e617a14dc 752e840528904d3e9eca3b3503b9566b 05d40a132b0e43fc9298e86d76d0c8a9 - - default default] 10.0.0.206 "GET /v2.0/trunks/75cdd890-49c0-484b-91cc-87feaa940881 HTTP/1.1" status: 200 len: 603 time: 0.0164211
2026-04-07 01:17:00.006 10 INFO neutron.api.wsgi [None req-9f7a72cb-3443-48f0-8ea6-9ad11ba9f042 752e840528904d3e9eca3b3503b9566b 05d40a132b0e43fc9298e86d76d0c8a9 - - default default] 10.0.0.206 "GET /v2.0/ports/fb876d20-82c0-4424-a3aa-3293d4b83c38 HTTP/1.1" status: 200 len: 1020 time: 0.0892560
2026-04-07 01:17:00.096 10 INFO neutron.api.wsgi [req-3f098887-91ce-4963-b405-007feda48530 req-e24ece5d-280e-47a6-b6af-cf0f4c3af7b7 c4f24defb3c449a3a467ca9c5b5ea9c3 9dd825cddae541d791ee13080a332c84 - - default default] 10.0.0.43 "GET /v2.0/ports?device_id=5b277e60-94ba-4de1-acb0-b6e03b78bc74 HTTP/1.1" status: 200 len: 1170 time: 0.0888004
2026-04-07 01:17:00.096 9 INFO neutron.api.wsgi [None req-7300feec-50e6-45c2-aec7-61cb4e54b175 752e840528904d3e9eca3b3503b9566b 05d40a132b0e43fc9298e86d76d0c8a9 - - default default] 10.0.0.206 "DELETE /v2.0/trunks/75cdd890-49c0-484b-91cc-87feaa940881 HTTP/1.1" status: 204 len: 168 time: 0.0851514
2026-04-07 01:17:00.342 9 INFO neutron.api.wsgi [None req-9fc22295-938d-463f-acfa-2e55e5858773 752e840528904d3e9eca3b3503b9566b 05d40a132b0e43fc9298e86d76d0c8a9 - - default default] 10.0.0.206 "DELETE /v2.0/ports/fb876d20-82c0-4424-a3aa-3293d4b83c38 HTTP/1.1" status: 204 len: 168 time: 0.2414098
2026-04-07 01:17:00.383 10 INFO neutron.api.wsgi [req-3f098887-91ce-4963-b405-007feda48530 req-3696fda5-1ebb-4e90-ae3c-304fcf260a06 c4f24defb3c449a3a467ca9c5b5ea9c3 9dd825cddae541d791ee13080a332c84 - - default default] 10.0.0.43 "GET /v2.0/security-groups?id=26cc2ad9-5b1a-4cc2-b591-b4522ace16ee&fields=id&fields=name HTTP/1.1" status: 200 len: 286 time: 0.2827222
2026-04-07 01:17:00.555 10 INFO neutron.notifiers.nova [-] Nova event matching ['req-556a7d9c-9c25-4120-82a7-54230e2be03f'] response: {'server_uuid': '5b277e60-94ba-4de1-acb0-b6e03b78bc74', 'name': 'network-vif-plugged', 'status': 'completed', 'tag': '3995b916-73be-44d1-b729-c73ff3b60645', 'code': 200}
2026-04-07 01:17:00.593 9 INFO neutron.services.segments.plugin [-] Segment b4905e74-b0e7-4eb3-8bf1-a1224bac0ff0 resource provider aggregate not found
2026-04-07 01:17:00.597 9 INFO neutron.services.segments.plugin [-] Segment b4905e74-b0e7-4eb3-8bf1-a1224bac0ff0 resource provider aggregate not found
2026-04-07 01:17:00.619 9 INFO neutron.services.segments.plugin [-] Segment b4905e74-b0e7-4eb3-8bf1-a1224bac0ff0 resource provider not found; error: Placement Client Error (4xx): {"errors": [{"status": 404, "title": "Not Found", "detail": "The resource could not be found.\n\n No resource provider with uuid b4905e74-b0e7-4eb3-8bf1-a1224bac0ff0 found for delete ", "request_id": "req-5f55c8bb-c2ed-43bf-b3bc-87fca57cd67f"}]}
2026-04-07 01:17:00.624 9 INFO neutron.services.segments.plugin [-] Segment b4905e74-b0e7-4eb3-8bf1-a1224bac0ff0 resource provider not found; error: Placement Client Error (4xx): {"errors": [{"status": 404, "title": "Not Found", "detail": "The resource could not be found.\n\n No resource provider with uuid b4905e74-b0e7-4eb3-8bf1-a1224bac0ff0 found for delete ", "request_id": "req-f2207bd9-643f-44ba-8b60-4e8abb77961f"}]}
2026-04-07 01:17:00.635 9 INFO neutron.api.wsgi [None req-cd7e3572-a21e-452e-825c-f14067054bec 752e840528904d3e9eca3b3503b9566b 05d40a132b0e43fc9298e86d76d0c8a9 - - default default] 10.0.0.206 "DELETE /v2.0/networks/7441a5bd-b407-4f9c-abe2-3ffd1e9c2d0a HTTP/1.1" status: 204 len: 168 time: 0.2885599
2026-04-07 01:17:00.741 10 INFO neutron.api.wsgi [req-ce9d3499-b81c-434f-8933-41fad50f8214 req-88c42eec-6903-4643-b99d-3b1e3d47c8a0 c4f24defb3c449a3a467ca9c5b5ea9c3 9dd825cddae541d791ee13080a332c84 - - default default] 10.0.0.43 "GET /v2.0/ports?device_id=5b277e60-94ba-4de1-acb0-b6e03b78bc74 HTTP/1.1" status: 200 len: 1170 time: 0.0374813
2026-04-07 01:17:00.778 10 INFO neutron.api.wsgi [req-ce9d3499-b81c-434f-8933-41fad50f8214 req-8f63fd43-5195-413b-960d-796096672c88 c4f24defb3c449a3a467ca9c5b5ea9c3 9dd825cddae541d791ee13080a332c84 - - default default] 10.0.0.43 "GET /v2.0/security-groups?id=26cc2ad9-5b1a-4cc2-b591-b4522ace16ee&fields=id&fields=name HTTP/1.1" status: 200 len: 286 time: 0.0311961
2026-04-07 01:17:01.248 10 INFO neutron.plugins.ml2.drivers.ovn.mech_driver.mech_driver [None req-86e22243-a136-4fa6-819b-f0dfbae552c9 - - - - - -] OVN reports status down for port: 3995b916-73be-44d1-b729-c73ff3b60645
2026-04-07 01:17:01.393 9 INFO neutron.api.wsgi [None req-045486f8-faa6-4e52-9fbd-4a72bd394218 18878a0d425b4acdb108715ae117b9b7 28b3f955963c4cc181f8e9e005ce9122 - - default default] 10.0.0.206 "GET /v2.0/security-groups?tenant_id=05d40a132b0e43fc9298e86d76d0c8a9&name=default HTTP/1.1" status: 200 len: 3120 time: 0.1393070
2026-04-07 01:17:01.455 10 INFO neutron.db.ovn_revision_numbers_db [None req-86e22243-a136-4fa6-819b-f0dfbae552c9 - - - - - -] Successfully bumped revision number for resource 3995b916-73be-44d1-b729-c73ff3b60645 (type: ports) to 6
2026-04-07 01:17:01.595 9 INFO neutron.api.wsgi [None req-0714fa5e-ab64-4048-b508-5f5753671045 18878a0d425b4acdb108715ae117b9b7 28b3f955963c4cc181f8e9e005ce9122 - - default default] 10.0.0.206 "DELETE /v2.0/security-groups/3ae3b6cb-e301-4f88-bb63-073ec3419835 HTTP/1.1" status: 204 len: 168 time: 0.1959693 /var/lib/openstack/lib/python3.12/site-packages/pycadf/identifier.py:71: UserWarning: Invalid uuid: neutron. To ensure interoperability, identifiers should be a valid uuid. warnings.warn(('Invalid uuid: %s. To ensure interoperability, '
2026-04-07 01:17:01.795 10 INFO neutron.db.ovn_revision_numbers_db [None req-8678cd55-7ca5-4ad7-be72-0220a2904a8b 18878a0d425b4acdb108715ae117b9b7 28b3f955963c4cc181f8e9e005ce9122 - - default default] Successfully bumped revision number for resource 3ddd78e5-b4df-4763-85fb-a16165b1119b (type: security_groups) to 1
2026-04-07 01:17:01.809 10 INFO neutron.db.ovn_revision_numbers_db [None req-8678cd55-7ca5-4ad7-be72-0220a2904a8b 18878a0d425b4acdb108715ae117b9b7 28b3f955963c4cc181f8e9e005ce9122 - - default default] Successfully bumped revision number for resource 3602da82-0dfd-4e57-9b41-a333a973aebf (type: security_group_rules) to 0
2026-04-07 01:17:01.823 10 INFO neutron.db.ovn_revision_numbers_db [None req-8678cd55-7ca5-4ad7-be72-0220a2904a8b 18878a0d425b4acdb108715ae117b9b7 28b3f955963c4cc181f8e9e005ce9122 - - default default] Successfully bumped revision number for resource aad2b1d1-abaa-4c26-8a72-6e98d9ff6c0c (type: security_group_rules) to 0
2026-04-07 01:17:01.839 10 INFO neutron.db.ovn_revision_numbers_db [None req-8678cd55-7ca5-4ad7-be72-0220a2904a8b 18878a0d425b4acdb108715ae117b9b7 28b3f955963c4cc181f8e9e005ce9122 - - default default] Successfully bumped revision number for resource c70e3b0f-faef-4438-b12d-41c159db1a58 (type: security_group_rules) to 0
2026-04-07 01:17:01.854 10 INFO neutron.db.ovn_revision_numbers_db [None req-8678cd55-7ca5-4ad7-be72-0220a2904a8b 18878a0d425b4acdb108715ae117b9b7 28b3f955963c4cc181f8e9e005ce9122 - - default default] Successfully bumped revision number for resource cf887cc2-bb5c-4251-b1ca-109c5766047a (type: security_group_rules) to 0
2026-04-07 01:17:01.890 10 INFO neutron.api.wsgi [None req-8678cd55-7ca5-4ad7-be72-0220a2904a8b 18878a0d425b4acdb108715ae117b9b7 28b3f955963c4cc181f8e9e005ce9122 - - default default] 10.0.0.206 "GET /v2.0/security-groups?tenant_id=96614bb32ae24fa2be0672848e7aacb9&name=default HTTP/1.1" status: 200 len: 3120 time: 0.1989276
2026-04-07 01:17:01.908 9 INFO neutron.api.wsgi [req-df3cd047-a373-4e9f-8479-7c3e84e1625b req-380c1ac5-4140-4cd5-95ba-6c0adcc067b5 c4f24defb3c449a3a467ca9c5b5ea9c3 9dd825cddae541d791ee13080a332c84 - - default default] 10.0.0.43 "GET /v2.0/ports?device_id=5b277e60-94ba-4de1-acb0-b6e03b78bc74 HTTP/1.1" status: 200 len: 1168 time: 0.0721951
2026-04-07 01:17:01.952 9 INFO neutron.api.wsgi [req-df3cd047-a373-4e9f-8479-7c3e84e1625b req-84bd4008-8696-465b-afe9-857c76e2322c c4f24defb3c449a3a467ca9c5b5ea9c3 9dd825cddae541d791ee13080a332c84 - - default default] 10.0.0.43 "GET /v2.0/security-groups?id=26cc2ad9-5b1a-4cc2-b591-b4522ace16ee&fields=id&fields=name HTTP/1.1" status: 200 len: 286 time: 0.0376029
2026-04-07 01:17:02.094 10 INFO neutron.api.wsgi [None req-3f30c68a-291c-46b9-8858-e319aa8e0d20 18878a0d425b4acdb108715ae117b9b7 28b3f955963c4cc181f8e9e005ce9122 - - default default] 10.0.0.206 "DELETE /v2.0/security-groups/3ddd78e5-b4df-4763-85fb-a16165b1119b HTTP/1.1" status: 204 len: 168 time: 0.2003248
2026-04-07 01:17:02.489 9 INFO neutron.api.wsgi [req-afc10fcd-2f9a-4846-845a-48a874250451 req-b00008dc-a9de-4a44-8242-69c20470d286 c4f24defb3c449a3a467ca9c5b5ea9c3 9dd825cddae541d791ee13080a332c84 - - default default] 199.204.45.244 "GET /v2.0/ports?device_id=5b277e60-94ba-4de1-acb0-b6e03b78bc74 HTTP/1.1" status: 200 len: 1168 time: 0.0397382
2026-04-07 01:17:02.564 10 INFO neutron.db.ovn_revision_numbers_db [None req-af56461b-7d50-4826-ac0b-2e97a8cd3a18 18878a0d425b4acdb108715ae117b9b7 28b3f955963c4cc181f8e9e005ce9122 - - default default] Successfully bumped revision number for resource ed505dee-bb6f-4e8f-9262-dcc6b159258a (type: security_groups) to 1
2026-04-07 01:17:02.581 10 INFO neutron.db.ovn_revision_numbers_db [None req-af56461b-7d50-4826-ac0b-2e97a8cd3a18 18878a0d425b4acdb108715ae117b9b7 28b3f955963c4cc181f8e9e005ce9122 - - default default] Successfully bumped revision number for resource 1ace627d-1139-4435-af67-0c5537853907 (type: security_group_rules) to 0
2026-04-07 01:17:02.591 10 INFO neutron.notifiers.nova [-] Nova event matching ['req-6a6a0728-b8af-4ba7-9af6-15f32655db93'] response: {'server_uuid': '5b277e60-94ba-4de1-acb0-b6e03b78bc74', 'name': 'network-vif-unplugged', 'status': 'completed', 'tag': '3995b916-73be-44d1-b729-c73ff3b60645', 'code': 200}
2026-04-07 01:17:02.592 10 INFO neutron.notifiers.nova [-] Nova event matching ['req-6a6a0728-b8af-4ba7-9af6-15f32655db93'] response: {'server_uuid': '5b277e60-94ba-4de1-acb0-b6e03b78bc74', 'name': 'network-vif-unplugged', 'status': 'completed', 'tag': '3995b916-73be-44d1-b729-c73ff3b60645', 'code': 200}
2026-04-07 01:17:02.602 10 INFO neutron.db.ovn_revision_numbers_db [None req-af56461b-7d50-4826-ac0b-2e97a8cd3a18 18878a0d425b4acdb108715ae117b9b7 28b3f955963c4cc181f8e9e005ce9122 - - default default] Successfully bumped revision number for resource 7f4723b8-dbaa-4ba6-81de-6f227ff6e7f6 (type: security_group_rules) to 0
2026-04-07 01:17:02.630 10 INFO neutron.db.ovn_revision_numbers_db [None req-af56461b-7d50-4826-ac0b-2e97a8cd3a18 18878a0d425b4acdb108715ae117b9b7 28b3f955963c4cc181f8e9e005ce9122 - - default default] Successfully bumped revision number for resource 8d9ddd95-aa3c-402a-81e9-1b3e1ddf98ea (type: security_group_rules) to 0
2026-04-07 01:17:02.643 10 INFO neutron.db.ovn_revision_numbers_db [None req-af56461b-7d50-4826-ac0b-2e97a8cd3a18 18878a0d425b4acdb108715ae117b9b7 28b3f955963c4cc181f8e9e005ce9122 - - default default] Successfully bumped revision number for resource e4c5a009-84d5-4f00-8f9d-8a859af1bb43 (type: security_group_rules) to 0
2026-04-07 01:17:02.678 10 INFO neutron.api.wsgi [None req-af56461b-7d50-4826-ac0b-2e97a8cd3a18 18878a0d425b4acdb108715ae117b9b7 28b3f955963c4cc181f8e9e005ce9122 - - default default] 10.0.0.206 "GET /v2.0/security-groups?tenant_id=b7a7a7e4ebc144289a51ee6e20f1aee0&name=default HTTP/1.1" status: 200 len: 3120 time: 0.4522145
2026-04-07 01:17:02.714 9 INFO neutron.api.wsgi [req-afc10fcd-2f9a-4846-845a-48a874250451 req-fb06983c-3740-4830-a894-470862157016 c4f24defb3c449a3a467ca9c5b5ea9c3 9dd825cddae541d791ee13080a332c84 - - default default] 199.204.45.244 "DELETE /v2.0/ports/3995b916-73be-44d1-b729-c73ff3b60645 HTTP/1.1" status: 204 len: 173 time: 0.2200305
2026-04-07 01:17:02.756 9 INFO neutron.notifiers.nova [-] Nova event matching ['req-7088983b-92ef-4dc6-927f-e327f77094a7'] response: {'server_uuid': '5b277e60-94ba-4de1-acb0-b6e03b78bc74', 'name': 'network-vif-deleted', 'tag': '3995b916-73be-44d1-b729-c73ff3b60645', 'status': 'completed', 'code': 200}
2026-04-07 01:17:02.876 10 INFO neutron.api.wsgi [None req-e7838e41-a5cc-4a67-a8c6-397aba37b5c3 18878a0d425b4acdb108715ae117b9b7 28b3f955963c4cc181f8e9e005ce9122 - - default default] 10.0.0.206 "DELETE /v2.0/security-groups/ed505dee-bb6f-4e8f-9262-dcc6b159258a HTTP/1.1" status: 204 len: 168 time: 0.1922367
2026-04-07 01:17:03.026 10 INFO neutron.api.wsgi [req-01862f3d-33d1-4277-b653-1c7bfd5d7899 req-234d59dd-9aa2-4558-8e3f-d326025dcc75 c4f24defb3c449a3a467ca9c5b5ea9c3 9dd825cddae541d791ee13080a332c84 - - default default] 10.0.0.43 "GET /v2.0/ports?device_id=5b277e60-94ba-4de1-acb0-b6e03b78bc74 HTTP/1.1" status: 200 len: 210 time: 0.0180118
2026-04-07 01:17:04.115 9 INFO neutron.api.wsgi [req-302a71e8-1a83-4827-b9fc-a71e214d0b9f req-dfd224a9-c43c-4f14-a544-cce14f411aae c4f24defb3c449a3a467ca9c5b5ea9c3 9dd825cddae541d791ee13080a332c84 - - default default] 10.0.0.43 "GET /v2.0/ports?device_id=5b277e60-94ba-4de1-acb0-b6e03b78bc74 HTTP/1.1" status: 200 len: 210 time: 0.0211542
2026-04-07 01:17:05.202 10 INFO neutron.api.wsgi [req-d050cfe4-d7b8-4bd6-82fd-8f683fafa9d4 req-0ba15e63-ceee-4d1e-b15a-baa7afada34c c4f24defb3c449a3a467ca9c5b5ea9c3 9dd825cddae541d791ee13080a332c84 - - default default] 10.0.0.43 "GET /v2.0/ports?device_id=5b277e60-94ba-4de1-acb0-b6e03b78bc74 HTTP/1.1" status: 200 len: 210 time: 0.0198319
2026-04-07 01:17:05.610 10 WARNING neutron_lib.context [None req-bb91dd65-c1d0-449f-a0f8-5002b82241dd b52ede52d06f4234a1749f6efdeae547 4dfd6544db204e0f917bf280812e8286 - - default default] Method 'is_advsvc' is deprecated since 2023.2 release (neutron-lib 3.8.0) and will be removed once support for the old RBAC API policies will be removed from Neutron. Please use method 'is_service_role' instead.
2026-04-07 01:17:05.737 10 INFO neutron.db.ovn_revision_numbers_db [None req-bb91dd65-c1d0-449f-a0f8-5002b82241dd b52ede52d06f4234a1749f6efdeae547 4dfd6544db204e0f917bf280812e8286 - - default default] Successfully bumped revision number for resource 2ca2a863-eb00-47c0-a36a-48877c1a01e5 (type: security_groups) to 1
2026-04-07 01:17:05.747 10 INFO neutron.db.ovn_revision_numbers_db [None req-bb91dd65-c1d0-449f-a0f8-5002b82241dd b52ede52d06f4234a1749f6efdeae547 4dfd6544db204e0f917bf280812e8286 - - default default] Successfully bumped revision number for resource 8b3aec3a-5873-4838-9f65-be18a4f81473 (type: security_group_rules) to 0
2026-04-07 01:17:05.760 10 INFO neutron.db.ovn_revision_numbers_db [None req-bb91dd65-c1d0-449f-a0f8-5002b82241dd b52ede52d06f4234a1749f6efdeae547 4dfd6544db204e0f917bf280812e8286 - - default default] Successfully bumped revision number for resource 928da442-7617-4caf-b288-34edc191bdce (type: security_group_rules) to 0
2026-04-07 01:17:05.771 10 INFO neutron.db.ovn_revision_numbers_db [None req-bb91dd65-c1d0-449f-a0f8-5002b82241dd b52ede52d06f4234a1749f6efdeae547 4dfd6544db204e0f917bf280812e8286 - - default default] Successfully bumped revision number for resource dc2a36ac-871d-4d42-a4c5-13a308b326e8 (type: security_group_rules) to 0
2026-04-07 01:17:05.785 10 INFO neutron.db.ovn_revision_numbers_db [None req-bb91dd65-c1d0-449f-a0f8-5002b82241dd b52ede52d06f4234a1749f6efdeae547 4dfd6544db204e0f917bf280812e8286 - - default default] Successfully bumped revision number for resource f09948d6-1356-40ec-9c52-de2f2e4e9838 (type: security_group_rules) to 0
2026-04-07 01:17:05.857 10 INFO neutron.db.segments_db [None req-bb91dd65-c1d0-449f-a0f8-5002b82241dd b52ede52d06f4234a1749f6efdeae547 4dfd6544db204e0f917bf280812e8286 - - default default] Added segment 94596126-d93e-4965-ae13-517cee8b5713 of type geneve for network a3eceb6f-1783-487f-83e5-0b6b5742c170
2026-04-07 01:17:05.970 10 INFO neutron.db.ovn_revision_numbers_db [None req-bb91dd65-c1d0-449f-a0f8-5002b82241dd b52ede52d06f4234a1749f6efdeae547 4dfd6544db204e0f917bf280812e8286 - - default default] Successfully bumped revision number for resource a3eceb6f-1783-487f-83e5-0b6b5742c170 (type: networks) to 1
2026-04-07 01:17:06.103 10 WARNING neutron.scheduler.dhcp_agent_scheduler [None req-bb91dd65-c1d0-449f-a0f8-5002b82241dd b52ede52d06f4234a1749f6efdeae547 4dfd6544db204e0f917bf280812e8286 - - default default] No more DHCP agents
2026-04-07 01:17:06.104 10 WARNING neutron.api.rpc.agentnotifiers.dhcp_rpc_agent_api [None req-bb91dd65-c1d0-449f-a0f8-5002b82241dd b52ede52d06f4234a1749f6efdeae547 4dfd6544db204e0f917bf280812e8286 - - default default] Unable to schedule network a3eceb6f-1783-487f-83e5-0b6b5742c170: no agents available; will retry on subsequent port and subnet creation events.
2026-04-07 01:17:06.161 10 INFO neutron.db.ovn_revision_numbers_db [None req-bb91dd65-c1d0-449f-a0f8-5002b82241dd b52ede52d06f4234a1749f6efdeae547 4dfd6544db204e0f917bf280812e8286 - - default default] Successfully bumped revision number for resource 62e9633e-42a4-4de6-b6cc-8c07ceadd660 (type: ports) to 1
2026-04-07 01:17:06.181 10 INFO neutron.api.wsgi [None req-bb91dd65-c1d0-449f-a0f8-5002b82241dd b52ede52d06f4234a1749f6efdeae547 4dfd6544db204e0f917bf280812e8286 - - default default] 10.0.0.206 "POST /v2.0/networks HTTP/1.1" status: 201 len: 831 time: 0.7550950
2026-04-07 01:17:06.190 10 WARNING neutron_lib.context [None req-9be8465d-3723-405e-a504-2cac337b1c86 b52ede52d06f4234a1749f6efdeae547 4dfd6544db204e0f917bf280812e8286 - - default default] Method 'is_advsvc' is deprecated since 2023.2 release (neutron-lib 3.8.0) and will be removed once support for the old RBAC API policies will be removed from Neutron. Please use method 'is_service_role' instead.
2026-04-07 01:17:06.557 10 WARNING neutron.scheduler.dhcp_agent_scheduler [None req-9be8465d-3723-405e-a504-2cac337b1c86 b52ede52d06f4234a1749f6efdeae547 4dfd6544db204e0f917bf280812e8286 - - default default] No more DHCP agents
2026-04-07 01:17:06.558 10 WARNING neutron.api.rpc.agentnotifiers.dhcp_rpc_agent_api [None req-9be8465d-3723-405e-a504-2cac337b1c86 b52ede52d06f4234a1749f6efdeae547 4dfd6544db204e0f917bf280812e8286 - - default default] Unable to schedule network 9aff7a8e-31f5-4209-ac23-97fb955a382a: no agents available; will retry on subsequent port and subnet creation events.
2026-04-07 01:17:06.669 10 INFO neutron.db.ovn_revision_numbers_db [None req-9be8465d-3723-405e-a504-2cac337b1c86 b52ede52d06f4234a1749f6efdeae547 4dfd6544db204e0f917bf280812e8286 - - default default] Successfully bumped revision number for resource f0f53213-11f0-416c-be2a-4facdbc6ef4c (type: ports) to 1
2026-04-07 01:17:07.179 9 INFO neutron.api.wsgi [req-032bd3e5-d42f-43d8-a84e-ae3b6f44da44 req-7c582507-4ad8-4551-ae89-3b168319e084 18878a0d425b4acdb108715ae117b9b7 28b3f955963c4cc181f8e9e005ce9122 - - default default] 10.0.0.43 "GET /v2.0/security-groups?id=1cf47931-f7e8-42b0-bfbe-a484556add00&fields=id HTTP/1.1" status: 200 len: 267 time: 0.0418446
2026-04-07 01:17:07.233 9 INFO neutron.api.wsgi [req-032bd3e5-d42f-43d8-a84e-ae3b6f44da44 req-66eaf5b4-c3eb-4c0a-9b7e-e1cded3cb812 18878a0d425b4acdb108715ae117b9b7 28b3f955963c4cc181f8e9e005ce9122 - - default default] 10.0.0.43 "GET /v2.0/networks?id=44b74d59-e6b7-43c9-90c8-e6fc83d52fe1 HTTP/1.1" status: 200 len: 936 time: 0.0462184
2026-04-07 01:17:07.254 9 INFO neutron.api.wsgi [req-032bd3e5-d42f-43d8-a84e-ae3b6f44da44 req-eca190dc-d6b5-4632-ab29-1d430b46cc1f 18878a0d425b4acdb108715ae117b9b7 28b3f955963c4cc181f8e9e005ce9122 - - default default] 10.0.0.43 "GET /v2.0/quotas/28b3f955963c4cc181f8e9e005ce9122 HTTP/1.1" status: 200 len: 490 time: 0.0159678
2026-04-07 01:17:07.299 9 INFO neutron.api.wsgi [req-032bd3e5-d42f-43d8-a84e-ae3b6f44da44 req-e975dd85-a60f-4b28-bd39-717319cd72e9 18878a0d425b4acdb108715ae117b9b7 28b3f955963c4cc181f8e9e005ce9122 - - default default] 10.0.0.43 "GET /v2.0/ports?tenant_id=28b3f955963c4cc181f8e9e005ce9122&fields=id HTTP/1.1" status: 200 len: 348 time: 0.0411508
2026-04-07 01:17:07.313 10 INFO neutron.plugins.ml2.drivers.ovn.mech_driver.ovsdb.commands [None req-9a888254-dd97-4135-8f68-c9073fa90e7d - - - - - -] Schedule LRP lrp-f0f53213-11f0-416c-be2a-4facdbc6ef4c on gateway 340b7c8e-ac30-46e4-975f-64ace12d86fe with priority 1
2026-04-07 01:17:07.336 10 INFO neutron.plugins.ml2.drivers.ovn.mech_driver.mech_driver [None req-d3541d07-19f1-4efd-b9ce-42252add6273 - - - - - -] OVN reports status up for port: f0f53213-11f0-416c-be2a-4facdbc6ef4c
2026-04-07 01:17:07.344 10 INFO neutron.plugins.ml2.drivers.ovn.mech_driver.ovsdb.ovsdb_monitor [None req-91b20d18-d396-455c-ba09-f43d9f0645e8 - - - - - -] Router c79ad51b-b439-4fff-916b-4d07be3dab70 is bound to host instance
2026-04-07 01:17:07.349 10 INFO neutron.plugins.ml2.plugin [None req-d3541d07-19f1-4efd-b9ce-42252add6273 - - - - - -] Attempt 1 to provision port f0f53213-11f0-416c-be2a-4facdbc6ef4c
2026-04-07 01:17:07.392 9 INFO neutron.api.wsgi [None req-706e113f-bd1a-4115-9689-329a2f05b907 18878a0d425b4acdb108715ae117b9b7 28b3f955963c4cc181f8e9e005ce9122 - - default default] 10.0.0.206 "PUT /v2.0/routers/cb06ebad-08aa-4d60-a83b-d30673fe80c1/remove_router_interface HTTP/1.1" status: 200 len: 503 time: 1.1312819
2026-04-07 01:17:07.399 10 INFO neutron.db.ovn_revision_numbers_db [None req-9be8465d-3723-405e-a504-2cac337b1c86 b52ede52d06f4234a1749f6efdeae547 4dfd6544db204e0f917bf280812e8286 - - default default] Successfully bumped revision number for resource f0f53213-11f0-416c-be2a-4facdbc6ef4c (type: router_ports) to 1 /var/lib/openstack/lib/python3.12/site-packages/pycadf/identifier.py:71: UserWarning: Invalid uuid: neutron. To ensure interoperability, identifiers should be a valid uuid. warnings.warn(('Invalid uuid: %s. To ensure interoperability, '
2026-04-07 01:17:07.419 9 INFO neutron.api.wsgi [req-032bd3e5-d42f-43d8-a84e-ae3b6f44da44 req-317d44b3-01cb-4046-bef1-678c9c9c1213 077cfc4fdc9945279dd840bee508c26d 7b2064a28fc940e79a1ae6d59fa8558d - - f2cb70a218e141769260855bf15aa918 f2cb70a218e141769260855bf15aa918] 10.0.0.43 "GET /v2.0/networks/44b74d59-e6b7-43c9-90c8-e6fc83d52fe1?fields=segments HTTP/1.1" status: 200 len: 212 time: 0.1106875
2026-04-07 01:17:07.482 9 INFO neutron.api.wsgi [req-032bd3e5-d42f-43d8-a84e-ae3b6f44da44 req-3511b8ec-cad4-4b1c-991a-1a522c25f99f 077cfc4fdc9945279dd840bee508c26d 7b2064a28fc940e79a1ae6d59fa8558d - - f2cb70a218e141769260855bf15aa918 f2cb70a218e141769260855bf15aa918] 10.0.0.43 "GET /v2.0/networks/44b74d59-e6b7-43c9-90c8-e6fc83d52fe1?fields=provider%3Aphysical_network&fields=provider%3Anetwork_type HTTP/1.1" status: 200 len: 277 time: 0.0579708
2026-04-07 01:17:07.488 10 INFO neutron.db.ovn_revision_numbers_db [None req-9be8465d-3723-405e-a504-2cac337b1c86 b52ede52d06f4234a1749f6efdeae547 4dfd6544db204e0f917bf280812e8286 - - default default] Successfully bumped revision number for resource c79ad51b-b439-4fff-916b-4d07be3dab70 (type: routers) to 2
2026-04-07 01:17:07.516 10 INFO neutron.api.wsgi [None req-9be8465d-3723-405e-a504-2cac337b1c86 b52ede52d06f4234a1749f6efdeae547 4dfd6544db204e0f917bf280812e8286 - - default default] 10.0.0.206 "POST /v2.0/routers HTTP/1.1" status: 201 len: 1153 time: 1.3302908
2026-04-07 01:17:07.577 10 INFO neutron.api.wsgi [None req-2310f6b9-5ac1-4ed0-9b37-9e9145f44b2c 0b83ec72885a4a498a3e9330b64b9fbf b7214a30e9bb489faefd2b3adfbfb787 - - default default] 10.0.0.206 "GET /v2.0/subnets?project_id=4dfd6544db204e0f917bf280812e8286&cidr=10.100.0.0%2F28 HTTP/1.1" status: 200 len: 207 time: 0.0547652
2026-04-07 01:17:07.656 10 INFO neutron.api.wsgi [None req-1f616b41-9e10-41e3-8bca-892eb44d47da 0b83ec72885a4a498a3e9330b64b9fbf b7214a30e9bb489faefd2b3adfbfb787 - - default default] 10.0.0.206 "GET /v2.0/networks?router%3Aexternal=True HTTP/1.1" status: 200 len: 947 time: 0.0744853
2026-04-07 01:17:07.676 9 INFO neutron.api.wsgi [None req-cee74623-ccbb-4192-a2d4-3e87b2cfe486 0b83ec72885a4a498a3e9330b64b9fbf b7214a30e9bb489faefd2b3adfbfb787 - - default default] 10.0.0.206 "GET /v2.0/subnets?network_id=9aff7a8e-31f5-4209-ac23-97fb955a382a&cidr=10.100.0.0%2F28 HTTP/1.1" status: 200 len: 207 time: 0.0158706
2026-04-07 01:17:07.684 9 WARNING neutron_lib.context [None req-68e94591-5ab6-4485-ab3e-eff5580626e4 b52ede52d06f4234a1749f6efdeae547 4dfd6544db204e0f917bf280812e8286 - - default default] Method 'is_advsvc' is deprecated since 2023.2 release (neutron-lib 3.8.0) and will be removed once support for the old RBAC API policies will be removed from Neutron. Please use method 'is_service_role' instead.
2026-04-07 01:17:07.695 10 INFO neutron.api.wsgi [-] 10.0.0.230 "GET / HTTP/1.1" status: 200 len: 246 time: 0.0015914
2026-04-07 01:17:07.697 10 INFO neutron.api.wsgi [-] 10.0.0.230 "GET / HTTP/1.1" status: 200 len: 246 time: 0.0012109
2026-04-07 01:17:07.856 10 INFO neutron.db.ovn_revision_numbers_db [None req-bdd9df8a-729e-4ce0-901f-5c77e192fbd3 - - - - - -] Successfully bumped revision number for resource f0f53213-11f0-416c-be2a-4facdbc6ef4c (type: ports) to 1
2026-04-07 01:17:07.881 9 WARNING neutron.scheduler.dhcp_agent_scheduler [None req-68e94591-5ab6-4485-ab3e-eff5580626e4 b52ede52d06f4234a1749f6efdeae547 4dfd6544db204e0f917bf280812e8286 - - default default] No more DHCP agents
2026-04-07 01:17:07.883 9 WARNING neutron.api.rpc.agentnotifiers.dhcp_rpc_agent_api [None req-68e94591-5ab6-4485-ab3e-eff5580626e4 b52ede52d06f4234a1749f6efdeae547 4dfd6544db204e0f917bf280812e8286 - - default default] Unable to schedule network a3eceb6f-1783-487f-83e5-0b6b5742c170: no agents available; will retry on subsequent port and subnet creation events.
2026-04-07 01:17:08.017 10 INFO neutron.api.wsgi [req-cb822d3d-952e-486d-86ab-263b6b32fb89 req-245dba77-07af-4a0f-89fd-2315645cd8b6 18878a0d425b4acdb108715ae117b9b7 28b3f955963c4cc181f8e9e005ce9122 - - default default] 10.0.0.43 "GET /v2.0/ports?device_id=237909f3-cc85-4639-a24e-367bd2914884 HTTP/1.1" status: 200 len: 210 time: 0.0348351
2026-04-07 01:17:08.087 9 INFO neutron.api.wsgi [req-896f9ea5-5e0b-4686-ad8f-650e7c93cf42 req-0c58ddf9-6af5-413b-965b-14f31116a0ad 18878a0d425b4acdb108715ae117b9b7 28b3f955963c4cc181f8e9e005ce9122 - - default default] 10.0.0.43 "GET /v2.0/ports?device_id=237909f3-cc85-4639-a24e-367bd2914884 HTTP/1.1" status: 200 len: 210 time: 0.0217741
2026-04-07 01:17:08.106 9 INFO neutron.api.wsgi [None req-2a1cb6d2-c661-467f-bc51-f4c2bafc32c5 18878a0d425b4acdb108715ae117b9b7 28b3f955963c4cc181f8e9e005ce9122 - - default default] 10.0.0.206 "DELETE /v2.0/routers/cb06ebad-08aa-4d60-a83b-d30673fe80c1 HTTP/1.1" status: 204 len: 168 time: 0.7089722
2026-04-07 01:17:08.172 10 INFO neutron.db.ovn_revision_numbers_db [None req-bdd9df8a-729e-4ce0-901f-5c77e192fbd3 - - - - - -] Successfully bumped revision number for resource f0f53213-11f0-416c-be2a-4facdbc6ef4c (type: ports) to 4
2026-04-07 01:17:08.284 9 INFO neutron.api.wsgi [None req-d80a1f13-b2c6-417a-a089-46ba058fb613 18878a0d425b4acdb108715ae117b9b7 28b3f955963c4cc181f8e9e005ce9122 - - default default] 10.0.0.206 "DELETE /v2.0/subnets/e682f6d4-b1f1-4765-a3f4-256393e76582 HTTP/1.1" status: 204 len: 168 time: 0.1731768
2026-04-07 01:17:08.367 9 INFO neutron.db.ovn_revision_numbers_db [None req-2c00c5ba-d4d6-405b-bf56-da16111ca78c - - - - - -] Successfully bumped revision number for resource 62e9633e-42a4-4de6-b6cc-8c07ceadd660 (type: ports) to 2
2026-04-07 01:17:08.406 9 INFO neutron.db.ovn_revision_numbers_db [None req-2c00c5ba-d4d6-405b-bf56-da16111ca78c - - - - - -] Successfully bumped revision number for resource 36c8cfd1-d84d-4b18-b1e8-303fb1f6bc30 (type: subnets) to 0
2026-04-07 01:17:08.422 9 INFO neutron.api.wsgi [None req-68e94591-5ab6-4485-ab3e-eff5580626e4 b52ede52d06f4234a1749f6efdeae547 4dfd6544db204e0f917bf280812e8286 - - default default] 10.0.0.206 "POST /v2.0/subnets HTTP/1.1" status: 201 len: 856 time: 0.7411833
2026-04-07 01:17:08.455 10 INFO neutron.db.ovn_revision_numbers_db [None req-bdd9df8a-729e-4ce0-901f-5c77e192fbd3 - - - - - -] Successfully bumped revision number for resource f0f53213-11f0-416c-be2a-4facdbc6ef4c (type: ports) to 5
2026-04-07 01:17:08.621 9 INFO neutron.services.segments.plugin [-] Segment 5ddeeba9-dfcc-4c20-9f53-d3ae889f6364 resource provider aggregate not found
2026-04-07 01:17:08.623 9 INFO neutron.services.segments.plugin [-] Segment 5ddeeba9-dfcc-4c20-9f53-d3ae889f6364 resource provider aggregate not found
2026-04-07 01:17:08.635 9 INFO neutron.services.segments.plugin [-] Segment 5ddeeba9-dfcc-4c20-9f53-d3ae889f6364 resource provider not found; error: Placement Client Error (4xx): {"errors": [{"status": 404, "title": "Not Found", "detail": "The resource could not be found.\n\n No resource provider with uuid 5ddeeba9-dfcc-4c20-9f53-d3ae889f6364 found for delete ", "request_id": "req-e83ef493-540b-411f-bb35-8e941e6a2af1"}]}
2026-04-07 01:17:08.637 9 INFO neutron.services.segments.plugin [-] Segment 5ddeeba9-dfcc-4c20-9f53-d3ae889f6364 resource provider not found; error: Placement Client Error (4xx): {"errors": [{"status": 404, "title": "Not Found", "detail": "The resource could not be found.\n\n No resource provider with uuid 5ddeeba9-dfcc-4c20-9f53-d3ae889f6364 found for delete ", "request_id": "req-6bc2cd4d-c6e9-478a-963e-7ad68e2a7504"}]}
