+ exec neutron-metadata-agent --config-file /etc/neutron/neutron.conf --config-file /tmp/pod-shared/neutron-agent.ini --config-file /etc/neutron/metadata_agent.ini 3 RLock(s) were not greened, to fix this error make sure you run eventlet.monkey_patch() before importing any other modules. /var/lib/openstack/lib/python3.12/site-packages/pecan/core.py:320: SyntaxWarning: invalid escape sequence '\*' ''' /var/lib/openstack/lib/python3.12/site-packages/pecan/routing.py:48: SyntaxWarning: invalid escape sequence '\(' '^[0-9a-zA-Z-_$\(\)\.~!,;:*+@=]+$', route
2026-05-19 00:42:48.276 37 INFO neutron.common.config [-] Logging enabled!
2026-05-19 00:42:48.277 37 INFO neutron.common.config [-] /var/lib/openstack/bin/neutron-metadata-agent version 25.2.4.dev2
2026-05-19 00:42:48.293 37 INFO oslo_service.service [None req-f87ee01a-d64a-4f8f-a30c-2f97e1ffe42c - - - - - -] Starting 2 workers
2026-05-19 00:42:48.303 45 INFO eventlet.wsgi.server [-] (45) wsgi starting up on http:/var/lib/neutron/openstack-helm/metadata_proxy
2026-05-19 00:42:48.303 46 INFO eventlet.wsgi.server [-] (46) wsgi starting up on http:/var/lib/neutron/openstack-helm/metadata_proxy
2026-05-19 00:44:12.151 46 ERROR neutron.agent.metadata.agent [-] No port found in network None with IP address 169.254.169.254
2026-05-19 00:44:12.152 46 INFO eventlet.wsgi.server [-] 169.254.169.254, "GET / HTTP/1.1" status: 404 len: 176 time: 1.0528286
2026-05-19 00:46:20.497 46 ERROR neutron.agent.metadata.agent [-] No port found in network None with IP address 169.254.169.254
2026-05-19 00:46:20.498 46 INFO eventlet.wsgi.server [-] 169.254.169.254, "GET / HTTP/1.1" status: 404 len: 176 time: 0.0062888
2026-05-19 00:49:30.560 46 ERROR neutron.agent.metadata.agent [-] No port found in network None with IP address 169.254.169.254
2026-05-19 00:49:30.561 46 INFO eventlet.wsgi.server [-] 169.254.169.254, "GET / HTTP/1.1" status: 404 len: 176 time: 0.0074506
2026-05-19 00:50:00.523 46 ERROR neutron.agent.metadata.agent [-] No port found in network None with IP address 169.254.169.254
2026-05-19 00:50:00.524 46 INFO eventlet.wsgi.server [-] 169.254.169.254, "GET / HTTP/1.1" status: 404 len: 176 time: 0.0054328
2026-05-19 00:52:40.489 46 ERROR neutron.agent.metadata.agent [-] No port found in network None with IP address 169.254.169.254
2026-05-19 00:52:40.490 46 INFO eventlet.wsgi.server [-] 169.254.169.254, "GET / HTTP/1.1" status: 404 len: 176 time: 0.0067899
2026-05-19 00:55:52.490 46 ERROR neutron.agent.metadata.agent [-] No port found in network None with IP address 169.254.169.254
2026-05-19 00:55:52.490 46 INFO eventlet.wsgi.server [-] 169.254.169.254, "GET / HTTP/1.1" status: 404 len: 176 time: 1.0124474
2026-05-19 00:59:00.509 45 ERROR neutron.agent.metadata.agent [-] No port found in network None with IP address 169.254.169.254
2026-05-19 00:59:00.509 45 INFO eventlet.wsgi.server [-] 169.254.169.254, "GET / HTTP/1.1" status: 404 len: 176 time: 0.0118048
2026-05-19 01:00:00.560 45 ERROR neutron.agent.metadata.agent [-] No port found in network None with IP address 169.254.169.254
2026-05-19 01:00:00.561 45 INFO eventlet.wsgi.server [-] 169.254.169.254, "GET / HTTP/1.1" status: 404 len: 176 time: 0.0071802
2026-05-19 01:02:10.631 45 ERROR neutron.agent.metadata.agent [-] No port found in network None with IP address 169.254.169.254
2026-05-19 01:02:10.632 45 INFO eventlet.wsgi.server [-] 169.254.169.254, "GET / HTTP/1.1" status: 404 len: 176 time: 0.0077500
2026-05-19 01:05:20.537 46 ERROR neutron.agent.metadata.agent [-] No port found in network None with IP address 169.254.169.254
2026-05-19 01:05:20.537 46 INFO eventlet.wsgi.server [-] 169.254.169.254, "GET / HTTP/1.1" status: 404 len: 176 time: 0.0045574
2026-05-19 01:08:31.492 46 ERROR neutron.agent.metadata.agent [-] No port found in network None with IP address 169.254.169.254
2026-05-19 01:08:31.493 46 INFO eventlet.wsgi.server [-] 169.254.169.254, "GET / HTTP/1.1" status: 404 len: 176 time: 1.0154846
2026-05-19 01:10:00.576 46 ERROR neutron.agent.metadata.agent [-] No port found in network None with IP address 169.254.169.254
2026-05-19 01:10:00.576 46 INFO eventlet.wsgi.server [-] 169.254.169.254, "GET / HTTP/1.1" status: 404 len: 176 time: 0.0055625
2026-05-19 01:11:40.582 46 ERROR neutron.agent.metadata.agent [-] No port found in network None with IP address 169.254.169.254
2026-05-19 01:11:40.583 46 INFO eventlet.wsgi.server [-] 169.254.169.254, "GET / HTTP/1.1" status: 404 len: 176 time: 0.0069776
2026-05-19 01:14:50.523 45 ERROR neutron.agent.metadata.agent [-] No port found in network None with IP address 169.254.169.254
2026-05-19 01:14:50.523 45 INFO eventlet.wsgi.server [-] 169.254.169.254, "GET / HTTP/1.1" status: 404 len: 176 time: 0.0059493
2026-05-19 01:15:23.866 45 INFO eventlet.wsgi.server [-] 10.100.0.8, "GET /2009-04-04/meta-data/instance-id HTTP/1.1" status: 200 len: 146 time: 1.4597635
2026-05-19 01:15:23.908 45 INFO eventlet.wsgi.server [-] 10.100.0.8, "GET /2009-04-04/meta-data/public-keys HTTP/1.1" status: 200 len: 163 time: 0.0356839
2026-05-19 01:15:23.926 45 INFO eventlet.wsgi.server [-] 10.100.0.8, "GET /2009-04-04/meta-data/public-keys/0/openssh-key HTTP/1.1" status: 200 len: 341 time: 0.0114720
2026-05-19 01:15:23.946 45 INFO eventlet.wsgi.server [-] 10.100.0.8, "GET /2009-04-04/meta-data/instance-id HTTP/1.1" status: 200 len: 146 time: 0.0127625
2026-05-19 01:15:23.974 46 INFO eventlet.wsgi.server [-] 10.100.0.8, "GET /2009-04-04/meta-data/ami-launch-index HTTP/1.1" status: 200 len: 136 time: 0.0202026
2026-05-19 01:15:23.998 46 INFO eventlet.wsgi.server [-] 10.100.0.8, "GET /2009-04-04/meta-data/instance-type HTTP/1.1" status: 200 len: 142 time: 0.0165107
2026-05-19 01:15:24.012 46 INFO eventlet.wsgi.server [-] 10.100.0.8, "GET /2009-04-04/meta-data/local-ipv4 HTTP/1.1" status: 200 len: 146 time: 0.0086076
2026-05-19 01:15:24.035 46 INFO eventlet.wsgi.server [-] 10.100.0.8, "GET /2009-04-04/meta-data/public-ipv4 HTTP/1.1" status: 200 len: 149 time: 0.0133886
2026-05-19 01:15:24.054 46 INFO eventlet.wsgi.server [-] 10.100.0.8, "GET /2009-04-04/meta-data/hostname HTTP/1.1" status: 200 len: 199 time: 0.0115619
2026-05-19 01:15:24.077 46 INFO eventlet.wsgi.server [-] 10.100.0.8, "GET /2009-04-04/meta-data/local-hostname HTTP/1.1" status: 200 len: 199 time: 0.0167840
2026-05-19 01:15:24.098 46 INFO eventlet.wsgi.server [-] 10.100.0.8, "GET /2009-04-04/user-data HTTP/1.1" status: 200 len: 231 time: 0.0116024
2026-05-19 01:15:24.113 46 INFO eventlet.wsgi.server [-] 10.100.0.8, "GET /2009-04-04/meta-data/block-device-mapping HTTP/1.1" status: 200 len: 143 time: 0.0102341
2026-05-19 01:15:24.132 46 INFO eventlet.wsgi.server [-] 10.100.0.8, "GET /2009-04-04/meta-data/block-device-mapping/ami HTTP/1.1" status: 200 len: 138 time: 0.0148127
2026-05-19 01:15:24.151 45 INFO eventlet.wsgi.server [-] 10.100.0.8, "GET /2009-04-04/meta-data/block-device-mapping/root HTTP/1.1" status: 200 len: 143 time: 0.0141482
2026-05-19 01:15:24.170 45 INFO eventlet.wsgi.server [-] 10.100.0.8, "GET /2009-04-04/meta-data/public-hostname HTTP/1.1" status: 200 len: 199 time: 0.0143433
2026-05-19 01:15:24.184 45 INFO eventlet.wsgi.server [-] 10.100.0.8, "GET /2009-04-04/meta-data/placement/availability-zone HTTP/1.1" status: 200 len: 139 time: 0.0082865
2026-05-19 01:15:25.225 46 INFO eventlet.wsgi.server [-] 10.100.0.6, "GET /2009-04-04/meta-data/instance-id HTTP/1.1" status: 200 len: 146 time: 0.6753631
2026-05-19 01:15:25.245 46 INFO eventlet.wsgi.server [-] 10.100.0.6, "GET /2009-04-04/meta-data/public-keys HTTP/1.1" status: 200 len: 163 time: 0.0120497
2026-05-19 01:15:25.261 45 INFO eventlet.wsgi.server [-] 10.100.0.6, "GET /2009-04-04/meta-data/public-keys/0/openssh-key HTTP/1.1" status: 200 len: 341 time: 0.0100377
2026-05-19 01:15:25.281 46 INFO eventlet.wsgi.server [-] 10.100.0.6, "GET /2009-04-04/meta-data/instance-id HTTP/1.1" status: 200 len: 146 time: 0.0106163
2026-05-19 01:15:25.296 46 INFO eventlet.wsgi.server [-] 10.100.0.6, "GET /2009-04-04/meta-data/ami-launch-index HTTP/1.1" status: 200 len: 136 time: 0.0097141
2026-05-19 01:15:25.311 46 INFO eventlet.wsgi.server [-] 10.100.0.6, "GET /2009-04-04/meta-data/instance-type HTTP/1.1" status: 200 len: 142 time: 0.0097692
2026-05-19 01:15:25.326 46 INFO eventlet.wsgi.server [-] 10.100.0.6, "GET /2009-04-04/meta-data/local-ipv4 HTTP/1.1" status: 200 len: 146 time: 0.0095222
2026-05-19 01:15:25.345 45 INFO eventlet.wsgi.server [-] 10.100.0.6, "GET /2009-04-04/meta-data/public-ipv4 HTTP/1.1" status: 200 len: 149 time: 0.0118396
2026-05-19 01:15:25.370 45 INFO eventlet.wsgi.server [-] 10.100.0.6, "GET /2009-04-04/meta-data/hostname HTTP/1.1" status: 200 len: 192 time: 0.0158758
2026-05-19 01:15:25.411 46 INFO eventlet.wsgi.server [-] 10.100.0.6, "GET /2009-04-04/meta-data/local-hostname HTTP/1.1" status: 200 len: 192 time: 0.0202703
2026-05-19 01:15:25.428 46 INFO eventlet.wsgi.server [-] 10.100.0.6, "GET /2009-04-04/user-data HTTP/1.1" status: 200 len: 231 time: 0.0089502
2026-05-19 01:15:25.447 46 INFO eventlet.wsgi.server [-] 10.100.0.6, "GET /2009-04-04/meta-data/block-device-mapping HTTP/1.1" status: 200 len: 143 time: 0.0109050
2026-05-19 01:15:25.466 45 INFO eventlet.wsgi.server [-] 10.100.0.6, "GET /2009-04-04/meta-data/block-device-mapping/ami HTTP/1.1" status: 200 len: 138 time: 0.0121329
2026-05-19 01:15:25.483 45 INFO eventlet.wsgi.server [-] 10.100.0.6, "GET /2009-04-04/meta-data/block-device-mapping/root HTTP/1.1" status: 200 len: 143 time: 0.0117412
2026-05-19 01:15:25.500 45 INFO eventlet.wsgi.server [-] 10.100.0.6, "GET /2009-04-04/meta-data/public-hostname HTTP/1.1" status: 200 len: 192 time: 0.0109279
2026-05-19 01:15:25.517 45 INFO eventlet.wsgi.server [-] 10.100.0.6, "GET /2009-04-04/meta-data/placement/availability-zone HTTP/1.1" status: 200 len: 139 time: 0.0091012
2026-05-19 01:16:04.538 45 INFO eventlet.wsgi.server [-] 10.100.0.6, "GET /2009-04-04/meta-data/instance-id HTTP/1.1" status: 200 len: 146 time: 1.6851926
2026-05-19 01:16:04.560 45 INFO eventlet.wsgi.server [-] 10.100.0.6, "GET /2009-04-04/meta-data/public-keys HTTP/1.1" status: 200 len: 163 time: 0.0150607
2026-05-19 01:16:04.575 45 INFO eventlet.wsgi.server [-] 10.100.0.6, "GET /2009-04-04/meta-data/public-keys/0/openssh-key HTTP/1.1" status: 200 len: 341 time: 0.0098486
2026-05-19 01:16:04.592 45 INFO eventlet.wsgi.server [-] 10.100.0.6, "GET /2009-04-04/meta-data/instance-id HTTP/1.1" status: 200 len: 146 time: 0.0118358
2026-05-19 01:16:04.611 45 INFO eventlet.wsgi.server [-] 10.100.0.6, "GET /2009-04-04/meta-data/ami-launch-index HTTP/1.1" status: 200 len: 136 time: 0.0150294
2026-05-19 01:16:04.627 45 INFO eventlet.wsgi.server [-] 10.100.0.6, "GET /2009-04-04/meta-data/instance-type HTTP/1.1" status: 200 len: 142 time: 0.0109775
2026-05-19 01:16:04.641 45 INFO eventlet.wsgi.server [-] 10.100.0.6, "GET /2009-04-04/meta-data/local-ipv4 HTTP/1.1" status: 200 len: 146 time: 0.0094621
2026-05-19 01:16:04.660 45 INFO eventlet.wsgi.server [-] 10.100.0.6, "GET /2009-04-04/meta-data/public-ipv4 HTTP/1.1" status: 200 len: 149 time: 0.0141180
2026-05-19 01:16:04.678 45 INFO eventlet.wsgi.server [-] 10.100.0.6, "GET /2009-04-04/meta-data/hostname HTTP/1.1" status: 200 len: 192 time: 0.0109358
2026-05-19 01:16:04.709 45 INFO eventlet.wsgi.server [-] 10.100.0.6, "GET /2009-04-04/meta-data/local-hostname HTTP/1.1" status: 200 len: 192 time: 0.0245786
2026-05-19 01:16:04.743 46 INFO eventlet.wsgi.server [-] 10.100.0.6, "GET /2009-04-04/user-data HTTP/1.1" status: 200 len: 231 time: 0.0265987
2026-05-19 01:16:04.762 46 INFO eventlet.wsgi.server [-] 10.100.0.6, "GET /2009-04-04/meta-data/block-device-mapping HTTP/1.1" status: 200 len: 143 time: 0.0116625
2026-05-19 01:16:04.779 46 INFO eventlet.wsgi.server [-] 10.100.0.6, "GET /2009-04-04/meta-data/block-device-mapping/ami HTTP/1.1" status: 200 len: 138 time: 0.0097888
2026-05-19 01:16:04.791 46 INFO eventlet.wsgi.server [-] 10.100.0.6, "GET /2009-04-04/meta-data/block-device-mapping/root HTTP/1.1" status: 200 len: 143 time: 0.0093739
2026-05-19 01:16:04.808 46 INFO eventlet.wsgi.server [-] 10.100.0.6, "GET /2009-04-04/meta-data/public-hostname HTTP/1.1" status: 200 len: 192 time: 0.0135012
2026-05-19 01:16:04.820 46 INFO eventlet.wsgi.server [-] 10.100.0.6, "GET /2009-04-04/meta-data/placement/availability-zone HTTP/1.1" status: 200 len: 139 time: 0.0086570
2026-05-19 01:17:20.985 45 INFO eventlet.wsgi.server [-] 10.100.0.11, "GET /2009-04-04/meta-data/instance-id HTTP/1.1" status: 200 len: 146 time: 1.0003428
2026-05-19 01:17:21.011 45 INFO eventlet.wsgi.server [-] 10.100.0.11, "GET /2009-04-04/meta-data/public-keys HTTP/1.1" status: 200 len: 176 time: 0.0136294
2026-05-19 01:17:21.028 45 INFO eventlet.wsgi.server [-] 10.100.0.11, "GET /2009-04-04/meta-data/public-keys/0/openssh-key HTTP/1.1" status: 200 len: 341 time: 0.0111077
2026-05-19 01:17:21.045 45 INFO eventlet.wsgi.server [-] 10.100.0.11, "GET /2009-04-04/meta-data/instance-id HTTP/1.1" status: 200 len: 146 time: 0.0108938
2026-05-19 01:17:21.062 45 INFO eventlet.wsgi.server [-] 10.100.0.11, "GET /2009-04-04/meta-data/ami-launch-index HTTP/1.1" status: 200 len: 136 time: 0.0117962
2026-05-19 01:17:21.082 45 INFO eventlet.wsgi.server [-] 10.100.0.11, "GET /2009-04-04/meta-data/instance-type HTTP/1.1" status: 200 len: 142 time: 0.0128441
2026-05-19 01:17:21.101 45 INFO eventlet.wsgi.server [-] 10.100.0.11, "GET /2009-04-04/meta-data/local-ipv4 HTTP/1.1" status: 200 len: 147 time: 0.0123858
2026-05-19 01:17:21.124 45 INFO eventlet.wsgi.server [-] 10.100.0.11, "GET /2009-04-04/meta-data/public-ipv4 HTTP/1.1" status: 200 len: 149 time: 0.0157526
2026-05-19 01:17:21.141 45 INFO eventlet.wsgi.server [-] 10.100.0.11, "GET /2009-04-04/meta-data/hostname HTTP/1.1" status: 200 len: 191 time: 0.0089090
2026-05-19 01:17:21.173 45 INFO eventlet.wsgi.server [-] 10.100.0.11, "GET /2009-04-04/meta-data/local-hostname HTTP/1.1" status: 200 len: 191 time: 0.0106823
2026-05-19 01:17:21.189 45 INFO neutron.agent.metadata.proxy_base [-] The instance: f1943307-7c84-40db-a666-17e9971d2d25 is not present anymore, skipping cache...
2026-05-19 01:17:21.715 45 INFO eventlet.wsgi.server [-] 10.100.0.11, "GET /2009-04-04/user-data HTTP/1.1" status: 404 len: 297 time: 0.5353589
2026-05-19 01:17:21.741 45 INFO eventlet.wsgi.server [-] 10.100.0.11, "GET /2009-04-04/meta-data/block-device-mapping HTTP/1.1" status: 200 len: 143 time: 0.0153446
2026-05-19 01:17:21.771 46 INFO eventlet.wsgi.server [-] 10.100.0.11, "GET /2009-04-04/meta-data/block-device-mapping/ami HTTP/1.1" status: 200 len: 138 time: 0.0234776
2026-05-19 01:17:21.790 45 INFO eventlet.wsgi.server [-] 10.100.0.11, "GET /2009-04-04/meta-data/block-device-mapping/root HTTP/1.1" status: 200 len: 143 time: 0.0140753
2026-05-19 01:17:21.809 45 INFO eventlet.wsgi.server [-] 10.100.0.11, "GET /2009-04-04/meta-data/public-hostname HTTP/1.1" status: 200 len: 191 time: 0.0120950
2026-05-19 01:17:21.832 45 INFO eventlet.wsgi.server [-] 10.100.0.11, "GET /2009-04-04/meta-data/placement/availability-zone HTTP/1.1" status: 200 len: 139 time: 0.0133762
2026-05-19 01:17:58.595 45 INFO eventlet.wsgi.server [-] 10.100.0.10, "GET /2009-04-04/meta-data/instance-id HTTP/1.1" status: 200 len: 146 time: 0.6843216
2026-05-19 01:17:58.620 46 INFO eventlet.wsgi.server [-] 10.100.0.10, "GET /2009-04-04/meta-data/public-keys HTTP/1.1" status: 200 len: 176 time: 0.0180781
2026-05-19 01:17:58.636 46 INFO eventlet.wsgi.server [-] 10.100.0.10, "GET /2009-04-04/meta-data/public-keys/0/openssh-key HTTP/1.1" status: 200 len: 341 time: 0.0110147
2026-05-19 01:17:58.658 46 INFO eventlet.wsgi.server [-] 10.100.0.10, "GET /2009-04-04/meta-data/instance-id HTTP/1.1" status: 200 len: 146 time: 0.0138199
2026-05-19 01:17:58.675 46 INFO eventlet.wsgi.server [-] 10.100.0.10, "GET /2009-04-04/meta-data/ami-launch-index HTTP/1.1" status: 200 len: 136 time: 0.0106444
2026-05-19 01:17:58.691 46 INFO eventlet.wsgi.server [-] 10.100.0.10, "GET /2009-04-04/meta-data/instance-type HTTP/1.1" status: 200 len: 142 time: 0.0103943
2026-05-19 01:17:58.712 46 INFO eventlet.wsgi.server [-] 10.100.0.10, "GET /2009-04-04/meta-data/local-ipv4 HTTP/1.1" status: 200 len: 147 time: 0.0159101
2026-05-19 01:17:58.728 45 INFO eventlet.wsgi.server [-] 10.100.0.10, "GET /2009-04-04/meta-data/public-ipv4 HTTP/1.1" status: 200 len: 149 time: 0.0096552
2026-05-19 01:17:58.741 45 INFO eventlet.wsgi.server [-] 10.100.0.10, "GET /2009-04-04/meta-data/hostname HTTP/1.1" status: 200 len: 190 time: 0.0084171
2026-05-19 01:17:58.754 46 INFO eventlet.wsgi.server [-] 10.100.0.10, "GET /2009-04-04/meta-data/local-hostname HTTP/1.1" status: 200 len: 190 time: 0.0075057
2026-05-19 01:17:58.767 45 INFO neutron.agent.metadata.proxy_base [-] The instance: a383e123-0b26-42a2-a860-0b84e7b0d27a is not present anymore, skipping cache...
2026-05-19 01:17:59.279 45 INFO eventlet.wsgi.server [-] 10.100.0.10, "GET /2009-04-04/user-data HTTP/1.1" status: 404 len: 297 time: 0.5198383
2026-05-19 01:17:59.300 45 INFO eventlet.wsgi.server [-] 10.100.0.10, "GET /2009-04-04/meta-data/block-device-mapping HTTP/1.1" status: 200 len: 143 time: 0.0119560
2026-05-19 01:17:59.311 45 INFO eventlet.wsgi.server [-] 10.100.0.10, "GET /2009-04-04/meta-data/block-device-mapping/ami HTTP/1.1" status: 200 len: 138 time: 0.0074017
2026-05-19 01:17:59.325 45 INFO eventlet.wsgi.server [-] 10.100.0.10, "GET /2009-04-04/meta-data/block-device-mapping/root HTTP/1.1" status: 200 len: 143 time: 0.0089102
2026-05-19 01:17:59.339 45 INFO eventlet.wsgi.server [-] 10.100.0.10, "GET /2009-04-04/meta-data/public-hostname HTTP/1.1" status: 200 len: 190 time: 0.0087152
2026-05-19 01:17:59.350 45 INFO eventlet.wsgi.server [-] 10.100.0.10, "GET /2009-04-04/meta-data/placement/availability-zone HTTP/1.1" status: 200 len: 139 time: 0.0078537
2026-05-19 01:18:00.573 45 ERROR neutron.agent.metadata.agent [-] No port found in network None with IP address 169.254.169.254
2026-05-19 01:18:00.574 45 INFO eventlet.wsgi.server [-] 169.254.169.254, "GET / HTTP/1.1" status: 404 len: 176 time: 0.0047185
2026-05-19 01:18:01.240 46 INFO eventlet.wsgi.server [-] 10.2.1.247, "GET /2009-04-04/meta-data/instance-id HTTP/1.1" status: 200 len: 146 time: 0.9012897
2026-05-19 01:18:01.265 45 INFO eventlet.wsgi.server [-] 10.2.1.247, "GET /2009-04-04/meta-data/public-keys HTTP/1.1" status: 200 len: 174 time: 0.0143366
2026-05-19 01:18:01.282 46 INFO eventlet.wsgi.server [-] 10.2.1.247, "GET /2009-04-04/meta-data/public-keys/0/openssh-key HTTP/1.1" status: 200 len: 341 time: 0.0120966
2026-05-19 01:18:01.297 46 INFO eventlet.wsgi.server [-] 10.2.1.247, "GET /2009-04-04/meta-data/instance-id HTTP/1.1" status: 200 len: 146 time: 0.0092716
2026-05-19 01:18:01.315 45 INFO eventlet.wsgi.server [-] 10.2.1.247, "GET /2009-04-04/meta-data/ami-launch-index HTTP/1.1" status: 200 len: 136 time: 0.0118258
2026-05-19 01:18:01.332 46 INFO eventlet.wsgi.server [-] 10.2.1.247, "GET /2009-04-04/meta-data/instance-type HTTP/1.1" status: 200 len: 142 time: 0.0112562
2026-05-19 01:18:01.352 46 INFO eventlet.wsgi.server [-] 10.2.1.247, "GET /2009-04-04/meta-data/local-ipv4 HTTP/1.1" status: 200 len: 146 time: 0.0139194
2026-05-19 01:18:01.372 46 INFO eventlet.wsgi.server [-] 10.2.1.247, "GET /2009-04-04/meta-data/public-ipv4 HTTP/1.1" status: 200 len: 149 time: 0.0149019
2026-05-19 01:18:01.395 46 INFO eventlet.wsgi.server [-] 10.2.1.247, "GET /2009-04-04/meta-data/hostname HTTP/1.1" status: 200 len: 185 time: 0.0130222
2026-05-19 01:18:01.436 46 INFO eventlet.wsgi.server [-] 10.2.1.247, "GET /2009-04-04/meta-data/local-hostname HTTP/1.1" status: 200 len: 185 time: 0.0129240
2026-05-19 01:18:01.452 46 INFO neutron.agent.metadata.proxy_base [-] The instance: a42fd39d-b092-4ec0-b0fd-b9ef2f2a29e2 is not present anymore, skipping cache...
2026-05-19 01:18:01.964 46 INFO eventlet.wsgi.server [-] 10.2.1.247, "GET /2009-04-04/user-data HTTP/1.1" status: 404 len: 297 time: 0.5227101
2026-05-19 01:18:01.985 45 INFO eventlet.wsgi.server [-] 10.2.1.247, "GET /2009-04-04/meta-data/block-device-mapping HTTP/1.1" status: 200 len: 143 time: 0.0106809
2026-05-19 01:18:02.003 45 INFO eventlet.wsgi.server [-] 10.2.1.247, "GET /2009-04-04/meta-data/block-device-mapping/ami HTTP/1.1" status: 200 len: 138 time: 0.0118520
2026-05-19 01:18:02.040 45 INFO eventlet.wsgi.server [-] 10.2.1.247, "GET /2009-04-04/meta-data/block-device-mapping/root HTTP/1.1" status: 200 len: 143 time: 0.0302315
2026-05-19 01:18:02.073 45 INFO eventlet.wsgi.server [-] 10.2.1.247, "GET /2009-04-04/meta-data/public-hostname HTTP/1.1" status: 200 len: 185 time: 0.0253856
2026-05-19 01:18:02.107 46 INFO eventlet.wsgi.server [-] 10.2.1.247, "GET /2009-04-04/meta-data/placement/availability-zone HTTP/1.1" status: 200 len: 139 time: 0.0292823
2026-05-19 01:18:19.033 45 INFO eventlet.wsgi.server [-] 10.2.2.76, "GET /2009-04-04/meta-data/instance-id HTTP/1.1" status: 200 len: 146 time: 0.6450236
2026-05-19 01:18:19.055 45 INFO eventlet.wsgi.server [-] 10.2.2.76, "GET /2009-04-04/meta-data/public-keys HTTP/1.1" status: 200 len: 174 time: 0.0128615
2026-05-19 01:18:19.071 45 INFO eventlet.wsgi.server [-] 10.2.2.76, "GET /2009-04-04/meta-data/public-keys/0/openssh-key HTTP/1.1" status: 200 len: 341 time: 0.0109005
2026-05-19 01:18:19.092 45 INFO eventlet.wsgi.server [-] 10.2.2.76, "GET /2009-04-04/meta-data/instance-id HTTP/1.1" status: 200 len: 146 time: 0.0135105
2026-05-19 01:18:19.111 45 INFO eventlet.wsgi.server [-] 10.2.2.76, "GET /2009-04-04/meta-data/ami-launch-index HTTP/1.1" status: 200 len: 136 time: 0.0114729
2026-05-19 01:18:19.128 45 INFO eventlet.wsgi.server [-] 10.2.2.76, "GET /2009-04-04/meta-data/instance-type HTTP/1.1" status: 200 len: 142 time: 0.0092852
2026-05-19 01:18:19.147 45 INFO eventlet.wsgi.server [-] 10.2.2.76, "GET /2009-04-04/meta-data/local-ipv4 HTTP/1.1" status: 200 len: 144 time: 0.0137141
2026-05-19 01:18:19.161 45 INFO eventlet.wsgi.server [-] 10.2.2.76, "GET /2009-04-04/meta-data/public-ipv4 HTTP/1.1" status: 200 len: 149 time: 0.0087559
2026-05-19 01:18:19.176 45 INFO eventlet.wsgi.server [-] 10.2.2.76, "GET /2009-04-04/meta-data/hostname HTTP/1.1" status: 200 len: 185 time: 0.0100360
2026-05-19 01:18:19.192 45 INFO eventlet.wsgi.server [-] 10.2.2.76, "GET /2009-04-04/meta-data/local-hostname HTTP/1.1" status: 200 len: 185 time: 0.0089984
2026-05-19 01:18:19.208 45 INFO neutron.agent.metadata.proxy_base [-] The instance: 1503970b-915f-48e1-a83f-f98464a2d29a is not present anymore, skipping cache...
2026-05-19 01:18:19.721 45 INFO eventlet.wsgi.server [-] 10.2.2.76, "GET /2009-04-04/user-data HTTP/1.1" status: 404 len: 297 time: 0.5221026
2026-05-19 01:18:19.741 45 INFO eventlet.wsgi.server [-] 10.2.2.76, "GET /2009-04-04/meta-data/block-device-mapping HTTP/1.1" status: 200 len: 143 time: 0.0099885
2026-05-19 01:18:19.762 46 INFO eventlet.wsgi.server [-] 10.2.2.76, "GET /2009-04-04/meta-data/block-device-mapping/ami HTTP/1.1" status: 200 len: 138 time: 0.0167539
2026-05-19 01:18:19.778 45 INFO eventlet.wsgi.server [-] 10.2.2.76, "GET /2009-04-04/meta-data/block-device-mapping/root HTTP/1.1" status: 200 len: 143 time: 0.0108764
2026-05-19 01:18:19.805 46 INFO eventlet.wsgi.server [-] 10.2.2.76, "GET /2009-04-04/meta-data/public-hostname HTTP/1.1" status: 200 len: 185 time: 0.0210142
2026-05-19 01:18:19.823 45 INFO eventlet.wsgi.server [-] 10.2.2.76, "GET /2009-04-04/meta-data/placement/availability-zone HTTP/1.1" status: 200 len: 139 time: 0.0125575
2026-05-19 01:18:58.440 45 INFO eventlet.wsgi.server [-] 10.100.0.6, "GET /latest/meta-data/public-ipv4 HTTP/1.1" status: 200 len: 149 time: 0.6633019
2026-05-19 01:18:58.684 46 INFO eventlet.wsgi.server [-] 10.100.0.6, "POST /openstack/2013-10-17/password HTTP/1.1" status: 200 len: 134 time: 0.1649168
2026-05-19 01:20:01.582 45 ERROR neutron.agent.metadata.agent [-] No port found in network None with IP address 169.254.169.254
2026-05-19 01:20:01.582 45 INFO eventlet.wsgi.server [-] 169.254.169.254, "GET / HTTP/1.1" status: 404 len: 176 time: 1.0281966
2026-05-19 01:21:10.521 46 ERROR neutron.agent.metadata.agent [-] No port found in network None with IP address 169.254.169.254
2026-05-19 01:21:10.522 46 INFO eventlet.wsgi.server [-] 169.254.169.254, "GET / HTTP/1.1" status: 404 len: 176 time: 0.0133762
2026-05-19 01:24:20.649 45 ERROR neutron.agent.metadata.agent [-] No port found in network None with IP address 169.254.169.254
2026-05-19 01:24:20.650 45 INFO eventlet.wsgi.server [-] 169.254.169.254, "GET / HTTP/1.1" status: 404 len: 176 time: 0.0046673