Jun 08 04:32:32.485818 np0000178762 devstack@g-api.service[115099]: DEBUG glance.image_cache.drivers.centralized_db [None req-c4ff3b8e-60b7-4340-9850-3a6bc500652a None None] Node reference is already recorded, ignoring it {{(pid=115099) configure /opt/stack/glance/glance/image_cache/drivers/centralized_db.py:71}}
Jun 08 04:32:32.488032 np0000178762 devstack@g-api.service[115100]: DEBUG glance.image_cache.drivers.centralized_db [None req-59ec5c28-364e-4be9-a2c8-4644812b6601 None None] Node reference is already recorded, ignoring it {{(pid=115100) configure /opt/stack/glance/glance/image_cache/drivers/centralized_db.py:71}}
Jun 08 04:32:32.489479 np0000178762 devstack@g-api.service[115102]: DEBUG glance.image_cache.drivers.centralized_db [None req-ff117f5b-70f0-4bbc-8c1a-ab507aec7b14 None None] Node reference is already recorded, ignoring it {{(pid=115102) configure /opt/stack/glance/glance/image_cache/drivers/centralized_db.py:71}}
Jun 08 04:32:32.491831 np0000178762 devstack@g-api.service[115099]: INFO glance.image_cache [None req-c4ff3b8e-60b7-4340-9850-3a6bc500652a None None] Image cache loaded driver 'centralized_db'.
Jun 08 04:32:32.493436 np0000178762 devstack@g-api.service[115101]: DEBUG glance.image_cache.drivers.centralized_db [None req-635f6021-58c1-4487-bcfe-bc9323f4ea32 None None] Node reference is already recorded, ignoring it {{(pid=115101) configure /opt/stack/glance/glance/image_cache/drivers/centralized_db.py:71}}
Jun 08 04:32:32.495407 np0000178762 devstack@g-api.service[115102]: DEBUG glance.api.v2.cached_images [None req-ff117f5b-70f0-4bbc-8c1a-ab507aec7b14 None None] Started cache worker thread {{(pid=115102) __init__ /opt/stack/glance/glance/api/v2/cached_images.py:69}}
Jun 08 04:32:32.496141 np0000178762 devstack@g-api.service[115102]: INFO glance.image_cache [None req-ff117f5b-70f0-4bbc-8c1a-ab507aec7b14 None None] Image cache loaded driver 'centralized_db'.
Jun 08 04:32:32.497580 np0000178762 devstack@g-api.service[115100]: INFO glance.image_cache [None req-59ec5c28-364e-4be9-a2c8-4644812b6601 None None] Image cache loaded driver 'centralized_db'.
Jun 08 04:32:32.500155 np0000178762 devstack@g-api.service[115099]: DEBUG glance.image_cache.drivers.centralized_db [None req-c4ff3b8e-60b7-4340-9850-3a6bc500652a None None] Node reference is already recorded, ignoring it {{(pid=115099) configure /opt/stack/glance/glance/image_cache/drivers/centralized_db.py:71}}
Jun 08 04:32:32.502773 np0000178762 devstack@g-api.service[115101]: DEBUG glance.api.v2.cached_images [None req-635f6021-58c1-4487-bcfe-bc9323f4ea32 None None] Started cache worker thread {{(pid=115101) __init__ /opt/stack/glance/glance/api/v2/cached_images.py:69}}
Jun 08 04:32:32.503918 np0000178762 devstack@g-api.service[115101]: INFO glance.image_cache [None req-635f6021-58c1-4487-bcfe-bc9323f4ea32 None None] Image cache loaded driver 'centralized_db'.
Jun 08 04:32:32.505581 np0000178762 devstack@g-api.service[115099]: DEBUG glance.api.v2.cached_images [None req-c4ff3b8e-60b7-4340-9850-3a6bc500652a None None] Started cache worker thread {{(pid=115099) __init__ /opt/stack/glance/glance/api/v2/cached_images.py:69}}
Jun 08 04:32:32.506201 np0000178762 devstack@g-api.service[115102]: DEBUG glance.image_cache.drivers.centralized_db [None req-ff117f5b-70f0-4bbc-8c1a-ab507aec7b14 None None] Node reference is already recorded, ignoring it {{(pid=115102) configure /opt/stack/glance/glance/image_cache/drivers/centralized_db.py:71}}
Jun 08 04:32:32.506276 np0000178762 devstack@g-api.service[115099]: INFO glance.image_cache [None req-c4ff3b8e-60b7-4340-9850-3a6bc500652a None None] Image cache loaded driver 'centralized_db'.
Jun 08 04:32:32.508992 np0000178762 devstack@g-api.service[115100]: DEBUG glance.image_cache.drivers.centralized_db [None req-59ec5c28-364e-4be9-a2c8-4644812b6601 None None] Node reference is already recorded, ignoring it {{(pid=115100) configure /opt/stack/glance/glance/image_cache/drivers/centralized_db.py:71}}
Jun 08 04:32:32.515013 np0000178762 devstack@g-api.service[115099]: DEBUG glance.image_cache.drivers.centralized_db [None req-c4ff3b8e-60b7-4340-9850-3a6bc500652a None None] Node reference is already recorded, ignoring it {{(pid=115099) configure /opt/stack/glance/glance/image_cache/drivers/centralized_db.py:71}}
Jun 08 04:32:32.515948 np0000178762 devstack@g-api.service[115100]: DEBUG glance.api.v2.cached_images [None req-59ec5c28-364e-4be9-a2c8-4644812b6601 None None] Started cache worker thread {{(pid=115100) __init__ /opt/stack/glance/glance/api/v2/cached_images.py:69}}
Jun 08 04:32:32.516927 np0000178762 devstack@g-api.service[115100]: INFO glance.image_cache [None req-59ec5c28-364e-4be9-a2c8-4644812b6601 None None] Image cache loaded driver 'centralized_db'.
Jun 08 04:32:32.522515 np0000178762 devstack@g-api.service[115099]: INFO glance.api.middleware.cache_manage [None req-c4ff3b8e-60b7-4340-9850-3a6bc500652a None None] Initialized image cache management middleware
Jun 08 04:32:32.522667 np0000178762 devstack@g-api.service[115099]: INFO glance.image_cache [None req-c4ff3b8e-60b7-4340-9850-3a6bc500652a None None] Image cache loaded driver 'centralized_db'.
Jun 08 04:32:32.595913 np0000178762 devstack@g-api.service[115102]: INFO glance.api.middleware.cache_manage [None req-ff117f5b-70f0-4bbc-8c1a-ab507aec7b14 None None] Initialized image cache management middleware
Jun 08 04:32:32.596156 np0000178762 devstack@g-api.service[115102]: INFO glance.image_cache [None req-ff117f5b-70f0-4bbc-8c1a-ab507aec7b14 None None] Image cache loaded driver 'centralized_db'.
Jun 08 04:32:32.604778 np0000178762 devstack@g-api.service[115102]: DEBUG glance.image_cache.drivers.centralized_db [None req-ff117f5b-70f0-4bbc-8c1a-ab507aec7b14 None None] Node reference is already recorded, ignoring it {{(pid=115102) configure /opt/stack/glance/glance/image_cache/drivers/centralized_db.py:71}}
Jun 08 04:32:32.608822 np0000178762 devstack@g-api.service[115102]: INFO glance.api.middleware.cache [None req-ff117f5b-70f0-4bbc-8c1a-ab507aec7b14 None None] Initialized image cache middleware
Jun 08 04:32:32.614254 np0000178762 devstack@g-api.service[115101]: DEBUG glance.image_cache.drivers.centralized_db [None req-635f6021-58c1-4487-bcfe-bc9323f4ea32 None None] Node reference is already recorded, ignoring it {{(pid=115101) configure /opt/stack/glance/glance/image_cache/drivers/centralized_db.py:71}}
Jun 08 04:32:32.620455 np0000178762 devstack@g-api.service[115101]: INFO glance.api.middleware.cache_manage [None req-635f6021-58c1-4487-bcfe-bc9323f4ea32 None None] Initialized image cache management middleware
Jun 08 04:32:32.620677 np0000178762 devstack@g-api.service[115101]: INFO glance.image_cache [None req-635f6021-58c1-4487-bcfe-bc9323f4ea32 None None] Image cache loaded driver 'centralized_db'.
Jun 08 04:32:32.620986 np0000178762 devstack@g-api.service[115100]: DEBUG glance.image_cache.drivers.centralized_db [None req-59ec5c28-364e-4be9-a2c8-4644812b6601 None None] Node reference is already recorded, ignoring it {{(pid=115100) configure /opt/stack/glance/glance/image_cache/drivers/centralized_db.py:71}}
Jun 08 04:32:32.621756 np0000178762 devstack@g-api.service[115099]: DEBUG glance.image_cache.drivers.centralized_db [None req-c4ff3b8e-60b7-4340-9850-3a6bc500652a None None] Node reference is already recorded, ignoring it {{(pid=115099) configure /opt/stack/glance/glance/image_cache/drivers/centralized_db.py:71}}
Jun 08 04:32:32.623133 np0000178762 devstack@g-api.service[115102]: DEBUG glance.common.config [None req-ff117f5b-70f0-4bbc-8c1a-ab507aec7b14 None None] ******************************************************************************** {{(pid=115102) log_opt_values /opt/stack/data/venv/lib/python3.12/site-packages/oslo_config/cfg.py:3229}}
Jun 08 04:32:32.623221 np0000178762 devstack@g-api.service[115102]: DEBUG glance.common.config [None req-ff117f5b-70f0-4bbc-8c1a-ab507aec7b14 None None] Configuration options gathered from: {{(pid=115102) log_opt_values /opt/stack/data/venv/lib/python3.12/site-packages/oslo_config/cfg.py:3230}}
Jun 08 04:32:32.623557 np0000178762 devstack@g-api.service[115102]: DEBUG glance.common.config [None req-ff117f5b-70f0-4bbc-8c1a-ab507aec7b14 None None] command line args: [] {{(pid=115102) log_opt_values /opt/stack/data/venv/lib/python3.12/site-packages/oslo_config/cfg.py:3231}}
Jun 08 04:32:32.623703 np0000178762 devstack@g-api.service[115102]: DEBUG glance.common.config [None req-ff117f5b-70f0-4bbc-8c1a-ab507aec7b14 None None] config files: ['/etc/glance/glance-image-import.conf', '/etc/glance/glance-api.conf'] {{(pid=115102) log_opt_values /opt/stack/data/venv/lib/python3.12/site-packages/oslo_config/cfg.py:3232}}
Jun 08 04:32:32.623782 np0000178762 devstack@g-api.service[115102]: DEBUG glance.common.config [None req-ff117f5b-70f0-4bbc-8c1a-ab507aec7b14 None None] ================================================================================ {{(pid=115102) log_opt_values /opt/stack/data/venv/lib/python3.12/site-packages/oslo_config/cfg.py:3237}}
Jun 08 04:32:32.623950 np0000178762 devstack@g-api.service[115102]: DEBUG glance.common.config [None req-ff117f5b-70f0-4bbc-8c1a-ab507aec7b14 None None] allow_anonymous_access = False {{(pid=115102) log_opt_values /opt/stack/data/venv/lib/python3.12/site-packages/oslo_config/cfg.py:3245}}
Jun 08 04:32:32.624078 np0000178762 devstack@g-api.service[115102]: DEBUG glance.common.config [None req-ff117f5b-70f0-4bbc-8c1a-ab507aec7b14 None None] api_limit_max = 1000 {{(pid=115102) log_opt_values /opt/stack/data/venv/lib/python3.12/site-packages/oslo_config/cfg.py:3245}}
Jun 08 04:32:32.624215 np0000178762 devstack@g-api.service[115102]: DEBUG glance.common.config [None req-ff117f5b-70f0-4bbc-8c1a-ab507aec7b14 None None] backlog = 4096 {{(pid=115102) log_opt_values /opt/stack/data/venv/lib/python3.12/site-packages/oslo_config/cfg.py:3245}}
Jun 08 04:32:32.624386 np0000178762 devstack@g-api.service[115102]: DEBUG glance.common.config [None req-ff117f5b-70f0-4bbc-8c1a-ab507aec7b14 None None] bind_host = 0.0.0.0 {{(pid=115102) log_opt_values /opt/stack/data/venv/lib/python3.12/site-packages/oslo_config/cfg.py:3245}}
Jun 08 04:32:32.624556 np0000178762 devstack@g-api.service[115102]: DEBUG glance.common.config [None req-ff117f5b-70f0-4bbc-8c1a-ab507aec7b14 None None] bind_port = 19292 {{(pid=115102) log_opt_values /opt/stack/data/venv/lib/python3.12/site-packages/oslo_config/cfg.py:3245}}
Jun 08 04:32:32.624692 np0000178762 devstack@g-api.service[115102]: DEBUG glance.common.config [None req-ff117f5b-70f0-4bbc-8c1a-ab507aec7b14 None None] client_socket_timeout = 900 {{(pid=115102) log_opt_values /opt/stack/data/venv/lib/python3.12/site-packages/oslo_config/cfg.py:3245}}
Jun 08 04:32:32.624830 np0000178762 devstack@g-api.service[115102]: DEBUG glance.common.config [None req-ff117f5b-70f0-4bbc-8c1a-ab507aec7b14 None None] config_dir = [] {{(pid=115102) log_opt_values /opt/stack/data/venv/lib/python3.12/site-packages/oslo_config/cfg.py:3245}}
Jun 08 04:32:32.624932 np0000178762 devstack@g-api.service[115102]: DEBUG glance.common.config [None req-ff117f5b-70f0-4bbc-8c1a-ab507aec7b14 None None] config_file = ['/etc/glance/glance-image-import.conf', '/etc/glance/glance-api.conf'] {{(pid=115102) log_opt_values /opt/stack/data/venv/lib/python3.12/site-packages/oslo_config/cfg.py:3245}}
Jun 08 04:32:32.625068 np0000178762 devstack@g-api.service[115102]: DEBUG glance.common.config [None req-ff117f5b-70f0-4bbc-8c1a-ab507aec7b14 None None] config_source = [] {{(pid=115102) log_opt_values /opt/stack/data/venv/lib/python3.12/site-packages/oslo_config/cfg.py:3245}}
Jun 08 04:32:32.625211 np0000178762 devstack@g-api.service[115102]: DEBUG glance.common.config [None req-ff117f5b-70f0-4bbc-8c1a-ab507aec7b14 None None] control_exchange = glance {{(pid=115102) log_opt_values /opt/stack/data/venv/lib/python3.12/site-packages/oslo_config/cfg.py:3245}}
Jun 08 04:32:32.625310 np0000178762 devstack@g-api.service[115102]: DEBUG glance.common.config [None req-ff117f5b-70f0-4bbc-8c1a-ab507aec7b14 None None] debug = True {{(pid=115102) log_opt_values /opt/stack/data/venv/lib/python3.12/site-packages/oslo_config/cfg.py:3245}}
Jun 08 04:32:32.625567 np0000178762 devstack@g-api.service[115102]: DEBUG glance.common.config [None req-ff117f5b-70f0-4bbc-8c1a-ab507aec7b14 None None] default_log_levels = ['amqp=WARN', 'boto=WARN', 'sqlalchemy=WARN', 'suds=INFO', 'oslo.messaging=INFO', 'oslo_messaging=INFO', 'iso8601=WARN', 'requests.packages.urllib3.connectionpool=WARN', 'urllib3.connectionpool=WARN', 'websocket=WARN', 'requests.packages.urllib3.util.retry=WARN', 'urllib3.util.retry=WARN', 'keystonemiddleware=WARN', 'routes.middleware=WARN', 'stevedore=WARN', 'taskflow=WARN', 'keystoneauth=WARN', 'oslo.cache=INFO', 'oslo_policy=INFO', 'dogpile.core.dogpile=INFO'] {{(pid=115102) log_opt_values /opt/stack/data/venv/lib/python3.12/site-packages/oslo_config/cfg.py:3245}}
Jun 08 04:32:32.625696 np0000178762 devstack@g-api.service[115102]: DEBUG glance.common.config [None req-ff117f5b-70f0-4bbc-8c1a-ab507aec7b14 None None] default_publisher_id = image.localhost {{(pid=115102) log_opt_values /opt/stack/data/venv/lib/python3.12/site-packages/oslo_config/cfg.py:3245}}
Jun 08 04:32:32.625819 np0000178762 devstack@g-api.service[115102]: DEBUG glance.common.config [None req-ff117f5b-70f0-4bbc-8c1a-ab507aec7b14 None None] delayed_delete = False {{(pid=115102) log_opt_values /opt/stack/data/venv/lib/python3.12/site-packages/oslo_config/cfg.py:3245}}
Jun 08 04:32:32.625947 np0000178762 devstack@g-api.service[115102]: DEBUG glance.common.config [None req-ff117f5b-70f0-4bbc-8c1a-ab507aec7b14 None None] digest_algorithm = sha256 {{(pid=115102) log_opt_values /opt/stack/data/venv/lib/python3.12/site-packages/oslo_config/cfg.py:3245}}
Jun 08 04:32:32.626075 np0000178762 devstack@g-api.service[115102]: DEBUG glance.common.config [None req-ff117f5b-70f0-4bbc-8c1a-ab507aec7b14 None None] disabled_notifications = [] {{(pid=115102) log_opt_values /opt/stack/data/venv/lib/python3.12/site-packages/oslo_config/cfg.py:3245}}
Jun 08 04:32:32.626203 np0000178762 devstack@g-api.service[115102]: DEBUG glance.common.config [None req-ff117f5b-70f0-4bbc-8c1a-ab507aec7b14 None None] do_secure_hash = True {{(pid=115102) log_opt_values /opt/stack/data/venv/lib/python3.12/site-packages/oslo_config/cfg.py:3245}}
Jun 08 04:32:32.626332 np0000178762 devstack@g-api.service[115102]: DEBUG glance.common.config [None req-ff117f5b-70f0-4bbc-8c1a-ab507aec7b14 None None] enabled_backends = None {{(pid=115102) log_opt_values /opt/stack/data/venv/lib/python3.12/site-packages/oslo_config/cfg.py:3245}}
Jun 08 04:32:32.626496 np0000178762 devstack@g-api.service[115102]: DEBUG glance.common.config [None req-ff117f5b-70f0-4bbc-8c1a-ab507aec7b14 None None] enabled_import_methods = ['glance-direct', 'web-download', 'copy-image'] {{(pid=115102) log_opt_values /opt/stack/data/venv/lib/python3.12/site-packages/oslo_config/cfg.py:3245}}
Jun 08 04:32:32.626652 np0000178762 devstack@g-api.service[115102]: DEBUG glance.common.config [None req-ff117f5b-70f0-4bbc-8c1a-ab507aec7b14 None None] hashing_algorithm = sha512 {{(pid=115102) log_opt_values /opt/stack/data/venv/lib/python3.12/site-packages/oslo_config/cfg.py:3245}}
Jun 08 04:32:32.626783 np0000178762 devstack@g-api.service[115102]: DEBUG glance.common.config [None req-ff117f5b-70f0-4bbc-8c1a-ab507aec7b14 None None] http_keepalive = True {{(pid=115102) log_opt_values /opt/stack/data/venv/lib/python3.12/site-packages/oslo_config/cfg.py:3245}}
Jun 08 04:32:32.626914 np0000178762 devstack@g-api.service[115102]: DEBUG glance.common.config [None req-ff117f5b-70f0-4bbc-8c1a-ab507aec7b14 None None] http_retries = 3 {{(pid=115102) log_opt_values /opt/stack/data/venv/lib/python3.12/site-packages/oslo_config/cfg.py:3245}}
Jun 08 04:32:32.627051 np0000178762 devstack@g-api.service[115102]: DEBUG glance.common.config [None req-ff117f5b-70f0-4bbc-8c1a-ab507aec7b14 None None] image_cache_dir = /opt/stack/data/glance/cache/ {{(pid=115102) log_opt_values /opt/stack/data/venv/lib/python3.12/site-packages/oslo_config/cfg.py:3245}}
Jun 08 04:32:32.627188 np0000178762 devstack@g-api.service[115102]: DEBUG glance.common.config [None req-ff117f5b-70f0-4bbc-8c1a-ab507aec7b14 None None] image_cache_driver = centralized_db {{(pid=115102) log_opt_values /opt/stack/data/venv/lib/python3.12/site-packages/oslo_config/cfg.py:3245}}
Jun 08 04:32:32.627322 np0000178762 devstack@g-api.service[115102]: DEBUG glance.common.config [None req-ff117f5b-70f0-4bbc-8c1a-ab507aec7b14 None None] image_cache_max_size = 10737418240 {{(pid=115102) log_opt_values /opt/stack/data/venv/lib/python3.12/site-packages/oslo_config/cfg.py:3245}}
Jun 08 04:32:32.627476 np0000178762 devstack@g-api.service[115102]: DEBUG glance.common.config [None req-ff117f5b-70f0-4bbc-8c1a-ab507aec7b14 None None] image_cache_sqlite_db = cache.db {{(pid=115102) log_opt_values /opt/stack/data/venv/lib/python3.12/site-packages/oslo_config/cfg.py:3245}}
Jun 08 04:32:32.627632 np0000178762 devstack@g-api.service[115102]: DEBUG glance.common.config [None req-ff117f5b-70f0-4bbc-8c1a-ab507aec7b14 None None] image_cache_stall_time = 86400 {{(pid=115102) log_opt_values /opt/stack/data/venv/lib/python3.12/site-packages/oslo_config/cfg.py:3245}}
Jun 08 04:32:32.627765 np0000178762 devstack@g-api.service[115102]: DEBUG glance.common.config [None req-ff117f5b-70f0-4bbc-8c1a-ab507aec7b14 None None] image_location_quota = 10 {{(pid=115102) log_opt_values /opt/stack/data/venv/lib/python3.12/site-packages/oslo_config/cfg.py:3245}}
Jun 08 04:32:32.627898 np0000178762 devstack@g-api.service[115102]: DEBUG glance.common.config [None req-ff117f5b-70f0-4bbc-8c1a-ab507aec7b14 None None] image_member_quota = 128 {{(pid=115102) log_opt_values /opt/stack/data/venv/lib/python3.12/site-packages/oslo_config/cfg.py:3245}}
Jun 08 04:32:32.628037 np0000178762 devstack@g-api.service[115102]: DEBUG glance.common.config [None req-ff117f5b-70f0-4bbc-8c1a-ab507aec7b14 None None] image_property_quota = 128 {{(pid=115102) log_opt_values /opt/stack/data/venv/lib/python3.12/site-packages/oslo_config/cfg.py:3245}}
Jun 08 04:32:32.628169 np0000178762 devstack@g-api.service[115102]: DEBUG glance.common.config [None req-ff117f5b-70f0-4bbc-8c1a-ab507aec7b14 None None] image_size_cap = 1099511627776 {{(pid=115102) log_opt_values /opt/stack/data/venv/lib/python3.12/site-packages/oslo_config/cfg.py:3245}}
Jun 08 04:32:32.628278 np0000178762 devstack@g-api.service[115099]: INFO glance.api.middleware.cache [None req-c4ff3b8e-60b7-4340-9850-3a6bc500652a None None] Initialized image cache middleware
Jun 08 04:32:32.628310 np0000178762 devstack@g-api.service[115102]: DEBUG glance.common.config [None req-ff117f5b-70f0-4bbc-8c1a-ab507aec7b14 None None] image_tag_quota = 128 {{(pid=115102) log_opt_values /opt/stack/data/venv/lib/python3.12/site-packages/oslo_config/cfg.py:3245}}
Jun 08 04:32:32.628471 np0000178762 devstack@g-api.service[115102]: DEBUG glance.common.config [None req-ff117f5b-70f0-4bbc-8c1a-ab507aec7b14 None None] instance_format = [instance: %(uuid)s] {{(pid=115102) log_opt_values /opt/stack/data/venv/lib/python3.12/site-packages/oslo_config/cfg.py:3245}}
Jun 08 04:32:32.628632 np0000178762 devstack@g-api.service[115102]: DEBUG glance.common.config [None req-ff117f5b-70f0-4bbc-8c1a-ab507aec7b14 None None] instance_uuid_format = [instance: %(uuid)s] {{(pid=115102) log_opt_values /opt/stack/data/venv/lib/python3.12/site-packages/oslo_config/cfg.py:3245}}
Jun 08 04:32:32.628673 np0000178762 devstack@g-api.service[115100]: INFO glance.api.middleware.cache_manage [None req-59ec5c28-364e-4be9-a2c8-4644812b6601 None None] Initialized image cache management middleware
Jun 08 04:32:32.628763 np0000178762 devstack@g-api.service[115102]: DEBUG glance.common.config [None req-ff117f5b-70f0-4bbc-8c1a-ab507aec7b14 None None] limit_param_default = 25 {{(pid=115102) log_opt_values /opt/stack/data/venv/lib/python3.12/site-packages/oslo_config/cfg.py:3245}}
Jun 08 04:32:32.628841 np0000178762 devstack@g-api.service[115100]: INFO glance.image_cache [None req-59ec5c28-364e-4be9-a2c8-4644812b6601 None None] Image cache loaded driver 'centralized_db'.
Jun 08 04:32:32.628908 np0000178762 devstack@g-api.service[115102]: DEBUG glance.common.config [None req-ff117f5b-70f0-4bbc-8c1a-ab507aec7b14 None None] log_color = False {{(pid=115102) log_opt_values /opt/stack/data/venv/lib/python3.12/site-packages/oslo_config/cfg.py:3245}}
Jun 08 04:32:32.629059 np0000178762 devstack@g-api.service[115102]: DEBUG glance.common.config [None req-ff117f5b-70f0-4bbc-8c1a-ab507aec7b14 None None] log_config_append = None {{(pid=115102) log_opt_values /opt/stack/data/venv/lib/python3.12/site-packages/oslo_config/cfg.py:3245}}
Jun 08 04:32:32.629203 np0000178762 devstack@g-api.service[115102]: DEBUG glance.common.config [None req-ff117f5b-70f0-4bbc-8c1a-ab507aec7b14 None None] log_date_format = %Y-%m-%d %H:%M:%S {{(pid=115102) log_opt_values /opt/stack/data/venv/lib/python3.12/site-packages/oslo_config/cfg.py:3245}}
Jun 08 04:32:32.629500 np0000178762 devstack@g-api.service[115102]: DEBUG glance.common.config [None req-ff117f5b-70f0-4bbc-8c1a-ab507aec7b14 None None] log_dir = None {{(pid=115102) log_opt_values /opt/stack/data/venv/lib/python3.12/site-packages/oslo_config/cfg.py:3245}}
Jun 08 04:32:32.629691 np0000178762 devstack@g-api.service[115102]: DEBUG glance.common.config [None req-ff117f5b-70f0-4bbc-8c1a-ab507aec7b14 None None] log_file = None {{(pid=115102) log_opt_values /opt/stack/data/venv/lib/python3.12/site-packages/oslo_config/cfg.py:3245}}
Jun 08 04:32:32.629829 np0000178762 devstack@g-api.service[115102]: DEBUG glance.common.config [None req-ff117f5b-70f0-4bbc-8c1a-ab507aec7b14 None None] log_rotate_interval = 1 {{(pid=115102) log_opt_values /opt/stack/data/venv/lib/python3.12/site-packages/oslo_config/cfg.py:3245}}
Jun 08 04:32:32.629986 np0000178762 devstack@g-api.service[115102]: DEBUG glance.common.config [None req-ff117f5b-70f0-4bbc-8c1a-ab507aec7b14 None None] log_rotate_interval_type = days {{(pid=115102) log_opt_values /opt/stack/data/venv/lib/python3.12/site-packages/oslo_config/cfg.py:3245}}
Jun 08 04:32:32.630120 np0000178762 devstack@g-api.service[115102]: DEBUG glance.common.config [None req-ff117f5b-70f0-4bbc-8c1a-ab507aec7b14 None None] log_rotation_type = none {{(pid=115102) log_opt_values /opt/stack/data/venv/lib/python3.12/site-packages/oslo_config/cfg.py:3245}}
Jun 08 04:32:32.630234 np0000178762 devstack@g-api.service[115102]: DEBUG glance.common.config [None req-ff117f5b-70f0-4bbc-8c1a-ab507aec7b14 None None] logging_context_format_string = %(color)s%(levelname)s %(name)s [%(global_request_id)s %(request_id)s %(project_name)s %(user_name)s%(color)s] %(instance)s%(color)s%(message)s {{(pid=115102) log_opt_values /opt/stack/data/venv/lib/python3.12/site-packages/oslo_config/cfg.py:3245}}
Jun 08 04:32:32.630346 np0000178762 devstack@g-api.service[115102]: DEBUG glance.common.config [None req-ff117f5b-70f0-4bbc-8c1a-ab507aec7b14 None None] logging_debug_format_suffix = {{(pid=%(process)d) %(funcName)s %(pathname)s:%(lineno)d}} {{(pid=115102) log_opt_values /opt/stack/data/venv/lib/python3.12/site-packages/oslo_config/cfg.py:3245}}
Jun 08 04:32:32.630465 np0000178762 devstack@g-api.service[115102]: DEBUG glance.common.config [None req-ff117f5b-70f0-4bbc-8c1a-ab507aec7b14 None None] logging_default_format_string = %(color)s%(levelname)s %(name)s [-%(color)s] %(instance)s%(color)s%(message)s {{(pid=115102) log_opt_values /opt/stack/data/venv/lib/python3.12/site-packages/oslo_config/cfg.py:3245}}
Jun 08 04:32:32.630715 np0000178762 devstack@g-api.service[115102]: DEBUG glance.common.config [None req-ff117f5b-70f0-4bbc-8c1a-ab507aec7b14 None None] logging_exception_prefix = ERROR %(name)s %(instance)s {{(pid=115102) log_opt_values /opt/stack/data/venv/lib/python3.12/site-packages/oslo_config/cfg.py:3245}}
Jun 08 04:32:32.630781 np0000178762 devstack@g-api.service[115102]: DEBUG glance.common.config [None req-ff117f5b-70f0-4bbc-8c1a-ab507aec7b14 None None] logging_user_identity_format = %(user)s %(project)s %(domain)s %(system_scope)s %(user_domain)s %(project_domain)s {{(pid=115102) log_opt_values /opt/stack/data/venv/lib/python3.12/site-packages/oslo_config/cfg.py:3245}}
Jun 08 04:32:32.630928 np0000178762 devstack@g-api.service[115102]: DEBUG glance.common.config [None req-ff117f5b-70f0-4bbc-8c1a-ab507aec7b14 None None] max_header_line = 16384 {{(pid=115102) log_opt_values /opt/stack/data/venv/lib/python3.12/site-packages/oslo_config/cfg.py:3245}}
Jun 08 04:32:32.631059 np0000178762 devstack@g-api.service[115102]: DEBUG glance.common.config [None req-ff117f5b-70f0-4bbc-8c1a-ab507aec7b14 None None] max_logfile_count = 30 {{(pid=115102) log_opt_values /opt/stack/data/venv/lib/python3.12/site-packages/oslo_config/cfg.py:3245}}
Jun 08 04:32:32.631182 np0000178762 devstack@g-api.service[115102]: DEBUG glance.common.config [None req-ff117f5b-70f0-4bbc-8c1a-ab507aec7b14 None None] max_logfile_size_mb = 200 {{(pid=115102) log_opt_values /opt/stack/data/venv/lib/python3.12/site-packages/oslo_config/cfg.py:3245}}
Jun 08 04:32:32.631438 np0000178762 devstack@g-api.service[115102]: DEBUG glance.common.config [None req-ff117f5b-70f0-4bbc-8c1a-ab507aec7b14 None None] max_request_id_length = 64 {{(pid=115102) log_opt_values /opt/stack/data/venv/lib/python3.12/site-packages/oslo_config/cfg.py:3245}}
Jun 08 04:32:32.631610 np0000178762 devstack@g-api.service[115102]: DEBUG glance.common.config [None req-ff117f5b-70f0-4bbc-8c1a-ab507aec7b14 None None] metadata_encryption_key = **** {{(pid=115102) log_opt_values /opt/stack/data/venv/lib/python3.12/site-packages/oslo_config/cfg.py:3245}}
Jun 08 04:32:32.631744 np0000178762 devstack@g-api.service[115102]: DEBUG glance.common.config [None req-ff117f5b-70f0-4bbc-8c1a-ab507aec7b14 None None] node_staging_uri = file:///tmp/staging/ {{(pid=115102) log_opt_values /opt/stack/data/venv/lib/python3.12/site-packages/oslo_config/cfg.py:3245}}
Jun 08 04:32:32.631865 np0000178762 devstack@g-api.service[115102]: DEBUG glance.common.config [None req-ff117f5b-70f0-4bbc-8c1a-ab507aec7b14 None None] property_protection_file = None {{(pid=115102) log_opt_values /opt/stack/data/venv/lib/python3.12/site-packages/oslo_config/cfg.py:3245}}
Jun 08 04:32:32.632000 np0000178762 devstack@g-api.service[115102]: DEBUG glance.common.config [None req-ff117f5b-70f0-4bbc-8c1a-ab507aec7b14 None None] property_protection_rule_format = roles {{(pid=115102) log_opt_values /opt/stack/data/venv/lib/python3.12/site-packages/oslo_config/cfg.py:3245}}
Jun 08 04:32:32.632125 np0000178762 devstack@g-api.service[115102]: DEBUG glance.common.config [None req-ff117f5b-70f0-4bbc-8c1a-ab507aec7b14 None None] public_endpoint = https://199.204.45.22/image {{(pid=115102) log_opt_values /opt/stack/data/venv/lib/python3.12/site-packages/oslo_config/cfg.py:3245}}
Jun 08 04:32:32.632261 np0000178762 devstack@g-api.service[115102]: DEBUG glance.common.config [None req-ff117f5b-70f0-4bbc-8c1a-ab507aec7b14 None None] publish_errors = False {{(pid=115102) log_opt_values /opt/stack/data/venv/lib/python3.12/site-packages/oslo_config/cfg.py:3245}}
Jun 08 04:32:32.632306 np0000178762 devstack@g-api.service[115101]: DEBUG glance.image_cache.drivers.centralized_db [None req-635f6021-58c1-4487-bcfe-bc9323f4ea32 None None] Node reference is already recorded, ignoring it {{(pid=115101) configure /opt/stack/glance/glance/image_cache/drivers/centralized_db.py:71}}
Jun 08 04:32:32.632396 np0000178762 devstack@g-api.service[115102]: DEBUG glance.common.config [None req-ff117f5b-70f0-4bbc-8c1a-ab507aec7b14 None None] pydev_worker_debug_host = None {{(pid=115102) log_opt_values /opt/stack/data/venv/lib/python3.12/site-packages/oslo_config/cfg.py:3245}}
Jun 08 04:32:32.632523 np0000178762 devstack@g-api.service[115102]: DEBUG glance.common.config [None req-ff117f5b-70f0-4bbc-8c1a-ab507aec7b14 None None] pydev_worker_debug_port = 5678 {{(pid=115102) log_opt_values /opt/stack/data/venv/lib/python3.12/site-packages/oslo_config/cfg.py:3245}}
Jun 08 04:32:32.632662 np0000178762 devstack@g-api.service[115102]: DEBUG glance.common.config [None req-ff117f5b-70f0-4bbc-8c1a-ab507aec7b14 None None] rate_limit_burst = 0 {{(pid=115102) log_opt_values /opt/stack/data/venv/lib/python3.12/site-packages/oslo_config/cfg.py:3245}}
Jun 08 04:32:32.632803 np0000178762 devstack@g-api.service[115102]: DEBUG glance.common.config [None req-ff117f5b-70f0-4bbc-8c1a-ab507aec7b14 None None] rate_limit_except_level = CRITICAL {{(pid=115102) log_opt_values /opt/stack/data/venv/lib/python3.12/site-packages/oslo_config/cfg.py:3245}}
Jun 08 04:32:32.632933 np0000178762 devstack@g-api.service[115102]: DEBUG glance.common.config [None req-ff117f5b-70f0-4bbc-8c1a-ab507aec7b14 None None] rate_limit_interval = 0 {{(pid=115102) log_opt_values /opt/stack/data/venv/lib/python3.12/site-packages/oslo_config/cfg.py:3245}}
Jun 08 04:32:32.633064 np0000178762 devstack@g-api.service[115102]: DEBUG glance.common.config [None req-ff117f5b-70f0-4bbc-8c1a-ab507aec7b14 None None] scrub_pool_size = 1 {{(pid=115102) log_opt_values /opt/stack/data/venv/lib/python3.12/site-packages/oslo_config/cfg.py:3245}}
Jun 08 04:32:32.633195 np0000178762 devstack@g-api.service[115102]: DEBUG glance.common.config [None req-ff117f5b-70f0-4bbc-8c1a-ab507aec7b14 None None] scrub_time = 0 {{(pid=115102) log_opt_values /opt/stack/data/venv/lib/python3.12/site-packages/oslo_config/cfg.py:3245}}
Jun 08 04:32:32.633324 np0000178762 devstack@g-api.service[115102]: DEBUG glance.common.config [None req-ff117f5b-70f0-4bbc-8c1a-ab507aec7b14 None None] shell_completion = None {{(pid=115102) log_opt_values /opt/stack/data/venv/lib/python3.12/site-packages/oslo_config/cfg.py:3245}}
Jun 08 04:32:32.633463 np0000178762 devstack@g-api.service[115102]: DEBUG glance.common.config [None req-ff117f5b-70f0-4bbc-8c1a-ab507aec7b14 None None] show_image_direct_url = False {{(pid=115102) log_opt_values /opt/stack/data/venv/lib/python3.12/site-packages/oslo_config/cfg.py:3245}}
Jun 08 04:32:32.633778 np0000178762 devstack@g-api.service[115102]: WARNING oslo_config.cfg [None req-ff117f5b-70f0-4bbc-8c1a-ab507aec7b14 None None] Deprecated: Option "show_multiple_locations" from group "DEFAULT" is deprecated for removal (Use of this option, deprecated since Newton, is a security risk and will be removed once we figure out a way to satisfy those use cases that currently require it. An earlier announcement that the same functionality can be achieved with greater granularity by using policies is incorrect. You cannot work around this option via policy configuration at the present time, though that is the direction we believe the fix will take. Please keep an eye on the Glance release notes to stay up to date on progress in addressing this issue.). Its value may be silently ignored in the future.
Jun 08 04:32:32.633912 np0000178762 devstack@g-api.service[115102]: DEBUG glance.common.config [None req-ff117f5b-70f0-4bbc-8c1a-ab507aec7b14 None None] show_multiple_locations = False {{(pid=115102) log_opt_values /opt/stack/data/venv/lib/python3.12/site-packages/oslo_config/cfg.py:3245}}
Jun 08 04:32:32.634034 np0000178762 devstack@g-api.service[115102]: DEBUG glance.common.config [None req-ff117f5b-70f0-4bbc-8c1a-ab507aec7b14 None None] syslog_log_facility = LOG_USER {{(pid=115102) log_opt_values /opt/stack/data/venv/lib/python3.12/site-packages/oslo_config/cfg.py:3245}}
Jun 08 04:32:32.634153 np0000178762 devstack@g-api.service[115102]: DEBUG glance.common.config [None req-ff117f5b-70f0-4bbc-8c1a-ab507aec7b14 None None] tcp_keepidle = 600 {{(pid=115102) log_opt_values /opt/stack/data/venv/lib/python3.12/site-packages/oslo_config/cfg.py:3245}}
Jun 08 04:32:32.634291 np0000178762 devstack@g-api.service[115102]: DEBUG glance.common.config [None req-ff117f5b-70f0-4bbc-8c1a-ab507aec7b14 None None] transport_url = **** {{(pid=115102) log_opt_values /opt/stack/data/venv/lib/python3.12/site-packages/oslo_config/cfg.py:3245}}
Jun 08 04:32:32.634398 np0000178762 devstack@g-api.service[115102]: DEBUG glance.common.config [None req-ff117f5b-70f0-4bbc-8c1a-ab507aec7b14 None None] use_journal = False {{(pid=115102) log_opt_values /opt/stack/data/venv/lib/python3.12/site-packages/oslo_config/cfg.py:3245}}
Jun 08 04:32:32.634559 np0000178762 devstack@g-api.service[115102]: DEBUG glance.common.config [None req-ff117f5b-70f0-4bbc-8c1a-ab507aec7b14 None None] use_json = False {{(pid=115102) log_opt_values /opt/stack/data/venv/lib/python3.12/site-packages/oslo_config/cfg.py:3245}}
Jun 08 04:32:32.634690 np0000178762 devstack@g-api.service[115102]: DEBUG glance.common.config [None req-ff117f5b-70f0-4bbc-8c1a-ab507aec7b14 None None] use_keystone_limits = True {{(pid=115102) log_opt_values /opt/stack/data/venv/lib/python3.12/site-packages/oslo_config/cfg.py:3245}}
Jun 08 04:32:32.634832 np0000178762 devstack@g-api.service[115102]: DEBUG glance.common.config [None req-ff117f5b-70f0-4bbc-8c1a-ab507aec7b14 None None] use_stderr = False {{(pid=115102) log_opt_values /opt/stack/data/venv/lib/python3.12/site-packages/oslo_config/cfg.py:3245}}
Jun 08 04:32:32.634965 np0000178762 devstack@g-api.service[115102]: DEBUG glance.common.config [None req-ff117f5b-70f0-4bbc-8c1a-ab507aec7b14 None None] use_syslog = False {{(pid=115102) log_opt_values /opt/stack/data/venv/lib/python3.12/site-packages/oslo_config/cfg.py:3245}}
Jun 08 04:32:32.635103 np0000178762 devstack@g-api.service[115102]: DEBUG glance.common.config [None req-ff117f5b-70f0-4bbc-8c1a-ab507aec7b14 None None] user_storage_quota = 0 {{(pid=115102) log_opt_values /opt/stack/data/venv/lib/python3.12/site-packages/oslo_config/cfg.py:3245}}
Jun 08 04:32:32.635240 np0000178762 devstack@g-api.service[115102]: DEBUG glance.common.config [None req-ff117f5b-70f0-4bbc-8c1a-ab507aec7b14 None None] worker_self_reference_url = http://127.0.0.1:60999 {{(pid=115102) log_opt_values /opt/stack/data/venv/lib/python3.12/site-packages/oslo_config/cfg.py:3245}}
Jun 08 04:32:32.635373 np0000178762 devstack@g-api.service[115102]: DEBUG glance.common.config [None req-ff117f5b-70f0-4bbc-8c1a-ab507aec7b14 None None] workers = None {{(pid=115102) log_opt_values /opt/stack/data/venv/lib/python3.12/site-packages/oslo_config/cfg.py:3245}}
Jun 08 04:32:32.635540 np0000178762 devstack@g-api.service[115102]: DEBUG glance.common.config [None req-ff117f5b-70f0-4bbc-8c1a-ab507aec7b14 None None] oslo_concurrency.disable_process_locking = False {{(pid=115102) log_opt_values /opt/stack/data/venv/lib/python3.12/site-packages/oslo_config/cfg.py:3256}}
Jun 08 04:32:32.635948 np0000178762 devstack@g-api.service[115102]: DEBUG glance.common.config [None req-ff117f5b-70f0-4bbc-8c1a-ab507aec7b14 None None] oslo_concurrency.lock_path = /opt/stack/data/glance/locks {{(pid=115102) log_opt_values /opt/stack/data/venv/lib/python3.12/site-packages/oslo_config/cfg.py:3256}}
Jun 08 04:32:32.635948 np0000178762 devstack@g-api.service[115102]: DEBUG glance.common.config [None req-ff117f5b-70f0-4bbc-8c1a-ab507aec7b14 None None] oslo_middleware.enable_proxy_headers_parsing = False {{(pid=115102) log_opt_values /opt/stack/data/venv/lib/python3.12/site-packages/oslo_config/cfg.py:3256}}
Jun 08 04:32:32.635948 np0000178762 devstack@g-api.service[115102]: DEBUG glance.common.config [None req-ff117f5b-70f0-4bbc-8c1a-ab507aec7b14 None None] oslo_middleware.http_basic_auth_user_file = /etc/htpasswd {{(pid=115102) log_opt_values /opt/stack/data/venv/lib/python3.12/site-packages/oslo_config/cfg.py:3256}}
Jun 08 04:32:32.636060 np0000178762 devstack@g-api.service[115102]: DEBUG glance.common.config [None req-ff117f5b-70f0-4bbc-8c1a-ab507aec7b14 None None] paste_deploy.config_file = None {{(pid=115102) log_opt_values /opt/stack/data/venv/lib/python3.12/site-packages/oslo_config/cfg.py:3256}}
Jun 08 04:32:32.636162 np0000178762 devstack@g-api.service[115102]: DEBUG glance.common.config [None req-ff117f5b-70f0-4bbc-8c1a-ab507aec7b14 None None] paste_deploy.flavor = keystone+cachemanagement {{(pid=115102) log_opt_values /opt/stack/data/venv/lib/python3.12/site-packages/oslo_config/cfg.py:3256}}
Jun 08 04:32:32.636342 np0000178762 devstack@g-api.service[115102]: DEBUG glance.common.config [None req-ff117f5b-70f0-4bbc-8c1a-ab507aec7b14 None None] image_format.container_formats = ['ami', 'ari', 'aki', 'bare', 'ovf', 'ova', 'docker', 'compressed'] {{(pid=115102) log_opt_values /opt/stack/data/venv/lib/python3.12/site-packages/oslo_config/cfg.py:3256}}
Jun 08 04:32:32.636532 np0000178762 devstack@g-api.service[115102]: DEBUG glance.common.config [None req-ff117f5b-70f0-4bbc-8c1a-ab507aec7b14 None None] image_format.disk_formats = ['ami', 'ari', 'aki', 'vhd', 'vhdx', 'vmdk', 'raw', 'qcow2', 'vdi', 'iso', 'ploop'] {{(pid=115102) log_opt_values /opt/stack/data/venv/lib/python3.12/site-packages/oslo_config/cfg.py:3256}}
Jun 08 04:32:32.636649 np0000178762 devstack@g-api.service[115102]: DEBUG glance.common.config [None req-ff117f5b-70f0-4bbc-8c1a-ab507aec7b14 None None] image_format.gpt_safety_checks_nonfatal = [] {{(pid=115102) log_opt_values /opt/stack/data/venv/lib/python3.12/site-packages/oslo_config/cfg.py:3256}}
Jun 08 04:32:32.636760 np0000178762 devstack@g-api.service[115102]: DEBUG glance.common.config [None req-ff117f5b-70f0-4bbc-8c1a-ab507aec7b14 None None] image_format.require_image_format_match = True {{(pid=115102) log_opt_values /opt/stack/data/venv/lib/python3.12/site-packages/oslo_config/cfg.py:3256}}
Jun 08 04:32:32.636885 np0000178762 devstack@g-api.service[115102]: DEBUG glance.common.config [None req-ff117f5b-70f0-4bbc-8c1a-ab507aec7b14 None None] image_format.vmdk_allowed_types = ['streamOptimized', 'monolithicSparse'] {{(pid=115102) log_opt_values /opt/stack/data/venv/lib/python3.12/site-packages/oslo_config/cfg.py:3256}}
Jun 08 04:32:32.636995 np0000178762 devstack@g-api.service[115102]: DEBUG glance.common.config [None req-ff117f5b-70f0-4bbc-8c1a-ab507aec7b14 None None] task.task_executor = taskflow {{(pid=115102) log_opt_values /opt/stack/data/venv/lib/python3.12/site-packages/oslo_config/cfg.py:3256}}
Jun 08 04:32:32.637101 np0000178762 devstack@g-api.service[115102]: DEBUG glance.common.config [None req-ff117f5b-70f0-4bbc-8c1a-ab507aec7b14 None None] task.task_time_to_live = 48 {{(pid=115102) log_opt_values /opt/stack/data/venv/lib/python3.12/site-packages/oslo_config/cfg.py:3256}}
Jun 08 04:32:32.637200 np0000178762 devstack@g-api.service[115102]: DEBUG glance.common.config [None req-ff117f5b-70f0-4bbc-8c1a-ab507aec7b14 None None] task.work_dir = None {{(pid=115102) log_opt_values /opt/stack/data/venv/lib/python3.12/site-packages/oslo_config/cfg.py:3256}}
Jun 08 04:32:32.637312 np0000178762 devstack@g-api.service[115102]: DEBUG glance.common.config [None req-ff117f5b-70f0-4bbc-8c1a-ab507aec7b14 None None] wsgi.python_interpreter = /opt/stack/data/venv/bin/python3 {{(pid=115102) log_opt_values /opt/stack/data/venv/lib/python3.12/site-packages/oslo_config/cfg.py:3256}}
Jun 08 04:32:32.637403 np0000178762 devstack@g-api.service[115102]: DEBUG glance.common.config [None req-ff117f5b-70f0-4bbc-8c1a-ab507aec7b14 None None] wsgi.task_pool_threads = 16 {{(pid=115102) log_opt_values /opt/stack/data/venv/lib/python3.12/site-packages/oslo_config/cfg.py:3256}}
Jun 08 04:32:32.637538 np0000178762 devstack@g-api.service[115102]: DEBUG glance.common.config [None req-ff117f5b-70f0-4bbc-8c1a-ab507aec7b14 None None] profiler.connection_string = messaging:// {{(pid=115102) log_opt_values /opt/stack/data/venv/lib/python3.12/site-packages/oslo_config/cfg.py:3256}}
Jun 08 04:32:32.637664 np0000178762 devstack@g-api.service[115102]: DEBUG glance.common.config [None req-ff117f5b-70f0-4bbc-8c1a-ab507aec7b14 None None] profiler.enabled = False {{(pid=115102) log_opt_values /opt/stack/data/venv/lib/python3.12/site-packages/oslo_config/cfg.py:3256}}
Jun 08 04:32:32.637775 np0000178762 devstack@g-api.service[115102]: DEBUG glance.common.config [None req-ff117f5b-70f0-4bbc-8c1a-ab507aec7b14 None None] profiler.es_doc_type = notification {{(pid=115102) log_opt_values /opt/stack/data/venv/lib/python3.12/site-packages/oslo_config/cfg.py:3256}}
Jun 08 04:32:32.637819 np0000178762 devstack@g-api.service[115100]: DEBUG glance.image_cache.drivers.centralized_db [None req-59ec5c28-364e-4be9-a2c8-4644812b6601 None None] Node reference is already recorded, ignoring it {{(pid=115100) configure /opt/stack/glance/glance/image_cache/drivers/centralized_db.py:71}}
Jun 08 04:32:32.637898 np0000178762 devstack@g-api.service[115102]: DEBUG glance.common.config [None req-ff117f5b-70f0-4bbc-8c1a-ab507aec7b14 None None] profiler.es_scroll_size = 10000 {{(pid=115102) log_opt_values /opt/stack/data/venv/lib/python3.12/site-packages/oslo_config/cfg.py:3256}}
Jun 08 04:32:32.637979 np0000178762 devstack@g-api.service[115102]: DEBUG glance.common.config [None req-ff117f5b-70f0-4bbc-8c1a-ab507aec7b14 None None] profiler.es_scroll_time = 2m {{(pid=115102) log_opt_values /opt/stack/data/venv/lib/python3.12/site-packages/oslo_config/cfg.py:3256}}
Jun 08 04:32:32.638082 np0000178762 devstack@g-api.service[115102]: DEBUG glance.common.config [None req-ff117f5b-70f0-4bbc-8c1a-ab507aec7b14 None None] profiler.filter_error_trace = False {{(pid=115102) log_opt_values /opt/stack/data/venv/lib/python3.12/site-packages/oslo_config/cfg.py:3256}}
Jun 08 04:32:32.638188 np0000178762 devstack@g-api.service[115102]: DEBUG glance.common.config [None req-ff117f5b-70f0-4bbc-8c1a-ab507aec7b14 None None] profiler.hmac_keys = **** {{(pid=115102) log_opt_values /opt/stack/data/venv/lib/python3.12/site-packages/oslo_config/cfg.py:3256}}
Jun 08 04:32:32.638296 np0000178762 devstack@g-api.service[115102]: DEBUG glance.common.config [None req-ff117f5b-70f0-4bbc-8c1a-ab507aec7b14 None None] profiler.sentinel_service_name = mymaster {{(pid=115102) log_opt_values /opt/stack/data/venv/lib/python3.12/site-packages/oslo_config/cfg.py:3256}}
Jun 08 04:32:32.638409 np0000178762 devstack@g-api.service[115102]: DEBUG glance.common.config [None req-ff117f5b-70f0-4bbc-8c1a-ab507aec7b14 None None] profiler.socket_timeout = 0.1 {{(pid=115102) log_opt_values /opt/stack/data/venv/lib/python3.12/site-packages/oslo_config/cfg.py:3256}}
Jun 08 04:32:32.638531 np0000178762 devstack@g-api.service[115102]: DEBUG glance.common.config [None req-ff117f5b-70f0-4bbc-8c1a-ab507aec7b14 None None] profiler.trace_requests = False {{(pid=115102) log_opt_values /opt/stack/data/venv/lib/python3.12/site-packages/oslo_config/cfg.py:3256}}
Jun 08 04:32:32.638634 np0000178762 devstack@g-api.service[115102]: DEBUG glance.common.config [None req-ff117f5b-70f0-4bbc-8c1a-ab507aec7b14 None None] profiler.trace_sqlalchemy = False {{(pid=115102) log_opt_values /opt/stack/data/venv/lib/python3.12/site-packages/oslo_config/cfg.py:3256}}
Jun 08 04:32:32.638744 np0000178762 devstack@g-api.service[115102]: DEBUG glance.common.config [None req-ff117f5b-70f0-4bbc-8c1a-ab507aec7b14 None None] profiler_jaeger.process_tags = {} {{(pid=115102) log_opt_values /opt/stack/data/venv/lib/python3.12/site-packages/oslo_config/cfg.py:3256}}
Jun 08 04:32:32.638843 np0000178762 devstack@g-api.service[115102]: DEBUG glance.common.config [None req-ff117f5b-70f0-4bbc-8c1a-ab507aec7b14 None None] profiler_jaeger.service_name_prefix = None {{(pid=115102) log_opt_values /opt/stack/data/venv/lib/python3.12/site-packages/oslo_config/cfg.py:3256}}
Jun 08 04:32:32.638947 np0000178762 devstack@g-api.service[115102]: DEBUG glance.common.config [None req-ff117f5b-70f0-4bbc-8c1a-ab507aec7b14 None None] profiler_otlp.service_name_prefix = None {{(pid=115102) log_opt_values /opt/stack/data/venv/lib/python3.12/site-packages/oslo_config/cfg.py:3256}}
Jun 08 04:32:32.639056 np0000178762 devstack@g-api.service[115102]: DEBUG glance.common.config [None req-ff117f5b-70f0-4bbc-8c1a-ab507aec7b14 None None] import_filtering_opts.allowed_hosts = [] {{(pid=115102) log_opt_values /opt/stack/data/venv/lib/python3.12/site-packages/oslo_config/cfg.py:3256}}
Jun 08 04:32:32.639168 np0000178762 devstack@g-api.service[115102]: DEBUG glance.common.config [None req-ff117f5b-70f0-4bbc-8c1a-ab507aec7b14 None None] import_filtering_opts.allowed_ports = [80, 443] {{(pid=115102) log_opt_values /opt/stack/data/venv/lib/python3.12/site-packages/oslo_config/cfg.py:3256}}
Jun 08 04:32:32.639286 np0000178762 devstack@g-api.service[115102]: DEBUG glance.common.config [None req-ff117f5b-70f0-4bbc-8c1a-ab507aec7b14 None None] import_filtering_opts.allowed_schemes = ['http', 'https'] {{(pid=115102) log_opt_values /opt/stack/data/venv/lib/python3.12/site-packages/oslo_config/cfg.py:3256}}
Jun 08 04:32:32.639390 np0000178762 devstack@g-api.service[115102]: DEBUG glance.common.config [None req-ff117f5b-70f0-4bbc-8c1a-ab507aec7b14 None None] import_filtering_opts.disallowed_hosts = [] {{(pid=115102) log_opt_values /opt/stack/data/venv/lib/python3.12/site-packages/oslo_config/cfg.py:3256}}
Jun 08 04:32:32.639507 np0000178762 devstack@g-api.service[115102]: DEBUG glance.common.config [None req-ff117f5b-70f0-4bbc-8c1a-ab507aec7b14 None None] import_filtering_opts.disallowed_ports = [] {{(pid=115102) log_opt_values /opt/stack/data/venv/lib/python3.12/site-packages/oslo_config/cfg.py:3256}}
Jun 08 04:32:32.639615 np0000178762 devstack@g-api.service[115102]: DEBUG glance.common.config [None req-ff117f5b-70f0-4bbc-8c1a-ab507aec7b14 None None] import_filtering_opts.disallowed_schemes = [] {{(pid=115102) log_opt_values /opt/stack/data/venv/lib/python3.12/site-packages/oslo_config/cfg.py:3256}}
Jun 08 04:32:32.639723 np0000178762 devstack@g-api.service[115102]: DEBUG glance.common.config [None req-ff117f5b-70f0-4bbc-8c1a-ab507aec7b14 None None] oslo_messaging_metrics.metrics_buffer_size = 1000 {{(pid=115102) log_opt_values /opt/stack/data/venv/lib/python3.12/site-packages/oslo_config/cfg.py:3256}}
Jun 08 04:32:32.639824 np0000178762 devstack@g-api.service[115102]: DEBUG glance.common.config [None req-ff117f5b-70f0-4bbc-8c1a-ab507aec7b14 None None] oslo_messaging_metrics.metrics_enabled = False {{(pid=115102) log_opt_values /opt/stack/data/venv/lib/python3.12/site-packages/oslo_config/cfg.py:3256}}
Jun 08 04:32:32.639931 np0000178762 devstack@g-api.service[115102]: DEBUG glance.common.config [None req-ff117f5b-70f0-4bbc-8c1a-ab507aec7b14 None None] oslo_messaging_metrics.metrics_process_name = {{(pid=115102) log_opt_values /opt/stack/data/venv/lib/python3.12/site-packages/oslo_config/cfg.py:3256}}
Jun 08 04:32:32.640038 np0000178762 devstack@g-api.service[115102]: DEBUG glance.common.config [None req-ff117f5b-70f0-4bbc-8c1a-ab507aec7b14 None None] oslo_messaging_metrics.metrics_socket_file = /var/tmp/metrics_collector.sock {{(pid=115102) log_opt_values /opt/stack/data/venv/lib/python3.12/site-packages/oslo_config/cfg.py:3256}}
Jun 08 04:32:32.640140 np0000178762 devstack@g-api.service[115102]: DEBUG glance.common.config [None req-ff117f5b-70f0-4bbc-8c1a-ab507aec7b14 None None] oslo_messaging_metrics.metrics_thread_stop_timeout = 10 {{(pid=115102) log_opt_values /opt/stack/data/venv/lib/python3.12/site-packages/oslo_config/cfg.py:3256}}
Jun 08 04:32:32.640306 np0000178762 devstack@g-api.service[115102]: DEBUG glance.common.config [None req-ff117f5b-70f0-4bbc-8c1a-ab507aec7b14 None None] os_brick.lightos_discovery_client_address = localhost {{(pid=115102) log_opt_values /opt/stack/data/venv/lib/python3.12/site-packages/oslo_config/cfg.py:3256}}
Jun 08 04:32:32.640409 np0000178762 devstack@g-api.service[115102]: DEBUG glance.common.config [None req-ff117f5b-70f0-4bbc-8c1a-ab507aec7b14 None None] os_brick.lightos_discovery_client_dir_path = /etc/discovery-client/discovery.d/ {{(pid=115102) log_opt_values /opt/stack/data/venv/lib/python3.12/site-packages/oslo_config/cfg.py:3256}}
Jun 08 04:32:32.640528 np0000178762 devstack@g-api.service[115102]: DEBUG glance.common.config [None req-ff117f5b-70f0-4bbc-8c1a-ab507aec7b14 None None] os_brick.lightos_discovery_client_port = 6060 {{(pid=115102) log_opt_values /opt/stack/data/venv/lib/python3.12/site-packages/oslo_config/cfg.py:3256}}
Jun 08 04:32:32.640680 np0000178762 devstack@g-api.service[115102]: DEBUG glance.common.config [None req-ff117f5b-70f0-4bbc-8c1a-ab507aec7b14 None None] os_brick.lock_path = /opt/stack/data/os_brick {{(pid=115102) log_opt_values /opt/stack/data/venv/lib/python3.12/site-packages/oslo_config/cfg.py:3256}}
Jun 08 04:32:32.640764 np0000178762 devstack@g-api.service[115102]: DEBUG glance.common.config [None req-ff117f5b-70f0-4bbc-8c1a-ab507aec7b14 None None] os_brick.wait_mpath_device_attempts = 4 {{(pid=115102) log_opt_values /opt/stack/data/venv/lib/python3.12/site-packages/oslo_config/cfg.py:3256}}
Jun 08 04:32:32.640832 np0000178762 devstack@g-api.service[115101]: INFO glance.api.middleware.cache [None req-635f6021-58c1-4487-bcfe-bc9323f4ea32 None None] Initialized image cache middleware
Jun 08 04:32:32.640895 np0000178762 devstack@g-api.service[115102]: DEBUG glance.common.config [None req-ff117f5b-70f0-4bbc-8c1a-ab507aec7b14 None None] os_brick.wait_mpath_device_interval = 1 {{(pid=115102) log_opt_values /opt/stack/data/venv/lib/python3.12/site-packages/oslo_config/cfg.py:3256}}
Jun 08 04:32:32.640947 np0000178762 devstack@g-api.service[115102]: DEBUG glance.common.config [None req-ff117f5b-70f0-4bbc-8c1a-ab507aec7b14 None None] privsep_osbrick.capabilities = [21, 2] {{(pid=115102) log_opt_values /opt/stack/data/venv/lib/python3.12/site-packages/oslo_config/cfg.py:3256}}
Jun 08 04:32:32.641035 np0000178762 devstack@g-api.service[115102]: DEBUG glance.common.config [None req-ff117f5b-70f0-4bbc-8c1a-ab507aec7b14 None None] privsep_osbrick.group = None {{(pid=115102) log_opt_values /opt/stack/data/venv/lib/python3.12/site-packages/oslo_config/cfg.py:3256}}
