2026-05-30 03:04:32.838 7 INFO neutron.db.ovn_revision_numbers_db [None req-d84126b6-0c0e-4197-8e6f-1ec8216a6b78 1165cda532c747dea038dcfee307e06d 2b48de72801e40eba6904c5eb39da5b1 - - default default] Successfully bumped revision number for resource fb443333-9221-4808-92d3-3701abcf3032 (type: router_ports) to 1 [pid: 7|app: 0|req: 606/1185] 10.0.0.152 () {34 vars in 783 bytes} [Sat May 30 03:04:30 2026] PUT /v2.0/routers/590063b1-e93e-4a98-b119-3a3617dc4e57/add_router_interface => generated 309 bytes in 1936 msecs (HTTP/1.1 200) 4 headers in 157 bytes (1 switches on core 0) /var/lib/openstack/lib/python3.12/site-packages/pycadf/identifier.py:70: UserWarning: Invalid uuid: neutron. To ensure interoperability, identifiers should be a valid uuid. warnings.warn(('Invalid uuid: %s. To ensure interoperability, ' [pid: 8|app: 0|req: 580/1186] 199.204.45.227 () {34 vars in 1012 bytes} [Sat May 30 03:04:32 2026] GET /v2.0/networks/d6b4ffdf-a1ab-41cb-95b2-13e631fa4fa7?fields=segments => generated 14 bytes in 39 msecs (HTTP/1.1 200) 4 headers in 156 bytes (1 switches on core 0) [pid: 7|app: 0|req: 607/1187] 10.0.0.253 () {28 vars in 619 bytes} [Sat May 30 03:04:32 2026] GET /v2.0/network-ip-availabilities => generated 2515 bytes in 27 msecs (HTTP/1.1 200) 4 headers in 158 bytes (1 switches on core 0) [pid: 8|app: 0|req: 581/1188] 10.0.0.152 () {32 vars in 717 bytes} [Sat May 30 03:04:32 2026] GET /v2.0/ports/fb443333-9221-4808-92d3-3701abcf3032 => generated 947 bytes in 84 msecs (HTTP/1.1 200) 4 headers in 157 bytes (1 switches on core 0) [pid: 8|app: 0|req: 582/1189] 10.0.0.253 () {28 vars in 583 bytes} [Sat May 30 03:04:32 2026] GET /v2.0/subnets => generated 3325 bytes in 38 msecs (HTTP/1.1 200) 4 headers in 158 bytes (1 switches on core 0) [pid: 7|app: 0|req: 608/1190] 199.204.45.227 () {34 vars in 1112 bytes} [Sat May 30 03:04:32 2026] GET /v2.0/networks/d6b4ffdf-a1ab-41cb-95b2-13e631fa4fa7?fields=provider%3Aphysical_network&fields=provider%3Anetwork_type => generated 79 bytes in 115 msecs (HTTP/1.1 200) 4 headers in 156 bytes (1 switches on core 0)
2026-05-30 03:04:33.045 7 INFO neutron.db.ovn_revision_numbers_db [None req-7e3c9e8c-b431-427f-8243-da8e83c76f83 - - - - - -] Successfully bumped revision number for resource fb443333-9221-4808-92d3-3701abcf3032 (type: ports) to 2 [pid: 7|app: 0|req: 609/1191] 10.0.0.152 () {32 vars in 717 bytes} [Sat May 30 03:04:32 2026] GET /v2.0/ports/fb443333-9221-4808-92d3-3701abcf3032 => generated 947 bytes in 64 msecs (HTTP/1.1 200) 4 headers in 157 bytes (1 switches on core 0) [pid: 7|app: 0|req: 610/1192] 10.0.0.253 () {28 vars in 591 bytes} [Sat May 30 03:04:33 2026] GET /v2.0/subnetpools => generated 19 bytes in 24 msecs (HTTP/1.1 200) 4 headers in 156 bytes (1 switches on core 0) [pid: 8|app: 0|req: 583/1193] 10.0.0.152 () {32 vars in 740 bytes} [Sat May 30 03:04:32 2026] DELETE /v2.0/security-groups/015d3e7d-78bd-4ef0-bd48-ac59ec280b77 => generated 0 bytes in 124 msecs (HTTP/1.1 204) 2 headers in 112 bytes (1 switches on core 0)
2026-05-30 03:04:33.122 8 INFO neutron.api.v2.resource [None req-b413ca3b-ef4f-4e74-a0e9-b3b3315bb137 b90b27f7ba5e4cf99fad9d92bde4bdcf ee77a55cda34496db74153dc58ea9972 - - default default] show failed (client error): The resource could not be found. [pid: 8|app: 0|req: 584/1194] 10.0.0.152 () {32 vars in 737 bytes} [Sat May 30 03:04:33 2026] GET /v2.0/security-groups/015d3e7d-78bd-4ef0-bd48-ac59ec280b77 => generated 146 bytes in 10 msecs (HTTP/1.1 404) 4 headers in 164 bytes (1 switches on core 0)
2026-05-30 03:04:33.229 8 INFO neutron_taas.services.taas.taas_plugin [None req-5fa1c02d-deaf-4ad8-a401-bbee025d0148 b90b27f7ba5e4cf99fad9d92bde4bdcf ee77a55cda34496db74153dc58ea9972 - - default default] TaaS: Handle Delete Port: 502ec2ab-bb74-4e51-91a2-99c35cd2e491
2026-05-30 03:04:33.232 8 INFO neutron_taas.services.taas.tap_mirror_plugin [None req-5fa1c02d-deaf-4ad8-a401-bbee025d0148 b90b27f7ba5e4cf99fad9d92bde4bdcf ee77a55cda34496db74153dc58ea9972 - - default default] Tap Mirror: Handle Delete Port: 502ec2ab-bb74-4e51-91a2-99c35cd2e491 [pid: 8|app: 0|req: 585/1195] 10.0.0.152 () {32 vars in 732 bytes} [Sat May 30 03:04:33 2026] DELETE /v2.0/floatingips/62a157bc-fcdf-4609-b9d0-f0395a09c82d => generated 0 bytes in 273 msecs (HTTP/1.1 204) 2 headers in 112 bytes (1 switches on core 0)
2026-05-30 03:04:33.412 7 INFO neutron_taas.services.taas.taas_plugin [None req-040a4685-f6b9-4255-9c8c-4122e408cc2a 1165cda532c747dea038dcfee307e06d 2b48de72801e40eba6904c5eb39da5b1 - - default default] TaaS: Handle Delete Port: fb443333-9221-4808-92d3-3701abcf3032
2026-05-30 03:04:33.415 7 INFO neutron_taas.services.taas.tap_mirror_plugin [None req-040a4685-f6b9-4255-9c8c-4122e408cc2a 1165cda532c747dea038dcfee307e06d 2b48de72801e40eba6904c5eb39da5b1 - - default default] Tap Mirror: Handle Delete Port: fb443333-9221-4808-92d3-3701abcf3032 [pid: 7|app: 0|req: 611/1196] 10.0.0.152 () {34 vars in 789 bytes} [Sat May 30 03:04:33 2026] PUT /v2.0/routers/590063b1-e93e-4a98-b119-3a3617dc4e57/remove_router_interface => generated 309 bytes in 592 msecs (HTTP/1.1 200) 4 headers in 157 bytes (1 switches on core 0) /var/lib/openstack/lib/python3.12/site-packages/pycadf/identifier.py:70: UserWarning: Invalid uuid: neutron. To ensure interoperability, identifiers should be a valid uuid. warnings.warn(('Invalid uuid: %s. To ensure interoperability, ' [pid: 7|app: 0|req: 612/1197] 10.0.0.152 () {32 vars in 736 bytes} [Sat May 30 03:04:33 2026] GET /v2.0/ports?device_id=590063b1-e93e-4a98-b119-3a3617dc4e57 => generated 12 bytes in 33 msecs (HTTP/1.1 200) 4 headers in 156 bytes (1 switches on core 0)
2026-05-30 03:04:33.877 8 INFO neutron_taas.services.taas.taas_plugin [None req-30674133-048f-4ea6-8c0f-872d3acf795c 7a28da99c857417e8c6116a0d0d0edef 42098fe4d6364825a3498ecd3a20d7bd - - default default] TaaS: Handle Delete Port: c90799f3-d3bc-4b1a-a418-e5460aff34a9
2026-05-30 03:04:33.880 8 INFO neutron_taas.services.taas.tap_mirror_plugin [None req-30674133-048f-4ea6-8c0f-872d3acf795c 7a28da99c857417e8c6116a0d0d0edef 42098fe4d6364825a3498ecd3a20d7bd - - default default] Tap Mirror: Handle Delete Port: c90799f3-d3bc-4b1a-a418-e5460aff34a9 [pid: 7|app: 0|req: 613/1198] 10.0.0.152 () {32 vars in 724 bytes} [Sat May 30 03:04:33 2026] DELETE /v2.0/routers/590063b1-e93e-4a98-b119-3a3617dc4e57 => generated 0 bytes in 214 msecs (HTTP/1.1 204) 2 headers in 112 bytes (1 switches on core 0) [pid: 7|app: 0|req: 614/1199] 10.0.0.137 () {34 vars in 990 bytes} [Sat May 30 03:04:33 2026] GET /v2.0/ports?device_id=3cf16330-bb0b-49a2-a417-7f0fdd01f18f => generated 975 bytes in 87 msecs (HTTP/1.1 200) 4 headers in 157 bytes (1 switches on core 0) [pid: 7|app: 0|req: 615/1200] 10.0.0.152 () {32 vars in 724 bytes} [Sat May 30 03:04:34 2026] DELETE /v2.0/subnets/a7987231-49ef-4a09-b7e5-3cc5d12f8e9f => generated 0 bytes in 150 msecs (HTTP/1.1 204) 3 headers in 131 bytes (1 switches on core 0) [pid: 8|app: 0|req: 586/1201] 10.0.0.152 () {34 vars in 789 bytes} [Sat May 30 03:04:33 2026] PUT /v2.0/routers/4fcc5776-8929-415a-bda8-e65a3d01a8da/remove_router_interface => generated 309 bytes in 1080 msecs (HTTP/1.1 200) 4 headers in 157 bytes (1 switches on core 0) /var/lib/openstack/lib/python3.12/site-packages/pycadf/identifier.py:70: UserWarning: Invalid uuid: neutron. To ensure interoperability, identifiers should be a valid uuid. warnings.warn(('Invalid uuid: %s. To ensure interoperability, ' [pid: 8|app: 0|req: 587/1202] 10.0.0.137 () {34 vars in 1040 bytes} [Sat May 30 03:04:34 2026] GET /v2.0/security-groups?id=78ab2cde-c6f5-430e-8d72-597b57d7edef&fields=id&fields=name => generated 114 bytes in 34 msecs (HTTP/1.1 200) 4 headers in 157 bytes (1 switches on core 0)
2026-05-30 03:04:34.653 7 INFO neutron.db.ovn_revision_numbers_db [None req-886fe178-e35b-4256-9121-a3a099089494 7a28da99c857417e8c6116a0d0d0edef 42098fe4d6364825a3498ecd3a20d7bd - - default default] Successfully bumped revision number for resource cfb72661-c323-4d31-bd70-bf95ae0c7a01 (type: security_groups) to 1
2026-05-30 03:04:34.666 7 INFO neutron.db.ovn_revision_numbers_db [None req-886fe178-e35b-4256-9121-a3a099089494 7a28da99c857417e8c6116a0d0d0edef 42098fe4d6364825a3498ecd3a20d7bd - - default default] Successfully bumped revision number for resource 125c00a0-0bb7-4b10-9748-3a66764a2e06 (type: security_group_rules) to 0
2026-05-30 03:04:34.680 7 INFO neutron.db.ovn_revision_numbers_db [None req-886fe178-e35b-4256-9121-a3a099089494 7a28da99c857417e8c6116a0d0d0edef 42098fe4d6364825a3498ecd3a20d7bd - - default default] Successfully bumped revision number for resource 17208e87-7dca-484c-9590-b0db2948c344 (type: security_group_rules) to 0
2026-05-30 03:04:34.695 7 INFO neutron.db.ovn_revision_numbers_db [None req-886fe178-e35b-4256-9121-a3a099089494 7a28da99c857417e8c6116a0d0d0edef 42098fe4d6364825a3498ecd3a20d7bd - - default default] Successfully bumped revision number for resource bfe88965-698b-433f-891b-cc97265cef02 (type: security_group_rules) to 0
2026-05-30 03:04:34.706 7 INFO neutron.db.ovn_revision_numbers_db [None req-886fe178-e35b-4256-9121-a3a099089494 7a28da99c857417e8c6116a0d0d0edef 42098fe4d6364825a3498ecd3a20d7bd - - default default] Successfully bumped revision number for resource ed15e9d2-3eb7-4ce8-8a63-ee4c798aec09 (type: security_group_rules) to 0
2026-05-30 03:04:34.724 8 INFO neutron_taas.services.taas.taas_plugin [None req-b2b40be7-268e-43d6-b517-5111dc2561fb 1165cda532c747dea038dcfee307e06d 2b48de72801e40eba6904c5eb39da5b1 - - default default] TaaS: Handle Delete Port: 26de7823-ac99-436d-bcf1-27462053cc05
2026-05-30 03:04:34.731 8 INFO neutron_taas.services.taas.tap_mirror_plugin [None req-b2b40be7-268e-43d6-b517-5111dc2561fb 1165cda532c747dea038dcfee307e06d 2b48de72801e40eba6904c5eb39da5b1 - - default default] Tap Mirror: Handle Delete Port: 26de7823-ac99-436d-bcf1-27462053cc05
2026-05-30 03:04:34.785 7 INFO neutron.db.segments_db [None req-886fe178-e35b-4256-9121-a3a099089494 7a28da99c857417e8c6116a0d0d0edef 42098fe4d6364825a3498ecd3a20d7bd - - default default] Added segment 5d6d837c-66c1-4d46-b31b-b0c60864944e of type geneve for network 36b162ef-6a63-4660-b854-e779cecdd229
2026-05-30 03:04:34.883 7 INFO neutron.db.ovn_revision_numbers_db [None req-886fe178-e35b-4256-9121-a3a099089494 7a28da99c857417e8c6116a0d0d0edef 42098fe4d6364825a3498ecd3a20d7bd - - default default] Successfully bumped revision number for resource 36b162ef-6a63-4660-b854-e779cecdd229 (type: networks) to 1
2026-05-30 03:04:34.917 8 INFO neutron.services.segments.plugin [-] Segment 75c36e45-04cb-4d7a-b388-2f8b98ae0514 resource provider aggregate not found
2026-05-30 03:04:34.923 8 INFO neutron.services.segments.plugin [-] Segment 75c36e45-04cb-4d7a-b388-2f8b98ae0514 resource provider aggregate not found
2026-05-30 03:04:34.943 8 INFO neutron.services.segments.plugin [-] Segment 75c36e45-04cb-4d7a-b388-2f8b98ae0514 resource provider not found; error: Placement Client Error (4xx): {"errors": [{"status": 404, "title": "Not Found", "detail": "The resource could not be found.\n\n No resource provider with uuid 75c36e45-04cb-4d7a-b388-2f8b98ae0514 found for delete ", "request_id": "req-37f29f2b-7aad-41bb-b32f-ec8fd524ec39"}]}
2026-05-30 03:04:34.949 8 INFO neutron.services.segments.plugin [-] Segment 75c36e45-04cb-4d7a-b388-2f8b98ae0514 resource provider not found; error: Placement Client Error (4xx): {"errors": [{"status": 404, "title": "Not Found", "detail": "The resource could not be found.\n\n No resource provider with uuid 75c36e45-04cb-4d7a-b388-2f8b98ae0514 found for delete ", "request_id": "req-b7046d6b-7250-46c8-8622-3600b8e1e669"}]} [pid: 8|app: 0|req: 588/1203] 10.0.0.152 () {32 vars in 726 bytes} [Sat May 30 03:04:34 2026] DELETE /v2.0/networks/9a2157bf-d734-45da-ab14-dbc8d31acaa6 => generated 0 bytes in 383 msecs (HTTP/1.1 204) 3 headers in 131 bytes (1 switches on core 0)
2026-05-30 03:04:35.039 7 WARNING neutron.scheduler.dhcp_agent_scheduler [None req-886fe178-e35b-4256-9121-a3a099089494 7a28da99c857417e8c6116a0d0d0edef 42098fe4d6364825a3498ecd3a20d7bd - - default default] No more DHCP agents
2026-05-30 03:04:35.041 7 WARNING neutron.api.rpc.agentnotifiers.dhcp_rpc_agent_api [None req-886fe178-e35b-4256-9121-a3a099089494 7a28da99c857417e8c6116a0d0d0edef 42098fe4d6364825a3498ecd3a20d7bd - - default default] Unable to schedule network 36b162ef-6a63-4660-b854-e779cecdd229: no agents available; will retry on subsequent port and subnet creation events.
2026-05-30 03:04:35.086 8 INFO neutron.plugins.ml2.drivers.ovn.mech_driver.mech_driver [None req-821bd938-bb0b-4556-a78d-4a7306ad7ce8 - - - - - -] OVN reports status down for port: c222f291-5155-40a0-9eb6-2abd68891fb3
2026-05-30 03:04:35.110 7 INFO neutron.db.ovn_revision_numbers_db [None req-886fe178-e35b-4256-9121-a3a099089494 7a28da99c857417e8c6116a0d0d0edef 42098fe4d6364825a3498ecd3a20d7bd - - default default] Successfully bumped revision number for resource c222f291-5155-40a0-9eb6-2abd68891fb3 (type: ports) to 1 [pid: 7|app: 0|req: 616/1204] 10.0.0.152 () {34 vars in 671 bytes} [Sat May 30 03:04:34 2026] POST /v2.0/networks => generated 781 bytes in 968 msecs (HTTP/1.1 201) 4 headers in 162 bytes (1 switches on core 0) [pid: 7|app: 0|req: 617/1205] 199.204.45.227 () {34 vars in 994 bytes} [Sat May 30 03:04:35 2026] GET /v2.0/ports?device_id=3cf16330-bb0b-49a2-a417-7f0fdd01f18f => generated 975 bytes in 29 msecs (HTTP/1.1 200) 4 headers in 157 bytes (1 switches on core 0)
2026-05-30 03:04:35.340 8 INFO neutron_taas.services.taas.taas_plugin [None req-db1b3d6e-88b5-4383-a52b-a7bb2533eceb 7a28da99c857417e8c6116a0d0d0edef 42098fe4d6364825a3498ecd3a20d7bd - - default default] TaaS: Handle Delete Port: 768e3388-d89e-468f-aa6b-94a2d9c4afde
2026-05-30 03:04:35.343 8 INFO neutron_taas.services.taas.tap_mirror_plugin [None req-db1b3d6e-88b5-4383-a52b-a7bb2533eceb 7a28da99c857417e8c6116a0d0d0edef 42098fe4d6364825a3498ecd3a20d7bd - - default default] Tap Mirror: Handle Delete Port: 768e3388-d89e-468f-aa6b-94a2d9c4afde
2026-05-30 03:04:35.496 7 WARNING neutron.scheduler.dhcp_agent_scheduler [None req-df34e0cb-5def-4836-aed8-8f6b91ffb2e0 1165cda532c747dea038dcfee307e06d 2b48de72801e40eba6904c5eb39da5b1 - - default default] No more DHCP agents
2026-05-30 03:04:35.498 7 WARNING neutron.api.rpc.agentnotifiers.dhcp_rpc_agent_api [None req-df34e0cb-5def-4836-aed8-8f6b91ffb2e0 1165cda532c747dea038dcfee307e06d 2b48de72801e40eba6904c5eb39da5b1 - - default default] Unable to schedule network 0100ea5b-73b1-4c68-b9b0-4aa247bc8434: no agents available; will retry on subsequent port and subnet creation events.
2026-05-30 03:04:35.631 8 INFO neutron.plugins.ml2.drivers.ovn.mech_driver.mech_driver [None req-821bd938-bb0b-4556-a78d-4a7306ad7ce8 - - - - - -] OVN reports status down for port: 3d7ca68b-8a1d-48d8-890c-832b2d78a6e7
2026-05-30 03:04:35.649 7 INFO neutron.db.ovn_revision_numbers_db [None req-df34e0cb-5def-4836-aed8-8f6b91ffb2e0 1165cda532c747dea038dcfee307e06d 2b48de72801e40eba6904c5eb39da5b1 - - default default] Successfully bumped revision number for resource 3d7ca68b-8a1d-48d8-890c-832b2d78a6e7 (type: ports) to 1 [pid: 8|app: 0|req: 589/1206] 10.0.0.152 () {32 vars in 724 bytes} [Sat May 30 03:04:34 2026] DELETE /v2.0/routers/4fcc5776-8929-415a-bda8-e65a3d01a8da => generated 0 bytes in 827 msecs (HTTP/1.1 204) 2 headers in 112 bytes (1 switches on core 0)
2026-05-30 03:04:35.948 8 WARNING neutron.scheduler.dhcp_agent_scheduler [None req-3d04331a-4720-4c13-9320-f810edfc8049 7a28da99c857417e8c6116a0d0d0edef 42098fe4d6364825a3498ecd3a20d7bd - - default default] No more DHCP agents
2026-05-30 03:04:35.949 8 WARNING neutron.api.rpc.agentnotifiers.dhcp_rpc_agent_api [None req-3d04331a-4720-4c13-9320-f810edfc8049 7a28da99c857417e8c6116a0d0d0edef 42098fe4d6364825a3498ecd3a20d7bd - - default default] Unable to schedule network 36b162ef-6a63-4660-b854-e779cecdd229: no agents available; will retry on subsequent port and subnet creation events.
2026-05-30 03:04:36.237 7 INFO neutron.plugins.ml2.drivers.ovn.mech_driver.ovsdb.commands [None req-419de582-7e6a-4e72-8d6c-a9e0a4675b52 - - - - - -] Schedule LRP lrp-3d7ca68b-8a1d-48d8-890c-832b2d78a6e7 on gateway 6ea78254-155b-44c0-8bb6-90946e32c534 with priority 1
2026-05-30 03:04:36.257 8 INFO neutron.plugins.ml2.drivers.ovn.mech_driver.mech_driver [None req-821bd938-bb0b-4556-a78d-4a7306ad7ce8 - - - - - -] OVN reports status up for port: 3d7ca68b-8a1d-48d8-890c-832b2d78a6e7
2026-05-30 03:04:36.274 8 INFO neutron.plugins.ml2.plugin [None req-821bd938-bb0b-4556-a78d-4a7306ad7ce8 - - - - - -] Attempt 1 to provision port 3d7ca68b-8a1d-48d8-890c-832b2d78a6e7
2026-05-30 03:04:36.278 7 INFO neutron.db.ovn_revision_numbers_db [None req-df34e0cb-5def-4836-aed8-8f6b91ffb2e0 1165cda532c747dea038dcfee307e06d 2b48de72801e40eba6904c5eb39da5b1 - - default default] Successfully bumped revision number for resource 3d7ca68b-8a1d-48d8-890c-832b2d78a6e7 (type: router_ports) to 1
2026-05-30 03:04:36.340 7 INFO neutron.db.ovn_revision_numbers_db [None req-df34e0cb-5def-4836-aed8-8f6b91ffb2e0 1165cda532c747dea038dcfee307e06d 2b48de72801e40eba6904c5eb39da5b1 - - default default] Successfully bumped revision number for resource 2f40b24a-c1c3-491c-bd11-ab1dc35fadcd (type: routers) to 2 [pid: 7|app: 0|req: 618/1207] 10.0.0.152 () {34 vars in 669 bytes} [Sat May 30 03:04:35 2026] POST /v2.0/routers => generated 952 bytes in 1193 msecs (HTTP/1.1 201) 4 headers in 162 bytes (1 switches on core 0)
2026-05-30 03:04:36.422 8 INFO neutron.db.ovn_revision_numbers_db [None req-1d1a358f-fb95-463b-a4d0-90c46cf0a530 - - - - - -] Successfully bumped revision number for resource c222f291-5155-40a0-9eb6-2abd68891fb3 (type: ports) to 2
2026-05-30 03:04:36.456 8 INFO neutron.db.ovn_revision_numbers_db [None req-1d1a358f-fb95-463b-a4d0-90c46cf0a530 - - - - - -] Successfully bumped revision number for resource 21b7ae78-abf9-4b03-aa38-3f8786815b89 (type: subnets) to 0 [pid: 8|app: 0|req: 590/1208] 10.0.0.152 () {34 vars in 669 bytes} [Sat May 30 03:04:35 2026] POST /v2.0/subnets => generated 687 bytes in 688 msecs (HTTP/1.1 201) 4 headers in 162 bytes (1 switches on core 0)
2026-05-30 03:04:36.488 7 INFO neutron_taas.services.taas.taas_plugin [req-ce91266f-5ff3-4e91-b8a0-faf2fcc614a1 req-93ef7377-84de-4e8b-8983-6a571f336356 0317ba3b8e774d4e8d02ccc8e2d7e541 ddd06f6a907a481fbf260ef94bebe5de - - default default] TaaS: Handle Delete Port: c9ccf0cd-59dd-4a10-ad3a-a2bdda73642f
2026-05-30 03:04:36.490 7 INFO neutron_taas.services.taas.tap_mirror_plugin [req-ce91266f-5ff3-4e91-b8a0-faf2fcc614a1 req-93ef7377-84de-4e8b-8983-6a571f336356 0317ba3b8e774d4e8d02ccc8e2d7e541 ddd06f6a907a481fbf260ef94bebe5de - - default default] Tap Mirror: Handle Delete Port: c9ccf0cd-59dd-4a10-ad3a-a2bdda73642f [pid: 8|app: 0|req: 591/1209] 10.0.0.137 () {34 vars in 990 bytes} [Sat May 30 03:04:36 2026] GET /v2.0/ports?device_id=3cf16330-bb0b-49a2-a417-7f0fdd01f18f => generated 975 bytes in 74 msecs (HTTP/1.1 200) 4 headers in 157 bytes (1 switches on core 0)
2026-05-30 03:04:36.687 7 INFO neutron.db.l3_db [req-ce91266f-5ff3-4e91-b8a0-faf2fcc614a1 req-93ef7377-84de-4e8b-8983-6a571f336356 0317ba3b8e774d4e8d02ccc8e2d7e541 ddd06f6a907a481fbf260ef94bebe5de - - default default] Floating IP 2583e0b7-f366-46dd-8dbc-07aad76a29cd disassociated. External IP: 10.96.250.212, port: c9ccf0cd-59dd-4a10-ad3a-a2bdda73642f. [pid: 8|app: 0|req: 592/1210] 10.0.0.152 () {32 vars in 724 bytes} [Sat May 30 03:04:36 2026] DELETE /v2.0/subnets/d488af28-1aac-4a6d-b416-29a3411a0890 => generated 0 bytes in 181 msecs (HTTP/1.1 204) 3 headers in 131 bytes (1 switches on core 0) [pid: 8|app: 0|req: 593/1211] 10.0.0.152 () {32 vars in 721 bytes} [Sat May 30 03:04:36 2026] GET /v2.0/routers/2f40b24a-c1c3-491c-bd11-ab1dc35fadcd => generated 958 bytes in 76 msecs (HTTP/1.1 200) 4 headers in 157 bytes (1 switches on core 0) [pid: 7|app: 0|req: 619/1212] 199.204.45.227 () {36 vars in 997 bytes} [Sat May 30 03:04:36 2026] DELETE /v2.0/ports/c9ccf0cd-59dd-4a10-ad3a-a2bdda73642f => generated 0 bytes in 553 msecs (HTTP/1.1 204) 3 headers in 131 bytes (1 switches on core 0) [pid: 7|app: 0|req: 620/1213] 10.0.0.137 () {34 vars in 1040 bytes} [Sat May 30 03:04:36 2026] GET /v2.0/security-groups?id=78ab2cde-c6f5-430e-8d72-597b57d7edef&fields=id&fields=name => generated 114 bytes in 41 msecs (HTTP/1.1 200) 4 headers in 157 bytes (1 switches on core 0)
2026-05-30 03:04:36.959 7 INFO neutron.notifiers.nova [-] Nova event matching ['req-f32353af-ca5d-4dad-80f3-5524c36dff87'] response: {'server_uuid': '3cf16330-bb0b-49a2-a417-7f0fdd01f18f', 'name': 'network-vif-deleted', 'tag': 'c9ccf0cd-59dd-4a10-ad3a-a2bdda73642f', 'status': 'completed', 'code': 200}
2026-05-30 03:04:37.085 7 INFO neutron_taas.services.taas.taas_plugin [None req-086c0b27-52fe-4b39-a904-cddf442877a4 7a28da99c857417e8c6116a0d0d0edef 42098fe4d6364825a3498ecd3a20d7bd - - default default] TaaS: Handle Delete Port: 2eb85c11-c9c5-4740-b3f8-221bd8965532
2026-05-30 03:04:37.088 7 INFO neutron_taas.services.taas.tap_mirror_plugin [None req-086c0b27-52fe-4b39-a904-cddf442877a4 7a28da99c857417e8c6116a0d0d0edef 42098fe4d6364825a3498ecd3a20d7bd - - default default] Tap Mirror: Handle Delete Port: 2eb85c11-c9c5-4740-b3f8-221bd8965532
2026-05-30 03:04:37.265 7 INFO neutron.services.segments.plugin [-] Segment dd9e8a1b-c282-4c93-9847-76e1d77a5d98 resource provider aggregate not found
2026-05-30 03:04:37.269 7 INFO neutron.services.segments.plugin [-] Segment dd9e8a1b-c282-4c93-9847-76e1d77a5d98 resource provider aggregate not found
2026-05-30 03:04:37.282 7 INFO neutron.services.segments.plugin [-] Segment dd9e8a1b-c282-4c93-9847-76e1d77a5d98 resource provider not found; error: Placement Client Error (4xx): {"errors": [{"status": 404, "title": "Not Found", "detail": "The resource could not be found.\n\n No resource provider with uuid dd9e8a1b-c282-4c93-9847-76e1d77a5d98 found for delete ", "request_id": "req-f8587df7-bc10-4dc5-bed6-c215401c0e88"}]}
2026-05-30 03:04:37.287 7 INFO neutron.services.segments.plugin [-] Segment dd9e8a1b-c282-4c93-9847-76e1d77a5d98 resource provider not found; error: Placement Client Error (4xx): {"errors": [{"status": 404, "title": "Not Found", "detail": "The resource could not be found.\n\n No resource provider with uuid dd9e8a1b-c282-4c93-9847-76e1d77a5d98 found for delete ", "request_id": "req-30928e5d-78da-4fb1-9339-1b364d551310"}]} [pid: 7|app: 0|req: 621/1214] 10.0.0.152 () {32 vars in 726 bytes} [Sat May 30 03:04:36 2026] DELETE /v2.0/networks/089db773-63b3-442a-a08c-ae2fd4bdbc88 => generated 0 bytes in 365 msecs (HTTP/1.1 204) 3 headers in 131 bytes (1 switches on core 0)
2026-05-30 03:04:37.337 8 WARNING neutron.scheduler.dhcp_agent_scheduler [None req-39661704-9079-4e15-9464-b3c968af837c 7a28da99c857417e8c6116a0d0d0edef 42098fe4d6364825a3498ecd3a20d7bd - - default default] No more DHCP agents
2026-05-30 03:04:37.340 8 WARNING neutron.api.rpc.agentnotifiers.dhcp_rpc_agent_api [None req-39661704-9079-4e15-9464-b3c968af837c 7a28da99c857417e8c6116a0d0d0edef 42098fe4d6364825a3498ecd3a20d7bd - - default default] Unable to schedule network 0100ea5b-73b1-4c68-b9b0-4aa247bc8434: no agents available; will retry on subsequent port and subnet creation events. [pid: 7|app: 0|req: 622/1215] 10.0.0.152 () {32 vars in 647 bytes} [Sat May 30 03:04:37 2026] GET /v2.0/routers => generated 961 bytes in 93 msecs (HTTP/1.1 200) 4 headers in 157 bytes (1 switches on core 0) [pid: 7|app: 0|req: 623/1216] 10.0.0.152 () {32 vars in 774 bytes} [Sat May 30 03:04:37 2026] GET /v2.0/security-groups?tenant_id=ee77a55cda34496db74153dc58ea9972&name=default => generated 2925 bytes in 40 msecs (HTTP/1.1 200) 4 headers in 158 bytes (1 switches on core 0)
2026-05-30 03:04:37.480 8 INFO neutron.db.ovn_revision_numbers_db [None req-39661704-9079-4e15-9464-b3c968af837c 7a28da99c857417e8c6116a0d0d0edef 42098fe4d6364825a3498ecd3a20d7bd - - default default] Successfully bumped revision number for resource b660c099-b02b-4d9f-a925-28e45496c215 (type: ports) to 1
2026-05-30 03:04:37.835 7 INFO neutron.db.ovn_revision_numbers_db [None req-6fb4224a-189f-491a-aabe-0e562c44763d 1165cda532c747dea038dcfee307e06d 2b48de72801e40eba6904c5eb39da5b1 - - default default] Successfully bumped revision number for resource 2f40b24a-c1c3-491c-bd11-ab1dc35fadcd (type: routers) to 3 [pid: 7|app: 0|req: 624/1217] 10.0.0.152 () {34 vars in 741 bytes} [Sat May 30 03:04:37 2026] PUT /v2.0/routers/2f40b24a-c1c3-491c-bd11-ab1dc35fadcd => generated 965 bytes in 391 msecs (HTTP/1.1 200) 4 headers in 157 bytes (1 switches on core 0) [pid: 7|app: 0|req: 625/1218] 10.0.0.152 () {32 vars in 740 bytes} [Sat May 30 03:04:37 2026] DELETE /v2.0/security-groups/edeb6121-744e-47ee-a27c-314b37727213 => generated 0 bytes in 192 msecs (HTTP/1.1 204) 2 headers in 112 bytes (1 switches on core 0)
2026-05-30 03:04:38.052 8 INFO neutron.plugins.ml2.drivers.ovn.mech_driver.ovsdb.commands [None req-3ca09567-676a-4732-8c71-f04ed0a21265 - - - - - -] Schedule LRP lrp-b660c099-b02b-4d9f-a925-28e45496c215 on gateway 6ea78254-155b-44c0-8bb6-90946e32c534 with priority 1
2026-05-30 03:04:38.091 7 INFO neutron.plugins.ml2.drivers.ovn.mech_driver.ovsdb.ovsdb_monitor [None req-f50daf1a-daf0-4719-a440-4f083793046a - - - - - -] Router 8fb5524c-632b-4aa8-86c1-d8d5afef2f24 is bound to host instance
2026-05-30 03:04:38.105 8 INFO neutron.db.ovn_revision_numbers_db [None req-39661704-9079-4e15-9464-b3c968af837c 7a28da99c857417e8c6116a0d0d0edef 42098fe4d6364825a3498ecd3a20d7bd - - default default] Successfully bumped revision number for resource b660c099-b02b-4d9f-a925-28e45496c215 (type: router_ports) to 1
2026-05-30 03:04:38.168 8 INFO neutron.db.ovn_revision_numbers_db [None req-39661704-9079-4e15-9464-b3c968af837c 7a28da99c857417e8c6116a0d0d0edef 42098fe4d6364825a3498ecd3a20d7bd - - default default] Successfully bumped revision number for resource 8fb5524c-632b-4aa8-86c1-d8d5afef2f24 (type: routers) to 2 [pid: 8|app: 0|req: 594/1219] 10.0.0.152 () {34 vars in 669 bytes} [Sat May 30 03:04:36 2026] POST /v2.0/routers => generated 965 bytes in 1378 msecs (HTTP/1.1 201) 4 headers in 162 bytes (1 switches on core 0) [pid: 7|app: 0|req: 626/1220] 10.0.0.152 () {32 vars in 721 bytes} [Sat May 30 03:04:38 2026] GET /v2.0/routers/2f40b24a-c1c3-491c-bd11-ab1dc35fadcd => generated 965 bytes in 153 msecs (HTTP/1.1 200) 4 headers in 157 bytes (1 switches on core 0) [pid: 8|app: 0|req: 595/1221] 10.0.0.137 () {34 vars in 990 bytes} [Sat May 30 03:04:38 2026] GET /v2.0/ports?device_id=3cf16330-bb0b-49a2-a417-7f0fdd01f18f => generated 12 bytes in 22 msecs (HTTP/1.1 200) 4 headers in 156 bytes (1 switches on core 0) [pid: 8|app: 0|req: 596/1222] 10.0.0.152 () {32 vars in 736 bytes} [Sat May 30 03:04:38 2026] GET /v2.0/ports?device_id=2f40b24a-c1c3-491c-bd11-ab1dc35fadcd => generated 12 bytes in 23 msecs (HTTP/1.1 200) 4 headers in 156 bytes (1 switches on core 0)
2026-05-30 03:04:38.543 8 INFO neutron_taas.services.taas.taas_plugin [None req-63fcb0d3-6c7d-41ec-9fda-15444773aeac 1165cda532c747dea038dcfee307e06d 2b48de72801e40eba6904c5eb39da5b1 - - default default] TaaS: Handle Delete Port: 3d7ca68b-8a1d-48d8-890c-832b2d78a6e7
2026-05-30 03:04:38.546 8 INFO neutron_taas.services.taas.tap_mirror_plugin [None req-63fcb0d3-6c7d-41ec-9fda-15444773aeac 1165cda532c747dea038dcfee307e06d 2b48de72801e40eba6904c5eb39da5b1 - - default default] Tap Mirror: Handle Delete Port: 3d7ca68b-8a1d-48d8-890c-832b2d78a6e7
2026-05-30 03:04:38.621 7 WARNING neutron.plugins.ml2.drivers.ovn.mech_driver.ovsdb.ovn_client [None req-3a1a43ea-8791-4ee1-afef-82b123cf6ffd - - - - - -] No port found with ID fb443333-9221-4808-92d3-3701abcf3032: RuntimeError: No port found with ID fb443333-9221-4808-92d3-3701abcf3032
2026-05-30 03:04:38.680 7 INFO neutron.plugins.ml2.drivers.ovn.mech_driver.mech_driver [None req-3a1a43ea-8791-4ee1-afef-82b123cf6ffd - - - - - -] OVN reports status down for port: c9ccf0cd-59dd-4a10-ad3a-a2bdda73642f
2026-05-30 03:04:38.771 7 INFO neutron.plugins.ml2.drivers.ovn.mech_driver.mech_driver [None req-3a1a43ea-8791-4ee1-afef-82b123cf6ffd - - - - - -] OVN reports status down for port: b660c099-b02b-4d9f-a925-28e45496c215 [pid: 8|app: 0|req: 597/1223] 10.0.0.152 () {32 vars in 724 bytes} [Sat May 30 03:04:38 2026] DELETE /v2.0/routers/2f40b24a-c1c3-491c-bd11-ab1dc35fadcd => generated 0 bytes in 583 msecs (HTTP/1.1 204) 2 headers in 112 bytes (1 switches on core 0) [pid: 8|app: 0|req: 598/1224] 10.0.0.152 () {32 vars in 736 bytes} [Sat May 30 03:04:38 2026] GET /v2.0/ports?device_id=2f40b24a-c1c3-491c-bd11-ab1dc35fadcd => generated 12 bytes in 17 msecs (HTTP/1.1 200) 4 headers in 156 bytes (1 switches on core 0)
2026-05-30 03:04:38.891 8 INFO neutron.api.v2.resource [None req-a4254bff-174e-486d-aaa0-56df48a9fe0f 1165cda532c747dea038dcfee307e06d 2b48de72801e40eba6904c5eb39da5b1 - - default default] delete failed (client error): The resource could not be found. [pid: 8|app: 0|req: 599/1225] 10.0.0.152 () {32 vars in 724 bytes} [Sat May 30 03:04:38 2026] DELETE /v2.0/routers/2f40b24a-c1c3-491c-bd11-ab1dc35fadcd => generated 135 bytes in 14 msecs (HTTP/1.1 404) 4 headers in 164 bytes (1 switches on core 0) [pid: 8|app: 0|req: 600/1226] 10.0.0.152 () {32 vars in 736 bytes} [Sat May 30 03:04:38 2026] GET /v2.0/ports?device_id=590063b1-e93e-4a98-b119-3a3617dc4e57 => generated 12 bytes in 13 msecs (HTTP/1.1 200) 4 headers in 156 bytes (1 switches on core 0)
2026-05-30 03:04:38.923 8 INFO neutron.api.v2.resource [None req-abb37236-8e65-4be0-a1e0-7ee893f510bc 1165cda532c747dea038dcfee307e06d 2b48de72801e40eba6904c5eb39da5b1 - - default default] delete failed (client error): The resource could not be found. [pid: 8|app: 0|req: 601/1227] 10.0.0.152 () {32 vars in 724 bytes} [Sat May 30 03:04:38 2026] DELETE /v2.0/routers/590063b1-e93e-4a98-b119-3a3617dc4e57 => generated 135 bytes in 13 msecs (HTTP/1.1 404) 4 headers in 164 bytes (1 switches on core 0)
2026-05-30 03:04:38.936 8 INFO neutron.pecan_wsgi.hooks.translation [None req-df5f50e5-c899-488d-a601-130598c515c8 1165cda532c747dea038dcfee307e06d 2b48de72801e40eba6904c5eb39da5b1 - - default default] DELETE failed (client error): The resource could not be found. [pid: 8|app: 0|req: 602/1228] 10.0.0.152 () {32 vars in 724 bytes} [Sat May 30 03:04:38 2026] DELETE /v2.0/subnets/a7987231-49ef-4a09-b7e5-3cc5d12f8e9f => generated 136 bytes in 11 msecs (HTTP/1.1 404) 4 headers in 164 bytes (1 switches on core 0) [pid: 8|app: 0|req: 603/1229] 10.0.0.152 () {32 vars in 736 bytes} [Sat May 30 03:04:38 2026] GET /v2.0/ports?device_id=05d3a5eb-8a05-4d46-8e6c-a39f0510ac78 => generated 12 bytes in 14 msecs (HTTP/1.1 200) 4 headers in 156 bytes (1 switches on core 0)
2026-05-30 03:04:38.971 8 INFO neutron.api.v2.resource [None req-7db2b1c9-c544-4242-9f5b-ba658038e14d 1165cda532c747dea038dcfee307e06d 2b48de72801e40eba6904c5eb39da5b1 - - default default] delete failed (client error): The resource could not be found. [pid: 8|app: 0|req: 604/1230] 10.0.0.152 () {32 vars in 724 bytes} [Sat May 30 03:04:38 2026] DELETE /v2.0/routers/05d3a5eb-8a05-4d46-8e6c-a39f0510ac78 => generated 135 bytes in 13 msecs (HTTP/1.1 404) 4 headers in 164 bytes (1 switches on core 0)
2026-05-30 03:04:38.982 7 WARNING neutron.plugins.ml2.drivers.ovn.mech_driver.ovsdb.ovn_client [None req-3a1a43ea-8791-4ee1-afef-82b123cf6ffd - - - - - -] Logical_Switch_Port b660c099-b02b-4d9f-a925-28e45496c215 host information not removed, the port state is up
2026-05-30 03:04:38.983 7 INFO neutron.plugins.ml2.drivers.ovn.mech_driver.mech_driver [None req-3a1a43ea-8791-4ee1-afef-82b123cf6ffd - - - - - -] OVN reports status up for port: b660c099-b02b-4d9f-a925-28e45496c215
2026-05-30 03:04:38.984 8 INFO neutron.pecan_wsgi.hooks.translation [None req-721ec721-d063-47a3-95b8-1617bddecd98 1165cda532c747dea038dcfee307e06d 2b48de72801e40eba6904c5eb39da5b1 - - default default] DELETE failed (client error): The resource could not be found. [pid: 8|app: 0|req: 605/1231] 10.0.0.152 () {32 vars in 724 bytes} [Sat May 30 03:04:38 2026] DELETE /v2.0/subnets/f59b1151-7980-4e7c-bbee-ab094e497bb8 => generated 136 bytes in 11 msecs (HTTP/1.1 404) 4 headers in 164 bytes (1 switches on core 0) [pid: 8|app: 0|req: 606/1232] 10.0.0.152 () {32 vars in 736 bytes} [Sat May 30 03:04:38 2026] GET /v2.0/ports?device_id=bcf480b6-dc70-46e5-a6c7-52b71082300a => generated 12 bytes in 13 msecs (HTTP/1.1 200) 4 headers in 156 bytes (1 switches on core 0)
2026-05-30 03:04:39.019 8 INFO neutron.api.v2.resource [None req-40e156a2-1721-4747-8092-2f687b3d3642 1165cda532c747dea038dcfee307e06d 2b48de72801e40eba6904c5eb39da5b1 - - default default] delete failed (client error): The resource could not be found. [pid: 8|app: 0|req: 607/1233] 10.0.0.152 () {32 vars in 724 bytes} [Sat May 30 03:04:39 2026] DELETE /v2.0/routers/bcf480b6-dc70-46e5-a6c7-52b71082300a => generated 135 bytes in 13 msecs (HTTP/1.1 404) 4 headers in 164 bytes (1 switches on core 0)
2026-05-30 03:04:39.039 8 INFO neutron.pecan_wsgi.hooks.translation [None req-1d23a51c-a19a-48ca-8009-537e33f739de 1165cda532c747dea038dcfee307e06d 2b48de72801e40eba6904c5eb39da5b1 - - default default] DELETE failed (client error): The resource could not be found. [pid: 8|app: 0|req: 608/1234] 10.0.0.152 () {32 vars in 724 bytes} [Sat May 30 03:04:39 2026] DELETE /v2.0/subnets/53e43f60-49c0-497a-bedb-cb300c593944 => generated 136 bytes in 18 msecs (HTTP/1.1 404) 4 headers in 164 bytes (1 switches on core 0)
2026-05-30 03:04:39.050 7 INFO neutron.plugins.ml2.plugin [None req-3a1a43ea-8791-4ee1-afef-82b123cf6ffd - - - - - -] Attempt 1 to provision port b660c099-b02b-4d9f-a925-28e45496c215
2026-05-30 03:04:39.054 8 INFO neutron.pecan_wsgi.hooks.translation [None req-bee38468-d006-4716-aef4-aefbd9671f48 1165cda532c747dea038dcfee307e06d 2b48de72801e40eba6904c5eb39da5b1 - - default default] DELETE failed (client error): The resource could not be found. [pid: 8|app: 0|req: 609/1235] 10.0.0.152 () {32 vars in 724 bytes} [Sat May 30 03:04:39 2026] DELETE /v2.0/subnets/c6cd7a22-a927-48b8-89e8-b78ecca99e22 => generated 136 bytes in 11 msecs (HTTP/1.1 404) 4 headers in 164 bytes (1 switches on core 0) [pid: 8|app: 0|req: 610/1236] 10.0.0.137 () {34 vars in 990 bytes} [Sat May 30 03:04:39 2026] GET /v2.0/ports?device_id=3cf16330-bb0b-49a2-a417-7f0fdd01f18f => generated 12 bytes in 15 msecs (HTTP/1.1 200) 4 headers in 156 bytes (1 switches on core 0)
2026-05-30 03:04:39.320 7 WARNING neutron.scheduler.dhcp_agent_scheduler [None req-e7b853e4-3402-42ae-a5fa-9486b284fcfb 7a28da99c857417e8c6116a0d0d0edef 42098fe4d6364825a3498ecd3a20d7bd - - default default] No more DHCP agents
2026-05-30 03:04:39.329 7 WARNING neutron.api.rpc.agentnotifiers.dhcp_rpc_agent_api [None req-e7b853e4-3402-42ae-a5fa-9486b284fcfb 7a28da99c857417e8c6116a0d0d0edef 42098fe4d6364825a3498ecd3a20d7bd - - default default] Unable to schedule network 36b162ef-6a63-4660-b854-e779cecdd229: no agents available; will retry on subsequent port and subnet creation events.
2026-05-30 03:04:39.518 7 INFO neutron.plugins.ml2.drivers.ovn.mech_driver.mech_driver [None req-3a1a43ea-8791-4ee1-afef-82b123cf6ffd - - - - - -] OVN reports status down for port: 236c8ef7-697b-446c-9fda-a10e74eead51
2026-05-30 03:04:39.623 7 INFO neutron.db.ovn_revision_numbers_db [None req-e7b853e4-3402-42ae-a5fa-9486b284fcfb 7a28da99c857417e8c6116a0d0d0edef 42098fe4d6364825a3498ecd3a20d7bd - - default default] Successfully bumped revision number for resource 236c8ef7-697b-446c-9fda-a10e74eead51 (type: ports) to 1 [pid: 8|app: 0|req: 611/1237] 10.0.0.152 () {32 vars in 774 bytes} [Sat May 30 03:04:39 2026] GET /v2.0/security-groups?tenant_id=2b48de72801e40eba6904c5eb39da5b1&name=default => generated 2925 bytes in 153 msecs (HTTP/1.1 200) 4 headers in 158 bytes (1 switches on core 0) [pid: 8|app: 0|req: 612/1238] 10.0.0.152 () {32 vars in 740 bytes} [Sat May 30 03:04:39 2026] DELETE /v2.0/security-groups/4a3a12c1-37d1-42c4-8ccf-a0e3aa3e1de8 => generated 0 bytes in 213 msecs (HTTP/1.1 204) 2 headers in 112 bytes (1 switches on core 0)
2026-05-30 03:04:39.973 7 INFO neutron.db.ovn_revision_numbers_db [None req-3dcdcf32-cc1b-48ed-952a-1ff86ece48c3 - - - - - -] Successfully bumped revision number for resource b660c099-b02b-4d9f-a925-28e45496c215 (type: ports) to 4
2026-05-30 03:04:40.056 8 INFO neutron.db.ovn_revision_numbers_db [None req-ff0f7304-e437-4674-bee3-7ff9c52fb049 7a28da99c857417e8c6116a0d0d0edef 42098fe4d6364825a3498ecd3a20d7bd - - default default] Successfully bumped revision number for resource 16d800c3-653b-4882-9ce7-e54b61356f20 (type: security_groups) to 1
2026-05-30 03:04:40.068 8 INFO neutron.db.ovn_revision_numbers_db [None req-ff0f7304-e437-4674-bee3-7ff9c52fb049 7a28da99c857417e8c6116a0d0d0edef 42098fe4d6364825a3498ecd3a20d7bd - - default default] Successfully bumped revision number for resource 29d55917-9b9d-4b19-87d7-db2cc53bd0b3 (type: security_group_rules) to 0
2026-05-30 03:04:40.084 8 INFO neutron.db.ovn_revision_numbers_db [None req-ff0f7304-e437-4674-bee3-7ff9c52fb049 7a28da99c857417e8c6116a0d0d0edef 42098fe4d6364825a3498ecd3a20d7bd - - default default] Successfully bumped revision number for resource 3b4bda1b-5f67-48c3-a4df-a139d17c26e7 (type: security_group_rules) to 0
2026-05-30 03:04:40.098 8 INFO neutron.db.ovn_revision_numbers_db [None req-ff0f7304-e437-4674-bee3-7ff9c52fb049 7a28da99c857417e8c6116a0d0d0edef 42098fe4d6364825a3498ecd3a20d7bd - - default default] Successfully bumped revision number for resource d4db8adc-912c-497c-9cd7-8cb192c50aef (type: security_group_rules) to 0
2026-05-30 03:04:40.117 8 INFO neutron.db.ovn_revision_numbers_db [None req-ff0f7304-e437-4674-bee3-7ff9c52fb049 7a28da99c857417e8c6116a0d0d0edef 42098fe4d6364825a3498ecd3a20d7bd - - default default] Successfully bumped revision number for resource f881b673-a2b0-4d0f-9cb2-b858b0376bd5 (type: security_group_rules) to 0
2026-05-30 03:04:40.190 8 INFO neutron.db.segments_db [None req-ff0f7304-e437-4674-bee3-7ff9c52fb049 7a28da99c857417e8c6116a0d0d0edef 42098fe4d6364825a3498ecd3a20d7bd - - default default] Added segment 0a1ee38e-4590-484a-a395-6acfb43e8495 of type geneve for network 0d2cedc5-7309-4b64-ae3d-736c642359c2
2026-05-30 03:04:40.303 8 INFO neutron.db.ovn_revision_numbers_db [None req-ff0f7304-e437-4674-bee3-7ff9c52fb049 7a28da99c857417e8c6116a0d0d0edef 42098fe4d6364825a3498ecd3a20d7bd - - default default] Successfully bumped revision number for resource 0d2cedc5-7309-4b64-ae3d-736c642359c2 (type: networks) to 1
2026-05-30 03:04:40.467 8 WARNING neutron.scheduler.dhcp_agent_scheduler [None req-ff0f7304-e437-4674-bee3-7ff9c52fb049 7a28da99c857417e8c6116a0d0d0edef 42098fe4d6364825a3498ecd3a20d7bd - - default default] No more DHCP agents
2026-05-30 03:04:40.468 8 WARNING neutron.api.rpc.agentnotifiers.dhcp_rpc_agent_api [None req-ff0f7304-e437-4674-bee3-7ff9c52fb049 7a28da99c857417e8c6116a0d0d0edef 42098fe4d6364825a3498ecd3a20d7bd - - default default] Unable to schedule network 0d2cedc5-7309-4b64-ae3d-736c642359c2: no agents available; will retry on subsequent port and subnet creation events.
2026-05-30 03:04:40.533 7 INFO neutron.plugins.ml2.drivers.ovn.mech_driver.mech_driver [None req-3a1a43ea-8791-4ee1-afef-82b123cf6ffd - - - - - -] OVN reports status down for port: 449db364-e828-4c20-aba0-5f0d60bc6805
2026-05-30 03:04:40.555 8 INFO neutron.db.ovn_revision_numbers_db [None req-ff0f7304-e437-4674-bee3-7ff9c52fb049 7a28da99c857417e8c6116a0d0d0edef 42098fe4d6364825a3498ecd3a20d7bd - - default default] Successfully bumped revision number for resource 449db364-e828-4c20-aba0-5f0d60bc6805 (type: ports) to 1 [pid: 8|app: 0|req: 613/1239] 10.0.0.152 () {34 vars in 671 bytes} [Sat May 30 03:04:39 2026] POST /v2.0/networks => generated 785 bytes in 693 msecs (HTTP/1.1 201) 4 headers in 162 bytes (1 switches on core 0)
2026-05-30 03:04:40.675 7 INFO neutron.db.ovn_revision_numbers_db [None req-3dcdcf32-cc1b-48ed-952a-1ff86ece48c3 - - - - - -] Successfully bumped revision number for resource b660c099-b02b-4d9f-a925-28e45496c215 (type: ports) to 5 [pid: 8|app: 0|req: 616/1242] 10.0.0.152 () {32 vars in 740 bytes} [Sat May 30 03:04:40 2026] DELETE /v2.0/security-groups/78ab2cde-c6f5-430e-8d72-597b57d7edef => generated 0 bytes in 160 msecs (HTTP/1.1 204) 2 headers in 112 bytes (1 switches on core 0)
2026-05-30 03:04:40.916 8 WARNING neutron.scheduler.dhcp_agent_scheduler [None req-9d07bc26-6442-4a97-87fa-cd0244646a69 7a28da99c857417e8c6116a0d0d0edef 42098fe4d6364825a3498ecd3a20d7bd - - default default] No more DHCP agents
2026-05-30 03:04:40.920 8 WARNING neutron.api.rpc.agentnotifiers.dhcp_rpc_agent_api [None req-9d07bc26-6442-4a97-87fa-cd0244646a69 7a28da99c857417e8c6116a0d0d0edef 42098fe4d6364825a3498ecd3a20d7bd - - default default] Unable to schedule network 0d2cedc5-7309-4b64-ae3d-736c642359c2: no agents available; will retry on subsequent port and subnet creation events.
2026-05-30 03:04:40.929 7 INFO neutron.plugins.ml2.drivers.ovn.mech_driver.mech_driver [None req-3a1a43ea-8791-4ee1-afef-82b123cf6ffd - - - - - -] OVN reports status up for port: 236c8ef7-697b-446c-9fda-a10e74eead51
2026-05-30 03:04:40.964 7 INFO neutron.plugins.ml2.plugin [None req-3a1a43ea-8791-4ee1-afef-82b123cf6ffd - - - - - -] Attempt 1 to provision port 236c8ef7-697b-446c-9fda-a10e74eead51
2026-05-30 03:04:41.064 7 WARNING neutron.scheduler.dhcp_agent_scheduler [None req-e7b853e4-3402-42ae-a5fa-9486b284fcfb 7a28da99c857417e8c6116a0d0d0edef 42098fe4d6364825a3498ecd3a20d7bd - - default default] No more DHCP agents
2026-05-30 03:04:41.068 7 WARNING neutron.api.rpc.agentnotifiers.dhcp_rpc_agent_api [None req-e7b853e4-3402-42ae-a5fa-9486b284fcfb 7a28da99c857417e8c6116a0d0d0edef 42098fe4d6364825a3498ecd3a20d7bd - - default default] Unable to schedule network 36b162ef-6a63-4660-b854-e779cecdd229: no agents available; will retry on subsequent port and subnet creation events.
2026-05-30 03:04:41.420 8 INFO neutron.db.ovn_revision_numbers_db [None req-e23b8c09-8a69-4141-8e22-731e7a325dee - - - - - -] Successfully bumped revision number for resource 449db364-e828-4c20-aba0-5f0d60bc6805 (type: ports) to 2
2026-05-30 03:04:41.471 8 INFO neutron.db.ovn_revision_numbers_db [None req-e23b8c09-8a69-4141-8e22-731e7a325dee - - - - - -] Successfully bumped revision number for resource ef01c636-289e-44ae-91eb-775b862a1bc4 (type: subnets) to 0 [pid: 8|app: 0|req: 617/1243] 10.0.0.152 () {34 vars in 669 bytes} [Sat May 30 03:04:40 2026] POST /v2.0/subnets => generated 691 bytes in 744 msecs (HTTP/1.1 201) 4 headers in 162 bytes (1 switches on core 0)
2026-05-30 03:04:41.500 8 INFO neutron.api.v2.resource [None req-2e74954d-0a92-4986-8659-5537a9b39eb8 0317ba3b8e774d4e8d02ccc8e2d7e541 ddd06f6a907a481fbf260ef94bebe5de - - default default] show failed (client error): The resource could not be found. [pid: 8|app: 0|req: 618/1244] 10.0.0.152 () {32 vars in 737 bytes} [Sat May 30 03:04:41 2026] GET /v2.0/security-groups/78ab2cde-c6f5-430e-8d72-597b57d7edef => generated 146 bytes in 10 msecs (HTTP/1.1 404) 4 headers in 164 bytes (1 switches on core 0)
2026-05-30 03:04:41.729 7 INFO neutron.db.ovn_revision_numbers_db [None req-3a1a43ea-8791-4ee1-afef-82b123cf6ffd - - - - - -] Successfully bumped revision number for resource 236c8ef7-697b-446c-9fda-a10e74eead51 (type: ports) to 2
2026-05-30 03:04:41.946 7 INFO neutron.db.ovn_revision_numbers_db [None req-e7b853e4-3402-42ae-a5fa-9486b284fcfb 7a28da99c857417e8c6116a0d0d0edef 42098fe4d6364825a3498ecd3a20d7bd - - default default] Successfully bumped revision number for resource 236c8ef7-697b-446c-9fda-a10e74eead51 (type: router_ports) to 1 [pid: 7|app: 0|req: 627/1245] 10.0.0.152 () {34 vars in 783 bytes} [Sat May 30 03:04:38 2026] PUT /v2.0/routers/8fb5524c-632b-4aa8-86c1-d8d5afef2f24/add_router_interface => generated 309 bytes in 3759 msecs (HTTP/1.1 200) 4 headers in 157 bytes (1 switches on core 0) /var/lib/openstack/lib/python3.12/site-packages/pycadf/identifier.py:70: UserWarning: Invalid uuid: neutron. To ensure interoperability, identifiers should be a valid uuid. warnings.warn(('Invalid uuid: %s. To ensure interoperability, '
2026-05-30 03:04:42.048 8 WARNING neutron.plugins.ml2.drivers.ovn.mech_driver.ovsdb.ovn_client [None req-821bd938-bb0b-4556-a78d-4a7306ad7ce8 - - - - - -] No port found with ID 3d7ca68b-8a1d-48d8-890c-832b2d78a6e7: RuntimeError: No port found with ID 3d7ca68b-8a1d-48d8-890c-832b2d78a6e7
2026-05-30 03:04:42.075 7 INFO neutron_taas.services.taas.taas_plugin [None req-b7d540e7-0b71-4468-a58f-862262734c86 0317ba3b8e774d4e8d02ccc8e2d7e541 ddd06f6a907a481fbf260ef94bebe5de - - default default] TaaS: Handle Delete Port: c9d2b3dd-7e40-4a75-8a9c-f5b748db8c15
2026-05-30 03:04:42.077 7 INFO neutron_taas.services.taas.tap_mirror_plugin [None req-b7d540e7-0b71-4468-a58f-862262734c86 0317ba3b8e774d4e8d02ccc8e2d7e541 ddd06f6a907a481fbf260ef94bebe5de - - default default] Tap Mirror: Handle Delete Port: c9d2b3dd-7e40-4a75-8a9c-f5b748db8c15 [pid: 7|app: 0|req: 628/1246] 10.0.0.152 () {32 vars in 732 bytes} [Sat May 30 03:04:41 2026] DELETE /v2.0/floatingips/2583e0b7-f366-46dd-8dbc-07aad76a29cd => generated 0 bytes in 290 msecs (HTTP/1.1 204) 2 headers in 112 bytes (1 switches on core 0)
2026-05-30 03:04:42.323 8 WARNING neutron.scheduler.dhcp_agent_scheduler [None req-df67ce72-28c9-4f46-94a1-a1dab13eb7c9 7a28da99c857417e8c6116a0d0d0edef 42098fe4d6364825a3498ecd3a20d7bd - - default default] No more DHCP agents
2026-05-30 03:04:42.326 8 WARNING neutron.api.rpc.agentnotifiers.dhcp_rpc_agent_api [None req-df67ce72-28c9-4f46-94a1-a1dab13eb7c9 7a28da99c857417e8c6116a0d0d0edef 42098fe4d6364825a3498ecd3a20d7bd - - default default] Unable to schedule network 0100ea5b-73b1-4c68-b9b0-4aa247bc8434: no agents available; will retry on subsequent port and subnet creation events.
2026-05-30 03:04:42.453 8 INFO neutron.db.ovn_revision_numbers_db [None req-df67ce72-28c9-4f46-94a1-a1dab13eb7c9 7a28da99c857417e8c6116a0d0d0edef 42098fe4d6364825a3498ecd3a20d7bd - - default default] Successfully bumped revision number for resource 4dc6a490-55fe-4382-9273-ae1373402ead (type: ports) to 1
2026-05-30 03:04:42.528 7 INFO neutron.db.ovn_revision_numbers_db [None req-625d6a4c-b3fd-4c92-a4fb-c588c15e3ff7 a30fbb88e3714b4c9d40a56de9add1d7 de3d67de6c6d4d5d8fcbecbf83f81928 - - default default] Successfully bumped revision number for resource b2fdbd6f-25b4-4f86-bb9b-5cca84f3d64d (type: security_groups) to 1
2026-05-30 03:04:42.541 7 INFO neutron.db.ovn_revision_numbers_db [None req-625d6a4c-b3fd-4c92-a4fb-c588c15e3ff7 a30fbb88e3714b4c9d40a56de9add1d7 de3d67de6c6d4d5d8fcbecbf83f81928 - - default default] Successfully bumped revision number for resource 080a8b84-fad4-413b-8088-9591d6fb7f24 (type: security_group_rules) to 0
2026-05-30 03:04:42.552 7 INFO neutron.db.ovn_revision_numbers_db [None req-625d6a4c-b3fd-4c92-a4fb-c588c15e3ff7 a30fbb88e3714b4c9d40a56de9add1d7 de3d67de6c6d4d5d8fcbecbf83f81928 - - default default] Successfully bumped revision number for resource 295ecb15-1b70-4075-bf37-5991da810717 (type: security_group_rules) to 0
2026-05-30 03:04:42.563 7 INFO neutron.db.ovn_revision_numbers_db [None req-625d6a4c-b3fd-4c92-a4fb-c588c15e3ff7 a30fbb88e3714b4c9d40a56de9add1d7 de3d67de6c6d4d5d8fcbecbf83f81928 - - default default] Successfully bumped revision number for resource 4da1b845-7a83-433d-9f33-8726e2b330b9 (type: security_group_rules) to 0
2026-05-30 03:04:42.575 7 INFO neutron.db.ovn_revision_numbers_db [None req-625d6a4c-b3fd-4c92-a4fb-c588c15e3ff7 a30fbb88e3714b4c9d40a56de9add1d7 de3d67de6c6d4d5d8fcbecbf83f81928 - - default default] Successfully bumped revision number for resource 5470035a-670d-4aa5-bbfc-7e0f23e54c88 (type: security_group_rules) to 0
2026-05-30 03:04:42.641 7 INFO neutron.db.segments_db [None req-625d6a4c-b3fd-4c92-a4fb-c588c15e3ff7 a30fbb88e3714b4c9d40a56de9add1d7 de3d67de6c6d4d5d8fcbecbf83f81928 - - default default] Added segment 5da82a36-af06-4963-9b30-60f5097d8d6b of type geneve for network eabe6898-81e3-4de1-aec1-b1813eeecaeb
2026-05-30 03:04:42.737 7 INFO neutron.db.ovn_revision_numbers_db [None req-625d6a4c-b3fd-4c92-a4fb-c588c15e3ff7 a30fbb88e3714b4c9d40a56de9add1d7 de3d67de6c6d4d5d8fcbecbf83f81928 - - default default] Successfully bumped revision number for resource eabe6898-81e3-4de1-aec1-b1813eeecaeb (type: networks) to 1
2026-05-30 03:04:42.894 7 WARNING neutron.scheduler.dhcp_agent_scheduler [None req-625d6a4c-b3fd-4c92-a4fb-c588c15e3ff7 a30fbb88e3714b4c9d40a56de9add1d7 de3d67de6c6d4d5d8fcbecbf83f81928 - - default default] No more DHCP agents
2026-05-30 03:04:42.895 7 WARNING neutron.api.rpc.agentnotifiers.dhcp_rpc_agent_api [None req-625d6a4c-b3fd-4c92-a4fb-c588c15e3ff7 a30fbb88e3714b4c9d40a56de9add1d7 de3d67de6c6d4d5d8fcbecbf83f81928 - - default default] Unable to schedule network eabe6898-81e3-4de1-aec1-b1813eeecaeb: no agents available; will retry on subsequent port and subnet creation events.
2026-05-30 03:04:42.972 7 INFO neutron.db.ovn_revision_numbers_db [None req-625d6a4c-b3fd-4c92-a4fb-c588c15e3ff7 a30fbb88e3714b4c9d40a56de9add1d7 de3d67de6c6d4d5d8fcbecbf83f81928 - - default default] Successfully bumped revision number for resource a179d524-9748-4cc8-b6be-82623a0eb66b (type: ports) to 1 [pid: 7|app: 0|req: 629/1247] 10.0.0.152 () {34 vars in 670 bytes} [Sat May 30 03:04:42 2026] POST /v2.0/networks => generated 667 bytes in 751 msecs (HTTP/1.1 201) 4 headers in 162 bytes (1 switches on core 0)
2026-05-30 03:04:43.039 8 INFO neutron.plugins.ml2.drivers.ovn.mech_driver.ovsdb.commands [None req-3ca09567-676a-4732-8c71-f04ed0a21265 - - - - - -] Schedule LRP lrp-4dc6a490-55fe-4382-9273-ae1373402ead on gateway 6ea78254-155b-44c0-8bb6-90946e32c534 with priority 1
2026-05-30 03:04:43.066 8 INFO neutron.plugins.ml2.drivers.ovn.mech_driver.ovsdb.ovsdb_monitor [None req-9ab34302-fb3e-4735-8c83-27ffb32ff0fa - - - - - -] Router ea917112-f9b7-4ed9-8d58-da0eb041088c is bound to host instance
