2026-05-05 23:34:27.703 9 INFO cinder.api.openstack.wsgi [None req-064bae66-e6b9-45df-b7bf-3b3f8f7f039f 157236f9a38f4de59112737ea1d03171 13ae36146adf4a289d38a988d218380e - - default default] GET http://10.0.0.17:8776/
2026-05-05 23:34:27.703 8 INFO cinder.api.openstack.wsgi [None req-89e0be3b-dff6-447b-8acb-4db43e9f7e2a 157236f9a38f4de59112737ea1d03171 13ae36146adf4a289d38a988d218380e - - default default] GET http://10.0.0.17:8776/
2026-05-05 23:34:27.704 9 INFO cinder.api.openstack.wsgi [None req-064bae66-e6b9-45df-b7bf-3b3f8f7f039f 157236f9a38f4de59112737ea1d03171 13ae36146adf4a289d38a988d218380e - - default default] http://10.0.0.17:8776/ returned with HTTP 300
2026-05-05 23:34:27.705 8 INFO cinder.api.openstack.wsgi [None req-89e0be3b-dff6-447b-8acb-4db43e9f7e2a 157236f9a38f4de59112737ea1d03171 13ae36146adf4a289d38a988d218380e - - default default] http://10.0.0.17:8776/ returned with HTTP 300
2026-05-05 23:34:37.703 9 INFO cinder.api.openstack.wsgi [None req-064bae66-e6b9-45df-b7bf-3b3f8f7f039f 157236f9a38f4de59112737ea1d03171 13ae36146adf4a289d38a988d218380e - - default default] GET http://10.0.0.17:8776/
2026-05-05 23:34:37.703 8 INFO cinder.api.openstack.wsgi [None req-89e0be3b-dff6-447b-8acb-4db43e9f7e2a 157236f9a38f4de59112737ea1d03171 13ae36146adf4a289d38a988d218380e - - default default] GET http://10.0.0.17:8776/
2026-05-05 23:34:37.704 9 INFO cinder.api.openstack.wsgi [None req-064bae66-e6b9-45df-b7bf-3b3f8f7f039f 157236f9a38f4de59112737ea1d03171 13ae36146adf4a289d38a988d218380e - - default default] http://10.0.0.17:8776/ returned with HTTP 300
2026-05-05 23:34:37.704 8 INFO cinder.api.openstack.wsgi [None req-89e0be3b-dff6-447b-8acb-4db43e9f7e2a 157236f9a38f4de59112737ea1d03171 13ae36146adf4a289d38a988d218380e - - default default] http://10.0.0.17:8776/ returned with HTTP 300
2026-05-05 23:34:47.703 9 INFO cinder.api.openstack.wsgi [None req-064bae66-e6b9-45df-b7bf-3b3f8f7f039f 157236f9a38f4de59112737ea1d03171 13ae36146adf4a289d38a988d218380e - - default default] GET http://10.0.0.17:8776/
2026-05-05 23:34:47.704 9 INFO cinder.api.openstack.wsgi [None req-064bae66-e6b9-45df-b7bf-3b3f8f7f039f 157236f9a38f4de59112737ea1d03171 13ae36146adf4a289d38a988d218380e - - default default] http://10.0.0.17:8776/ returned with HTTP 300
2026-05-05 23:34:47.708 8 INFO cinder.api.openstack.wsgi [None req-89e0be3b-dff6-447b-8acb-4db43e9f7e2a 157236f9a38f4de59112737ea1d03171 13ae36146adf4a289d38a988d218380e - - default default] GET http://10.0.0.17:8776/
2026-05-05 23:34:47.710 8 INFO cinder.api.openstack.wsgi [None req-89e0be3b-dff6-447b-8acb-4db43e9f7e2a 157236f9a38f4de59112737ea1d03171 13ae36146adf4a289d38a988d218380e - - default default] http://10.0.0.17:8776/ returned with HTTP 300
2026-05-05 23:34:57.704 9 INFO cinder.api.openstack.wsgi [None req-064bae66-e6b9-45df-b7bf-3b3f8f7f039f 157236f9a38f4de59112737ea1d03171 13ae36146adf4a289d38a988d218380e - - default default] GET http://10.0.0.17:8776/
2026-05-05 23:34:57.705 9 INFO cinder.api.openstack.wsgi [None req-064bae66-e6b9-45df-b7bf-3b3f8f7f039f 157236f9a38f4de59112737ea1d03171 13ae36146adf4a289d38a988d218380e - - default default] http://10.0.0.17:8776/ returned with HTTP 300
2026-05-05 23:34:57.707 8 INFO cinder.api.openstack.wsgi [None req-89e0be3b-dff6-447b-8acb-4db43e9f7e2a 157236f9a38f4de59112737ea1d03171 13ae36146adf4a289d38a988d218380e - - default default] GET http://10.0.0.17:8776/
2026-05-05 23:34:57.708 8 INFO cinder.api.openstack.wsgi [None req-89e0be3b-dff6-447b-8acb-4db43e9f7e2a 157236f9a38f4de59112737ea1d03171 13ae36146adf4a289d38a988d218380e - - default default] http://10.0.0.17:8776/ returned with HTTP 300
2026-05-05 23:35:07.703 9 INFO cinder.api.openstack.wsgi [None req-064bae66-e6b9-45df-b7bf-3b3f8f7f039f 157236f9a38f4de59112737ea1d03171 13ae36146adf4a289d38a988d218380e - - default default] GET http://10.0.0.17:8776/
2026-05-05 23:35:07.703 8 INFO cinder.api.openstack.wsgi [None req-89e0be3b-dff6-447b-8acb-4db43e9f7e2a 157236f9a38f4de59112737ea1d03171 13ae36146adf4a289d38a988d218380e - - default default] GET http://10.0.0.17:8776/
2026-05-05 23:35:07.704 9 INFO cinder.api.openstack.wsgi [None req-064bae66-e6b9-45df-b7bf-3b3f8f7f039f 157236f9a38f4de59112737ea1d03171 13ae36146adf4a289d38a988d218380e - - default default] http://10.0.0.17:8776/ returned with HTTP 300
2026-05-05 23:35:07.704 8 INFO cinder.api.openstack.wsgi [None req-89e0be3b-dff6-447b-8acb-4db43e9f7e2a 157236f9a38f4de59112737ea1d03171 13ae36146adf4a289d38a988d218380e - - default default] http://10.0.0.17:8776/ returned with HTTP 300
2026-05-05 23:35:09.177 9 INFO cinder.api.openstack.wsgi [None req-4a541f1c-1ab9-4f27-9fb8-055b8396b0c0 157236f9a38f4de59112737ea1d03171 13ae36146adf4a289d38a988d218380e - - default default] GET http://cinder-api.openstack.svc.cluster.local:8776/v3/13ae36146adf4a289d38a988d218380e/os-services
2026-05-05 23:35:09.186 9 INFO cinder.api.openstack.wsgi [None req-4a541f1c-1ab9-4f27-9fb8-055b8396b0c0 157236f9a38f4de59112737ea1d03171 13ae36146adf4a289d38a988d218380e - - default default] http://cinder-api.openstack.svc.cluster.local:8776/v3/13ae36146adf4a289d38a988d218380e/os-services returned with HTTP 200 [pid: 9|app: 0|req: 365/731] 10.0.0.119 () {28 vars in 645 bytes} [Tue May 5 23:35:09 2026] GET /v3/13ae36146adf4a289d38a988d218380e/os-services => generated 646 bytes in 124 msecs (HTTP/1.1 200) 7 headers in 285 bytes (1 switches on core 0)
2026-05-05 23:35:09.202 8 INFO cinder.api.openstack.wsgi [None req-8be0cc74-e060-4451-8fe6-09518df7d45b 157236f9a38f4de59112737ea1d03171 13ae36146adf4a289d38a988d218380e - - default default] GET http://cinder-api.openstack.svc.cluster.local:8776/v3/13ae36146adf4a289d38a988d218380e/volumes/detail?all_tenants=true
2026-05-05 23:35:09.227 8 INFO cinder.volume.api [None req-8be0cc74-e060-4451-8fe6-09518df7d45b 157236f9a38f4de59112737ea1d03171 13ae36146adf4a289d38a988d218380e - - default default] Get all volumes completed successfully.
2026-05-05 23:35:09.233 8 INFO cinder.api.openstack.wsgi [None req-8be0cc74-e060-4451-8fe6-09518df7d45b 157236f9a38f4de59112737ea1d03171 13ae36146adf4a289d38a988d218380e - - default default] http://cinder-api.openstack.svc.cluster.local:8776/v3/13ae36146adf4a289d38a988d218380e/volumes/detail?all_tenants=true returned with HTTP 200 [pid: 8|app: 0|req: 367/732] 10.0.0.119 () {28 vars in 684 bytes} [Tue May 5 23:35:09 2026] GET /v3/13ae36146adf4a289d38a988d218380e/volumes/detail?all_tenants=true => generated 15 bytes in 38 msecs (HTTP/1.1 200) 7 headers in 284 bytes (1 switches on core 0)
2026-05-05 23:35:09.247 9 INFO cinder.api.openstack.wsgi [None req-b9080df1-4aaf-4304-ba92-e9dcb39827e5 157236f9a38f4de59112737ea1d03171 13ae36146adf4a289d38a988d218380e - - default default] GET http://cinder-api.openstack.svc.cluster.local:8776/v3/13ae36146adf4a289d38a988d218380e/volumes/detail?all_tenants=true
2026-05-05 23:35:09.256 9 INFO cinder.volume.api [None req-b9080df1-4aaf-4304-ba92-e9dcb39827e5 157236f9a38f4de59112737ea1d03171 13ae36146adf4a289d38a988d218380e - - default default] Get all volumes completed successfully.
2026-05-05 23:35:09.259 9 INFO cinder.api.openstack.wsgi [None req-b9080df1-4aaf-4304-ba92-e9dcb39827e5 157236f9a38f4de59112737ea1d03171 13ae36146adf4a289d38a988d218380e - - default default] http://cinder-api.openstack.svc.cluster.local:8776/v3/13ae36146adf4a289d38a988d218380e/volumes/detail?all_tenants=true returned with HTTP 200 [pid: 9|app: 0|req: 366/733] 10.0.0.119 () {28 vars in 684 bytes} [Tue May 5 23:35:09 2026] GET /v3/13ae36146adf4a289d38a988d218380e/volumes/detail?all_tenants=true => generated 15 bytes in 19 msecs (HTTP/1.1 200) 7 headers in 284 bytes (1 switches on core 0)
2026-05-05 23:35:09.328 8 INFO cinder.api.openstack.wsgi [None req-4a269be4-3c00-4fea-bf7e-323d16745a12 157236f9a38f4de59112737ea1d03171 13ae36146adf4a289d38a988d218380e - - default default] GET http://cinder-api.openstack.svc.cluster.local:8776/v3/13ae36146adf4a289d38a988d218380e/os-quota-sets/13ae36146adf4a289d38a988d218380e?usage=true
2026-05-05 23:35:09.372 8 INFO cinder.api.openstack.wsgi [None req-4a269be4-3c00-4fea-bf7e-323d16745a12 157236f9a38f4de59112737ea1d03171 13ae36146adf4a289d38a988d218380e - - default default] http://cinder-api.openstack.svc.cluster.local:8776/v3/13ae36146adf4a289d38a988d218380e/os-quota-sets/13ae36146adf4a289d38a988d218380e?usage=true returned with HTTP 200 [pid: 8|app: 0|req: 368/734] 10.0.0.119 () {28 vars in 736 bytes} [Tue May 5 23:35:09 2026] GET /v3/13ae36146adf4a289d38a988d218380e/os-quota-sets/13ae36146adf4a289d38a988d218380e?usage=true => generated 845 bytes in 54 msecs (HTTP/1.1 200) 7 headers in 285 bytes (1 switches on core 0)
2026-05-05 23:35:09.388 9 INFO cinder.api.openstack.wsgi [None req-ca023fbc-a576-44af-8a08-3c94a5b6cdcd 157236f9a38f4de59112737ea1d03171 13ae36146adf4a289d38a988d218380e - - default default] GET http://cinder-api.openstack.svc.cluster.local:8776/v3/13ae36146adf4a289d38a988d218380e/os-quota-sets/86399c1ef4a048bd989094257fc184d2?usage=true
2026-05-05 23:35:09.415 9 INFO cinder.api.openstack.wsgi [None req-ca023fbc-a576-44af-8a08-3c94a5b6cdcd 157236f9a38f4de59112737ea1d03171 13ae36146adf4a289d38a988d218380e - - default default] http://cinder-api.openstack.svc.cluster.local:8776/v3/13ae36146adf4a289d38a988d218380e/os-quota-sets/86399c1ef4a048bd989094257fc184d2?usage=true returned with HTTP 200 [pid: 9|app: 0|req: 367/735] 10.0.0.119 () {28 vars in 736 bytes} [Tue May 5 23:35:09 2026] GET /v3/13ae36146adf4a289d38a988d218380e/os-quota-sets/86399c1ef4a048bd989094257fc184d2?usage=true => generated 847 bytes in 36 msecs (HTTP/1.1 200) 7 headers in 285 bytes (1 switches on core 0)
2026-05-05 23:35:09.435 8 INFO cinder.api.openstack.wsgi [None req-b47236c4-b3f7-4c2f-aca7-5aa703c34985 157236f9a38f4de59112737ea1d03171 13ae36146adf4a289d38a988d218380e - - default default] GET http://cinder-api.openstack.svc.cluster.local:8776/v3/13ae36146adf4a289d38a988d218380e/os-quota-sets/b061f4df63e94c2fb6c62516c1c6c161?usage=true
2026-05-05 23:35:09.471 8 INFO cinder.api.openstack.wsgi [None req-b47236c4-b3f7-4c2f-aca7-5aa703c34985 157236f9a38f4de59112737ea1d03171 13ae36146adf4a289d38a988d218380e - - default default] http://cinder-api.openstack.svc.cluster.local:8776/v3/13ae36146adf4a289d38a988d218380e/os-quota-sets/b061f4df63e94c2fb6c62516c1c6c161?usage=true returned with HTTP 200 [pid: 8|app: 0|req: 369/736] 10.0.0.119 () {28 vars in 736 bytes} [Tue May 5 23:35:09 2026] GET /v3/13ae36146adf4a289d38a988d218380e/os-quota-sets/b061f4df63e94c2fb6c62516c1c6c161?usage=true => generated 845 bytes in 49 msecs (HTTP/1.1 200) 7 headers in 285 bytes (1 switches on core 0)
2026-05-05 23:35:09.485 9 INFO cinder.api.openstack.wsgi [None req-03524c32-e218-4b8c-acac-bb082e9a66fd 157236f9a38f4de59112737ea1d03171 13ae36146adf4a289d38a988d218380e - - default default] GET http://cinder-api.openstack.svc.cluster.local:8776/v3/13ae36146adf4a289d38a988d218380e/snapshots?all_tenants=true
2026-05-05 23:35:09.491 9 INFO cinder.volume.api [None req-03524c32-e218-4b8c-acac-bb082e9a66fd 157236f9a38f4de59112737ea1d03171 13ae36146adf4a289d38a988d218380e - - default default] Get all snapshots completed successfully.
2026-05-05 23:35:09.491 9 INFO cinder.api.openstack.wsgi [None req-03524c32-e218-4b8c-acac-bb082e9a66fd 157236f9a38f4de59112737ea1d03171 13ae36146adf4a289d38a988d218380e - - default default] http://cinder-api.openstack.svc.cluster.local:8776/v3/13ae36146adf4a289d38a988d218380e/snapshots?all_tenants=true returned with HTTP 200 [pid: 9|app: 0|req: 368/737] 10.0.0.119 () {28 vars in 674 bytes} [Tue May 5 23:35:09 2026] GET /v3/13ae36146adf4a289d38a988d218380e/snapshots?all_tenants=true => generated 17 bytes in 14 msecs (HTTP/1.1 200) 7 headers in 284 bytes (1 switches on core 0)
2026-05-05 23:35:09.508 8 INFO cinder.api.openstack.wsgi [None req-c87debef-4b70-410b-bdbb-1d8a32c2d9dc 157236f9a38f4de59112737ea1d03171 13ae36146adf4a289d38a988d218380e - - default default] GET http://cinder-api.openstack.svc.cluster.local:8776/v3/13ae36146adf4a289d38a988d218380e/scheduler-stats/get_pools?detail=true
2026-05-05 23:35:09.522 8 INFO cinder.api.openstack.wsgi [None req-c87debef-4b70-410b-bdbb-1d8a32c2d9dc 157236f9a38f4de59112737ea1d03171 13ae36146adf4a289d38a988d218380e - - default default] http://cinder-api.openstack.svc.cluster.local:8776/v3/13ae36146adf4a289d38a988d218380e/scheduler-stats/get_pools?detail=true returned with HTTP 200 [pid: 8|app: 0|req: 370/738] 10.0.0.119 () {28 vars in 696 bytes} [Tue May 5 23:35:09 2026] GET /v3/13ae36146adf4a289d38a988d218380e/scheduler-stats/get_pools?detail=true => generated 670 bytes in 29 msecs (HTTP/1.1 200) 7 headers in 285 bytes (1 switches on core 0)
2026-05-05 23:35:17.703 8 INFO cinder.api.openstack.wsgi [None req-c87debef-4b70-410b-bdbb-1d8a32c2d9dc 157236f9a38f4de59112737ea1d03171 13ae36146adf4a289d38a988d218380e - - default default] GET http://10.0.0.17:8776/
2026-05-05 23:35:17.703 9 INFO cinder.api.openstack.wsgi [None req-03524c32-e218-4b8c-acac-bb082e9a66fd 157236f9a38f4de59112737ea1d03171 13ae36146adf4a289d38a988d218380e - - default default] GET http://10.0.0.17:8776/
2026-05-05 23:35:17.705 8 INFO cinder.api.openstack.wsgi [None req-c87debef-4b70-410b-bdbb-1d8a32c2d9dc 157236f9a38f4de59112737ea1d03171 13ae36146adf4a289d38a988d218380e - - default default] http://10.0.0.17:8776/ returned with HTTP 300
2026-05-05 23:35:17.705 9 INFO cinder.api.openstack.wsgi [None req-03524c32-e218-4b8c-acac-bb082e9a66fd 157236f9a38f4de59112737ea1d03171 13ae36146adf4a289d38a988d218380e - - default default] http://10.0.0.17:8776/ returned with HTTP 300
2026-05-05 23:35:27.703 9 INFO cinder.api.openstack.wsgi [None req-03524c32-e218-4b8c-acac-bb082e9a66fd 157236f9a38f4de59112737ea1d03171 13ae36146adf4a289d38a988d218380e - - default default] GET http://10.0.0.17:8776/
2026-05-05 23:35:27.704 9 INFO cinder.api.openstack.wsgi [None req-03524c32-e218-4b8c-acac-bb082e9a66fd 157236f9a38f4de59112737ea1d03171 13ae36146adf4a289d38a988d218380e - - default default] http://10.0.0.17:8776/ returned with HTTP 300
2026-05-05 23:35:27.704 8 INFO cinder.api.openstack.wsgi [None req-c87debef-4b70-410b-bdbb-1d8a32c2d9dc 157236f9a38f4de59112737ea1d03171 13ae36146adf4a289d38a988d218380e - - default default] GET http://10.0.0.17:8776/
2026-05-05 23:35:27.706 8 INFO cinder.api.openstack.wsgi [None req-c87debef-4b70-410b-bdbb-1d8a32c2d9dc 157236f9a38f4de59112737ea1d03171 13ae36146adf4a289d38a988d218380e - - default default] http://10.0.0.17:8776/ returned with HTTP 300
2026-05-05 23:35:33.181 9 INFO cinder.api.openstack.wsgi [None req-2e2305bd-fd99-4f06-8ecf-2cc31d94a124 157236f9a38f4de59112737ea1d03171 13ae36146adf4a289d38a988d218380e - - default default] GET http://cinder-api.openstack.svc.cluster.local:8776/v3/13ae36146adf4a289d38a988d218380e/snapshots
2026-05-05 23:35:33.196 9 INFO cinder.volume.api [None req-2e2305bd-fd99-4f06-8ecf-2cc31d94a124 157236f9a38f4de59112737ea1d03171 13ae36146adf4a289d38a988d218380e - - default default] Get all snapshots completed successfully.
2026-05-05 23:35:33.196 9 INFO cinder.api.openstack.wsgi [None req-2e2305bd-fd99-4f06-8ecf-2cc31d94a124 157236f9a38f4de59112737ea1d03171 13ae36146adf4a289d38a988d218380e - - default default] http://cinder-api.openstack.svc.cluster.local:8776/v3/13ae36146adf4a289d38a988d218380e/snapshots returned with HTTP 200 [pid: 9|app: 0|req: 371/743] 10.0.0.102 () {32 vars in 705 bytes} [Tue May 5 23:35:33 2026] GET /v3/13ae36146adf4a289d38a988d218380e/snapshots => generated 17 bytes in 24 msecs (HTTP/1.1 200) 7 headers in 284 bytes (1 switches on core 0)
2026-05-05 23:35:33.209 8 INFO cinder.api.openstack.wsgi [None req-e3a5cfe5-5e0a-4e9e-a9c5-422bd479d60f 157236f9a38f4de59112737ea1d03171 13ae36146adf4a289d38a988d218380e - - default default] GET http://cinder-api.openstack.svc.cluster.local:8776/v3/13ae36146adf4a289d38a988d218380e/volumes
2026-05-05 23:35:33.236 8 INFO cinder.volume.api [None req-e3a5cfe5-5e0a-4e9e-a9c5-422bd479d60f 157236f9a38f4de59112737ea1d03171 13ae36146adf4a289d38a988d218380e - - default default] Get all volumes completed successfully.
2026-05-05 23:35:33.238 8 INFO cinder.api.openstack.wsgi [None req-e3a5cfe5-5e0a-4e9e-a9c5-422bd479d60f 157236f9a38f4de59112737ea1d03171 13ae36146adf4a289d38a988d218380e - - default default] http://cinder-api.openstack.svc.cluster.local:8776/v3/13ae36146adf4a289d38a988d218380e/volumes returned with HTTP 200 [pid: 8|app: 0|req: 373/744] 10.0.0.102 () {32 vars in 701 bytes} [Tue May 5 23:35:33 2026] GET /v3/13ae36146adf4a289d38a988d218380e/volumes => generated 15 bytes in 36 msecs (HTTP/1.1 200) 7 headers in 284 bytes (1 switches on core 0)
2026-05-05 23:35:37.704 9 INFO cinder.api.openstack.wsgi [None req-2e2305bd-fd99-4f06-8ecf-2cc31d94a124 157236f9a38f4de59112737ea1d03171 13ae36146adf4a289d38a988d218380e - - default default] GET http://10.0.0.17:8776/
2026-05-05 23:35:37.705 9 INFO cinder.api.openstack.wsgi [None req-2e2305bd-fd99-4f06-8ecf-2cc31d94a124 157236f9a38f4de59112737ea1d03171 13ae36146adf4a289d38a988d218380e - - default default] http://10.0.0.17:8776/ returned with HTTP 300
2026-05-05 23:35:37.704 8 INFO cinder.api.openstack.wsgi [None req-e3a5cfe5-5e0a-4e9e-a9c5-422bd479d60f 157236f9a38f4de59112737ea1d03171 13ae36146adf4a289d38a988d218380e - - default default] GET http://10.0.0.17:8776/
2026-05-05 23:35:37.706 8 INFO cinder.api.openstack.wsgi [None req-e3a5cfe5-5e0a-4e9e-a9c5-422bd479d60f 157236f9a38f4de59112737ea1d03171 13ae36146adf4a289d38a988d218380e - - default default] http://10.0.0.17:8776/ returned with HTTP 300
2026-05-05 23:35:47.704 8 INFO cinder.api.openstack.wsgi [None req-e3a5cfe5-5e0a-4e9e-a9c5-422bd479d60f 157236f9a38f4de59112737ea1d03171 13ae36146adf4a289d38a988d218380e - - default default] GET http://10.0.0.17:8776/
2026-05-05 23:35:47.704 8 INFO cinder.api.openstack.wsgi [None req-e3a5cfe5-5e0a-4e9e-a9c5-422bd479d60f 157236f9a38f4de59112737ea1d03171 13ae36146adf4a289d38a988d218380e - - default default] http://10.0.0.17:8776/ returned with HTTP 300
2026-05-05 23:35:47.706 9 INFO cinder.api.openstack.wsgi [None req-2e2305bd-fd99-4f06-8ecf-2cc31d94a124 157236f9a38f4de59112737ea1d03171 13ae36146adf4a289d38a988d218380e - - default default] GET http://10.0.0.17:8776/
2026-05-05 23:35:47.709 9 INFO cinder.api.openstack.wsgi [None req-2e2305bd-fd99-4f06-8ecf-2cc31d94a124 157236f9a38f4de59112737ea1d03171 13ae36146adf4a289d38a988d218380e - - default default] http://10.0.0.17:8776/ returned with HTTP 300
2026-05-05 23:35:57.151 8 INFO cinder.api.openstack.wsgi [None req-ab946a1f-5f3b-47a5-859c-76e44e9effa2 4910eec1b44b4341a8cd9035dfea6633 8dd0a68edfc847e2b5e7298e746ee982 - - default default] POST http://cinder-api.openstack.svc.cluster.local:8776/v3/8dd0a68edfc847e2b5e7298e746ee982/volumes
2026-05-05 23:35:57.707 9 INFO cinder.api.openstack.wsgi [None req-2e2305bd-fd99-4f06-8ecf-2cc31d94a124 157236f9a38f4de59112737ea1d03171 13ae36146adf4a289d38a988d218380e - - default default] GET http://10.0.0.17:8776/
2026-05-05 23:35:57.708 9 INFO cinder.api.openstack.wsgi [None req-2e2305bd-fd99-4f06-8ecf-2cc31d94a124 157236f9a38f4de59112737ea1d03171 13ae36146adf4a289d38a988d218380e - - default default] http://10.0.0.17:8776/ returned with HTTP 300
2026-05-05 23:35:57.711 9 INFO cinder.api.openstack.wsgi [None req-2e2305bd-fd99-4f06-8ecf-2cc31d94a124 157236f9a38f4de59112737ea1d03171 13ae36146adf4a289d38a988d218380e - - default default] GET http://10.0.0.17:8776/
2026-05-05 23:35:57.712 9 INFO cinder.api.openstack.wsgi [None req-2e2305bd-fd99-4f06-8ecf-2cc31d94a124 157236f9a38f4de59112737ea1d03171 13ae36146adf4a289d38a988d218380e - - default default] http://10.0.0.17:8776/ returned with HTTP 300
2026-05-05 23:35:57.798 8 INFO cinder.api.v3.volumes [None req-ab946a1f-5f3b-47a5-859c-76e44e9effa2 4910eec1b44b4341a8cd9035dfea6633 8dd0a68edfc847e2b5e7298e746ee982 - - default default] Create volume of 1 GB
2026-05-05 23:35:57.816 8 INFO cinder.volume.api [None req-ab946a1f-5f3b-47a5-859c-76e44e9effa2 4910eec1b44b4341a8cd9035dfea6633 8dd0a68edfc847e2b5e7298e746ee982 - - default default] Availability Zones retrieved successfully. /var/lib/openstack/lib/python3.10/site-packages/taskflow/engines/action_engine/process_executor.py:17: DeprecationWarning: The asyncore module is deprecated and will be removed in Python 3.12. The recommended replacement is asyncio import asyncore
2026-05-05 23:35:58.195 8 INFO cinder.volume.api [None req-ab946a1f-5f3b-47a5-859c-76e44e9effa2 4910eec1b44b4341a8cd9035dfea6633 8dd0a68edfc847e2b5e7298e746ee982 - - default default] Create volume request issued successfully.
2026-05-05 23:35:58.197 8 INFO cinder.api.openstack.wsgi [None req-ab946a1f-5f3b-47a5-859c-76e44e9effa2 4910eec1b44b4341a8cd9035dfea6633 8dd0a68edfc847e2b5e7298e746ee982 - - default default] http://cinder-api.openstack.svc.cluster.local:8776/v3/8dd0a68edfc847e2b5e7298e746ee982/volumes returned with HTTP 202 [pid: 8|app: 0|req: 376/751] 10.0.0.102 () {34 vars in 723 bytes} [Tue May 5 23:35:57 2026] POST /v3/8dd0a68edfc847e2b5e7298e746ee982/volumes => generated 865 bytes in 1055 msecs (HTTP/1.1 202) 7 headers in 291 bytes (1 switches on core 0)
2026-05-05 23:35:58.219 9 INFO cinder.api.openstack.wsgi [None req-9e8b401b-e4ac-4239-b08f-69121d8aeb48 4910eec1b44b4341a8cd9035dfea6633 8dd0a68edfc847e2b5e7298e746ee982 - - default default] GET http://cinder-api.openstack.svc.cluster.local:8776/v3/8dd0a68edfc847e2b5e7298e746ee982/volumes/afa4d1ef-a87d-478a-845c-27be6ba0fcd4 /var/lib/openstack/lib/python3.10/site-packages/oslo_context/context.py:100: DeprecationWarning: Policy enforcement is depending on the value of is_admin. This key is deprecated. Please update your policy file to use the standard policy values. warnings.warn('Policy enforcement is depending on the value of '
2026-05-05 23:35:58.260 9 INFO cinder.volume.api [None req-9e8b401b-e4ac-4239-b08f-69121d8aeb48 4910eec1b44b4341a8cd9035dfea6633 8dd0a68edfc847e2b5e7298e746ee982 - - default default] Volume info retrieved successfully.
2026-05-05 23:35:58.273 9 INFO cinder.api.openstack.wsgi [None req-9e8b401b-e4ac-4239-b08f-69121d8aeb48 4910eec1b44b4341a8cd9035dfea6633 8dd0a68edfc847e2b5e7298e746ee982 - - default default] http://cinder-api.openstack.svc.cluster.local:8776/v3/8dd0a68edfc847e2b5e7298e746ee982/volumes/afa4d1ef-a87d-478a-845c-27be6ba0fcd4 returned with HTTP 200 [pid: 9|app: 0|req: 376/752] 10.0.0.102 () {32 vars in 775 bytes} [Tue May 5 23:35:58 2026] GET /v3/8dd0a68edfc847e2b5e7298e746ee982/volumes/afa4d1ef-a87d-478a-845c-27be6ba0fcd4 => generated 933 bytes in 61 msecs (HTTP/1.1 200) 7 headers in 285 bytes (1 switches on core 0) /var/lib/openstack/lib/python3.10/site-packages/pycadf/identifier.py:71: UserWarning: Invalid uuid: cinderv3. To ensure interoperability, identifiers should be a valid uuid. warnings.warn(('Invalid uuid: %s. To ensure interoperability, '
2026-05-05 23:35:59.299 8 INFO cinder.api.openstack.wsgi [None req-1873c894-398a-4e9f-887d-49d4cebd3825 4910eec1b44b4341a8cd9035dfea6633 8dd0a68edfc847e2b5e7298e746ee982 - - default default] GET http://cinder-api.openstack.svc.cluster.local:8776/v3/8dd0a68edfc847e2b5e7298e746ee982/volumes/afa4d1ef-a87d-478a-845c-27be6ba0fcd4 /var/lib/openstack/lib/python3.10/site-packages/oslo_context/context.py:100: DeprecationWarning: Policy enforcement is depending on the value of is_admin. This key is deprecated. Please update your policy file to use the standard policy values. warnings.warn('Policy enforcement is depending on the value of '
2026-05-05 23:35:59.325 8 INFO cinder.volume.api [None req-1873c894-398a-4e9f-887d-49d4cebd3825 4910eec1b44b4341a8cd9035dfea6633 8dd0a68edfc847e2b5e7298e746ee982 - - default default] Volume info retrieved successfully.
2026-05-05 23:35:59.336 8 INFO cinder.api.openstack.wsgi [None req-1873c894-398a-4e9f-887d-49d4cebd3825 4910eec1b44b4341a8cd9035dfea6633 8dd0a68edfc847e2b5e7298e746ee982 - - default default] http://cinder-api.openstack.svc.cluster.local:8776/v3/8dd0a68edfc847e2b5e7298e746ee982/volumes/afa4d1ef-a87d-478a-845c-27be6ba0fcd4 returned with HTTP 200 [pid: 8|app: 0|req: 377/753] 10.0.0.102 () {32 vars in 775 bytes} [Tue May 5 23:35:59 2026] GET /v3/8dd0a68edfc847e2b5e7298e746ee982/volumes/afa4d1ef-a87d-478a-845c-27be6ba0fcd4 => generated 957 bytes in 46 msecs (HTTP/1.1 200) 7 headers in 285 bytes (1 switches on core 0) /var/lib/openstack/lib/python3.10/site-packages/pycadf/identifier.py:71: UserWarning: Invalid uuid: cinderv3. To ensure interoperability, identifiers should be a valid uuid. warnings.warn(('Invalid uuid: %s. To ensure interoperability, '
2026-05-05 23:36:00.359 9 INFO cinder.api.openstack.wsgi [None req-adaffd2f-aa6f-4556-99b8-591f410b6f24 4910eec1b44b4341a8cd9035dfea6633 8dd0a68edfc847e2b5e7298e746ee982 - - default default] GET http://cinder-api.openstack.svc.cluster.local:8776/v3/8dd0a68edfc847e2b5e7298e746ee982/volumes/afa4d1ef-a87d-478a-845c-27be6ba0fcd4 /var/lib/openstack/lib/python3.10/site-packages/oslo_context/context.py:100: DeprecationWarning: Policy enforcement is depending on the value of is_admin. This key is deprecated. Please update your policy file to use the standard policy values. warnings.warn('Policy enforcement is depending on the value of '
2026-05-05 23:36:00.390 9 INFO cinder.volume.api [None req-adaffd2f-aa6f-4556-99b8-591f410b6f24 4910eec1b44b4341a8cd9035dfea6633 8dd0a68edfc847e2b5e7298e746ee982 - - default default] Volume info retrieved successfully.
2026-05-05 23:36:00.397 9 INFO cinder.api.openstack.wsgi [None req-adaffd2f-aa6f-4556-99b8-591f410b6f24 4910eec1b44b4341a8cd9035dfea6633 8dd0a68edfc847e2b5e7298e746ee982 - - default default] http://cinder-api.openstack.svc.cluster.local:8776/v3/8dd0a68edfc847e2b5e7298e746ee982/volumes/afa4d1ef-a87d-478a-845c-27be6ba0fcd4 returned with HTTP 200 [pid: 9|app: 0|req: 377/754] 10.0.0.102 () {32 vars in 775 bytes} [Tue May 5 23:36:00 2026] GET /v3/8dd0a68edfc847e2b5e7298e746ee982/volumes/afa4d1ef-a87d-478a-845c-27be6ba0fcd4 => generated 957 bytes in 46 msecs (HTTP/1.1 200) 7 headers in 285 bytes (1 switches on core 0) /var/lib/openstack/lib/python3.10/site-packages/pycadf/identifier.py:71: UserWarning: Invalid uuid: cinderv3. To ensure interoperability, identifiers should be a valid uuid. warnings.warn(('Invalid uuid: %s. To ensure interoperability, '
2026-05-05 23:36:01.421 8 INFO cinder.api.openstack.wsgi [None req-03742d41-e006-4bdf-9c4d-c9d4098e51e2 4910eec1b44b4341a8cd9035dfea6633 8dd0a68edfc847e2b5e7298e746ee982 - - default default] GET http://cinder-api.openstack.svc.cluster.local:8776/v3/8dd0a68edfc847e2b5e7298e746ee982/volumes/afa4d1ef-a87d-478a-845c-27be6ba0fcd4 /var/lib/openstack/lib/python3.10/site-packages/oslo_context/context.py:100: DeprecationWarning: Policy enforcement is depending on the value of is_admin. This key is deprecated. Please update your policy file to use the standard policy values. warnings.warn('Policy enforcement is depending on the value of '
2026-05-05 23:36:01.435 8 INFO cinder.volume.api [None req-03742d41-e006-4bdf-9c4d-c9d4098e51e2 4910eec1b44b4341a8cd9035dfea6633 8dd0a68edfc847e2b5e7298e746ee982 - - default default] Volume info retrieved successfully.
2026-05-05 23:36:01.441 8 INFO cinder.api.openstack.wsgi [None req-03742d41-e006-4bdf-9c4d-c9d4098e51e2 4910eec1b44b4341a8cd9035dfea6633 8dd0a68edfc847e2b5e7298e746ee982 - - default default] http://cinder-api.openstack.svc.cluster.local:8776/v3/8dd0a68edfc847e2b5e7298e746ee982/volumes/afa4d1ef-a87d-478a-845c-27be6ba0fcd4 returned with HTTP 200 [pid: 8|app: 0|req: 378/755] 10.0.0.102 () {32 vars in 775 bytes} [Tue May 5 23:36:01 2026] GET /v3/8dd0a68edfc847e2b5e7298e746ee982/volumes/afa4d1ef-a87d-478a-845c-27be6ba0fcd4 => generated 1342 bytes in 27 msecs (HTTP/1.1 200) 7 headers in 286 bytes (1 switches on core 0) /var/lib/openstack/lib/python3.10/site-packages/pycadf/identifier.py:71: UserWarning: Invalid uuid: cinderv3. To ensure interoperability, identifiers should be a valid uuid. warnings.warn(('Invalid uuid: %s. To ensure interoperability, '
2026-05-05 23:36:01.542 9 INFO cinder.api.openstack.wsgi [req-a9e5685f-9864-44e4-a6f8-4c6dd63f8b26 req-928adc5e-acaf-40d8-a8ea-0b079d451540 4910eec1b44b4341a8cd9035dfea6633 8dd0a68edfc847e2b5e7298e746ee982 - - default default] GET http://cinder-api.openstack.svc.cluster.local:8776/v3/8dd0a68edfc847e2b5e7298e746ee982/volumes/afa4d1ef-a87d-478a-845c-27be6ba0fcd4 /var/lib/openstack/lib/python3.10/site-packages/oslo_context/context.py:100: DeprecationWarning: Policy enforcement is depending on the value of is_admin. This key is deprecated. Please update your policy file to use the standard policy values. warnings.warn('Policy enforcement is depending on the value of '
2026-05-05 23:36:01.563 9 INFO cinder.volume.api [req-a9e5685f-9864-44e4-a6f8-4c6dd63f8b26 req-928adc5e-acaf-40d8-a8ea-0b079d451540 4910eec1b44b4341a8cd9035dfea6633 8dd0a68edfc847e2b5e7298e746ee982 - - default default] Volume info retrieved successfully.
2026-05-05 23:36:01.569 9 INFO cinder.api.openstack.wsgi [req-a9e5685f-9864-44e4-a6f8-4c6dd63f8b26 req-928adc5e-acaf-40d8-a8ea-0b079d451540 4910eec1b44b4341a8cd9035dfea6633 8dd0a68edfc847e2b5e7298e746ee982 - - default default] http://cinder-api.openstack.svc.cluster.local:8776/v3/8dd0a68edfc847e2b5e7298e746ee982/volumes/afa4d1ef-a87d-478a-845c-27be6ba0fcd4 returned with HTTP 200 [pid: 9|app: 0|req: 378/756] 10.0.0.161 () {34 vars in 1028 bytes} [Tue May 5 23:36:01 2026] GET /v3/8dd0a68edfc847e2b5e7298e746ee982/volumes/afa4d1ef-a87d-478a-845c-27be6ba0fcd4 => generated 1342 bytes in 39 msecs (HTTP/1.1 200) 7 headers in 286 bytes (1 switches on core 0) /var/lib/openstack/lib/python3.10/site-packages/pycadf/identifier.py:71: UserWarning: Invalid uuid: cinderv3. To ensure interoperability, identifiers should be a valid uuid. warnings.warn(('Invalid uuid: %s. To ensure interoperability, '
2026-05-05 23:36:02.263 8 INFO cinder.api.openstack.wsgi [req-a9e5685f-9864-44e4-a6f8-4c6dd63f8b26 req-55c93874-7fb7-43b3-abf5-81d83b59d2bb 4910eec1b44b4341a8cd9035dfea6633 8dd0a68edfc847e2b5e7298e746ee982 - - default default] GET http://cinder-api.openstack.svc.cluster.local:8776/v3/8dd0a68edfc847e2b5e7298e746ee982/volumes/afa4d1ef-a87d-478a-845c-27be6ba0fcd4 /var/lib/openstack/lib/python3.10/site-packages/oslo_context/context.py:100: DeprecationWarning: Policy enforcement is depending on the value of is_admin. This key is deprecated. Please update your policy file to use the standard policy values. warnings.warn('Policy enforcement is depending on the value of '
2026-05-05 23:36:02.279 8 INFO cinder.volume.api [req-a9e5685f-9864-44e4-a6f8-4c6dd63f8b26 req-55c93874-7fb7-43b3-abf5-81d83b59d2bb 4910eec1b44b4341a8cd9035dfea6633 8dd0a68edfc847e2b5e7298e746ee982 - - default default] Volume info retrieved successfully.
2026-05-05 23:36:02.286 8 INFO cinder.api.openstack.wsgi [req-a9e5685f-9864-44e4-a6f8-4c6dd63f8b26 req-55c93874-7fb7-43b3-abf5-81d83b59d2bb 4910eec1b44b4341a8cd9035dfea6633 8dd0a68edfc847e2b5e7298e746ee982 - - default default] http://cinder-api.openstack.svc.cluster.local:8776/v3/8dd0a68edfc847e2b5e7298e746ee982/volumes/afa4d1ef-a87d-478a-845c-27be6ba0fcd4 returned with HTTP 200 [pid: 8|app: 0|req: 379/757] 10.0.0.161 () {34 vars in 1028 bytes} [Tue May 5 23:36:02 2026] GET /v3/8dd0a68edfc847e2b5e7298e746ee982/volumes/afa4d1ef-a87d-478a-845c-27be6ba0fcd4 => generated 1342 bytes in 33 msecs (HTTP/1.1 200) 7 headers in 286 bytes (1 switches on core 0)
2026-05-05 23:36:02.298 9 INFO cinder.api.openstack.wsgi [req-a9e5685f-9864-44e4-a6f8-4c6dd63f8b26 req-928adc5e-acaf-40d8-a8ea-0b079d451540 4910eec1b44b4341a8cd9035dfea6633 8dd0a68edfc847e2b5e7298e746ee982 - - default default] GET http://cinder-api.openstack.svc.cluster.local:8776/
2026-05-05 23:36:02.299 9 INFO cinder.api.openstack.wsgi [req-a9e5685f-9864-44e4-a6f8-4c6dd63f8b26 req-928adc5e-acaf-40d8-a8ea-0b079d451540 4910eec1b44b4341a8cd9035dfea6633 8dd0a68edfc847e2b5e7298e746ee982 - - default default] http://cinder-api.openstack.svc.cluster.local:8776/ returned with HTTP 300 [pid: 9|app: 0|req: 379/758] 10.0.0.161 () {32 vars in 829 bytes} [Tue May 5 23:36:02 2026] GET / => generated 411 bytes in 1 msecs (HTTP/1.1 300) 5 headers in 169 bytes (1 switches on core 0) /var/lib/openstack/lib/python3.10/site-packages/pycadf/identifier.py:71: UserWarning: Invalid uuid: cinderv3. To ensure interoperability, identifiers should be a valid uuid. warnings.warn(('Invalid uuid: %s. To ensure interoperability, '
2026-05-05 23:36:02.317 8 INFO cinder.api.openstack.wsgi [req-a9e5685f-9864-44e4-a6f8-4c6dd63f8b26 req-de36ca5f-a318-48b7-8cef-5830670e9269 4910eec1b44b4341a8cd9035dfea6633 8dd0a68edfc847e2b5e7298e746ee982 - - default default] POST http://cinder-api.openstack.svc.cluster.local:8776/v3/8dd0a68edfc847e2b5e7298e746ee982/attachments /var/lib/openstack/lib/python3.10/site-packages/oslo_context/context.py:100: DeprecationWarning: Policy enforcement is depending on the value of is_admin. This key is deprecated. Please update your policy file to use the standard policy values. warnings.warn('Policy enforcement is depending on the value of '
2026-05-05 23:36:02.400 8 INFO cinder.api.openstack.wsgi [req-a9e5685f-9864-44e4-a6f8-4c6dd63f8b26 req-de36ca5f-a318-48b7-8cef-5830670e9269 4910eec1b44b4341a8cd9035dfea6633 8dd0a68edfc847e2b5e7298e746ee982 - - default default] http://cinder-api.openstack.svc.cluster.local:8776/v3/8dd0a68edfc847e2b5e7298e746ee982/attachments returned with HTTP 200 [pid: 8|app: 0|req: 380/759] 10.0.0.161 () {40 vars in 1057 bytes} [Tue May 5 23:36:02 2026] POST /v3/8dd0a68edfc847e2b5e7298e746ee982/attachments => generated 273 bytes in 96 msecs (HTTP/1.1 200) 7 headers in 286 bytes (1 switches on core 0)
2026-05-05 23:36:03.379 9 INFO cinder.api.openstack.wsgi [req-a9e5685f-9864-44e4-a6f8-4c6dd63f8b26 req-928adc5e-acaf-40d8-a8ea-0b079d451540 4910eec1b44b4341a8cd9035dfea6633 8dd0a68edfc847e2b5e7298e746ee982 - - default default] GET http://cinder-api.openstack.svc.cluster.local:8776/
2026-05-05 23:36:03.380 9 INFO cinder.api.openstack.wsgi [req-a9e5685f-9864-44e4-a6f8-4c6dd63f8b26 req-928adc5e-acaf-40d8-a8ea-0b079d451540 4910eec1b44b4341a8cd9035dfea6633 8dd0a68edfc847e2b5e7298e746ee982 - - default default] http://cinder-api.openstack.svc.cluster.local:8776/ returned with HTTP 300 [pid: 9|app: 0|req: 380/760] 199.19.213.219 () {32 vars in 840 bytes} [Tue May 5 23:36:03 2026] GET / => generated 411 bytes in 2 msecs (HTTP/1.1 300) 5 headers in 169 bytes (1 switches on core 0) /var/lib/openstack/lib/python3.10/site-packages/pycadf/identifier.py:71: UserWarning: Invalid uuid: cinderv3. To ensure interoperability, identifiers should be a valid uuid. warnings.warn(('Invalid uuid: %s. To ensure interoperability, '
2026-05-05 23:36:03.419 8 INFO cinder.api.openstack.wsgi [req-a9e5685f-9864-44e4-a6f8-4c6dd63f8b26 req-6456f4fd-fc89-4f12-abf0-979511ee14d2 4910eec1b44b4341a8cd9035dfea6633 8dd0a68edfc847e2b5e7298e746ee982 - - default default] GET http://cinder-api.openstack.svc.cluster.local:8776/v3/8dd0a68edfc847e2b5e7298e746ee982/volumes/afa4d1ef-a87d-478a-845c-27be6ba0fcd4 /var/lib/openstack/lib/python3.10/site-packages/oslo_context/context.py:100: DeprecationWarning: Policy enforcement is depending on the value of is_admin. This key is deprecated. Please update your policy file to use the standard policy values. warnings.warn('Policy enforcement is depending on the value of '
2026-05-05 23:36:03.477 8 INFO cinder.volume.api [req-a9e5685f-9864-44e4-a6f8-4c6dd63f8b26 req-6456f4fd-fc89-4f12-abf0-979511ee14d2 4910eec1b44b4341a8cd9035dfea6633 8dd0a68edfc847e2b5e7298e746ee982 - - default default] Volume info retrieved successfully.
2026-05-05 23:36:03.485 8 INFO cinder.api.openstack.wsgi [req-a9e5685f-9864-44e4-a6f8-4c6dd63f8b26 req-6456f4fd-fc89-4f12-abf0-979511ee14d2 4910eec1b44b4341a8cd9035dfea6633 8dd0a68edfc847e2b5e7298e746ee982 - - default default] http://cinder-api.openstack.svc.cluster.local:8776/v3/8dd0a68edfc847e2b5e7298e746ee982/volumes/afa4d1ef-a87d-478a-845c-27be6ba0fcd4 returned with HTTP 200 [pid: 8|app: 0|req: 381/761] 199.19.213.219 () {36 vars in 1073 bytes} [Tue May 5 23:36:03 2026] GET /v3/8dd0a68edfc847e2b5e7298e746ee982/volumes/afa4d1ef-a87d-478a-845c-27be6ba0fcd4 => generated 1440 bytes in 75 msecs (HTTP/1.1 200) 7 headers in 287 bytes (1 switches on core 0) /var/lib/openstack/lib/python3.10/site-packages/pycadf/identifier.py:71: UserWarning: Invalid uuid: cinderv3. To ensure interoperability, identifiers should be a valid uuid. warnings.warn(('Invalid uuid: %s. To ensure interoperability, '
2026-05-05 23:36:05.505 9 INFO cinder.api.openstack.wsgi [req-a9e5685f-9864-44e4-a6f8-4c6dd63f8b26 req-18f946dc-135d-4f20-9420-98b32dc69eb2 4910eec1b44b4341a8cd9035dfea6633 8dd0a68edfc847e2b5e7298e746ee982 - - default default] PUT http://cinder-api.openstack.svc.cluster.local:8776/v3/8dd0a68edfc847e2b5e7298e746ee982/attachments/227ce636-3ae0-454e-89ec-9553b20be6a2 /var/lib/openstack/lib/python3.10/site-packages/oslo_context/context.py:100: DeprecationWarning: Policy enforcement is depending on the value of is_admin. This key is deprecated. Please update your policy file to use the standard policy values. warnings.warn('Policy enforcement is depending on the value of '
2026-05-05 23:36:06.201 9 INFO cinder.api.openstack.wsgi [req-a9e5685f-9864-44e4-a6f8-4c6dd63f8b26 req-18f946dc-135d-4f20-9420-98b32dc69eb2 4910eec1b44b4341a8cd9035dfea6633 8dd0a68edfc847e2b5e7298e746ee982 - - default default] http://cinder-api.openstack.svc.cluster.local:8776/v3/8dd0a68edfc847e2b5e7298e746ee982/attachments/227ce636-3ae0-454e-89ec-9553b20be6a2 returned with HTTP 200 [pid: 9|app: 0|req: 381/762] 199.19.213.219 () {40 vars in 1134 bytes} [Tue May 5 23:36:05 2026] PUT /v3/8dd0a68edfc847e2b5e7298e746ee982/attachments/227ce636-3ae0-454e-89ec-9553b20be6a2 => generated 775 bytes in 705 msecs (HTTP/1.1 200) 7 headers in 286 bytes (1 switches on core 0) /var/lib/openstack/lib/python3.10/site-packages/pycadf/identifier.py:71: UserWarning: Invalid uuid: cinderv3. To ensure interoperability, identifiers should be a valid uuid. warnings.warn(('Invalid uuid: %s. To ensure interoperability, '
2026-05-05 23:36:06.244 8 INFO cinder.api.openstack.wsgi [req-a9e5685f-9864-44e4-a6f8-4c6dd63f8b26 req-6afea353-4782-4106-9b8c-9eeefdb09ff6 4910eec1b44b4341a8cd9035dfea6633 8dd0a68edfc847e2b5e7298e746ee982 - - default default] POST http://cinder-api.openstack.svc.cluster.local:8776/v3/8dd0a68edfc847e2b5e7298e746ee982/attachments/227ce636-3ae0-454e-89ec-9553b20be6a2/action /var/lib/openstack/lib/python3.10/site-packages/oslo_context/context.py:100: DeprecationWarning: Policy enforcement is depending on the value of is_admin. This key is deprecated. Please update your policy file to use the standard policy values. warnings.warn('Policy enforcement is depending on the value of '
2026-05-05 23:36:06.292 8 INFO cinder.api.openstack.wsgi [req-a9e5685f-9864-44e4-a6f8-4c6dd63f8b26 req-6afea353-4782-4106-9b8c-9eeefdb09ff6 4910eec1b44b4341a8cd9035dfea6633 8dd0a68edfc847e2b5e7298e746ee982 - - default default] http://cinder-api.openstack.svc.cluster.local:8776/v3/8dd0a68edfc847e2b5e7298e746ee982/attachments/227ce636-3ae0-454e-89ec-9553b20be6a2/action returned with HTTP 204 [pid: 8|app: 0|req: 382/763] 199.19.213.219 () {40 vars in 1148 bytes} [Tue May 5 23:36:06 2026] POST /v3/8dd0a68edfc847e2b5e7298e746ee982/attachments/227ce636-3ae0-454e-89ec-9553b20be6a2/action => generated 0 bytes in 58 msecs (HTTP/1.1 204) 7 headers in 292 bytes (1 switches on core 0)
2026-05-05 23:36:07.704 8 INFO cinder.api.openstack.wsgi [req-a9e5685f-9864-44e4-a6f8-4c6dd63f8b26 req-6afea353-4782-4106-9b8c-9eeefdb09ff6 4910eec1b44b4341a8cd9035dfea6633 8dd0a68edfc847e2b5e7298e746ee982 - - default default] GET http://10.0.0.17:8776/
2026-05-05 23:36:07.704 9 INFO cinder.api.openstack.wsgi [req-a9e5685f-9864-44e4-a6f8-4c6dd63f8b26 req-18f946dc-135d-4f20-9420-98b32dc69eb2 4910eec1b44b4341a8cd9035dfea6633 8dd0a68edfc847e2b5e7298e746ee982 - - default default] GET http://10.0.0.17:8776/
2026-05-05 23:36:07.706 8 INFO cinder.api.openstack.wsgi [req-a9e5685f-9864-44e4-a6f8-4c6dd63f8b26 req-6afea353-4782-4106-9b8c-9eeefdb09ff6 4910eec1b44b4341a8cd9035dfea6633 8dd0a68edfc847e2b5e7298e746ee982 - - default default] http://10.0.0.17:8776/ returned with HTTP 300
2026-05-05 23:36:07.706 9 INFO cinder.api.openstack.wsgi [req-a9e5685f-9864-44e4-a6f8-4c6dd63f8b26 req-18f946dc-135d-4f20-9420-98b32dc69eb2 4910eec1b44b4341a8cd9035dfea6633 8dd0a68edfc847e2b5e7298e746ee982 - - default default] http://10.0.0.17:8776/ returned with HTTP 300 /var/lib/openstack/lib/python3.10/site-packages/pycadf/identifier.py:71: UserWarning: Invalid uuid: cinderv3. To ensure interoperability, identifiers should be a valid uuid. warnings.warn(('Invalid uuid: %s. To ensure interoperability, '
2026-05-05 23:36:09.109 9 INFO cinder.api.openstack.wsgi [None req-d7f5b242-b5d9-4ea8-a8b4-d1b5fdd79a16 157236f9a38f4de59112737ea1d03171 13ae36146adf4a289d38a988d218380e - - default default] GET http://cinder-api.openstack.svc.cluster.local:8776/v3/13ae36146adf4a289d38a988d218380e/os-quota-sets/13ae36146adf4a289d38a988d218380e?usage=true /var/lib/openstack/lib/python3.10/site-packages/oslo_context/context.py:100: DeprecationWarning: Policy enforcement is depending on the value of is_admin. This key is deprecated. Please update your policy file to use the standard policy values. warnings.warn('Policy enforcement is depending on the value of '
2026-05-05 23:36:09.151 9 INFO cinder.api.openstack.wsgi [None req-d7f5b242-b5d9-4ea8-a8b4-d1b5fdd79a16 157236f9a38f4de59112737ea1d03171 13ae36146adf4a289d38a988d218380e - - default default] http://cinder-api.openstack.svc.cluster.local:8776/v3/13ae36146adf4a289d38a988d218380e/os-quota-sets/13ae36146adf4a289d38a988d218380e?usage=true returned with HTTP 200 [pid: 9|app: 0|req: 383/766] 10.0.0.119 () {28 vars in 736 bytes} [Tue May 5 23:36:08 2026] GET /v3/13ae36146adf4a289d38a988d218380e/os-quota-sets/13ae36146adf4a289d38a988d218380e?usage=true => generated 845 bytes in 173 msecs (HTTP/1.1 200) 7 headers in 285 bytes (1 switches on core 0) /var/lib/openstack/lib/python3.10/site-packages/pycadf/identifier.py:71: UserWarning: Invalid uuid: cinderv3. To ensure interoperability, identifiers should be a valid uuid. warnings.warn(('Invalid uuid: %s. To ensure interoperability, '
2026-05-05 23:36:09.166 8 INFO cinder.api.openstack.wsgi [None req-e1ccc07b-fed6-4c8c-a2ac-9a663ddc0eda 157236f9a38f4de59112737ea1d03171 13ae36146adf4a289d38a988d218380e - - default default] GET http://cinder-api.openstack.svc.cluster.local:8776/v3/13ae36146adf4a289d38a988d218380e/os-quota-sets/480c6089f12a4cf68f412773c86866d7?usage=true
2026-05-05 23:36:09.193 8 INFO cinder.api.openstack.wsgi [None req-e1ccc07b-fed6-4c8c-a2ac-9a663ddc0eda 157236f9a38f4de59112737ea1d03171 13ae36146adf4a289d38a988d218380e - - default default] http://cinder-api.openstack.svc.cluster.local:8776/v3/13ae36146adf4a289d38a988d218380e/os-quota-sets/480c6089f12a4cf68f412773c86866d7?usage=true returned with HTTP 200 [pid: 8|app: 0|req: 384/767] 10.0.0.119 () {28 vars in 736 bytes} [Tue May 5 23:36:09 2026] GET /v3/13ae36146adf4a289d38a988d218380e/os-quota-sets/480c6089f12a4cf68f412773c86866d7?usage=true => generated 847 bytes in 38 msecs (HTTP/1.1 200) 7 headers in 285 bytes (1 switches on core 0)
2026-05-05 23:36:09.206 9 INFO cinder.api.openstack.wsgi [None req-a70e4766-c7d9-4a66-860d-624c6a2a4493 157236f9a38f4de59112737ea1d03171 13ae36146adf4a289d38a988d218380e - - default default] GET http://cinder-api.openstack.svc.cluster.local:8776/v3/13ae36146adf4a289d38a988d218380e/os-quota-sets/86399c1ef4a048bd989094257fc184d2?usage=true
2026-05-05 23:36:09.238 9 INFO cinder.api.openstack.wsgi [None req-a70e4766-c7d9-4a66-860d-624c6a2a4493 157236f9a38f4de59112737ea1d03171 13ae36146adf4a289d38a988d218380e - - default default] http://cinder-api.openstack.svc.cluster.local:8776/v3/13ae36146adf4a289d38a988d218380e/os-quota-sets/86399c1ef4a048bd989094257fc184d2?usage=true returned with HTTP 200 [pid: 9|app: 0|req: 384/768] 10.0.0.119 () {28 vars in 736 bytes} [Tue May 5 23:36:09 2026] GET /v3/13ae36146adf4a289d38a988d218380e/os-quota-sets/86399c1ef4a048bd989094257fc184d2?usage=true => generated 847 bytes in 41 msecs (HTTP/1.1 200) 7 headers in 285 bytes (1 switches on core 0)
2026-05-05 23:36:09.258 8 INFO cinder.api.openstack.wsgi [None req-1abecc12-60c8-4405-bc61-fbba59929df4 157236f9a38f4de59112737ea1d03171 13ae36146adf4a289d38a988d218380e - - default default] GET http://cinder-api.openstack.svc.cluster.local:8776/v3/13ae36146adf4a289d38a988d218380e/os-quota-sets/86e25848f3f34fa993c2940cda35a7be?usage=true
2026-05-05 23:36:09.293 8 INFO cinder.api.openstack.wsgi [None req-1abecc12-60c8-4405-bc61-fbba59929df4 157236f9a38f4de59112737ea1d03171 13ae36146adf4a289d38a988d218380e - - default default] http://cinder-api.openstack.svc.cluster.local:8776/v3/13ae36146adf4a289d38a988d218380e/os-quota-sets/86e25848f3f34fa993c2940cda35a7be?usage=true returned with HTTP 200 [pid: 8|app: 0|req: 385/769] 10.0.0.119 () {28 vars in 736 bytes} [Tue May 5 23:36:09 2026] GET /v3/13ae36146adf4a289d38a988d218380e/os-quota-sets/86e25848f3f34fa993c2940cda35a7be?usage=true => generated 847 bytes in 45 msecs (HTTP/1.1 200) 7 headers in 285 bytes (1 switches on core 0)
2026-05-05 23:36:09.306 9 INFO cinder.api.openstack.wsgi [None req-b389cdae-6bbb-4ee6-91a0-7b79154071eb 157236f9a38f4de59112737ea1d03171 13ae36146adf4a289d38a988d218380e - - default default] GET http://cinder-api.openstack.svc.cluster.local:8776/v3/13ae36146adf4a289d38a988d218380e/os-quota-sets/8dd0a68edfc847e2b5e7298e746ee982?usage=true
2026-05-05 23:36:09.336 9 INFO cinder.api.openstack.wsgi [None req-b389cdae-6bbb-4ee6-91a0-7b79154071eb 157236f9a38f4de59112737ea1d03171 13ae36146adf4a289d38a988d218380e - - default default] http://cinder-api.openstack.svc.cluster.local:8776/v3/13ae36146adf4a289d38a988d218380e/os-quota-sets/8dd0a68edfc847e2b5e7298e746ee982?usage=true returned with HTTP 200 [pid: 9|app: 0|req: 385/770] 10.0.0.119 () {28 vars in 736 bytes} [Tue May 5 23:36:09 2026] GET /v3/13ae36146adf4a289d38a988d218380e/os-quota-sets/8dd0a68edfc847e2b5e7298e746ee982?usage=true => generated 847 bytes in 39 msecs (HTTP/1.1 200) 7 headers in 285 bytes (1 switches on core 0)
2026-05-05 23:36:09.350 8 INFO cinder.api.openstack.wsgi [None req-51b02cab-5b64-490e-bb42-6aee716bbc80 157236f9a38f4de59112737ea1d03171 13ae36146adf4a289d38a988d218380e - - default default] GET http://cinder-api.openstack.svc.cluster.local:8776/v3/13ae36146adf4a289d38a988d218380e/os-quota-sets/b061f4df63e94c2fb6c62516c1c6c161?usage=true
2026-05-05 23:36:09.385 8 INFO cinder.api.openstack.wsgi [None req-51b02cab-5b64-490e-bb42-6aee716bbc80 157236f9a38f4de59112737ea1d03171 13ae36146adf4a289d38a988d218380e - - default default] http://cinder-api.openstack.svc.cluster.local:8776/v3/13ae36146adf4a289d38a988d218380e/os-quota-sets/b061f4df63e94c2fb6c62516c1c6c161?usage=true returned with HTTP 200 [pid: 8|app: 0|req: 386/771] 10.0.0.119 () {28 vars in 736 bytes} [Tue May 5 23:36:09 2026] GET /v3/13ae36146adf4a289d38a988d218380e/os-quota-sets/b061f4df63e94c2fb6c62516c1c6c161?usage=true => generated 845 bytes in 46 msecs (HTTP/1.1 200) 7 headers in 285 bytes (1 switches on core 0)
2026-05-05 23:36:09.397 9 INFO cinder.api.openstack.wsgi [None req-abc1af92-085e-40a0-b7c8-1b3d877dae43 157236f9a38f4de59112737ea1d03171 13ae36146adf4a289d38a988d218380e - - default default] GET http://cinder-api.openstack.svc.cluster.local:8776/v3/13ae36146adf4a289d38a988d218380e/os-quota-sets/e9d7ad7323a24e6e9edacb1feacc3104?usage=true
2026-05-05 23:36:09.420 9 INFO cinder.api.openstack.wsgi [None req-abc1af92-085e-40a0-b7c8-1b3d877dae43 157236f9a38f4de59112737ea1d03171 13ae36146adf4a289d38a988d218380e - - default default] http://cinder-api.openstack.svc.cluster.local:8776/v3/13ae36146adf4a289d38a988d218380e/os-quota-sets/e9d7ad7323a24e6e9edacb1feacc3104?usage=true returned with HTTP 200 [pid: 9|app: 0|req: 386/772] 10.0.0.119 () {28 vars in 736 bytes} [Tue May 5 23:36:09 2026] GET /v3/13ae36146adf4a289d38a988d218380e/os-quota-sets/e9d7ad7323a24e6e9edacb1feacc3104?usage=true => generated 847 bytes in 32 msecs (HTTP/1.1 200) 7 headers in 285 bytes (1 switches on core 0)
2026-05-05 23:36:09.432 8 INFO cinder.api.openstack.wsgi [None req-54e7ba9a-35f1-4b19-8b5d-6ed2d3293293 157236f9a38f4de59112737ea1d03171 13ae36146adf4a289d38a988d218380e - - default default] GET http://cinder-api.openstack.svc.cluster.local:8776/v3/13ae36146adf4a289d38a988d218380e/volumes/detail?all_tenants=true
2026-05-05 23:36:09.451 8 INFO cinder.volume.api [None req-54e7ba9a-35f1-4b19-8b5d-6ed2d3293293 157236f9a38f4de59112737ea1d03171 13ae36146adf4a289d38a988d218380e - - default default] Get all volumes completed successfully. /var/lib/openstack/lib/python3.10/site-packages/oslo_context/context.py:100: DeprecationWarning: Policy enforcement is depending on the value of is_admin. This key is deprecated. Please update your policy file to use the standard policy values. warnings.warn('Policy enforcement is depending on the value of '
2026-05-05 23:36:09.459 8 INFO cinder.api.openstack.wsgi [None req-54e7ba9a-35f1-4b19-8b5d-6ed2d3293293 157236f9a38f4de59112737ea1d03171 13ae36146adf4a289d38a988d218380e - - default default] http://cinder-api.openstack.svc.cluster.local:8776/v3/13ae36146adf4a289d38a988d218380e/volumes/detail?all_tenants=true returned with HTTP 200 [pid: 8|app: 0|req: 387/773] 10.0.0.119 () {28 vars in 684 bytes} [Tue May 5 23:36:09 2026] GET /v3/13ae36146adf4a289d38a988d218380e/volumes/detail?all_tenants=true => generated 1808 bytes in 36 msecs (HTTP/1.1 200) 7 headers in 286 bytes (1 switches on core 0)
2026-05-05 23:36:09.481 9 INFO cinder.api.openstack.wsgi [None req-4fbdaaf5-26b7-43a6-acb2-50af377f7e41 157236f9a38f4de59112737ea1d03171 13ae36146adf4a289d38a988d218380e - - default default] GET http://cinder-api.openstack.svc.cluster.local:8776/v3/13ae36146adf4a289d38a988d218380e/os-services
