2026-08-13 10:05:26.002 7 INFO placement.requestlog [req-f98a859b-769d-4611-aebc-6b73358e7824 req-c0cb637e-3542-44cb-962f-1a97306b3e0b f4f6d0167552476a9884a62d48b629ca 3ee4729e3e194165909bd5ca501fdeb0 - - 38f8e015e54f454c8c1e3f4f10543fe3 38f8e015e54f454c8c1e3f4f10543fe3] 199.204.45.235 "GET /resource_providers/8204f2b1-b7c2-462c-bf71-d9e0c45bd381/allocations" status: 200 len: 54 microversion: 1.0 [pid: 7|app: 0|req: 291/579] 199.204.45.235 () {32 vars in 857 bytes} [Thu Aug 13 10:05:25 2026] GET /resource_providers/8204f2b1-b7c2-462c-bf71-d9e0c45bd381/allocations => generated 54 bytes in 21 msecs (HTTP/1.1 200) 6 headers in 223 bytes (1 switches on core 0)
2026-08-13 10:05:32.033 8 INFO placement.requestlog [None req-3cc30dcc-0e7c-4f1d-a6d4-f8628572aec8 - - - - - -] 10.0.0.246 "GET /" status: 200 len: 136 microversion: 1.0
2026-08-13 10:05:32.035 7 INFO placement.requestlog [None req-1c1385c3-bd96-490d-b9bc-2149375417eb - - - - - -] 10.0.0.246 "GET /" status: 200 len: 136 microversion: 1.0
2026-08-13 10:05:42.033 8 INFO placement.requestlog [None req-42b2f5a9-9630-46af-9d3a-be2f65fe6938 - - - - - -] 10.0.0.246 "GET /" status: 200 len: 136 microversion: 1.0
2026-08-13 10:05:42.033 7 INFO placement.requestlog [None req-bbed819e-2162-4ed4-b33a-a3226d763512 - - - - - -] 10.0.0.246 "GET /" status: 200 len: 136 microversion: 1.0
2026-08-13 10:05:52.034 8 INFO placement.requestlog [None req-a4733fc4-ebec-4175-8ec1-1e0b52a56b9d - - - - - -] 10.0.0.246 "GET /" status: 200 len: 136 microversion: 1.0
2026-08-13 10:05:52.034 7 INFO placement.requestlog [None req-50a6a276-a9bc-4d11-8a5c-79ed21e9f142 - - - - - -] 10.0.0.246 "GET /" status: 200 len: 136 microversion: 1.0
2026-08-13 10:06:02.033 8 INFO placement.requestlog [None req-610638cb-7921-4ae4-8bb8-e5877b087545 - - - - - -] 10.0.0.246 "GET /" status: 200 len: 136 microversion: 1.0
2026-08-13 10:06:02.033 7 INFO placement.requestlog [None req-556e0b12-ff81-41e7-a0b6-1e37bf6ce88f - - - - - -] 10.0.0.246 "GET /" status: 200 len: 136 microversion: 1.0
2026-08-13 10:06:12.033 7 INFO placement.requestlog [None req-e14ef7c2-efa5-4f99-a1da-f1eeb2c40a08 - - - - - -] 10.0.0.246 "GET /" status: 200 len: 136 microversion: 1.0
2026-08-13 10:06:12.033 8 INFO placement.requestlog [None req-ce3b23cf-c8fc-4091-8161-9c608ea1b770 - - - - - -] 10.0.0.246 "GET /" status: 200 len: 136 microversion: 1.0
2026-08-13 10:06:22.034 7 INFO placement.requestlog [None req-d88edc44-331b-4bdb-b978-db2c5fff1bb7 - - - - - -] 10.0.0.246 "GET /" status: 200 len: 136 microversion: 1.0
2026-08-13 10:06:22.034 8 INFO placement.requestlog [None req-77abd62e-74f1-47d6-800f-b144b63f328f - - - - - -] 10.0.0.246 "GET /" status: 200 len: 136 microversion: 1.0
2026-08-13 10:06:26.021 7 INFO placement.requestlog [req-ecd48ec2-fb42-447d-a03c-4216b41d5ecb req-457c1c2d-cc03-4b4d-807c-ed79d69283b2 f4f6d0167552476a9884a62d48b629ca 3ee4729e3e194165909bd5ca501fdeb0 - - 38f8e015e54f454c8c1e3f4f10543fe3 38f8e015e54f454c8c1e3f4f10543fe3] 199.204.45.235 "GET /resource_providers/8204f2b1-b7c2-462c-bf71-d9e0c45bd381/allocations" status: 200 len: 54 microversion: 1.0 [pid: 7|app: 0|req: 298/592] 199.204.45.235 () {32 vars in 857 bytes} [Thu Aug 13 10:06:25 2026] GET /resource_providers/8204f2b1-b7c2-462c-bf71-d9e0c45bd381/allocations => generated 54 bytes in 134 msecs (HTTP/1.1 200) 6 headers in 223 bytes (1 switches on core 0)
2026-08-13 10:06:26.047 8 INFO placement.requestlog [req-ecd48ec2-fb42-447d-a03c-4216b41d5ecb req-dfbaae88-1226-42c5-958a-419bfc7ae97d f4f6d0167552476a9884a62d48b629ca 3ee4729e3e194165909bd5ca501fdeb0 - - 38f8e015e54f454c8c1e3f4f10543fe3 38f8e015e54f454c8c1e3f4f10543fe3] 199.204.45.235 "GET /resource_providers?in_tree=8204f2b1-b7c2-462c-bf71-d9e0c45bd381" status: 200 len: 797 microversion: 1.14 [pid: 8|app: 0|req: 295/593] 199.204.45.235 () {34 vars in 892 bytes} [Thu Aug 13 10:06:26 2026] GET /resource_providers?in_tree=8204f2b1-b7c2-462c-bf71-d9e0c45bd381 => generated 797 bytes in 18 msecs (HTTP/1.1 200) 6 headers in 225 bytes (1 switches on core 0)
2026-08-13 10:06:26.063 7 INFO placement.requestlog [req-ecd48ec2-fb42-447d-a03c-4216b41d5ecb req-8123ece8-1b3e-4063-8572-de4fd9c0b72d f4f6d0167552476a9884a62d48b629ca 3ee4729e3e194165909bd5ca501fdeb0 - - 38f8e015e54f454c8c1e3f4f10543fe3 38f8e015e54f454c8c1e3f4f10543fe3] 199.204.45.235 "GET /resource_providers/8204f2b1-b7c2-462c-bf71-d9e0c45bd381/inventories" status: 200 len: 400 microversion: 1.0 [pid: 7|app: 0|req: 299/594] 199.204.45.235 () {32 vars in 857 bytes} [Thu Aug 13 10:06:26 2026] GET /resource_providers/8204f2b1-b7c2-462c-bf71-d9e0c45bd381/inventories => generated 400 bytes in 9 msecs (HTTP/1.1 200) 6 headers in 224 bytes (1 switches on core 0)
2026-08-13 10:06:26.082 8 INFO placement.requestlog [req-ecd48ec2-fb42-447d-a03c-4216b41d5ecb req-9792e62b-bd03-4695-b503-995840468df9 f4f6d0167552476a9884a62d48b629ca 3ee4729e3e194165909bd5ca501fdeb0 - - 38f8e015e54f454c8c1e3f4f10543fe3 38f8e015e54f454c8c1e3f4f10543fe3] 199.204.45.235 "GET /resource_providers/8204f2b1-b7c2-462c-bf71-d9e0c45bd381/aggregates" status: 200 len: 53 microversion: 1.19 [pid: 8|app: 0|req: 296/595] 199.204.45.235 () {34 vars in 899 bytes} [Thu Aug 13 10:06:26 2026] GET /resource_providers/8204f2b1-b7c2-462c-bf71-d9e0c45bd381/aggregates => generated 53 bytes in 13 msecs (HTTP/1.1 200) 8 headers in 295 bytes (1 switches on core 0)
2026-08-13 10:06:26.104 7 INFO placement.requestlog [req-ecd48ec2-fb42-447d-a03c-4216b41d5ecb req-a1f1603e-86ad-439e-a6c0-0e145ecdf1eb f4f6d0167552476a9884a62d48b629ca 3ee4729e3e194165909bd5ca501fdeb0 - - 38f8e015e54f454c8c1e3f4f10543fe3 38f8e015e54f454c8c1e3f4f10543fe3] 199.204.45.235 "GET /resource_providers/8204f2b1-b7c2-462c-bf71-d9e0c45bd381/traits" status: 200 len: 2316 microversion: 1.6 [pid: 7|app: 0|req: 300/596] 199.204.45.235 () {34 vars in 890 bytes} [Thu Aug 13 10:06:26 2026] GET /resource_providers/8204f2b1-b7c2-462c-bf71-d9e0c45bd381/traits => generated 2316 bytes in 16 msecs (HTTP/1.1 200) 6 headers in 225 bytes (1 switches on core 0)
2026-08-13 10:06:26.122 8 INFO placement.requestlog [req-ecd48ec2-fb42-447d-a03c-4216b41d5ecb req-7a5bb038-7953-45be-8be5-da549da1b5d4 f4f6d0167552476a9884a62d48b629ca 3ee4729e3e194165909bd5ca501fdeb0 - - 38f8e015e54f454c8c1e3f4f10543fe3 38f8e015e54f454c8c1e3f4f10543fe3] 199.204.45.235 "GET /resource_providers/8204f2b1-b7c2-462c-bf71-d9e0c45bd381/allocations" status: 200 len: 54 microversion: 1.0 [pid: 8|app: 0|req: 297/597] 199.204.45.235 () {32 vars in 857 bytes} [Thu Aug 13 10:06:26 2026] GET /resource_providers/8204f2b1-b7c2-462c-bf71-d9e0c45bd381/allocations => generated 54 bytes in 12 msecs (HTTP/1.1 200) 6 headers in 223 bytes (1 switches on core 0)
2026-08-13 10:06:32.033 7 INFO placement.requestlog [None req-d0683292-eebc-4499-b0b8-6227255c34eb - - - - - -] 10.0.0.246 "GET /" status: 200 len: 136 microversion: 1.0
2026-08-13 10:06:32.033 8 INFO placement.requestlog [None req-eb849070-2569-417e-8cab-d9c2bb02dc0b - - - - - -] 10.0.0.246 "GET /" status: 200 len: 136 microversion: 1.0
2026-08-13 10:06:42.034 8 INFO placement.requestlog [None req-a383e9e7-1b39-45ef-ae67-fbf957e4dde7 - - - - - -] 10.0.0.246 "GET /" status: 200 len: 136 microversion: 1.0
2026-08-13 10:06:42.033 7 INFO placement.requestlog [None req-07d140ee-18ae-4db2-83a7-cdebbc0afe63 - - - - - -] 10.0.0.246 "GET /" status: 200 len: 136 microversion: 1.0
2026-08-13 10:06:52.034 7 INFO placement.requestlog [None req-e828b4ef-6695-4f09-aa49-cca313c2380d - - - - - -] 10.0.0.246 "GET /" status: 200 len: 136 microversion: 1.0
2026-08-13 10:06:52.034 8 INFO placement.requestlog [None req-29a6fe6d-6a2a-40aa-9940-6d72d60daaa5 - - - - - -] 10.0.0.246 "GET /" status: 200 len: 136 microversion: 1.0
2026-08-13 10:07:02.033 8 INFO placement.requestlog [None req-16b607c4-016a-4979-b386-1b088c5c2395 - - - - - -] 10.0.0.246 "GET /" status: 200 len: 136 microversion: 1.0
2026-08-13 10:07:02.034 7 INFO placement.requestlog [None req-3c7ef361-c6c7-4b88-a63a-c9f858d970fb - - - - - -] 10.0.0.246 "GET /" status: 200 len: 136 microversion: 1.0
2026-08-13 10:07:12.033 8 INFO placement.requestlog [None req-8b5ffdaf-ab11-4631-bb70-b46c6127ccbd - - - - - -] 10.0.0.246 "GET /" status: 200 len: 136 microversion: 1.0
2026-08-13 10:07:12.033 7 INFO placement.requestlog [None req-6854ea16-80c5-486b-8999-947443e7ae98 - - - - - -] 10.0.0.246 "GET /" status: 200 len: 136 microversion: 1.0
2026-08-13 10:07:22.033 8 INFO placement.requestlog [None req-57250c39-f205-4327-af6f-6c7f6ba58c0a - - - - - -] 10.0.0.246 "GET /" status: 200 len: 136 microversion: 1.0
2026-08-13 10:07:22.034 7 INFO placement.requestlog [None req-c813070b-6f71-4b7b-b128-b72950801f12 - - - - - -] 10.0.0.246 "GET /" status: 200 len: 136 microversion: 1.0
2026-08-13 10:07:27.867 8 INFO placement.requestlog [req-cd2b773a-f038-44b9-ab82-1fa51d6c8ac8 req-1e6260e8-01d6-4f70-9168-c88c41d6bc58 f4f6d0167552476a9884a62d48b629ca 3ee4729e3e194165909bd5ca501fdeb0 - - 38f8e015e54f454c8c1e3f4f10543fe3 38f8e015e54f454c8c1e3f4f10543fe3] 199.204.45.235 "GET /resource_providers/8204f2b1-b7c2-462c-bf71-d9e0c45bd381/allocations" status: 200 len: 54 microversion: 1.0 [pid: 8|app: 0|req: 304/610] 199.204.45.235 () {32 vars in 857 bytes} [Thu Aug 13 10:07:27 2026] GET /resource_providers/8204f2b1-b7c2-462c-bf71-d9e0c45bd381/allocations => generated 54 bytes in 16 msecs (HTTP/1.1 200) 6 headers in 223 bytes (1 switches on core 0)
2026-08-13 10:07:27.893 7 INFO placement.requestlog [req-cd2b773a-f038-44b9-ab82-1fa51d6c8ac8 req-8bce60ed-ee00-465f-bacc-d43600a729d4 f4f6d0167552476a9884a62d48b629ca 3ee4729e3e194165909bd5ca501fdeb0 - - 38f8e015e54f454c8c1e3f4f10543fe3 38f8e015e54f454c8c1e3f4f10543fe3] 199.204.45.235 "GET /resource_providers/8204f2b1-b7c2-462c-bf71-d9e0c45bd381/allocations" status: 200 len: 54 microversion: 1.0 [pid: 7|app: 0|req: 307/611] 199.204.45.235 () {32 vars in 857 bytes} [Thu Aug 13 10:07:27 2026] GET /resource_providers/8204f2b1-b7c2-462c-bf71-d9e0c45bd381/allocations => generated 54 bytes in 19 msecs (HTTP/1.1 200) 6 headers in 223 bytes (1 switches on core 0)
2026-08-13 10:07:32.033 8 INFO placement.requestlog [None req-6c0d147e-7ddb-4456-954f-a1da98c9f144 - - - - - -] 10.0.0.246 "GET /" status: 200 len: 136 microversion: 1.0
2026-08-13 10:07:32.033 7 INFO placement.requestlog [None req-a33d49fb-b15b-4d2b-80cd-5d2a7ef84ec9 - - - - - -] 10.0.0.246 "GET /" status: 200 len: 136 microversion: 1.0
2026-08-13 10:07:42.033 8 INFO placement.requestlog [None req-ce513597-5cc5-4664-ae6b-81511aee903a - - - - - -] 10.0.0.246 "GET /" status: 200 len: 136 microversion: 1.0
2026-08-13 10:07:42.033 7 INFO placement.requestlog [None req-fe8d1ccc-e55e-4d1b-adae-0d363f34f3e3 - - - - - -] 10.0.0.246 "GET /" status: 200 len: 136 microversion: 1.0
2026-08-13 10:07:52.035 8 INFO placement.requestlog [None req-6da110da-faf4-4641-b90c-8bb448936847 - - - - - -] 10.0.0.246 "GET /" status: 200 len: 136 microversion: 1.0
2026-08-13 10:07:52.035 7 INFO placement.requestlog [None req-247ae77a-be9f-4a4c-bdfd-c3e19b0864de - - - - - -] 10.0.0.246 "GET /" status: 200 len: 136 microversion: 1.0
2026-08-13 10:08:02.033 8 INFO placement.requestlog [None req-fc2f392b-900e-4a94-ad0d-f35939dae477 - - - - - -] 10.0.0.246 "GET /" status: 200 len: 136 microversion: 1.0
2026-08-13 10:08:02.033 7 INFO placement.requestlog [None req-6980e5e2-c042-4591-a80d-ecdfb14a7d13 - - - - - -] 10.0.0.246 "GET /" status: 200 len: 136 microversion: 1.0
2026-08-13 10:08:12.033 8 INFO placement.requestlog [None req-ee4d5ab7-4308-45cc-b822-0dae11b2324b - - - - - -] 10.0.0.246 "GET /" status: 200 len: 136 microversion: 1.0
2026-08-13 10:08:12.033 7 INFO placement.requestlog [None req-490d35dc-024f-4b30-8347-254357d00137 - - - - - -] 10.0.0.246 "GET /" status: 200 len: 136 microversion: 1.0
2026-08-13 10:08:22.032 8 INFO placement.requestlog [None req-f2010c9f-8905-4c7d-8b61-7fc03e487984 - - - - - -] 10.0.0.246 "GET /" status: 200 len: 136 microversion: 1.0
2026-08-13 10:08:22.033 7 INFO placement.requestlog [None req-62401568-82bd-429e-8ef8-d05b88a728a6 - - - - - -] 10.0.0.246 "GET /" status: 200 len: 136 microversion: 1.0
2026-08-13 10:08:30.022 8 INFO placement.requestlog [req-2a5ed822-61fc-497b-abb5-3ffb16e48f28 req-84fac7eb-1163-438c-91ab-9fd121f3c905 f4f6d0167552476a9884a62d48b629ca 3ee4729e3e194165909bd5ca501fdeb0 - - 38f8e015e54f454c8c1e3f4f10543fe3 38f8e015e54f454c8c1e3f4f10543fe3] 199.204.45.235 "GET /resource_providers/8204f2b1-b7c2-462c-bf71-d9e0c45bd381/allocations" status: 200 len: 54 microversion: 1.0 [pid: 8|app: 0|req: 311/624] 199.204.45.235 () {32 vars in 857 bytes} [Thu Aug 13 10:08:30 2026] GET /resource_providers/8204f2b1-b7c2-462c-bf71-d9e0c45bd381/allocations => generated 54 bytes in 17 msecs (HTTP/1.1 200) 6 headers in 223 bytes (1 switches on core 0)
2026-08-13 10:08:30.053 7 INFO placement.requestlog [req-2a5ed822-61fc-497b-abb5-3ffb16e48f28 req-e4695f0d-d470-40ad-bb46-b1817288cd82 f4f6d0167552476a9884a62d48b629ca 3ee4729e3e194165909bd5ca501fdeb0 - - 38f8e015e54f454c8c1e3f4f10543fe3 38f8e015e54f454c8c1e3f4f10543fe3] 199.204.45.235 "GET /resource_providers/8204f2b1-b7c2-462c-bf71-d9e0c45bd381/allocations" status: 200 len: 54 microversion: 1.0 [pid: 7|app: 0|req: 314/625] 199.204.45.235 () {32 vars in 857 bytes} [Thu Aug 13 10:08:30 2026] GET /resource_providers/8204f2b1-b7c2-462c-bf71-d9e0c45bd381/allocations => generated 54 bytes in 20 msecs (HTTP/1.1 200) 6 headers in 223 bytes (1 switches on core 0)
2026-08-13 10:08:32.033 8 INFO placement.requestlog [None req-5a570727-638a-4ca7-9c9d-c5bca3e1bfe3 - - - - - -] 10.0.0.246 "GET /" status: 200 len: 136 microversion: 1.0
2026-08-13 10:08:32.033 7 INFO placement.requestlog [None req-a0fa7764-b463-44c2-9f05-843718c05900 - - - - - -] 10.0.0.246 "GET /" status: 200 len: 136 microversion: 1.0
2026-08-13 10:08:35.014 8 INFO placement.requestlog [req-b3c20034-faaa-446f-9dbf-7d1e801b2567 req-3fda7686-77ca-4281-9429-5e217d326bec f4f6d0167552476a9884a62d48b629ca 3ee4729e3e194165909bd5ca501fdeb0 - - 38f8e015e54f454c8c1e3f4f10543fe3 38f8e015e54f454c8c1e3f4f10543fe3] 10.0.0.100 "GET /allocation_candidates?limit=1000&resources=DISK_GB%3A1%2CMEMORY_MB%3A512%2CVCPU%3A1&root_required=%21COMPUTE_STATUS_DISABLED" status: 200 len: 2781 microversion: 1.36 [pid: 8|app: 0|req: 313/628] 10.0.0.100 () {34 vars in 1012 bytes} [Thu Aug 13 10:08:34 2026] GET /allocation_candidates?limit=1000&resources=DISK_GB%3A1%2CMEMORY_MB%3A512%2CVCPU%3A1&root_required=%21COMPUTE_STATUS_DISABLED => generated 2781 bytes in 185 msecs (HTTP/1.1 200) 8 headers in 297 bytes (1 switches on core 0)
2026-08-13 10:08:35.055 7 INFO placement.requestlog [req-b3c20034-faaa-446f-9dbf-7d1e801b2567 req-0a4078fe-d769-4f00-820b-43c227bb8101 f4f6d0167552476a9884a62d48b629ca 3ee4729e3e194165909bd5ca501fdeb0 - - 38f8e015e54f454c8c1e3f4f10543fe3 38f8e015e54f454c8c1e3f4f10543fe3] 10.0.0.100 "GET /allocations/fb1abba2-0ac8-4e5e-9891-2dd12a97c922" status: 200 len: 19 microversion: 1.28 [pid: 7|app: 0|req: 316/629] 10.0.0.100 () {34 vars in 861 bytes} [Thu Aug 13 10:08:35 2026] GET /allocations/fb1abba2-0ac8-4e5e-9891-2dd12a97c922 => generated 19 bytes in 11 msecs (HTTP/1.1 200) 8 headers in 295 bytes (1 switches on core 0)
2026-08-13 10:08:35.133 8 INFO placement.requestlog [req-b3c20034-faaa-446f-9dbf-7d1e801b2567 req-eb6e90dc-dac7-4f56-b081-714dd35327c3 f4f6d0167552476a9884a62d48b629ca 3ee4729e3e194165909bd5ca501fdeb0 - - 38f8e015e54f454c8c1e3f4f10543fe3 38f8e015e54f454c8c1e3f4f10543fe3] 10.0.0.100 "PUT /allocations/fb1abba2-0ac8-4e5e-9891-2dd12a97c922" status: 204 len: 0 microversion: 1.36 [pid: 8|app: 0|req: 314/630] 10.0.0.100 () {38 vars in 914 bytes} [Thu Aug 13 10:08:35 2026] PUT /allocations/fb1abba2-0ac8-4e5e-9891-2dd12a97c922 => generated 0 bytes in 69 msecs (HTTP/1.1 204) 5 headers in 199 bytes (1 switches on core 0)
2026-08-13 10:08:36.603 7 INFO placement.requestlog [req-b3c20034-faaa-446f-9dbf-7d1e801b2567 req-70a1e48a-b10f-4ec7-806f-964b4728e6bc f4f6d0167552476a9884a62d48b629ca 3ee4729e3e194165909bd5ca501fdeb0 - - 38f8e015e54f454c8c1e3f4f10543fe3 38f8e015e54f454c8c1e3f4f10543fe3] 199.204.45.235 "GET /allocations/fb1abba2-0ac8-4e5e-9891-2dd12a97c922" status: 200 len: 257 microversion: 1.28 [pid: 7|app: 0|req: 317/631] 199.204.45.235 () {34 vars in 863 bytes} [Thu Aug 13 10:08:36 2026] GET /allocations/fb1abba2-0ac8-4e5e-9891-2dd12a97c922 => generated 257 bytes in 11 msecs (HTTP/1.1 200) 8 headers in 296 bytes (1 switches on core 0)
2026-08-13 10:08:37.450 8 INFO placement.requestlog [None req-a068f42e-5bc8-43bb-b8f3-cf2b68004a5e 44dc905a67574b46acc7e91cf8d68789 3ee4729e3e194165909bd5ca501fdeb0 - - 38f8e015e54f454c8c1e3f4f10543fe3 38f8e015e54f454c8c1e3f4f10543fe3] 10.0.0.68 "GET /resource_providers/10007ce5-8b46-4a21-8ac1-7d4b678df5cb/aggregates" status: 404 len: 235 microversion: 1.1 [pid: 8|app: 0|req: 315/632] 10.0.0.68 () {32 vars in 815 bytes} [Thu Aug 13 10:08:37 2026] GET /resource_providers/10007ce5-8b46-4a21-8ac1-7d4b678df5cb/aggregates => generated 235 bytes in 48 msecs (HTTP/1.1 404) 5 headers in 202 bytes (1 switches on core 0)
2026-08-13 10:08:37.473 8 INFO placement.requestlog [None req-a95a65c9-851f-4704-add6-0291a092247e 44dc905a67574b46acc7e91cf8d68789 3ee4729e3e194165909bd5ca501fdeb0 - - 38f8e015e54f454c8c1e3f4f10543fe3 38f8e015e54f454c8c1e3f4f10543fe3] 10.0.0.68 "DELETE /resource_providers/10007ce5-8b46-4a21-8ac1-7d4b678df5cb" status: 404 len: 246 microversion: 1.1 [pid: 8|app: 0|req: 316/633] 10.0.0.68 () {34 vars in 815 bytes} [Thu Aug 13 10:08:37 2026] DELETE /resource_providers/10007ce5-8b46-4a21-8ac1-7d4b678df5cb => generated 246 bytes in 9 msecs (HTTP/1.1 404) 6 headers in 231 bytes (1 switches on core 0)
2026-08-13 10:08:37.483 7 INFO placement.requestlog [None req-1422784b-9dfa-48d6-94b2-89af3820d654 44dc905a67574b46acc7e91cf8d68789 3ee4729e3e194165909bd5ca501fdeb0 - - 38f8e015e54f454c8c1e3f4f10543fe3 38f8e015e54f454c8c1e3f4f10543fe3] 10.0.0.68 "GET /resource_providers/10007ce5-8b46-4a21-8ac1-7d4b678df5cb/aggregates" status: 404 len: 235 microversion: 1.1 [pid: 7|app: 0|req: 318/634] 10.0.0.68 () {32 vars in 815 bytes} [Thu Aug 13 10:08:37 2026] GET /resource_providers/10007ce5-8b46-4a21-8ac1-7d4b678df5cb/aggregates => generated 235 bytes in 64 msecs (HTTP/1.1 404) 5 headers in 202 bytes (1 switches on core 0)
2026-08-13 10:08:37.500 8 INFO placement.requestlog [None req-b65b3156-7cd5-4229-9e4a-58266240ebe8 44dc905a67574b46acc7e91cf8d68789 3ee4729e3e194165909bd5ca501fdeb0 - - 38f8e015e54f454c8c1e3f4f10543fe3 38f8e015e54f454c8c1e3f4f10543fe3] 10.0.0.68 "DELETE /resource_providers/10007ce5-8b46-4a21-8ac1-7d4b678df5cb" status: 404 len: 246 microversion: 1.1 [pid: 8|app: 0|req: 317/635] 10.0.0.68 () {34 vars in 815 bytes} [Thu Aug 13 10:08:37 2026] DELETE /resource_providers/10007ce5-8b46-4a21-8ac1-7d4b678df5cb => generated 246 bytes in 8 msecs (HTTP/1.1 404) 6 headers in 231 bytes (1 switches on core 0)
2026-08-13 10:08:37.648 7 INFO placement.requestlog [req-b3c20034-faaa-446f-9dbf-7d1e801b2567 req-fa5c1f75-756b-4d5d-a4ed-6d72c8adac8b f4f6d0167552476a9884a62d48b629ca 3ee4729e3e194165909bd5ca501fdeb0 - - 38f8e015e54f454c8c1e3f4f10543fe3 38f8e015e54f454c8c1e3f4f10543fe3] 199.204.45.235 "GET /resource_providers/8204f2b1-b7c2-462c-bf71-d9e0c45bd381/allocations" status: 200 len: 152 microversion: 1.0 [pid: 7|app: 0|req: 319/636] 199.204.45.235 () {32 vars in 857 bytes} [Thu Aug 13 10:08:37 2026] GET /resource_providers/8204f2b1-b7c2-462c-bf71-d9e0c45bd381/allocations => generated 152 bytes in 16 msecs (HTTP/1.1 200) 6 headers in 224 bytes (1 switches on core 0)
2026-08-13 10:08:37.670 8 INFO placement.requestlog [req-b3c20034-faaa-446f-9dbf-7d1e801b2567 req-e54d18e5-9c06-47a6-968c-cead01a1a7af f4f6d0167552476a9884a62d48b629ca 3ee4729e3e194165909bd5ca501fdeb0 - - 38f8e015e54f454c8c1e3f4f10543fe3 38f8e015e54f454c8c1e3f4f10543fe3] 199.204.45.235 "GET /allocations/fb1abba2-0ac8-4e5e-9891-2dd12a97c922" status: 200 len: 257 microversion: 1.28 [pid: 8|app: 0|req: 318/637] 199.204.45.235 () {34 vars in 863 bytes} [Thu Aug 13 10:08:37 2026] GET /allocations/fb1abba2-0ac8-4e5e-9891-2dd12a97c922 => generated 257 bytes in 16 msecs (HTTP/1.1 200) 8 headers in 296 bytes (1 switches on core 0)
2026-08-13 10:08:38.435 7 INFO placement.requestlog [None req-efcb63b8-026b-4b0c-8bc2-cec9fd8c61c4 44dc905a67574b46acc7e91cf8d68789 3ee4729e3e194165909bd5ca501fdeb0 - - 38f8e015e54f454c8c1e3f4f10543fe3 38f8e015e54f454c8c1e3f4f10543fe3] 10.0.0.68 "GET /resource_providers/f57bafde-0acf-40d9-8058-80a960e2ad3e/aggregates" status: 404 len: 235 microversion: 1.1 [pid: 7|app: 0|req: 320/638] 10.0.0.68 () {32 vars in 815 bytes} [Thu Aug 13 10:08:38 2026] GET /resource_providers/f57bafde-0acf-40d9-8058-80a960e2ad3e/aggregates => generated 235 bytes in 265 msecs (HTTP/1.1 404) 5 headers in 202 bytes (1 switches on core 0)
2026-08-13 10:08:38.450 8 INFO placement.requestlog [None req-8ca08658-09ee-46db-bb80-731eaef4f9b2 44dc905a67574b46acc7e91cf8d68789 3ee4729e3e194165909bd5ca501fdeb0 - - 38f8e015e54f454c8c1e3f4f10543fe3 38f8e015e54f454c8c1e3f4f10543fe3] 10.0.0.68 "GET /resource_providers/f57bafde-0acf-40d9-8058-80a960e2ad3e/aggregates" status: 404 len: 235 microversion: 1.1 [pid: 8|app: 0|req: 319/639] 10.0.0.68 () {32 vars in 815 bytes} [Thu Aug 13 10:08:38 2026] GET /resource_providers/f57bafde-0acf-40d9-8058-80a960e2ad3e/aggregates => generated 235 bytes in 257 msecs (HTTP/1.1 404) 5 headers in 202 bytes (1 switches on core 0)
2026-08-13 10:08:38.456 7 INFO placement.requestlog [None req-ed4614b1-27f0-4f42-9ea5-33ac90608531 44dc905a67574b46acc7e91cf8d68789 3ee4729e3e194165909bd5ca501fdeb0 - - 38f8e015e54f454c8c1e3f4f10543fe3 38f8e015e54f454c8c1e3f4f10543fe3] 10.0.0.68 "DELETE /resource_providers/f57bafde-0acf-40d9-8058-80a960e2ad3e" status: 404 len: 246 microversion: 1.1 [pid: 7|app: 0|req: 321/640] 10.0.0.68 () {34 vars in 815 bytes} [Thu Aug 13 10:08:38 2026] DELETE /resource_providers/f57bafde-0acf-40d9-8058-80a960e2ad3e => generated 246 bytes in 7 msecs (HTTP/1.1 404) 6 headers in 231 bytes (1 switches on core 0)
2026-08-13 10:08:38.464 8 INFO placement.requestlog [None req-af0279d8-2e0c-4c7b-9a8e-f6413c0c9a5c 44dc905a67574b46acc7e91cf8d68789 3ee4729e3e194165909bd5ca501fdeb0 - - 38f8e015e54f454c8c1e3f4f10543fe3 38f8e015e54f454c8c1e3f4f10543fe3] 10.0.0.68 "DELETE /resource_providers/f57bafde-0acf-40d9-8058-80a960e2ad3e" status: 404 len: 246 microversion: 1.1 [pid: 8|app: 0|req: 320/641] 10.0.0.68 () {34 vars in 815 bytes} [Thu Aug 13 10:08:38 2026] DELETE /resource_providers/f57bafde-0acf-40d9-8058-80a960e2ad3e => generated 246 bytes in 6 msecs (HTTP/1.1 404) 6 headers in 231 bytes (1 switches on core 0)
2026-08-13 10:08:39.502 7 INFO placement.requestlog [None req-6b95ac7c-b6f3-45b5-b702-d6e0a56b94a9 44dc905a67574b46acc7e91cf8d68789 3ee4729e3e194165909bd5ca501fdeb0 - - 38f8e015e54f454c8c1e3f4f10543fe3 38f8e015e54f454c8c1e3f4f10543fe3] 10.0.0.68 "GET /resource_providers/f165d535-f0dd-49db-a080-4d3c188e3504/aggregates" status: 404 len: 235 microversion: 1.1 [pid: 7|app: 0|req: 322/642] 10.0.0.68 () {32 vars in 815 bytes} [Thu Aug 13 10:08:39 2026] GET /resource_providers/f165d535-f0dd-49db-a080-4d3c188e3504/aggregates => generated 235 bytes in 11 msecs (HTTP/1.1 404) 5 headers in 202 bytes (1 switches on core 0)
2026-08-13 10:08:39.517 7 INFO placement.requestlog [None req-d05ce8a3-5cd7-4940-91f9-2facfecbff65 44dc905a67574b46acc7e91cf8d68789 3ee4729e3e194165909bd5ca501fdeb0 - - 38f8e015e54f454c8c1e3f4f10543fe3 38f8e015e54f454c8c1e3f4f10543fe3] 10.0.0.68 "DELETE /resource_providers/f165d535-f0dd-49db-a080-4d3c188e3504" status: 404 len: 246 microversion: 1.1 [pid: 7|app: 0|req: 323/643] 10.0.0.68 () {34 vars in 815 bytes} [Thu Aug 13 10:08:39 2026] DELETE /resource_providers/f165d535-f0dd-49db-a080-4d3c188e3504 => generated 246 bytes in 6 msecs (HTTP/1.1 404) 6 headers in 231 bytes (1 switches on core 0)
2026-08-13 10:08:39.519 8 INFO placement.requestlog [None req-277db0e5-61cc-468b-b937-312fdb25b975 44dc905a67574b46acc7e91cf8d68789 3ee4729e3e194165909bd5ca501fdeb0 - - 38f8e015e54f454c8c1e3f4f10543fe3 38f8e015e54f454c8c1e3f4f10543fe3] 10.0.0.68 "GET /resource_providers/f165d535-f0dd-49db-a080-4d3c188e3504/aggregates" status: 404 len: 235 microversion: 1.1 [pid: 8|app: 0|req: 321/644] 10.0.0.68 () {32 vars in 815 bytes} [Thu Aug 13 10:08:39 2026] GET /resource_providers/f165d535-f0dd-49db-a080-4d3c188e3504/aggregates => generated 235 bytes in 10 msecs (HTTP/1.1 404) 5 headers in 202 bytes (1 switches on core 0)
2026-08-13 10:08:39.532 7 INFO placement.requestlog [None req-1153713c-faeb-435a-b100-0bb3e422e682 44dc905a67574b46acc7e91cf8d68789 3ee4729e3e194165909bd5ca501fdeb0 - - 38f8e015e54f454c8c1e3f4f10543fe3 38f8e015e54f454c8c1e3f4f10543fe3] 10.0.0.68 "DELETE /resource_providers/f165d535-f0dd-49db-a080-4d3c188e3504" status: 404 len: 246 microversion: 1.1 [pid: 7|app: 0|req: 324/645] 10.0.0.68 () {34 vars in 815 bytes} [Thu Aug 13 10:08:39 2026] DELETE /resource_providers/f165d535-f0dd-49db-a080-4d3c188e3504 => generated 246 bytes in 6 msecs (HTTP/1.1 404) 6 headers in 231 bytes (1 switches on core 0)
2026-08-13 10:08:39.741 8 INFO placement.requestlog [req-56fc4226-adbe-43e0-b888-4716bc32e0b2 req-c50611ea-4741-4b74-95f4-4c6322d5617a f4f6d0167552476a9884a62d48b629ca 3ee4729e3e194165909bd5ca501fdeb0 - - 38f8e015e54f454c8c1e3f4f10543fe3 38f8e015e54f454c8c1e3f4f10543fe3] 10.0.0.100 "GET /allocation_candidates?limit=1000&resources=DISK_GB%3A1%2CMEMORY_MB%3A512%2CVCPU%3A1&root_required=%21COMPUTE_STATUS_DISABLED" status: 200 len: 2783 microversion: 1.36 [pid: 8|app: 0|req: 322/646] 10.0.0.100 () {34 vars in 1012 bytes} [Thu Aug 13 10:08:39 2026] GET /allocation_candidates?limit=1000&resources=DISK_GB%3A1%2CMEMORY_MB%3A512%2CVCPU%3A1&root_required=%21COMPUTE_STATUS_DISABLED => generated 2783 bytes in 36 msecs (HTTP/1.1 200) 8 headers in 297 bytes (1 switches on core 0)
2026-08-13 10:08:39.801 7 INFO placement.requestlog [req-56fc4226-adbe-43e0-b888-4716bc32e0b2 req-c58f22fd-0314-4215-a220-6756c1ae71f2 f4f6d0167552476a9884a62d48b629ca 3ee4729e3e194165909bd5ca501fdeb0 - - 38f8e015e54f454c8c1e3f4f10543fe3 38f8e015e54f454c8c1e3f4f10543fe3] 10.0.0.100 "GET /allocations/50d0b802-f669-4b3e-832a-e6d3a6d8869f" status: 200 len: 19 microversion: 1.28 [pid: 7|app: 0|req: 325/647] 10.0.0.100 () {34 vars in 861 bytes} [Thu Aug 13 10:08:39 2026] GET /allocations/50d0b802-f669-4b3e-832a-e6d3a6d8869f => generated 19 bytes in 19 msecs (HTTP/1.1 200) 8 headers in 295 bytes (1 switches on core 0)
2026-08-13 10:08:39.867 8 INFO placement.requestlog [req-56fc4226-adbe-43e0-b888-4716bc32e0b2 req-e1a48221-c987-4e51-b992-82681c8326db f4f6d0167552476a9884a62d48b629ca 3ee4729e3e194165909bd5ca501fdeb0 - - 38f8e015e54f454c8c1e3f4f10543fe3 38f8e015e54f454c8c1e3f4f10543fe3] 10.0.0.100 "PUT /allocations/50d0b802-f669-4b3e-832a-e6d3a6d8869f" status: 204 len: 0 microversion: 1.36 [pid: 8|app: 0|req: 323/648] 10.0.0.100 () {38 vars in 914 bytes} [Thu Aug 13 10:08:39 2026] PUT /allocations/50d0b802-f669-4b3e-832a-e6d3a6d8869f => generated 0 bytes in 59 msecs (HTTP/1.1 204) 5 headers in 199 bytes (1 switches on core 0)
2026-08-13 10:08:40.478 7 INFO placement.requestlog [None req-6fe02fdc-509f-42b9-bd40-0694b899a75f 44dc905a67574b46acc7e91cf8d68789 3ee4729e3e194165909bd5ca501fdeb0 - - 38f8e015e54f454c8c1e3f4f10543fe3 38f8e015e54f454c8c1e3f4f10543fe3] 10.0.0.68 "GET /resource_providers/6e986193-1d3f-4c51-9fc1-85549cca9081/aggregates" status: 404 len: 235 microversion: 1.1 [pid: 7|app: 0|req: 326/649] 10.0.0.68 () {32 vars in 815 bytes} [Thu Aug 13 10:08:40 2026] GET /resource_providers/6e986193-1d3f-4c51-9fc1-85549cca9081/aggregates => generated 235 bytes in 14 msecs (HTTP/1.1 404) 5 headers in 202 bytes (1 switches on core 0)
2026-08-13 10:08:40.485 8 INFO placement.requestlog [None req-880b4b66-2479-4c43-8d0f-b6b19119bf47 44dc905a67574b46acc7e91cf8d68789 3ee4729e3e194165909bd5ca501fdeb0 - - 38f8e015e54f454c8c1e3f4f10543fe3 38f8e015e54f454c8c1e3f4f10543fe3] 10.0.0.68 "GET /resource_providers/6e986193-1d3f-4c51-9fc1-85549cca9081/aggregates" status: 404 len: 235 microversion: 1.1 [pid: 8|app: 0|req: 324/650] 10.0.0.68 () {32 vars in 815 bytes} [Thu Aug 13 10:08:40 2026] GET /resource_providers/6e986193-1d3f-4c51-9fc1-85549cca9081/aggregates => generated 235 bytes in 14 msecs (HTTP/1.1 404) 5 headers in 202 bytes (1 switches on core 0)
2026-08-13 10:08:40.496 8 INFO placement.requestlog [None req-00f1e312-92e1-4f1a-9f69-4ecc8d90717c 44dc905a67574b46acc7e91cf8d68789 3ee4729e3e194165909bd5ca501fdeb0 - - 38f8e015e54f454c8c1e3f4f10543fe3 38f8e015e54f454c8c1e3f4f10543fe3] 10.0.0.68 "DELETE /resource_providers/6e986193-1d3f-4c51-9fc1-85549cca9081" status: 404 len: 246 microversion: 1.1 [pid: 8|app: 0|req: 325/651] 10.0.0.68 () {34 vars in 815 bytes} [Thu Aug 13 10:08:40 2026] DELETE /resource_providers/6e986193-1d3f-4c51-9fc1-85549cca9081 => generated 246 bytes in 4 msecs (HTTP/1.1 404) 6 headers in 231 bytes (1 switches on core 0)
2026-08-13 10:08:40.497 7 INFO placement.requestlog [None req-ea4b72b3-5e88-4533-8760-ae43d281e457 44dc905a67574b46acc7e91cf8d68789 3ee4729e3e194165909bd5ca501fdeb0 - - 38f8e015e54f454c8c1e3f4f10543fe3 38f8e015e54f454c8c1e3f4f10543fe3] 10.0.0.68 "DELETE /resource_providers/6e986193-1d3f-4c51-9fc1-85549cca9081" status: 404 len: 246 microversion: 1.1 [pid: 7|app: 0|req: 327/652] 10.0.0.68 () {34 vars in 815 bytes} [Thu Aug 13 10:08:40 2026] DELETE /resource_providers/6e986193-1d3f-4c51-9fc1-85549cca9081 => generated 246 bytes in 13 msecs (HTTP/1.1 404) 6 headers in 231 bytes (1 switches on core 0)
2026-08-13 10:08:41.555 8 INFO placement.requestlog [req-56fc4226-adbe-43e0-b888-4716bc32e0b2 req-b4046746-62e7-4928-87b0-b5821eef0208 f4f6d0167552476a9884a62d48b629ca 3ee4729e3e194165909bd5ca501fdeb0 - - 38f8e015e54f454c8c1e3f4f10543fe3 38f8e015e54f454c8c1e3f4f10543fe3] 199.204.45.235 "GET /allocations/50d0b802-f669-4b3e-832a-e6d3a6d8869f" status: 200 len: 257 microversion: 1.28 [pid: 8|app: 0|req: 326/653] 199.204.45.235 () {34 vars in 863 bytes} [Thu Aug 13 10:08:41 2026] GET /allocations/50d0b802-f669-4b3e-832a-e6d3a6d8869f => generated 257 bytes in 26 msecs (HTTP/1.1 200) 8 headers in 296 bytes (1 switches on core 0)
2026-08-13 10:08:42.034 7 INFO placement.requestlog [None req-da0efcc8-1665-4a14-9ea6-f23b9b3581fc - - - - - -] 10.0.0.246 "GET /" status: 200 len: 136 microversion: 1.0
2026-08-13 10:08:42.034 8 INFO placement.requestlog [None req-8ff600b2-5679-4bc1-9ef5-e91a181eca7c - - - - - -] 10.0.0.246 "GET /" status: 200 len: 136 microversion: 1.0
2026-08-13 10:08:42.608 7 INFO placement.requestlog [req-56fc4226-adbe-43e0-b888-4716bc32e0b2 req-331ff5cd-9def-499a-a676-bacd4c94979e f4f6d0167552476a9884a62d48b629ca 3ee4729e3e194165909bd5ca501fdeb0 - - 38f8e015e54f454c8c1e3f4f10543fe3 38f8e015e54f454c8c1e3f4f10543fe3] 199.204.45.235 "GET /resource_providers/8204f2b1-b7c2-462c-bf71-d9e0c45bd381/allocations" status: 200 len: 252 microversion: 1.0 [pid: 7|app: 0|req: 329/656] 199.204.45.235 () {32 vars in 857 bytes} [Thu Aug 13 10:08:42 2026] GET /resource_providers/8204f2b1-b7c2-462c-bf71-d9e0c45bd381/allocations => generated 252 bytes in 20 msecs (HTTP/1.1 200) 6 headers in 224 bytes (1 switches on core 0)
2026-08-13 10:08:42.628 8 INFO placement.requestlog [req-56fc4226-adbe-43e0-b888-4716bc32e0b2 req-b24187e6-fccb-4253-a761-e74e8fcc73ad f4f6d0167552476a9884a62d48b629ca 3ee4729e3e194165909bd5ca501fdeb0 - - 38f8e015e54f454c8c1e3f4f10543fe3 38f8e015e54f454c8c1e3f4f10543fe3] 199.204.45.235 "GET /allocations/fb1abba2-0ac8-4e5e-9891-2dd12a97c922" status: 200 len: 257 microversion: 1.28 [pid: 8|app: 0|req: 328/657] 199.204.45.235 () {34 vars in 863 bytes} [Thu Aug 13 10:08:42 2026] GET /allocations/fb1abba2-0ac8-4e5e-9891-2dd12a97c922 => generated 257 bytes in 17 msecs (HTTP/1.1 200) 8 headers in 296 bytes (1 switches on core 0)
2026-08-13 10:08:42.660 7 INFO placement.requestlog [req-56fc4226-adbe-43e0-b888-4716bc32e0b2 req-34f17cf8-5d0e-4f36-b7f3-61fa8208071a f4f6d0167552476a9884a62d48b629ca 3ee4729e3e194165909bd5ca501fdeb0 - - 38f8e015e54f454c8c1e3f4f10543fe3 38f8e015e54f454c8c1e3f4f10543fe3] 199.204.45.235 "GET /allocations/50d0b802-f669-4b3e-832a-e6d3a6d8869f" status: 200 len: 257 microversion: 1.28 [pid: 7|app: 0|req: 330/658] 199.204.45.235 () {34 vars in 863 bytes} [Thu Aug 13 10:08:42 2026] GET /allocations/50d0b802-f669-4b3e-832a-e6d3a6d8869f => generated 257 bytes in 21 msecs (HTTP/1.1 200) 8 headers in 296 bytes (1 switches on core 0)
2026-08-13 10:08:47.176 8 INFO placement.requestlog [req-32dfd45b-8153-44cf-af94-35471900098a req-94495245-38c4-4f65-b4db-52455ea94b8b f4f6d0167552476a9884a62d48b629ca 3ee4729e3e194165909bd5ca501fdeb0 - - 38f8e015e54f454c8c1e3f4f10543fe3 38f8e015e54f454c8c1e3f4f10543fe3] 10.0.0.100 "GET /allocation_candidates?limit=1000&resources=DISK_GB%3A1%2CMEMORY_MB%3A512%2CVCPU%3A1&root_required=%21COMPUTE_STATUS_DISABLED" status: 200 len: 2784 microversion: 1.36 [pid: 8|app: 0|req: 329/659] 10.0.0.100 () {34 vars in 1012 bytes} [Thu Aug 13 10:08:47 2026] GET /allocation_candidates?limit=1000&resources=DISK_GB%3A1%2CMEMORY_MB%3A512%2CVCPU%3A1&root_required=%21COMPUTE_STATUS_DISABLED => generated 2784 bytes in 51 msecs (HTTP/1.1 200) 8 headers in 297 bytes (1 switches on core 0)
2026-08-13 10:08:47.213 7 INFO placement.requestlog [req-32dfd45b-8153-44cf-af94-35471900098a req-f55827e0-a729-4948-be55-2c2a55f50da4 f4f6d0167552476a9884a62d48b629ca 3ee4729e3e194165909bd5ca501fdeb0 - - 38f8e015e54f454c8c1e3f4f10543fe3 38f8e015e54f454c8c1e3f4f10543fe3] 10.0.0.100 "GET /allocations/3897d78c-7e0b-4fff-8d67-7e9201e1a5b7" status: 200 len: 19 microversion: 1.28 [pid: 7|app: 0|req: 331/660] 10.0.0.100 () {34 vars in 861 bytes} [Thu Aug 13 10:08:47 2026] GET /allocations/3897d78c-7e0b-4fff-8d67-7e9201e1a5b7 => generated 19 bytes in 10 msecs (HTTP/1.1 200) 8 headers in 295 bytes (1 switches on core 0)
2026-08-13 10:08:47.311 8 INFO placement.requestlog [req-32dfd45b-8153-44cf-af94-35471900098a req-ab085b8a-5c34-4bb2-935c-6f0dc2902512 f4f6d0167552476a9884a62d48b629ca 3ee4729e3e194165909bd5ca501fdeb0 - - 38f8e015e54f454c8c1e3f4f10543fe3 38f8e015e54f454c8c1e3f4f10543fe3] 10.0.0.100 "PUT /allocations/3897d78c-7e0b-4fff-8d67-7e9201e1a5b7" status: 204 len: 0 microversion: 1.36 [pid: 8|app: 0|req: 330/661] 10.0.0.100 () {38 vars in 914 bytes} [Thu Aug 13 10:08:47 2026] PUT /allocations/3897d78c-7e0b-4fff-8d67-7e9201e1a5b7 => generated 0 bytes in 88 msecs (HTTP/1.1 204) 5 headers in 199 bytes (1 switches on core 0)
2026-08-13 10:08:48.808 7 INFO placement.requestlog [req-32dfd45b-8153-44cf-af94-35471900098a req-27963af7-ae19-44d7-81dc-be13ff3def7a f4f6d0167552476a9884a62d48b629ca 3ee4729e3e194165909bd5ca501fdeb0 - - 38f8e015e54f454c8c1e3f4f10543fe3 38f8e015e54f454c8c1e3f4f10543fe3] 199.204.45.235 "GET /allocations/3897d78c-7e0b-4fff-8d67-7e9201e1a5b7" status: 200 len: 257 microversion: 1.28 [pid: 7|app: 0|req: 332/662] 199.204.45.235 () {34 vars in 863 bytes} [Thu Aug 13 10:08:48 2026] GET /allocations/3897d78c-7e0b-4fff-8d67-7e9201e1a5b7 => generated 257 bytes in 23 msecs (HTTP/1.1 200) 8 headers in 296 bytes (1 switches on core 0)
2026-08-13 10:08:49.877 8 INFO placement.requestlog [req-32dfd45b-8153-44cf-af94-35471900098a req-fdead20e-f2ff-4e56-bf81-81890e5c5197 f4f6d0167552476a9884a62d48b629ca 3ee4729e3e194165909bd5ca501fdeb0 - - 38f8e015e54f454c8c1e3f4f10543fe3 38f8e015e54f454c8c1e3f4f10543fe3] 199.204.45.235 "GET /resource_providers/8204f2b1-b7c2-462c-bf71-d9e0c45bd381/allocations" status: 200 len: 352 microversion: 1.0 [pid: 8|app: 0|req: 331/663] 199.204.45.235 () {32 vars in 857 bytes} [Thu Aug 13 10:08:49 2026] GET /resource_providers/8204f2b1-b7c2-462c-bf71-d9e0c45bd381/allocations => generated 352 bytes in 41 msecs (HTTP/1.1 200) 6 headers in 224 bytes (1 switches on core 0)
2026-08-13 10:08:49.899 7 INFO placement.requestlog [req-32dfd45b-8153-44cf-af94-35471900098a req-1bbdcd74-46db-4d5e-8b6e-75236eaef34c f4f6d0167552476a9884a62d48b629ca 3ee4729e3e194165909bd5ca501fdeb0 - - 38f8e015e54f454c8c1e3f4f10543fe3 38f8e015e54f454c8c1e3f4f10543fe3] 199.204.45.235 "GET /allocations/fb1abba2-0ac8-4e5e-9891-2dd12a97c922" status: 200 len: 257 microversion: 1.28 [pid: 7|app: 0|req: 333/664] 199.204.45.235 () {34 vars in 863 bytes} [Thu Aug 13 10:08:49 2026] GET /allocations/fb1abba2-0ac8-4e5e-9891-2dd12a97c922 => generated 257 bytes in 18 msecs (HTTP/1.1 200) 8 headers in 296 bytes (1 switches on core 0)
2026-08-13 10:08:49.916 8 INFO placement.requestlog [req-32dfd45b-8153-44cf-af94-35471900098a req-4d352b69-a8b4-4a23-9f81-b1e458a5c9b6 f4f6d0167552476a9884a62d48b629ca 3ee4729e3e194165909bd5ca501fdeb0 - - 38f8e015e54f454c8c1e3f4f10543fe3 38f8e015e54f454c8c1e3f4f10543fe3] 199.204.45.235 "GET /allocations/50d0b802-f669-4b3e-832a-e6d3a6d8869f" status: 200 len: 257 microversion: 1.28 [pid: 8|app: 0|req: 332/665] 199.204.45.235 () {34 vars in 863 bytes} [Thu Aug 13 10:08:49 2026] GET /allocations/50d0b802-f669-4b3e-832a-e6d3a6d8869f => generated 257 bytes in 13 msecs (HTTP/1.1 200) 8 headers in 296 bytes (1 switches on core 0)
2026-08-13 10:08:49.929 7 INFO placement.requestlog [req-32dfd45b-8153-44cf-af94-35471900098a req-2228a29e-7001-4eb0-9953-c6c72d6c0a4f f4f6d0167552476a9884a62d48b629ca 3ee4729e3e194165909bd5ca501fdeb0 - - 38f8e015e54f454c8c1e3f4f10543fe3 38f8e015e54f454c8c1e3f4f10543fe3] 199.204.45.235 "GET /allocations/3897d78c-7e0b-4fff-8d67-7e9201e1a5b7" status: 200 len: 257 microversion: 1.28 [pid: 7|app: 0|req: 334/666] 199.204.45.235 () {34 vars in 863 bytes} [Thu Aug 13 10:08:49 2026] GET /allocations/3897d78c-7e0b-4fff-8d67-7e9201e1a5b7 => generated 257 bytes in 9 msecs (HTTP/1.1 200) 8 headers in 296 bytes (1 switches on core 0)
2026-08-13 10:08:52.033 8 INFO placement.requestlog [None req-6e78312d-a055-4107-a65a-4c2aed85ba29 - - - - - -] 10.0.0.246 "GET /" status: 200 len: 136 microversion: 1.0
2026-08-13 10:08:52.033 7 INFO placement.requestlog [None req-3510b48c-323a-4fc3-85cd-cd13488982a9 - - - - - -] 10.0.0.246 "GET /" status: 200 len: 136 microversion: 1.0
2026-08-13 10:08:58.380 8 INFO placement.requestlog [req-6e8867c4-94e0-4fd7-bd4f-27b1d47d511b req-822fab02-0ae9-4b19-8706-6ead44f46a2c f4f6d0167552476a9884a62d48b629ca 3ee4729e3e194165909bd5ca501fdeb0 - - 38f8e015e54f454c8c1e3f4f10543fe3 38f8e015e54f454c8c1e3f4f10543fe3] 199.204.45.235 "GET /resource_providers/8204f2b1-b7c2-462c-bf71-d9e0c45bd381/allocations" status: 200 len: 352 microversion: 1.0 [pid: 8|app: 0|req: 334/669] 199.204.45.235 () {32 vars in 857 bytes} [Thu Aug 13 10:08:58 2026] GET /resource_providers/8204f2b1-b7c2-462c-bf71-d9e0c45bd381/allocations => generated 352 bytes in 25 msecs (HTTP/1.1 200) 6 headers in 224 bytes (1 switches on core 0)
2026-08-13 10:08:58.401 7 INFO placement.requestlog [req-6e8867c4-94e0-4fd7-bd4f-27b1d47d511b req-e1ab0e9b-966f-46d2-aaa1-5c7e0f54aaf1 f4f6d0167552476a9884a62d48b629ca 3ee4729e3e194165909bd5ca501fdeb0 - - 38f8e015e54f454c8c1e3f4f10543fe3 38f8e015e54f454c8c1e3f4f10543fe3] 199.204.45.235 "GET /allocations/fb1abba2-0ac8-4e5e-9891-2dd12a97c922" status: 200 len: 257 microversion: 1.28 [pid: 7|app: 0|req: 336/670] 199.204.45.235 () {34 vars in 863 bytes} [Thu Aug 13 10:08:58 2026] GET /allocations/fb1abba2-0ac8-4e5e-9891-2dd12a97c922 => generated 257 bytes in 13 msecs (HTTP/1.1 200) 8 headers in 296 bytes (1 switches on core 0)
2026-08-13 10:08:58.425 8 INFO placement.requestlog [req-6e8867c4-94e0-4fd7-bd4f-27b1d47d511b req-bea4f4d4-4829-416f-a6d1-ac0ea8df6d7d f4f6d0167552476a9884a62d48b629ca 3ee4729e3e194165909bd5ca501fdeb0 - - 38f8e015e54f454c8c1e3f4f10543fe3 38f8e015e54f454c8c1e3f4f10543fe3] 199.204.45.235 "GET /allocations/50d0b802-f669-4b3e-832a-e6d3a6d8869f" status: 200 len: 257 microversion: 1.28 [pid: 8|app: 0|req: 335/671] 199.204.45.235 () {34 vars in 863 bytes} [Thu Aug 13 10:08:58 2026] GET /allocations/50d0b802-f669-4b3e-832a-e6d3a6d8869f => generated 257 bytes in 17 msecs (HTTP/1.1 200) 8 headers in 296 bytes (1 switches on core 0)
2026-08-13 10:08:58.443 7 INFO placement.requestlog [req-6e8867c4-94e0-4fd7-bd4f-27b1d47d511b req-9b85bc70-216b-4c85-a021-f9c3717324cd f4f6d0167552476a9884a62d48b629ca 3ee4729e3e194165909bd5ca501fdeb0 - - 38f8e015e54f454c8c1e3f4f10543fe3 38f8e015e54f454c8c1e3f4f10543fe3] 199.204.45.235 "GET /allocations/3897d78c-7e0b-4fff-8d67-7e9201e1a5b7" status: 200 len: 257 microversion: 1.28 [pid: 7|app: 0|req: 337/672] 199.204.45.235 () {34 vars in 863 bytes} [Thu Aug 13 10:08:58 2026] GET /allocations/3897d78c-7e0b-4fff-8d67-7e9201e1a5b7 => generated 257 bytes in 11 msecs (HTTP/1.1 200) 8 headers in 296 bytes (1 switches on core 0)
2026-08-13 10:08:59.487 8 INFO placement.requestlog [req-6e8867c4-94e0-4fd7-bd4f-27b1d47d511b req-1fea05fb-9a20-4b5f-b094-97a0fd1fb9c5 f4f6d0167552476a9884a62d48b629ca 3ee4729e3e194165909bd5ca501fdeb0 - - 38f8e015e54f454c8c1e3f4f10543fe3 38f8e015e54f454c8c1e3f4f10543fe3] 199.204.45.235 "DELETE /allocations/fb1abba2-0ac8-4e5e-9891-2dd12a97c922" status: 204 len: 0 microversion: 1.0 [pid: 8|app: 0|req: 336/673] 199.204.45.235 () {34 vars in 841 bytes} [Thu Aug 13 10:08:59 2026] DELETE /allocations/fb1abba2-0ac8-4e5e-9891-2dd12a97c922 => generated 0 bytes in 18 msecs (HTTP/1.1 204) 5 headers in 198 bytes (1 switches on core 0)
2026-08-13 10:09:01.321 7 INFO placement.requestlog [None req-f183eddd-e961-4300-ae4e-bb90cbdc8949 44dc905a67574b46acc7e91cf8d68789 3ee4729e3e194165909bd5ca501fdeb0 - - 38f8e015e54f454c8c1e3f4f10543fe3 38f8e015e54f454c8c1e3f4f10543fe3] 10.0.0.68 "GET /resource_providers/1c9dbff9-91b0-4b6a-acbb-503ae977be86/aggregates" status: 404 len: 235 microversion: 1.1 [pid: 7|app: 0|req: 338/674] 10.0.0.68 () {32 vars in 815 bytes} [Thu Aug 13 10:09:01 2026] GET /resource_providers/1c9dbff9-91b0-4b6a-acbb-503ae977be86/aggregates => generated 235 bytes in 10 msecs (HTTP/1.1 404) 5 headers in 202 bytes (1 switches on core 0)
2026-08-13 10:09:01.330 8 INFO placement.requestlog [None req-7fa1209c-ef7e-49f9-ae07-f9ed2de71f3c 44dc905a67574b46acc7e91cf8d68789 3ee4729e3e194165909bd5ca501fdeb0 - - 38f8e015e54f454c8c1e3f4f10543fe3 38f8e015e54f454c8c1e3f4f10543fe3] 10.0.0.68 "GET /resource_providers/1c9dbff9-91b0-4b6a-acbb-503ae977be86/aggregates" status: 404 len: 235 microversion: 1.1 [pid: 8|app: 0|req: 337/675] 10.0.0.68 () {32 vars in 815 bytes} [Thu Aug 13 10:09:01 2026] GET /resource_providers/1c9dbff9-91b0-4b6a-acbb-503ae977be86/aggregates => generated 235 bytes in 13 msecs (HTTP/1.1 404) 5 headers in 202 bytes (1 switches on core 0)
2026-08-13 10:09:01.340 7 INFO placement.requestlog [None req-5d25262a-0d93-4ae8-a53a-050810709610 44dc905a67574b46acc7e91cf8d68789 3ee4729e3e194165909bd5ca501fdeb0 - - 38f8e015e54f454c8c1e3f4f10543fe3 38f8e015e54f454c8c1e3f4f10543fe3] 10.0.0.68 "DELETE /resource_providers/1c9dbff9-91b0-4b6a-acbb-503ae977be86" status: 404 len: 246 microversion: 1.1 [pid: 7|app: 0|req: 339/676] 10.0.0.68 () {34 vars in 815 bytes} [Thu Aug 13 10:09:01 2026] DELETE /resource_providers/1c9dbff9-91b0-4b6a-acbb-503ae977be86 => generated 246 bytes in 9 msecs (HTTP/1.1 404) 6 headers in 231 bytes (1 switches on core 0)
2026-08-13 10:09:01.352 8 INFO placement.requestlog [None req-b1c333b2-e16b-4b77-abbc-78de570ab843 44dc905a67574b46acc7e91cf8d68789 3ee4729e3e194165909bd5ca501fdeb0 - - 38f8e015e54f454c8c1e3f4f10543fe3 38f8e015e54f454c8c1e3f4f10543fe3] 10.0.0.68 "DELETE /resource_providers/1c9dbff9-91b0-4b6a-acbb-503ae977be86" status: 404 len: 246 microversion: 1.1 [pid: 8|app: 0|req: 338/677] 10.0.0.68 () {34 vars in 815 bytes} [Thu Aug 13 10:09:01 2026] DELETE /resource_providers/1c9dbff9-91b0-4b6a-acbb-503ae977be86 => generated 246 bytes in 9 msecs (HTTP/1.1 404) 6 headers in 231 bytes (1 switches on core 0)
2026-08-13 10:09:02.033 7 INFO placement.requestlog [None req-97fb6e10-b1b2-43a2-aff7-0e329d42e813 - - - - - -] 10.0.0.246 "GET /" status: 200 len: 136 microversion: 1.0
2026-08-13 10:09:02.034 8 INFO placement.requestlog [None req-dde60f89-3c2b-4e6a-8a29-25b034664896 - - - - - -] 10.0.0.246 "GET /" status: 200 len: 136 microversion: 1.0
2026-08-13 10:09:03.365 7 INFO placement.requestlog [None req-7d00b130-758c-4588-8ef2-dcaee71b25c2 44dc905a67574b46acc7e91cf8d68789 3ee4729e3e194165909bd5ca501fdeb0 - - 38f8e015e54f454c8c1e3f4f10543fe3 38f8e015e54f454c8c1e3f4f10543fe3] 10.0.0.68 "GET /resource_providers/ea44bc0e-f0da-4f89-bfa6-a4f6a719c0a6/aggregates" status: 404 len: 235 microversion: 1.1 [pid: 7|app: 0|req: 341/680] 10.0.0.68 () {32 vars in 815 bytes} [Thu Aug 13 10:09:03 2026] GET /resource_providers/ea44bc0e-f0da-4f89-bfa6-a4f6a719c0a6/aggregates => generated 235 bytes in 12 msecs (HTTP/1.1 404) 5 headers in 202 bytes (1 switches on core 0)
2026-08-13 10:09:03.386 8 INFO placement.requestlog [None req-bb14e14b-429d-4de1-baf4-c5c7cbe912af 44dc905a67574b46acc7e91cf8d68789 3ee4729e3e194165909bd5ca501fdeb0 - - 38f8e015e54f454c8c1e3f4f10543fe3 38f8e015e54f454c8c1e3f4f10543fe3] 10.0.0.68 "GET /resource_providers/ea44bc0e-f0da-4f89-bfa6-a4f6a719c0a6/aggregates" status: 404 len: 235 microversion: 1.1 [pid: 8|app: 0|req: 340/681] 10.0.0.68 () {32 vars in 815 bytes} [Thu Aug 13 10:09:03 2026] GET /resource_providers/ea44bc0e-f0da-4f89-bfa6-a4f6a719c0a6/aggregates => generated 235 bytes in 10 msecs (HTTP/1.1 404) 5 headers in 202 bytes (1 switches on core 0)
2026-08-13 10:09:03.410 7 INFO placement.requestlog [None req-07057d8f-8815-47ab-b6de-010f77bebcf1 44dc905a67574b46acc7e91cf8d68789 3ee4729e3e194165909bd5ca501fdeb0 - - 38f8e015e54f454c8c1e3f4f10543fe3 38f8e015e54f454c8c1e3f4f10543fe3] 10.0.0.68 "DELETE /resource_providers/ea44bc0e-f0da-4f89-bfa6-a4f6a719c0a6" status: 404 len: 246 microversion: 1.1 [pid: 7|app: 0|req: 342/682] 10.0.0.68 () {34 vars in 815 bytes} [Thu Aug 13 10:09:03 2026] DELETE /resource_providers/ea44bc0e-f0da-4f89-bfa6-a4f6a719c0a6 => generated 246 bytes in 17 msecs (HTTP/1.1 404) 6 headers in 231 bytes (1 switches on core 0)
2026-08-13 10:09:03.411 8 INFO placement.requestlog [None req-c13f5621-5be4-4017-b004-04b66ad1cee0 44dc905a67574b46acc7e91cf8d68789 3ee4729e3e194165909bd5ca501fdeb0 - - 38f8e015e54f454c8c1e3f4f10543fe3 38f8e015e54f454c8c1e3f4f10543fe3] 10.0.0.68 "DELETE /resource_providers/ea44bc0e-f0da-4f89-bfa6-a4f6a719c0a6" status: 404 len: 246 microversion: 1.1 [pid: 8|app: 0|req: 341/683] 10.0.0.68 () {34 vars in 815 bytes} [Thu Aug 13 10:09:03 2026] DELETE /resource_providers/ea44bc0e-f0da-4f89-bfa6-a4f6a719c0a6 => generated 246 bytes in 10 msecs (HTTP/1.1 404) 6 headers in 231 bytes (1 switches on core 0)
2026-08-13 10:09:03.632 7 INFO placement.requestlog [None req-7ff7dec4-c65b-464b-8852-15c237511624 44dc905a67574b46acc7e91cf8d68789 3ee4729e3e194165909bd5ca501fdeb0 - - 38f8e015e54f454c8c1e3f4f10543fe3 38f8e015e54f454c8c1e3f4f10543fe3] 10.0.0.68 "GET /resource_providers/6a11afbf-e6b3-4e88-a889-7ad735644361/aggregates" status: 404 len: 235 microversion: 1.1 [pid: 7|app: 0|req: 343/684] 10.0.0.68 () {32 vars in 815 bytes} [Thu Aug 13 10:09:03 2026] GET /resource_providers/6a11afbf-e6b3-4e88-a889-7ad735644361/aggregates => generated 235 bytes in 11 msecs (HTTP/1.1 404) 5 headers in 202 bytes (1 switches on core 0)
2026-08-13 10:09:03.640 8 INFO placement.requestlog [None req-3be4c01b-51cb-4bc1-b4d1-16ce405fccad 44dc905a67574b46acc7e91cf8d68789 3ee4729e3e194165909bd5ca501fdeb0 - - 38f8e015e54f454c8c1e3f4f10543fe3 38f8e015e54f454c8c1e3f4f10543fe3] 10.0.0.68 "GET /resource_providers/6a11afbf-e6b3-4e88-a889-7ad735644361/aggregates" status: 404 len: 235 microversion: 1.1 [pid: 8|app: 0|req: 342/685] 10.0.0.68 () {32 vars in 815 bytes} [Thu Aug 13 10:09:03 2026] GET /resource_providers/6a11afbf-e6b3-4e88-a889-7ad735644361/aggregates => generated 235 bytes in 12 msecs (HTTP/1.1 404) 5 headers in 202 bytes (1 switches on core 0)
2026-08-13 10:09:03.660 7 INFO placement.requestlog [None req-a3d42648-508e-4400-bd75-b6f84cb77a14 44dc905a67574b46acc7e91cf8d68789 3ee4729e3e194165909bd5ca501fdeb0 - - 38f8e015e54f454c8c1e3f4f10543fe3 38f8e015e54f454c8c1e3f4f10543fe3] 10.0.0.68 "DELETE /resource_providers/6a11afbf-e6b3-4e88-a889-7ad735644361" status: 404 len: 246 microversion: 1.1 [pid: 7|app: 0|req: 344/686] 10.0.0.68 () {34 vars in 815 bytes} [Thu Aug 13 10:09:03 2026] DELETE /resource_providers/6a11afbf-e6b3-4e88-a889-7ad735644361 => generated 246 bytes in 13 msecs (HTTP/1.1 404) 6 headers in 231 bytes (1 switches on core 0)
2026-08-13 10:09:03.673 8 INFO placement.requestlog [None req-e7f57491-652d-4c60-9b76-acbac3c4a7f6 44dc905a67574b46acc7e91cf8d68789 3ee4729e3e194165909bd5ca501fdeb0 - - 38f8e015e54f454c8c1e3f4f10543fe3 38f8e015e54f454c8c1e3f4f10543fe3] 10.0.0.68 "DELETE /resource_providers/6a11afbf-e6b3-4e88-a889-7ad735644361" status: 404 len: 246 microversion: 1.1 [pid: 8|app: 0|req: 343/687] 10.0.0.68 () {34 vars in 815 bytes} [Thu Aug 13 10:09:03 2026] DELETE /resource_providers/6a11afbf-e6b3-4e88-a889-7ad735644361 => generated 246 bytes in 20 msecs (HTTP/1.1 404) 6 headers in 231 bytes (1 switches on core 0)
2026-08-13 10:09:05.683 7 INFO placement.requestlog [None req-cb444b5c-ae4d-402c-9576-624dc68f3219 44dc905a67574b46acc7e91cf8d68789 3ee4729e3e194165909bd5ca501fdeb0 - - 38f8e015e54f454c8c1e3f4f10543fe3 38f8e015e54f454c8c1e3f4f10543fe3] 10.0.0.68 "GET /resource_providers/8b4cac1b-53fd-4a79-a612-c0da3377f0cb/aggregates" status: 404 len: 235 microversion: 1.1 [pid: 7|app: 0|req: 345/688] 10.0.0.68 () {32 vars in 815 bytes} [Thu Aug 13 10:09:05 2026] GET /resource_providers/8b4cac1b-53fd-4a79-a612-c0da3377f0cb/aggregates => generated 235 bytes in 12 msecs (HTTP/1.1 404) 5 headers in 202 bytes (1 switches on core 0)
