2026-05-18 01:43:46.018 7 INFO placement.requestlog [None req-666febd5-c477-4684-8dbb-bada4bd1df03 ac0919afda2f45e5863b5a3c652213d1 e787a0675ea74e0dbb5d6b53088bfbfe - - c592a6a7a94a41bebddaa9763ec39adf c592a6a7a94a41bebddaa9763ec39adf] 10.0.0.225 "DELETE /resource_providers/bbf75153-f345-4638-ba46-3d40507be089" status: 404 len: 246 microversion: 1.1 [pid: 7|app: 0|req: 287/571] 10.0.0.225 () {34 vars in 815 bytes} [Mon May 18 01:43:46 2026] DELETE /resource_providers/bbf75153-f345-4638-ba46-3d40507be089 => generated 246 bytes in 11 msecs (HTTP/1.1 404) 6 headers in 231 bytes (1 switches on core 0)
2026-05-18 01:43:46.063 8 INFO placement.requestlog [req-5456ddef-e015-4fc8-9ba0-ec71cc71c3c2 req-8ea551aa-106a-4a58-9ecc-e3c3502fd6de 740a16ab89c64656bab2dbc03d6015b1 e787a0675ea74e0dbb5d6b53088bfbfe - - c592a6a7a94a41bebddaa9763ec39adf c592a6a7a94a41bebddaa9763ec39adf] 10.0.0.149 "GET /allocation_candidates?limit=1000&resources=DISK_GB%3A1%2CMEMORY_MB%3A512%2CVCPU%3A1&root_required=%21COMPUTE_STATUS_DISABLED" status: 200 len: 2781 microversion: 1.36 [pid: 8|app: 0|req: 285/572] 10.0.0.149 () {34 vars in 1011 bytes} [Mon May 18 01:43:45 2026] GET /allocation_candidates?limit=1000&resources=DISK_GB%3A1%2CMEMORY_MB%3A512%2CVCPU%3A1&root_required=%21COMPUTE_STATUS_DISABLED => generated 2781 bytes in 73 msecs (HTTP/1.1 200) 8 headers in 297 bytes (1 switches on core 0)
2026-05-18 01:43:46.099 7 INFO placement.requestlog [req-5456ddef-e015-4fc8-9ba0-ec71cc71c3c2 req-27874ed5-9f6c-4258-8e28-d18b44a4c8d9 740a16ab89c64656bab2dbc03d6015b1 e787a0675ea74e0dbb5d6b53088bfbfe - - c592a6a7a94a41bebddaa9763ec39adf c592a6a7a94a41bebddaa9763ec39adf] 10.0.0.149 "GET /allocations/b58a8d7b-ec6e-454c-b67c-a80729f07153" status: 200 len: 19 microversion: 1.28 [pid: 7|app: 0|req: 288/573] 10.0.0.149 () {34 vars in 860 bytes} [Mon May 18 01:43:46 2026] GET /allocations/b58a8d7b-ec6e-454c-b67c-a80729f07153 => generated 19 bytes in 11 msecs (HTTP/1.1 200) 8 headers in 295 bytes (1 switches on core 0)
2026-05-18 01:43:46.185 8 INFO placement.requestlog [req-5456ddef-e015-4fc8-9ba0-ec71cc71c3c2 req-5636f82e-07e1-4ca7-b66e-377b1890f617 740a16ab89c64656bab2dbc03d6015b1 e787a0675ea74e0dbb5d6b53088bfbfe - - c592a6a7a94a41bebddaa9763ec39adf c592a6a7a94a41bebddaa9763ec39adf] 10.0.0.149 "PUT /allocations/b58a8d7b-ec6e-454c-b67c-a80729f07153" status: 204 len: 0 microversion: 1.36 [pid: 8|app: 0|req: 286/574] 10.0.0.149 () {38 vars in 913 bytes} [Mon May 18 01:43:46 2026] PUT /allocations/b58a8d7b-ec6e-454c-b67c-a80729f07153 => generated 0 bytes in 75 msecs (HTTP/1.1 204) 5 headers in 199 bytes (1 switches on core 0)
2026-05-18 01:43:46.620 7 INFO placement.requestlog [req-7a0cb76e-0e25-44ad-b828-162bf4c6d8c9 req-77a68cbf-89e7-4cea-8c29-56d293c68caf 740a16ab89c64656bab2dbc03d6015b1 e787a0675ea74e0dbb5d6b53088bfbfe - - c592a6a7a94a41bebddaa9763ec39adf c592a6a7a94a41bebddaa9763ec39adf] 10.0.0.149 "GET /allocation_candidates?limit=1000&resources=MEMORY_MB%3A512%2CVCPU%3A1&root_required=%21COMPUTE_STATUS_DISABLED" status: 200 len: 2769 microversion: 1.36 [pid: 7|app: 0|req: 289/575] 10.0.0.149 () {34 vars in 983 bytes} [Mon May 18 01:43:46 2026] GET /allocation_candidates?limit=1000&resources=MEMORY_MB%3A512%2CVCPU%3A1&root_required=%21COMPUTE_STATUS_DISABLED => generated 2769 bytes in 50 msecs (HTTP/1.1 200) 8 headers in 297 bytes (1 switches on core 0)
2026-05-18 01:43:46.669 8 INFO placement.requestlog [req-7a0cb76e-0e25-44ad-b828-162bf4c6d8c9 req-f17e09b7-bc7f-4715-966c-41504f4f2a95 740a16ab89c64656bab2dbc03d6015b1 e787a0675ea74e0dbb5d6b53088bfbfe - - c592a6a7a94a41bebddaa9763ec39adf c592a6a7a94a41bebddaa9763ec39adf] 10.0.0.149 "GET /allocations/76b608fd-94c1-4bdb-b7e2-b702dc2290f2" status: 200 len: 19 microversion: 1.28 [pid: 8|app: 0|req: 287/576] 10.0.0.149 () {34 vars in 860 bytes} [Mon May 18 01:43:46 2026] GET /allocations/76b608fd-94c1-4bdb-b7e2-b702dc2290f2 => generated 19 bytes in 15 msecs (HTTP/1.1 200) 8 headers in 295 bytes (1 switches on core 0)
2026-05-18 01:43:46.787 7 INFO placement.requestlog [req-7a0cb76e-0e25-44ad-b828-162bf4c6d8c9 req-a459b2e4-64eb-423e-8b07-5435a493c055 740a16ab89c64656bab2dbc03d6015b1 e787a0675ea74e0dbb5d6b53088bfbfe - - c592a6a7a94a41bebddaa9763ec39adf c592a6a7a94a41bebddaa9763ec39adf] 10.0.0.149 "PUT /allocations/76b608fd-94c1-4bdb-b7e2-b702dc2290f2" status: 204 len: 0 microversion: 1.36 [pid: 7|app: 0|req: 290/577] 10.0.0.149 () {38 vars in 913 bytes} [Mon May 18 01:43:46 2026] PUT /allocations/76b608fd-94c1-4bdb-b7e2-b702dc2290f2 => generated 0 bytes in 110 msecs (HTTP/1.1 204) 5 headers in 199 bytes (1 switches on core 0)
2026-05-18 01:43:47.749 8 INFO placement.requestlog [None req-fe8e6a51-da40-401d-af16-a6c1727f0f8b - - - - - -] 10.0.0.252 "GET /" status: 200 len: 136 microversion: 1.0
2026-05-18 01:43:47.750 7 INFO placement.requestlog [None req-2dced455-4bf4-4169-9a2f-f4d09341b13c - - - - - -] 10.0.0.252 "GET /" status: 200 len: 136 microversion: 1.0
2026-05-18 01:43:47.814 8 INFO placement.requestlog [req-5456ddef-e015-4fc8-9ba0-ec71cc71c3c2 req-e32bc9d6-28b6-4dfe-9955-b87920d38dba 740a16ab89c64656bab2dbc03d6015b1 e787a0675ea74e0dbb5d6b53088bfbfe - - c592a6a7a94a41bebddaa9763ec39adf c592a6a7a94a41bebddaa9763ec39adf] 162.253.55.100 "GET /allocations/b58a8d7b-ec6e-454c-b67c-a80729f07153" status: 200 len: 257 microversion: 1.28 [pid: 8|app: 0|req: 289/580] 162.253.55.100 () {34 vars in 862 bytes} [Mon May 18 01:43:47 2026] GET /allocations/b58a8d7b-ec6e-454c-b67c-a80729f07153 => generated 257 bytes in 11 msecs (HTTP/1.1 200) 8 headers in 296 bytes (1 switches on core 0)
2026-05-18 01:43:48.028 7 INFO placement.requestlog [None req-04858540-2be5-41cd-ae2e-2599a4bdce03 ac0919afda2f45e5863b5a3c652213d1 e787a0675ea74e0dbb5d6b53088bfbfe - - c592a6a7a94a41bebddaa9763ec39adf c592a6a7a94a41bebddaa9763ec39adf] 10.0.0.225 "GET /resource_providers/3eee80ab-68d9-487f-81c1-788c893e0317/aggregates" status: 404 len: 235 microversion: 1.1 [pid: 7|app: 0|req: 292/581] 10.0.0.225 () {32 vars in 815 bytes} [Mon May 18 01:43:48 2026] GET /resource_providers/3eee80ab-68d9-487f-81c1-788c893e0317/aggregates => generated 235 bytes in 13 msecs (HTTP/1.1 404) 5 headers in 202 bytes (1 switches on core 0)
2026-05-18 01:43:48.038 8 INFO placement.requestlog [None req-915f04c3-f525-46bc-ad79-9807cb98eb59 ac0919afda2f45e5863b5a3c652213d1 e787a0675ea74e0dbb5d6b53088bfbfe - - c592a6a7a94a41bebddaa9763ec39adf c592a6a7a94a41bebddaa9763ec39adf] 10.0.0.225 "GET /resource_providers/3eee80ab-68d9-487f-81c1-788c893e0317/aggregates" status: 404 len: 235 microversion: 1.1 [pid: 8|app: 0|req: 290/582] 10.0.0.225 () {32 vars in 815 bytes} [Mon May 18 01:43:48 2026] GET /resource_providers/3eee80ab-68d9-487f-81c1-788c893e0317/aggregates => generated 235 bytes in 11 msecs (HTTP/1.1 404) 5 headers in 202 bytes (1 switches on core 0)
2026-05-18 01:43:48.058 8 INFO placement.requestlog [None req-724b5314-dd7c-4bb7-b5e5-8c15087f28e8 ac0919afda2f45e5863b5a3c652213d1 e787a0675ea74e0dbb5d6b53088bfbfe - - c592a6a7a94a41bebddaa9763ec39adf c592a6a7a94a41bebddaa9763ec39adf] 10.0.0.225 "DELETE /resource_providers/3eee80ab-68d9-487f-81c1-788c893e0317" status: 404 len: 246 microversion: 1.1 [pid: 8|app: 0|req: 291/583] 10.0.0.225 () {34 vars in 815 bytes} [Mon May 18 01:43:48 2026] DELETE /resource_providers/3eee80ab-68d9-487f-81c1-788c893e0317 => generated 246 bytes in 9 msecs (HTTP/1.1 404) 6 headers in 231 bytes (1 switches on core 0)
2026-05-18 01:43:48.058 7 INFO placement.requestlog [None req-54c464ba-ccfd-4eb7-8a29-8928321fde08 ac0919afda2f45e5863b5a3c652213d1 e787a0675ea74e0dbb5d6b53088bfbfe - - c592a6a7a94a41bebddaa9763ec39adf c592a6a7a94a41bebddaa9763ec39adf] 10.0.0.225 "DELETE /resource_providers/3eee80ab-68d9-487f-81c1-788c893e0317" status: 404 len: 246 microversion: 1.1 [pid: 7|app: 0|req: 293/584] 10.0.0.225 () {34 vars in 815 bytes} [Mon May 18 01:43:48 2026] DELETE /resource_providers/3eee80ab-68d9-487f-81c1-788c893e0317 => generated 246 bytes in 9 msecs (HTTP/1.1 404) 6 headers in 231 bytes (1 switches on core 0)
2026-05-18 01:43:48.355 8 INFO placement.requestlog [req-7a0cb76e-0e25-44ad-b828-162bf4c6d8c9 req-7351cff3-aabf-4021-91a3-ea9e97c526c2 740a16ab89c64656bab2dbc03d6015b1 e787a0675ea74e0dbb5d6b53088bfbfe - - c592a6a7a94a41bebddaa9763ec39adf c592a6a7a94a41bebddaa9763ec39adf] 162.253.55.100 "GET /allocations/76b608fd-94c1-4bdb-b7e2-b702dc2290f2" status: 200 len: 243 microversion: 1.28 [pid: 8|app: 0|req: 292/585] 162.253.55.100 () {34 vars in 862 bytes} [Mon May 18 01:43:48 2026] GET /allocations/76b608fd-94c1-4bdb-b7e2-b702dc2290f2 => generated 243 bytes in 15 msecs (HTTP/1.1 200) 8 headers in 296 bytes (1 switches on core 0)
2026-05-18 01:43:48.852 7 INFO placement.requestlog [req-5456ddef-e015-4fc8-9ba0-ec71cc71c3c2 req-6c3f9a2e-5ea7-450c-9cc0-2b4bac7b15f3 740a16ab89c64656bab2dbc03d6015b1 e787a0675ea74e0dbb5d6b53088bfbfe - - c592a6a7a94a41bebddaa9763ec39adf c592a6a7a94a41bebddaa9763ec39adf] 162.253.55.100 "GET /resource_providers/9bc39646-5adf-4ae5-a44c-57e6e6a6f3c0/allocations" status: 200 len: 238 microversion: 1.0 [pid: 7|app: 0|req: 294/586] 162.253.55.100 () {32 vars in 856 bytes} [Mon May 18 01:43:48 2026] GET /resource_providers/9bc39646-5adf-4ae5-a44c-57e6e6a6f3c0/allocations => generated 238 bytes in 17 msecs (HTTP/1.1 200) 6 headers in 224 bytes (1 switches on core 0)
2026-05-18 01:43:48.867 8 INFO placement.requestlog [req-5456ddef-e015-4fc8-9ba0-ec71cc71c3c2 req-f703e24a-f1fa-4898-96da-a520af5728b2 740a16ab89c64656bab2dbc03d6015b1 e787a0675ea74e0dbb5d6b53088bfbfe - - c592a6a7a94a41bebddaa9763ec39adf c592a6a7a94a41bebddaa9763ec39adf] 162.253.55.100 "GET /allocations/76b608fd-94c1-4bdb-b7e2-b702dc2290f2" status: 200 len: 243 microversion: 1.28 [pid: 8|app: 0|req: 293/587] 162.253.55.100 () {34 vars in 862 bytes} [Mon May 18 01:43:48 2026] GET /allocations/76b608fd-94c1-4bdb-b7e2-b702dc2290f2 => generated 243 bytes in 11 msecs (HTTP/1.1 200) 8 headers in 296 bytes (1 switches on core 0)
2026-05-18 01:43:48.882 7 INFO placement.requestlog [req-5456ddef-e015-4fc8-9ba0-ec71cc71c3c2 req-061d520f-5b02-4c18-aa5b-72589e41b65a 740a16ab89c64656bab2dbc03d6015b1 e787a0675ea74e0dbb5d6b53088bfbfe - - c592a6a7a94a41bebddaa9763ec39adf c592a6a7a94a41bebddaa9763ec39adf] 162.253.55.100 "GET /allocations/b58a8d7b-ec6e-454c-b67c-a80729f07153" status: 200 len: 257 microversion: 1.28 [pid: 7|app: 0|req: 295/588] 162.253.55.100 () {34 vars in 862 bytes} [Mon May 18 01:43:48 2026] GET /allocations/b58a8d7b-ec6e-454c-b67c-a80729f07153 => generated 257 bytes in 12 msecs (HTTP/1.1 200) 8 headers in 296 bytes (1 switches on core 0)
2026-05-18 01:43:50.946 8 INFO placement.requestlog [req-7a0cb76e-0e25-44ad-b828-162bf4c6d8c9 req-06910804-f15a-4096-bcbb-72bc3cc498a3 740a16ab89c64656bab2dbc03d6015b1 e787a0675ea74e0dbb5d6b53088bfbfe - - c592a6a7a94a41bebddaa9763ec39adf c592a6a7a94a41bebddaa9763ec39adf] 162.253.55.100 "GET /resource_providers/9bc39646-5adf-4ae5-a44c-57e6e6a6f3c0/allocations" status: 200 len: 238 microversion: 1.0 [pid: 8|app: 0|req: 294/589] 162.253.55.100 () {32 vars in 856 bytes} [Mon May 18 01:43:50 2026] GET /resource_providers/9bc39646-5adf-4ae5-a44c-57e6e6a6f3c0/allocations => generated 238 bytes in 18 msecs (HTTP/1.1 200) 6 headers in 224 bytes (1 switches on core 0)
2026-05-18 01:43:50.965 7 INFO placement.requestlog [req-7a0cb76e-0e25-44ad-b828-162bf4c6d8c9 req-982bc646-0a3c-4a6e-aafc-daa102042858 740a16ab89c64656bab2dbc03d6015b1 e787a0675ea74e0dbb5d6b53088bfbfe - - c592a6a7a94a41bebddaa9763ec39adf c592a6a7a94a41bebddaa9763ec39adf] 162.253.55.100 "GET /allocations/76b608fd-94c1-4bdb-b7e2-b702dc2290f2" status: 200 len: 243 microversion: 1.28 [pid: 7|app: 0|req: 296/590] 162.253.55.100 () {34 vars in 862 bytes} [Mon May 18 01:43:50 2026] GET /allocations/76b608fd-94c1-4bdb-b7e2-b702dc2290f2 => generated 243 bytes in 12 msecs (HTTP/1.1 200) 8 headers in 296 bytes (1 switches on core 0)
2026-05-18 01:43:50.982 8 INFO placement.requestlog [req-7a0cb76e-0e25-44ad-b828-162bf4c6d8c9 req-e26f6c8b-6818-4270-a646-70f9866ff27d 740a16ab89c64656bab2dbc03d6015b1 e787a0675ea74e0dbb5d6b53088bfbfe - - c592a6a7a94a41bebddaa9763ec39adf c592a6a7a94a41bebddaa9763ec39adf] 162.253.55.100 "GET /allocations/b58a8d7b-ec6e-454c-b67c-a80729f07153" status: 200 len: 257 microversion: 1.28 [pid: 8|app: 0|req: 295/591] 162.253.55.100 () {34 vars in 862 bytes} [Mon May 18 01:43:50 2026] GET /allocations/b58a8d7b-ec6e-454c-b67c-a80729f07153 => generated 257 bytes in 13 msecs (HTTP/1.1 200) 8 headers in 296 bytes (1 switches on core 0)
2026-05-18 01:43:57.730 7 INFO placement.requestlog [req-7dfa0431-eaf0-41e8-accd-8cafa16240d0 req-945f8755-1dd6-478c-a9c7-a1830cf11d6a 740a16ab89c64656bab2dbc03d6015b1 e787a0675ea74e0dbb5d6b53088bfbfe - - c592a6a7a94a41bebddaa9763ec39adf c592a6a7a94a41bebddaa9763ec39adf] 10.0.0.149 "GET /allocation_candidates?limit=1000&resources=DISK_GB%3A1%2CMEMORY_MB%3A512%2CVCPU%3A1&root_required=%21COMPUTE_STATUS_DISABLED" status: 200 len: 2784 microversion: 1.36 [pid: 7|app: 0|req: 297/592] 10.0.0.149 () {34 vars in 1011 bytes} [Mon May 18 01:43:57 2026] GET /allocation_candidates?limit=1000&resources=DISK_GB%3A1%2CMEMORY_MB%3A512%2CVCPU%3A1&root_required=%21COMPUTE_STATUS_DISABLED => generated 2784 bytes in 42 msecs (HTTP/1.1 200) 8 headers in 297 bytes (1 switches on core 0)
2026-05-18 01:43:57.750 7 INFO placement.requestlog [None req-a28ca056-91dd-4a9c-8184-a631a4bd2158 - - - - - -] 10.0.0.252 "GET /" status: 200 len: 136 microversion: 1.0
2026-05-18 01:43:57.751 7 INFO placement.requestlog [None req-effdb442-9a11-4eb7-b060-6bc27b871e8a - - - - - -] 10.0.0.252 "GET /" status: 200 len: 136 microversion: 1.0
2026-05-18 01:43:57.756 8 INFO placement.requestlog [req-7dfa0431-eaf0-41e8-accd-8cafa16240d0 req-8418b430-0e00-4929-99df-a14e1e8bce5f 740a16ab89c64656bab2dbc03d6015b1 e787a0675ea74e0dbb5d6b53088bfbfe - - c592a6a7a94a41bebddaa9763ec39adf c592a6a7a94a41bebddaa9763ec39adf] 10.0.0.149 "GET /allocations/4ba8927a-1414-4ce5-a64b-c18624becd2a" status: 200 len: 19 microversion: 1.28 [pid: 8|app: 0|req: 296/595] 10.0.0.149 () {34 vars in 860 bytes} [Mon May 18 01:43:57 2026] GET /allocations/4ba8927a-1414-4ce5-a64b-c18624becd2a => generated 19 bytes in 9 msecs (HTTP/1.1 200) 8 headers in 295 bytes (1 switches on core 0)
2026-05-18 01:43:57.818 7 INFO placement.requestlog [req-7dfa0431-eaf0-41e8-accd-8cafa16240d0 req-afe8af39-ec0c-47c0-aa9a-0bfd9f409aaf 740a16ab89c64656bab2dbc03d6015b1 e787a0675ea74e0dbb5d6b53088bfbfe - - c592a6a7a94a41bebddaa9763ec39adf c592a6a7a94a41bebddaa9763ec39adf] 10.0.0.149 "PUT /allocations/4ba8927a-1414-4ce5-a64b-c18624becd2a" status: 204 len: 0 microversion: 1.36 [pid: 7|app: 0|req: 300/596] 10.0.0.149 () {38 vars in 913 bytes} [Mon May 18 01:43:57 2026] PUT /allocations/4ba8927a-1414-4ce5-a64b-c18624becd2a => generated 0 bytes in 57 msecs (HTTP/1.1 204) 5 headers in 199 bytes (1 switches on core 0)
2026-05-18 01:43:58.584 8 INFO placement.requestlog [req-359934bb-2bb5-4add-9aa7-83875bc27562 req-853d2f1a-dfce-42f0-90e3-9fe7b9e67958 740a16ab89c64656bab2dbc03d6015b1 e787a0675ea74e0dbb5d6b53088bfbfe - - c592a6a7a94a41bebddaa9763ec39adf c592a6a7a94a41bebddaa9763ec39adf] 10.0.0.149 "GET /allocation_candidates?limit=1000&resources=DISK_GB%3A1%2CMEMORY_MB%3A512%2CVCPU%3A1&root_required=%21COMPUTE_STATUS_DISABLED" status: 200 len: 2784 microversion: 1.36 [pid: 8|app: 0|req: 297/597] 10.0.0.149 () {34 vars in 1011 bytes} [Mon May 18 01:43:58 2026] GET /allocation_candidates?limit=1000&resources=DISK_GB%3A1%2CMEMORY_MB%3A512%2CVCPU%3A1&root_required=%21COMPUTE_STATUS_DISABLED => generated 2784 bytes in 44 msecs (HTTP/1.1 200) 8 headers in 297 bytes (1 switches on core 0)
2026-05-18 01:43:58.608 7 INFO placement.requestlog [req-359934bb-2bb5-4add-9aa7-83875bc27562 req-b406e906-8956-4ac4-9eb8-7c8da7774820 740a16ab89c64656bab2dbc03d6015b1 e787a0675ea74e0dbb5d6b53088bfbfe - - c592a6a7a94a41bebddaa9763ec39adf c592a6a7a94a41bebddaa9763ec39adf] 10.0.0.149 "GET /allocations/a5af1fb8-4b82-46de-8dde-25b515bbca41" status: 200 len: 19 microversion: 1.28 [pid: 7|app: 0|req: 301/598] 10.0.0.149 () {34 vars in 860 bytes} [Mon May 18 01:43:58 2026] GET /allocations/a5af1fb8-4b82-46de-8dde-25b515bbca41 => generated 19 bytes in 9 msecs (HTTP/1.1 200) 8 headers in 295 bytes (1 switches on core 0)
2026-05-18 01:43:58.667 8 INFO placement.requestlog [req-359934bb-2bb5-4add-9aa7-83875bc27562 req-c93da886-1c10-4aed-a612-62bc71cf290f 740a16ab89c64656bab2dbc03d6015b1 e787a0675ea74e0dbb5d6b53088bfbfe - - c592a6a7a94a41bebddaa9763ec39adf c592a6a7a94a41bebddaa9763ec39adf] 10.0.0.149 "PUT /allocations/a5af1fb8-4b82-46de-8dde-25b515bbca41" status: 204 len: 0 microversion: 1.36 [pid: 8|app: 0|req: 298/599] 10.0.0.149 () {38 vars in 913 bytes} [Mon May 18 01:43:58 2026] PUT /allocations/a5af1fb8-4b82-46de-8dde-25b515bbca41 => generated 0 bytes in 55 msecs (HTTP/1.1 204) 5 headers in 199 bytes (1 switches on core 0)
2026-05-18 01:43:59.303 7 INFO placement.requestlog [req-7dfa0431-eaf0-41e8-accd-8cafa16240d0 req-64d7c9f7-03b0-4131-a36b-9f6638ff98e4 740a16ab89c64656bab2dbc03d6015b1 e787a0675ea74e0dbb5d6b53088bfbfe - - c592a6a7a94a41bebddaa9763ec39adf c592a6a7a94a41bebddaa9763ec39adf] 162.253.55.100 "GET /allocations/4ba8927a-1414-4ce5-a64b-c18624becd2a" status: 200 len: 257 microversion: 1.28 [pid: 7|app: 0|req: 302/600] 162.253.55.100 () {34 vars in 862 bytes} [Mon May 18 01:43:59 2026] GET /allocations/4ba8927a-1414-4ce5-a64b-c18624becd2a => generated 257 bytes in 14 msecs (HTTP/1.1 200) 8 headers in 296 bytes (1 switches on core 0)
2026-05-18 01:44:00.185 8 INFO placement.requestlog [req-359934bb-2bb5-4add-9aa7-83875bc27562 req-2c6f2aaf-e9a3-4782-93ff-65d57c18d813 740a16ab89c64656bab2dbc03d6015b1 e787a0675ea74e0dbb5d6b53088bfbfe - - c592a6a7a94a41bebddaa9763ec39adf c592a6a7a94a41bebddaa9763ec39adf] 162.253.55.100 "GET /allocations/a5af1fb8-4b82-46de-8dde-25b515bbca41" status: 200 len: 257 microversion: 1.28 [pid: 8|app: 0|req: 299/601] 162.253.55.100 () {34 vars in 862 bytes} [Mon May 18 01:44:00 2026] GET /allocations/a5af1fb8-4b82-46de-8dde-25b515bbca41 => generated 257 bytes in 11 msecs (HTTP/1.1 200) 8 headers in 296 bytes (1 switches on core 0)
2026-05-18 01:44:00.347 7 INFO placement.requestlog [req-7dfa0431-eaf0-41e8-accd-8cafa16240d0 req-d893c0a8-aeb4-4968-b0d7-d044694d3c99 740a16ab89c64656bab2dbc03d6015b1 e787a0675ea74e0dbb5d6b53088bfbfe - - c592a6a7a94a41bebddaa9763ec39adf c592a6a7a94a41bebddaa9763ec39adf] 162.253.55.100 "GET /resource_providers/9bc39646-5adf-4ae5-a44c-57e6e6a6f3c0/allocations" status: 200 len: 438 microversion: 1.0 [pid: 7|app: 0|req: 303/602] 162.253.55.100 () {32 vars in 856 bytes} [Mon May 18 01:44:00 2026] GET /resource_providers/9bc39646-5adf-4ae5-a44c-57e6e6a6f3c0/allocations => generated 438 bytes in 17 msecs (HTTP/1.1 200) 6 headers in 224 bytes (1 switches on core 0)
2026-05-18 01:44:00.362 8 INFO placement.requestlog [req-7dfa0431-eaf0-41e8-accd-8cafa16240d0 req-6790b533-f913-4129-95ce-c579eb3261f0 740a16ab89c64656bab2dbc03d6015b1 e787a0675ea74e0dbb5d6b53088bfbfe - - c592a6a7a94a41bebddaa9763ec39adf c592a6a7a94a41bebddaa9763ec39adf] 162.253.55.100 "GET /allocations/76b608fd-94c1-4bdb-b7e2-b702dc2290f2" status: 200 len: 243 microversion: 1.28 [pid: 8|app: 0|req: 300/603] 162.253.55.100 () {34 vars in 862 bytes} [Mon May 18 01:44:00 2026] GET /allocations/76b608fd-94c1-4bdb-b7e2-b702dc2290f2 => generated 243 bytes in 12 msecs (HTTP/1.1 200) 8 headers in 296 bytes (1 switches on core 0)
2026-05-18 01:44:00.381 7 INFO placement.requestlog [req-7dfa0431-eaf0-41e8-accd-8cafa16240d0 req-10d0537e-7a34-4972-803b-f000a01c75e5 740a16ab89c64656bab2dbc03d6015b1 e787a0675ea74e0dbb5d6b53088bfbfe - - c592a6a7a94a41bebddaa9763ec39adf c592a6a7a94a41bebddaa9763ec39adf] 162.253.55.100 "GET /allocations/b58a8d7b-ec6e-454c-b67c-a80729f07153" status: 200 len: 257 microversion: 1.28 [pid: 7|app: 0|req: 304/604] 162.253.55.100 () {34 vars in 862 bytes} [Mon May 18 01:44:00 2026] GET /allocations/b58a8d7b-ec6e-454c-b67c-a80729f07153 => generated 257 bytes in 12 msecs (HTTP/1.1 200) 8 headers in 296 bytes (1 switches on core 0)
2026-05-18 01:44:00.400 8 INFO placement.requestlog [req-7dfa0431-eaf0-41e8-accd-8cafa16240d0 req-94c135ec-0bcc-4747-8604-0d4e99812878 740a16ab89c64656bab2dbc03d6015b1 e787a0675ea74e0dbb5d6b53088bfbfe - - c592a6a7a94a41bebddaa9763ec39adf c592a6a7a94a41bebddaa9763ec39adf] 162.253.55.100 "GET /allocations/a5af1fb8-4b82-46de-8dde-25b515bbca41" status: 200 len: 257 microversion: 1.28 [pid: 8|app: 0|req: 301/605] 162.253.55.100 () {34 vars in 862 bytes} [Mon May 18 01:44:00 2026] GET /allocations/a5af1fb8-4b82-46de-8dde-25b515bbca41 => generated 257 bytes in 13 msecs (HTTP/1.1 200) 8 headers in 296 bytes (1 switches on core 0)
2026-05-18 01:44:00.421 7 INFO placement.requestlog [req-7dfa0431-eaf0-41e8-accd-8cafa16240d0 req-c63199a5-dffb-4c51-8729-110cdbdb9172 740a16ab89c64656bab2dbc03d6015b1 e787a0675ea74e0dbb5d6b53088bfbfe - - c592a6a7a94a41bebddaa9763ec39adf c592a6a7a94a41bebddaa9763ec39adf] 162.253.55.100 "GET /allocations/4ba8927a-1414-4ce5-a64b-c18624becd2a" status: 200 len: 257 microversion: 1.28 [pid: 7|app: 0|req: 305/606] 162.253.55.100 () {34 vars in 862 bytes} [Mon May 18 01:44:00 2026] GET /allocations/4ba8927a-1414-4ce5-a64b-c18624becd2a => generated 257 bytes in 14 msecs (HTTP/1.1 200) 8 headers in 296 bytes (1 switches on core 0)
2026-05-18 01:44:02.486 8 INFO placement.requestlog [req-359934bb-2bb5-4add-9aa7-83875bc27562 req-4461104e-e8a1-43ef-a0b0-9a06e71d7379 740a16ab89c64656bab2dbc03d6015b1 e787a0675ea74e0dbb5d6b53088bfbfe - - c592a6a7a94a41bebddaa9763ec39adf c592a6a7a94a41bebddaa9763ec39adf] 162.253.55.100 "GET /resource_providers/9bc39646-5adf-4ae5-a44c-57e6e6a6f3c0/allocations" status: 200 len: 438 microversion: 1.0 [pid: 8|app: 0|req: 302/607] 162.253.55.100 () {32 vars in 856 bytes} [Mon May 18 01:44:02 2026] GET /resource_providers/9bc39646-5adf-4ae5-a44c-57e6e6a6f3c0/allocations => generated 438 bytes in 15 msecs (HTTP/1.1 200) 6 headers in 224 bytes (1 switches on core 0)
2026-05-18 01:44:02.504 7 INFO placement.requestlog [req-359934bb-2bb5-4add-9aa7-83875bc27562 req-7c5151f1-359b-4651-9a24-a924cb8b3869 740a16ab89c64656bab2dbc03d6015b1 e787a0675ea74e0dbb5d6b53088bfbfe - - c592a6a7a94a41bebddaa9763ec39adf c592a6a7a94a41bebddaa9763ec39adf] 162.253.55.100 "GET /allocations/76b608fd-94c1-4bdb-b7e2-b702dc2290f2" status: 200 len: 243 microversion: 1.28 [pid: 7|app: 0|req: 306/608] 162.253.55.100 () {34 vars in 862 bytes} [Mon May 18 01:44:02 2026] GET /allocations/76b608fd-94c1-4bdb-b7e2-b702dc2290f2 => generated 243 bytes in 13 msecs (HTTP/1.1 200) 8 headers in 296 bytes (1 switches on core 0)
2026-05-18 01:44:02.521 8 INFO placement.requestlog [req-359934bb-2bb5-4add-9aa7-83875bc27562 req-e2291e76-1254-4b28-b633-ce0c04b652d7 740a16ab89c64656bab2dbc03d6015b1 e787a0675ea74e0dbb5d6b53088bfbfe - - c592a6a7a94a41bebddaa9763ec39adf c592a6a7a94a41bebddaa9763ec39adf] 162.253.55.100 "GET /allocations/b58a8d7b-ec6e-454c-b67c-a80729f07153" status: 200 len: 257 microversion: 1.28 [pid: 8|app: 0|req: 303/609] 162.253.55.100 () {34 vars in 862 bytes} [Mon May 18 01:44:02 2026] GET /allocations/b58a8d7b-ec6e-454c-b67c-a80729f07153 => generated 257 bytes in 11 msecs (HTTP/1.1 200) 8 headers in 296 bytes (1 switches on core 0)
2026-05-18 01:44:02.545 7 INFO placement.requestlog [req-359934bb-2bb5-4add-9aa7-83875bc27562 req-7076cffc-9ce6-4a41-8cfe-7d26f2a18e9e 740a16ab89c64656bab2dbc03d6015b1 e787a0675ea74e0dbb5d6b53088bfbfe - - c592a6a7a94a41bebddaa9763ec39adf c592a6a7a94a41bebddaa9763ec39adf] 162.253.55.100 "GET /allocations/a5af1fb8-4b82-46de-8dde-25b515bbca41" status: 200 len: 257 microversion: 1.28 [pid: 7|app: 0|req: 307/610] 162.253.55.100 () {34 vars in 862 bytes} [Mon May 18 01:44:02 2026] GET /allocations/a5af1fb8-4b82-46de-8dde-25b515bbca41 => generated 257 bytes in 16 msecs (HTTP/1.1 200) 8 headers in 296 bytes (1 switches on core 0)
2026-05-18 01:44:02.560 8 INFO placement.requestlog [req-359934bb-2bb5-4add-9aa7-83875bc27562 req-086c8892-cc52-409f-8379-df504b3e2cd9 740a16ab89c64656bab2dbc03d6015b1 e787a0675ea74e0dbb5d6b53088bfbfe - - c592a6a7a94a41bebddaa9763ec39adf c592a6a7a94a41bebddaa9763ec39adf] 162.253.55.100 "GET /allocations/4ba8927a-1414-4ce5-a64b-c18624becd2a" status: 200 len: 257 microversion: 1.28 [pid: 8|app: 0|req: 304/611] 162.253.55.100 () {34 vars in 862 bytes} [Mon May 18 01:44:02 2026] GET /allocations/4ba8927a-1414-4ce5-a64b-c18624becd2a => generated 257 bytes in 10 msecs (HTTP/1.1 200) 8 headers in 296 bytes (1 switches on core 0)
2026-05-18 01:44:07.750 7 INFO placement.requestlog [None req-ac90e8a9-f596-4d22-9433-fa94a9f5b741 - - - - - -] 10.0.0.252 "GET /" status: 200 len: 136 microversion: 1.0
2026-05-18 01:44:07.750 8 INFO placement.requestlog [None req-59c4c4ca-9818-489d-b13e-90889ad374c3 - - - - - -] 10.0.0.252 "GET /" status: 200 len: 136 microversion: 1.0
2026-05-18 01:44:15.653 7 INFO placement.requestlog [req-fb3f3d0b-8f36-40fa-9760-e6c017c9e236 req-839783ab-9898-45c5-ad7c-c1715c222ea5 740a16ab89c64656bab2dbc03d6015b1 e787a0675ea74e0dbb5d6b53088bfbfe - - c592a6a7a94a41bebddaa9763ec39adf c592a6a7a94a41bebddaa9763ec39adf] 162.253.55.100 "GET /resource_providers/9bc39646-5adf-4ae5-a44c-57e6e6a6f3c0/allocations" status: 200 len: 438 microversion: 1.0 [pid: 7|app: 0|req: 309/614] 162.253.55.100 () {32 vars in 856 bytes} [Mon May 18 01:44:15 2026] GET /resource_providers/9bc39646-5adf-4ae5-a44c-57e6e6a6f3c0/allocations => generated 438 bytes in 19 msecs (HTTP/1.1 200) 6 headers in 224 bytes (1 switches on core 0)
2026-05-18 01:44:15.677 8 INFO placement.requestlog [req-fb3f3d0b-8f36-40fa-9760-e6c017c9e236 req-4f3ccd6c-0045-45fa-a4c4-aeb4895357d5 740a16ab89c64656bab2dbc03d6015b1 e787a0675ea74e0dbb5d6b53088bfbfe - - c592a6a7a94a41bebddaa9763ec39adf c592a6a7a94a41bebddaa9763ec39adf] 162.253.55.100 "GET /allocations/76b608fd-94c1-4bdb-b7e2-b702dc2290f2" status: 200 len: 243 microversion: 1.28 [pid: 8|app: 0|req: 306/615] 162.253.55.100 () {34 vars in 862 bytes} [Mon May 18 01:44:15 2026] GET /allocations/76b608fd-94c1-4bdb-b7e2-b702dc2290f2 => generated 243 bytes in 18 msecs (HTTP/1.1 200) 8 headers in 296 bytes (1 switches on core 0)
2026-05-18 01:44:15.694 7 INFO placement.requestlog [req-fb3f3d0b-8f36-40fa-9760-e6c017c9e236 req-cf89a9ad-781e-47dd-9568-4c313c274b13 740a16ab89c64656bab2dbc03d6015b1 e787a0675ea74e0dbb5d6b53088bfbfe - - c592a6a7a94a41bebddaa9763ec39adf c592a6a7a94a41bebddaa9763ec39adf] 162.253.55.100 "GET /allocations/b58a8d7b-ec6e-454c-b67c-a80729f07153" status: 200 len: 257 microversion: 1.28 [pid: 7|app: 0|req: 310/616] 162.253.55.100 () {34 vars in 862 bytes} [Mon May 18 01:44:15 2026] GET /allocations/b58a8d7b-ec6e-454c-b67c-a80729f07153 => generated 257 bytes in 11 msecs (HTTP/1.1 200) 8 headers in 296 bytes (1 switches on core 0)
2026-05-18 01:44:15.713 8 INFO placement.requestlog [req-fb3f3d0b-8f36-40fa-9760-e6c017c9e236 req-e0988c86-5b7d-467d-8be3-c9d0e24003d0 740a16ab89c64656bab2dbc03d6015b1 e787a0675ea74e0dbb5d6b53088bfbfe - - c592a6a7a94a41bebddaa9763ec39adf c592a6a7a94a41bebddaa9763ec39adf] 162.253.55.100 "GET /allocations/a5af1fb8-4b82-46de-8dde-25b515bbca41" status: 200 len: 257 microversion: 1.28 [pid: 8|app: 0|req: 307/617] 162.253.55.100 () {34 vars in 862 bytes} [Mon May 18 01:44:15 2026] GET /allocations/a5af1fb8-4b82-46de-8dde-25b515bbca41 => generated 257 bytes in 14 msecs (HTTP/1.1 200) 8 headers in 296 bytes (1 switches on core 0)
2026-05-18 01:44:15.730 7 INFO placement.requestlog [req-fb3f3d0b-8f36-40fa-9760-e6c017c9e236 req-b4d2bbae-f1fd-4202-9fb0-7a9d11a93442 740a16ab89c64656bab2dbc03d6015b1 e787a0675ea74e0dbb5d6b53088bfbfe - - c592a6a7a94a41bebddaa9763ec39adf c592a6a7a94a41bebddaa9763ec39adf] 162.253.55.100 "GET /allocations/4ba8927a-1414-4ce5-a64b-c18624becd2a" status: 200 len: 257 microversion: 1.28 [pid: 7|app: 0|req: 311/618] 162.253.55.100 () {34 vars in 862 bytes} [Mon May 18 01:44:15 2026] GET /allocations/4ba8927a-1414-4ce5-a64b-c18624becd2a => generated 257 bytes in 12 msecs (HTTP/1.1 200) 8 headers in 296 bytes (1 switches on core 0)
2026-05-18 01:44:16.776 7 INFO placement.requestlog [req-9219fd41-aaf6-4e63-a6f1-cba8d9a21ee8 req-24507de0-af64-4cdd-b17e-ad319c7b5134 740a16ab89c64656bab2dbc03d6015b1 e787a0675ea74e0dbb5d6b53088bfbfe - - c592a6a7a94a41bebddaa9763ec39adf c592a6a7a94a41bebddaa9763ec39adf] 162.253.55.100 "GET /resource_providers/9bc39646-5adf-4ae5-a44c-57e6e6a6f3c0/allocations" status: 200 len: 438 microversion: 1.0 [pid: 7|app: 0|req: 312/619] 162.253.55.100 () {32 vars in 856 bytes} [Mon May 18 01:44:16 2026] GET /resource_providers/9bc39646-5adf-4ae5-a44c-57e6e6a6f3c0/allocations => generated 438 bytes in 12 msecs (HTTP/1.1 200) 6 headers in 224 bytes (1 switches on core 0)
2026-05-18 01:44:16.790 7 INFO placement.requestlog [req-9219fd41-aaf6-4e63-a6f1-cba8d9a21ee8 req-adde49de-5b27-4061-8b0f-f01b93dff977 740a16ab89c64656bab2dbc03d6015b1 e787a0675ea74e0dbb5d6b53088bfbfe - - c592a6a7a94a41bebddaa9763ec39adf c592a6a7a94a41bebddaa9763ec39adf] 162.253.55.100 "GET /allocations/76b608fd-94c1-4bdb-b7e2-b702dc2290f2" status: 200 len: 243 microversion: 1.28
2026-05-18 01:44:16.790 8 INFO placement.requestlog [req-fb3f3d0b-8f36-40fa-9760-e6c017c9e236 req-0f37f962-a5a3-40f1-b345-fdd7d3bbecd0 740a16ab89c64656bab2dbc03d6015b1 e787a0675ea74e0dbb5d6b53088bfbfe - - c592a6a7a94a41bebddaa9763ec39adf c592a6a7a94a41bebddaa9763ec39adf] 162.253.55.100 "DELETE /allocations/4ba8927a-1414-4ce5-a64b-c18624becd2a" status: 204 len: 0 microversion: 1.0 [pid: 7|app: 0|req: 313/620] 162.253.55.100 () {34 vars in 862 bytes} [Mon May 18 01:44:16 2026] GET /allocations/76b608fd-94c1-4bdb-b7e2-b702dc2290f2 => generated 243 bytes in 10 msecs (HTTP/1.1 200) 8 headers in 296 bytes (1 switches on core 0) [pid: 8|app: 0|req: 308/621] 162.253.55.100 () {34 vars in 840 bytes} [Mon May 18 01:44:16 2026] DELETE /allocations/4ba8927a-1414-4ce5-a64b-c18624becd2a => generated 0 bytes in 27 msecs (HTTP/1.1 204) 5 headers in 198 bytes (1 switches on core 0)
2026-05-18 01:44:16.803 7 INFO placement.requestlog [req-9219fd41-aaf6-4e63-a6f1-cba8d9a21ee8 req-920f15d1-b77c-423b-a494-8d2807f5366f 740a16ab89c64656bab2dbc03d6015b1 e787a0675ea74e0dbb5d6b53088bfbfe - - c592a6a7a94a41bebddaa9763ec39adf c592a6a7a94a41bebddaa9763ec39adf] 162.253.55.100 "GET /allocations/b58a8d7b-ec6e-454c-b67c-a80729f07153" status: 200 len: 257 microversion: 1.28 [pid: 7|app: 0|req: 314/622] 162.253.55.100 () {34 vars in 862 bytes} [Mon May 18 01:44:16 2026] GET /allocations/b58a8d7b-ec6e-454c-b67c-a80729f07153 => generated 257 bytes in 8 msecs (HTTP/1.1 200) 8 headers in 296 bytes (1 switches on core 0)
2026-05-18 01:44:16.818 8 INFO placement.requestlog [req-9219fd41-aaf6-4e63-a6f1-cba8d9a21ee8 req-30076bd6-50a1-430c-bd4c-2819c12cd38b 740a16ab89c64656bab2dbc03d6015b1 e787a0675ea74e0dbb5d6b53088bfbfe - - c592a6a7a94a41bebddaa9763ec39adf c592a6a7a94a41bebddaa9763ec39adf] 162.253.55.100 "GET /allocations/a5af1fb8-4b82-46de-8dde-25b515bbca41" status: 200 len: 257 microversion: 1.28 [pid: 8|app: 0|req: 309/623] 162.253.55.100 () {34 vars in 862 bytes} [Mon May 18 01:44:16 2026] GET /allocations/a5af1fb8-4b82-46de-8dde-25b515bbca41 => generated 257 bytes in 12 msecs (HTTP/1.1 200) 8 headers in 296 bytes (1 switches on core 0)
2026-05-18 01:44:16.832 7 INFO placement.requestlog [req-9219fd41-aaf6-4e63-a6f1-cba8d9a21ee8 req-5aa53333-d1dd-4c70-a201-24111a10516a 740a16ab89c64656bab2dbc03d6015b1 e787a0675ea74e0dbb5d6b53088bfbfe - - c592a6a7a94a41bebddaa9763ec39adf c592a6a7a94a41bebddaa9763ec39adf] 162.253.55.100 "GET /allocations/4ba8927a-1414-4ce5-a64b-c18624becd2a" status: 200 len: 19 microversion: 1.28 [pid: 7|app: 0|req: 315/624] 162.253.55.100 () {34 vars in 862 bytes} [Mon May 18 01:44:16 2026] GET /allocations/4ba8927a-1414-4ce5-a64b-c18624becd2a => generated 19 bytes in 8 msecs (HTTP/1.1 200) 8 headers in 295 bytes (1 switches on core 0)
2026-05-18 01:44:17.750 8 INFO placement.requestlog [None req-9db2471b-da9b-4351-a3f8-aed62a222ba5 - - - - - -] 10.0.0.252 "GET /" status: 200 len: 136 microversion: 1.0
2026-05-18 01:44:17.750 7 INFO placement.requestlog [None req-e781efcb-b69c-4628-8cc0-e7ed0b313e78 - - - - - -] 10.0.0.252 "GET /" status: 200 len: 136 microversion: 1.0
2026-05-18 01:44:17.874 8 INFO placement.requestlog [req-9219fd41-aaf6-4e63-a6f1-cba8d9a21ee8 req-54c6e70c-2f6b-4272-aa1b-f3d30ed2fcff 740a16ab89c64656bab2dbc03d6015b1 e787a0675ea74e0dbb5d6b53088bfbfe - - c592a6a7a94a41bebddaa9763ec39adf c592a6a7a94a41bebddaa9763ec39adf] 162.253.55.100 "DELETE /allocations/76b608fd-94c1-4bdb-b7e2-b702dc2290f2" status: 204 len: 0 microversion: 1.0 [pid: 8|app: 0|req: 311/627] 162.253.55.100 () {34 vars in 840 bytes} [Mon May 18 01:44:17 2026] DELETE /allocations/76b608fd-94c1-4bdb-b7e2-b702dc2290f2 => generated 0 bytes in 22 msecs (HTTP/1.1 204) 5 headers in 198 bytes (1 switches on core 0)
2026-05-18 01:44:18.621 7 INFO placement.requestlog [req-867471d0-99de-4c99-a019-e27b6e5a401b req-b5c73d56-da40-41b8-a272-849d2de8599e 740a16ab89c64656bab2dbc03d6015b1 e787a0675ea74e0dbb5d6b53088bfbfe - - c592a6a7a94a41bebddaa9763ec39adf c592a6a7a94a41bebddaa9763ec39adf] 162.253.55.100 "GET /resource_providers/9bc39646-5adf-4ae5-a44c-57e6e6a6f3c0/allocations" status: 200 len: 252 microversion: 1.0 [pid: 7|app: 0|req: 317/628] 162.253.55.100 () {32 vars in 856 bytes} [Mon May 18 01:44:18 2026] GET /resource_providers/9bc39646-5adf-4ae5-a44c-57e6e6a6f3c0/allocations => generated 252 bytes in 20 msecs (HTTP/1.1 200) 6 headers in 224 bytes (1 switches on core 0)
2026-05-18 01:44:18.640 8 INFO placement.requestlog [req-867471d0-99de-4c99-a019-e27b6e5a401b req-f9f6738a-bdff-47d6-84a8-ac435726a838 740a16ab89c64656bab2dbc03d6015b1 e787a0675ea74e0dbb5d6b53088bfbfe - - c592a6a7a94a41bebddaa9763ec39adf c592a6a7a94a41bebddaa9763ec39adf] 162.253.55.100 "GET /allocations/a5af1fb8-4b82-46de-8dde-25b515bbca41" status: 200 len: 257 microversion: 1.28 [pid: 8|app: 0|req: 312/629] 162.253.55.100 () {34 vars in 862 bytes} [Mon May 18 01:44:18 2026] GET /allocations/a5af1fb8-4b82-46de-8dde-25b515bbca41 => generated 257 bytes in 13 msecs (HTTP/1.1 200) 8 headers in 296 bytes (1 switches on core 0)
2026-05-18 01:44:18.662 7 INFO placement.requestlog [req-867471d0-99de-4c99-a019-e27b6e5a401b req-62db2c39-2eaa-4140-ad94-0566f8bfe9f7 740a16ab89c64656bab2dbc03d6015b1 e787a0675ea74e0dbb5d6b53088bfbfe - - c592a6a7a94a41bebddaa9763ec39adf c592a6a7a94a41bebddaa9763ec39adf] 162.253.55.100 "GET /allocations/b58a8d7b-ec6e-454c-b67c-a80729f07153" status: 200 len: 257 microversion: 1.28 [pid: 7|app: 0|req: 318/630] 162.253.55.100 () {34 vars in 862 bytes} [Mon May 18 01:44:18 2026] GET /allocations/b58a8d7b-ec6e-454c-b67c-a80729f07153 => generated 257 bytes in 15 msecs (HTTP/1.1 200) 8 headers in 296 bytes (1 switches on core 0)
2026-05-18 01:44:19.704 8 INFO placement.requestlog [req-867471d0-99de-4c99-a019-e27b6e5a401b req-02233422-e617-4a75-8ea7-ff9e8dc33dd6 740a16ab89c64656bab2dbc03d6015b1 e787a0675ea74e0dbb5d6b53088bfbfe - - c592a6a7a94a41bebddaa9763ec39adf c592a6a7a94a41bebddaa9763ec39adf] 162.253.55.100 "DELETE /allocations/a5af1fb8-4b82-46de-8dde-25b515bbca41" status: 204 len: 0 microversion: 1.0 [pid: 8|app: 0|req: 313/631] 162.253.55.100 () {34 vars in 840 bytes} [Mon May 18 01:44:19 2026] DELETE /allocations/a5af1fb8-4b82-46de-8dde-25b515bbca41 => generated 0 bytes in 22 msecs (HTTP/1.1 204) 5 headers in 198 bytes (1 switches on core 0)
2026-05-18 01:44:21.318 7 INFO placement.requestlog [None req-fe56e108-82fa-448d-a5a4-787159800f14 ac0919afda2f45e5863b5a3c652213d1 e787a0675ea74e0dbb5d6b53088bfbfe - - c592a6a7a94a41bebddaa9763ec39adf c592a6a7a94a41bebddaa9763ec39adf] 10.0.0.225 "GET /resource_providers/5da411a5-5e2b-4624-9ff9-07fdd9b3b2df/aggregates" status: 404 len: 235 microversion: 1.1
2026-05-18 01:44:21.318 8 INFO placement.requestlog [None req-9d7ff0e1-8888-49f8-8ec8-cb40c997ae7f ac0919afda2f45e5863b5a3c652213d1 e787a0675ea74e0dbb5d6b53088bfbfe - - c592a6a7a94a41bebddaa9763ec39adf c592a6a7a94a41bebddaa9763ec39adf] 10.0.0.225 "GET /resource_providers/5da411a5-5e2b-4624-9ff9-07fdd9b3b2df/aggregates" status: 404 len: 235 microversion: 1.1 [pid: 7|app: 0|req: 319/632] 10.0.0.225 () {32 vars in 815 bytes} [Mon May 18 01:44:21 2026] GET /resource_providers/5da411a5-5e2b-4624-9ff9-07fdd9b3b2df/aggregates => generated 235 bytes in 99 msecs (HTTP/1.1 404) 5 headers in 202 bytes (1 switches on core 0) [pid: 8|app: 0|req: 314/633] 10.0.0.225 () {32 vars in 815 bytes} [Mon May 18 01:44:21 2026] GET /resource_providers/5da411a5-5e2b-4624-9ff9-07fdd9b3b2df/aggregates => generated 235 bytes in 90 msecs (HTTP/1.1 404) 5 headers in 202 bytes (1 switches on core 0)
2026-05-18 01:44:21.342 7 INFO placement.requestlog [None req-82f20ebf-3a0b-41dd-9542-627e74ac00c1 ac0919afda2f45e5863b5a3c652213d1 e787a0675ea74e0dbb5d6b53088bfbfe - - c592a6a7a94a41bebddaa9763ec39adf c592a6a7a94a41bebddaa9763ec39adf] 10.0.0.225 "DELETE /resource_providers/5da411a5-5e2b-4624-9ff9-07fdd9b3b2df" status: 404 len: 246 microversion: 1.1 [pid: 7|app: 0|req: 320/634] 10.0.0.225 () {34 vars in 815 bytes} [Mon May 18 01:44:21 2026] DELETE /resource_providers/5da411a5-5e2b-4624-9ff9-07fdd9b3b2df => generated 246 bytes in 11 msecs (HTTP/1.1 404) 6 headers in 231 bytes (1 switches on core 0)
2026-05-18 01:44:21.342 8 INFO placement.requestlog [None req-44c79196-681c-4631-a04d-317f90fa555f ac0919afda2f45e5863b5a3c652213d1 e787a0675ea74e0dbb5d6b53088bfbfe - - c592a6a7a94a41bebddaa9763ec39adf c592a6a7a94a41bebddaa9763ec39adf] 10.0.0.225 "DELETE /resource_providers/5da411a5-5e2b-4624-9ff9-07fdd9b3b2df" status: 404 len: 246 microversion: 1.1 [pid: 8|app: 0|req: 315/635] 10.0.0.225 () {34 vars in 815 bytes} [Mon May 18 01:44:21 2026] DELETE /resource_providers/5da411a5-5e2b-4624-9ff9-07fdd9b3b2df => generated 246 bytes in 8 msecs (HTTP/1.1 404) 6 headers in 231 bytes (1 switches on core 0)
2026-05-18 01:44:22.269 7 INFO placement.requestlog [None req-63ba2a83-687c-43af-af0c-aba83c3c8788 ac0919afda2f45e5863b5a3c652213d1 e787a0675ea74e0dbb5d6b53088bfbfe - - c592a6a7a94a41bebddaa9763ec39adf c592a6a7a94a41bebddaa9763ec39adf] 10.0.0.225 "GET /resource_providers/dabc1efd-e49f-433b-968c-50c1b6df5e96/aggregates" status: 404 len: 235 microversion: 1.1 [pid: 7|app: 0|req: 321/636] 10.0.0.225 () {32 vars in 815 bytes} [Mon May 18 01:44:22 2026] GET /resource_providers/dabc1efd-e49f-433b-968c-50c1b6df5e96/aggregates => generated 235 bytes in 7 msecs (HTTP/1.1 404) 5 headers in 202 bytes (1 switches on core 0)
2026-05-18 01:44:22.275 8 INFO placement.requestlog [None req-ad548bbf-6824-464f-8cde-1d297eda07c8 ac0919afda2f45e5863b5a3c652213d1 e787a0675ea74e0dbb5d6b53088bfbfe - - c592a6a7a94a41bebddaa9763ec39adf c592a6a7a94a41bebddaa9763ec39adf] 10.0.0.225 "GET /resource_providers/dabc1efd-e49f-433b-968c-50c1b6df5e96/aggregates" status: 404 len: 235 microversion: 1.1 [pid: 8|app: 0|req: 316/637] 10.0.0.225 () {32 vars in 815 bytes} [Mon May 18 01:44:22 2026] GET /resource_providers/dabc1efd-e49f-433b-968c-50c1b6df5e96/aggregates => generated 235 bytes in 9 msecs (HTTP/1.1 404) 5 headers in 202 bytes (1 switches on core 0)
2026-05-18 01:44:22.291 7 INFO placement.requestlog [None req-0caeef1d-bdbd-455f-b43c-4b913012119c ac0919afda2f45e5863b5a3c652213d1 e787a0675ea74e0dbb5d6b53088bfbfe - - c592a6a7a94a41bebddaa9763ec39adf c592a6a7a94a41bebddaa9763ec39adf] 10.0.0.225 "DELETE /resource_providers/dabc1efd-e49f-433b-968c-50c1b6df5e96" status: 404 len: 246 microversion: 1.1 [pid: 7|app: 0|req: 322/638] 10.0.0.225 () {34 vars in 815 bytes} [Mon May 18 01:44:22 2026] DELETE /resource_providers/dabc1efd-e49f-433b-968c-50c1b6df5e96 => generated 246 bytes in 7 msecs (HTTP/1.1 404) 6 headers in 231 bytes (1 switches on core 0)
2026-05-18 01:44:22.293 8 INFO placement.requestlog [None req-444654bf-c74a-4c23-85f4-de8d50870dfa ac0919afda2f45e5863b5a3c652213d1 e787a0675ea74e0dbb5d6b53088bfbfe - - c592a6a7a94a41bebddaa9763ec39adf c592a6a7a94a41bebddaa9763ec39adf] 10.0.0.225 "DELETE /resource_providers/dabc1efd-e49f-433b-968c-50c1b6df5e96" status: 404 len: 246 microversion: 1.1 [pid: 8|app: 0|req: 317/639] 10.0.0.225 () {34 vars in 815 bytes} [Mon May 18 01:44:22 2026] DELETE /resource_providers/dabc1efd-e49f-433b-968c-50c1b6df5e96 => generated 246 bytes in 7 msecs (HTTP/1.1 404) 6 headers in 231 bytes (1 switches on core 0)
2026-05-18 01:44:23.803 7 INFO placement.requestlog [None req-f68a2239-91bc-4419-ab07-7066dcfbb0e8 ac0919afda2f45e5863b5a3c652213d1 e787a0675ea74e0dbb5d6b53088bfbfe - - c592a6a7a94a41bebddaa9763ec39adf c592a6a7a94a41bebddaa9763ec39adf] 10.0.0.225 "GET /resource_providers/ff584b09-86f1-4e34-a00b-681dfc66f8af/aggregates" status: 404 len: 235 microversion: 1.1 [pid: 7|app: 0|req: 323/640] 10.0.0.225 () {32 vars in 815 bytes} [Mon May 18 01:44:23 2026] GET /resource_providers/ff584b09-86f1-4e34-a00b-681dfc66f8af/aggregates => generated 235 bytes in 9 msecs (HTTP/1.1 404) 5 headers in 202 bytes (1 switches on core 0)
2026-05-18 01:44:23.804 8 INFO placement.requestlog [None req-c8627ee8-74c9-4708-9bac-7650343978cf ac0919afda2f45e5863b5a3c652213d1 e787a0675ea74e0dbb5d6b53088bfbfe - - c592a6a7a94a41bebddaa9763ec39adf c592a6a7a94a41bebddaa9763ec39adf] 10.0.0.225 "GET /resource_providers/ff584b09-86f1-4e34-a00b-681dfc66f8af/aggregates" status: 404 len: 235 microversion: 1.1 [pid: 8|app: 0|req: 318/641] 10.0.0.225 () {32 vars in 815 bytes} [Mon May 18 01:44:23 2026] GET /resource_providers/ff584b09-86f1-4e34-a00b-681dfc66f8af/aggregates => generated 235 bytes in 6 msecs (HTTP/1.1 404) 5 headers in 202 bytes (1 switches on core 0)
2026-05-18 01:44:23.820 8 INFO placement.requestlog [None req-ae4a632c-275c-42ee-9a83-25ce7cbc7346 ac0919afda2f45e5863b5a3c652213d1 e787a0675ea74e0dbb5d6b53088bfbfe - - c592a6a7a94a41bebddaa9763ec39adf c592a6a7a94a41bebddaa9763ec39adf] 10.0.0.225 "DELETE /resource_providers/ff584b09-86f1-4e34-a00b-681dfc66f8af" status: 404 len: 246 microversion: 1.1 [pid: 8|app: 0|req: 319/642] 10.0.0.225 () {34 vars in 815 bytes} [Mon May 18 01:44:23 2026] DELETE /resource_providers/ff584b09-86f1-4e34-a00b-681dfc66f8af => generated 246 bytes in 8 msecs (HTTP/1.1 404) 6 headers in 231 bytes (1 switches on core 0)
2026-05-18 01:44:23.823 7 INFO placement.requestlog [None req-55fb3105-d443-40c1-b84b-c2497cbae263 ac0919afda2f45e5863b5a3c652213d1 e787a0675ea74e0dbb5d6b53088bfbfe - - c592a6a7a94a41bebddaa9763ec39adf c592a6a7a94a41bebddaa9763ec39adf] 10.0.0.225 "DELETE /resource_providers/ff584b09-86f1-4e34-a00b-681dfc66f8af" status: 404 len: 246 microversion: 1.1 [pid: 7|app: 0|req: 324/643] 10.0.0.225 () {34 vars in 815 bytes} [Mon May 18 01:44:23 2026] DELETE /resource_providers/ff584b09-86f1-4e34-a00b-681dfc66f8af => generated 246 bytes in 11 msecs (HTTP/1.1 404) 6 headers in 231 bytes (1 switches on core 0)
2026-05-18 01:44:27.750 8 INFO placement.requestlog [None req-0d314344-a27a-407b-a09f-b4e2feec9d95 - - - - - -] 10.0.0.252 "GET /" status: 200 len: 136 microversion: 1.0
2026-05-18 01:44:27.751 7 INFO placement.requestlog [None req-761ba608-2a1d-42c0-9dc3-3e7908e051ad - - - - - -] 10.0.0.252 "GET /" status: 200 len: 136 microversion: 1.0
2026-05-18 01:44:32.180 8 INFO placement.requestlog [req-a50f81e0-fb4e-4980-82bc-363f968c7003 req-f48f22ff-af52-4cce-99f1-ae3ed1b964d8 740a16ab89c64656bab2dbc03d6015b1 e787a0675ea74e0dbb5d6b53088bfbfe - - c592a6a7a94a41bebddaa9763ec39adf c592a6a7a94a41bebddaa9763ec39adf] 10.0.0.149 "GET /allocation_candidates?limit=1000&resources=DISK_GB%3A1%2CMEMORY_MB%3A512%2CVCPU%3A1&root_required=%21COMPUTE_STATUS_DISABLED" status: 200 len: 2783 microversion: 1.36 [pid: 8|app: 0|req: 321/646] 10.0.0.149 () {34 vars in 1011 bytes} [Mon May 18 01:44:32 2026] GET /allocation_candidates?limit=1000&resources=DISK_GB%3A1%2CMEMORY_MB%3A512%2CVCPU%3A1&root_required=%21COMPUTE_STATUS_DISABLED => generated 2783 bytes in 58 msecs (HTTP/1.1 200) 8 headers in 297 bytes (1 switches on core 0)
2026-05-18 01:44:32.217 7 INFO placement.requestlog [req-a50f81e0-fb4e-4980-82bc-363f968c7003 req-e544eeeb-d04c-4629-9f94-8a52750edc39 740a16ab89c64656bab2dbc03d6015b1 e787a0675ea74e0dbb5d6b53088bfbfe - - c592a6a7a94a41bebddaa9763ec39adf c592a6a7a94a41bebddaa9763ec39adf] 10.0.0.149 "GET /allocations/2ca8009e-96c9-488b-a5fb-29efc9e7cef0" status: 200 len: 19 microversion: 1.28 [pid: 7|app: 0|req: 326/647] 10.0.0.149 () {34 vars in 860 bytes} [Mon May 18 01:44:32 2026] GET /allocations/2ca8009e-96c9-488b-a5fb-29efc9e7cef0 => generated 19 bytes in 6 msecs (HTTP/1.1 200) 8 headers in 295 bytes (1 switches on core 0)
2026-05-18 01:44:32.285 8 INFO placement.requestlog [req-a50f81e0-fb4e-4980-82bc-363f968c7003 req-f392b9a6-68a6-4463-baf0-67bf77d1e741 740a16ab89c64656bab2dbc03d6015b1 e787a0675ea74e0dbb5d6b53088bfbfe - - c592a6a7a94a41bebddaa9763ec39adf c592a6a7a94a41bebddaa9763ec39adf] 10.0.0.149 "PUT /allocations/2ca8009e-96c9-488b-a5fb-29efc9e7cef0" status: 204 len: 0 microversion: 1.36 [pid: 8|app: 0|req: 322/648] 10.0.0.149 () {38 vars in 913 bytes} [Mon May 18 01:44:32 2026] PUT /allocations/2ca8009e-96c9-488b-a5fb-29efc9e7cef0 => generated 0 bytes in 63 msecs (HTTP/1.1 204) 5 headers in 199 bytes (1 switches on core 0)
2026-05-18 01:44:33.419 7 INFO placement.requestlog [req-e6fd8927-4a51-41fe-9bb5-130bb6ede4ac req-1b09f05d-925e-4bfc-8ae4-3df929ccb876 740a16ab89c64656bab2dbc03d6015b1 e787a0675ea74e0dbb5d6b53088bfbfe - - c592a6a7a94a41bebddaa9763ec39adf c592a6a7a94a41bebddaa9763ec39adf] 10.0.0.149 "GET /allocation_candidates?limit=1000&resources=DISK_GB%3A1%2CMEMORY_MB%3A512%2CVCPU%3A1&root_required=%21COMPUTE_STATUS_DISABLED" status: 200 len: 2784 microversion: 1.36 [pid: 7|app: 0|req: 327/649] 10.0.0.149 () {34 vars in 1011 bytes} [Mon May 18 01:44:33 2026] GET /allocation_candidates?limit=1000&resources=DISK_GB%3A1%2CMEMORY_MB%3A512%2CVCPU%3A1&root_required=%21COMPUTE_STATUS_DISABLED => generated 2784 bytes in 38 msecs (HTTP/1.1 200) 8 headers in 297 bytes (1 switches on core 0)
2026-05-18 01:44:33.445 8 INFO placement.requestlog [req-e6fd8927-4a51-41fe-9bb5-130bb6ede4ac req-c5e1e9ca-9180-4fa2-957d-ef1bf16595b1 740a16ab89c64656bab2dbc03d6015b1 e787a0675ea74e0dbb5d6b53088bfbfe - - c592a6a7a94a41bebddaa9763ec39adf c592a6a7a94a41bebddaa9763ec39adf] 10.0.0.149 "GET /allocations/d94ac8bd-8b3f-4e96-8f65-9c3b0e9077b1" status: 200 len: 19 microversion: 1.28 [pid: 8|app: 0|req: 323/650] 10.0.0.149 () {34 vars in 860 bytes} [Mon May 18 01:44:33 2026] GET /allocations/d94ac8bd-8b3f-4e96-8f65-9c3b0e9077b1 => generated 19 bytes in 9 msecs (HTTP/1.1 200) 8 headers in 295 bytes (1 switches on core 0)
2026-05-18 01:44:33.501 7 INFO placement.requestlog [req-e6fd8927-4a51-41fe-9bb5-130bb6ede4ac req-d7713067-a677-48fc-9218-22d9927ccfc2 740a16ab89c64656bab2dbc03d6015b1 e787a0675ea74e0dbb5d6b53088bfbfe - - c592a6a7a94a41bebddaa9763ec39adf c592a6a7a94a41bebddaa9763ec39adf] 10.0.0.149 "PUT /allocations/d94ac8bd-8b3f-4e96-8f65-9c3b0e9077b1" status: 204 len: 0 microversion: 1.36 [pid: 7|app: 0|req: 328/651] 10.0.0.149 () {38 vars in 913 bytes} [Mon May 18 01:44:33 2026] PUT /allocations/d94ac8bd-8b3f-4e96-8f65-9c3b0e9077b1 => generated 0 bytes in 45 msecs (HTTP/1.1 204) 5 headers in 199 bytes (1 switches on core 0)
2026-05-18 01:44:33.629 8 INFO placement.requestlog [req-a9beaf58-9e68-46c4-a4f3-369d3b878f94 req-4540644c-d069-442a-8d83-8feb95a66bf5 740a16ab89c64656bab2dbc03d6015b1 e787a0675ea74e0dbb5d6b53088bfbfe - - c592a6a7a94a41bebddaa9763ec39adf c592a6a7a94a41bebddaa9763ec39adf] 162.253.55.100 "GET /resource_providers/9bc39646-5adf-4ae5-a44c-57e6e6a6f3c0/allocations" status: 200 len: 352 microversion: 1.0 [pid: 8|app: 0|req: 324/652] 162.253.55.100 () {32 vars in 856 bytes} [Mon May 18 01:44:33 2026] GET /resource_providers/9bc39646-5adf-4ae5-a44c-57e6e6a6f3c0/allocations => generated 352 bytes in 168 msecs (HTTP/1.1 200) 6 headers in 224 bytes (1 switches on core 0)
2026-05-18 01:44:33.770 7 INFO placement.requestlog [req-a50f81e0-fb4e-4980-82bc-363f968c7003 req-f9242d3e-768e-4097-9171-57ce51c87daf 740a16ab89c64656bab2dbc03d6015b1 e787a0675ea74e0dbb5d6b53088bfbfe - - c592a6a7a94a41bebddaa9763ec39adf c592a6a7a94a41bebddaa9763ec39adf] 162.253.55.100 "GET /allocations/2ca8009e-96c9-488b-a5fb-29efc9e7cef0" status: 200 len: 257 microversion: 1.28 [pid: 7|app: 0|req: 329/653] 162.253.55.100 () {34 vars in 862 bytes} [Mon May 18 01:44:33 2026] GET /allocations/2ca8009e-96c9-488b-a5fb-29efc9e7cef0 => generated 257 bytes in 13 msecs (HTTP/1.1 200) 8 headers in 296 bytes (1 switches on core 0)
2026-05-18 01:44:34.677 8 INFO placement.requestlog [req-a9beaf58-9e68-46c4-a4f3-369d3b878f94 req-a1b2fb2d-931a-4862-8b82-b3d814ba9ad8 740a16ab89c64656bab2dbc03d6015b1 e787a0675ea74e0dbb5d6b53088bfbfe - - c592a6a7a94a41bebddaa9763ec39adf c592a6a7a94a41bebddaa9763ec39adf] 162.253.55.100 "GET /resource_providers?in_tree=9bc39646-5adf-4ae5-a44c-57e6e6a6f3c0" status: 200 len: 797 microversion: 1.14 [pid: 8|app: 0|req: 325/654] 162.253.55.100 () {34 vars in 891 bytes} [Mon May 18 01:44:34 2026] GET /resource_providers?in_tree=9bc39646-5adf-4ae5-a44c-57e6e6a6f3c0 => generated 797 bytes in 32 msecs (HTTP/1.1 200) 6 headers in 225 bytes (1 switches on core 0)
2026-05-18 01:44:34.701 7 INFO placement.requestlog [req-a9beaf58-9e68-46c4-a4f3-369d3b878f94 req-a80f0b50-fd98-439f-bbd1-cd120ce16346 740a16ab89c64656bab2dbc03d6015b1 e787a0675ea74e0dbb5d6b53088bfbfe - - c592a6a7a94a41bebddaa9763ec39adf c592a6a7a94a41bebddaa9763ec39adf] 162.253.55.100 "GET /resource_providers/9bc39646-5adf-4ae5-a44c-57e6e6a6f3c0/inventories" status: 200 len: 400 microversion: 1.0 [pid: 7|app: 0|req: 330/655] 162.253.55.100 () {32 vars in 856 bytes} [Mon May 18 01:44:34 2026] GET /resource_providers/9bc39646-5adf-4ae5-a44c-57e6e6a6f3c0/inventories => generated 400 bytes in 19 msecs (HTTP/1.1 200) 6 headers in 224 bytes (1 switches on core 0)
