2026-05-05 19:30:50.967 8 INFO neutron.db.ovn_revision_numbers_db [None req-8821eae6-2aea-4259-a67a-964e367e5652 - - - - - -] Successfully bumped revision number for resource 48ab5639-7504-4f91-9ec2-c37dc79f9528 (type: ports) to 5 [pid: 7|app: 0|req: 750/1411] 10.0.0.31 () {34 vars in 989 bytes} [Tue May 5 19:30:50 2026] GET /v2.0/ports?device_id=f49842c3-c4eb-4d0a-a79c-b08537d70029 => generated 971 bytes in 66 msecs (HTTP/1.1 200) 4 headers in 157 bytes (1 switches on core 0) [pid: 7|app: 0|req: 751/1412] 10.0.0.31 () {34 vars in 1039 bytes} [Tue May 5 19:30:51 2026] GET /v2.0/security-groups?id=d68a7921-dce6-4629-8ecb-587352deb24b&fields=id&fields=name => generated 88 bytes in 49 msecs (HTTP/1.1 200) 4 headers in 156 bytes (1 switches on core 0)
2026-05-05 19:30:51.132 8 INFO neutron.db.ovn_revision_numbers_db [None req-c08de3de-0ed3-4765-8de4-45be1636b9c4 c81d08b9429a42fca97ecdf1c96a8c94 75713a1775d1493da60241dfa6aca13c - - default default] Successfully bumped revision number for resource 8fb76381-92e8-4ad0-98df-58eeb04a234e (type: routers) to 1 [pid: 8|app: 0|req: 662/1413] 10.0.0.8 () {34 vars in 667 bytes} [Tue May 5 19:30:50 2026] POST /v2.0/routers => generated 628 bytes in 294 msecs (HTTP/1.1 201) 4 headers in 162 bytes (1 switches on core 0)
2026-05-05 19:30:51.661 7 WARNING neutron.scheduler.dhcp_agent_scheduler [None req-b3572960-3647-4955-99bd-1f09408d1940 c81d08b9429a42fca97ecdf1c96a8c94 75713a1775d1493da60241dfa6aca13c - - default default] No more DHCP agents
2026-05-05 19:30:51.662 7 WARNING neutron.api.rpc.agentnotifiers.dhcp_rpc_agent_api [None req-b3572960-3647-4955-99bd-1f09408d1940 c81d08b9429a42fca97ecdf1c96a8c94 75713a1775d1493da60241dfa6aca13c - - default default] Unable to schedule network 917138a1-19ad-4fed-94cb-db34be3c4a88: no agents available; will retry on subsequent port and subnet creation events.
2026-05-05 19:30:51.765 8 INFO neutron.plugins.ml2.drivers.ovn.mech_driver.mech_driver [None req-a28732b2-7b19-47bd-b70a-e220863c26f3 - - - - - -] OVN reports status down for port: 1d9fed92-5727-4579-9a42-286a5a7e8e51
2026-05-05 19:30:51.796 7 INFO neutron.db.ovn_revision_numbers_db [None req-b3572960-3647-4955-99bd-1f09408d1940 c81d08b9429a42fca97ecdf1c96a8c94 75713a1775d1493da60241dfa6aca13c - - default default] Successfully bumped revision number for resource 1d9fed92-5727-4579-9a42-286a5a7e8e51 (type: ports) to 1 /var/lib/openstack/lib/python3.12/site-packages/pycadf/identifier.py:70: UserWarning: Invalid uuid: neutron. To ensure interoperability, identifiers should be a valid uuid. warnings.warn(('Invalid uuid: %s. To ensure interoperability, ' [pid: 8|app: 0|req: 663/1414] 10.0.0.31 () {34 vars in 989 bytes} [Tue May 5 19:30:52 2026] GET /v2.0/ports?device_id=f49842c3-c4eb-4d0a-a79c-b08537d70029 => generated 971 bytes in 78 msecs (HTTP/1.1 200) 4 headers in 157 bytes (1 switches on core 0) [pid: 8|app: 0|req: 664/1415] 10.0.0.31 () {34 vars in 1039 bytes} [Tue May 5 19:30:52 2026] GET /v2.0/security-groups?id=d68a7921-dce6-4629-8ecb-587352deb24b&fields=id&fields=name => generated 88 bytes in 41 msecs (HTTP/1.1 200) 4 headers in 156 bytes (1 switches on core 0)
2026-05-05 19:30:52.374 8 INFO neutron.plugins.ml2.drivers.ovn.mech_driver.mech_driver [None req-a28732b2-7b19-47bd-b70a-e220863c26f3 - - - - - -] OVN reports status up for port: 1d9fed92-5727-4579-9a42-286a5a7e8e51
2026-05-05 19:30:52.390 8 INFO neutron.plugins.ml2.plugin [None req-a28732b2-7b19-47bd-b70a-e220863c26f3 - - - - - -] Attempt 1 to provision port 1d9fed92-5727-4579-9a42-286a5a7e8e51
2026-05-05 19:30:52.437 7 WARNING neutron.scheduler.dhcp_agent_scheduler [None req-b3572960-3647-4955-99bd-1f09408d1940 c81d08b9429a42fca97ecdf1c96a8c94 75713a1775d1493da60241dfa6aca13c - - default default] No more DHCP agents
2026-05-05 19:30:52.438 7 WARNING neutron.api.rpc.agentnotifiers.dhcp_rpc_agent_api [None req-b3572960-3647-4955-99bd-1f09408d1940 c81d08b9429a42fca97ecdf1c96a8c94 75713a1775d1493da60241dfa6aca13c - - default default] Unable to schedule network 917138a1-19ad-4fed-94cb-db34be3c4a88: no agents available; will retry on subsequent port and subnet creation events.
2026-05-05 19:30:52.668 7 INFO neutron.db.ovn_revision_numbers_db [None req-b3572960-3647-4955-99bd-1f09408d1940 c81d08b9429a42fca97ecdf1c96a8c94 75713a1775d1493da60241dfa6aca13c - - default default] Successfully bumped revision number for resource 1d9fed92-5727-4579-9a42-286a5a7e8e51 (type: router_ports) to 1 [pid: 7|app: 0|req: 752/1416] 10.0.0.8 () {34 vars in 781 bytes} [Tue May 5 19:30:51 2026] PUT /v2.0/routers/8fb76381-92e8-4ad0-98df-58eeb04a234e/add_router_interface => generated 310 bytes in 1489 msecs (HTTP/1.1 200) 4 headers in 157 bytes (1 switches on core 0)
2026-05-05 19:30:52.802 8 INFO neutron.notifiers.nova [-] Nova event matching ['req-fd75ce66-8aa5-487c-9b1b-f51edde3142b'] response: {'server_uuid': 'f49842c3-c4eb-4d0a-a79c-b08537d70029', 'name': 'network-vif-plugged', 'status': 'completed', 'tag': '48ab5639-7504-4f91-9ec2-c37dc79f9528', 'code': 200} [pid: 8|app: 0|req: 665/1417] 10.0.0.8 () {32 vars in 715 bytes} [Tue May 5 19:30:52 2026] GET /v2.0/ports/1d9fed92-5727-4579-9a42-286a5a7e8e51 => generated 947 bytes in 127 msecs (HTTP/1.1 200) 4 headers in 157 bytes (1 switches on core 0)
2026-05-05 19:30:52.932 8 INFO neutron.db.ovn_revision_numbers_db [None req-a28732b2-7b19-47bd-b70a-e220863c26f3 - - - - - -] Successfully bumped revision number for resource 1d9fed92-5727-4579-9a42-286a5a7e8e51 (type: ports) to 2
2026-05-05 19:30:53.240 7 WARNING neutron.scheduler.dhcp_agent_scheduler [None req-e18acf8b-29e7-4948-955b-b908e185b561 c81d08b9429a42fca97ecdf1c96a8c94 75713a1775d1493da60241dfa6aca13c - - default default] No more DHCP agents
2026-05-05 19:30:53.241 7 WARNING neutron.api.rpc.agentnotifiers.dhcp_rpc_agent_api [None req-e18acf8b-29e7-4948-955b-b908e185b561 c81d08b9429a42fca97ecdf1c96a8c94 75713a1775d1493da60241dfa6aca13c - - default default] Unable to schedule network 13defe06-7b9d-4e92-b272-30a592605705: no agents available; will retry on subsequent port and subnet creation events.
2026-05-05 19:30:53.358 7 INFO neutron.db.ovn_revision_numbers_db [None req-e18acf8b-29e7-4948-955b-b908e185b561 c81d08b9429a42fca97ecdf1c96a8c94 75713a1775d1493da60241dfa6aca13c - - default default] Successfully bumped revision number for resource 52c89bed-05db-40a8-a853-9c78d4e5dc39 (type: ports) to 1 [pid: 8|app: 0|req: 666/1418] 10.0.0.31 () {34 vars in 989 bytes} [Tue May 5 19:30:53 2026] GET /v2.0/ports?device_id=f49842c3-c4eb-4d0a-a79c-b08537d70029 => generated 971 bytes in 39 msecs (HTTP/1.1 200) 4 headers in 157 bytes (1 switches on core 0) [pid: 8|app: 0|req: 667/1419] 10.0.0.31 () {34 vars in 1039 bytes} [Tue May 5 19:30:53 2026] GET /v2.0/security-groups?id=d68a7921-dce6-4629-8ecb-587352deb24b&fields=id&fields=name => generated 88 bytes in 30 msecs (HTTP/1.1 200) 4 headers in 156 bytes (1 switches on core 0) [pid: 8|app: 0|req: 668/1420] 10.0.0.31 () {34 vars in 989 bytes} [Tue May 5 19:30:53 2026] GET /v2.0/ports?device_id=f49842c3-c4eb-4d0a-a79c-b08537d70029 => generated 971 bytes in 36 msecs (HTTP/1.1 200) 4 headers in 157 bytes (1 switches on core 0) [pid: 8|app: 0|req: 669/1421] 10.0.0.31 () {34 vars in 1039 bytes} [Tue May 5 19:30:53 2026] GET /v2.0/security-groups?id=d68a7921-dce6-4629-8ecb-587352deb24b&fields=id&fields=name => generated 88 bytes in 32 msecs (HTTP/1.1 200) 4 headers in 156 bytes (1 switches on core 0)
2026-05-05 19:30:53.978 7 WARNING neutron.scheduler.dhcp_agent_scheduler [None req-e18acf8b-29e7-4948-955b-b908e185b561 c81d08b9429a42fca97ecdf1c96a8c94 75713a1775d1493da60241dfa6aca13c - - default default] No more DHCP agents
2026-05-05 19:30:53.979 7 WARNING neutron.api.rpc.agentnotifiers.dhcp_rpc_agent_api [None req-e18acf8b-29e7-4948-955b-b908e185b561 c81d08b9429a42fca97ecdf1c96a8c94 75713a1775d1493da60241dfa6aca13c - - default default] Unable to schedule network 13defe06-7b9d-4e92-b272-30a592605705: no agents available; will retry on subsequent port and subnet creation events.
2026-05-05 19:30:54.160 7 INFO neutron.db.ovn_revision_numbers_db [None req-e18acf8b-29e7-4948-955b-b908e185b561 c81d08b9429a42fca97ecdf1c96a8c94 75713a1775d1493da60241dfa6aca13c - - default default] Successfully bumped revision number for resource 52c89bed-05db-40a8-a853-9c78d4e5dc39 (type: router_ports) to 1 [pid: 7|app: 0|req: 753/1422] 10.0.0.8 () {34 vars in 781 bytes} [Tue May 5 19:30:52 2026] PUT /v2.0/routers/8fb76381-92e8-4ad0-98df-58eeb04a234e/add_router_interface => generated 310 bytes in 1357 msecs (HTTP/1.1 200) 4 headers in 157 bytes (1 switches on core 0) [pid: 7|app: 0|req: 754/1423] 10.0.0.8 () {32 vars in 715 bytes} [Tue May 5 19:30:54 2026] GET /v2.0/ports/52c89bed-05db-40a8-a853-9c78d4e5dc39 => generated 953 bytes in 32 msecs (HTTP/1.1 200) 4 headers in 157 bytes (1 switches on core 0)
2026-05-05 19:30:54.247 8 WARNING neutron.db.securitygroups_db [None req-831401aa-53cd-4543-a270-03d32e22afd9 4011027b549c4005a0ee626b2ba0dbd9 c51ed17842774c53812401d7c3ae753e - - default default] project_id key not found in filters, using tenant_id instead. This support has been deprecated and will be removed in a future release. [pid: 7|app: 0|req: 755/1424] 10.0.0.8 () {32 vars in 715 bytes} [Tue May 5 19:30:54 2026] GET /v2.0/ports/52c89bed-05db-40a8-a853-9c78d4e5dc39 => generated 953 bytes in 43 msecs (HTTP/1.1 200) 4 headers in 157 bytes (1 switches on core 0)
2026-05-05 19:30:54.374 8 INFO neutron.db.ovn_revision_numbers_db [None req-831401aa-53cd-4543-a270-03d32e22afd9 4011027b549c4005a0ee626b2ba0dbd9 c51ed17842774c53812401d7c3ae753e - - default default] Successfully bumped revision number for resource ff467619-569f-4934-a804-54ef25a5e360 (type: security_groups) to 1
2026-05-05 19:30:54.387 8 INFO neutron.db.ovn_revision_numbers_db [None req-831401aa-53cd-4543-a270-03d32e22afd9 4011027b549c4005a0ee626b2ba0dbd9 c51ed17842774c53812401d7c3ae753e - - default default] Successfully bumped revision number for resource 3846299f-bae2-46b7-b915-a442f62e26b7 (type: security_group_rules) to 0
2026-05-05 19:30:54.400 8 INFO neutron.db.ovn_revision_numbers_db [None req-831401aa-53cd-4543-a270-03d32e22afd9 4011027b549c4005a0ee626b2ba0dbd9 c51ed17842774c53812401d7c3ae753e - - default default] Successfully bumped revision number for resource 731695d1-473a-4d54-9650-c01804a0192e (type: security_group_rules) to 0
2026-05-05 19:30:54.410 8 INFO neutron.db.ovn_revision_numbers_db [None req-831401aa-53cd-4543-a270-03d32e22afd9 4011027b549c4005a0ee626b2ba0dbd9 c51ed17842774c53812401d7c3ae753e - - default default] Successfully bumped revision number for resource 7d64f135-5234-46c4-b83c-bbd899538c1a (type: security_group_rules) to 0
2026-05-05 19:30:54.421 8 INFO neutron.db.ovn_revision_numbers_db [None req-831401aa-53cd-4543-a270-03d32e22afd9 4011027b549c4005a0ee626b2ba0dbd9 c51ed17842774c53812401d7c3ae753e - - default default] Successfully bumped revision number for resource cc96eebd-5602-48de-be7c-1b5265b4365d (type: security_group_rules) to 0 [pid: 8|app: 0|req: 670/1425] 10.0.0.8 () {32 vars in 772 bytes} [Tue May 5 19:30:54 2026] GET /v2.0/security-groups?tenant_id=ca90bc51a3a244af9f2fa4ade784421e&name=default => generated 2925 bytes in 348 msecs (HTTP/1.1 200) 4 headers in 158 bytes (1 switches on core 0) [pid: 7|app: 0|req: 756/1426] 10.0.0.8 () {32 vars in 738 bytes} [Tue May 5 19:30:54 2026] DELETE /v2.0/security-groups/ff467619-569f-4934-a804-54ef25a5e360 => generated 0 bytes in 194 msecs (HTTP/1.1 204) 2 headers in 112 bytes (1 switches on core 0) [pid: 8|app: 0|req: 671/1427] 10.0.0.31 () {34 vars in 989 bytes} [Tue May 5 19:30:54 2026] GET /v2.0/ports?device_id=f49842c3-c4eb-4d0a-a79c-b08537d70029 => generated 971 bytes in 50 msecs (HTTP/1.1 200) 4 headers in 157 bytes (1 switches on core 0) [pid: 7|app: 0|req: 757/1428] 10.0.0.31 () {34 vars in 1039 bytes} [Tue May 5 19:30:55 2026] GET /v2.0/security-groups?id=d68a7921-dce6-4629-8ecb-587352deb24b&fields=id&fields=name => generated 88 bytes in 41 msecs (HTTP/1.1 200) 4 headers in 156 bytes (1 switches on core 0) [pid: 8|app: 0|req: 672/1429] 10.0.0.8 () {32 vars in 715 bytes} [Tue May 5 19:30:55 2026] GET /v2.0/ports/52c89bed-05db-40a8-a853-9c78d4e5dc39 => generated 953 bytes in 71 msecs (HTTP/1.1 200) 4 headers in 157 bytes (1 switches on core 0) [pid: 7|app: 0|req: 758/1430] 199.204.45.3 () {34 vars in 992 bytes} [Tue May 5 19:30:56 2026] GET /v2.0/ports?device_id=f49842c3-c4eb-4d0a-a79c-b08537d70029 => generated 971 bytes in 73 msecs (HTTP/1.1 200) 4 headers in 157 bytes (1 switches on core 0) [pid: 8|app: 0|req: 673/1431] 10.0.0.31 () {34 vars in 989 bytes} [Tue May 5 19:30:56 2026] GET /v2.0/ports?device_id=f49842c3-c4eb-4d0a-a79c-b08537d70029 => generated 971 bytes in 40 msecs (HTTP/1.1 200) 4 headers in 157 bytes (1 switches on core 0) [pid: 8|app: 0|req: 674/1432] 10.0.0.31 () {34 vars in 1039 bytes} [Tue May 5 19:30:56 2026] GET /v2.0/security-groups?id=d68a7921-dce6-4629-8ecb-587352deb24b&fields=id&fields=name => generated 88 bytes in 36 msecs (HTTP/1.1 200) 4 headers in 156 bytes (1 switches on core 0)
2026-05-05 19:30:56.275 7 INFO neutron_taas.services.taas.taas_plugin [req-1560585e-032d-41d6-8637-2f63f40e0cfb req-e03e9d81-326a-4b78-ae29-bb393da364ed 039ffcaa7b5b40b79aad181502630909 fd189426caf84c70addaeb1670b8babf - - default default] TaaS: Handle Delete Port: 48ab5639-7504-4f91-9ec2-c37dc79f9528
2026-05-05 19:30:56.278 7 INFO neutron_taas.services.taas.tap_mirror_plugin [req-1560585e-032d-41d6-8637-2f63f40e0cfb req-e03e9d81-326a-4b78-ae29-bb393da364ed 039ffcaa7b5b40b79aad181502630909 fd189426caf84c70addaeb1670b8babf - - default default] Tap Mirror: Handle Delete Port: 48ab5639-7504-4f91-9ec2-c37dc79f9528 [pid: 8|app: 0|req: 675/1433] 10.0.0.8 () {32 vars in 715 bytes} [Tue May 5 19:30:56 2026] GET /v2.0/ports/52c89bed-05db-40a8-a853-9c78d4e5dc39 => generated 953 bytes in 40 msecs (HTTP/1.1 200) 4 headers in 157 bytes (1 switches on core 0) [pid: 7|app: 0|req: 759/1434] 199.204.45.3 () {36 vars in 995 bytes} [Tue May 5 19:30:56 2026] DELETE /v2.0/ports/48ab5639-7504-4f91-9ec2-c37dc79f9528 => generated 0 bytes in 252 msecs (HTTP/1.1 204) 3 headers in 131 bytes (1 switches on core 0)
2026-05-05 19:30:56.449 7 INFO neutron.notifiers.nova [-] Nova event matching ['req-3ba4cf9c-eaa7-4f42-86f6-a0fd75b73a07'] response: {'server_uuid': 'f49842c3-c4eb-4d0a-a79c-b08537d70029', 'name': 'network-vif-deleted', 'tag': '48ab5639-7504-4f91-9ec2-c37dc79f9528', 'status': 'completed', 'code': 200}
2026-05-05 19:30:56.728 8 INFO neutron.db.ovn_revision_numbers_db [None req-2728c863-7d58-42a4-b64b-32c59177e2fd 4011027b549c4005a0ee626b2ba0dbd9 c51ed17842774c53812401d7c3ae753e - - default default] Successfully bumped revision number for resource 00417842-0d44-499c-8a3c-363795d45dc3 (type: security_groups) to 1
2026-05-05 19:30:56.746 8 INFO neutron.db.ovn_revision_numbers_db [None req-2728c863-7d58-42a4-b64b-32c59177e2fd 4011027b549c4005a0ee626b2ba0dbd9 c51ed17842774c53812401d7c3ae753e - - default default] Successfully bumped revision number for resource 1cd4a12e-73c1-4dc9-ab46-c5382c22b6ab (type: security_group_rules) to 0
2026-05-05 19:30:56.763 8 INFO neutron.db.ovn_revision_numbers_db [None req-2728c863-7d58-42a4-b64b-32c59177e2fd 4011027b549c4005a0ee626b2ba0dbd9 c51ed17842774c53812401d7c3ae753e - - default default] Successfully bumped revision number for resource 489368fd-527a-449a-8f89-a83f2ceed14d (type: security_group_rules) to 0
2026-05-05 19:30:56.774 8 INFO neutron.db.ovn_revision_numbers_db [None req-2728c863-7d58-42a4-b64b-32c59177e2fd 4011027b549c4005a0ee626b2ba0dbd9 c51ed17842774c53812401d7c3ae753e - - default default] Successfully bumped revision number for resource 7c447877-a477-4420-b52a-37b7bfb0ac50 (type: security_group_rules) to 0
2026-05-05 19:30:56.787 8 INFO neutron.db.ovn_revision_numbers_db [None req-2728c863-7d58-42a4-b64b-32c59177e2fd 4011027b549c4005a0ee626b2ba0dbd9 c51ed17842774c53812401d7c3ae753e - - default default] Successfully bumped revision number for resource c5530414-8679-44e2-aef9-3fdfbcfedb70 (type: security_group_rules) to 0
2026-05-05 19:30:56.865 8 INFO neutron.db.segments_db [None req-2728c863-7d58-42a4-b64b-32c59177e2fd 4011027b549c4005a0ee626b2ba0dbd9 c51ed17842774c53812401d7c3ae753e - - default default] Added segment 6623d97e-6420-44ba-b1ce-c4ba2310045d of type geneve for network 24aa1fc4-4f93-44a1-b186-4eea77bdf95c
2026-05-05 19:30:56.973 8 INFO neutron.db.ovn_revision_numbers_db [None req-2728c863-7d58-42a4-b64b-32c59177e2fd 4011027b549c4005a0ee626b2ba0dbd9 c51ed17842774c53812401d7c3ae753e - - default default] Successfully bumped revision number for resource 24aa1fc4-4f93-44a1-b186-4eea77bdf95c (type: networks) to 1
2026-05-05 19:30:57.133 8 WARNING neutron.scheduler.dhcp_agent_scheduler [None req-2728c863-7d58-42a4-b64b-32c59177e2fd 4011027b549c4005a0ee626b2ba0dbd9 c51ed17842774c53812401d7c3ae753e - - default default] No more DHCP agents
2026-05-05 19:30:57.135 8 WARNING neutron.api.rpc.agentnotifiers.dhcp_rpc_agent_api [None req-2728c863-7d58-42a4-b64b-32c59177e2fd 4011027b549c4005a0ee626b2ba0dbd9 c51ed17842774c53812401d7c3ae753e - - default default] Unable to schedule network 24aa1fc4-4f93-44a1-b186-4eea77bdf95c: no agents available; will retry on subsequent port and subnet creation events.
2026-05-05 19:30:57.194 7 INFO neutron.plugins.ml2.drivers.ovn.mech_driver.mech_driver [None req-db5c8e9f-95ba-4d90-a64f-02df70818a5d - - - - - -] OVN reports status down for port: 66b3c064-58c6-470b-a607-79888983997f
2026-05-05 19:30:57.209 8 INFO neutron.db.ovn_revision_numbers_db [None req-2728c863-7d58-42a4-b64b-32c59177e2fd 4011027b549c4005a0ee626b2ba0dbd9 c51ed17842774c53812401d7c3ae753e - - default default] Successfully bumped revision number for resource 66b3c064-58c6-470b-a607-79888983997f (type: ports) to 1 [pid: 8|app: 0|req: 676/1435] 10.0.0.8 () {34 vars in 669 bytes} [Tue May 5 19:30:56 2026] POST /v2.0/networks => generated 779 bytes in 854 msecs (HTTP/1.1 201) 4 headers in 162 bytes (1 switches on core 0) [pid: 8|app: 0|req: 677/1436] 10.0.0.31 () {34 vars in 989 bytes} [Tue May 5 19:30:57 2026] GET /v2.0/ports?device_id=f49842c3-c4eb-4d0a-a79c-b08537d70029 => generated 12 bytes in 20 msecs (HTTP/1.1 200) 4 headers in 156 bytes (1 switches on core 0)
2026-05-05 19:30:57.397 7 WARNING neutron.scheduler.dhcp_agent_scheduler [None req-436b7c7e-a49e-4196-b11c-99d4081e36cb 4011027b549c4005a0ee626b2ba0dbd9 c51ed17842774c53812401d7c3ae753e - - default default] No more DHCP agents
2026-05-05 19:30:57.398 7 WARNING neutron.api.rpc.agentnotifiers.dhcp_rpc_agent_api [None req-436b7c7e-a49e-4196-b11c-99d4081e36cb 4011027b549c4005a0ee626b2ba0dbd9 c51ed17842774c53812401d7c3ae753e - - default default] Unable to schedule network 24aa1fc4-4f93-44a1-b186-4eea77bdf95c: no agents available; will retry on subsequent port and subnet creation events. [pid: 8|app: 0|req: 678/1437] 10.0.0.8 () {32 vars in 715 bytes} [Tue May 5 19:30:57 2026] GET /v2.0/ports/52c89bed-05db-40a8-a853-9c78d4e5dc39 => generated 953 bytes in 39 msecs (HTTP/1.1 200) 4 headers in 157 bytes (1 switches on core 0) [pid: 8|app: 0|req: 679/1438] 10.0.0.88 () {34 vars in 989 bytes} [Tue May 5 19:30:57 2026] GET /v2.0/ports?device_id=941eeb6e-8418-4bf8-8392-d27c499e6246 => generated 1232 bytes in 64 msecs (HTTP/1.1 200) 4 headers in 158 bytes (1 switches on core 0) [pid: 8|app: 0|req: 680/1439] 10.0.0.88 () {34 vars in 1039 bytes} [Tue May 5 19:30:57 2026] GET /v2.0/security-groups?id=b61f1648-6d35-4f06-98af-4cf11327b40f&fields=id&fields=name => generated 114 bytes in 38 msecs (HTTP/1.1 200) 4 headers in 157 bytes (1 switches on core 0)
2026-05-05 19:30:57.847 7 INFO neutron.db.ovn_revision_numbers_db [None req-436b7c7e-a49e-4196-b11c-99d4081e36cb 4011027b549c4005a0ee626b2ba0dbd9 c51ed17842774c53812401d7c3ae753e - - default default] Successfully bumped revision number for resource 66b3c064-58c6-470b-a607-79888983997f (type: ports) to 2
2026-05-05 19:30:57.877 7 INFO neutron.db.ovn_revision_numbers_db [None req-436b7c7e-a49e-4196-b11c-99d4081e36cb 4011027b549c4005a0ee626b2ba0dbd9 c51ed17842774c53812401d7c3ae753e - - default default] Successfully bumped revision number for resource b88e7e5c-fa83-4a4e-a448-adc32d38f15c (type: subnets) to 0 [pid: 7|app: 0|req: 760/1440] 10.0.0.8 () {34 vars in 667 bytes} [Tue May 5 19:30:57 2026] POST /v2.0/subnets => generated 686 bytes in 650 msecs (HTTP/1.1 201) 4 headers in 162 bytes (1 switches on core 0)
2026-05-05 19:30:58.069 8 WARNING neutron.plugins.ml2.drivers.ovn.mech_driver.ovsdb.ovn_client [None req-ffacab4a-6078-428c-aa32-7d393fc97bb4 - - - - - -] No hosting information found for port 1d9fed92-5727-4579-9a42-286a5a7e8e51: RuntimeError: No hosting information found for port 1d9fed92-5727-4579-9a42-286a5a7e8e51
2026-05-05 19:30:58.199 8 INFO neutron.db.ovn_revision_numbers_db [None req-ffacab4a-6078-428c-aa32-7d393fc97bb4 - - - - - -] Successfully bumped revision number for resource 1d9fed92-5727-4579-9a42-286a5a7e8e51 (type: router_ports) to 2
2026-05-05 19:30:58.254 8 INFO neutron.plugins.ml2.drivers.ovn.mech_driver.mech_driver [None req-ffacab4a-6078-428c-aa32-7d393fc97bb4 - - - - - -] OVN reports status down for port: 52c89bed-05db-40a8-a853-9c78d4e5dc39
2026-05-05 19:30:58.349 8 WARNING neutron.plugins.ml2.drivers.ovn.mech_driver.ovsdb.ovn_client [None req-ffacab4a-6078-428c-aa32-7d393fc97bb4 - - - - - -] Logical_Switch_Port 52c89bed-05db-40a8-a853-9c78d4e5dc39 host information not removed, the port state is up
2026-05-05 19:30:58.350 8 INFO neutron.plugins.ml2.drivers.ovn.mech_driver.mech_driver [None req-ffacab4a-6078-428c-aa32-7d393fc97bb4 - - - - - -] OVN reports status up for port: 52c89bed-05db-40a8-a853-9c78d4e5dc39
2026-05-05 19:30:58.367 8 WARNING neutron.scheduler.dhcp_agent_scheduler [None req-eec9175e-c20d-4989-9242-a0b07c0a49c6 4011027b549c4005a0ee626b2ba0dbd9 c51ed17842774c53812401d7c3ae753e - - default default] No more DHCP agents
2026-05-05 19:30:58.368 8 INFO neutron.plugins.ml2.plugin [None req-ffacab4a-6078-428c-aa32-7d393fc97bb4 - - - - - -] Attempt 1 to provision port 52c89bed-05db-40a8-a853-9c78d4e5dc39
2026-05-05 19:30:58.369 8 WARNING neutron.api.rpc.agentnotifiers.dhcp_rpc_agent_api [None req-eec9175e-c20d-4989-9242-a0b07c0a49c6 4011027b549c4005a0ee626b2ba0dbd9 c51ed17842774c53812401d7c3ae753e - - default default] Unable to schedule network a8966894-82c7-4689-b75c-d1ce352731cc: no agents available; will retry on subsequent port and subnet creation events. [pid: 7|app: 0|req: 761/1441] 10.0.0.31 () {34 vars in 989 bytes} [Tue May 5 19:30:58 2026] GET /v2.0/ports?device_id=f49842c3-c4eb-4d0a-a79c-b08537d70029 => generated 12 bytes in 23 msecs (HTTP/1.1 200) 4 headers in 156 bytes (1 switches on core 0) [pid: 7|app: 0|req: 762/1442] 10.0.0.8 () {32 vars in 715 bytes} [Tue May 5 19:30:58 2026] GET /v2.0/ports/52c89bed-05db-40a8-a853-9c78d4e5dc39 => generated 953 bytes in 72 msecs (HTTP/1.1 200) 4 headers in 157 bytes (1 switches on core 0)
2026-05-05 19:30:58.669 8 INFO neutron.db.ovn_revision_numbers_db [None req-eec9175e-c20d-4989-9242-a0b07c0a49c6 4011027b549c4005a0ee626b2ba0dbd9 c51ed17842774c53812401d7c3ae753e - - default default] Successfully bumped revision number for resource 93996ee4-ed85-4b7a-9002-1161a5321200 (type: ports) to 1
2026-05-05 19:30:59.086 8 INFO neutron.db.ovn_revision_numbers_db [None req-ffacab4a-6078-428c-aa32-7d393fc97bb4 - - - - - -] Successfully bumped revision number for resource 52c89bed-05db-40a8-a853-9c78d4e5dc39 (type: ports) to 2 [pid: 7|app: 0|req: 763/1443] 10.0.0.8 () {32 vars in 715 bytes} [Tue May 5 19:30:59 2026] GET /v2.0/ports/52c89bed-05db-40a8-a853-9c78d4e5dc39 => generated 955 bytes in 33 msecs (HTTP/1.1 200) 4 headers in 157 bytes (1 switches on core 0) [pid: 7|app: 0|req: 764/1444] 10.0.0.31 () {34 vars in 989 bytes} [Tue May 5 19:30:59 2026] GET /v2.0/ports?device_id=f49842c3-c4eb-4d0a-a79c-b08537d70029 => generated 12 bytes in 51 msecs (HTTP/1.1 200) 4 headers in 156 bytes (1 switches on core 0)
2026-05-05 19:30:59.589 8 INFO neutron.plugins.ml2.drivers.ovn.mech_driver.ovsdb.ovsdb_monitor [None req-59ee5ff4-d32b-480d-804f-71e1049eda0f - - - - - -] Router 57de9ec3-ff12-49f9-887e-e9be891e7907 is bound to host instance
2026-05-05 19:30:59.675 8 INFO neutron.db.ovn_revision_numbers_db [None req-eec9175e-c20d-4989-9242-a0b07c0a49c6 4011027b549c4005a0ee626b2ba0dbd9 c51ed17842774c53812401d7c3ae753e - - default default] Successfully bumped revision number for resource 93996ee4-ed85-4b7a-9002-1161a5321200 (type: router_ports) to 1
2026-05-05 19:30:59.795 8 INFO neutron.db.ovn_revision_numbers_db [None req-eec9175e-c20d-4989-9242-a0b07c0a49c6 4011027b549c4005a0ee626b2ba0dbd9 c51ed17842774c53812401d7c3ae753e - - default default] Successfully bumped revision number for resource 57de9ec3-ff12-49f9-887e-e9be891e7907 (type: routers) to 2 [pid: 8|app: 0|req: 681/1445] 10.0.0.8 () {34 vars in 667 bytes} [Tue May 5 19:30:57 2026] POST /v2.0/routers => generated 985 bytes in 1927 msecs (HTTP/1.1 201) 4 headers in 162 bytes (1 switches on core 0)
2026-05-05 19:30:59.857 7 INFO neutron_taas.services.taas.taas_plugin [None req-663c0ab9-b4f7-4a49-909e-06eafd3d294d c81d08b9429a42fca97ecdf1c96a8c94 75713a1775d1493da60241dfa6aca13c - - default default] TaaS: Handle Delete Port: 52c89bed-05db-40a8-a853-9c78d4e5dc39
2026-05-05 19:30:59.860 7 INFO neutron_taas.services.taas.tap_mirror_plugin [None req-663c0ab9-b4f7-4a49-909e-06eafd3d294d c81d08b9429a42fca97ecdf1c96a8c94 75713a1775d1493da60241dfa6aca13c - - default default] Tap Mirror: Handle Delete Port: 52c89bed-05db-40a8-a853-9c78d4e5dc39 [pid: 7|app: 0|req: 765/1446] 10.0.0.8 () {34 vars in 787 bytes} [Tue May 5 19:30:59 2026] PUT /v2.0/routers/8fb76381-92e8-4ad0-98df-58eeb04a234e/remove_router_interface => generated 310 bytes in 590 msecs (HTTP/1.1 200) 4 headers in 157 bytes (1 switches on core 0) /var/lib/openstack/lib/python3.12/site-packages/pycadf/identifier.py:70: UserWarning: Invalid uuid: neutron. To ensure interoperability, identifiers should be a valid uuid. warnings.warn(('Invalid uuid: %s. To ensure interoperability, ' [pid: 7|app: 0|req: 766/1447] 10.0.0.8 () {32 vars in 715 bytes} [Tue May 5 19:31:00 2026] GET /v2.0/ports/1d9fed92-5727-4579-9a42-286a5a7e8e51 => generated 947 bytes in 80 msecs (HTTP/1.1 200) 4 headers in 157 bytes (1 switches on core 0)
2026-05-05 19:31:00.504 7 INFO neutron_taas.services.taas.taas_plugin [None req-2c2eb747-9730-486c-902c-d9bbab84e7d9 c81d08b9429a42fca97ecdf1c96a8c94 75713a1775d1493da60241dfa6aca13c - - default default] TaaS: Handle Delete Port: 1d9fed92-5727-4579-9a42-286a5a7e8e51
2026-05-05 19:31:00.506 7 INFO neutron_taas.services.taas.tap_mirror_plugin [None req-2c2eb747-9730-486c-902c-d9bbab84e7d9 c81d08b9429a42fca97ecdf1c96a8c94 75713a1775d1493da60241dfa6aca13c - - default default] Tap Mirror: Handle Delete Port: 1d9fed92-5727-4579-9a42-286a5a7e8e51
2026-05-05 19:31:00.691 8 WARNING neutron.scheduler.dhcp_agent_scheduler [None req-60b075a9-fcbd-4140-9a37-efd64f84d7d9 4011027b549c4005a0ee626b2ba0dbd9 c51ed17842774c53812401d7c3ae753e - - default default] No more DHCP agents
2026-05-05 19:31:00.693 8 WARNING neutron.api.rpc.agentnotifiers.dhcp_rpc_agent_api [None req-60b075a9-fcbd-4140-9a37-efd64f84d7d9 4011027b549c4005a0ee626b2ba0dbd9 c51ed17842774c53812401d7c3ae753e - - default default] Unable to schedule network 24aa1fc4-4f93-44a1-b186-4eea77bdf95c: no agents available; will retry on subsequent port and subnet creation events. [pid: 7|app: 0|req: 767/1448] 10.0.0.8 () {34 vars in 787 bytes} [Tue May 5 19:31:00 2026] PUT /v2.0/routers/8fb76381-92e8-4ad0-98df-58eeb04a234e/remove_router_interface => generated 310 bytes in 493 msecs (HTTP/1.1 200) 4 headers in 157 bytes (1 switches on core 0) /var/lib/openstack/lib/python3.12/site-packages/pycadf/identifier.py:70: UserWarning: Invalid uuid: neutron. To ensure interoperability, identifiers should be a valid uuid. warnings.warn(('Invalid uuid: %s. To ensure interoperability, '
2026-05-05 19:31:00.984 8 INFO neutron.db.ovn_revision_numbers_db [None req-60b075a9-fcbd-4140-9a37-efd64f84d7d9 4011027b549c4005a0ee626b2ba0dbd9 c51ed17842774c53812401d7c3ae753e - - default default] Successfully bumped revision number for resource 9618be4b-b14b-42f3-be4a-ebdc2e3c8151 (type: ports) to 1
2026-05-05 19:31:01.053 7 INFO neutron_taas.services.taas.taas_plugin [None req-38e72c53-823f-4d14-add6-733a70103fc7 4011027b549c4005a0ee626b2ba0dbd9 c51ed17842774c53812401d7c3ae753e - - default default] TaaS: Handle Delete Port: d0799872-bf32-4e2a-800e-542d16067657
2026-05-05 19:31:01.056 7 INFO neutron_taas.services.taas.tap_mirror_plugin [None req-38e72c53-823f-4d14-add6-733a70103fc7 4011027b549c4005a0ee626b2ba0dbd9 c51ed17842774c53812401d7c3ae753e - - default default] Tap Mirror: Handle Delete Port: d0799872-bf32-4e2a-800e-542d16067657
2026-05-05 19:31:01.125 8 INFO neutron.db.ovn_revision_numbers_db [None req-57e923da-b742-4040-a6f6-a5532164c246 - - - - - -] Successfully bumped revision number for resource 93996ee4-ed85-4b7a-9002-1161a5321200 (type: ports) to 4 [pid: 7|app: 0|req: 768/1449] 10.0.0.8 () {34 vars in 787 bytes} [Tue May 5 19:31:00 2026] PUT /v2.0/routers/069b154a-5484-4687-9da1-965b7ce0817e/remove_router_interface => generated 310 bytes in 966 msecs (HTTP/1.1 200) 4 headers in 157 bytes (1 switches on core 0) /var/lib/openstack/lib/python3.12/site-packages/pycadf/identifier.py:70: UserWarning: Invalid uuid: neutron. To ensure interoperability, identifiers should be a valid uuid. warnings.warn(('Invalid uuid: %s. To ensure interoperability, ' [pid: 7|app: 0|req: 769/1450] 10.0.0.8 () {32 vars in 734 bytes} [Tue May 5 19:31:01 2026] GET /v2.0/ports?device_id=8fb76381-92e8-4ad0-98df-58eeb04a234e => generated 12 bytes in 23 msecs (HTTP/1.1 200) 4 headers in 156 bytes (1 switches on core 0)
2026-05-05 19:31:01.901 8 INFO neutron.db.ovn_revision_numbers_db [None req-57e923da-b742-4040-a6f6-a5532164c246 - - - - - -] Successfully bumped revision number for resource 93996ee4-ed85-4b7a-9002-1161a5321200 (type: ports) to 5
2026-05-05 19:31:02.036 7 INFO neutron_taas.services.taas.taas_plugin [None req-3a6c644d-729c-4549-ad5f-804b42620062 4011027b549c4005a0ee626b2ba0dbd9 c51ed17842774c53812401d7c3ae753e - - default default] TaaS: Handle Delete Port: 4be18e12-e688-4406-a744-301f47642c10
2026-05-05 19:31:02.038 7 INFO neutron_taas.services.taas.tap_mirror_plugin [None req-3a6c644d-729c-4549-ad5f-804b42620062 4011027b549c4005a0ee626b2ba0dbd9 c51ed17842774c53812401d7c3ae753e - - default default] Tap Mirror: Handle Delete Port: 4be18e12-e688-4406-a744-301f47642c10
2026-05-05 19:31:02.261 8 WARNING neutron.scheduler.dhcp_agent_scheduler [None req-60b075a9-fcbd-4140-9a37-efd64f84d7d9 4011027b549c4005a0ee626b2ba0dbd9 c51ed17842774c53812401d7c3ae753e - - default default] No more DHCP agents
2026-05-05 19:31:02.262 8 WARNING neutron.api.rpc.agentnotifiers.dhcp_rpc_agent_api [None req-60b075a9-fcbd-4140-9a37-efd64f84d7d9 4011027b549c4005a0ee626b2ba0dbd9 c51ed17842774c53812401d7c3ae753e - - default default] Unable to schedule network 24aa1fc4-4f93-44a1-b186-4eea77bdf95c: no agents available; will retry on subsequent port and subnet creation events. [pid: 7|app: 0|req: 770/1451] 10.0.0.8 () {32 vars in 722 bytes} [Tue May 5 19:31:01 2026] DELETE /v2.0/routers/069b154a-5484-4687-9da1-965b7ce0817e => generated 0 bytes in 651 msecs (HTTP/1.1 204) 2 headers in 112 bytes (1 switches on core 0) [pid: 7|app: 0|req: 771/1452] 10.0.0.8 () {32 vars in 722 bytes} [Tue May 5 19:31:02 2026] DELETE /v2.0/routers/8fb76381-92e8-4ad0-98df-58eeb04a234e => generated 0 bytes in 212 msecs (HTTP/1.1 204) 2 headers in 112 bytes (1 switches on core 0)
2026-05-05 19:31:02.801 7 INFO neutron.common.ovn.utils [None req-db5c8e9f-95ba-4d90-a64f-02df70818a5d - - - - - -] HA Chassis Group neutron-24aa1fc4-4f93-44a1-b186-4eea77bdf95c synchronized; highest priority chassis 45410d73-000f-47f4-bda6-0ac0179e7d75
2026-05-05 19:31:02.814 8 INFO neutron.db.ovn_revision_numbers_db [None req-60b075a9-fcbd-4140-9a37-efd64f84d7d9 4011027b549c4005a0ee626b2ba0dbd9 c51ed17842774c53812401d7c3ae753e - - default default] Successfully bumped revision number for resource 9618be4b-b14b-42f3-be4a-ebdc2e3c8151 (type: router_ports) to 1 [pid: 8|app: 0|req: 682/1455] 10.0.0.8 () {34 vars in 781 bytes} [Tue May 5 19:30:59 2026] PUT /v2.0/routers/57de9ec3-ff12-49f9-887e-e9be891e7907/add_router_interface => generated 310 bytes in 2990 msecs (HTTP/1.1 200) 4 headers in 157 bytes (1 switches on core 0) [pid: 7|app: 0|req: 774/1456] 10.0.0.8 () {32 vars in 722 bytes} [Tue May 5 19:31:02 2026] DELETE /v2.0/subnets/1695916e-e65b-4e52-8bd3-8d4ed0a4e182 => generated 0 bytes in 209 msecs (HTTP/1.1 204) 3 headers in 131 bytes (1 switches on core 0)
2026-05-05 19:31:02.952 7 INFO neutron_taas.services.taas.taas_plugin [None req-9e1684be-f38d-4387-a559-998328a54a20 4011027b549c4005a0ee626b2ba0dbd9 c51ed17842774c53812401d7c3ae753e - - default default] TaaS: Handle Delete Port: 4c3705bc-1aaf-41ea-9486-aa07a0bd3dc5
2026-05-05 19:31:02.955 7 INFO neutron_taas.services.taas.tap_mirror_plugin [None req-9e1684be-f38d-4387-a559-998328a54a20 4011027b549c4005a0ee626b2ba0dbd9 c51ed17842774c53812401d7c3ae753e - - default default] Tap Mirror: Handle Delete Port: 4c3705bc-1aaf-41ea-9486-aa07a0bd3dc5 [pid: 8|app: 0|req: 683/1457] 10.0.0.8 () {32 vars in 722 bytes} [Tue May 5 19:31:02 2026] DELETE /v2.0/subnets/5e8d83f6-4a67-46ea-8c88-e355ea063730 => generated 0 bytes in 144 msecs (HTTP/1.1 204) 3 headers in 131 bytes (1 switches on core 0)
2026-05-05 19:31:03.140 7 INFO neutron.services.segments.plugin [-] Segment 3989c7b0-81ea-455f-9e8f-bed9681edbf6 resource provider aggregate not found
2026-05-05 19:31:03.151 7 INFO neutron.services.segments.plugin [-] Segment 3989c7b0-81ea-455f-9e8f-bed9681edbf6 resource provider aggregate not found [pid: 8|app: 0|req: 684/1458] 10.0.0.8 () {32 vars in 722 bytes} [Tue May 5 19:31:02 2026] DELETE /v2.0/subnets/69019ec3-b4ac-4f19-bdc0-1cf4469a18e8 => generated 0 bytes in 185 msecs (HTTP/1.1 204) 3 headers in 131 bytes (1 switches on core 0)
2026-05-05 19:31:03.157 7 INFO neutron.services.segments.plugin [-] Segment 3989c7b0-81ea-455f-9e8f-bed9681edbf6 resource provider not found; error: Placement Client Error (4xx): {"errors": [{"status": 404, "title": "Not Found", "detail": "The resource could not be found.\n\n No resource provider with uuid 3989c7b0-81ea-455f-9e8f-bed9681edbf6 found for delete ", "request_id": "req-de11de90-e9cf-43fc-aa3f-221776d1055c"}]}
2026-05-05 19:31:03.170 7 INFO neutron.services.segments.plugin [-] Segment 3989c7b0-81ea-455f-9e8f-bed9681edbf6 resource provider not found; error: Placement Client Error (4xx): {"errors": [{"status": 404, "title": "Not Found", "detail": "The resource could not be found.\n\n No resource provider with uuid 3989c7b0-81ea-455f-9e8f-bed9681edbf6 found for delete ", "request_id": "req-62402123-634d-47c5-8a64-8cd617949db3"}]} [pid: 7|app: 0|req: 775/1459] 10.0.0.8 () {32 vars in 724 bytes} [Tue May 5 19:31:02 2026] DELETE /v2.0/networks/8c35bbaa-848b-4652-ab86-c5eb313144c5 => generated 0 bytes in 356 msecs (HTTP/1.1 204) 3 headers in 131 bytes (1 switches on core 0)
2026-05-05 19:31:03.288 7 WARNING neutron.db.securitygroups_db [None req-2359b28b-1b7a-4430-82ad-a152d3b9ff2f 4011027b549c4005a0ee626b2ba0dbd9 c51ed17842774c53812401d7c3ae753e - - default default] project_id key not found in filters, using tenant_id instead. This support has been deprecated and will be removed in a future release.
2026-05-05 19:31:03.299 8 INFO neutron_taas.services.taas.taas_plugin [None req-bb097fcf-efd1-4f8b-b03a-b271f10dc277 c81d08b9429a42fca97ecdf1c96a8c94 75713a1775d1493da60241dfa6aca13c - - default default] TaaS: Handle Delete Port: 0fa023ed-41f0-4d45-ad97-3c6668cdf38e
2026-05-05 19:31:03.303 8 INFO neutron_taas.services.taas.tap_mirror_plugin [None req-bb097fcf-efd1-4f8b-b03a-b271f10dc277 c81d08b9429a42fca97ecdf1c96a8c94 75713a1775d1493da60241dfa6aca13c - - default default] Tap Mirror: Handle Delete Port: 0fa023ed-41f0-4d45-ad97-3c6668cdf38e [pid: 7|app: 0|req: 776/1460] 10.0.0.8 () {32 vars in 772 bytes} [Tue May 5 19:31:03 2026] GET /v2.0/security-groups?tenant_id=fd189426caf84c70addaeb1670b8babf&name=default => generated 2925 bytes in 32 msecs (HTTP/1.1 200) 4 headers in 158 bytes (1 switches on core 0)
2026-05-05 19:31:03.487 8 INFO neutron.services.segments.plugin [-] Segment d0bf7d69-b4d2-49fb-b4cd-6a33166d1f82 resource provider aggregate not found
2026-05-05 19:31:03.488 8 INFO neutron.services.segments.plugin [-] Segment d0bf7d69-b4d2-49fb-b4cd-6a33166d1f82 resource provider aggregate not found
2026-05-05 19:31:03.517 8 INFO neutron.services.segments.plugin [-] Segment d0bf7d69-b4d2-49fb-b4cd-6a33166d1f82 resource provider not found; error: Placement Client Error (4xx): {"errors": [{"status": 404, "title": "Not Found", "detail": "The resource could not be found.\n\n No resource provider with uuid d0bf7d69-b4d2-49fb-b4cd-6a33166d1f82 found for delete ", "request_id": "req-6b277586-e068-485f-8484-34bf6add4243"}]}
2026-05-05 19:31:03.517 8 INFO neutron.services.segments.plugin [-] Segment d0bf7d69-b4d2-49fb-b4cd-6a33166d1f82 resource provider not found; error: Placement Client Error (4xx): {"errors": [{"status": 404, "title": "Not Found", "detail": "The resource could not be found.\n\n No resource provider with uuid d0bf7d69-b4d2-49fb-b4cd-6a33166d1f82 found for delete ", "request_id": "req-7fbef03d-1954-48f3-977f-72655175fc75"}]} [pid: 8|app: 0|req: 685/1461] 10.0.0.8 () {32 vars in 724 bytes} [Tue May 5 19:31:03 2026] DELETE /v2.0/networks/13defe06-7b9d-4e92-b272-30a592605705 => generated 0 bytes in 373 msecs (HTTP/1.1 204) 3 headers in 131 bytes (1 switches on core 0) [pid: 7|app: 0|req: 777/1462] 10.0.0.8 () {32 vars in 738 bytes} [Tue May 5 19:31:03 2026] DELETE /v2.0/security-groups/d68a7921-dce6-4629-8ecb-587352deb24b => generated 0 bytes in 225 msecs (HTTP/1.1 204) 2 headers in 112 bytes (1 switches on core 0)
2026-05-05 19:31:03.647 8 INFO neutron_taas.services.taas.taas_plugin [None req-813ef432-e9da-4253-9c70-1ed851e48ee5 c81d08b9429a42fca97ecdf1c96a8c94 75713a1775d1493da60241dfa6aca13c - - default default] TaaS: Handle Delete Port: 710b41fe-e3a8-44b0-b3d4-3402add39fef
2026-05-05 19:31:03.649 8 INFO neutron_taas.services.taas.tap_mirror_plugin [None req-813ef432-e9da-4253-9c70-1ed851e48ee5 c81d08b9429a42fca97ecdf1c96a8c94 75713a1775d1493da60241dfa6aca13c - - default default] Tap Mirror: Handle Delete Port: 710b41fe-e3a8-44b0-b3d4-3402add39fef [pid: 8|app: 0|req: 686/1463] 10.0.0.8 () {32 vars in 724 bytes} [Tue May 5 19:31:03 2026] DELETE /v2.0/networks/917138a1-19ad-4fed-94cb-db34be3c4a88 => generated 0 bytes in 294 msecs (HTTP/1.1 204) 3 headers in 131 bytes (1 switches on core 0)
2026-05-05 19:31:03.926 7 INFO neutron.db.segments_db [None req-1f0e2235-8553-4629-af40-5697aa627623 c81d08b9429a42fca97ecdf1c96a8c94 75713a1775d1493da60241dfa6aca13c - - default default] Added segment 35becd64-8007-478f-9ced-e794c8140967 of type geneve for network cb7a3002-e4f9-4696-80a3-9160c3bbd741
2026-05-05 19:31:04.037 8 INFO neutron.db.ovn_revision_numbers_db [None req-9c4d6ed8-e859-4cec-bd59-187afdb95b86 4011027b549c4005a0ee626b2ba0dbd9 c51ed17842774c53812401d7c3ae753e - - default default] Successfully bumped revision number for resource 79708f32-dd6f-4a82-9f33-c3ed174468c2 (type: security_groups) to 1
2026-05-05 19:31:04.051 7 INFO neutron.db.ovn_revision_numbers_db [None req-1f0e2235-8553-4629-af40-5697aa627623 c81d08b9429a42fca97ecdf1c96a8c94 75713a1775d1493da60241dfa6aca13c - - default default] Successfully bumped revision number for resource cb7a3002-e4f9-4696-80a3-9160c3bbd741 (type: networks) to 1
2026-05-05 19:31:04.053 8 INFO neutron.db.ovn_revision_numbers_db [None req-9c4d6ed8-e859-4cec-bd59-187afdb95b86 4011027b549c4005a0ee626b2ba0dbd9 c51ed17842774c53812401d7c3ae753e - - default default] Successfully bumped revision number for resource 35396bd4-81ae-4856-a030-b09e49a7aa79 (type: security_group_rules) to 0
2026-05-05 19:31:04.067 8 INFO neutron.db.ovn_revision_numbers_db [None req-9c4d6ed8-e859-4cec-bd59-187afdb95b86 4011027b549c4005a0ee626b2ba0dbd9 c51ed17842774c53812401d7c3ae753e - - default default] Successfully bumped revision number for resource 86ee21dd-2e9b-4c22-a4e2-a95a497ff02f (type: security_group_rules) to 0
2026-05-05 19:31:04.079 8 INFO neutron.db.ovn_revision_numbers_db [None req-9c4d6ed8-e859-4cec-bd59-187afdb95b86 4011027b549c4005a0ee626b2ba0dbd9 c51ed17842774c53812401d7c3ae753e - - default default] Successfully bumped revision number for resource b74deb21-eb92-4704-a368-505fd748fcf1 (type: security_group_rules) to 0
2026-05-05 19:31:04.091 8 INFO neutron.db.ovn_revision_numbers_db [None req-9c4d6ed8-e859-4cec-bd59-187afdb95b86 4011027b549c4005a0ee626b2ba0dbd9 c51ed17842774c53812401d7c3ae753e - - default default] Successfully bumped revision number for resource d35835da-4567-4d36-a8e1-9d436197093b (type: security_group_rules) to 0
2026-05-05 19:31:04.168 8 INFO neutron.db.segments_db [None req-9c4d6ed8-e859-4cec-bd59-187afdb95b86 4011027b549c4005a0ee626b2ba0dbd9 c51ed17842774c53812401d7c3ae753e - - default default] Added segment e6748d25-2261-4bce-880c-efbca7c941f0 of type geneve for network 19fa6b17-59b3-41cf-8d61-2f4c9f5bd918
2026-05-05 19:31:04.201 7 WARNING neutron.scheduler.dhcp_agent_scheduler [None req-1f0e2235-8553-4629-af40-5697aa627623 c81d08b9429a42fca97ecdf1c96a8c94 75713a1775d1493da60241dfa6aca13c - - default default] No more DHCP agents
2026-05-05 19:31:04.202 7 WARNING neutron.api.rpc.agentnotifiers.dhcp_rpc_agent_api [None req-1f0e2235-8553-4629-af40-5697aa627623 c81d08b9429a42fca97ecdf1c96a8c94 75713a1775d1493da60241dfa6aca13c - - default default] Unable to schedule network cb7a3002-e4f9-4696-80a3-9160c3bbd741: no agents available; will retry on subsequent port and subnet creation events.
2026-05-05 19:31:04.303 7 INFO neutron.db.ovn_revision_numbers_db [None req-1f0e2235-8553-4629-af40-5697aa627623 c81d08b9429a42fca97ecdf1c96a8c94 75713a1775d1493da60241dfa6aca13c - - default default] Successfully bumped revision number for resource 1d6f666c-b8bd-48ff-a9e7-618c7db3c48d (type: ports) to 1
2026-05-05 19:31:04.317 8 INFO neutron.db.ovn_revision_numbers_db [None req-9c4d6ed8-e859-4cec-bd59-187afdb95b86 4011027b549c4005a0ee626b2ba0dbd9 c51ed17842774c53812401d7c3ae753e - - default default] Successfully bumped revision number for resource 19fa6b17-59b3-41cf-8d61-2f4c9f5bd918 (type: networks) to 1 [pid: 7|app: 0|req: 778/1464] 10.0.0.8 () {34 vars in 668 bytes} [Tue May 5 19:31:03 2026] POST /v2.0/networks => generated 672 bytes in 484 msecs (HTTP/1.1 201) 4 headers in 162 bytes (1 switches on core 0)
2026-05-05 19:31:04.481 8 WARNING neutron.scheduler.dhcp_agent_scheduler [None req-9c4d6ed8-e859-4cec-bd59-187afdb95b86 4011027b549c4005a0ee626b2ba0dbd9 c51ed17842774c53812401d7c3ae753e - - default default] No more DHCP agents
2026-05-05 19:31:04.482 8 WARNING neutron.api.rpc.agentnotifiers.dhcp_rpc_agent_api [None req-9c4d6ed8-e859-4cec-bd59-187afdb95b86 4011027b549c4005a0ee626b2ba0dbd9 c51ed17842774c53812401d7c3ae753e - - default default] Unable to schedule network 19fa6b17-59b3-41cf-8d61-2f4c9f5bd918: no agents available; will retry on subsequent port and subnet creation events.
2026-05-05 19:31:04.525 7 WARNING neutron.scheduler.dhcp_agent_scheduler [None req-31d03b53-12ad-4e31-9da7-09f640176fd9 c81d08b9429a42fca97ecdf1c96a8c94 75713a1775d1493da60241dfa6aca13c - - default default] No more DHCP agents
2026-05-05 19:31:04.529 7 WARNING neutron.api.rpc.agentnotifiers.dhcp_rpc_agent_api [None req-31d03b53-12ad-4e31-9da7-09f640176fd9 c81d08b9429a42fca97ecdf1c96a8c94 75713a1775d1493da60241dfa6aca13c - - default default] Unable to schedule network cb7a3002-e4f9-4696-80a3-9160c3bbd741: no agents available; will retry on subsequent port and subnet creation events.
2026-05-05 19:31:04.544 7 INFO neutron.plugins.ml2.drivers.ovn.mech_driver.mech_driver [None req-db5c8e9f-95ba-4d90-a64f-02df70818a5d - - - - - -] OVN reports status down for port: 21595b86-b772-43b8-8c6c-f8511951736d
2026-05-05 19:31:04.565 8 INFO neutron.db.ovn_revision_numbers_db [None req-9c4d6ed8-e859-4cec-bd59-187afdb95b86 4011027b549c4005a0ee626b2ba0dbd9 c51ed17842774c53812401d7c3ae753e - - default default] Successfully bumped revision number for resource 21595b86-b772-43b8-8c6c-f8511951736d (type: ports) to 1 [pid: 8|app: 0|req: 687/1465] 10.0.0.8 () {34 vars in 669 bytes} [Tue May 5 19:31:03 2026] POST /v2.0/networks => generated 781 bytes in 717 msecs (HTTP/1.1 201) 4 headers in 162 bytes (1 switches on core 0)
2026-05-05 19:31:04.597 7 INFO neutron.db.ovn_revision_numbers_db [None req-31d03b53-12ad-4e31-9da7-09f640176fd9 c81d08b9429a42fca97ecdf1c96a8c94 75713a1775d1493da60241dfa6aca13c - - default default] Successfully bumped revision number for resource 4daba16d-a928-4369-8295-66f4bc185156 (type: subnets) to 0 [pid: 7|app: 0|req: 779/1466] 10.0.0.8 () {34 vars in 667 bytes} [Tue May 5 19:31:04 2026] POST /v2.0/subnets => generated 646 bytes in 300 msecs (HTTP/1.1 201) 4 headers in 162 bytes (1 switches on core 0) [pid: 8|app: 0|req: 688/1467] 10.0.0.31 () {34 vars in 989 bytes} [Tue May 5 19:31:04 2026] GET /v2.0/ports?device_id=941eeb6e-8418-4bf8-8392-d27c499e6246 => generated 971 bytes in 74 msecs (HTTP/1.1 200) 4 headers in 157 bytes (1 switches on core 0)
2026-05-05 19:31:04.700 8 WARNING neutron.plugins.ml2.drivers.ovn.mech_driver.ovsdb.ovn_client [None req-28e304ca-7a66-4f9b-bcbe-dd09b6c55abf - - - - - -] No port found with ID 52c89bed-05db-40a8-a853-9c78d4e5dc39: RuntimeError: No port found with ID 52c89bed-05db-40a8-a853-9c78d4e5dc39
2026-05-05 19:31:04.713 8 INFO neutron.plugins.ml2.drivers.ovn.mech_driver.mech_driver [None req-28e304ca-7a66-4f9b-bcbe-dd09b6c55abf - - - - - -] OVN reports status down for port: 48ab5639-7504-4f91-9ec2-c37dc79f9528
2026-05-05 19:31:04.733 8 INFO neutron.plugins.ml2.drivers.ovn.mech_driver.mech_driver [None req-28e304ca-7a66-4f9b-bcbe-dd09b6c55abf - - - - - -] OVN reports status down for port: 93996ee4-ed85-4b7a-9002-1161a5321200
2026-05-05 19:31:04.774 7 WARNING neutron.scheduler.dhcp_agent_scheduler [None req-87c99746-d3f7-42c7-af0a-490bc9b40bee 4011027b549c4005a0ee626b2ba0dbd9 c51ed17842774c53812401d7c3ae753e - - default default] No more DHCP agents
2026-05-05 19:31:04.776 7 WARNING neutron.api.rpc.agentnotifiers.dhcp_rpc_agent_api [None req-87c99746-d3f7-42c7-af0a-490bc9b40bee 4011027b549c4005a0ee626b2ba0dbd9 c51ed17842774c53812401d7c3ae753e - - default default] Unable to schedule network 19fa6b17-59b3-41cf-8d61-2f4c9f5bd918: no agents available; will retry on subsequent port and subnet creation events.
2026-05-05 19:31:04.839 8 INFO neutron.db.ovn_revision_numbers_db [None req-12241398-7e9f-4f44-87dc-c4a988a8787e c81d08b9429a42fca97ecdf1c96a8c94 75713a1775d1493da60241dfa6aca13c - - default default] Successfully bumped revision number for resource 595e38e9-6c29-4d07-b48f-8224e285ed12 (type: routers) to 1
2026-05-05 19:31:05.233 7 INFO neutron.db.ovn_revision_numbers_db [None req-87c99746-d3f7-42c7-af0a-490bc9b40bee 4011027b549c4005a0ee626b2ba0dbd9 c51ed17842774c53812401d7c3ae753e - - default default] Successfully bumped revision number for resource 21595b86-b772-43b8-8c6c-f8511951736d (type: ports) to 2
2026-05-05 19:31:05.270 7 INFO neutron.db.ovn_revision_numbers_db [None req-87c99746-d3f7-42c7-af0a-490bc9b40bee 4011027b549c4005a0ee626b2ba0dbd9 c51ed17842774c53812401d7c3ae753e - - default default] Successfully bumped revision number for resource 5d7423f7-1be0-4017-b751-f2a97ede3d85 (type: subnets) to 0 [pid: 7|app: 0|req: 780/1468] 10.0.0.8 () {34 vars in 667 bytes} [Tue May 5 19:31:04 2026] POST /v2.0/subnets => generated 688 bytes in 661 msecs (HTTP/1.1 201) 4 headers in 162 bytes (1 switches on core 0) [pid: 7|app: 0|req: 781/1469] 10.0.0.31 () {34 vars in 1039 bytes} [Tue May 5 19:31:05 2026] GET /v2.0/security-groups?id=b61f1648-6d35-4f06-98af-4cf11327b40f&fields=id&fields=name => generated 114 bytes in 42 msecs (HTTP/1.1 200) 4 headers in 157 bytes (1 switches on core 0) [pid: 8|app: 0|req: 689/1470] 10.0.0.8 () {34 vars in 667 bytes} [Tue May 5 19:31:04 2026] POST /v2.0/routers => generated 628 bytes in 685 msecs (HTTP/1.1 201) 4 headers in 162 bytes (1 switches on core 0)
2026-05-05 19:31:05.564 8 INFO neutron.services.segments.plugin [-] Segment 735e46de-8f55-4424-b046-6cfa50f409af resource provider aggregate not found
2026-05-05 19:31:05.576 8 INFO neutron.services.segments.plugin [-] Segment 735e46de-8f55-4424-b046-6cfa50f409af resource provider aggregate not found
2026-05-05 19:31:05.606 8 INFO neutron.services.segments.plugin [-] Segment 735e46de-8f55-4424-b046-6cfa50f409af resource provider not found; error: Placement Client Error (4xx): {"errors": [{"status": 404, "title": "Not Found", "detail": "The resource could not be found.\n\n No resource provider with uuid 735e46de-8f55-4424-b046-6cfa50f409af found for delete ", "request_id": "req-a6ba55c7-5910-4b99-9196-8fa10e886542"}]}
2026-05-05 19:31:05.607 8 INFO neutron.services.segments.plugin [-] Segment 735e46de-8f55-4424-b046-6cfa50f409af resource provider not found; error: Placement Client Error (4xx): {"errors": [{"status": 404, "title": "Not Found", "detail": "The resource could not be found.\n\n No resource provider with uuid 735e46de-8f55-4424-b046-6cfa50f409af found for delete ", "request_id": "req-72a23b7a-526f-4d89-83d1-0d4ddd196ce2"}]}
2026-05-05 19:31:05.745 7 WARNING neutron.scheduler.dhcp_agent_scheduler [None req-d3445af8-3a33-41ba-9b28-658bde195f36 4011027b549c4005a0ee626b2ba0dbd9 c51ed17842774c53812401d7c3ae753e - - default default] No more DHCP agents
