2026-05-05 19:36:32.365 8 INFO neutron_taas.services.taas.tap_mirror_plugin [None req-8d6fef86-5003-49ca-beae-fbbf1d2e2fd8 ba4028ad91924d18a75de144245ca0f2 4ece5d71e2ed40ecac36a26830d39d5c - - default default] Tap Mirror: Handle Delete Port: d73112ff-9b86-440c-8094-9e810a5d2893
2026-05-05 19:36:32.569 8 INFO neutron.db.l3_db [None req-8d6fef86-5003-49ca-beae-fbbf1d2e2fd8 ba4028ad91924d18a75de144245ca0f2 4ece5d71e2ed40ecac36a26830d39d5c - - default default] Floating IP 8debd9bb-05ea-43db-9893-be4580b92ec2 disassociated (deleted). External IP: 10.96.250.216, port: 9bc08ae3-0a0d-4ea2-afed-a51b3c8eae34. [pid: 8|app: 0|req: 1624/3313] 10.0.0.8 () {32 vars in 730 bytes} [Tue May 5 19:36:32 2026] DELETE /v2.0/floatingips/8debd9bb-05ea-43db-9893-be4580b92ec2 => generated 0 bytes in 390 msecs (HTTP/1.1 204) 2 headers in 112 bytes (1 switches on core 0) /var/lib/openstack/lib/python3.12/site-packages/pycadf/identifier.py:70: UserWarning: Invalid uuid: neutron. To ensure interoperability, identifiers should be a valid uuid. warnings.warn(('Invalid uuid: %s. To ensure interoperability, '
2026-05-05 19:36:32.636 7 INFO neutron.api.v2.resource [None req-6a057805-0663-43d2-b457-0bb861d2ab52 ba4028ad91924d18a75de144245ca0f2 4ece5d71e2ed40ecac36a26830d39d5c - - default default] show failed (client error): The resource could not be found. [pid: 7|app: 0|req: 1690/3314] 10.0.0.8 () {32 vars in 727 bytes} [Tue May 5 19:36:32 2026] GET /v2.0/floatingips/8debd9bb-05ea-43db-9893-be4580b92ec2 => generated 144 bytes in 29 msecs (HTTP/1.1 404) 4 headers in 164 bytes (1 switches on core 0)
2026-05-05 19:36:32.638 8 INFO neutron.notifiers.nova [-] Nova event matching ['req-9b04bc05-af7e-411d-b3e5-29fff9517235'] response: {'name': 'network-changed', 'server_uuid': 'b92329ea-817a-4831-9ae4-47f62c5d421a', 'tag': '9bc08ae3-0a0d-4ea2-afed-a51b3c8eae34', 'status': 'completed', 'code': 200} [pid: 8|app: 0|req: 1625/3315] 10.0.0.31 () {34 vars in 989 bytes} [Tue May 5 19:36:32 2026] GET /v2.0/ports?device_id=b92329ea-817a-4831-9ae4-47f62c5d421a => generated 1192 bytes in 81 msecs (HTTP/1.1 200) 4 headers in 158 bytes (1 switches on core 0) [pid: 7|app: 0|req: 1691/3316] 10.0.0.31 () {34 vars in 1039 bytes} [Tue May 5 19:36:32 2026] GET /v2.0/security-groups?id=f2b8146c-1707-4237-b80b-034430978528&fields=id&fields=name => generated 112 bytes in 35 msecs (HTTP/1.1 200) 4 headers in 157 bytes (1 switches on core 0) [pid: 8|app: 0|req: 1626/3317] 199.204.45.3 () {34 vars in 1078 bytes} [Tue May 5 19:36:33 2026] GET /v2.0/ports?tenant_id=4ece5d71e2ed40ecac36a26830d39d5c&device_id=b92329ea-817a-4831-9ae4-47f62c5d421a => generated 1453 bytes in 34 msecs (HTTP/1.1 200) 4 headers in 158 bytes (1 switches on core 0) [pid: 7|app: 0|req: 1692/3318] 199.204.45.3 () {34 vars in 984 bytes} [Tue May 5 19:36:33 2026] GET /v2.0/networks?id=ca2ee8c0-c3c9-4caa-9faf-ae5c410ec487 => generated 841 bytes in 48 msecs (HTTP/1.1 200) 4 headers in 157 bytes (1 switches on core 0) [pid: 8|app: 0|req: 1627/3319] 199.204.45.3 () {34 vars in 1052 bytes} [Tue May 5 19:36:33 2026] GET /v2.0/floatingips?fixed_ip_address=10.2.1.7&port_id=9bc08ae3-0a0d-4ea2-afed-a51b3c8eae34 => generated 19 bytes in 19 msecs (HTTP/1.1 200) 4 headers in 156 bytes (1 switches on core 0) [pid: 7|app: 0|req: 1693/3320] 199.204.45.3 () {34 vars in 1102 bytes} [Tue May 5 19:36:33 2026] GET /v2.0/floatingips?fixed_ip_address=fd7b%3Af9f7%3Afff%3A4eca%3A%3A39f&port_id=9bc08ae3-0a0d-4ea2-afed-a51b3c8eae34 => generated 19 bytes in 22 msecs (HTTP/1.1 200) 4 headers in 156 bytes (1 switches on core 0) [pid: 8|app: 0|req: 1628/3321] 199.204.45.3 () {34 vars in 1062 bytes} [Tue May 5 19:36:33 2026] GET /v2.0/subnets?id=8b07bacd-33a1-4539-ae6c-0862cb2d9fd2&id=8f36c7d0-abaa-49a8-b2b9-d6e3b60f9d06 => generated 1411 bytes in 31 msecs (HTTP/1.1 200) 4 headers in 158 bytes (1 switches on core 0) [pid: 7|app: 0|req: 1694/3322] 199.204.45.3 () {34 vars in 1050 bytes} [Tue May 5 19:36:33 2026] GET /v2.0/ports?network_id=ca2ee8c0-c3c9-4caa-9faf-ae5c410ec487&device_owner=network%3Adhcp => generated 12 bytes in 23 msecs (HTTP/1.1 200) 4 headers in 156 bytes (1 switches on core 0) [pid: 8|app: 0|req: 1629/3323] 199.204.45.3 () {34 vars in 1050 bytes} [Tue May 5 19:36:33 2026] GET /v2.0/ports?network_id=ca2ee8c0-c3c9-4caa-9faf-ae5c410ec487&device_owner=network%3Adhcp => generated 12 bytes in 21 msecs (HTTP/1.1 200) 4 headers in 156 bytes (1 switches on core 0) [pid: 7|app: 0|req: 1695/3324] 199.204.45.3 () {34 vars in 1010 bytes} [Tue May 5 19:36:33 2026] GET /v2.0/networks/ca2ee8c0-c3c9-4caa-9faf-ae5c410ec487?fields=segments => generated 14 bytes in 45 msecs (HTTP/1.1 200) 4 headers in 156 bytes (1 switches on core 0) [pid: 8|app: 0|req: 1630/3325] 199.204.45.3 () {34 vars in 1110 bytes} [Tue May 5 19:36:33 2026] GET /v2.0/networks/ca2ee8c0-c3c9-4caa-9faf-ae5c410ec487?fields=provider%3Aphysical_network&fields=provider%3Anetwork_type => generated 79 bytes in 46 msecs (HTTP/1.1 200) 4 headers in 156 bytes (1 switches on core 0)
2026-05-05 19:36:33.849 8 INFO neutron.plugins.ml2.drivers.ovn.mech_driver.mech_driver [None req-db16954d-c6db-4513-be17-6bcfd844297d - - - - - -] OVN reports status down for port: 9bc08ae3-0a0d-4ea2-afed-a51b3c8eae34
2026-05-05 19:36:34.080 8 INFO neutron.db.ovn_revision_numbers_db [None req-db16954d-c6db-4513-be17-6bcfd844297d - - - - - -] Successfully bumped revision number for resource 9bc08ae3-0a0d-4ea2-afed-a51b3c8eae34 (type: ports) to 6
2026-05-05 19:36:34.672 8 INFO neutron.notifiers.nova [-] Nova event matching ['req-cdea26aa-2bc5-4124-b54a-d368f7481097'] response: {'server_uuid': 'b92329ea-817a-4831-9ae4-47f62c5d421a', 'name': 'network-vif-unplugged', 'status': 'completed', 'tag': '9bc08ae3-0a0d-4ea2-afed-a51b3c8eae34', 'code': 200}
2026-05-05 19:36:34.672 8 INFO neutron.notifiers.nova [-] Nova event matching ['req-cdea26aa-2bc5-4124-b54a-d368f7481097'] response: {'server_uuid': 'b92329ea-817a-4831-9ae4-47f62c5d421a', 'name': 'network-vif-unplugged', 'status': 'completed', 'tag': '9bc08ae3-0a0d-4ea2-afed-a51b3c8eae34', 'code': 200} [pid: 7|app: 0|req: 1696/3326] 199.204.45.3 () {34 vars in 992 bytes} [Tue May 5 19:36:35 2026] GET /v2.0/ports?device_id=b92329ea-817a-4831-9ae4-47f62c5d421a => generated 1190 bytes in 81 msecs (HTTP/1.1 200) 4 headers in 158 bytes (1 switches on core 0) /var/lib/openstack/lib/python3.12/site-packages/pycadf/identifier.py:70: UserWarning: Invalid uuid: neutron. To ensure interoperability, identifiers should be a valid uuid. warnings.warn(('Invalid uuid: %s. To ensure interoperability, '
2026-05-05 19:36:35.236 8 INFO neutron_taas.services.taas.taas_plugin [req-f5189c31-e9d5-4046-b564-bac9420ab833 req-6e67ac8c-7468-4ce7-a1fa-15a187213bcc ba4028ad91924d18a75de144245ca0f2 4ece5d71e2ed40ecac36a26830d39d5c - - default default] TaaS: Handle Delete Port: 9bc08ae3-0a0d-4ea2-afed-a51b3c8eae34
2026-05-05 19:36:35.240 8 INFO neutron_taas.services.taas.tap_mirror_plugin [req-f5189c31-e9d5-4046-b564-bac9420ab833 req-6e67ac8c-7468-4ce7-a1fa-15a187213bcc ba4028ad91924d18a75de144245ca0f2 4ece5d71e2ed40ecac36a26830d39d5c - - default default] Tap Mirror: Handle Delete Port: 9bc08ae3-0a0d-4ea2-afed-a51b3c8eae34 [pid: 8|app: 0|req: 1631/3327] 199.204.45.3 () {36 vars in 995 bytes} [Tue May 5 19:36:35 2026] DELETE /v2.0/ports/9bc08ae3-0a0d-4ea2-afed-a51b3c8eae34 => generated 0 bytes in 306 msecs (HTTP/1.1 204) 3 headers in 131 bytes (1 switches on core 0)
2026-05-05 19:36:36.711 8 INFO neutron.notifiers.nova [-] Nova event matching ['req-91560296-37c6-479d-b9fc-7f2bba3c78a2'] response: {'server_uuid': 'b92329ea-817a-4831-9ae4-47f62c5d421a', 'name': 'network-vif-deleted', 'tag': '9bc08ae3-0a0d-4ea2-afed-a51b3c8eae34', 'status': 'completed', 'code': 200} [pid: 7|app: 0|req: 1697/3328] 10.0.0.31 () {34 vars in 989 bytes} [Tue May 5 19:36:37 2026] GET /v2.0/ports?device_id=b92329ea-817a-4831-9ae4-47f62c5d421a => generated 12 bytes in 21 msecs (HTTP/1.1 200) 4 headers in 156 bytes (1 switches on core 0) [pid: 8|app: 0|req: 1632/3329] 10.0.0.8 () {32 vars in 748 bytes} [Tue May 5 19:36:43 2026] DELETE /v2.0/security-group-rules/58e01e79-7a02-4635-89fd-05bd12f9ca72 => generated 0 bytes in 114 msecs (HTTP/1.1 204) 2 headers in 112 bytes (1 switches on core 0)
2026-05-05 19:36:43.380 7 INFO neutron.api.v2.resource [None req-924e690b-9fd9-4b5d-8734-2382da1a9a1b ba4028ad91924d18a75de144245ca0f2 4ece5d71e2ed40ecac36a26830d39d5c - - default default] show failed (client error): The resource could not be found. [pid: 7|app: 0|req: 1698/3330] 10.0.0.8 () {32 vars in 745 bytes} [Tue May 5 19:36:43 2026] GET /v2.0/security-group-rules/58e01e79-7a02-4635-89fd-05bd12f9ca72 => generated 155 bytes in 11 msecs (HTTP/1.1 404) 4 headers in 164 bytes (1 switches on core 0) [pid: 8|app: 0|req: 1633/3331] 10.0.0.8 () {32 vars in 748 bytes} [Tue May 5 19:36:43 2026] DELETE /v2.0/security-group-rules/e4b152aa-8ede-499d-b1e2-9006c82804fb => generated 0 bytes in 102 msecs (HTTP/1.1 204) 2 headers in 112 bytes (1 switches on core 0)
2026-05-05 19:36:43.516 7 INFO neutron.api.v2.resource [None req-f2221d1f-46bd-4b49-b929-6dc4b01dc171 ba4028ad91924d18a75de144245ca0f2 4ece5d71e2ed40ecac36a26830d39d5c - - default default] show failed (client error): The resource could not be found. [pid: 7|app: 0|req: 1699/3332] 10.0.0.8 () {32 vars in 745 bytes} [Tue May 5 19:36:43 2026] GET /v2.0/security-group-rules/e4b152aa-8ede-499d-b1e2-9006c82804fb => generated 155 bytes in 13 msecs (HTTP/1.1 404) 4 headers in 164 bytes (1 switches on core 0) [pid: 8|app: 0|req: 1634/3333] 10.0.0.8 () {32 vars in 748 bytes} [Tue May 5 19:36:43 2026] DELETE /v2.0/security-group-rules/f66b189d-eb54-4795-9526-b0ba8dc06a5c => generated 0 bytes in 104 msecs (HTTP/1.1 204) 2 headers in 112 bytes (1 switches on core 0)
2026-05-05 19:36:43.643 7 INFO neutron.api.v2.resource [None req-9f9104c1-26d2-458d-bf02-ca776d730c59 ba4028ad91924d18a75de144245ca0f2 4ece5d71e2ed40ecac36a26830d39d5c - - default default] show failed (client error): The resource could not be found. [pid: 7|app: 0|req: 1700/3334] 10.0.0.8 () {32 vars in 745 bytes} [Tue May 5 19:36:43 2026] GET /v2.0/security-group-rules/f66b189d-eb54-4795-9526-b0ba8dc06a5c => generated 155 bytes in 12 msecs (HTTP/1.1 404) 4 headers in 164 bytes (1 switches on core 0) [pid: 8|app: 0|req: 1635/3335] 10.0.0.8 () {32 vars in 748 bytes} [Tue May 5 19:36:43 2026] DELETE /v2.0/security-group-rules/1432c1df-f777-4964-9eaf-cdea595bacd8 => generated 0 bytes in 103 msecs (HTTP/1.1 204) 2 headers in 112 bytes (1 switches on core 0)
2026-05-05 19:36:43.767 7 INFO neutron.api.v2.resource [None req-d98a8b89-ab87-4a7d-828a-799dd04393f1 ba4028ad91924d18a75de144245ca0f2 4ece5d71e2ed40ecac36a26830d39d5c - - default default] show failed (client error): The resource could not be found. [pid: 7|app: 0|req: 1701/3336] 10.0.0.8 () {32 vars in 745 bytes} [Tue May 5 19:36:43 2026] GET /v2.0/security-group-rules/1432c1df-f777-4964-9eaf-cdea595bacd8 => generated 155 bytes in 11 msecs (HTTP/1.1 404) 4 headers in 164 bytes (1 switches on core 0) [pid: 8|app: 0|req: 1636/3337] 10.0.0.8 () {32 vars in 748 bytes} [Tue May 5 19:36:43 2026] DELETE /v2.0/security-group-rules/6f57c8dd-505c-4193-aa05-45935a3c8044 => generated 0 bytes in 109 msecs (HTTP/1.1 204) 2 headers in 112 bytes (1 switches on core 0)
2026-05-05 19:36:43.897 7 INFO neutron.api.v2.resource [None req-eace5b4b-0ff3-4e81-9ccf-02286f68d58a ba4028ad91924d18a75de144245ca0f2 4ece5d71e2ed40ecac36a26830d39d5c - - default default] show failed (client error): The resource could not be found. [pid: 7|app: 0|req: 1702/3338] 10.0.0.8 () {32 vars in 745 bytes} [Tue May 5 19:36:43 2026] GET /v2.0/security-group-rules/6f57c8dd-505c-4193-aa05-45935a3c8044 => generated 155 bytes in 11 msecs (HTTP/1.1 404) 4 headers in 164 bytes (1 switches on core 0) [pid: 8|app: 0|req: 1637/3339] 10.0.0.8 () {32 vars in 748 bytes} [Tue May 5 19:36:43 2026] DELETE /v2.0/security-group-rules/15aff88d-227d-4403-ba2d-9414ae8c9814 => generated 0 bytes in 117 msecs (HTTP/1.1 204) 2 headers in 112 bytes (1 switches on core 0)
2026-05-05 19:36:44.034 7 INFO neutron.api.v2.resource [None req-e45735dc-514a-4edd-8cb4-b2149f7255bb ba4028ad91924d18a75de144245ca0f2 4ece5d71e2ed40ecac36a26830d39d5c - - default default] show failed (client error): The resource could not be found. [pid: 7|app: 0|req: 1703/3340] 10.0.0.8 () {32 vars in 745 bytes} [Tue May 5 19:36:44 2026] GET /v2.0/security-group-rules/15aff88d-227d-4403-ba2d-9414ae8c9814 => generated 155 bytes in 12 msecs (HTTP/1.1 404) 4 headers in 164 bytes (1 switches on core 0) [pid: 8|app: 0|req: 1638/3341] 10.0.0.8 () {32 vars in 748 bytes} [Tue May 5 19:36:44 2026] DELETE /v2.0/security-group-rules/ca5598e3-9085-405e-a964-4944815f3f2f => generated 0 bytes in 122 msecs (HTTP/1.1 204) 2 headers in 112 bytes (1 switches on core 0)
2026-05-05 19:36:44.176 7 INFO neutron.api.v2.resource [None req-8aec8d32-8bce-492b-8110-fb82f5b1cdac ba4028ad91924d18a75de144245ca0f2 4ece5d71e2ed40ecac36a26830d39d5c - - default default] show failed (client error): The resource could not be found. [pid: 7|app: 0|req: 1704/3342] 10.0.0.8 () {32 vars in 745 bytes} [Tue May 5 19:36:44 2026] GET /v2.0/security-group-rules/ca5598e3-9085-405e-a964-4944815f3f2f => generated 155 bytes in 12 msecs (HTTP/1.1 404) 4 headers in 164 bytes (1 switches on core 0) [pid: 8|app: 0|req: 1639/3343] 10.0.0.8 () {32 vars in 748 bytes} [Tue May 5 19:36:44 2026] DELETE /v2.0/security-group-rules/f2f1ac5d-6af8-47e8-8436-69375b1708e0 => generated 0 bytes in 108 msecs (HTTP/1.1 204) 2 headers in 112 bytes (1 switches on core 0)
2026-05-05 19:36:44.307 7 INFO neutron.api.v2.resource [None req-d5586fcc-c5e6-464d-9144-21353f9194dc ba4028ad91924d18a75de144245ca0f2 4ece5d71e2ed40ecac36a26830d39d5c - - default default] show failed (client error): The resource could not be found. [pid: 7|app: 0|req: 1705/3344] 10.0.0.8 () {32 vars in 745 bytes} [Tue May 5 19:36:44 2026] GET /v2.0/security-group-rules/f2f1ac5d-6af8-47e8-8436-69375b1708e0 => generated 155 bytes in 13 msecs (HTTP/1.1 404) 4 headers in 164 bytes (1 switches on core 0) [pid: 8|app: 0|req: 1640/3345] 10.0.0.8 () {32 vars in 748 bytes} [Tue May 5 19:36:44 2026] DELETE /v2.0/security-group-rules/6e9c295e-f135-482b-a1f4-17fd79cf15c1 => generated 0 bytes in 96 msecs (HTTP/1.1 204) 2 headers in 112 bytes (1 switches on core 0)
2026-05-05 19:36:44.427 7 INFO neutron.api.v2.resource [None req-c1db4d65-9fae-4ade-8b40-36ab263cf670 ba4028ad91924d18a75de144245ca0f2 4ece5d71e2ed40ecac36a26830d39d5c - - default default] show failed (client error): The resource could not be found. [pid: 7|app: 0|req: 1706/3346] 10.0.0.8 () {32 vars in 745 bytes} [Tue May 5 19:36:44 2026] GET /v2.0/security-group-rules/6e9c295e-f135-482b-a1f4-17fd79cf15c1 => generated 155 bytes in 14 msecs (HTTP/1.1 404) 4 headers in 164 bytes (1 switches on core 0) [pid: 8|app: 0|req: 1641/3347] 10.0.0.8 () {32 vars in 748 bytes} [Tue May 5 19:36:44 2026] DELETE /v2.0/security-group-rules/d3d1b0a3-3134-4575-82cb-9ad6199611fe => generated 0 bytes in 115 msecs (HTTP/1.1 204) 2 headers in 112 bytes (1 switches on core 0)
2026-05-05 19:36:44.570 7 INFO neutron.api.v2.resource [None req-65e91b16-e0b0-4cfd-9a35-b89abcddc08e ba4028ad91924d18a75de144245ca0f2 4ece5d71e2ed40ecac36a26830d39d5c - - default default] show failed (client error): The resource could not be found. [pid: 7|app: 0|req: 1707/3348] 10.0.0.8 () {32 vars in 745 bytes} [Tue May 5 19:36:44 2026] GET /v2.0/security-group-rules/d3d1b0a3-3134-4575-82cb-9ad6199611fe => generated 155 bytes in 18 msecs (HTTP/1.1 404) 4 headers in 164 bytes (1 switches on core 0) [pid: 8|app: 0|req: 1642/3349] 10.0.0.8 () {32 vars in 748 bytes} [Tue May 5 19:36:44 2026] DELETE /v2.0/security-group-rules/754faa11-c0d8-42b5-a308-b23b9459b567 => generated 0 bytes in 104 msecs (HTTP/1.1 204) 2 headers in 112 bytes (1 switches on core 0)
2026-05-05 19:36:44.699 7 INFO neutron.api.v2.resource [None req-18967e7d-ee49-4e12-81ee-aa96c80d61f3 ba4028ad91924d18a75de144245ca0f2 4ece5d71e2ed40ecac36a26830d39d5c - - default default] show failed (client error): The resource could not be found. [pid: 7|app: 0|req: 1708/3350] 10.0.0.8 () {32 vars in 745 bytes} [Tue May 5 19:36:44 2026] GET /v2.0/security-group-rules/754faa11-c0d8-42b5-a308-b23b9459b567 => generated 155 bytes in 15 msecs (HTTP/1.1 404) 4 headers in 164 bytes (1 switches on core 0) [pid: 8|app: 0|req: 1643/3351] 10.0.0.8 () {32 vars in 738 bytes} [Tue May 5 19:36:44 2026] DELETE /v2.0/security-groups/f2b8146c-1707-4237-b80b-034430978528 => generated 0 bytes in 144 msecs (HTTP/1.1 204) 2 headers in 112 bytes (1 switches on core 0)
2026-05-05 19:36:44.869 7 INFO neutron.api.v2.resource [None req-337e86fd-85d6-4863-8ccb-94d62a1c0b4b ba4028ad91924d18a75de144245ca0f2 4ece5d71e2ed40ecac36a26830d39d5c - - default default] show failed (client error): The resource could not be found. [pid: 7|app: 0|req: 1709/3352] 10.0.0.8 () {32 vars in 735 bytes} [Tue May 5 19:36:44 2026] GET /v2.0/security-groups/f2b8146c-1707-4237-b80b-034430978528 => generated 146 bytes in 16 msecs (HTTP/1.1 404) 4 headers in 164 bytes (1 switches on core 0)
2026-05-05 19:36:45.232 8 INFO neutron_taas.services.taas.taas_plugin [None req-1bb51120-d995-44e7-8faf-01e60a6ed5fa ba4028ad91924d18a75de144245ca0f2 4ece5d71e2ed40ecac36a26830d39d5c - - default default] TaaS: Handle Delete Port: fa878841-f9ad-4ab0-97d9-acd3798a2384
2026-05-05 19:36:45.235 8 INFO neutron_taas.services.taas.tap_mirror_plugin [None req-1bb51120-d995-44e7-8faf-01e60a6ed5fa ba4028ad91924d18a75de144245ca0f2 4ece5d71e2ed40ecac36a26830d39d5c - - default default] Tap Mirror: Handle Delete Port: fa878841-f9ad-4ab0-97d9-acd3798a2384 [pid: 8|app: 0|req: 1644/3353] 10.0.0.8 () {34 vars in 787 bytes} [Tue May 5 19:36:44 2026] PUT /v2.0/routers/5ba00a44-1c6d-40c2-8095-777744a17305/remove_router_interface => generated 310 bytes in 857 msecs (HTTP/1.1 200) 4 headers in 157 bytes (1 switches on core 0)
2026-05-05 19:36:45.893 7 INFO neutron.api.v2.resource [None req-1a755c92-e8ac-450e-889b-a4ddcb3d3061 ba4028ad91924d18a75de144245ca0f2 4ece5d71e2ed40ecac36a26830d39d5c - - default default] remove_router_interface failed (client error): The resource could not be found. [pid: 7|app: 0|req: 1710/3354] 10.0.0.8 () {34 vars in 787 bytes} [Tue May 5 19:36:45 2026] PUT /v2.0/routers/5ba00a44-1c6d-40c2-8095-777744a17305/remove_router_interface => generated 198 bytes in 111 msecs (HTTP/1.1 404) 4 headers in 164 bytes (1 switches on core 0) /var/lib/openstack/lib/python3.12/site-packages/pycadf/identifier.py:70: UserWarning: Invalid uuid: neutron. To ensure interoperability, identifiers should be a valid uuid. warnings.warn(('Invalid uuid: %s. To ensure interoperability, '
2026-05-05 19:36:46.194 8 INFO neutron_taas.services.taas.taas_plugin [None req-13912a74-f41f-4516-bc35-9297e2f7c712 ba4028ad91924d18a75de144245ca0f2 4ece5d71e2ed40ecac36a26830d39d5c - - default default] TaaS: Handle Delete Port: b460cc72-5f78-4bce-b570-099d6e56e700
2026-05-05 19:36:46.196 8 INFO neutron_taas.services.taas.tap_mirror_plugin [None req-13912a74-f41f-4516-bc35-9297e2f7c712 ba4028ad91924d18a75de144245ca0f2 4ece5d71e2ed40ecac36a26830d39d5c - - default default] Tap Mirror: Handle Delete Port: b460cc72-5f78-4bce-b570-099d6e56e700 [pid: 8|app: 0|req: 1645/3355] 10.0.0.8 () {34 vars in 787 bytes} [Tue May 5 19:36:45 2026] PUT /v2.0/routers/5ba00a44-1c6d-40c2-8095-777744a17305/remove_router_interface => generated 310 bytes in 825 msecs (HTTP/1.1 200) 4 headers in 157 bytes (1 switches on core 0)
2026-05-05 19:36:46.821 7 INFO neutron.api.v2.resource [None req-fcd6f9dd-43c6-475f-9b3e-5f7e1e9ec04a ba4028ad91924d18a75de144245ca0f2 4ece5d71e2ed40ecac36a26830d39d5c - - default default] remove_router_interface failed (client error): The resource could not be found. [pid: 7|app: 0|req: 1711/3356] 10.0.0.8 () {34 vars in 787 bytes} [Tue May 5 19:36:46 2026] PUT /v2.0/routers/5ba00a44-1c6d-40c2-8095-777744a17305/remove_router_interface => generated 198 bytes in 94 msecs (HTTP/1.1 404) 4 headers in 164 bytes (1 switches on core 0) /var/lib/openstack/lib/python3.12/site-packages/pycadf/identifier.py:70: UserWarning: Invalid uuid: neutron. To ensure interoperability, identifiers should be a valid uuid. warnings.warn(('Invalid uuid: %s. To ensure interoperability, '
2026-05-05 19:36:47.079 8 INFO neutron_taas.services.taas.taas_plugin [None req-0d48777e-5ce7-48bd-a63f-b6f4b91a0eb4 ba4028ad91924d18a75de144245ca0f2 4ece5d71e2ed40ecac36a26830d39d5c - - default default] TaaS: Handle Delete Port: af1b9c92-9cd6-4965-8742-d0d7143fd972
2026-05-05 19:36:47.082 8 INFO neutron_taas.services.taas.tap_mirror_plugin [None req-0d48777e-5ce7-48bd-a63f-b6f4b91a0eb4 ba4028ad91924d18a75de144245ca0f2 4ece5d71e2ed40ecac36a26830d39d5c - - default default] Tap Mirror: Handle Delete Port: af1b9c92-9cd6-4965-8742-d0d7143fd972 [pid: 8|app: 0|req: 1646/3359] 10.0.0.8 () {34 vars in 787 bytes} [Tue May 5 19:36:46 2026] PUT /v2.0/routers/5ba00a44-1c6d-40c2-8095-777744a17305/remove_router_interface => generated 310 bytes in 814 msecs (HTTP/1.1 200) 4 headers in 157 bytes (1 switches on core 0)
2026-05-05 19:36:47.753 7 INFO neutron.api.v2.resource [None req-1803aa48-0834-4cec-a345-4c341cd694ee ba4028ad91924d18a75de144245ca0f2 4ece5d71e2ed40ecac36a26830d39d5c - - default default] remove_router_interface failed (client error): The resource could not be found. [pid: 7|app: 0|req: 1714/3360] 10.0.0.8 () {34 vars in 787 bytes} [Tue May 5 19:36:47 2026] PUT /v2.0/routers/5ba00a44-1c6d-40c2-8095-777744a17305/remove_router_interface => generated 198 bytes in 109 msecs (HTTP/1.1 404) 4 headers in 164 bytes (1 switches on core 0) /var/lib/openstack/lib/python3.12/site-packages/pycadf/identifier.py:70: UserWarning: Invalid uuid: neutron. To ensure interoperability, identifiers should be a valid uuid. warnings.warn(('Invalid uuid: %s. To ensure interoperability, '
2026-05-05 19:36:48.105 8 INFO neutron_taas.services.taas.taas_plugin [None req-22f56aed-1de7-4119-97e8-a03fa60dd462 ba4028ad91924d18a75de144245ca0f2 4ece5d71e2ed40ecac36a26830d39d5c - - default default] TaaS: Handle Delete Port: 8699e6ad-1ac6-4bd7-acb4-fb158fbaee05
2026-05-05 19:36:48.109 8 INFO neutron_taas.services.taas.tap_mirror_plugin [None req-22f56aed-1de7-4119-97e8-a03fa60dd462 ba4028ad91924d18a75de144245ca0f2 4ece5d71e2ed40ecac36a26830d39d5c - - default default] Tap Mirror: Handle Delete Port: 8699e6ad-1ac6-4bd7-acb4-fb158fbaee05 [pid: 8|app: 0|req: 1647/3361] 10.0.0.8 () {32 vars in 722 bytes} [Tue May 5 19:36:47 2026] DELETE /v2.0/routers/5ba00a44-1c6d-40c2-8095-777744a17305 => generated 0 bytes in 753 msecs (HTTP/1.1 204) 2 headers in 112 bytes (1 switches on core 0)
2026-05-05 19:36:48.539 7 INFO neutron.api.v2.resource [None req-b0a83a9d-cf7d-423b-8cdc-01ce59980147 ba4028ad91924d18a75de144245ca0f2 4ece5d71e2ed40ecac36a26830d39d5c - - default default] show failed (client error): The resource could not be found. [pid: 7|app: 0|req: 1715/3362] 10.0.0.8 () {32 vars in 719 bytes} [Tue May 5 19:36:48 2026] GET /v2.0/routers/5ba00a44-1c6d-40c2-8095-777744a17305 => generated 135 bytes in 23 msecs (HTTP/1.1 404) 4 headers in 164 bytes (1 switches on core 0) [pid: 8|app: 0|req: 1648/3363] 10.0.0.8 () {32 vars in 722 bytes} [Tue May 5 19:36:48 2026] DELETE /v2.0/subnets/ba6852b3-14f7-44ce-9a6b-f8eff93f5b60 => generated 0 bytes in 152 msecs (HTTP/1.1 204) 3 headers in 131 bytes (1 switches on core 0)
2026-05-05 19:36:48.717 7 INFO neutron.pecan_wsgi.hooks.translation [None req-8782bdb8-4528-448a-ab26-c1a11dbd5e0a ba4028ad91924d18a75de144245ca0f2 4ece5d71e2ed40ecac36a26830d39d5c - - default default] GET failed (client error): The resource could not be found. [pid: 7|app: 0|req: 1716/3364] 10.0.0.8 () {32 vars in 719 bytes} [Tue May 5 19:36:48 2026] GET /v2.0/subnets/ba6852b3-14f7-44ce-9a6b-f8eff93f5b60 => generated 136 bytes in 16 msecs (HTTP/1.1 404) 4 headers in 164 bytes (1 switches on core 0) [pid: 8|app: 0|req: 1649/3365] 10.0.0.8 () {32 vars in 722 bytes} [Tue May 5 19:36:48 2026] DELETE /v2.0/subnets/05c8e5e0-78d1-4402-aa57-3118d1f3d0f2 => generated 0 bytes in 159 msecs (HTTP/1.1 204) 3 headers in 131 bytes (1 switches on core 0)
2026-05-05 19:36:48.904 7 INFO neutron.pecan_wsgi.hooks.translation [None req-1be3c663-d472-4aed-86ca-4e1c40f04235 ba4028ad91924d18a75de144245ca0f2 4ece5d71e2ed40ecac36a26830d39d5c - - default default] GET failed (client error): The resource could not be found. [pid: 7|app: 0|req: 1717/3366] 10.0.0.8 () {32 vars in 719 bytes} [Tue May 5 19:36:48 2026] GET /v2.0/subnets/05c8e5e0-78d1-4402-aa57-3118d1f3d0f2 => generated 136 bytes in 19 msecs (HTTP/1.1 404) 4 headers in 164 bytes (1 switches on core 0)
2026-05-05 19:36:49.023 8 INFO neutron_taas.services.taas.taas_plugin [None req-01618295-ee58-4212-9cb0-2772aa29681f ba4028ad91924d18a75de144245ca0f2 4ece5d71e2ed40ecac36a26830d39d5c - - default default] TaaS: Handle Delete Port: 45b4d5de-23a4-484d-9f4a-d6a72658bb41
2026-05-05 19:36:49.026 8 INFO neutron_taas.services.taas.tap_mirror_plugin [None req-01618295-ee58-4212-9cb0-2772aa29681f ba4028ad91924d18a75de144245ca0f2 4ece5d71e2ed40ecac36a26830d39d5c - - default default] Tap Mirror: Handle Delete Port: 45b4d5de-23a4-484d-9f4a-d6a72658bb41
2026-05-05 19:36:49.214 8 INFO neutron.services.segments.plugin [-] Segment 3dd154f2-00bd-4a81-8f54-8990b861b2d4 resource provider aggregate not found
2026-05-05 19:36:49.219 8 INFO neutron.services.segments.plugin [-] Segment 3dd154f2-00bd-4a81-8f54-8990b861b2d4 resource provider aggregate not found
2026-05-05 19:36:49.239 8 INFO neutron.services.segments.plugin [-] Segment 3dd154f2-00bd-4a81-8f54-8990b861b2d4 resource provider not found; error: Placement Client Error (4xx): {"errors": [{"status": 404, "title": "Not Found", "detail": "The resource could not be found.\n\n No resource provider with uuid 3dd154f2-00bd-4a81-8f54-8990b861b2d4 found for delete ", "request_id": "req-fedc19f9-88e8-4876-abae-f76c2266fb1c"}]}
2026-05-05 19:36:49.243 8 INFO neutron.services.segments.plugin [-] Segment 3dd154f2-00bd-4a81-8f54-8990b861b2d4 resource provider not found; error: Placement Client Error (4xx): {"errors": [{"status": 404, "title": "Not Found", "detail": "The resource could not be found.\n\n No resource provider with uuid 3dd154f2-00bd-4a81-8f54-8990b861b2d4 found for delete ", "request_id": "req-237e3f83-1f6c-484a-8d9f-08f4b996908b"}]} [pid: 8|app: 0|req: 1650/3367] 10.0.0.8 () {32 vars in 724 bytes} [Tue May 5 19:36:48 2026] DELETE /v2.0/networks/1093679d-5a05-4020-b22e-f61e26e1c416 => generated 0 bytes in 369 msecs (HTTP/1.1 204) 3 headers in 131 bytes (1 switches on core 0)
2026-05-05 19:36:49.299 7 INFO neutron.pecan_wsgi.hooks.translation [None req-7f46dd82-a516-4ec5-881b-8d7d98fc1845 ba4028ad91924d18a75de144245ca0f2 4ece5d71e2ed40ecac36a26830d39d5c - - default default] GET failed (client error): The resource could not be found. [pid: 7|app: 0|req: 1718/3368] 10.0.0.8 () {32 vars in 721 bytes} [Tue May 5 19:36:49 2026] GET /v2.0/networks/1093679d-5a05-4020-b22e-f61e26e1c416 => generated 138 bytes in 17 msecs (HTTP/1.1 404) 4 headers in 164 bytes (1 switches on core 0) [pid: 8|app: 0|req: 1651/3369] 10.0.0.8 () {32 vars in 722 bytes} [Tue May 5 19:36:49 2026] DELETE /v2.0/subnets/8b07bacd-33a1-4539-ae6c-0862cb2d9fd2 => generated 0 bytes in 140 msecs (HTTP/1.1 204) 3 headers in 131 bytes (1 switches on core 0)
2026-05-05 19:36:49.466 7 INFO neutron.pecan_wsgi.hooks.translation [None req-d5a060fe-8707-4d1e-b535-6f8bd5304a8b ba4028ad91924d18a75de144245ca0f2 4ece5d71e2ed40ecac36a26830d39d5c - - default default] GET failed (client error): The resource could not be found. [pid: 7|app: 0|req: 1719/3370] 10.0.0.8 () {32 vars in 719 bytes} [Tue May 5 19:36:49 2026] GET /v2.0/subnets/8b07bacd-33a1-4539-ae6c-0862cb2d9fd2 => generated 136 bytes in 17 msecs (HTTP/1.1 404) 4 headers in 164 bytes (1 switches on core 0) [pid: 8|app: 0|req: 1652/3371] 10.0.0.8 () {32 vars in 722 bytes} [Tue May 5 19:36:49 2026] DELETE /v2.0/subnets/8f36c7d0-abaa-49a8-b2b9-d6e3b60f9d06 => generated 0 bytes in 164 msecs (HTTP/1.1 204) 3 headers in 131 bytes (1 switches on core 0)
2026-05-05 19:36:49.655 7 INFO neutron.pecan_wsgi.hooks.translation [None req-4e9b6de6-dab6-43f4-aa6c-5421e6a3f6a6 ba4028ad91924d18a75de144245ca0f2 4ece5d71e2ed40ecac36a26830d39d5c - - default default] GET failed (client error): The resource could not be found. [pid: 7|app: 0|req: 1720/3372] 10.0.0.8 () {32 vars in 719 bytes} [Tue May 5 19:36:49 2026] GET /v2.0/subnets/8f36c7d0-abaa-49a8-b2b9-d6e3b60f9d06 => generated 136 bytes in 16 msecs (HTTP/1.1 404) 4 headers in 164 bytes (1 switches on core 0)
2026-05-05 19:36:49.777 8 INFO neutron_taas.services.taas.taas_plugin [None req-86cdbd02-3b4e-4a23-92f3-00c2cbf18ae9 ba4028ad91924d18a75de144245ca0f2 4ece5d71e2ed40ecac36a26830d39d5c - - default default] TaaS: Handle Delete Port: 3d71f5fd-1d14-43ad-9244-dc18b78fc462
2026-05-05 19:36:49.779 8 INFO neutron_taas.services.taas.tap_mirror_plugin [None req-86cdbd02-3b4e-4a23-92f3-00c2cbf18ae9 ba4028ad91924d18a75de144245ca0f2 4ece5d71e2ed40ecac36a26830d39d5c - - default default] Tap Mirror: Handle Delete Port: 3d71f5fd-1d14-43ad-9244-dc18b78fc462 [pid: 8|app: 0|req: 1653/3373] 10.0.0.8 () {32 vars in 724 bytes} [Tue May 5 19:36:49 2026] DELETE /v2.0/networks/ca2ee8c0-c3c9-4caa-9faf-ae5c410ec487 => generated 0 bytes in 367 msecs (HTTP/1.1 204) 3 headers in 131 bytes (1 switches on core 0)
2026-05-05 19:36:50.056 7 INFO neutron.pecan_wsgi.hooks.translation [None req-d4b81b38-44a7-4e54-926f-5e3628c4c2b4 ba4028ad91924d18a75de144245ca0f2 4ece5d71e2ed40ecac36a26830d39d5c - - default default] GET failed (client error): The resource could not be found. [pid: 7|app: 0|req: 1721/3374] 10.0.0.8 () {32 vars in 721 bytes} [Tue May 5 19:36:50 2026] GET /v2.0/networks/ca2ee8c0-c3c9-4caa-9faf-ae5c410ec487 => generated 138 bytes in 17 msecs (HTTP/1.1 404) 4 headers in 164 bytes (1 switches on core 0) [pid: 8|app: 0|req: 1654/3375] 10.0.0.8 () {32 vars in 722 bytes} [Tue May 5 19:36:50 2026] DELETE /v2.0/subnets/afef2986-7c00-4eba-b3a1-89f6803d1d12 => generated 0 bytes in 163 msecs (HTTP/1.1 204) 3 headers in 131 bytes (1 switches on core 0)
2026-05-05 19:36:50.245 7 INFO neutron.pecan_wsgi.hooks.translation [None req-142ee145-2002-4ba0-bd27-2d59dc5ee5ea ba4028ad91924d18a75de144245ca0f2 4ece5d71e2ed40ecac36a26830d39d5c - - default default] GET failed (client error): The resource could not be found. [pid: 7|app: 0|req: 1722/3376] 10.0.0.8 () {32 vars in 719 bytes} [Tue May 5 19:36:50 2026] GET /v2.0/subnets/afef2986-7c00-4eba-b3a1-89f6803d1d12 => generated 136 bytes in 18 msecs (HTTP/1.1 404) 4 headers in 164 bytes (1 switches on core 0) [pid: 8|app: 0|req: 1655/3377] 10.0.0.8 () {32 vars in 722 bytes} [Tue May 5 19:36:50 2026] DELETE /v2.0/subnets/505f6fd8-ff83-42ec-93a9-b4d0079bf81f => generated 0 bytes in 153 msecs (HTTP/1.1 204) 3 headers in 131 bytes (1 switches on core 0)
2026-05-05 19:36:50.424 7 INFO neutron.pecan_wsgi.hooks.translation [None req-6c6f444c-24df-40ec-85bb-f907aadb541c ba4028ad91924d18a75de144245ca0f2 4ece5d71e2ed40ecac36a26830d39d5c - - default default] GET failed (client error): The resource could not be found. [pid: 7|app: 0|req: 1723/3378] 10.0.0.8 () {32 vars in 719 bytes} [Tue May 5 19:36:50 2026] GET /v2.0/subnets/505f6fd8-ff83-42ec-93a9-b4d0079bf81f => generated 136 bytes in 18 msecs (HTTP/1.1 404) 4 headers in 164 bytes (1 switches on core 0)
2026-05-05 19:36:50.554 8 INFO neutron_taas.services.taas.taas_plugin [None req-4c2db8d3-a3cf-4522-a5ff-81ba7a7cc862 ba4028ad91924d18a75de144245ca0f2 4ece5d71e2ed40ecac36a26830d39d5c - - default default] TaaS: Handle Delete Port: e5705f44-32b6-4189-a2ba-cb9c8274b23f
2026-05-05 19:36:50.556 8 INFO neutron_taas.services.taas.tap_mirror_plugin [None req-4c2db8d3-a3cf-4522-a5ff-81ba7a7cc862 ba4028ad91924d18a75de144245ca0f2 4ece5d71e2ed40ecac36a26830d39d5c - - default default] Tap Mirror: Handle Delete Port: e5705f44-32b6-4189-a2ba-cb9c8274b23f [pid: 8|app: 0|req: 1656/3379] 10.0.0.8 () {32 vars in 724 bytes} [Tue May 5 19:36:50 2026] DELETE /v2.0/networks/27c0eb5d-fe01-4237-87f1-23a5f9804cb5 => generated 0 bytes in 338 msecs (HTTP/1.1 204) 3 headers in 131 bytes (1 switches on core 0)
2026-05-05 19:36:50.783 7 INFO neutron.pecan_wsgi.hooks.translation [None req-69ab8e21-ad49-4fe5-ab31-712d560cdfd6 ba4028ad91924d18a75de144245ca0f2 4ece5d71e2ed40ecac36a26830d39d5c - - default default] GET failed (client error): The resource could not be found. [pid: 7|app: 0|req: 1724/3380] 10.0.0.8 () {32 vars in 721 bytes} [Tue May 5 19:36:50 2026] GET /v2.0/networks/27c0eb5d-fe01-4237-87f1-23a5f9804cb5 => generated 138 bytes in 13 msecs (HTTP/1.1 404) 4 headers in 164 bytes (1 switches on core 0)
2026-05-05 19:36:51.255 8 INFO neutron.services.segments.plugin [-] Segment 7194f89c-fff7-43fe-8e23-b856de73eb7f resource provider aggregate not found
2026-05-05 19:36:51.264 8 INFO neutron.services.segments.plugin [-] Segment 7194f89c-fff7-43fe-8e23-b856de73eb7f resource provider aggregate not found
2026-05-05 19:36:51.277 8 INFO neutron.services.segments.plugin [-] Segment 7194f89c-fff7-43fe-8e23-b856de73eb7f resource provider not found; error: Placement Client Error (4xx): {"errors": [{"status": 404, "title": "Not Found", "detail": "The resource could not be found.\n\n No resource provider with uuid 7194f89c-fff7-43fe-8e23-b856de73eb7f found for delete ", "request_id": "req-ec23a9ab-8f0c-4dce-ac34-3f20b642f3a9"}]}
2026-05-05 19:36:51.283 8 INFO neutron.services.segments.plugin [-] Segment 7194f89c-fff7-43fe-8e23-b856de73eb7f resource provider not found; error: Placement Client Error (4xx): {"errors": [{"status": 404, "title": "Not Found", "detail": "The resource could not be found.\n\n No resource provider with uuid 7194f89c-fff7-43fe-8e23-b856de73eb7f found for delete ", "request_id": "req-c2283d44-557c-483a-a9c2-0ad09cbfd29a"}]}
2026-05-05 19:36:51.291 8 INFO neutron.services.segments.plugin [-] Segment 3e91e33a-11d2-4133-be44-fbc4de400ac2 resource provider aggregate not found
2026-05-05 19:36:51.302 8 INFO neutron.services.segments.plugin [-] Segment 3e91e33a-11d2-4133-be44-fbc4de400ac2 resource provider aggregate not found
2026-05-05 19:36:51.305 8 INFO neutron.services.segments.plugin [-] Segment 3e91e33a-11d2-4133-be44-fbc4de400ac2 resource provider not found; error: Placement Client Error (4xx): {"errors": [{"status": 404, "title": "Not Found", "detail": "The resource could not be found.\n\n No resource provider with uuid 3e91e33a-11d2-4133-be44-fbc4de400ac2 found for delete ", "request_id": "req-470247e7-2bbb-4b0b-bb1e-c92edcfd7869"}]}
2026-05-05 19:36:51.315 8 INFO neutron.services.segments.plugin [-] Segment 3e91e33a-11d2-4133-be44-fbc4de400ac2 resource provider not found; error: Placement Client Error (4xx): {"errors": [{"status": 404, "title": "Not Found", "detail": "The resource could not be found.\n\n No resource provider with uuid 3e91e33a-11d2-4133-be44-fbc4de400ac2 found for delete ", "request_id": "req-2e7e9190-c3c5-4729-9c23-af078cbd0872"}]}
2026-05-05 19:36:52.761 8 WARNING neutron.db.securitygroups_db [None req-d619c4d0-ce47-4b10-9ec3-33c9fc5b657f 4011027b549c4005a0ee626b2ba0dbd9 c51ed17842774c53812401d7c3ae753e - - default default] project_id key not found in filters, using tenant_id instead. This support has been deprecated and will be removed in a future release.
2026-05-05 19:36:52.895 8 INFO neutron.db.ovn_revision_numbers_db [None req-d619c4d0-ce47-4b10-9ec3-33c9fc5b657f 4011027b549c4005a0ee626b2ba0dbd9 c51ed17842774c53812401d7c3ae753e - - default default] Successfully bumped revision number for resource ef84f014-3285-4d8e-a2e4-85758d832daa (type: security_groups) to 1
2026-05-05 19:36:52.907 8 INFO neutron.db.ovn_revision_numbers_db [None req-d619c4d0-ce47-4b10-9ec3-33c9fc5b657f 4011027b549c4005a0ee626b2ba0dbd9 c51ed17842774c53812401d7c3ae753e - - default default] Successfully bumped revision number for resource 112919e6-43d2-4ee2-a3f1-2ed1632eb816 (type: security_group_rules) to 0
2026-05-05 19:36:52.919 8 INFO neutron.db.ovn_revision_numbers_db [None req-d619c4d0-ce47-4b10-9ec3-33c9fc5b657f 4011027b549c4005a0ee626b2ba0dbd9 c51ed17842774c53812401d7c3ae753e - - default default] Successfully bumped revision number for resource 7b4775e7-6468-4f77-a129-90d02be38c0d (type: security_group_rules) to 0
2026-05-05 19:36:52.931 8 INFO neutron.db.ovn_revision_numbers_db [None req-d619c4d0-ce47-4b10-9ec3-33c9fc5b657f 4011027b549c4005a0ee626b2ba0dbd9 c51ed17842774c53812401d7c3ae753e - - default default] Successfully bumped revision number for resource dc5233c3-4ba2-444b-8e13-644f23f95d0b (type: security_group_rules) to 0
2026-05-05 19:36:52.943 8 INFO neutron.db.ovn_revision_numbers_db [None req-d619c4d0-ce47-4b10-9ec3-33c9fc5b657f 4011027b549c4005a0ee626b2ba0dbd9 c51ed17842774c53812401d7c3ae753e - - default default] Successfully bumped revision number for resource e2b95480-5add-47e1-b814-740dd73de163 (type: security_group_rules) to 0 [pid: 8|app: 0|req: 1657/3381] 10.0.0.8 () {32 vars in 772 bytes} [Tue May 5 19:36:52 2026] GET /v2.0/security-groups?tenant_id=75bbf2c331114cdb986caedd576bd4bd&name=default => generated 2929 bytes in 358 msecs (HTTP/1.1 200) 4 headers in 158 bytes (1 switches on core 0) [pid: 7|app: 0|req: 1725/3382] 10.0.0.8 () {32 vars in 738 bytes} [Tue May 5 19:36:52 2026] DELETE /v2.0/security-groups/ef84f014-3285-4d8e-a2e4-85758d832daa => generated 0 bytes in 199 msecs (HTTP/1.1 204) 2 headers in 112 bytes (1 switches on core 0)
2026-05-05 19:36:53.281 8 WARNING neutron.db.securitygroups_db [None req-b8731f03-6d39-4f8c-92c8-dcb898c6b5e6 4011027b549c4005a0ee626b2ba0dbd9 c51ed17842774c53812401d7c3ae753e - - default default] project_id key not found in filters, using tenant_id instead. This support has been deprecated and will be removed in a future release. [pid: 8|app: 0|req: 1658/3383] 10.0.0.8 () {32 vars in 772 bytes} [Tue May 5 19:36:53 2026] GET /v2.0/security-groups?tenant_id=4ece5d71e2ed40ecac36a26830d39d5c&name=default => generated 2925 bytes in 34 msecs (HTTP/1.1 200) 4 headers in 158 bytes (1 switches on core 0) [pid: 7|app: 0|req: 1726/3384] 10.0.0.8 () {32 vars in 738 bytes} [Tue May 5 19:36:53 2026] DELETE /v2.0/security-groups/6c8a2fb8-dadf-46db-a098-9c38c3a4b6c6 => generated 0 bytes in 189 msecs (HTTP/1.1 204) 2 headers in 112 bytes (1 switches on core 0)
2026-05-05 19:36:53.625 8 WARNING neutron.db.securitygroups_db [None req-2ab6b618-8492-4b66-9b72-02611a361e1e 4011027b549c4005a0ee626b2ba0dbd9 c51ed17842774c53812401d7c3ae753e - - default default] project_id key not found in filters, using tenant_id instead. This support has been deprecated and will be removed in a future release.
2026-05-05 19:36:53.778 8 INFO neutron.db.ovn_revision_numbers_db [None req-2ab6b618-8492-4b66-9b72-02611a361e1e 4011027b549c4005a0ee626b2ba0dbd9 c51ed17842774c53812401d7c3ae753e - - default default] Successfully bumped revision number for resource f62789e6-7606-4152-bb65-62b85973c78a (type: security_groups) to 1
2026-05-05 19:36:53.791 8 INFO neutron.db.ovn_revision_numbers_db [None req-2ab6b618-8492-4b66-9b72-02611a361e1e 4011027b549c4005a0ee626b2ba0dbd9 c51ed17842774c53812401d7c3ae753e - - default default] Successfully bumped revision number for resource 17083bfa-1dda-4dc4-9eb7-23cf896234e9 (type: security_group_rules) to 0
2026-05-05 19:36:53.803 8 INFO neutron.db.ovn_revision_numbers_db [None req-2ab6b618-8492-4b66-9b72-02611a361e1e 4011027b549c4005a0ee626b2ba0dbd9 c51ed17842774c53812401d7c3ae753e - - default default] Successfully bumped revision number for resource 997f2bd1-d5d6-4ff7-a199-bd65aa4dac21 (type: security_group_rules) to 0
2026-05-05 19:36:53.816 8 INFO neutron.db.ovn_revision_numbers_db [None req-2ab6b618-8492-4b66-9b72-02611a361e1e 4011027b549c4005a0ee626b2ba0dbd9 c51ed17842774c53812401d7c3ae753e - - default default] Successfully bumped revision number for resource a66d2e5c-45e7-4076-bf87-44f502ca4052 (type: security_group_rules) to 0
2026-05-05 19:36:53.829 8 INFO neutron.db.ovn_revision_numbers_db [None req-2ab6b618-8492-4b66-9b72-02611a361e1e 4011027b549c4005a0ee626b2ba0dbd9 c51ed17842774c53812401d7c3ae753e - - default default] Successfully bumped revision number for resource fbca232a-4753-43ba-aa0d-4b6c04ad4ecc (type: security_group_rules) to 0 [pid: 8|app: 0|req: 1659/3385] 10.0.0.8 () {32 vars in 772 bytes} [Tue May 5 19:36:53 2026] GET /v2.0/security-groups?tenant_id=a076cf2b44624d38a8bd0b6d6dcc2bcf&name=default => generated 2929 bytes in 242 msecs (HTTP/1.1 200) 4 headers in 158 bytes (1 switches on core 0) [pid: 7|app: 0|req: 1727/3386] 10.0.0.8 () {32 vars in 738 bytes} [Tue May 5 19:36:53 2026] DELETE /v2.0/security-groups/f62789e6-7606-4152-bb65-62b85973c78a => generated 0 bytes in 161 msecs (HTTP/1.1 204) 2 headers in 112 bytes (1 switches on core 0)
2026-05-05 19:36:54.173 8 WARNING neutron.db.securitygroups_db [None req-90f6e815-3a18-41e2-8354-bb70abad90b2 4011027b549c4005a0ee626b2ba0dbd9 c51ed17842774c53812401d7c3ae753e - - default default] project_id key not found in filters, using tenant_id instead. This support has been deprecated and will be removed in a future release.
2026-05-05 19:36:54.315 8 INFO neutron.db.ovn_revision_numbers_db [None req-90f6e815-3a18-41e2-8354-bb70abad90b2 4011027b549c4005a0ee626b2ba0dbd9 c51ed17842774c53812401d7c3ae753e - - default default] Successfully bumped revision number for resource 4db00a2d-eb5b-42e8-abdb-715305f0d28c (type: security_groups) to 1
2026-05-05 19:36:54.327 8 INFO neutron.db.ovn_revision_numbers_db [None req-90f6e815-3a18-41e2-8354-bb70abad90b2 4011027b549c4005a0ee626b2ba0dbd9 c51ed17842774c53812401d7c3ae753e - - default default] Successfully bumped revision number for resource 746b5d2c-cdb7-4f93-89eb-8b8cf22d092f (type: security_group_rules) to 0
2026-05-05 19:36:54.344 8 INFO neutron.db.ovn_revision_numbers_db [None req-90f6e815-3a18-41e2-8354-bb70abad90b2 4011027b549c4005a0ee626b2ba0dbd9 c51ed17842774c53812401d7c3ae753e - - default default] Successfully bumped revision number for resource a5494fa6-5f17-4247-8e39-384375daccb5 (type: security_group_rules) to 0
2026-05-05 19:36:54.357 8 INFO neutron.db.ovn_revision_numbers_db [None req-90f6e815-3a18-41e2-8354-bb70abad90b2 4011027b549c4005a0ee626b2ba0dbd9 c51ed17842774c53812401d7c3ae753e - - default default] Successfully bumped revision number for resource a553b7c6-9a7b-4c31-bc2a-2d0631b88621 (type: security_group_rules) to 0
2026-05-05 19:36:54.371 8 INFO neutron.db.ovn_revision_numbers_db [None req-90f6e815-3a18-41e2-8354-bb70abad90b2 4011027b549c4005a0ee626b2ba0dbd9 c51ed17842774c53812401d7c3ae753e - - default default] Successfully bumped revision number for resource db714c29-ab1f-4886-bd9d-8eba8f11cf2a (type: security_group_rules) to 0 [pid: 8|app: 0|req: 1660/3387] 10.0.0.8 () {32 vars in 772 bytes} [Tue May 5 19:36:54 2026] GET /v2.0/security-groups?tenant_id=cf11152fc6d0457d96a5ae0bbadcf0e7&name=default => generated 2929 bytes in 245 msecs (HTTP/1.1 200) 4 headers in 158 bytes (1 switches on core 0) [pid: 7|app: 0|req: 1728/3388] 10.0.0.8 () {32 vars in 738 bytes} [Tue May 5 19:36:54 2026] DELETE /v2.0/security-groups/4db00a2d-eb5b-42e8-abdb-715305f0d28c => generated 0 bytes in 170 msecs (HTTP/1.1 204) 2 headers in 112 bytes (1 switches on core 0)
2026-05-05 19:36:54.724 8 WARNING neutron.db.securitygroups_db [None req-ea84c55c-aece-4848-b060-1b93d53da2f3 4011027b549c4005a0ee626b2ba0dbd9 c51ed17842774c53812401d7c3ae753e - - default default] project_id key not found in filters, using tenant_id instead. This support has been deprecated and will be removed in a future release.
2026-05-05 19:36:54.840 8 INFO neutron.db.ovn_revision_numbers_db [None req-ea84c55c-aece-4848-b060-1b93d53da2f3 4011027b549c4005a0ee626b2ba0dbd9 c51ed17842774c53812401d7c3ae753e - - default default] Successfully bumped revision number for resource 41c02d5c-8ac0-4785-bc0d-404aab5fc153 (type: security_groups) to 1
2026-05-05 19:36:54.853 8 INFO neutron.db.ovn_revision_numbers_db [None req-ea84c55c-aece-4848-b060-1b93d53da2f3 4011027b549c4005a0ee626b2ba0dbd9 c51ed17842774c53812401d7c3ae753e - - default default] Successfully bumped revision number for resource 4e5191c6-b8de-4a42-8616-61801e813510 (type: security_group_rules) to 0
2026-05-05 19:36:54.866 8 INFO neutron.db.ovn_revision_numbers_db [None req-ea84c55c-aece-4848-b060-1b93d53da2f3 4011027b549c4005a0ee626b2ba0dbd9 c51ed17842774c53812401d7c3ae753e - - default default] Successfully bumped revision number for resource 61815b86-8c89-4dd8-8fba-9d17efcad0c3 (type: security_group_rules) to 0
2026-05-05 19:36:54.876 8 INFO neutron.db.ovn_revision_numbers_db [None req-ea84c55c-aece-4848-b060-1b93d53da2f3 4011027b549c4005a0ee626b2ba0dbd9 c51ed17842774c53812401d7c3ae753e - - default default] Successfully bumped revision number for resource 6cd114b5-1df1-4ef1-88fe-81d953ccf6d7 (type: security_group_rules) to 0
2026-05-05 19:36:54.892 8 INFO neutron.db.ovn_revision_numbers_db [None req-ea84c55c-aece-4848-b060-1b93d53da2f3 4011027b549c4005a0ee626b2ba0dbd9 c51ed17842774c53812401d7c3ae753e - - default default] Successfully bumped revision number for resource 7e90eac7-d766-4dd4-9979-938552cbc8a3 (type: security_group_rules) to 0 [pid: 8|app: 0|req: 1661/3389] 10.0.0.8 () {32 vars in 772 bytes} [Tue May 5 19:36:54 2026] GET /v2.0/security-groups?tenant_id=f3c2d3d4657246b0a5bb2413da943fe3&name=default => generated 2929 bytes in 214 msecs (HTTP/1.1 200) 4 headers in 158 bytes (1 switches on core 0) [pid: 7|app: 0|req: 1729/3390] 10.0.0.8 () {32 vars in 738 bytes} [Tue May 5 19:36:54 2026] DELETE /v2.0/security-groups/41c02d5c-8ac0-4785-bc0d-404aab5fc153 => generated 0 bytes in 157 msecs (HTTP/1.1 204) 2 headers in 112 bytes (1 switches on core 0)
2026-05-05 19:36:55.238 8 WARNING neutron.db.securitygroups_db [None req-4221518e-d9f4-4850-aa7f-562b55ba4ca4 4011027b549c4005a0ee626b2ba0dbd9 c51ed17842774c53812401d7c3ae753e - - default default] project_id key not found in filters, using tenant_id instead. This support has been deprecated and will be removed in a future release.
2026-05-05 19:36:55.379 8 INFO neutron.db.ovn_revision_numbers_db [None req-4221518e-d9f4-4850-aa7f-562b55ba4ca4 4011027b549c4005a0ee626b2ba0dbd9 c51ed17842774c53812401d7c3ae753e - - default default] Successfully bumped revision number for resource 2d8e0b12-15b3-442b-8d93-9285a5c88164 (type: security_groups) to 1
2026-05-05 19:36:55.390 8 INFO neutron.db.ovn_revision_numbers_db [None req-4221518e-d9f4-4850-aa7f-562b55ba4ca4 4011027b549c4005a0ee626b2ba0dbd9 c51ed17842774c53812401d7c3ae753e - - default default] Successfully bumped revision number for resource 28ec1cd2-0860-407e-b2aa-ad1a52d4b1a4 (type: security_group_rules) to 0
2026-05-05 19:36:55.400 8 INFO neutron.db.ovn_revision_numbers_db [None req-4221518e-d9f4-4850-aa7f-562b55ba4ca4 4011027b549c4005a0ee626b2ba0dbd9 c51ed17842774c53812401d7c3ae753e - - default default] Successfully bumped revision number for resource 5504c87e-4be3-4e7e-b17e-9d2a30fe32fb (type: security_group_rules) to 0
2026-05-05 19:36:55.412 8 INFO neutron.db.ovn_revision_numbers_db [None req-4221518e-d9f4-4850-aa7f-562b55ba4ca4 4011027b549c4005a0ee626b2ba0dbd9 c51ed17842774c53812401d7c3ae753e - - default default] Successfully bumped revision number for resource 6bb72245-127f-492b-9b68-3592630f89f2 (type: security_group_rules) to 0
2026-05-05 19:36:55.427 8 INFO neutron.db.ovn_revision_numbers_db [None req-4221518e-d9f4-4850-aa7f-562b55ba4ca4 4011027b549c4005a0ee626b2ba0dbd9 c51ed17842774c53812401d7c3ae753e - - default default] Successfully bumped revision number for resource a63be2b2-942a-4444-86b2-b22e763efd45 (type: security_group_rules) to 0 [pid: 8|app: 0|req: 1662/3391] 10.0.0.8 () {32 vars in 772 bytes} [Tue May 5 19:36:55 2026] GET /v2.0/security-groups?tenant_id=ff3c5812ace04d7b9e0b3b3cff083755&name=default => generated 2929 bytes in 243 msecs (HTTP/1.1 200) 4 headers in 158 bytes (1 switches on core 0) [pid: 7|app: 0|req: 1730/3392] 10.0.0.8 () {32 vars in 738 bytes} [Tue May 5 19:36:55 2026] DELETE /v2.0/security-groups/2d8e0b12-15b3-442b-8d93-9285a5c88164 => generated 0 bytes in 148 msecs (HTTP/1.1 204) 2 headers in 112 bytes (1 switches on core 0)
2026-05-05 19:36:55.748 8 WARNING neutron.db.securitygroups_db [None req-1b655af6-1d0e-4201-9a37-fa2bc3a6eac0 4011027b549c4005a0ee626b2ba0dbd9 c51ed17842774c53812401d7c3ae753e - - default default] project_id key not found in filters, using tenant_id instead. This support has been deprecated and will be removed in a future release.
2026-05-05 19:36:55.877 8 INFO neutron.db.ovn_revision_numbers_db [None req-1b655af6-1d0e-4201-9a37-fa2bc3a6eac0 4011027b549c4005a0ee626b2ba0dbd9 c51ed17842774c53812401d7c3ae753e - - default default] Successfully bumped revision number for resource f2a789a0-f97e-45dd-9b4f-e967bc8f3249 (type: security_groups) to 1
2026-05-05 19:36:55.890 8 INFO neutron.db.ovn_revision_numbers_db [None req-1b655af6-1d0e-4201-9a37-fa2bc3a6eac0 4011027b549c4005a0ee626b2ba0dbd9 c51ed17842774c53812401d7c3ae753e - - default default] Successfully bumped revision number for resource 4373fc09-671d-4a93-af99-a713da13659f (type: security_group_rules) to 0
2026-05-05 19:36:55.899 8 INFO neutron.db.ovn_revision_numbers_db [None req-1b655af6-1d0e-4201-9a37-fa2bc3a6eac0 4011027b549c4005a0ee626b2ba0dbd9 c51ed17842774c53812401d7c3ae753e - - default default] Successfully bumped revision number for resource 78664524-ee22-43e9-b8a5-261187698977 (type: security_group_rules) to 0
2026-05-05 19:36:55.911 8 INFO neutron.db.ovn_revision_numbers_db [None req-1b655af6-1d0e-4201-9a37-fa2bc3a6eac0 4011027b549c4005a0ee626b2ba0dbd9 c51ed17842774c53812401d7c3ae753e - - default default] Successfully bumped revision number for resource cf5a3a73-30ed-4449-a981-242b4d2d7521 (type: security_group_rules) to 0
