2026-05-05 19:32:04.483 8 INFO neutron.api.v2.resource [None req-acc49f9f-88b5-4613-b7ba-30ad89a31c67 cb7c7f73b2254dbf92c8277ff03f8878 72ff9d1a05c24814ada3666e49e6c306 - - default default] create failed (client error): Invalid input for target_tenant. Reason: '1234123412341234123412341234123412341234123412341234123412341234123412341234123412341234123412341234123412341234123412341234123412341234123412341234123412341234123412341234123412341234123412341234123412341234123412341234123412341234123412341234123412341234123412341234123412341234123412341234123412341234123412341234123412341234123412341234123412341234123412341234123412341234123412341234123412341234' exceeds maximum length of 255. [pid: 8|app: 0|req: 871/1812] 10.0.0.8 () {34 vars in 679 bytes} [Tue May 5 19:32:04 2026] POST /v2.0/rbac-policies => generated 547 bytes in 9 msecs (HTTP/1.1 400) 4 headers in 166 bytes (1 switches on core 0)
2026-05-05 19:32:04.614 7 INFO neutron_taas.services.taas.taas_plugin [None req-489858cc-5456-4d53-b7e7-173e9f2f14cf cb7c7f73b2254dbf92c8277ff03f8878 72ff9d1a05c24814ada3666e49e6c306 - - default default] TaaS: Handle Delete Port: d2f7105c-4bbb-4ac1-ba30-cf84fdacd9c7
2026-05-05 19:32:04.616 7 INFO neutron_taas.services.taas.tap_mirror_plugin [None req-489858cc-5456-4d53-b7e7-173e9f2f14cf cb7c7f73b2254dbf92c8277ff03f8878 72ff9d1a05c24814ada3666e49e6c306 - - default default] Tap Mirror: Handle Delete Port: d2f7105c-4bbb-4ac1-ba30-cf84fdacd9c7 [pid: 8|app: 0|req: 872/1813] 199.204.45.3 () {34 vars in 984 bytes} [Tue May 5 19:32:04 2026] GET /v2.0/networks?id=ca2ee8c0-c3c9-4caa-9faf-ae5c410ec487 => generated 742 bytes in 57 msecs (HTTP/1.1 200) 4 headers in 157 bytes (1 switches on core 0)
2026-05-05 19:32:04.847 8 WARNING neutron.db.securitygroups_db [req-41f21b7a-25f5-4107-98e0-d0d512f3068d req-66500006-52b3-4f7a-ab0e-438d74d719c6 ba4028ad91924d18a75de144245ca0f2 4ece5d71e2ed40ecac36a26830d39d5c - - default default] project_id key not found in filters, using tenant_id instead. This support has been deprecated and will be removed in a future release. [pid: 8|app: 0|req: 873/1814] 199.204.45.3 () {34 vars in 1048 bytes} [Tue May 5 19:32:04 2026] GET /v2.0/security-groups?fields=id&fields=name&tenant_id=4ece5d71e2ed40ecac36a26830d39d5c => generated 179 bytes in 37 msecs (HTTP/1.1 200) 4 headers in 157 bytes (1 switches on core 0)
2026-05-05 19:32:04.902 7 INFO neutron.services.segments.plugin [-] Segment 07d1213f-15e9-4c86-8fb6-b4d2dc3c4e49 resource provider aggregate not found
2026-05-05 19:32:04.906 7 INFO neutron.services.segments.plugin [-] Segment 07d1213f-15e9-4c86-8fb6-b4d2dc3c4e49 resource provider aggregate not found
2026-05-05 19:32:04.923 7 INFO neutron.services.segments.plugin [-] Segment 07d1213f-15e9-4c86-8fb6-b4d2dc3c4e49 resource provider not found; error: Placement Client Error (4xx): {"errors": [{"status": 404, "title": "Not Found", "detail": "The resource could not be found.\n\n No resource provider with uuid 07d1213f-15e9-4c86-8fb6-b4d2dc3c4e49 found for delete ", "request_id": "req-26e6fcf6-c983-4143-b267-8ee85543de64"}]}
2026-05-05 19:32:04.928 7 INFO neutron.services.segments.plugin [-] Segment 07d1213f-15e9-4c86-8fb6-b4d2dc3c4e49 resource provider not found; error: Placement Client Error (4xx): {"errors": [{"status": 404, "title": "Not Found", "detail": "The resource could not be found.\n\n No resource provider with uuid 07d1213f-15e9-4c86-8fb6-b4d2dc3c4e49 found for delete ", "request_id": "req-7386e533-2cf5-406b-babc-7d4e8cf90658"}]} [pid: 7|app: 0|req: 942/1815] 10.0.0.8 () {32 vars in 724 bytes} [Tue May 5 19:32:04 2026] DELETE /v2.0/networks/179e8a96-0749-4416-81f7-91113b2ef0c0 => generated 0 bytes in 477 msecs (HTTP/1.1 204) 3 headers in 131 bytes (1 switches on core 0)
2026-05-05 19:32:05.067 7 INFO neutron.db.segments_db [None req-d36e8716-de44-4619-924f-c04da059b187 cb7c7f73b2254dbf92c8277ff03f8878 72ff9d1a05c24814ada3666e49e6c306 - - default default] Added segment 086a4c26-9e8a-474d-bc79-d4df760d019f of type geneve for network ce5371c9-6ea6-473f-b94b-51f67f5ea2d7
2026-05-05 19:32:05.195 7 INFO neutron.db.ovn_revision_numbers_db [None req-d36e8716-de44-4619-924f-c04da059b187 cb7c7f73b2254dbf92c8277ff03f8878 72ff9d1a05c24814ada3666e49e6c306 - - default default] Successfully bumped revision number for resource ce5371c9-6ea6-473f-b94b-51f67f5ea2d7 (type: networks) to 1
2026-05-05 19:32:05.248 8 WARNING neutron.scheduler.dhcp_agent_scheduler [req-41f21b7a-25f5-4107-98e0-d0d512f3068d req-430da91b-861d-4414-a30c-458fd23d8d01 ba4028ad91924d18a75de144245ca0f2 4ece5d71e2ed40ecac36a26830d39d5c - - default default] No more DHCP agents
2026-05-05 19:32:05.251 8 WARNING neutron.api.rpc.agentnotifiers.dhcp_rpc_agent_api [req-41f21b7a-25f5-4107-98e0-d0d512f3068d req-430da91b-861d-4414-a30c-458fd23d8d01 ba4028ad91924d18a75de144245ca0f2 4ece5d71e2ed40ecac36a26830d39d5c - - default default] Unable to schedule network ca2ee8c0-c3c9-4caa-9faf-ae5c410ec487: no agents available; will retry on subsequent port and subnet creation events.
2026-05-05 19:32:05.350 7 WARNING neutron.scheduler.dhcp_agent_scheduler [None req-d36e8716-de44-4619-924f-c04da059b187 cb7c7f73b2254dbf92c8277ff03f8878 72ff9d1a05c24814ada3666e49e6c306 - - default default] No more DHCP agents
2026-05-05 19:32:05.352 7 WARNING neutron.api.rpc.agentnotifiers.dhcp_rpc_agent_api [None req-d36e8716-de44-4619-924f-c04da059b187 cb7c7f73b2254dbf92c8277ff03f8878 72ff9d1a05c24814ada3666e49e6c306 - - default default] Unable to schedule network ce5371c9-6ea6-473f-b94b-51f67f5ea2d7: no agents available; will retry on subsequent port and subnet creation events.
2026-05-05 19:32:05.414 8 INFO neutron.plugins.ml2.drivers.ovn.mech_driver.mech_driver [None req-7480b3ef-6177-4d41-a43e-4832f3974e81 - - - - - -] OVN reports status down for port: 9bc08ae3-0a0d-4ea2-afed-a51b3c8eae34
2026-05-05 19:32:05.467 7 INFO neutron.db.ovn_revision_numbers_db [None req-d36e8716-de44-4619-924f-c04da059b187 cb7c7f73b2254dbf92c8277ff03f8878 72ff9d1a05c24814ada3666e49e6c306 - - default default] Successfully bumped revision number for resource d87099c4-962e-4aaf-b902-43fe4fb57d7a (type: ports) to 1 [pid: 7|app: 0|req: 943/1816] 10.0.0.8 () {34 vars in 668 bytes} [Tue May 5 19:32:04 2026] POST /v2.0/networks => generated 768 bytes in 517 msecs (HTTP/1.1 201) 4 headers in 162 bytes (1 switches on core 0)
2026-05-05 19:32:05.510 8 INFO neutron.db.ovn_revision_numbers_db [req-41f21b7a-25f5-4107-98e0-d0d512f3068d req-430da91b-861d-4414-a30c-458fd23d8d01 ba4028ad91924d18a75de144245ca0f2 4ece5d71e2ed40ecac36a26830d39d5c - - default default] Successfully bumped revision number for resource 9bc08ae3-0a0d-4ea2-afed-a51b3c8eae34 (type: ports) to 1
2026-05-05 19:32:05.592 8 INFO neutron.plugins.ml2.drivers.ovn.mech_driver.mech_driver [None req-7480b3ef-6177-4d41-a43e-4832f3974e81 - - - - - -] OVN reports status down for port: d87099c4-962e-4aaf-b902-43fe4fb57d7a [pid: 8|app: 0|req: 874/1817] 199.204.45.3 () {38 vars in 953 bytes} [Tue May 5 19:32:04 2026] POST /v2.0/ports => generated 1175 bytes in 763 msecs (HTTP/1.1 201) 4 headers in 163 bytes (1 switches on core 0)
2026-05-05 19:32:05.652 7 WARNING neutron.scheduler.dhcp_agent_scheduler [None req-9f5c6a7b-884b-4a4f-b9fd-5b8cb3e992ca cb7c7f73b2254dbf92c8277ff03f8878 72ff9d1a05c24814ada3666e49e6c306 - - default default] No more DHCP agents /var/lib/openstack/lib/python3.12/site-packages/pycadf/identifier.py:70: UserWarning: Invalid uuid: neutron. To ensure interoperability, identifiers should be a valid uuid. warnings.warn(('Invalid uuid: %s. To ensure interoperability, '
2026-05-05 19:32:05.654 7 WARNING neutron.api.rpc.agentnotifiers.dhcp_rpc_agent_api [None req-9f5c6a7b-884b-4a4f-b9fd-5b8cb3e992ca cb7c7f73b2254dbf92c8277ff03f8878 72ff9d1a05c24814ada3666e49e6c306 - - default default] Unable to schedule network ce5371c9-6ea6-473f-b94b-51f67f5ea2d7: no agents available; will retry on subsequent port and subnet creation events. [pid: 8|app: 0|req: 875/1818] 10.0.0.31 () {34 vars in 989 bytes} [Tue May 5 19:32:05 2026] GET /v2.0/ports?device_id=b92329ea-817a-4831-9ae4-47f62c5d421a => generated 1178 bytes in 74 msecs (HTTP/1.1 200) 4 headers in 158 bytes (1 switches on core 0)
2026-05-05 19:32:06.089 8 INFO neutron.db.ovn_revision_numbers_db [req-41f21b7a-25f5-4107-98e0-d0d512f3068d req-4efb328c-6ed6-45fa-8369-610245855f83 1180207573d245fc9147b44981daea3e 1c4c5f884ab14302afd9cd53813e479b - - 0afc7fefbeb2467c9905177b32582156 0afc7fefbeb2467c9905177b32582156] Successfully bumped revision number for resource 9bc08ae3-0a0d-4ea2-afed-a51b3c8eae34 (type: ports) to 2
2026-05-05 19:32:06.166 7 INFO neutron.db.ovn_revision_numbers_db [None req-9f5c6a7b-884b-4a4f-b9fd-5b8cb3e992ca cb7c7f73b2254dbf92c8277ff03f8878 72ff9d1a05c24814ada3666e49e6c306 - - default default] Successfully bumped revision number for resource d87099c4-962e-4aaf-b902-43fe4fb57d7a (type: ports) to 2
2026-05-05 19:32:06.208 7 INFO neutron.db.ovn_revision_numbers_db [None req-9f5c6a7b-884b-4a4f-b9fd-5b8cb3e992ca cb7c7f73b2254dbf92c8277ff03f8878 72ff9d1a05c24814ada3666e49e6c306 - - default default] Successfully bumped revision number for resource 2ab97385-2df4-4fce-ae12-0144a6141be3 (type: subnets) to 0 [pid: 7|app: 0|req: 944/1819] 10.0.0.8 () {34 vars in 667 bytes} [Tue May 5 19:32:05 2026] POST /v2.0/subnets => generated 647 bytes in 730 msecs (HTTP/1.1 201) 4 headers in 162 bytes (1 switches on core 0) [pid: 7|app: 0|req: 945/1820] 10.0.0.31 () {34 vars in 1039 bytes} [Tue May 5 19:32:06 2026] GET /v2.0/security-groups?id=f2b8146c-1707-4237-b80b-034430978528&fields=id&fields=name => generated 112 bytes in 49 msecs (HTTP/1.1 200) 4 headers in 157 bytes (1 switches on core 0)
2026-05-05 19:32:06.372 8 INFO neutron.db.ovn_revision_numbers_db [req-41f21b7a-25f5-4107-98e0-d0d512f3068d req-4efb328c-6ed6-45fa-8369-610245855f83 1180207573d245fc9147b44981daea3e 1c4c5f884ab14302afd9cd53813e479b - - 0afc7fefbeb2467c9905177b32582156 0afc7fefbeb2467c9905177b32582156] Successfully bumped revision number for resource 9bc08ae3-0a0d-4ea2-afed-a51b3c8eae34 (type: ports) to 4 [pid: 8|app: 0|req: 876/1821] 199.204.45.3 () {38 vars in 1026 bytes} [Tue May 5 19:32:05 2026] PUT /v2.0/ports/9bc08ae3-0a0d-4ea2-afed-a51b3c8eae34 => generated 1448 bytes in 672 msecs (HTTP/1.1 200) 4 headers in 158 bytes (1 switches on core 0) /var/lib/openstack/lib/python3.12/site-packages/pycadf/identifier.py:70: UserWarning: Invalid uuid: neutron. To ensure interoperability, identifiers should be a valid uuid. warnings.warn(('Invalid uuid: %s. To ensure interoperability, '
2026-05-05 19:32:06.454 8 INFO neutron.notifiers.nova [-] Nova event matching ['req-ce4bd510-6f29-41e2-8e56-8e5dc712d660'] response: {'name': 'network-changed', 'server_uuid': 'b92329ea-817a-4831-9ae4-47f62c5d421a', 'tag': '9bc08ae3-0a0d-4ea2-afed-a51b3c8eae34', 'status': 'completed', 'code': 200}
2026-05-05 19:32:06.481 7 WARNING neutron.db.securitygroups_db [None req-14de608e-80bd-421c-9233-f1f9071ad395 4011027b549c4005a0ee626b2ba0dbd9 c51ed17842774c53812401d7c3ae753e - - default default] project_id key not found in filters, using tenant_id instead. This support has been deprecated and will be removed in a future release. [pid: 8|app: 0|req: 877/1822] 10.0.0.8 () {34 vars in 679 bytes} [Tue May 5 19:32:06 2026] POST /v2.0/rbac-policies => generated 324 bytes in 202 msecs (HTTP/1.1 201) 4 headers in 162 bytes (1 switches on core 0)
2026-05-05 19:32:06.612 7 INFO neutron.db.ovn_revision_numbers_db [None req-14de608e-80bd-421c-9233-f1f9071ad395 4011027b549c4005a0ee626b2ba0dbd9 c51ed17842774c53812401d7c3ae753e - - default default] Successfully bumped revision number for resource 8537c3f5-cb1c-4160-a70e-51a455c1d21f (type: security_groups) to 1
2026-05-05 19:32:06.628 7 INFO neutron.db.ovn_revision_numbers_db [None req-14de608e-80bd-421c-9233-f1f9071ad395 4011027b549c4005a0ee626b2ba0dbd9 c51ed17842774c53812401d7c3ae753e - - default default] Successfully bumped revision number for resource 7ee7715b-80ad-459f-9411-8f98057146bf (type: security_group_rules) to 0
2026-05-05 19:32:06.645 7 INFO neutron.db.ovn_revision_numbers_db [None req-14de608e-80bd-421c-9233-f1f9071ad395 4011027b549c4005a0ee626b2ba0dbd9 c51ed17842774c53812401d7c3ae753e - - default default] Successfully bumped revision number for resource a59a7d0b-1465-46b2-a505-ad231a41c80f (type: security_group_rules) to 0
2026-05-05 19:32:06.663 7 INFO neutron.db.ovn_revision_numbers_db [None req-14de608e-80bd-421c-9233-f1f9071ad395 4011027b549c4005a0ee626b2ba0dbd9 c51ed17842774c53812401d7c3ae753e - - default default] Successfully bumped revision number for resource c19d415d-a11a-4bd8-8ee1-6407046aa6d2 (type: security_group_rules) to 0
2026-05-05 19:32:06.677 7 INFO neutron.db.ovn_revision_numbers_db [None req-14de608e-80bd-421c-9233-f1f9071ad395 4011027b549c4005a0ee626b2ba0dbd9 c51ed17842774c53812401d7c3ae753e - - default default] Successfully bumped revision number for resource e110590c-434c-40e8-9a6b-412cd2ee5f26 (type: security_group_rules) to 0 [pid: 7|app: 0|req: 946/1823] 10.0.0.8 () {32 vars in 772 bytes} [Tue May 5 19:32:06 2026] GET /v2.0/security-groups?tenant_id=d9ed60d8354044eab4047cbaa5711e38&name=default => generated 2925 bytes in 464 msecs (HTTP/1.1 200) 4 headers in 158 bytes (1 switches on core 0) [pid: 7|app: 0|req: 947/1824] 199.204.45.3 () {34 vars in 1078 bytes} [Tue May 5 19:32:06 2026] GET /v2.0/ports?tenant_id=4ece5d71e2ed40ecac36a26830d39d5c&device_id=b92329ea-817a-4831-9ae4-47f62c5d421a => generated 1451 bytes in 41 msecs (HTTP/1.1 200) 4 headers in 158 bytes (1 switches on core 0) [pid: 8|app: 0|req: 878/1825] 10.0.0.8 () {32 vars in 738 bytes} [Tue May 5 19:32:06 2026] DELETE /v2.0/security-groups/8537c3f5-cb1c-4160-a70e-51a455c1d21f => generated 0 bytes in 275 msecs (HTTP/1.1 204) 2 headers in 112 bytes (1 switches on core 0) [pid: 8|app: 0|req: 879/1826] 199.204.45.3 () {34 vars in 1016 bytes} [Tue May 5 19:32:07 2026] GET /v2.0/networks?tenant_id=4ece5d71e2ed40ecac36a26830d39d5c&shared=False => generated 2499 bytes in 58 msecs (HTTP/1.1 200) 4 headers in 158 bytes (1 switches on core 0) [pid: 7|app: 0|req: 948/1827] 10.0.0.8 () {32 vars in 721 bytes} [Tue May 5 19:32:07 2026] GET /v2.0/networks/ce5371c9-6ea6-473f-b94b-51f67f5ea2d7 => generated 693 bytes in 109 msecs (HTTP/1.1 200) 4 headers in 157 bytes (1 switches on core 0) [pid: 8|app: 0|req: 880/1828] 199.204.45.3 () {34 vars in 928 bytes} [Tue May 5 19:32:07 2026] GET /v2.0/networks?shared=True => generated 791 bytes in 50 msecs (HTTP/1.1 200) 4 headers in 157 bytes (1 switches on core 0)
2026-05-05 19:32:07.636 7 INFO neutron.pecan_wsgi.hooks.translation [None req-2c0b72e5-d68a-4977-945a-469bc03399b4 effc8e4bb5844c488b7d5298612ba674 120a22f88307477e99164a145cf42915 - - default default] GET failed (client error): The resource could not be found. [pid: 7|app: 0|req: 949/1829] 10.0.0.8 () {32 vars in 721 bytes} [Tue May 5 19:32:07 2026] GET /v2.0/networks/ce5371c9-6ea6-473f-b94b-51f67f5ea2d7 => generated 138 bytes in 99 msecs (HTTP/1.1 404) 4 headers in 164 bytes (1 switches on core 0)
2026-05-05 19:32:07.837 8 INFO neutron_taas.services.taas.taas_plugin [None req-5b3061b2-8332-415d-ad95-aee9b41eebc6 cb7c7f73b2254dbf92c8277ff03f8878 72ff9d1a05c24814ada3666e49e6c306 - - default default] TaaS: Handle Delete Port: d87099c4-962e-4aaf-b902-43fe4fb57d7a
2026-05-05 19:32:07.840 8 INFO neutron_taas.services.taas.tap_mirror_plugin [None req-5b3061b2-8332-415d-ad95-aee9b41eebc6 cb7c7f73b2254dbf92c8277ff03f8878 72ff9d1a05c24814ada3666e49e6c306 - - default default] Tap Mirror: Handle Delete Port: d87099c4-962e-4aaf-b902-43fe4fb57d7a
2026-05-05 19:32:08.199 8 INFO neutron.services.segments.plugin [-] Segment 086a4c26-9e8a-474d-bc79-d4df760d019f resource provider aggregate not found [pid: 7|app: 0|req: 950/1830] 199.204.45.3 () {34 vars in 1078 bytes} [Tue May 5 19:32:08 2026] GET /v2.0/ports?tenant_id=4ece5d71e2ed40ecac36a26830d39d5c&device_id=b92329ea-817a-4831-9ae4-47f62c5d421a => generated 1451 bytes in 39 msecs (HTTP/1.1 200) 4 headers in 158 bytes (1 switches on core 0)
2026-05-05 19:32:08.202 8 INFO neutron.services.segments.plugin [-] Segment 086a4c26-9e8a-474d-bc79-d4df760d019f resource provider aggregate not found
2026-05-05 19:32:08.225 8 INFO neutron.services.segments.plugin [-] Segment 086a4c26-9e8a-474d-bc79-d4df760d019f resource provider not found; error: Placement Client Error (4xx): {"errors": [{"status": 404, "title": "Not Found", "detail": "The resource could not be found.\n\n No resource provider with uuid 086a4c26-9e8a-474d-bc79-d4df760d019f found for delete ", "request_id": "req-b7ef61f4-7a66-4f64-a357-91158d388319"}]}
2026-05-05 19:32:08.232 8 INFO neutron.services.segments.plugin [-] Segment 086a4c26-9e8a-474d-bc79-d4df760d019f resource provider not found; error: Placement Client Error (4xx): {"errors": [{"status": 404, "title": "Not Found", "detail": "The resource could not be found.\n\n No resource provider with uuid 086a4c26-9e8a-474d-bc79-d4df760d019f found for delete ", "request_id": "req-b9764def-ade3-4b42-bceb-30255c63ce42"}]} [pid: 7|app: 0|req: 951/1831] 199.204.45.3 () {34 vars in 1052 bytes} [Tue May 5 19:32:08 2026] GET /v2.0/floatingips?fixed_ip_address=10.2.1.7&port_id=9bc08ae3-0a0d-4ea2-afed-a51b3c8eae34 => generated 19 bytes in 29 msecs (HTTP/1.1 200) 4 headers in 156 bytes (1 switches on core 0) [pid: 8|app: 0|req: 881/1832] 10.0.0.8 () {32 vars in 724 bytes} [Tue May 5 19:32:07 2026] DELETE /v2.0/networks/ce5371c9-6ea6-473f-b94b-51f67f5ea2d7 => generated 0 bytes in 606 msecs (HTTP/1.1 204) 3 headers in 131 bytes (1 switches on core 0) [pid: 7|app: 0|req: 952/1833] 199.204.45.3 () {34 vars in 1102 bytes} [Tue May 5 19:32:08 2026] GET /v2.0/floatingips?fixed_ip_address=fd7b%3Af9f7%3Afff%3A4eca%3A%3A39f&port_id=9bc08ae3-0a0d-4ea2-afed-a51b3c8eae34 => generated 19 bytes in 28 msecs (HTTP/1.1 200) 4 headers in 156 bytes (1 switches on core 0)
2026-05-05 19:32:08.282 8 INFO neutron.pecan_wsgi.hooks.translation [None req-8b9b5d67-cd2e-4af0-b453-f094ffba27f2 cb7c7f73b2254dbf92c8277ff03f8878 72ff9d1a05c24814ada3666e49e6c306 - - default default] DELETE failed (client error): The resource could not be found. [pid: 8|app: 0|req: 882/1834] 10.0.0.8 () {32 vars in 722 bytes} [Tue May 5 19:32:08 2026] DELETE /v2.0/subnets/01cf7479-bcb2-4f1a-81dd-7f4b76461dd6 => generated 136 bytes in 18 msecs (HTTP/1.1 404) 4 headers in 164 bytes (1 switches on core 0)
2026-05-05 19:32:08.301 8 INFO neutron.pecan_wsgi.hooks.translation [None req-30de92c8-20e3-411b-a40b-59532e8cf199 cb7c7f73b2254dbf92c8277ff03f8878 72ff9d1a05c24814ada3666e49e6c306 - - default default] DELETE failed (client error): The resource could not be found. [pid: 8|app: 0|req: 883/1835] 10.0.0.8 () {32 vars in 722 bytes} [Tue May 5 19:32:08 2026] DELETE /v2.0/subnets/aa044994-17ab-483c-9d60-8bd71cdbe50a => generated 136 bytes in 17 msecs (HTTP/1.1 404) 4 headers in 164 bytes (1 switches on core 0) [pid: 7|app: 0|req: 953/1836] 199.204.45.3 () {34 vars in 1062 bytes} [Tue May 5 19:32:08 2026] GET /v2.0/subnets?id=8b07bacd-33a1-4539-ae6c-0862cb2d9fd2&id=8f36c7d0-abaa-49a8-b2b9-d6e3b60f9d06 => generated 1411 bytes in 33 msecs (HTTP/1.1 200) 4 headers in 158 bytes (1 switches on core 0)
2026-05-05 19:32:08.322 8 INFO neutron.pecan_wsgi.hooks.translation [None req-83294cbb-2788-40e6-a07e-e7b5993d5bfb cb7c7f73b2254dbf92c8277ff03f8878 72ff9d1a05c24814ada3666e49e6c306 - - default default] DELETE failed (client error): The resource could not be found. [pid: 8|app: 0|req: 884/1837] 10.0.0.8 () {32 vars in 722 bytes} [Tue May 5 19:32:08 2026] DELETE /v2.0/subnets/2ab97385-2df4-4fce-ae12-0144a6141be3 => generated 136 bytes in 15 msecs (HTTP/1.1 404) 4 headers in 164 bytes (1 switches on core 0) [pid: 7|app: 0|req: 954/1838] 199.204.45.3 () {34 vars in 1050 bytes} [Tue May 5 19:32:08 2026] GET /v2.0/ports?network_id=ca2ee8c0-c3c9-4caa-9faf-ae5c410ec487&device_owner=network%3Adhcp => generated 12 bytes in 18 msecs (HTTP/1.1 200) 4 headers in 156 bytes (1 switches on core 0) [pid: 8|app: 0|req: 885/1839] 199.204.45.3 () {34 vars in 1050 bytes} [Tue May 5 19:32:08 2026] GET /v2.0/ports?network_id=ca2ee8c0-c3c9-4caa-9faf-ae5c410ec487&device_owner=network%3Adhcp => generated 12 bytes in 23 msecs (HTTP/1.1 200) 4 headers in 156 bytes (1 switches on core 0) [pid: 7|app: 0|req: 955/1840] 199.204.45.3 () {34 vars in 1010 bytes} [Tue May 5 19:32:08 2026] GET /v2.0/networks/ca2ee8c0-c3c9-4caa-9faf-ae5c410ec487?fields=segments => generated 14 bytes in 44 msecs (HTTP/1.1 200) 4 headers in 156 bytes (1 switches on core 0) [pid: 8|app: 0|req: 886/1841] 199.204.45.3 () {34 vars in 1110 bytes} [Tue May 5 19:32:08 2026] GET /v2.0/networks/ca2ee8c0-c3c9-4caa-9faf-ae5c410ec487?fields=provider%3Aphysical_network&fields=provider%3Anetwork_type => generated 79 bytes in 52 msecs (HTTP/1.1 200) 4 headers in 156 bytes (1 switches on core 0)
2026-05-05 19:32:09.375 7 WARNING neutron.db.securitygroups_db [None req-59f19836-8f18-4750-9e4d-a11c35c2f9ad 4011027b549c4005a0ee626b2ba0dbd9 c51ed17842774c53812401d7c3ae753e - - default default] project_id key not found in filters, using tenant_id instead. This support has been deprecated and will be removed in a future release.
2026-05-05 19:32:09.411 8 WARNING neutron.db.securitygroups_db [None req-1ec17bc1-9db8-4bbd-8b83-a84f76bdd453 4011027b549c4005a0ee626b2ba0dbd9 c51ed17842774c53812401d7c3ae753e - - default default] project_id key not found in filters, using tenant_id instead. This support has been deprecated and will be removed in a future release.
2026-05-05 19:32:09.506 7 INFO neutron.db.ovn_revision_numbers_db [None req-59f19836-8f18-4750-9e4d-a11c35c2f9ad 4011027b549c4005a0ee626b2ba0dbd9 c51ed17842774c53812401d7c3ae753e - - default default] Successfully bumped revision number for resource 4fccc109-75d6-4371-bf28-246f2414a16f (type: security_groups) to 1
2026-05-05 19:32:09.521 7 INFO neutron.db.ovn_revision_numbers_db [None req-59f19836-8f18-4750-9e4d-a11c35c2f9ad 4011027b549c4005a0ee626b2ba0dbd9 c51ed17842774c53812401d7c3ae753e - - default default] Successfully bumped revision number for resource 4b2c3763-3ff4-4a5d-a6f4-212998909e97 (type: security_group_rules) to 0
2026-05-05 19:32:09.537 7 INFO neutron.db.ovn_revision_numbers_db [None req-59f19836-8f18-4750-9e4d-a11c35c2f9ad 4011027b549c4005a0ee626b2ba0dbd9 c51ed17842774c53812401d7c3ae753e - - default default] Successfully bumped revision number for resource 74491b07-2fa4-40ef-a9e1-2d36414eeda0 (type: security_group_rules) to 0
2026-05-05 19:32:09.553 7 INFO neutron.db.ovn_revision_numbers_db [None req-59f19836-8f18-4750-9e4d-a11c35c2f9ad 4011027b549c4005a0ee626b2ba0dbd9 c51ed17842774c53812401d7c3ae753e - - default default] Successfully bumped revision number for resource 80d93b83-5ee4-48c5-b99a-5eacd5111551 (type: security_group_rules) to 0
2026-05-05 19:32:09.567 7 INFO neutron.db.ovn_revision_numbers_db [None req-59f19836-8f18-4750-9e4d-a11c35c2f9ad 4011027b549c4005a0ee626b2ba0dbd9 c51ed17842774c53812401d7c3ae753e - - default default] Successfully bumped revision number for resource a674ae35-53fd-4a4b-8b72-f4ec470335da (type: security_group_rules) to 0
2026-05-05 19:32:09.587 8 INFO neutron.db.ovn_revision_numbers_db [None req-1ec17bc1-9db8-4bbd-8b83-a84f76bdd453 4011027b549c4005a0ee626b2ba0dbd9 c51ed17842774c53812401d7c3ae753e - - default default] Successfully bumped revision number for resource 4145cfcf-9fd7-41c4-8a19-9ba605a1acec (type: security_groups) to 1
2026-05-05 19:32:09.600 8 INFO neutron.db.ovn_revision_numbers_db [None req-1ec17bc1-9db8-4bbd-8b83-a84f76bdd453 4011027b549c4005a0ee626b2ba0dbd9 c51ed17842774c53812401d7c3ae753e - - default default] Successfully bumped revision number for resource 45cdf755-ae7d-4fe0-b56a-f44b86c1082f (type: security_group_rules) to 0 [pid: 7|app: 0|req: 956/1842] 10.0.0.8 () {32 vars in 772 bytes} [Tue May 5 19:32:09 2026] GET /v2.0/security-groups?tenant_id=120a22f88307477e99164a145cf42915&name=default => generated 2925 bytes in 404 msecs (HTTP/1.1 200) 4 headers in 158 bytes (1 switches on core 0)
2026-05-05 19:32:09.614 8 INFO neutron.db.ovn_revision_numbers_db [None req-1ec17bc1-9db8-4bbd-8b83-a84f76bdd453 4011027b549c4005a0ee626b2ba0dbd9 c51ed17842774c53812401d7c3ae753e - - default default] Successfully bumped revision number for resource 548e5d9f-c5a1-4ed4-82d5-e5f3b318bbbf (type: security_group_rules) to 0
2026-05-05 19:32:09.626 8 INFO neutron.db.ovn_revision_numbers_db [None req-1ec17bc1-9db8-4bbd-8b83-a84f76bdd453 4011027b549c4005a0ee626b2ba0dbd9 c51ed17842774c53812401d7c3ae753e - - default default] Successfully bumped revision number for resource 5eb12a97-fe89-42ce-8bb0-27317d72b8fa (type: security_group_rules) to 0
2026-05-05 19:32:09.639 8 INFO neutron.db.ovn_revision_numbers_db [None req-1ec17bc1-9db8-4bbd-8b83-a84f76bdd453 4011027b549c4005a0ee626b2ba0dbd9 c51ed17842774c53812401d7c3ae753e - - default default] Successfully bumped revision number for resource 71318a10-d343-4daa-ba1e-58793036d35a (type: security_group_rules) to 0 [pid: 8|app: 0|req: 887/1843] 10.0.0.8 () {32 vars in 772 bytes} [Tue May 5 19:32:09 2026] GET /v2.0/security-groups?tenant_id=1a86d310f757427fb815fcb59546464f&name=default => generated 2925 bytes in 366 msecs (HTTP/1.1 200) 4 headers in 158 bytes (1 switches on core 0) [pid: 7|app: 0|req: 957/1844] 10.0.0.8 () {32 vars in 738 bytes} [Tue May 5 19:32:09 2026] DELETE /v2.0/security-groups/4fccc109-75d6-4371-bf28-246f2414a16f => generated 0 bytes in 181 msecs (HTTP/1.1 204) 2 headers in 112 bytes (1 switches on core 0) [pid: 8|app: 0|req: 888/1845] 10.0.0.8 () {32 vars in 738 bytes} [Tue May 5 19:32:09 2026] DELETE /v2.0/security-groups/4145cfcf-9fd7-41c4-8a19-9ba605a1acec => generated 0 bytes in 221 msecs (HTTP/1.1 204) 2 headers in 112 bytes (1 switches on core 0)
2026-05-05 19:32:09.962 7 WARNING neutron.db.securitygroups_db [None req-b0b8ed74-c070-4295-b69a-f303f42451b2 4011027b549c4005a0ee626b2ba0dbd9 c51ed17842774c53812401d7c3ae753e - - default default] project_id key not found in filters, using tenant_id instead. This support has been deprecated and will be removed in a future release.
2026-05-05 19:32:10.101 7 INFO neutron.db.ovn_revision_numbers_db [None req-b0b8ed74-c070-4295-b69a-f303f42451b2 4011027b549c4005a0ee626b2ba0dbd9 c51ed17842774c53812401d7c3ae753e - - default default] Successfully bumped revision number for resource 21c32623-b087-4159-bb6a-72c3d6a69fd2 (type: security_groups) to 1
2026-05-05 19:32:10.116 7 INFO neutron.db.ovn_revision_numbers_db [None req-b0b8ed74-c070-4295-b69a-f303f42451b2 4011027b549c4005a0ee626b2ba0dbd9 c51ed17842774c53812401d7c3ae753e - - default default] Successfully bumped revision number for resource 21b51d09-8d0b-41d2-8742-14581aff1be5 (type: security_group_rules) to 0
2026-05-05 19:32:10.130 7 INFO neutron.db.ovn_revision_numbers_db [None req-b0b8ed74-c070-4295-b69a-f303f42451b2 4011027b549c4005a0ee626b2ba0dbd9 c51ed17842774c53812401d7c3ae753e - - default default] Successfully bumped revision number for resource 2ce7e844-eca3-40a0-92d6-f682323724cb (type: security_group_rules) to 0
2026-05-05 19:32:10.145 7 INFO neutron.db.ovn_revision_numbers_db [None req-b0b8ed74-c070-4295-b69a-f303f42451b2 4011027b549c4005a0ee626b2ba0dbd9 c51ed17842774c53812401d7c3ae753e - - default default] Successfully bumped revision number for resource 61804c18-2ba2-4334-8db7-a7f22525c7e0 (type: security_group_rules) to 0
2026-05-05 19:32:10.158 7 INFO neutron.db.ovn_revision_numbers_db [None req-b0b8ed74-c070-4295-b69a-f303f42451b2 4011027b549c4005a0ee626b2ba0dbd9 c51ed17842774c53812401d7c3ae753e - - default default] Successfully bumped revision number for resource af31a48e-3f5a-4174-9e3c-3a15987d8ae7 (type: security_group_rules) to 0 [pid: 7|app: 0|req: 958/1846] 10.0.0.8 () {32 vars in 772 bytes} [Tue May 5 19:32:09 2026] GET /v2.0/security-groups?tenant_id=1bf4caa8cbfa43228fd0f8747b38b6f4&name=default => generated 2925 bytes in 249 msecs (HTTP/1.1 200) 4 headers in 158 bytes (1 switches on core 0)
2026-05-05 19:32:10.309 8 WARNING neutron.db.securitygroups_db [None req-9335178b-3194-4d7e-bbc9-a7b7a2f09c65 4011027b549c4005a0ee626b2ba0dbd9 c51ed17842774c53812401d7c3ae753e - - default default] project_id key not found in filters, using tenant_id instead. This support has been deprecated and will be removed in a future release. [pid: 7|app: 0|req: 959/1847] 10.0.0.8 () {32 vars in 738 bytes} [Tue May 5 19:32:10 2026] DELETE /v2.0/security-groups/21c32623-b087-4159-bb6a-72c3d6a69fd2 => generated 0 bytes in 170 msecs (HTTP/1.1 204) 2 headers in 112 bytes (1 switches on core 0)
2026-05-05 19:32:10.472 7 WARNING neutron.db.securitygroups_db [None req-d57bef31-c7b8-4cad-846e-1a821b6c1af9 4011027b549c4005a0ee626b2ba0dbd9 c51ed17842774c53812401d7c3ae753e - - default default] project_id key not found in filters, using tenant_id instead. This support has been deprecated and will be removed in a future release.
2026-05-05 19:32:10.480 8 INFO neutron.db.ovn_revision_numbers_db [None req-9335178b-3194-4d7e-bbc9-a7b7a2f09c65 4011027b549c4005a0ee626b2ba0dbd9 c51ed17842774c53812401d7c3ae753e - - default default] Successfully bumped revision number for resource de605f7a-9c8d-4ff9-9337-3879e871c230 (type: security_groups) to 1
2026-05-05 19:32:10.496 8 INFO neutron.db.ovn_revision_numbers_db [None req-9335178b-3194-4d7e-bbc9-a7b7a2f09c65 4011027b549c4005a0ee626b2ba0dbd9 c51ed17842774c53812401d7c3ae753e - - default default] Successfully bumped revision number for resource 6ba6cfe4-503b-4490-8a16-ee426bbf01f0 (type: security_group_rules) to 0 [pid: 7|app: 0|req: 960/1848] 10.0.0.8 () {32 vars in 772 bytes} [Tue May 5 19:32:10 2026] GET /v2.0/security-groups?tenant_id=72ff9d1a05c24814ada3666e49e6c306&name=default => generated 2925 bytes in 35 msecs (HTTP/1.1 200) 4 headers in 158 bytes (1 switches on core 0)
2026-05-05 19:32:10.512 8 INFO neutron.db.ovn_revision_numbers_db [None req-9335178b-3194-4d7e-bbc9-a7b7a2f09c65 4011027b549c4005a0ee626b2ba0dbd9 c51ed17842774c53812401d7c3ae753e - - default default] Successfully bumped revision number for resource cfa89d2a-ce1e-46e4-9dad-45c5fadbff8f (type: security_group_rules) to 0
2026-05-05 19:32:10.527 8 INFO neutron.db.ovn_revision_numbers_db [None req-9335178b-3194-4d7e-bbc9-a7b7a2f09c65 4011027b549c4005a0ee626b2ba0dbd9 c51ed17842774c53812401d7c3ae753e - - default default] Successfully bumped revision number for resource f829a09d-0bf4-473f-91c1-7ba1ea653f4d (type: security_group_rules) to 0
2026-05-05 19:32:10.541 8 INFO neutron.db.ovn_revision_numbers_db [None req-9335178b-3194-4d7e-bbc9-a7b7a2f09c65 4011027b549c4005a0ee626b2ba0dbd9 c51ed17842774c53812401d7c3ae753e - - default default] Successfully bumped revision number for resource f89edd25-d62e-484b-8248-2fcfa87a9726 (type: security_group_rules) to 0 [pid: 8|app: 0|req: 889/1849] 10.0.0.8 () {32 vars in 772 bytes} [Tue May 5 19:32:10 2026] GET /v2.0/security-groups?tenant_id=b73eade0c1d2482c98f30114764af9d0&name=default => generated 2925 bytes in 485 msecs (HTTP/1.1 200) 4 headers in 158 bytes (1 switches on core 0) [pid: 7|app: 0|req: 961/1850] 10.0.0.8 () {32 vars in 738 bytes} [Tue May 5 19:32:10 2026] DELETE /v2.0/security-groups/d6cf885c-594c-4b35-b1ed-4915efaf761f => generated 0 bytes in 245 msecs (HTTP/1.1 204) 2 headers in 112 bytes (1 switches on core 0) [pid: 8|app: 0|req: 890/1851] 10.0.0.8 () {32 vars in 738 bytes} [Tue May 5 19:32:10 2026] DELETE /v2.0/security-groups/de605f7a-9c8d-4ff9-9337-3879e871c230 => generated 0 bytes in 234 msecs (HTTP/1.1 204) 2 headers in 112 bytes (1 switches on core 0)
2026-05-05 19:32:11.152 8 INFO neutron.plugins.ml2.drivers.ovn.mech_driver.mech_driver [None req-7480b3ef-6177-4d41-a43e-4832f3974e81 - - - - - -] OVN reports status up for port: 9bc08ae3-0a0d-4ea2-afed-a51b3c8eae34
2026-05-05 19:32:11.162 8 INFO neutron.plugins.ml2.plugin [None req-7480b3ef-6177-4d41-a43e-4832f3974e81 - - - - - -] Attempt 1 to provision port 9bc08ae3-0a0d-4ea2-afed-a51b3c8eae34
2026-05-05 19:32:11.324 8 INFO neutron.notifiers.nova [-] Nova event matching ['req-72fffbdf-19d3-4fc3-b621-dd221a032717'] response: {'server_uuid': 'b92329ea-817a-4831-9ae4-47f62c5d421a', 'name': 'network-vif-plugged', 'status': 'completed', 'tag': '9bc08ae3-0a0d-4ea2-afed-a51b3c8eae34', 'code': 200} [pid: 7|app: 0|req: 962/1852] 10.0.0.31 () {34 vars in 989 bytes} [Tue May 5 19:32:11 2026] GET /v2.0/ports?device_id=b92329ea-817a-4831-9ae4-47f62c5d421a => generated 1192 bytes in 87 msecs (HTTP/1.1 200) 4 headers in 158 bytes (1 switches on core 0)
2026-05-05 19:32:11.516 8 INFO neutron.db.ovn_revision_numbers_db [None req-7480b3ef-6177-4d41-a43e-4832f3974e81 - - - - - -] Successfully bumped revision number for resource 9bc08ae3-0a0d-4ea2-afed-a51b3c8eae34 (type: ports) to 5 [pid: 8|app: 0|req: 891/1853] 10.0.0.31 () {34 vars in 1039 bytes} [Tue May 5 19:32:11 2026] GET /v2.0/security-groups?id=f2b8146c-1707-4237-b80b-034430978528&fields=id&fields=name => generated 112 bytes in 66 msecs (HTTP/1.1 200) 4 headers in 157 bytes (1 switches on core 0)
2026-05-05 19:32:12.211 7 INFO neutron.db.ovn_revision_numbers_db [None req-a4c2214d-11a3-47a3-8ebe-e0b134b7e14e 0ca8ea85e0db4e4aa5041796563ebf18 3d28fcd3379b4b2ab1e939410dd36cf3 - - default default] Successfully bumped revision number for resource 467d8fdb-b1cd-4230-9c05-8956866814ab (type: security_groups) to 1
2026-05-05 19:32:12.221 7 INFO neutron.db.ovn_revision_numbers_db [None req-a4c2214d-11a3-47a3-8ebe-e0b134b7e14e 0ca8ea85e0db4e4aa5041796563ebf18 3d28fcd3379b4b2ab1e939410dd36cf3 - - default default] Successfully bumped revision number for resource 0a0b619f-d43d-4614-aa78-386453d724c5 (type: security_group_rules) to 0
2026-05-05 19:32:12.235 7 INFO neutron.db.ovn_revision_numbers_db [None req-a4c2214d-11a3-47a3-8ebe-e0b134b7e14e 0ca8ea85e0db4e4aa5041796563ebf18 3d28fcd3379b4b2ab1e939410dd36cf3 - - default default] Successfully bumped revision number for resource 3d68eeb7-62f9-4e77-996f-dce6a9e098ab (type: security_group_rules) to 0
2026-05-05 19:32:12.248 7 INFO neutron.db.ovn_revision_numbers_db [None req-a4c2214d-11a3-47a3-8ebe-e0b134b7e14e 0ca8ea85e0db4e4aa5041796563ebf18 3d28fcd3379b4b2ab1e939410dd36cf3 - - default default] Successfully bumped revision number for resource 60d4bba3-2dfd-4ada-ab47-2f76b0fe63bc (type: security_group_rules) to 0
2026-05-05 19:32:12.266 7 INFO neutron.db.ovn_revision_numbers_db [None req-a4c2214d-11a3-47a3-8ebe-e0b134b7e14e 0ca8ea85e0db4e4aa5041796563ebf18 3d28fcd3379b4b2ab1e939410dd36cf3 - - default default] Successfully bumped revision number for resource 6ab6409f-7ac2-48e9-8bcd-4a863bfabe7b (type: security_group_rules) to 0
2026-05-05 19:32:12.391 7 INFO neutron.db.segments_db [None req-a4c2214d-11a3-47a3-8ebe-e0b134b7e14e 0ca8ea85e0db4e4aa5041796563ebf18 3d28fcd3379b4b2ab1e939410dd36cf3 - - default default] Added segment 40370b24-0cb9-404b-888b-ff8bdb73a5d2 of type geneve for network e7d7c09e-2891-4b68-8f6b-47b1e70f5543
2026-05-05 19:32:12.509 7 INFO neutron.db.segments_db [None req-a4c2214d-11a3-47a3-8ebe-e0b134b7e14e 0ca8ea85e0db4e4aa5041796563ebf18 3d28fcd3379b4b2ab1e939410dd36cf3 - - default default] Added segment 204dd064-76cb-4ed5-a4bd-630eccfb8fa9 of type geneve for network ec3b97c8-ddb7-4944-9ff7-1a78281c4485
2026-05-05 19:32:12.641 7 INFO neutron.db.ovn_revision_numbers_db [None req-a4c2214d-11a3-47a3-8ebe-e0b134b7e14e 0ca8ea85e0db4e4aa5041796563ebf18 3d28fcd3379b4b2ab1e939410dd36cf3 - - default default] Successfully bumped revision number for resource e7d7c09e-2891-4b68-8f6b-47b1e70f5543 (type: networks) to 1
2026-05-05 19:32:12.835 7 WARNING neutron.scheduler.dhcp_agent_scheduler [None req-a4c2214d-11a3-47a3-8ebe-e0b134b7e14e 0ca8ea85e0db4e4aa5041796563ebf18 3d28fcd3379b4b2ab1e939410dd36cf3 - - default default] No more DHCP agents
2026-05-05 19:32:12.837 7 WARNING neutron.api.rpc.agentnotifiers.dhcp_rpc_agent_api [None req-a4c2214d-11a3-47a3-8ebe-e0b134b7e14e 0ca8ea85e0db4e4aa5041796563ebf18 3d28fcd3379b4b2ab1e939410dd36cf3 - - default default] Unable to schedule network e7d7c09e-2891-4b68-8f6b-47b1e70f5543: no agents available; will retry on subsequent port and subnet creation events.
2026-05-05 19:32:12.915 8 INFO neutron.plugins.ml2.drivers.ovn.mech_driver.mech_driver [None req-0595233d-2dcf-4413-9d52-c9344d3979d9 - - - - - -] OVN reports status down for port: cf64f10b-4fdf-4af1-a5e0-20fbdfa0ccb4
2026-05-05 19:32:12.940 7 INFO neutron.db.ovn_revision_numbers_db [None req-a4c2214d-11a3-47a3-8ebe-e0b134b7e14e 0ca8ea85e0db4e4aa5041796563ebf18 3d28fcd3379b4b2ab1e939410dd36cf3 - - default default] Successfully bumped revision number for resource cf64f10b-4fdf-4af1-a5e0-20fbdfa0ccb4 (type: ports) to 1
2026-05-05 19:32:13.032 7 INFO neutron.db.ovn_revision_numbers_db [None req-a4c2214d-11a3-47a3-8ebe-e0b134b7e14e 0ca8ea85e0db4e4aa5041796563ebf18 3d28fcd3379b4b2ab1e939410dd36cf3 - - default default] Successfully bumped revision number for resource ec3b97c8-ddb7-4944-9ff7-1a78281c4485 (type: networks) to 1
2026-05-05 19:32:13.239 7 WARNING neutron.scheduler.dhcp_agent_scheduler [None req-a4c2214d-11a3-47a3-8ebe-e0b134b7e14e 0ca8ea85e0db4e4aa5041796563ebf18 3d28fcd3379b4b2ab1e939410dd36cf3 - - default default] No more DHCP agents
2026-05-05 19:32:13.241 7 WARNING neutron.api.rpc.agentnotifiers.dhcp_rpc_agent_api [None req-a4c2214d-11a3-47a3-8ebe-e0b134b7e14e 0ca8ea85e0db4e4aa5041796563ebf18 3d28fcd3379b4b2ab1e939410dd36cf3 - - default default] Unable to schedule network ec3b97c8-ddb7-4944-9ff7-1a78281c4485: no agents available; will retry on subsequent port and subnet creation events.
2026-05-05 19:32:13.296 8 INFO neutron.plugins.ml2.drivers.ovn.mech_driver.mech_driver [None req-0595233d-2dcf-4413-9d52-c9344d3979d9 - - - - - -] OVN reports status down for port: 7170e9d8-93f8-4a82-b231-031fb9d1ecce
2026-05-05 19:32:13.319 7 INFO neutron.db.ovn_revision_numbers_db [None req-a4c2214d-11a3-47a3-8ebe-e0b134b7e14e 0ca8ea85e0db4e4aa5041796563ebf18 3d28fcd3379b4b2ab1e939410dd36cf3 - - default default] Successfully bumped revision number for resource 7170e9d8-93f8-4a82-b231-031fb9d1ecce (type: ports) to 1 [pid: 7|app: 0|req: 963/1854] 10.0.0.8 () {34 vars in 668 bytes} [Tue May 5 19:32:11 2026] POST /v2.0/networks => generated 1321 bytes in 1471 msecs (HTTP/1.1 201) 4 headers in 163 bytes (1 switches on core 0) /var/lib/openstack/lib/python3.12/site-packages/pycadf/identifier.py:70: UserWarning: Invalid uuid: neutron. To ensure interoperability, identifiers should be a valid uuid. warnings.warn(('Invalid uuid: %s. To ensure interoperability, '
2026-05-05 19:32:13.382 8 INFO neutron.notifiers.nova [-] Nova event matching ['req-7d2885ef-46a3-40d2-8446-5ed43c973245'] response: {'server_uuid': 'b92329ea-817a-4831-9ae4-47f62c5d421a', 'name': 'network-vif-plugged', 'status': 'completed', 'tag': '9bc08ae3-0a0d-4ea2-afed-a51b3c8eae34', 'code': 200} [pid: 8|app: 0|req: 892/1855] 10.0.0.8 () {32 vars in 647 bytes} [Tue May 5 19:32:13 2026] GET /v2.0/networks => generated 1970 bytes in 93 msecs (HTTP/1.1 200) 4 headers in 158 bytes (1 switches on core 0)
2026-05-05 19:32:13.575 7 INFO neutron_taas.services.taas.taas_plugin [None req-00a3e056-a8d9-401e-acd5-a3ac40c9abe5 0ca8ea85e0db4e4aa5041796563ebf18 3d28fcd3379b4b2ab1e939410dd36cf3 - - default default] TaaS: Handle Delete Port: cf64f10b-4fdf-4af1-a5e0-20fbdfa0ccb4
2026-05-05 19:32:13.577 7 INFO neutron_taas.services.taas.tap_mirror_plugin [None req-00a3e056-a8d9-401e-acd5-a3ac40c9abe5 0ca8ea85e0db4e4aa5041796563ebf18 3d28fcd3379b4b2ab1e939410dd36cf3 - - default default] Tap Mirror: Handle Delete Port: cf64f10b-4fdf-4af1-a5e0-20fbdfa0ccb4
2026-05-05 19:32:13.751 7 INFO neutron.services.segments.plugin [-] Segment 40370b24-0cb9-404b-888b-ff8bdb73a5d2 resource provider aggregate not found
2026-05-05 19:32:13.752 7 INFO neutron.services.segments.plugin [-] Segment 40370b24-0cb9-404b-888b-ff8bdb73a5d2 resource provider aggregate not found
2026-05-05 19:32:13.767 7 INFO neutron.services.segments.plugin [-] Segment 40370b24-0cb9-404b-888b-ff8bdb73a5d2 resource provider not found; error: Placement Client Error (4xx): {"errors": [{"status": 404, "title": "Not Found", "detail": "The resource could not be found.\n\n No resource provider with uuid 40370b24-0cb9-404b-888b-ff8bdb73a5d2 found for delete ", "request_id": "req-7fc173e0-3adb-4321-a41e-5978ae82f654"}]}
2026-05-05 19:32:13.775 7 INFO neutron.services.segments.plugin [-] Segment 40370b24-0cb9-404b-888b-ff8bdb73a5d2 resource provider not found; error: Placement Client Error (4xx): {"errors": [{"status": 404, "title": "Not Found", "detail": "The resource could not be found.\n\n No resource provider with uuid 40370b24-0cb9-404b-888b-ff8bdb73a5d2 found for delete ", "request_id": "req-4616392f-f79c-404d-828a-b783bc38d9b3"}]} [pid: 7|app: 0|req: 964/1856] 10.0.0.8 () {32 vars in 724 bytes} [Tue May 5 19:32:13 2026] DELETE /v2.0/networks/e7d7c09e-2891-4b68-8f6b-47b1e70f5543 => generated 0 bytes in 339 msecs (HTTP/1.1 204) 3 headers in 131 bytes (1 switches on core 0)
2026-05-05 19:32:13.971 8 INFO neutron_taas.services.taas.taas_plugin [None req-8f481e47-d2a4-413a-8793-9ef1267c5df6 0ca8ea85e0db4e4aa5041796563ebf18 3d28fcd3379b4b2ab1e939410dd36cf3 - - default default] TaaS: Handle Delete Port: 7170e9d8-93f8-4a82-b231-031fb9d1ecce
2026-05-05 19:32:13.975 8 INFO neutron_taas.services.taas.tap_mirror_plugin [None req-8f481e47-d2a4-413a-8793-9ef1267c5df6 0ca8ea85e0db4e4aa5041796563ebf18 3d28fcd3379b4b2ab1e939410dd36cf3 - - default default] Tap Mirror: Handle Delete Port: 7170e9d8-93f8-4a82-b231-031fb9d1ecce
2026-05-05 19:32:14.184 8 INFO neutron.services.segments.plugin [-] Segment 204dd064-76cb-4ed5-a4bd-630eccfb8fa9 resource provider aggregate not found
2026-05-05 19:32:14.190 8 INFO neutron.services.segments.plugin [-] Segment 204dd064-76cb-4ed5-a4bd-630eccfb8fa9 resource provider aggregate not found
2026-05-05 19:32:14.218 8 INFO neutron.services.segments.plugin [-] Segment 204dd064-76cb-4ed5-a4bd-630eccfb8fa9 resource provider not found; error: Placement Client Error (4xx): {"errors": [{"status": 404, "title": "Not Found", "detail": "The resource could not be found.\n\n No resource provider with uuid 204dd064-76cb-4ed5-a4bd-630eccfb8fa9 found for delete ", "request_id": "req-d479cd5c-1567-44d0-9553-b201d9e0ed6d"}]}
2026-05-05 19:32:14.222 8 INFO neutron.services.segments.plugin [-] Segment 204dd064-76cb-4ed5-a4bd-630eccfb8fa9 resource provider not found; error: Placement Client Error (4xx): {"errors": [{"status": 404, "title": "Not Found", "detail": "The resource could not be found.\n\n No resource provider with uuid 204dd064-76cb-4ed5-a4bd-630eccfb8fa9 found for delete ", "request_id": "req-5c708188-a2fc-454d-8ce7-a73a11600926"}]} [pid: 8|app: 0|req: 893/1857] 10.0.0.8 () {32 vars in 724 bytes} [Tue May 5 19:32:13 2026] DELETE /v2.0/networks/ec3b97c8-ddb7-4944-9ff7-1a78281c4485 => generated 0 bytes in 445 msecs (HTTP/1.1 204) 3 headers in 131 bytes (1 switches on core 0) [pid: 7|app: 0|req: 965/1858] 10.0.0.8 () {32 vars in 647 bytes} [Tue May 5 19:32:14 2026] GET /v2.0/networks => generated 689 bytes in 55 msecs (HTTP/1.1 200) 4 headers in 157 bytes (1 switches on core 0)
2026-05-05 19:32:14.406 8 INFO neutron.db.segments_db [None req-e11c7457-5201-4d82-a42a-2630bd016a40 0ca8ea85e0db4e4aa5041796563ebf18 3d28fcd3379b4b2ab1e939410dd36cf3 - - default default] Added segment f4d592e7-990f-449e-a974-86656da1e6a3 of type geneve for network e800430f-c793-4b69-aaba-3c551e715411
2026-05-05 19:32:14.542 8 INFO neutron.db.ovn_revision_numbers_db [None req-e11c7457-5201-4d82-a42a-2630bd016a40 0ca8ea85e0db4e4aa5041796563ebf18 3d28fcd3379b4b2ab1e939410dd36cf3 - - default default] Successfully bumped revision number for resource e800430f-c793-4b69-aaba-3c551e715411 (type: networks) to 1 [pid: 7|app: 0|req: 966/1859] 10.0.0.244 () {32 vars in 800 bytes} [Tue May 5 19:32:14 2026] GET /v2.0/extensions => generated 21706 bytes in 252 msecs (HTTP/1.1 200) 4 headers in 159 bytes (1 switches on core 0)
2026-05-05 19:32:14.716 8 WARNING neutron.scheduler.dhcp_agent_scheduler [None req-e11c7457-5201-4d82-a42a-2630bd016a40 0ca8ea85e0db4e4aa5041796563ebf18 3d28fcd3379b4b2ab1e939410dd36cf3 - - default default] No more DHCP agents
2026-05-05 19:32:14.717 8 WARNING neutron.api.rpc.agentnotifiers.dhcp_rpc_agent_api [None req-e11c7457-5201-4d82-a42a-2630bd016a40 0ca8ea85e0db4e4aa5041796563ebf18 3d28fcd3379b4b2ab1e939410dd36cf3 - - default default] Unable to schedule network e800430f-c793-4b69-aaba-3c551e715411: no agents available; will retry on subsequent port and subnet creation events.
2026-05-05 19:32:14.779 8 INFO neutron.plugins.ml2.drivers.ovn.mech_driver.mech_driver [None req-0595233d-2dcf-4413-9d52-c9344d3979d9 - - - - - -] OVN reports status down for port: 42a1016d-8a14-4e82-8e48-b0b26e1cd00c
2026-05-05 19:32:14.837 8 INFO neutron.db.ovn_revision_numbers_db [None req-e11c7457-5201-4d82-a42a-2630bd016a40 0ca8ea85e0db4e4aa5041796563ebf18 3d28fcd3379b4b2ab1e939410dd36cf3 - - default default] Successfully bumped revision number for resource 42a1016d-8a14-4e82-8e48-b0b26e1cd00c (type: ports) to 1 [pid: 7|app: 0|req: 967/1860] 10.0.0.244 () {32 vars in 861 bytes} [Tue May 5 19:32:14 2026] GET /v2.0/quotas/0e200a2f0b1c45dcb53079b9ddfbe934/details => generated 847 bytes in 103 msecs (HTTP/1.1 200) 4 headers in 157 bytes (1 switches on core 0) [pid: 8|app: 0|req: 894/1861] 10.0.0.8 () {34 vars in 668 bytes} [Tue May 5 19:32:14 2026] POST /v2.0/networks => generated 688 bytes in 561 msecs (HTTP/1.1 201) 4 headers in 162 bytes (1 switches on core 0)
2026-05-05 19:32:15.004 7 INFO neutron.db.segments_db [None req-f4d14190-d006-4100-8277-9a995437b1ca 0ca8ea85e0db4e4aa5041796563ebf18 3d28fcd3379b4b2ab1e939410dd36cf3 - - default default] Added segment ae939388-2a14-4f61-bc67-d33a64295730 of type geneve for network 91db8b37-64c7-4c10-87b1-1ec5fd17dac0
2026-05-05 19:32:15.111 7 INFO neutron.db.ovn_revision_numbers_db [None req-f4d14190-d006-4100-8277-9a995437b1ca 0ca8ea85e0db4e4aa5041796563ebf18 3d28fcd3379b4b2ab1e939410dd36cf3 - - default default] Successfully bumped revision number for resource 91db8b37-64c7-4c10-87b1-1ec5fd17dac0 (type: networks) to 1
2026-05-05 19:32:15.264 7 WARNING neutron.scheduler.dhcp_agent_scheduler [None req-f4d14190-d006-4100-8277-9a995437b1ca 0ca8ea85e0db4e4aa5041796563ebf18 3d28fcd3379b4b2ab1e939410dd36cf3 - - default default] No more DHCP agents
2026-05-05 19:32:15.265 7 WARNING neutron.api.rpc.agentnotifiers.dhcp_rpc_agent_api [None req-f4d14190-d006-4100-8277-9a995437b1ca 0ca8ea85e0db4e4aa5041796563ebf18 3d28fcd3379b4b2ab1e939410dd36cf3 - - default default] Unable to schedule network 91db8b37-64c7-4c10-87b1-1ec5fd17dac0: no agents available; will retry on subsequent port and subnet creation events.
2026-05-05 19:32:15.325 8 INFO neutron.plugins.ml2.drivers.ovn.mech_driver.mech_driver [None req-0595233d-2dcf-4413-9d52-c9344d3979d9 - - - - - -] OVN reports status down for port: 111ac242-7257-4781-a9d6-e9763b530ea6
2026-05-05 19:32:15.362 7 INFO neutron.db.ovn_revision_numbers_db [None req-f4d14190-d006-4100-8277-9a995437b1ca 0ca8ea85e0db4e4aa5041796563ebf18 3d28fcd3379b4b2ab1e939410dd36cf3 - - default default] Successfully bumped revision number for resource 111ac242-7257-4781-a9d6-e9763b530ea6 (type: ports) to 1 [pid: 7|app: 0|req: 968/1862] 10.0.0.8 () {34 vars in 668 bytes} [Tue May 5 19:32:14 2026] POST /v2.0/networks => generated 687 bytes in 505 msecs (HTTP/1.1 201) 4 headers in 162 bytes (1 switches on core 0)
2026-05-05 19:32:15.513 8 INFO neutron.db.ovn_revision_numbers_db [None req-fd04e799-fe83-4782-a733-6c4737336105 4ab0eb0210fb44749986c9649ee6375e e42746473edb4ea1ac3c4d880bc5fd4a - - default default] Successfully bumped revision number for resource 26fc4799-8246-413f-80e1-a0ba9ad3c47d (type: security_groups) to 1
2026-05-05 19:32:15.527 8 INFO neutron.db.ovn_revision_numbers_db [None req-fd04e799-fe83-4782-a733-6c4737336105 4ab0eb0210fb44749986c9649ee6375e e42746473edb4ea1ac3c4d880bc5fd4a - - default default] Successfully bumped revision number for resource 108eebad-2c90-4d76-ae05-79d858ecfda8 (type: security_group_rules) to 0
2026-05-05 19:32:15.539 8 INFO neutron.db.ovn_revision_numbers_db [None req-fd04e799-fe83-4782-a733-6c4737336105 4ab0eb0210fb44749986c9649ee6375e e42746473edb4ea1ac3c4d880bc5fd4a - - default default] Successfully bumped revision number for resource 7ab077f7-57a0-4914-ae87-86ba68e2088b (type: security_group_rules) to 0
2026-05-05 19:32:15.555 8 INFO neutron.db.ovn_revision_numbers_db [None req-fd04e799-fe83-4782-a733-6c4737336105 4ab0eb0210fb44749986c9649ee6375e e42746473edb4ea1ac3c4d880bc5fd4a - - default default] Successfully bumped revision number for resource aeafecb3-f490-4a00-9bba-724c436b5fd3 (type: security_group_rules) to 0
2026-05-05 19:32:15.568 8 INFO neutron.db.ovn_revision_numbers_db [None req-fd04e799-fe83-4782-a733-6c4737336105 4ab0eb0210fb44749986c9649ee6375e e42746473edb4ea1ac3c4d880bc5fd4a - - default default] Successfully bumped revision number for resource af443908-49b7-4db6-8302-cf7671777580 (type: security_group_rules) to 0
2026-05-05 19:32:15.649 8 INFO neutron.db.segments_db [None req-fd04e799-fe83-4782-a733-6c4737336105 4ab0eb0210fb44749986c9649ee6375e e42746473edb4ea1ac3c4d880bc5fd4a - - default default] Added segment 708d71a1-38bb-4fa8-8b2a-40180714ade8 of type geneve for network 6fc38d30-1424-47ad-aee0-8ea9675e2237
2026-05-05 19:32:15.769 8 INFO neutron.db.ovn_revision_numbers_db [None req-fd04e799-fe83-4782-a733-6c4737336105 4ab0eb0210fb44749986c9649ee6375e e42746473edb4ea1ac3c4d880bc5fd4a - - default default] Successfully bumped revision number for resource 6fc38d30-1424-47ad-aee0-8ea9675e2237 (type: networks) to 1
2026-05-05 19:32:15.848 7 WARNING neutron.scheduler.dhcp_agent_scheduler [None req-335c6781-d02e-41d9-bfc8-4b29f0386ca9 0ca8ea85e0db4e4aa5041796563ebf18 3d28fcd3379b4b2ab1e939410dd36cf3 - - default default] No more DHCP agents
