2026-05-05 19:33:21.188 8 INFO neutron.api.v2.resource [None req-b9762af4-f352-4833-bf41-b44d830275ef c55503ff4de74251a36338e9b63838ce 4e85046214094dc0a3d41e4cf8e0f108 - - default default] remove_router_interface failed (client error): The resource could not be found. [pid: 8|app: 0|req: 1182/2424] 10.0.0.8 () {34 vars in 787 bytes} [Tue May 5 19:33:21 2026] PUT /v2.0/routers/7ac6605b-39ed-4429-bc48-770085209ed3/remove_router_interface => generated 197 bytes in 83 msecs (HTTP/1.1 404) 4 headers in 164 bytes (1 switches on core 0) /var/lib/openstack/lib/python3.12/site-packages/pycadf/identifier.py:70: UserWarning: Invalid uuid: neutron. To ensure interoperability, identifiers should be a valid uuid. warnings.warn(('Invalid uuid: %s. To ensure interoperability, ' [pid: 7|app: 0|req: 1243/2425] 10.0.0.8 () {32 vars in 734 bytes} [Tue May 5 19:33:21 2026] GET /v2.0/ports?device_id=7ac6605b-39ed-4429-bc48-770085209ed3 => generated 12 bytes in 27 msecs (HTTP/1.1 200) 4 headers in 156 bytes (1 switches on core 0) [pid: 7|app: 0|req: 1244/2426] 10.0.0.31 () {34 vars in 989 bytes} [Tue May 5 19:33:21 2026] GET /v2.0/ports?device_id=ff20adea-e102-4642-8adc-19087598a583 => generated 12 bytes in 29 msecs (HTTP/1.1 200) 4 headers in 156 bytes (1 switches on core 0) [pid: 8|app: 0|req: 1183/2427] 10.0.0.8 () {32 vars in 722 bytes} [Tue May 5 19:33:21 2026] DELETE /v2.0/routers/7ac6605b-39ed-4429-bc48-770085209ed3 => generated 0 bytes in 232 msecs (HTTP/1.1 204) 2 headers in 112 bytes (1 switches on core 0) [pid: 7|app: 0|req: 1245/2428] 10.0.0.31 () {34 vars in 989 bytes} [Tue May 5 19:33:21 2026] GET /v2.0/ports?device_id=ff20adea-e102-4642-8adc-19087598a583 => generated 12 bytes in 28 msecs (HTTP/1.1 200) 4 headers in 156 bytes (1 switches on core 0) [pid: 7|app: 0|req: 1246/2429] 10.0.0.8 () {32 vars in 722 bytes} [Tue May 5 19:33:21 2026] DELETE /v2.0/subnets/3beb8944-dc41-4bea-adec-d8c0ef2c830a => generated 0 bytes in 156 msecs (HTTP/1.1 204) 3 headers in 131 bytes (1 switches on core 0)
2026-05-05 19:33:21.622 8 WARNING neutron.db.securitygroups_db [None req-f8a32d48-7f77-4341-bba9-ae90f607ab64 4011027b549c4005a0ee626b2ba0dbd9 c51ed17842774c53812401d7c3ae753e - - default default] project_id key not found in filters, using tenant_id instead. This support has been deprecated and will be removed in a future release.
2026-05-05 19:33:21.774 8 INFO neutron.db.ovn_revision_numbers_db [None req-f8a32d48-7f77-4341-bba9-ae90f607ab64 4011027b549c4005a0ee626b2ba0dbd9 c51ed17842774c53812401d7c3ae753e - - default default] Successfully bumped revision number for resource a57e8f02-3f0e-46c4-a4b4-0c60c2206cf8 (type: security_groups) to 1
2026-05-05 19:33:21.776 7 INFO neutron_taas.services.taas.taas_plugin [None req-ad5dbf2d-a153-4c74-8b9c-ebc75f0b6f4e c55503ff4de74251a36338e9b63838ce 4e85046214094dc0a3d41e4cf8e0f108 - - default default] TaaS: Handle Delete Port: e861b914-73ca-413d-ba41-8d5120266d83
2026-05-05 19:33:21.778 7 INFO neutron_taas.services.taas.tap_mirror_plugin [None req-ad5dbf2d-a153-4c74-8b9c-ebc75f0b6f4e c55503ff4de74251a36338e9b63838ce 4e85046214094dc0a3d41e4cf8e0f108 - - default default] Tap Mirror: Handle Delete Port: e861b914-73ca-413d-ba41-8d5120266d83
2026-05-05 19:33:21.787 8 INFO neutron.db.ovn_revision_numbers_db [None req-f8a32d48-7f77-4341-bba9-ae90f607ab64 4011027b549c4005a0ee626b2ba0dbd9 c51ed17842774c53812401d7c3ae753e - - default default] Successfully bumped revision number for resource 4848b91a-7760-4e91-9c39-723f66318c11 (type: security_group_rules) to 0
2026-05-05 19:33:21.801 8 INFO neutron.db.ovn_revision_numbers_db [None req-f8a32d48-7f77-4341-bba9-ae90f607ab64 4011027b549c4005a0ee626b2ba0dbd9 c51ed17842774c53812401d7c3ae753e - - default default] Successfully bumped revision number for resource 60f4b485-c7b0-4be3-b603-87a2dfa881ca (type: security_group_rules) to 0
2026-05-05 19:33:21.815 8 INFO neutron.db.ovn_revision_numbers_db [None req-f8a32d48-7f77-4341-bba9-ae90f607ab64 4011027b549c4005a0ee626b2ba0dbd9 c51ed17842774c53812401d7c3ae753e - - default default] Successfully bumped revision number for resource 64e917cd-78c5-46c0-b6fa-fe2eede54cdd (type: security_group_rules) to 0
2026-05-05 19:33:21.827 8 INFO neutron.db.ovn_revision_numbers_db [None req-f8a32d48-7f77-4341-bba9-ae90f607ab64 4011027b549c4005a0ee626b2ba0dbd9 c51ed17842774c53812401d7c3ae753e - - default default] Successfully bumped revision number for resource 7cd3b59e-276c-4a38-8dbe-9c34627f0f54 (type: security_group_rules) to 0 [pid: 8|app: 0|req: 1184/2430] 10.0.0.8 () {32 vars in 772 bytes} [Tue May 5 19:33:21 2026] GET /v2.0/security-groups?tenant_id=d51aa1f4545c4324bc7072d62382a06d&name=default => generated 2925 bytes in 401 msecs (HTTP/1.1 200) 4 headers in 158 bytes (1 switches on core 0)
2026-05-05 19:33:21.981 7 INFO neutron.services.segments.plugin [-] Segment c2bd1633-f0c9-487b-948f-7db6e1116409 resource provider aggregate not found
2026-05-05 19:33:21.989 7 INFO neutron.services.segments.plugin [-] Segment c2bd1633-f0c9-487b-948f-7db6e1116409 resource provider aggregate not found
2026-05-05 19:33:22.002 7 INFO neutron.services.segments.plugin [-] Segment c2bd1633-f0c9-487b-948f-7db6e1116409 resource provider not found; error: Placement Client Error (4xx): {"errors": [{"status": 404, "title": "Not Found", "detail": "The resource could not be found.\n\n No resource provider with uuid c2bd1633-f0c9-487b-948f-7db6e1116409 found for delete ", "request_id": "req-3c783450-cf6c-4434-b7e8-f06cd866b737"}]}
2026-05-05 19:33:22.013 7 INFO neutron.services.segments.plugin [-] Segment c2bd1633-f0c9-487b-948f-7db6e1116409 resource provider not found; error: Placement Client Error (4xx): {"errors": [{"status": 404, "title": "Not Found", "detail": "The resource could not be found.\n\n No resource provider with uuid c2bd1633-f0c9-487b-948f-7db6e1116409 found for delete ", "request_id": "req-66fd1503-6004-4606-8ecc-344a965f8418"}]} [pid: 7|app: 0|req: 1247/2431] 10.0.0.8 () {32 vars in 724 bytes} [Tue May 5 19:33:21 2026] DELETE /v2.0/networks/8f590def-8561-4821-a18d-afcb5eabd20a => generated 0 bytes in 404 msecs (HTTP/1.1 204) 3 headers in 131 bytes (1 switches on core 0) [pid: 8|app: 0|req: 1185/2432] 10.0.0.8 () {32 vars in 738 bytes} [Tue May 5 19:33:21 2026] DELETE /v2.0/security-groups/a57e8f02-3f0e-46c4-a4b4-0c60c2206cf8 => generated 0 bytes in 178 msecs (HTTP/1.1 204) 2 headers in 112 bytes (1 switches on core 0)
2026-05-05 19:33:22.142 7 INFO neutron.db.segments_db [None req-f841af34-0de8-40ee-a5ec-40124ab32b06 c55503ff4de74251a36338e9b63838ce 4e85046214094dc0a3d41e4cf8e0f108 - - default default] Added segment 39bf02a3-9367-45b5-b07f-98f7674bed2c of type geneve for network d59b88f3-4146-45a0-b273-1c8eea728de1 [pid: 8|app: 0|req: 1186/2433] 199.204.45.3 () {34 vars in 984 bytes} [Tue May 5 19:33:22 2026] GET /v2.0/networks?id=a50bd430-e952-4042-83ef-2ac33782a546 => generated 776 bytes in 49 msecs (HTTP/1.1 200) 4 headers in 157 bytes (1 switches on core 0)
2026-05-05 19:33:22.159 8 WARNING neutron.db.securitygroups_db [req-8a0b0508-f8d9-40ff-96e3-6b0cd39f4be1 req-75731ea9-7aa4-4941-add5-b30d52baa8fa 4011027b549c4005a0ee626b2ba0dbd9 c51ed17842774c53812401d7c3ae753e - - default default] project_id key not found in filters, using tenant_id instead. This support has been deprecated and will be removed in a future release. [pid: 8|app: 0|req: 1187/2434] 199.204.45.3 () {34 vars in 1048 bytes} [Tue May 5 19:33:22 2026] GET /v2.0/security-groups?fields=id&fields=name&tenant_id=c51ed17842774c53812401d7c3ae753e => generated 343 bytes in 35 msecs (HTTP/1.1 200) 4 headers in 157 bytes (1 switches on core 0)
2026-05-05 19:33:22.196 8 WARNING neutron.db.securitygroups_db [None req-b74d14e1-bc96-46f3-971a-11ae1bfb2d32 4011027b549c4005a0ee626b2ba0dbd9 c51ed17842774c53812401d7c3ae753e - - default default] project_id key not found in filters, using tenant_id instead. This support has been deprecated and will be removed in a future release.
2026-05-05 19:33:22.255 7 INFO neutron.db.ovn_revision_numbers_db [None req-f841af34-0de8-40ee-a5ec-40124ab32b06 c55503ff4de74251a36338e9b63838ce 4e85046214094dc0a3d41e4cf8e0f108 - - default default] Successfully bumped revision number for resource d59b88f3-4146-45a0-b273-1c8eea728de1 (type: networks) to 1
2026-05-05 19:33:22.324 8 INFO neutron.db.ovn_revision_numbers_db [None req-b74d14e1-bc96-46f3-971a-11ae1bfb2d32 4011027b549c4005a0ee626b2ba0dbd9 c51ed17842774c53812401d7c3ae753e - - default default] Successfully bumped revision number for resource 684a6723-3d5e-439f-9f08-51c02e55099c (type: security_groups) to 1
2026-05-05 19:33:22.334 8 INFO neutron.db.ovn_revision_numbers_db [None req-b74d14e1-bc96-46f3-971a-11ae1bfb2d32 4011027b549c4005a0ee626b2ba0dbd9 c51ed17842774c53812401d7c3ae753e - - default default] Successfully bumped revision number for resource 343d5ce6-464a-4a35-995c-a90b3b9c3c93 (type: security_group_rules) to 0
2026-05-05 19:33:22.347 8 INFO neutron.db.ovn_revision_numbers_db [None req-b74d14e1-bc96-46f3-971a-11ae1bfb2d32 4011027b549c4005a0ee626b2ba0dbd9 c51ed17842774c53812401d7c3ae753e - - default default] Successfully bumped revision number for resource 49e4fbeb-b63c-4e86-971a-f8d8b9df2d5c (type: security_group_rules) to 0
2026-05-05 19:33:22.357 8 INFO neutron.db.ovn_revision_numbers_db [None req-b74d14e1-bc96-46f3-971a-11ae1bfb2d32 4011027b549c4005a0ee626b2ba0dbd9 c51ed17842774c53812401d7c3ae753e - - default default] Successfully bumped revision number for resource 67dde37d-9873-4fc0-9d61-d9de0ae91a07 (type: security_group_rules) to 0
2026-05-05 19:33:22.372 8 INFO neutron.db.ovn_revision_numbers_db [None req-b74d14e1-bc96-46f3-971a-11ae1bfb2d32 4011027b549c4005a0ee626b2ba0dbd9 c51ed17842774c53812401d7c3ae753e - - default default] Successfully bumped revision number for resource 804c96da-0219-4c0b-b346-a6bfa27e164d (type: security_group_rules) to 0 [pid: 8|app: 0|req: 1188/2435] 10.0.0.8 () {32 vars in 772 bytes} [Tue May 5 19:33:22 2026] GET /v2.0/security-groups?tenant_id=0fd76cda619f4ca49d2570ef2d995f5d&name=default => generated 2925 bytes in 228 msecs (HTTP/1.1 200) 4 headers in 158 bytes (1 switches on core 0)
2026-05-05 19:33:22.464 7 WARNING neutron.scheduler.dhcp_agent_scheduler [None req-f841af34-0de8-40ee-a5ec-40124ab32b06 c55503ff4de74251a36338e9b63838ce 4e85046214094dc0a3d41e4cf8e0f108 - - default default] No more DHCP agents
2026-05-05 19:33:22.465 7 WARNING neutron.api.rpc.agentnotifiers.dhcp_rpc_agent_api [None req-f841af34-0de8-40ee-a5ec-40124ab32b06 c55503ff4de74251a36338e9b63838ce 4e85046214094dc0a3d41e4cf8e0f108 - - default default] Unable to schedule network d59b88f3-4146-45a0-b273-1c8eea728de1: no agents available; will retry on subsequent port and subnet creation events.
2026-05-05 19:33:22.510 7 INFO neutron.plugins.ml2.drivers.ovn.mech_driver.mech_driver [None req-fbbe908b-c731-4015-863a-bdf47bf68696 - - - - - -] OVN reports status down for port: fe5e4e55-df10-47eb-98fa-d0444c0d23fe
2026-05-05 19:33:22.561 7 INFO neutron.db.ovn_revision_numbers_db [None req-f841af34-0de8-40ee-a5ec-40124ab32b06 c55503ff4de74251a36338e9b63838ce 4e85046214094dc0a3d41e4cf8e0f108 - - default default] Successfully bumped revision number for resource fe5e4e55-df10-47eb-98fa-d0444c0d23fe (type: ports) to 1 [pid: 7|app: 0|req: 1248/2436] 10.0.0.8 () {34 vars in 668 bytes} [Tue May 5 19:33:22 2026] POST /v2.0/networks => generated 667 bytes in 570 msecs (HTTP/1.1 201) 4 headers in 162 bytes (1 switches on core 0)
2026-05-05 19:33:22.685 8 WARNING neutron.scheduler.dhcp_agent_scheduler [req-8a0b0508-f8d9-40ff-96e3-6b0cd39f4be1 req-6b510711-aaed-463a-ac1a-173b52a17410 4011027b549c4005a0ee626b2ba0dbd9 c51ed17842774c53812401d7c3ae753e - - default default] No more DHCP agents
2026-05-05 19:33:22.687 8 WARNING neutron.api.rpc.agentnotifiers.dhcp_rpc_agent_api [req-8a0b0508-f8d9-40ff-96e3-6b0cd39f4be1 req-6b510711-aaed-463a-ac1a-173b52a17410 4011027b549c4005a0ee626b2ba0dbd9 c51ed17842774c53812401d7c3ae753e - - default default] Unable to schedule network a50bd430-e952-4042-83ef-2ac33782a546: no agents available; will retry on subsequent port and subnet creation events. [pid: 7|app: 0|req: 1249/2437] 10.0.0.8 () {32 vars in 738 bytes} [Tue May 5 19:33:22 2026] DELETE /v2.0/security-groups/684a6723-3d5e-439f-9f08-51c02e55099c => generated 0 bytes in 177 msecs (HTTP/1.1 204) 2 headers in 112 bytes (1 switches on core 0)
2026-05-05 19:33:22.845 8 INFO neutron.db.ovn_revision_numbers_db [req-8a0b0508-f8d9-40ff-96e3-6b0cd39f4be1 req-6b510711-aaed-463a-ac1a-173b52a17410 4011027b549c4005a0ee626b2ba0dbd9 c51ed17842774c53812401d7c3ae753e - - default default] Successfully bumped revision number for resource 3c634f25-fe9c-41aa-b3fe-8afdc35834d7 (type: ports) to 1 [pid: 8|app: 0|req: 1189/2438] 199.204.45.3 () {38 vars in 953 bytes} [Tue May 5 19:33:22 2026] POST /v2.0/ports => generated 1078 bytes in 452 msecs (HTTP/1.1 201) 4 headers in 163 bytes (1 switches on core 0) /var/lib/openstack/lib/python3.12/site-packages/pycadf/identifier.py:70: UserWarning: Invalid uuid: neutron. To ensure interoperability, identifiers should be a valid uuid. warnings.warn(('Invalid uuid: %s. To ensure interoperability, '
2026-05-05 19:33:22.983 7 WARNING neutron.scheduler.dhcp_agent_scheduler [None req-e6a61a74-5a15-413c-904c-7f85884974af c55503ff4de74251a36338e9b63838ce 4e85046214094dc0a3d41e4cf8e0f108 - - default default] No more DHCP agents
2026-05-05 19:33:22.985 7 WARNING neutron.api.rpc.agentnotifiers.dhcp_rpc_agent_api [None req-e6a61a74-5a15-413c-904c-7f85884974af c55503ff4de74251a36338e9b63838ce 4e85046214094dc0a3d41e4cf8e0f108 - - default default] Unable to schedule network d59b88f3-4146-45a0-b273-1c8eea728de1: no agents available; will retry on subsequent port and subnet creation events.
2026-05-05 19:33:23.295 8 INFO neutron.db.ovn_revision_numbers_db [req-8a0b0508-f8d9-40ff-96e3-6b0cd39f4be1 req-e451e9d6-77e8-47ce-9fe2-696706045379 1180207573d245fc9147b44981daea3e 1c4c5f884ab14302afd9cd53813e479b - - 0afc7fefbeb2467c9905177b32582156 0afc7fefbeb2467c9905177b32582156] Successfully bumped revision number for resource 3c634f25-fe9c-41aa-b3fe-8afdc35834d7 (type: ports) to 2
2026-05-05 19:33:23.479 7 INFO neutron.db.ovn_revision_numbers_db [None req-e6a61a74-5a15-413c-904c-7f85884974af c55503ff4de74251a36338e9b63838ce 4e85046214094dc0a3d41e4cf8e0f108 - - default default] Successfully bumped revision number for resource fe5e4e55-df10-47eb-98fa-d0444c0d23fe (type: ports) to 2
2026-05-05 19:33:23.525 7 INFO neutron.db.ovn_revision_numbers_db [None req-e6a61a74-5a15-413c-904c-7f85884974af c55503ff4de74251a36338e9b63838ce 4e85046214094dc0a3d41e4cf8e0f108 - - default default] Successfully bumped revision number for resource 97a6d564-5721-4185-bc1b-82fa5d531e45 (type: subnets) to 0 [pid: 7|app: 0|req: 1250/2439] 10.0.0.8 () {34 vars in 667 bytes} [Tue May 5 19:33:22 2026] POST /v2.0/subnets => generated 626 bytes in 756 msecs (HTTP/1.1 201) 4 headers in 162 bytes (1 switches on core 0)
2026-05-05 19:33:23.557 8 INFO neutron.db.ovn_revision_numbers_db [req-8a0b0508-f8d9-40ff-96e3-6b0cd39f4be1 req-e451e9d6-77e8-47ce-9fe2-696706045379 1180207573d245fc9147b44981daea3e 1c4c5f884ab14302afd9cd53813e479b - - 0afc7fefbeb2467c9905177b32582156 0afc7fefbeb2467c9905177b32582156] Successfully bumped revision number for resource 3c634f25-fe9c-41aa-b3fe-8afdc35834d7 (type: ports) to 4 [pid: 8|app: 0|req: 1190/2440] 199.204.45.3 () {38 vars in 1026 bytes} [Tue May 5 19:33:22 2026] PUT /v2.0/ports/3c634f25-fe9c-41aa-b3fe-8afdc35834d7 => generated 1231 bytes in 704 msecs (HTTP/1.1 200) 4 headers in 158 bytes (1 switches on core 0)
2026-05-05 19:33:23.620 8 INFO neutron.notifiers.nova [-] Nova event matching ['req-f4928584-386b-4577-b069-195dd78bf92d'] response: {'name': 'network-changed', 'server_uuid': 'ff20adea-e102-4642-8adc-19087598a583', 'tag': '3c634f25-fe9c-41aa-b3fe-8afdc35834d7', 'status': 'completed', 'code': 200}
2026-05-05 19:33:23.668 7 INFO neutron.db.ovn_revision_numbers_db [None req-0d9f3b60-1694-4f87-a416-3b209a947f69 c55503ff4de74251a36338e9b63838ce 4e85046214094dc0a3d41e4cf8e0f108 - - default default] Successfully bumped revision number for resource 2589ff2b-f0eb-49c2-9dcb-d37ae800b952 (type: routers) to 1 [pid: 7|app: 0|req: 1251/2441] 10.0.0.8 () {34 vars in 667 bytes} [Tue May 5 19:33:23 2026] POST /v2.0/routers => generated 623 bytes in 133 msecs (HTTP/1.1 201) 4 headers in 162 bytes (1 switches on core 0) /var/lib/openstack/lib/python3.12/site-packages/pycadf/identifier.py:70: UserWarning: Invalid uuid: neutron. To ensure interoperability, identifiers should be a valid uuid. warnings.warn(('Invalid uuid: %s. To ensure interoperability, '
2026-05-05 19:33:24.075 7 INFO neutron.db.ovn_revision_numbers_db [None req-85645713-58b9-4bfa-80dd-8ef6dd476cfd 0e52ec52152f42fcb7e745d0331cb262 d5a8582fd9f64ffd87e7b4c7b5bb0856 - - default default] Successfully bumped revision number for resource 60f449cb-8409-4287-9f66-a5444ee5a00d (type: security_groups) to 1
2026-05-05 19:33:24.088 7 INFO neutron.db.ovn_revision_numbers_db [None req-85645713-58b9-4bfa-80dd-8ef6dd476cfd 0e52ec52152f42fcb7e745d0331cb262 d5a8582fd9f64ffd87e7b4c7b5bb0856 - - default default] Successfully bumped revision number for resource 0d655183-4434-474d-a312-b08f082fa658 (type: security_group_rules) to 0
2026-05-05 19:33:24.089 8 WARNING neutron.scheduler.dhcp_agent_scheduler [None req-9415d386-d0ab-4397-9404-f86128913f1b c55503ff4de74251a36338e9b63838ce 4e85046214094dc0a3d41e4cf8e0f108 - - default default] No more DHCP agents
2026-05-05 19:33:24.091 8 WARNING neutron.api.rpc.agentnotifiers.dhcp_rpc_agent_api [None req-9415d386-d0ab-4397-9404-f86128913f1b c55503ff4de74251a36338e9b63838ce 4e85046214094dc0a3d41e4cf8e0f108 - - default default] Unable to schedule network d59b88f3-4146-45a0-b273-1c8eea728de1: no agents available; will retry on subsequent port and subnet creation events.
2026-05-05 19:33:24.101 7 INFO neutron.db.ovn_revision_numbers_db [None req-85645713-58b9-4bfa-80dd-8ef6dd476cfd 0e52ec52152f42fcb7e745d0331cb262 d5a8582fd9f64ffd87e7b4c7b5bb0856 - - default default] Successfully bumped revision number for resource 27254113-3278-4804-ad7b-f4c8c41d4037 (type: security_group_rules) to 0
2026-05-05 19:33:24.112 7 INFO neutron.db.ovn_revision_numbers_db [None req-85645713-58b9-4bfa-80dd-8ef6dd476cfd 0e52ec52152f42fcb7e745d0331cb262 d5a8582fd9f64ffd87e7b4c7b5bb0856 - - default default] Successfully bumped revision number for resource 7d901030-72b1-42d2-98eb-6b0e2bec8a3c (type: security_group_rules) to 0
2026-05-05 19:33:24.126 7 INFO neutron.db.ovn_revision_numbers_db [None req-85645713-58b9-4bfa-80dd-8ef6dd476cfd 0e52ec52152f42fcb7e745d0331cb262 d5a8582fd9f64ffd87e7b4c7b5bb0856 - - default default] Successfully bumped revision number for resource e42ec2cf-a983-4605-9acf-a8a5ceee76a2 (type: security_group_rules) to 0
2026-05-05 19:33:24.202 7 INFO neutron.db.segments_db [None req-85645713-58b9-4bfa-80dd-8ef6dd476cfd 0e52ec52152f42fcb7e745d0331cb262 d5a8582fd9f64ffd87e7b4c7b5bb0856 - - default default] Added segment 68353ebf-ccf2-462b-ab75-7af844e0a431 of type geneve for network cb579f98-cc9c-42c8-bca8-22573ca124a5
2026-05-05 19:33:24.243 7 INFO neutron.plugins.ml2.drivers.ovn.mech_driver.mech_driver [None req-fbbe908b-c731-4015-863a-bdf47bf68696 - - - - - -] OVN reports status down for port: 221dbd9a-2eea-4a68-a68b-7e8bceb23412
2026-05-05 19:33:24.268 8 INFO neutron.db.ovn_revision_numbers_db [None req-9415d386-d0ab-4397-9404-f86128913f1b c55503ff4de74251a36338e9b63838ce 4e85046214094dc0a3d41e4cf8e0f108 - - default default] Successfully bumped revision number for resource 221dbd9a-2eea-4a68-a68b-7e8bceb23412 (type: ports) to 1
2026-05-05 19:33:24.394 7 INFO neutron.db.ovn_revision_numbers_db [None req-85645713-58b9-4bfa-80dd-8ef6dd476cfd 0e52ec52152f42fcb7e745d0331cb262 d5a8582fd9f64ffd87e7b4c7b5bb0856 - - default default] Successfully bumped revision number for resource cb579f98-cc9c-42c8-bca8-22573ca124a5 (type: networks) to 1
2026-05-05 19:33:24.586 7 WARNING neutron.scheduler.dhcp_agent_scheduler [None req-85645713-58b9-4bfa-80dd-8ef6dd476cfd 0e52ec52152f42fcb7e745d0331cb262 d5a8582fd9f64ffd87e7b4c7b5bb0856 - - default default] No more DHCP agents
2026-05-05 19:33:24.590 7 WARNING neutron.api.rpc.agentnotifiers.dhcp_rpc_agent_api [None req-85645713-58b9-4bfa-80dd-8ef6dd476cfd 0e52ec52152f42fcb7e745d0331cb262 d5a8582fd9f64ffd87e7b4c7b5bb0856 - - default default] Unable to schedule network cb579f98-cc9c-42c8-bca8-22573ca124a5: no agents available; will retry on subsequent port and subnet creation events.
2026-05-05 19:33:24.634 7 INFO neutron.plugins.ml2.drivers.ovn.mech_driver.mech_driver [None req-fbbe908b-c731-4015-863a-bdf47bf68696 - - - - - -] OVN reports status down for port: 2e156c76-6e27-46a2-8ccd-8e3f5c9efb27
2026-05-05 19:33:24.689 7 INFO neutron.db.ovn_revision_numbers_db [None req-85645713-58b9-4bfa-80dd-8ef6dd476cfd 0e52ec52152f42fcb7e745d0331cb262 d5a8582fd9f64ffd87e7b4c7b5bb0856 - - default default] Successfully bumped revision number for resource 2e156c76-6e27-46a2-8ccd-8e3f5c9efb27 (type: ports) to 1 [pid: 7|app: 0|req: 1252/2442] 10.0.0.8 () {34 vars in 668 bytes} [Tue May 5 19:33:23 2026] POST /v2.0/networks => generated 669 bytes in 972 msecs (HTTP/1.1 201) 4 headers in 162 bytes (1 switches on core 0) [pid: 7|app: 0|req: 1253/2443] 199.204.45.3 () {34 vars in 1078 bytes} [Tue May 5 19:33:24 2026] GET /v2.0/ports?tenant_id=c51ed17842774c53812401d7c3ae753e&device_id=ff20adea-e102-4642-8adc-19087598a583 => generated 1234 bytes in 41 msecs (HTTP/1.1 200) 4 headers in 158 bytes (1 switches on core 0) [pid: 7|app: 0|req: 1254/2444] 10.0.0.31 () {34 vars in 989 bytes} [Tue May 5 19:33:24 2026] GET /v2.0/ports?device_id=ff20adea-e102-4642-8adc-19087598a583 => generated 1234 bytes in 56 msecs (HTTP/1.1 200) 4 headers in 158 bytes (1 switches on core 0)
2026-05-05 19:33:24.860 7 INFO neutron.plugins.ml2.drivers.ovn.mech_driver.mech_driver [None req-fbbe908b-c731-4015-863a-bdf47bf68696 - - - - - -] OVN reports status up for port: 221dbd9a-2eea-4a68-a68b-7e8bceb23412
2026-05-05 19:33:24.897 7 INFO neutron.plugins.ml2.plugin [None req-fbbe908b-c731-4015-863a-bdf47bf68696 - - - - - -] Attempt 1 to provision port 221dbd9a-2eea-4a68-a68b-7e8bceb23412
2026-05-05 19:33:24.944 8 WARNING neutron.scheduler.dhcp_agent_scheduler [None req-9415d386-d0ab-4397-9404-f86128913f1b c55503ff4de74251a36338e9b63838ce 4e85046214094dc0a3d41e4cf8e0f108 - - default default] No more DHCP agents
2026-05-05 19:33:24.945 8 WARNING neutron.api.rpc.agentnotifiers.dhcp_rpc_agent_api [None req-9415d386-d0ab-4397-9404-f86128913f1b c55503ff4de74251a36338e9b63838ce 4e85046214094dc0a3d41e4cf8e0f108 - - default default] Unable to schedule network d59b88f3-4146-45a0-b273-1c8eea728de1: no agents available; will retry on subsequent port and subnet creation events.
2026-05-05 19:33:25.035 8 WARNING neutron.plugins.ml2.drivers.ovn.mech_driver.ovsdb.ovn_client [None req-11ce1722-23b8-4807-921c-a2a561e19088 - - - - - -] No port found with ID 03ba252f-09e8-4469-bd20-d9b5ba089224: RuntimeError: No port found with ID 03ba252f-09e8-4469-bd20-d9b5ba089224
2026-05-05 19:33:25.082 8 INFO neutron.plugins.ml2.drivers.ovn.mech_driver.mech_driver [None req-11ce1722-23b8-4807-921c-a2a561e19088 - - - - - -] OVN reports status down for port: 3c634f25-fe9c-41aa-b3fe-8afdc35834d7
2026-05-05 19:33:25.264 8 INFO neutron.db.ovn_revision_numbers_db [None req-9415d386-d0ab-4397-9404-f86128913f1b c55503ff4de74251a36338e9b63838ce 4e85046214094dc0a3d41e4cf8e0f108 - - default default] Successfully bumped revision number for resource 221dbd9a-2eea-4a68-a68b-7e8bceb23412 (type: router_ports) to 1
2026-05-05 19:33:25.267 7 WARNING neutron.scheduler.dhcp_agent_scheduler [None req-97e4e84e-424d-41b0-a18a-7db79a1a1cd6 0e52ec52152f42fcb7e745d0331cb262 d5a8582fd9f64ffd87e7b4c7b5bb0856 - - default default] No more DHCP agents [pid: 8|app: 0|req: 1191/2445] 10.0.0.8 () {34 vars in 781 bytes} [Tue May 5 19:33:23 2026] PUT /v2.0/routers/2589ff2b-f0eb-49c2-9dcb-d37ae800b952/add_router_interface => generated 310 bytes in 1581 msecs (HTTP/1.1 200) 4 headers in 157 bytes (1 switches on core 0)
2026-05-05 19:33:25.275 7 WARNING neutron.api.rpc.agentnotifiers.dhcp_rpc_agent_api [None req-97e4e84e-424d-41b0-a18a-7db79a1a1cd6 0e52ec52152f42fcb7e745d0331cb262 d5a8582fd9f64ffd87e7b4c7b5bb0856 - - default default] Unable to schedule network cb579f98-cc9c-42c8-bca8-22573ca124a5: no agents available; will retry on subsequent port and subnet creation events. [pid: 8|app: 0|req: 1192/2446] 199.204.45.3 () {34 vars in 1016 bytes} [Tue May 5 19:33:25 2026] GET /v2.0/networks?tenant_id=c51ed17842774c53812401d7c3ae753e&shared=False => generated 776 bytes in 44 msecs (HTTP/1.1 200) 4 headers in 157 bytes (1 switches on core 0)
2026-05-05 19:33:25.359 8 INFO neutron.plugins.ml2.drivers.ovn.mech_driver.mech_driver [None req-11ce1722-23b8-4807-921c-a2a561e19088 - - - - - -] OVN reports status down for port: 924f1413-810a-435b-9f09-88570b23b9da [pid: 8|app: 0|req: 1193/2447] 10.0.0.31 () {34 vars in 1039 bytes} [Tue May 5 19:33:25 2026] GET /v2.0/security-groups?id=b650a53a-ce5f-4eef-b21d-b1d7d3deeb2c&fields=id&fields=name => generated 96 bytes in 59 msecs (HTTP/1.1 200) 4 headers in 156 bytes (1 switches on core 0)
2026-05-05 19:33:25.427 7 INFO neutron.db.ovn_revision_numbers_db [None req-97e4e84e-424d-41b0-a18a-7db79a1a1cd6 0e52ec52152f42fcb7e745d0331cb262 d5a8582fd9f64ffd87e7b4c7b5bb0856 - - default default] Successfully bumped revision number for resource 924f1413-810a-435b-9f09-88570b23b9da (type: ports) to 1 [pid: 8|app: 0|req: 1194/2448] 10.0.0.8 () {32 vars in 715 bytes} [Tue May 5 19:33:25 2026] GET /v2.0/ports/221dbd9a-2eea-4a68-a68b-7e8bceb23412 => generated 943 bytes in 111 msecs (HTTP/1.1 200) 4 headers in 157 bytes (1 switches on core 0) [pid: 8|app: 0|req: 1195/2449] 199.204.45.3 () {34 vars in 928 bytes} [Tue May 5 19:33:25 2026] GET /v2.0/networks?shared=True => generated 791 bytes in 38 msecs (HTTP/1.1 200) 4 headers in 157 bytes (1 switches on core 0) [pid: 8|app: 0|req: 1196/2450] 10.0.0.31 () {34 vars in 989 bytes} [Tue May 5 19:33:25 2026] GET /v2.0/ports?device_id=ff20adea-e102-4642-8adc-19087598a583 => generated 1234 bytes in 30 msecs (HTTP/1.1 200) 4 headers in 158 bytes (1 switches on core 0) [pid: 8|app: 0|req: 1197/2451] 10.0.0.8 () {32 vars in 715 bytes} [Tue May 5 19:33:25 2026] GET /v2.0/ports/221dbd9a-2eea-4a68-a68b-7e8bceb23412 => generated 943 bytes in 40 msecs (HTTP/1.1 200) 4 headers in 157 bytes (1 switches on core 0)
2026-05-05 19:33:25.665 8 INFO neutron.notifiers.nova [-] Nova event matching ['req-0117c170-ccc6-4b3b-ba19-d103048a48d9'] response: {'server_uuid': 'ff20adea-e102-4642-8adc-19087598a583', 'name': 'network-vif-unplugged', 'status': 'completed', 'tag': '3c634f25-fe9c-41aa-b3fe-8afdc35834d7', 'code': 200}
2026-05-05 19:33:25.870 8 INFO neutron_taas.services.taas.taas_plugin [None req-8953043e-b36a-417a-a49b-3858d7ae5359 c55503ff4de74251a36338e9b63838ce 4e85046214094dc0a3d41e4cf8e0f108 - - default default] TaaS: Handle Delete Port: 221dbd9a-2eea-4a68-a68b-7e8bceb23412
2026-05-05 19:33:25.875 8 INFO neutron_taas.services.taas.tap_mirror_plugin [None req-8953043e-b36a-417a-a49b-3858d7ae5359 c55503ff4de74251a36338e9b63838ce 4e85046214094dc0a3d41e4cf8e0f108 - - default default] Tap Mirror: Handle Delete Port: 221dbd9a-2eea-4a68-a68b-7e8bceb23412 [pid: 7|app: 0|req: 1255/2452] 10.0.0.8 () {34 vars in 662 bytes} [Tue May 5 19:33:24 2026] POST /v2.0/ports => generated 743 bytes in 1177 msecs (HTTP/1.1 201) 4 headers in 162 bytes (1 switches on core 0) /var/lib/openstack/lib/python3.12/site-packages/pycadf/identifier.py:70: UserWarning: Invalid uuid: neutron. To ensure interoperability, identifiers should be a valid uuid. warnings.warn(('Invalid uuid: %s. To ensure interoperability, ' [pid: 8|app: 0|req: 1198/2453] 10.0.0.8 () {34 vars in 787 bytes} [Tue May 5 19:33:25 2026] PUT /v2.0/routers/2589ff2b-f0eb-49c2-9dcb-d37ae800b952/remove_router_interface => generated 310 bytes in 617 msecs (HTTP/1.1 200) 4 headers in 157 bytes (1 switches on core 0) /var/lib/openstack/lib/python3.12/site-packages/pycadf/identifier.py:70: UserWarning: Invalid uuid: neutron. To ensure interoperability, identifiers should be a valid uuid. warnings.warn(('Invalid uuid: %s. To ensure interoperability, '
2026-05-05 19:33:26.318 7 INFO neutron.db.ovn_revision_numbers_db [None req-b5d07cca-e0e2-431d-b86a-3a777961bdf7 35b0c999d2b04836a60d85cf26a814f8 a809a135911c4621be6c6aab80421069 - - default default] Successfully bumped revision number for resource 6bdc5dad-2927-4e45-ac8c-20edb5bd2708 (type: security_groups) to 1
2026-05-05 19:33:26.331 7 INFO neutron.db.ovn_revision_numbers_db [None req-b5d07cca-e0e2-431d-b86a-3a777961bdf7 35b0c999d2b04836a60d85cf26a814f8 a809a135911c4621be6c6aab80421069 - - default default] Successfully bumped revision number for resource 18666e63-01dc-44e7-913d-c85f4fe2f408 (type: security_group_rules) to 0
2026-05-05 19:33:26.345 7 INFO neutron.db.ovn_revision_numbers_db [None req-b5d07cca-e0e2-431d-b86a-3a777961bdf7 35b0c999d2b04836a60d85cf26a814f8 a809a135911c4621be6c6aab80421069 - - default default] Successfully bumped revision number for resource 79ebca1f-8d44-4f3f-bb97-1a2e6f46914d (type: security_group_rules) to 0
2026-05-05 19:33:26.358 7 INFO neutron.db.ovn_revision_numbers_db [None req-b5d07cca-e0e2-431d-b86a-3a777961bdf7 35b0c999d2b04836a60d85cf26a814f8 a809a135911c4621be6c6aab80421069 - - default default] Successfully bumped revision number for resource 8401b359-41f8-4cb4-b416-0d892e45fb80 (type: security_group_rules) to 0
2026-05-05 19:33:26.371 7 INFO neutron.db.ovn_revision_numbers_db [None req-b5d07cca-e0e2-431d-b86a-3a777961bdf7 35b0c999d2b04836a60d85cf26a814f8 a809a135911c4621be6c6aab80421069 - - default default] Successfully bumped revision number for resource 8f8eb540-a62b-4434-a65e-c63f0b80dbb3 (type: security_group_rules) to 0 [pid: 8|app: 0|req: 1199/2454] 10.0.0.8 () {34 vars in 664 bytes} [Tue May 5 19:33:26 2026] POST /v2.0/trunks => generated 409 bytes in 173 msecs (HTTP/1.1 201) 4 headers in 162 bytes (1 switches on core 0) [pid: 8|app: 0|req: 1200/2455] 10.0.0.8 () {32 vars in 734 bytes} [Tue May 5 19:33:26 2026] GET /v2.0/ports?device_id=2589ff2b-f0eb-49c2-9dcb-d37ae800b952 => generated 12 bytes in 15 msecs (HTTP/1.1 200) 4 headers in 156 bytes (1 switches on core 0)
2026-05-05 19:33:26.418 8 WARNING tagging [None req-756c8809-3cd0-4280-b652-5515f4c07dc4 0e52ec52152f42fcb7e745d0331cb262 d5a8582fd9f64ffd87e7b4c7b5bb0856 - - default default] project_id key not found in request, using tenant_id instead. This support has been deprecated and will be removed in a future release. [pid: 8|app: 0|req: 1201/2456] 10.0.0.8 () {34 vars in 747 bytes} [Tue May 5 19:33:26 2026] PUT /v2.0/trunks/83af3fbd-89bb-4d47-8725-71ad4da0ee44/tags => generated 25 bytes in 31 msecs (HTTP/1.1 200) 4 headers in 156 bytes (1 switches on core 0)
2026-05-05 19:33:26.454 7 INFO neutron.db.segments_db [None req-b5d07cca-e0e2-431d-b86a-3a777961bdf7 35b0c999d2b04836a60d85cf26a814f8 a809a135911c4621be6c6aab80421069 - - default default] Added segment 38d7f1b9-0d48-449a-9063-d5ec26e3cb1b of type geneve for network a794a90c-c138-4227-bc9e-1ea28cfb975f
2026-05-05 19:33:26.567 7 INFO neutron.db.ovn_revision_numbers_db [None req-b5d07cca-e0e2-431d-b86a-3a777961bdf7 35b0c999d2b04836a60d85cf26a814f8 a809a135911c4621be6c6aab80421069 - - default default] Successfully bumped revision number for resource a794a90c-c138-4227-bc9e-1ea28cfb975f (type: networks) to 1 [pid: 8|app: 0|req: 1202/2457] 10.0.0.8 () {32 vars in 722 bytes} [Tue May 5 19:33:26 2026] DELETE /v2.0/routers/2589ff2b-f0eb-49c2-9dcb-d37ae800b952 => generated 0 bytes in 188 msecs (HTTP/1.1 204) 2 headers in 112 bytes (1 switches on core 0)
2026-05-05 19:33:26.639 8 WARNING tagging [None req-17640a36-2966-4208-b383-9fefb301fb93 0e52ec52152f42fcb7e745d0331cb262 d5a8582fd9f64ffd87e7b4c7b5bb0856 - - default default] project_id key not found in request, using tenant_id instead. This support has been deprecated and will be removed in a future release. [pid: 8|app: 0|req: 1203/2458] 10.0.0.8 () {32 vars in 727 bytes} [Tue May 5 19:33:26 2026] GET /v2.0/trunks/83af3fbd-89bb-4d47-8725-71ad4da0ee44/tags => generated 25 bytes in 18 msecs (HTTP/1.1 200) 4 headers in 156 bytes (1 switches on core 0) [pid: 8|app: 0|req: 1204/2459] 199.204.45.3 () {34 vars in 1078 bytes} [Tue May 5 19:33:26 2026] GET /v2.0/ports?tenant_id=c51ed17842774c53812401d7c3ae753e&device_id=ff20adea-e102-4642-8adc-19087598a583 => generated 1234 bytes in 36 msecs (HTTP/1.1 200) 4 headers in 158 bytes (1 switches on core 0)
2026-05-05 19:33:26.709 7 WARNING neutron.scheduler.dhcp_agent_scheduler [None req-b5d07cca-e0e2-431d-b86a-3a777961bdf7 35b0c999d2b04836a60d85cf26a814f8 a809a135911c4621be6c6aab80421069 - - default default] No more DHCP agents
2026-05-05 19:33:26.711 7 WARNING neutron.api.rpc.agentnotifiers.dhcp_rpc_agent_api [None req-b5d07cca-e0e2-431d-b86a-3a777961bdf7 35b0c999d2b04836a60d85cf26a814f8 a809a135911c4621be6c6aab80421069 - - default default] Unable to schedule network a794a90c-c138-4227-bc9e-1ea28cfb975f: no agents available; will retry on subsequent port and subnet creation events.
2026-05-05 19:33:26.767 8 INFO neutron.plugins.ml2.drivers.ovn.mech_driver.mech_driver [None req-11ce1722-23b8-4807-921c-a2a561e19088 - - - - - -] OVN reports status down for port: 2557afc8-5dcd-4154-a461-d6cc58d57d84
2026-05-05 19:33:26.787 7 INFO neutron.db.ovn_revision_numbers_db [None req-b5d07cca-e0e2-431d-b86a-3a777961bdf7 35b0c999d2b04836a60d85cf26a814f8 a809a135911c4621be6c6aab80421069 - - default default] Successfully bumped revision number for resource 2557afc8-5dcd-4154-a461-d6cc58d57d84 (type: ports) to 1 [pid: 7|app: 0|req: 1256/2460] 10.0.0.8 () {34 vars in 668 bytes} [Tue May 5 19:33:26 2026] POST /v2.0/networks => generated 665 bytes in 800 msecs (HTTP/1.1 201) 4 headers in 162 bytes (1 switches on core 0)
2026-05-05 19:33:26.830 7 WARNING tagging [None req-441c7cdd-cf92-4938-b346-34ee43ad4679 0e52ec52152f42fcb7e745d0331cb262 d5a8582fd9f64ffd87e7b4c7b5bb0856 - - default default] project_id key not found in request, using tenant_id instead. This support has been deprecated and will be removed in a future release. [pid: 7|app: 0|req: 1257/2461] 10.0.0.8 () {34 vars in 758 bytes} [Tue May 5 19:33:26 2026] PUT /v2.0/trunks/83af3fbd-89bb-4d47-8725-71ad4da0ee44/tags/green => generated 4 bytes in 49 msecs (HTTP/1.1 201) 4 headers in 160 bytes (1 switches on core 0) [pid: 7|app: 0|req: 1258/2462] 199.204.45.3 () {34 vars in 1058 bytes} [Tue May 5 19:33:26 2026] GET /v2.0/floatingips?fixed_ip_address=172.24.1.34&port_id=3c634f25-fe9c-41aa-b3fe-8afdc35834d7 => generated 19 bytes in 18 msecs (HTTP/1.1 200) 4 headers in 156 bytes (1 switches on core 0) [pid: 8|app: 0|req: 1205/2463] 10.0.0.8 () {32 vars in 722 bytes} [Tue May 5 19:33:26 2026] DELETE /v2.0/subnets/97a6d564-5721-4185-bc1b-82fa5d531e45 => generated 0 bytes in 238 msecs (HTTP/1.1 204) 3 headers in 131 bytes (1 switches on core 0)
2026-05-05 19:33:26.932 8 WARNING tagging [None req-0dafcf4a-82fc-4e23-baed-c2ec37bc7bba 0e52ec52152f42fcb7e745d0331cb262 d5a8582fd9f64ffd87e7b4c7b5bb0856 - - default default] project_id key not found in request, using tenant_id instead. This support has been deprecated and will be removed in a future release. [pid: 8|app: 0|req: 1206/2464] 10.0.0.8 () {32 vars in 727 bytes} [Tue May 5 19:33:26 2026] GET /v2.0/trunks/83af3fbd-89bb-4d47-8725-71ad4da0ee44/tags => generated 34 bytes in 17 msecs (HTTP/1.1 200) 4 headers in 156 bytes (1 switches on core 0) [pid: 8|app: 0|req: 1207/2465] 199.204.45.3 () {34 vars in 982 bytes} [Tue May 5 19:33:26 2026] GET /v2.0/subnets?id=e680a7f2-4bfd-42b6-8b38-658d3034a710 => generated 654 bytes in 26 msecs (HTTP/1.1 200) 4 headers in 157 bytes (1 switches on core 0)
2026-05-05 19:33:27.063 7 WARNING neutron.scheduler.dhcp_agent_scheduler [None req-b0d8972f-80ce-43cf-b24c-e170beadd171 35b0c999d2b04836a60d85cf26a814f8 a809a135911c4621be6c6aab80421069 - - default default] No more DHCP agents
2026-05-05 19:33:27.066 7 WARNING neutron.api.rpc.agentnotifiers.dhcp_rpc_agent_api [None req-b0d8972f-80ce-43cf-b24c-e170beadd171 35b0c999d2b04836a60d85cf26a814f8 a809a135911c4621be6c6aab80421069 - - default default] Unable to schedule network a794a90c-c138-4227-bc9e-1ea28cfb975f: no agents available; will retry on subsequent port and subnet creation events.
2026-05-05 19:33:27.093 8 INFO neutron_taas.services.taas.taas_plugin [None req-3df30995-5007-4176-b905-5d08ba077d5b c55503ff4de74251a36338e9b63838ce 4e85046214094dc0a3d41e4cf8e0f108 - - default default] TaaS: Handle Delete Port: fe5e4e55-df10-47eb-98fa-d0444c0d23fe
2026-05-05 19:33:27.097 8 INFO neutron_taas.services.taas.tap_mirror_plugin [None req-3df30995-5007-4176-b905-5d08ba077d5b c55503ff4de74251a36338e9b63838ce 4e85046214094dc0a3d41e4cf8e0f108 - - default default] Tap Mirror: Handle Delete Port: fe5e4e55-df10-47eb-98fa-d0444c0d23fe
2026-05-05 19:33:27.287 8 INFO neutron.services.segments.plugin [-] Segment 39bf02a3-9367-45b5-b07f-98f7674bed2c resource provider aggregate not found
2026-05-05 19:33:27.290 8 INFO neutron.services.segments.plugin [-] Segment 39bf02a3-9367-45b5-b07f-98f7674bed2c resource provider aggregate not found
2026-05-05 19:33:27.303 8 INFO neutron.services.segments.plugin [-] Segment 39bf02a3-9367-45b5-b07f-98f7674bed2c resource provider not found; error: Placement Client Error (4xx): {"errors": [{"status": 404, "title": "Not Found", "detail": "The resource could not be found.\n\n No resource provider with uuid 39bf02a3-9367-45b5-b07f-98f7674bed2c found for delete ", "request_id": "req-c5ae4719-b430-4eea-bff9-ede2dc02fbf0"}]}
2026-05-05 19:33:27.309 8 INFO neutron.services.segments.plugin [-] Segment 39bf02a3-9367-45b5-b07f-98f7674bed2c resource provider not found; error: Placement Client Error (4xx): {"errors": [{"status": 404, "title": "Not Found", "detail": "The resource could not be found.\n\n No resource provider with uuid 39bf02a3-9367-45b5-b07f-98f7674bed2c found for delete ", "request_id": "req-beffbe8b-185c-4ed6-86fe-2794a3f7f668"}]} [pid: 8|app: 0|req: 1208/2466] 10.0.0.8 () {32 vars in 724 bytes} [Tue May 5 19:33:26 2026] DELETE /v2.0/networks/d59b88f3-4146-45a0-b273-1c8eea728de1 => generated 0 bytes in 374 msecs (HTTP/1.1 204) 3 headers in 131 bytes (1 switches on core 0)
2026-05-05 19:33:27.364 8 WARNING tagging [None req-9232eacd-57d3-4b18-8205-e41078ae2540 0e52ec52152f42fcb7e745d0331cb262 d5a8582fd9f64ffd87e7b4c7b5bb0856 - - default default] project_id key not found in request, using tenant_id instead. This support has been deprecated and will be removed in a future release. [pid: 8|app: 0|req: 1209/2467] 10.0.0.8 () {34 vars in 754 bytes} [Tue May 5 19:33:27 2026] PUT /v2.0/trunks/83af3fbd-89bb-4d47-8725-71ad4da0ee44/tags/red => generated 4 bytes in 40 msecs (HTTP/1.1 201) 4 headers in 160 bytes (1 switches on core 0) [pid: 8|app: 0|req: 1210/2468] 199.204.45.3 () {34 vars in 1050 bytes} [Tue May 5 19:33:27 2026] GET /v2.0/ports?network_id=a50bd430-e952-4042-83ef-2ac33782a546&device_owner=network%3Adhcp => generated 12 bytes in 17 msecs (HTTP/1.1 200) 4 headers in 156 bytes (1 switches on core 0)
2026-05-05 19:33:27.514 7 INFO neutron.db.ovn_revision_numbers_db [None req-b0d8972f-80ce-43cf-b24c-e170beadd171 35b0c999d2b04836a60d85cf26a814f8 a809a135911c4621be6c6aab80421069 - - default default] Successfully bumped revision number for resource 2557afc8-5dcd-4154-a461-d6cc58d57d84 (type: ports) to 2
2026-05-05 19:33:27.549 7 INFO neutron.db.ovn_revision_numbers_db [None req-b0d8972f-80ce-43cf-b24c-e170beadd171 35b0c999d2b04836a60d85cf26a814f8 a809a135911c4621be6c6aab80421069 - - default default] Successfully bumped revision number for resource 79ec271f-908f-44d5-beba-08b32479d660 (type: subnets) to 0 [pid: 7|app: 0|req: 1259/2469] 10.0.0.8 () {34 vars in 667 bytes} [Tue May 5 19:33:26 2026] POST /v2.0/subnets => generated 626 bytes in 689 msecs (HTTP/1.1 201) 4 headers in 162 bytes (1 switches on core 0)
2026-05-05 19:33:27.576 7 WARNING tagging [None req-2e3c00d7-6f2f-4f02-9c31-d8254940c608 0e52ec52152f42fcb7e745d0331cb262 d5a8582fd9f64ffd87e7b4c7b5bb0856 - - default default] project_id key not found in request, using tenant_id instead. This support has been deprecated and will be removed in a future release. [pid: 7|app: 0|req: 1260/2470] 10.0.0.8 () {32 vars in 727 bytes} [Tue May 5 19:33:27 2026] GET /v2.0/trunks/83af3fbd-89bb-4d47-8725-71ad4da0ee44/tags => generated 34 bytes in 19 msecs (HTTP/1.1 200) 4 headers in 156 bytes (1 switches on core 0) [pid: 7|app: 0|req: 1261/2471] 199.204.45.3 () {34 vars in 1010 bytes} [Tue May 5 19:33:27 2026] GET /v2.0/networks/a50bd430-e952-4042-83ef-2ac33782a546?fields=segments => generated 14 bytes in 42 msecs (HTTP/1.1 200) 4 headers in 156 bytes (1 switches on core 0)
2026-05-05 19:33:27.796 8 WARNING neutron.scheduler.dhcp_agent_scheduler [None req-812691cf-aca2-408a-a923-a24ebc68f9b3 c55503ff4de74251a36338e9b63838ce 4e85046214094dc0a3d41e4cf8e0f108 - - default default] No more DHCP agents
2026-05-05 19:33:27.797 8 WARNING neutron.api.rpc.agentnotifiers.dhcp_rpc_agent_api [None req-812691cf-aca2-408a-a923-a24ebc68f9b3 c55503ff4de74251a36338e9b63838ce 4e85046214094dc0a3d41e4cf8e0f108 - - default default] Unable to schedule network a8966894-82c7-4689-b75c-d1ce352731cc: no agents available; will retry on subsequent port and subnet creation events.
2026-05-05 19:33:27.898 8 INFO neutron.plugins.ml2.drivers.ovn.mech_driver.mech_driver [None req-11ce1722-23b8-4807-921c-a2a561e19088 - - - - - -] OVN reports status down for port: 876b03a5-ca58-4f0a-8648-8cd305c02354
2026-05-05 19:33:27.969 8 INFO neutron.db.ovn_revision_numbers_db [None req-812691cf-aca2-408a-a923-a24ebc68f9b3 c55503ff4de74251a36338e9b63838ce 4e85046214094dc0a3d41e4cf8e0f108 - - default default] Successfully bumped revision number for resource 876b03a5-ca58-4f0a-8648-8cd305c02354 (type: ports) to 1
2026-05-05 19:33:28.084 7 WARNING neutron.scheduler.dhcp_agent_scheduler [None req-50395070-15de-4697-867e-bd0618a073b4 35b0c999d2b04836a60d85cf26a814f8 a809a135911c4621be6c6aab80421069 - - default default] No more DHCP agents
2026-05-05 19:33:28.085 7 WARNING neutron.api.rpc.agentnotifiers.dhcp_rpc_agent_api [None req-50395070-15de-4697-867e-bd0618a073b4 35b0c999d2b04836a60d85cf26a814f8 a809a135911c4621be6c6aab80421069 - - default default] Unable to schedule network a8966894-82c7-4689-b75c-d1ce352731cc: no agents available; will retry on subsequent port and subnet creation events.
2026-05-05 19:33:28.191 7 INFO neutron.plugins.ml2.drivers.ovn.mech_driver.mech_driver [None req-b2464394-0d2c-4ad0-b304-ecb4c3cb49c9 - - - - - -] OVN reports status down for port: 9b94839e-d9ce-4b66-9733-d628c6152bf8
2026-05-05 19:33:28.258 7 INFO neutron.db.ovn_revision_numbers_db [None req-50395070-15de-4697-867e-bd0618a073b4 35b0c999d2b04836a60d85cf26a814f8 a809a135911c4621be6c6aab80421069 - - default default] Successfully bumped revision number for resource 9b94839e-d9ce-4b66-9733-d628c6152bf8 (type: ports) to 1
2026-05-05 19:33:28.611 8 INFO neutron.plugins.ml2.drivers.ovn.mech_driver.mech_driver [None req-11ce1722-23b8-4807-921c-a2a561e19088 - - - - - -] OVN reports status up for port: 876b03a5-ca58-4f0a-8648-8cd305c02354
2026-05-05 19:33:28.639 8 INFO neutron.plugins.ml2.plugin [None req-11ce1722-23b8-4807-921c-a2a561e19088 - - - - - -] Attempt 1 to provision port 876b03a5-ca58-4f0a-8648-8cd305c02354
2026-05-05 19:33:28.669 8 INFO neutron.db.ovn_revision_numbers_db [None req-812691cf-aca2-408a-a923-a24ebc68f9b3 c55503ff4de74251a36338e9b63838ce 4e85046214094dc0a3d41e4cf8e0f108 - - default default] Successfully bumped revision number for resource 876b03a5-ca58-4f0a-8648-8cd305c02354 (type: router_ports) to 1
2026-05-05 19:33:28.786 8 INFO neutron.db.ovn_revision_numbers_db [None req-812691cf-aca2-408a-a923-a24ebc68f9b3 c55503ff4de74251a36338e9b63838ce 4e85046214094dc0a3d41e4cf8e0f108 - - default default] Successfully bumped revision number for resource 2c64b623-93b3-4e0b-89ce-9e4d2f74e952 (type: routers) to 2 [pid: 8|app: 0|req: 1211/2472] 10.0.0.8 () {34 vars in 667 bytes} [Tue May 5 19:33:27 2026] POST /v2.0/routers => generated 969 bytes in 1411 msecs (HTTP/1.1 201) 4 headers in 162 bytes (1 switches on core 0)
2026-05-05 19:33:28.822 8 WARNING tagging [None req-d9608d62-efda-4c7f-a93b-4d0456d3004c 0e52ec52152f42fcb7e745d0331cb262 d5a8582fd9f64ffd87e7b4c7b5bb0856 - - default default] project_id key not found in request, using tenant_id instead. This support has been deprecated and will be removed in a future release. [pid: 8|app: 0|req: 1212/2473] 10.0.0.8 () {34 vars in 776 bytes} [Tue May 5 19:33:28 2026] PUT /v2.0/trunks/83af3fbd-89bb-4d47-8725-71ad4da0ee44/tags/black.or.white => generated 4 bytes in 44 msecs (HTTP/1.1 201) 4 headers in 160 bytes (1 switches on core 0) [pid: 8|app: 0|req: 1213/2474] 199.204.45.3 () {34 vars in 1110 bytes} [Tue May 5 19:33:28 2026] GET /v2.0/networks/a50bd430-e952-4042-83ef-2ac33782a546?fields=provider%3Aphysical_network&fields=provider%3Anetwork_type => generated 79 bytes in 37 msecs (HTTP/1.1 200) 4 headers in 156 bytes (1 switches on core 0)
2026-05-05 19:33:28.928 7 INFO neutron.plugins.ml2.drivers.ovn.mech_driver.mech_driver [None req-b2464394-0d2c-4ad0-b304-ecb4c3cb49c9 - - - - - -] OVN reports status up for port: 9b94839e-d9ce-4b66-9733-d628c6152bf8 [pid: 8|app: 0|req: 1214/2475] 10.0.0.31 () {34 vars in 989 bytes} [Tue May 5 19:33:28 2026] GET /v2.0/ports?device_id=ff20adea-e102-4642-8adc-19087598a583 => generated 1234 bytes in 54 msecs (HTTP/1.1 200) 4 headers in 158 bytes (1 switches on core 0)
2026-05-05 19:33:28.958 7 INFO neutron.plugins.ml2.plugin [None req-b2464394-0d2c-4ad0-b304-ecb4c3cb49c9 - - - - - -] Attempt 1 to provision port 9b94839e-d9ce-4b66-9733-d628c6152bf8
2026-05-05 19:33:28.982 7 INFO neutron.db.ovn_revision_numbers_db [None req-50395070-15de-4697-867e-bd0618a073b4 35b0c999d2b04836a60d85cf26a814f8 a809a135911c4621be6c6aab80421069 - - default default] Successfully bumped revision number for resource 9b94839e-d9ce-4b66-9733-d628c6152bf8 (type: router_ports) to 1 [pid: 8|app: 0|req: 1215/2476] 10.0.0.8 () {32 vars in 719 bytes} [Tue May 5 19:33:28 2026] GET /v2.0/routers/2c64b623-93b3-4e0b-89ce-9e4d2f74e952 => generated 975 bytes in 64 msecs (HTTP/1.1 200) 4 headers in 157 bytes (1 switches on core 0)
2026-05-05 19:33:29.024 8 WARNING tagging [None req-fd115d2e-56a1-49d7-ba5e-481a9e634b6a 0e52ec52152f42fcb7e745d0331cb262 d5a8582fd9f64ffd87e7b4c7b5bb0856 - - default default] project_id key not found in request, using tenant_id instead. This support has been deprecated and will be removed in a future release. [pid: 8|app: 0|req: 1216/2477] 10.0.0.8 () {32 vars in 727 bytes} [Tue May 5 19:33:29 2026] GET /v2.0/trunks/83af3fbd-89bb-4d47-8725-71ad4da0ee44/tags => generated 52 bytes in 20 msecs (HTTP/1.1 200) 4 headers in 156 bytes (1 switches on core 0) [pid: 8|app: 0|req: 1217/2478] 10.0.0.31 () {34 vars in 1039 bytes} [Tue May 5 19:33:29 2026] GET /v2.0/security-groups?id=b650a53a-ce5f-4eef-b21d-b1d7d3deeb2c&fields=id&fields=name => generated 96 bytes in 26 msecs (HTTP/1.1 200) 4 headers in 156 bytes (1 switches on core 0)
2026-05-05 19:33:29.102 7 INFO neutron.db.ovn_revision_numbers_db [None req-50395070-15de-4697-867e-bd0618a073b4 35b0c999d2b04836a60d85cf26a814f8 a809a135911c4621be6c6aab80421069 - - default default] Successfully bumped revision number for resource beb1feda-022b-427a-b55d-721b43dd8eb2 (type: routers) to 2 [pid: 7|app: 0|req: 1262/2479] 10.0.0.8 () {34 vars in 667 bytes} [Tue May 5 19:33:27 2026] POST /v2.0/routers => generated 956 bytes in 1497 msecs (HTTP/1.1 201) 4 headers in 162 bytes (1 switches on core 0)
2026-05-05 19:33:29.139 7 WARNING tagging [None req-05b3ac98-ee53-49c0-b6f8-1fe8eaaa6932 0e52ec52152f42fcb7e745d0331cb262 d5a8582fd9f64ffd87e7b4c7b5bb0856 - - default default] project_id key not found in request, using tenant_id instead. This support has been deprecated and will be removed in a future release. [pid: 8|app: 0|req: 1218/2480] 10.0.0.8 () {32 vars in 645 bytes} [Tue May 5 19:33:29 2026] GET /v2.0/routers => generated 978 bytes in 102 msecs (HTTP/1.1 200) 4 headers in 157 bytes (1 switches on core 0) [pid: 7|app: 0|req: 1263/2481] 10.0.0.8 () {34 vars in 747 bytes} [Tue May 5 19:33:29 2026] PUT /v2.0/trunks/83af3fbd-89bb-4d47-8725-71ad4da0ee44/tags => generated 37 bytes in 45 msecs (HTTP/1.1 200) 4 headers in 156 bytes (1 switches on core 0) [pid: 7|app: 0|req: 1264/2482] 10.0.0.31 () {34 vars in 989 bytes} [Tue May 5 19:33:29 2026] GET /v2.0/ports?device_id=ff20adea-e102-4642-8adc-19087598a583 => generated 1234 bytes in 34 msecs (HTTP/1.1 200) 4 headers in 158 bytes (1 switches on core 0)
2026-05-05 19:33:29.611 7 INFO neutron.db.ovn_revision_numbers_db [None req-3cf110d4-4d43-4e2b-b3cb-7c3978f5e147 c55503ff4de74251a36338e9b63838ce 4e85046214094dc0a3d41e4cf8e0f108 - - default default] Successfully bumped revision number for resource 2c64b623-93b3-4e0b-89ce-9e4d2f74e952 (type: routers) to 3 [pid: 7|app: 0|req: 1265/2483] 10.0.0.8 () {34 vars in 739 bytes} [Tue May 5 19:33:29 2026] PUT /v2.0/routers/2c64b623-93b3-4e0b-89ce-9e4d2f74e952 => generated 982 bytes in 413 msecs (HTTP/1.1 200) 4 headers in 157 bytes (1 switches on core 0)
2026-05-05 19:33:29.630 7 WARNING tagging [None req-71f7879a-6308-4f0c-8b77-da7d31c9d675 0e52ec52152f42fcb7e745d0331cb262 d5a8582fd9f64ffd87e7b4c7b5bb0856 - - default default] project_id key not found in request, using tenant_id instead. This support has been deprecated and will be removed in a future release. [pid: 7|app: 0|req: 1266/2484] 10.0.0.8 () {32 vars in 727 bytes} [Tue May 5 19:33:29 2026] GET /v2.0/trunks/83af3fbd-89bb-4d47-8725-71ad4da0ee44/tags => generated 37 bytes in 20 msecs (HTTP/1.1 200) 4 headers in 156 bytes (1 switches on core 0)
