Apr 02 03:57:53.814534 np0000162614 nova-conductor[109422]: DEBUG cotyledon.oslo_config_glue [-] vnc.novncproxy_base_url = http://127.0.0.1:6080/vnc_auto.html {{(pid=109422) log_opt_values /opt/stack/data/venv/lib/python3.12/site-packages/oslo_config/cfg.py:3006}}
Apr 02 03:57:53.814534 np0000162614 nova-conductor[109422]: DEBUG cotyledon.oslo_config_glue [-] vnc.novncproxy_host = 0.0.0.0 {{(pid=109422) log_opt_values /opt/stack/data/venv/lib/python3.12/site-packages/oslo_config/cfg.py:3006}}
Apr 02 03:57:53.814534 np0000162614 nova-conductor[109422]: DEBUG cotyledon.oslo_config_glue [-] vnc.novncproxy_port = 6080 {{(pid=109422) log_opt_values /opt/stack/data/venv/lib/python3.12/site-packages/oslo_config/cfg.py:3006}}
Apr 02 03:57:53.814534 np0000162614 nova-conductor[109422]: DEBUG cotyledon.oslo_config_glue [-] vnc.server_listen = 127.0.0.1 {{(pid=109422) log_opt_values /opt/stack/data/venv/lib/python3.12/site-packages/oslo_config/cfg.py:3006}}
Apr 02 03:57:53.814534 np0000162614 nova-conductor[109422]: DEBUG cotyledon.oslo_config_glue [-] vnc.server_proxyclient_address = 127.0.0.1 {{(pid=109422) log_opt_values /opt/stack/data/venv/lib/python3.12/site-packages/oslo_config/cfg.py:3006}}
Apr 02 03:57:53.814534 np0000162614 nova-conductor[109422]: DEBUG cotyledon.oslo_config_glue [-] vnc.vencrypt_ca_certs = None {{(pid=109422) log_opt_values /opt/stack/data/venv/lib/python3.12/site-packages/oslo_config/cfg.py:3006}}
Apr 02 03:57:53.814534 np0000162614 nova-conductor[109422]: DEBUG cotyledon.oslo_config_glue [-] vnc.vencrypt_client_cert = None {{(pid=109422) log_opt_values /opt/stack/data/venv/lib/python3.12/site-packages/oslo_config/cfg.py:3006}}
Apr 02 03:57:53.814534 np0000162614 nova-conductor[109422]: DEBUG cotyledon.oslo_config_glue [-] vnc.vencrypt_client_key = None {{(pid=109422) log_opt_values /opt/stack/data/venv/lib/python3.12/site-packages/oslo_config/cfg.py:3006}}
Apr 02 03:57:53.814534 np0000162614 nova-conductor[109422]: DEBUG cotyledon.oslo_config_glue [-] workarounds.disable_compute_service_check_for_ffu = False {{(pid=109422) log_opt_values /opt/stack/data/venv/lib/python3.12/site-packages/oslo_config/cfg.py:3006}}
Apr 02 03:57:53.814776 np0000162614 nova-conductor[109422]: DEBUG cotyledon.oslo_config_glue [-] workarounds.disable_deep_image_inspection = False {{(pid=109422) log_opt_values /opt/stack/data/venv/lib/python3.12/site-packages/oslo_config/cfg.py:3006}}
Apr 02 03:57:53.814776 np0000162614 nova-conductor[109422]: DEBUG cotyledon.oslo_config_glue [-] workarounds.disable_fallback_pcpu_query = False {{(pid=109422) log_opt_values /opt/stack/data/venv/lib/python3.12/site-packages/oslo_config/cfg.py:3006}}
Apr 02 03:57:53.814776 np0000162614 nova-conductor[109422]: DEBUG cotyledon.oslo_config_glue [-] workarounds.disable_group_policy_check_upcall = False {{(pid=109422) log_opt_values /opt/stack/data/venv/lib/python3.12/site-packages/oslo_config/cfg.py:3006}}
Apr 02 03:57:53.814776 np0000162614 nova-conductor[109422]: DEBUG cotyledon.oslo_config_glue [-] workarounds.disable_libvirt_livesnapshot = False {{(pid=109422) log_opt_values /opt/stack/data/venv/lib/python3.12/site-packages/oslo_config/cfg.py:3006}}
Apr 02 03:57:53.814776 np0000162614 nova-conductor[109422]: DEBUG cotyledon.oslo_config_glue [-] workarounds.disable_rootwrap = False {{(pid=109422) log_opt_values /opt/stack/data/venv/lib/python3.12/site-packages/oslo_config/cfg.py:3006}}
Apr 02 03:57:53.814776 np0000162614 nova-conductor[109422]: DEBUG cotyledon.oslo_config_glue [-] workarounds.enable_numa_live_migration = False {{(pid=109422) log_opt_values /opt/stack/data/venv/lib/python3.12/site-packages/oslo_config/cfg.py:3006}}
Apr 02 03:57:53.814776 np0000162614 nova-conductor[109422]: DEBUG cotyledon.oslo_config_glue [-] workarounds.enable_qemu_monitor_announce_self = False {{(pid=109422) log_opt_values /opt/stack/data/venv/lib/python3.12/site-packages/oslo_config/cfg.py:3006}}
Apr 02 03:57:53.814776 np0000162614 nova-conductor[109422]: DEBUG cotyledon.oslo_config_glue [-] workarounds.ensure_libvirt_rbd_instance_dir_cleanup = False {{(pid=109422) log_opt_values /opt/stack/data/venv/lib/python3.12/site-packages/oslo_config/cfg.py:3006}}
Apr 02 03:57:53.814776 np0000162614 nova-conductor[109422]: DEBUG cotyledon.oslo_config_glue [-] workarounds.handle_virt_lifecycle_events = True {{(pid=109422) log_opt_values /opt/stack/data/venv/lib/python3.12/site-packages/oslo_config/cfg.py:3006}}
Apr 02 03:57:53.815008 np0000162614 nova-conductor[109422]: DEBUG cotyledon.oslo_config_glue [-] workarounds.libvirt_disable_apic = False {{(pid=109422) log_opt_values /opt/stack/data/venv/lib/python3.12/site-packages/oslo_config/cfg.py:3006}}
Apr 02 03:57:53.815008 np0000162614 nova-conductor[109422]: DEBUG cotyledon.oslo_config_glue [-] workarounds.never_download_image_if_on_rbd = False {{(pid=109422) log_opt_values /opt/stack/data/venv/lib/python3.12/site-packages/oslo_config/cfg.py:3006}}
Apr 02 03:57:53.815008 np0000162614 nova-conductor[109422]: DEBUG cotyledon.oslo_config_glue [-] workarounds.qemu_monitor_announce_self_count = 3 {{(pid=109422) log_opt_values /opt/stack/data/venv/lib/python3.12/site-packages/oslo_config/cfg.py:3006}}
Apr 02 03:57:53.815008 np0000162614 nova-conductor[109422]: DEBUG cotyledon.oslo_config_glue [-] workarounds.qemu_monitor_announce_self_interval = 1 {{(pid=109422) log_opt_values /opt/stack/data/venv/lib/python3.12/site-packages/oslo_config/cfg.py:3006}}
Apr 02 03:57:53.815008 np0000162614 nova-conductor[109422]: DEBUG cotyledon.oslo_config_glue [-] workarounds.reserve_disk_resource_for_image_cache = False {{(pid=109422) log_opt_values /opt/stack/data/venv/lib/python3.12/site-packages/oslo_config/cfg.py:3006}}
Apr 02 03:57:53.815008 np0000162614 nova-conductor[109422]: DEBUG cotyledon.oslo_config_glue [-] workarounds.skip_cpu_compare_at_startup = False {{(pid=109422) log_opt_values /opt/stack/data/venv/lib/python3.12/site-packages/oslo_config/cfg.py:3006}}
Apr 02 03:57:53.815008 np0000162614 nova-conductor[109422]: DEBUG cotyledon.oslo_config_glue [-] workarounds.skip_cpu_compare_on_dest = False {{(pid=109422) log_opt_values /opt/stack/data/venv/lib/python3.12/site-packages/oslo_config/cfg.py:3006}}
Apr 02 03:57:53.815008 np0000162614 nova-conductor[109422]: DEBUG cotyledon.oslo_config_glue [-] workarounds.skip_hypervisor_version_check_on_lm = False {{(pid=109422) log_opt_values /opt/stack/data/venv/lib/python3.12/site-packages/oslo_config/cfg.py:3006}}
Apr 02 03:57:53.815008 np0000162614 nova-conductor[109422]: DEBUG cotyledon.oslo_config_glue [-] workarounds.skip_reserve_in_use_ironic_nodes = False {{(pid=109422) log_opt_values /opt/stack/data/venv/lib/python3.12/site-packages/oslo_config/cfg.py:3006}}
Apr 02 03:57:53.815219 np0000162614 nova-conductor[109422]: DEBUG cotyledon.oslo_config_glue [-] workarounds.unified_limits_count_pcpu_as_vcpu = False {{(pid=109422) log_opt_values /opt/stack/data/venv/lib/python3.12/site-packages/oslo_config/cfg.py:3006}}
Apr 02 03:57:53.815219 np0000162614 nova-conductor[109422]: DEBUG cotyledon.oslo_config_glue [-] workarounds.wait_for_vif_plugged_event_during_hard_reboot = [] {{(pid=109422) log_opt_values /opt/stack/data/venv/lib/python3.12/site-packages/oslo_config/cfg.py:3006}}
Apr 02 03:57:53.815219 np0000162614 nova-conductor[109422]: DEBUG cotyledon.oslo_config_glue [-] wsgi.api_paste_config = /etc/nova/api-paste.ini {{(pid=109422) log_opt_values /opt/stack/data/venv/lib/python3.12/site-packages/oslo_config/cfg.py:3006}}
Apr 02 03:57:53.815219 np0000162614 nova-conductor[109422]: DEBUG cotyledon.oslo_config_glue [-] wsgi.secure_proxy_ssl_header = None {{(pid=109422) log_opt_values /opt/stack/data/venv/lib/python3.12/site-packages/oslo_config/cfg.py:3006}}
Apr 02 03:57:53.815219 np0000162614 nova-conductor[109422]: DEBUG cotyledon.oslo_config_glue [-] zvm.ca_file = None {{(pid=109422) log_opt_values /opt/stack/data/venv/lib/python3.12/site-packages/oslo_config/cfg.py:3006}}
Apr 02 03:57:53.815219 np0000162614 nova-conductor[109422]: DEBUG cotyledon.oslo_config_glue [-] zvm.cloud_connector_url = None {{(pid=109422) log_opt_values /opt/stack/data/venv/lib/python3.12/site-packages/oslo_config/cfg.py:3006}}
Apr 02 03:57:53.815219 np0000162614 nova-conductor[109422]: DEBUG cotyledon.oslo_config_glue [-] zvm.image_tmp_path = /opt/stack/data/nova/images {{(pid=109422) log_opt_values /opt/stack/data/venv/lib/python3.12/site-packages/oslo_config/cfg.py:3006}}
Apr 02 03:57:53.815219 np0000162614 nova-conductor[109422]: DEBUG cotyledon.oslo_config_glue [-] zvm.reachable_timeout = 300 {{(pid=109422) log_opt_values /opt/stack/data/venv/lib/python3.12/site-packages/oslo_config/cfg.py:3006}}
Apr 02 03:57:53.815219 np0000162614 nova-conductor[109422]: DEBUG cotyledon.oslo_config_glue [-] oslo_versionedobjects.fatal_exception_format_errors = False {{(pid=109422) log_opt_values /opt/stack/data/venv/lib/python3.12/site-packages/oslo_config/cfg.py:3006}}
Apr 02 03:57:53.815428 np0000162614 nova-conductor[109422]: DEBUG cotyledon.oslo_config_glue [-] oslo_middleware.http_basic_auth_user_file = /etc/htpasswd {{(pid=109422) log_opt_values /opt/stack/data/venv/lib/python3.12/site-packages/oslo_config/cfg.py:3006}}
Apr 02 03:57:53.815428 np0000162614 nova-conductor[109422]: DEBUG cotyledon.oslo_config_glue [-] profiler.connection_string = messaging:// {{(pid=109422) log_opt_values /opt/stack/data/venv/lib/python3.12/site-packages/oslo_config/cfg.py:3006}}
Apr 02 03:57:53.815428 np0000162614 nova-conductor[109422]: DEBUG cotyledon.oslo_config_glue [-] profiler.enabled = False {{(pid=109422) log_opt_values /opt/stack/data/venv/lib/python3.12/site-packages/oslo_config/cfg.py:3006}}
Apr 02 03:57:53.815428 np0000162614 nova-conductor[109422]: DEBUG cotyledon.oslo_config_glue [-] profiler.es_doc_type = notification {{(pid=109422) log_opt_values /opt/stack/data/venv/lib/python3.12/site-packages/oslo_config/cfg.py:3006}}
Apr 02 03:57:53.815428 np0000162614 nova-conductor[109422]: DEBUG cotyledon.oslo_config_glue [-] profiler.es_scroll_size = 10000 {{(pid=109422) log_opt_values /opt/stack/data/venv/lib/python3.12/site-packages/oslo_config/cfg.py:3006}}
Apr 02 03:57:53.815428 np0000162614 nova-conductor[109422]: DEBUG cotyledon.oslo_config_glue [-] profiler.es_scroll_time = 2m {{(pid=109422) log_opt_values /opt/stack/data/venv/lib/python3.12/site-packages/oslo_config/cfg.py:3006}}
Apr 02 03:57:53.815428 np0000162614 nova-conductor[109422]: DEBUG cotyledon.oslo_config_glue [-] profiler.filter_error_trace = False {{(pid=109422) log_opt_values /opt/stack/data/venv/lib/python3.12/site-packages/oslo_config/cfg.py:3006}}
Apr 02 03:57:53.815428 np0000162614 nova-conductor[109422]: DEBUG cotyledon.oslo_config_glue [-] profiler.hmac_keys = **** {{(pid=109422) log_opt_values /opt/stack/data/venv/lib/python3.12/site-packages/oslo_config/cfg.py:3006}}
Apr 02 03:57:53.815428 np0000162614 nova-conductor[109422]: DEBUG cotyledon.oslo_config_glue [-] profiler.sentinel_service_name = mymaster {{(pid=109422) log_opt_values /opt/stack/data/venv/lib/python3.12/site-packages/oslo_config/cfg.py:3006}}
Apr 02 03:57:53.815643 np0000162614 nova-conductor[109422]: DEBUG cotyledon.oslo_config_glue [-] profiler.socket_timeout = 0.1 {{(pid=109422) log_opt_values /opt/stack/data/venv/lib/python3.12/site-packages/oslo_config/cfg.py:3006}}
Apr 02 03:57:53.815643 np0000162614 nova-conductor[109422]: DEBUG cotyledon.oslo_config_glue [-] profiler.trace_requests = False {{(pid=109422) log_opt_values /opt/stack/data/venv/lib/python3.12/site-packages/oslo_config/cfg.py:3006}}
Apr 02 03:57:53.815643 np0000162614 nova-conductor[109422]: DEBUG cotyledon.oslo_config_glue [-] profiler.trace_sqlalchemy = False {{(pid=109422) log_opt_values /opt/stack/data/venv/lib/python3.12/site-packages/oslo_config/cfg.py:3006}}
Apr 02 03:57:53.815643 np0000162614 nova-conductor[109422]: DEBUG cotyledon.oslo_config_glue [-] profiler_jaeger.process_tags = {} {{(pid=109422) log_opt_values /opt/stack/data/venv/lib/python3.12/site-packages/oslo_config/cfg.py:3006}}
Apr 02 03:57:53.815643 np0000162614 nova-conductor[109422]: DEBUG cotyledon.oslo_config_glue [-] profiler_jaeger.service_name_prefix = None {{(pid=109422) log_opt_values /opt/stack/data/venv/lib/python3.12/site-packages/oslo_config/cfg.py:3006}}
Apr 02 03:57:53.815643 np0000162614 nova-conductor[109422]: DEBUG cotyledon.oslo_config_glue [-] profiler_otlp.service_name_prefix = None {{(pid=109422) log_opt_values /opt/stack/data/venv/lib/python3.12/site-packages/oslo_config/cfg.py:3006}}
Apr 02 03:57:53.815643 np0000162614 nova-conductor[109422]: DEBUG cotyledon.oslo_config_glue [-] oslo_messaging_rabbit.amqp_auto_delete = False {{(pid=109422) log_opt_values /opt/stack/data/venv/lib/python3.12/site-packages/oslo_config/cfg.py:3006}}
Apr 02 03:57:53.815643 np0000162614 nova-conductor[109422]: DEBUG cotyledon.oslo_config_glue [-] oslo_messaging_rabbit.amqp_durable_queues = False {{(pid=109422) log_opt_values /opt/stack/data/venv/lib/python3.12/site-packages/oslo_config/cfg.py:3006}}
Apr 02 03:57:53.815643 np0000162614 nova-conductor[109422]: DEBUG cotyledon.oslo_config_glue [-] oslo_messaging_rabbit.conn_pool_min_size = 2 {{(pid=109422) log_opt_values /opt/stack/data/venv/lib/python3.12/site-packages/oslo_config/cfg.py:3006}}
Apr 02 03:57:53.815947 np0000162614 nova-conductor[109422]: DEBUG cotyledon.oslo_config_glue [-] oslo_messaging_rabbit.conn_pool_ttl = 1200 {{(pid=109422) log_opt_values /opt/stack/data/venv/lib/python3.12/site-packages/oslo_config/cfg.py:3006}}
Apr 02 03:57:53.815947 np0000162614 nova-conductor[109422]: DEBUG cotyledon.oslo_config_glue [-] oslo_messaging_rabbit.direct_mandatory_flag = True {{(pid=109422) log_opt_values /opt/stack/data/venv/lib/python3.12/site-packages/oslo_config/cfg.py:3006}}
Apr 02 03:57:53.815947 np0000162614 nova-conductor[109422]: DEBUG cotyledon.oslo_config_glue [-] oslo_messaging_rabbit.enable_cancel_on_failover = False {{(pid=109422) log_opt_values /opt/stack/data/venv/lib/python3.12/site-packages/oslo_config/cfg.py:3006}}
Apr 02 03:57:53.815947 np0000162614 nova-conductor[109422]: DEBUG cotyledon.oslo_config_glue [-] oslo_messaging_rabbit.heartbeat_in_pthread = False {{(pid=109422) log_opt_values /opt/stack/data/venv/lib/python3.12/site-packages/oslo_config/cfg.py:3006}}
Apr 02 03:57:53.815947 np0000162614 nova-conductor[109422]: DEBUG cotyledon.oslo_config_glue [-] oslo_messaging_rabbit.heartbeat_rate = 3 {{(pid=109422) log_opt_values /opt/stack/data/venv/lib/python3.12/site-packages/oslo_config/cfg.py:3006}}
Apr 02 03:57:53.815947 np0000162614 nova-conductor[109422]: DEBUG cotyledon.oslo_config_glue [-] oslo_messaging_rabbit.heartbeat_timeout_threshold = 60 {{(pid=109422) log_opt_values /opt/stack/data/venv/lib/python3.12/site-packages/oslo_config/cfg.py:3006}}
Apr 02 03:57:53.815947 np0000162614 nova-conductor[109422]: DEBUG cotyledon.oslo_config_glue [-] oslo_messaging_rabbit.hostname = np0000162614 {{(pid=109422) log_opt_values /opt/stack/data/venv/lib/python3.12/site-packages/oslo_config/cfg.py:3006}}
Apr 02 03:57:53.815947 np0000162614 nova-conductor[109422]: DEBUG cotyledon.oslo_config_glue [-] oslo_messaging_rabbit.kombu_compression = None {{(pid=109422) log_opt_values /opt/stack/data/venv/lib/python3.12/site-packages/oslo_config/cfg.py:3006}}
Apr 02 03:57:53.815947 np0000162614 nova-conductor[109422]: DEBUG cotyledon.oslo_config_glue [-] oslo_messaging_rabbit.kombu_failover_strategy = round-robin {{(pid=109422) log_opt_values /opt/stack/data/venv/lib/python3.12/site-packages/oslo_config/cfg.py:3006}}
Apr 02 03:57:53.816160 np0000162614 nova-conductor[109422]: DEBUG cotyledon.oslo_config_glue [-] oslo_messaging_rabbit.kombu_missing_consumer_retry_timeout = 60 {{(pid=109422) log_opt_values /opt/stack/data/venv/lib/python3.12/site-packages/oslo_config/cfg.py:3006}}
Apr 02 03:57:53.816160 np0000162614 nova-conductor[109422]: DEBUG cotyledon.oslo_config_glue [-] oslo_messaging_rabbit.kombu_reconnect_delay = 1.0 {{(pid=109422) log_opt_values /opt/stack/data/venv/lib/python3.12/site-packages/oslo_config/cfg.py:3006}}
Apr 02 03:57:53.816160 np0000162614 nova-conductor[109422]: DEBUG cotyledon.oslo_config_glue [-] oslo_messaging_rabbit.kombu_reconnect_splay = 0.0 {{(pid=109422) log_opt_values /opt/stack/data/venv/lib/python3.12/site-packages/oslo_config/cfg.py:3006}}
Apr 02 03:57:53.816160 np0000162614 nova-conductor[109422]: DEBUG cotyledon.oslo_config_glue [-] oslo_messaging_rabbit.processname = nova-conductor {{(pid=109422) log_opt_values /opt/stack/data/venv/lib/python3.12/site-packages/oslo_config/cfg.py:3006}}
Apr 02 03:57:53.816160 np0000162614 nova-conductor[109422]: DEBUG cotyledon.oslo_config_glue [-] oslo_messaging_rabbit.rabbit_ha_queues = False {{(pid=109422) log_opt_values /opt/stack/data/venv/lib/python3.12/site-packages/oslo_config/cfg.py:3006}}
Apr 02 03:57:53.816160 np0000162614 nova-conductor[109422]: DEBUG cotyledon.oslo_config_glue [-] oslo_messaging_rabbit.rabbit_interval_max = 30 {{(pid=109422) log_opt_values /opt/stack/data/venv/lib/python3.12/site-packages/oslo_config/cfg.py:3006}}
Apr 02 03:57:53.816160 np0000162614 nova-conductor[109422]: DEBUG cotyledon.oslo_config_glue [-] oslo_messaging_rabbit.rabbit_login_method = AMQPLAIN {{(pid=109422) log_opt_values /opt/stack/data/venv/lib/python3.12/site-packages/oslo_config/cfg.py:3006}}
Apr 02 03:57:53.816160 np0000162614 nova-conductor[109422]: DEBUG cotyledon.oslo_config_glue [-] oslo_messaging_rabbit.rabbit_qos_prefetch_count = 0 {{(pid=109422) log_opt_values /opt/stack/data/venv/lib/python3.12/site-packages/oslo_config/cfg.py:3006}}
Apr 02 03:57:53.816352 np0000162614 nova-conductor[109422]: DEBUG cotyledon.oslo_config_glue [-] oslo_messaging_rabbit.rabbit_quorum_delivery_limit = 0 {{(pid=109422) log_opt_values /opt/stack/data/venv/lib/python3.12/site-packages/oslo_config/cfg.py:3006}}
Apr 02 03:57:53.816352 np0000162614 nova-conductor[109422]: DEBUG cotyledon.oslo_config_glue [-] oslo_messaging_rabbit.rabbit_quorum_max_memory_bytes = 0 {{(pid=109422) log_opt_values /opt/stack/data/venv/lib/python3.12/site-packages/oslo_config/cfg.py:3006}}
Apr 02 03:57:53.816352 np0000162614 nova-conductor[109422]: DEBUG cotyledon.oslo_config_glue [-] oslo_messaging_rabbit.rabbit_quorum_max_memory_length = 0 {{(pid=109422) log_opt_values /opt/stack/data/venv/lib/python3.12/site-packages/oslo_config/cfg.py:3006}}
Apr 02 03:57:53.816352 np0000162614 nova-conductor[109422]: DEBUG cotyledon.oslo_config_glue [-] oslo_messaging_rabbit.rabbit_quorum_queue = False {{(pid=109422) log_opt_values /opt/stack/data/venv/lib/python3.12/site-packages/oslo_config/cfg.py:3006}}
Apr 02 03:57:53.816352 np0000162614 nova-conductor[109422]: DEBUG cotyledon.oslo_config_glue [-] oslo_messaging_rabbit.rabbit_retry_backoff = 2 {{(pid=109422) log_opt_values /opt/stack/data/venv/lib/python3.12/site-packages/oslo_config/cfg.py:3006}}
Apr 02 03:57:53.816352 np0000162614 nova-conductor[109422]: DEBUG cotyledon.oslo_config_glue [-] oslo_messaging_rabbit.rabbit_retry_interval = 1 {{(pid=109422) log_opt_values /opt/stack/data/venv/lib/python3.12/site-packages/oslo_config/cfg.py:3006}}
Apr 02 03:57:53.816352 np0000162614 nova-conductor[109422]: DEBUG cotyledon.oslo_config_glue [-] oslo_messaging_rabbit.rabbit_stream_fanout = False {{(pid=109422) log_opt_values /opt/stack/data/venv/lib/python3.12/site-packages/oslo_config/cfg.py:3006}}
Apr 02 03:57:53.816352 np0000162614 nova-conductor[109422]: DEBUG cotyledon.oslo_config_glue [-] oslo_messaging_rabbit.rabbit_transient_queues_ttl = 1800 {{(pid=109422) log_opt_values /opt/stack/data/venv/lib/python3.12/site-packages/oslo_config/cfg.py:3006}}
Apr 02 03:57:53.816547 np0000162614 nova-conductor[109422]: DEBUG cotyledon.oslo_config_glue [-] oslo_messaging_rabbit.rabbit_transient_quorum_queue = False {{(pid=109422) log_opt_values /opt/stack/data/venv/lib/python3.12/site-packages/oslo_config/cfg.py:3006}}
Apr 02 03:57:53.816547 np0000162614 nova-conductor[109422]: DEBUG cotyledon.oslo_config_glue [-] oslo_messaging_rabbit.rpc_conn_pool_size = 30 {{(pid=109422) log_opt_values /opt/stack/data/venv/lib/python3.12/site-packages/oslo_config/cfg.py:3006}}
Apr 02 03:57:53.816547 np0000162614 nova-conductor[109422]: DEBUG cotyledon.oslo_config_glue [-] oslo_messaging_rabbit.ssl = False {{(pid=109422) log_opt_values /opt/stack/data/venv/lib/python3.12/site-packages/oslo_config/cfg.py:3006}}
Apr 02 03:57:53.816547 np0000162614 nova-conductor[109422]: DEBUG cotyledon.oslo_config_glue [-] oslo_messaging_rabbit.ssl_ca_file = {{(pid=109422) log_opt_values /opt/stack/data/venv/lib/python3.12/site-packages/oslo_config/cfg.py:3006}}
Apr 02 03:57:53.816547 np0000162614 nova-conductor[109422]: DEBUG cotyledon.oslo_config_glue [-] oslo_messaging_rabbit.ssl_cert_file = {{(pid=109422) log_opt_values /opt/stack/data/venv/lib/python3.12/site-packages/oslo_config/cfg.py:3006}}
Apr 02 03:57:53.816547 np0000162614 nova-conductor[109422]: DEBUG cotyledon.oslo_config_glue [-] oslo_messaging_rabbit.ssl_enforce_fips_mode = False {{(pid=109422) log_opt_values /opt/stack/data/venv/lib/python3.12/site-packages/oslo_config/cfg.py:3006}}
Apr 02 03:57:53.816547 np0000162614 nova-conductor[109422]: DEBUG cotyledon.oslo_config_glue [-] oslo_messaging_rabbit.ssl_key_file = {{(pid=109422) log_opt_values /opt/stack/data/venv/lib/python3.12/site-packages/oslo_config/cfg.py:3006}}
Apr 02 03:57:53.816547 np0000162614 nova-conductor[109422]: DEBUG cotyledon.oslo_config_glue [-] oslo_messaging_rabbit.ssl_version = {{(pid=109422) log_opt_values /opt/stack/data/venv/lib/python3.12/site-packages/oslo_config/cfg.py:3006}}
Apr 02 03:57:53.816547 np0000162614 nova-conductor[109422]: DEBUG cotyledon.oslo_config_glue [-] oslo_messaging_rabbit.use_queue_manager = False {{(pid=109422) log_opt_values /opt/stack/data/venv/lib/python3.12/site-packages/oslo_config/cfg.py:3006}}
Apr 02 03:57:53.816788 np0000162614 nova-conductor[109422]: DEBUG cotyledon.oslo_config_glue [-] oslo_messaging_notifications.driver = ['messagingv2'] {{(pid=109422) log_opt_values /opt/stack/data/venv/lib/python3.12/site-packages/oslo_config/cfg.py:3006}}
Apr 02 03:57:53.816788 np0000162614 nova-conductor[109422]: DEBUG cotyledon.oslo_config_glue [-] oslo_messaging_notifications.retry = -1 {{(pid=109422) log_opt_values /opt/stack/data/venv/lib/python3.12/site-packages/oslo_config/cfg.py:3006}}
Apr 02 03:57:53.816788 np0000162614 nova-conductor[109422]: DEBUG cotyledon.oslo_config_glue [-] oslo_messaging_notifications.topics = ['notifications'] {{(pid=109422) log_opt_values /opt/stack/data/venv/lib/python3.12/site-packages/oslo_config/cfg.py:3006}}
Apr 02 03:57:53.816788 np0000162614 nova-conductor[109422]: DEBUG cotyledon.oslo_config_glue [-] oslo_messaging_notifications.transport_url = **** {{(pid=109422) log_opt_values /opt/stack/data/venv/lib/python3.12/site-packages/oslo_config/cfg.py:3006}}
Apr 02 03:57:53.816788 np0000162614 nova-conductor[109422]: DEBUG cotyledon.oslo_config_glue [-] oslo_limit.auth_section = None {{(pid=109422) log_opt_values /opt/stack/data/venv/lib/python3.12/site-packages/oslo_config/cfg.py:3006}}
Apr 02 03:57:53.816788 np0000162614 nova-conductor[109422]: DEBUG cotyledon.oslo_config_glue [-] oslo_limit.auth_type = None {{(pid=109422) log_opt_values /opt/stack/data/venv/lib/python3.12/site-packages/oslo_config/cfg.py:3006}}
Apr 02 03:57:53.816788 np0000162614 nova-conductor[109422]: DEBUG cotyledon.oslo_config_glue [-] oslo_limit.cafile = None {{(pid=109422) log_opt_values /opt/stack/data/venv/lib/python3.12/site-packages/oslo_config/cfg.py:3006}}
Apr 02 03:57:53.816788 np0000162614 nova-conductor[109422]: DEBUG cotyledon.oslo_config_glue [-] oslo_limit.certfile = None {{(pid=109422) log_opt_values /opt/stack/data/venv/lib/python3.12/site-packages/oslo_config/cfg.py:3006}}
Apr 02 03:57:53.816788 np0000162614 nova-conductor[109422]: DEBUG cotyledon.oslo_config_glue [-] oslo_limit.collect_timing = False {{(pid=109422) log_opt_values /opt/stack/data/venv/lib/python3.12/site-packages/oslo_config/cfg.py:3006}}
Apr 02 03:57:53.816994 np0000162614 nova-conductor[109422]: DEBUG cotyledon.oslo_config_glue [-] oslo_limit.connect_retries = None {{(pid=109422) log_opt_values /opt/stack/data/venv/lib/python3.12/site-packages/oslo_config/cfg.py:3006}}
Apr 02 03:57:53.816994 np0000162614 nova-conductor[109422]: DEBUG cotyledon.oslo_config_glue [-] oslo_limit.connect_retry_delay = None {{(pid=109422) log_opt_values /opt/stack/data/venv/lib/python3.12/site-packages/oslo_config/cfg.py:3006}}
Apr 02 03:57:53.816994 np0000162614 nova-conductor[109422]: DEBUG cotyledon.oslo_config_glue [-] oslo_limit.endpoint_id = None {{(pid=109422) log_opt_values /opt/stack/data/venv/lib/python3.12/site-packages/oslo_config/cfg.py:3006}}
Apr 02 03:57:53.816994 np0000162614 nova-conductor[109422]: DEBUG cotyledon.oslo_config_glue [-] oslo_limit.endpoint_interface = public {{(pid=109422) log_opt_values /opt/stack/data/venv/lib/python3.12/site-packages/oslo_config/cfg.py:3006}}
Apr 02 03:57:53.816994 np0000162614 nova-conductor[109422]: DEBUG cotyledon.oslo_config_glue [-] oslo_limit.endpoint_override = None {{(pid=109422) log_opt_values /opt/stack/data/venv/lib/python3.12/site-packages/oslo_config/cfg.py:3006}}
Apr 02 03:57:53.816994 np0000162614 nova-conductor[109422]: DEBUG cotyledon.oslo_config_glue [-] oslo_limit.endpoint_region_name = None {{(pid=109422) log_opt_values /opt/stack/data/venv/lib/python3.12/site-packages/oslo_config/cfg.py:3006}}
Apr 02 03:57:53.816994 np0000162614 nova-conductor[109422]: DEBUG cotyledon.oslo_config_glue [-] oslo_limit.endpoint_service_name = None {{(pid=109422) log_opt_values /opt/stack/data/venv/lib/python3.12/site-packages/oslo_config/cfg.py:3006}}
Apr 02 03:57:53.817168 np0000162614 nova-conductor[109411]: INFO dbcounter [None req-26f90780-eeec-4a63-9f27-d89d39e11550 None None] Registered counter for database nova_cell0
Apr 02 03:57:53.817194 np0000162614 nova-conductor[109422]: DEBUG cotyledon.oslo_config_glue [-] oslo_limit.endpoint_service_type = None {{(pid=109422) log_opt_values /opt/stack/data/venv/lib/python3.12/site-packages/oslo_config/cfg.py:3006}}
Apr 02 03:57:53.817194 np0000162614 nova-conductor[109422]: DEBUG cotyledon.oslo_config_glue [-] oslo_limit.insecure = False {{(pid=109422) log_opt_values /opt/stack/data/venv/lib/python3.12/site-packages/oslo_config/cfg.py:3006}}
Apr 02 03:57:53.817194 np0000162614 nova-conductor[109422]: DEBUG cotyledon.oslo_config_glue [-] oslo_limit.keyfile = None {{(pid=109422) log_opt_values /opt/stack/data/venv/lib/python3.12/site-packages/oslo_config/cfg.py:3006}}
Apr 02 03:57:53.817194 np0000162614 nova-conductor[109422]: DEBUG cotyledon.oslo_config_glue [-] oslo_limit.max_version = None {{(pid=109422) log_opt_values /opt/stack/data/venv/lib/python3.12/site-packages/oslo_config/cfg.py:3006}}
Apr 02 03:57:53.817194 np0000162614 nova-conductor[109422]: DEBUG cotyledon.oslo_config_glue [-] oslo_limit.min_version = None {{(pid=109422) log_opt_values /opt/stack/data/venv/lib/python3.12/site-packages/oslo_config/cfg.py:3006}}
Apr 02 03:57:53.817194 np0000162614 nova-conductor[109422]: DEBUG cotyledon.oslo_config_glue [-] oslo_limit.region_name = None {{(pid=109422) log_opt_values /opt/stack/data/venv/lib/python3.12/site-packages/oslo_config/cfg.py:3006}}
Apr 02 03:57:53.817194 np0000162614 nova-conductor[109422]: DEBUG cotyledon.oslo_config_glue [-] oslo_limit.retriable_status_codes = None {{(pid=109422) log_opt_values /opt/stack/data/venv/lib/python3.12/site-packages/oslo_config/cfg.py:3006}}
Apr 02 03:57:53.817194 np0000162614 nova-conductor[109422]: DEBUG cotyledon.oslo_config_glue [-] oslo_limit.service_name = None {{(pid=109422) log_opt_values /opt/stack/data/venv/lib/python3.12/site-packages/oslo_config/cfg.py:3006}}
Apr 02 03:57:53.817194 np0000162614 nova-conductor[109422]: DEBUG cotyledon.oslo_config_glue [-] oslo_limit.service_type = None {{(pid=109422) log_opt_values /opt/stack/data/venv/lib/python3.12/site-packages/oslo_config/cfg.py:3006}}
Apr 02 03:57:53.817401 np0000162614 nova-conductor[109422]: DEBUG cotyledon.oslo_config_glue [-] oslo_limit.split_loggers = False {{(pid=109422) log_opt_values /opt/stack/data/venv/lib/python3.12/site-packages/oslo_config/cfg.py:3006}}
Apr 02 03:57:53.817401 np0000162614 nova-conductor[109422]: DEBUG cotyledon.oslo_config_glue [-] oslo_limit.status_code_retries = None {{(pid=109422) log_opt_values /opt/stack/data/venv/lib/python3.12/site-packages/oslo_config/cfg.py:3006}}
Apr 02 03:57:53.817401 np0000162614 nova-conductor[109422]: DEBUG cotyledon.oslo_config_glue [-] oslo_limit.status_code_retry_delay = None {{(pid=109422) log_opt_values /opt/stack/data/venv/lib/python3.12/site-packages/oslo_config/cfg.py:3006}}
Apr 02 03:57:53.817401 np0000162614 nova-conductor[109422]: DEBUG cotyledon.oslo_config_glue [-] oslo_limit.timeout = None {{(pid=109422) log_opt_values /opt/stack/data/venv/lib/python3.12/site-packages/oslo_config/cfg.py:3006}}
Apr 02 03:57:53.817401 np0000162614 nova-conductor[109422]: DEBUG cotyledon.oslo_config_glue [-] oslo_limit.valid_interfaces = None {{(pid=109422) log_opt_values /opt/stack/data/venv/lib/python3.12/site-packages/oslo_config/cfg.py:3006}}
Apr 02 03:57:53.817401 np0000162614 nova-conductor[109422]: DEBUG cotyledon.oslo_config_glue [-] oslo_limit.version = None {{(pid=109422) log_opt_values /opt/stack/data/venv/lib/python3.12/site-packages/oslo_config/cfg.py:3006}}
Apr 02 03:57:53.817401 np0000162614 nova-conductor[109422]: DEBUG cotyledon.oslo_config_glue [-] oslo_reports.file_event_handler = None {{(pid=109422) log_opt_values /opt/stack/data/venv/lib/python3.12/site-packages/oslo_config/cfg.py:3006}}
Apr 02 03:57:53.817401 np0000162614 nova-conductor[109422]: DEBUG cotyledon.oslo_config_glue [-] oslo_reports.file_event_handler_interval = 1 {{(pid=109422) log_opt_values /opt/stack/data/venv/lib/python3.12/site-packages/oslo_config/cfg.py:3006}}
Apr 02 03:57:53.817401 np0000162614 nova-conductor[109422]: DEBUG cotyledon.oslo_config_glue [-] oslo_reports.log_dir = None {{(pid=109422) log_opt_values /opt/stack/data/venv/lib/python3.12/site-packages/oslo_config/cfg.py:3006}}
Apr 02 03:57:53.817622 np0000162614 nova-conductor[109422]: DEBUG cotyledon.oslo_config_glue [-] ******************************************************************************** {{(pid=109422) log_opt_values /opt/stack/data/venv/lib/python3.12/site-packages/oslo_config/cfg.py:3013}}
Apr 02 03:57:53.817622 np0000162614 nova-conductor[109422]: DEBUG cotyledon._service_worker [-] Run service ServiceWrapper(3) [109422] {{(pid=109422) wait_forever /opt/stack/data/venv/lib/python3.12/site-packages/cotyledon/_service_worker.py:218}}
Apr 02 03:57:53.817689 np0000162614 nova-conductor[109405]: DEBUG dbcounter [-] [109405] Writer thread running {{(pid=109405) stat_writer /opt/stack/data/venv/lib/python3.12/site-packages/dbcounter.py:102}}
Apr 02 03:57:53.817727 np0000162614 nova-conductor[109422]: INFO nova.service [-] Starting conductor node (version 33.1.0)
Apr 02 03:57:53.817727 np0000162614 nova-conductor[109422]: INFO dbcounter [None req-57780dc1-b205-4ee5-afa7-063864e89b43 None None] Registered counter for database nova_cell0
Apr 02 03:57:53.817779 np0000162614 nova-conductor[109405]: DEBUG nova.service [None req-00d8439b-e2c5-4618-9ece-e9a030a7b440 None None] Creating RPC server for service: nova-conductor on topic: conductor {{(pid=109405) start /opt/stack/nova/nova/service.py:195}}
Apr 02 03:57:53.817805 np0000162614 nova-conductor[109411]: DEBUG oslo_db.sqlalchemy.engines [None req-26f90780-eeec-4a63-9f27-d89d39e11550 None None] MySQL server mode set to STRICT_TRANS_TABLES,STRICT_ALL_TABLES,NO_ZERO_IN_DATE,NO_ZERO_DATE,ERROR_FOR_DIVISION_BY_ZERO,TRADITIONAL,NO_ENGINE_SUBSTITUTION {{(pid=109411) _check_effective_sql_mode /opt/stack/data/venv/lib/python3.12/site-packages/oslo_db/sqlalchemy/engines.py:325}}
Apr 02 03:57:53.822989 np0000162614 nova-conductor[109422]: DEBUG oslo_db.sqlalchemy.engines [None req-57780dc1-b205-4ee5-afa7-063864e89b43 None None] MySQL server mode set to STRICT_TRANS_TABLES,STRICT_ALL_TABLES,NO_ZERO_IN_DATE,NO_ZERO_DATE,ERROR_FOR_DIVISION_BY_ZERO,TRADITIONAL,NO_ENGINE_SUBSTITUTION {{(pid=109422) _check_effective_sql_mode /opt/stack/data/venv/lib/python3.12/site-packages/oslo_db/sqlalchemy/engines.py:325}}
Apr 02 03:57:53.826771 np0000162614 nova-conductor[109398]: DEBUG nova.service [None req-1b70865d-0e07-4d0c-872a-4fff9b22ec91 None None] Join ServiceGroup membership for this service conductor {{(pid=109398) start /opt/stack/nova/nova/service.py:221}}
Apr 02 03:57:53.827219 np0000162614 nova-conductor[109398]: DEBUG nova.servicegroup.drivers.db [None req-1b70865d-0e07-4d0c-872a-4fff9b22ec91 None None] DB_Driver: join new ServiceGroup member np0000162614 to the conductor group, service = {{(pid=109398) join /opt/stack/nova/nova/servicegroup/drivers/db.py:44}}
Apr 02 03:57:53.830149 np0000162614 nova-conductor[109411]: DEBUG dbcounter [-] [109411] Writer thread running {{(pid=109411) stat_writer /opt/stack/data/venv/lib/python3.12/site-packages/dbcounter.py:102}}
Apr 02 03:57:53.834045 np0000162614 nova-conductor[109411]: DEBUG nova.service [None req-26f90780-eeec-4a63-9f27-d89d39e11550 None None] Creating RPC server for service: nova-conductor on topic: conductor {{(pid=109411) start /opt/stack/nova/nova/service.py:195}}
Apr 02 03:57:53.835124 np0000162614 nova-conductor[109405]: DEBUG nova.service [None req-00d8439b-e2c5-4618-9ece-e9a030a7b440 None None] Join ServiceGroup membership for this service conductor {{(pid=109405) start /opt/stack/nova/nova/service.py:221}}
Apr 02 03:57:53.835648 np0000162614 nova-conductor[109405]: DEBUG nova.servicegroup.drivers.db [None req-00d8439b-e2c5-4618-9ece-e9a030a7b440 None None] DB_Driver: join new ServiceGroup member np0000162614 to the conductor group, service = {{(pid=109405) join /opt/stack/nova/nova/servicegroup/drivers/db.py:44}}
Apr 02 03:57:53.835759 np0000162614 nova-conductor[109422]: DEBUG dbcounter [-] [109422] Writer thread running {{(pid=109422) stat_writer /opt/stack/data/venv/lib/python3.12/site-packages/dbcounter.py:102}}
Apr 02 03:57:53.840006 np0000162614 nova-conductor[109422]: DEBUG nova.service [None req-57780dc1-b205-4ee5-afa7-063864e89b43 None None] Creating RPC server for service: nova-conductor on topic: conductor {{(pid=109422) start /opt/stack/nova/nova/service.py:195}}
Apr 02 03:57:53.850690 np0000162614 nova-conductor[109411]: DEBUG nova.service [None req-26f90780-eeec-4a63-9f27-d89d39e11550 None None] Join ServiceGroup membership for this service conductor {{(pid=109411) start /opt/stack/nova/nova/service.py:221}}
Apr 02 03:57:53.850890 np0000162614 nova-conductor[109411]: DEBUG nova.servicegroup.drivers.db [None req-26f90780-eeec-4a63-9f27-d89d39e11550 None None] DB_Driver: join new ServiceGroup member np0000162614 to the conductor group, service = {{(pid=109411) join /opt/stack/nova/nova/servicegroup/drivers/db.py:44}}
Apr 02 03:57:53.858266 np0000162614 nova-conductor[109422]: DEBUG nova.service [None req-57780dc1-b205-4ee5-afa7-063864e89b43 None None] Join ServiceGroup membership for this service conductor {{(pid=109422) start /opt/stack/nova/nova/service.py:221}}
Apr 02 03:57:53.858507 np0000162614 nova-conductor[109422]: DEBUG nova.servicegroup.drivers.db [None req-57780dc1-b205-4ee5-afa7-063864e89b43 None None] DB_Driver: join new ServiceGroup member np0000162614 to the conductor group, service = {{(pid=109422) join /opt/stack/nova/nova/servicegroup/drivers/db.py:44}}
Apr 02 03:57:58.848510 np0000162614 nova-conductor[109398]: DEBUG oslo.service.backend._threading.loopingcall [-] Fixed interval looping call 'nova.servicegroup.drivers.db.DbDriver._report_state' sleeping for 119.98 seconds {{(pid=109398) _run_loop /opt/stack/data/venv/lib/python3.12/site-packages/oslo_service/backend/_threading/loopingcall.py:125}}
Apr 02 03:57:58.851592 np0000162614 nova-conductor[109405]: DEBUG oslo.service.backend._threading.loopingcall [-] Fixed interval looping call 'nova.servicegroup.drivers.db.DbDriver._report_state' sleeping for 119.99 seconds {{(pid=109405) _run_loop /opt/stack/data/venv/lib/python3.12/site-packages/oslo_service/backend/_threading/loopingcall.py:125}}
Apr 02 03:57:58.864591 np0000162614 nova-conductor[109411]: DEBUG oslo.service.backend._threading.loopingcall [-] Fixed interval looping call 'nova.servicegroup.drivers.db.DbDriver._report_state' sleeping for 119.99 seconds {{(pid=109411) _run_loop /opt/stack/data/venv/lib/python3.12/site-packages/oslo_service/backend/_threading/loopingcall.py:125}}
Apr 02 03:57:58.872999 np0000162614 nova-conductor[109422]: DEBUG oslo.service.backend._threading.loopingcall [-] Fixed interval looping call 'nova.servicegroup.drivers.db.DbDriver._report_state' sleeping for 119.99 seconds {{(pid=109422) _run_loop /opt/stack/data/venv/lib/python3.12/site-packages/oslo_service/backend/_threading/loopingcall.py:125}}
Apr 02 03:58:02.463284 np0000162614 nova-conductor[108581]: DEBUG dbcounter [-] [108581] Writing DB stats nova_api:SELECT=1 {{(pid=108581) stat_writer /opt/stack/data/venv/lib/python3.12/site-packages/dbcounter.py:115}}
Apr 02 03:58:02.561271 np0000162614 nova-conductor[108581]: DEBUG dbcounter [-] [108581] Writing DB stats nova_cell0:SELECT=1 {{(pid=108581) stat_writer /opt/stack/data/venv/lib/python3.12/site-packages/dbcounter.py:115}}
Apr 02 03:58:02.567638 np0000162614 nova-conductor[108581]: DEBUG dbcounter [-] [108581] Writing DB stats nova_cell1:SELECT=1 {{(pid=108581) stat_writer /opt/stack/data/venv/lib/python3.12/site-packages/dbcounter.py:115}}
Apr 02 03:58:08.839976 np0000162614 nova-conductor[109398]: DEBUG dbcounter [-] [109398] Writing DB stats nova_cell0:SELECT=4,nova_cell0:INSERT=1,nova_cell0:UPDATE=1 {{(pid=109398) stat_writer /opt/stack/data/venv/lib/python3.12/site-packages/dbcounter.py:115}}
Apr 02 03:58:08.850662 np0000162614 nova-conductor[109405]: DEBUG dbcounter [-] [109405] Writing DB stats nova_cell0:SELECT=3,nova_cell0:UPDATE=1 {{(pid=109405) stat_writer /opt/stack/data/venv/lib/python3.12/site-packages/dbcounter.py:115}}
Apr 02 03:58:08.861263 np0000162614 nova-conductor[109411]: DEBUG dbcounter [-] [109411] Writing DB stats nova_cell0:SELECT=3 {{(pid=109411) stat_writer /opt/stack/data/venv/lib/python3.12/site-packages/dbcounter.py:115}}
Apr 02 03:58:08.870875 np0000162614 nova-conductor[109422]: DEBUG dbcounter [-] [109422] Writing DB stats nova_cell0:SELECT=3 {{(pid=109422) stat_writer /opt/stack/data/venv/lib/python3.12/site-packages/dbcounter.py:115}}
Apr 02 03:58:26.861304 np0000162614 nova-conductor[109422]: DEBUG oslo.service.backend._threading.loopingcall [None req-a7d02bda-cb44-496c-ae7e-4d9c4e375886 None None] Dynamic interval looping call 'nova.service.Service.periodic_tasks' sleeping for 60.00 seconds {{(pid=109422) _run_loop /opt/stack/data/venv/lib/python3.12/site-packages/oslo_service/backend/_threading/loopingcall.py:125}}
Apr 02 03:58:29.838058 np0000162614 nova-conductor[109405]: DEBUG oslo.service.backend._threading.loopingcall [None req-a75f57e9-ab7f-495a-8d07-208a9a42276f None None] Dynamic interval looping call 'nova.service.Service.periodic_tasks' sleeping for 60.00 seconds {{(pid=109405) _run_loop /opt/stack/data/venv/lib/python3.12/site-packages/oslo_service/backend/_threading/loopingcall.py:125}}
Apr 02 03:58:42.831049 np0000162614 nova-conductor[109398]: DEBUG oslo.service.backend._threading.loopingcall [None req-c6d39a2a-e4e9-4695-955f-fb34fa40a62b None None] Dynamic interval looping call 'nova.service.Service.periodic_tasks' sleeping for 60.00 seconds {{(pid=109398) _run_loop /opt/stack/data/venv/lib/python3.12/site-packages/oslo_service/backend/_threading/loopingcall.py:125}}
Apr 02 03:58:44.853641 np0000162614 nova-conductor[109411]: DEBUG oslo.service.backend._threading.loopingcall [None req-a99cd14d-7337-4536-8d32-9dd12542a330 None None] Dynamic interval looping call 'nova.service.Service.periodic_tasks' sleeping for 60.00 seconds {{(pid=109411) _run_loop /opt/stack/data/venv/lib/python3.12/site-packages/oslo_service/backend/_threading/loopingcall.py:125}}
Apr 02 03:59:26.862470 np0000162614 nova-conductor[109422]: DEBUG oslo.service.backend._threading.loopingcall [None req-a7d02bda-cb44-496c-ae7e-4d9c4e375886 None None] Dynamic interval looping call 'nova.service.Service.periodic_tasks' sleeping for 60.00 seconds {{(pid=109422) _run_loop /opt/stack/data/venv/lib/python3.12/site-packages/oslo_service/backend/_threading/loopingcall.py:125}}
Apr 02 03:59:29.838789 np0000162614 nova-conductor[109405]: DEBUG oslo.service.backend._threading.loopingcall [None req-a75f57e9-ab7f-495a-8d07-208a9a42276f None None] Dynamic interval looping call 'nova.service.Service.periodic_tasks' sleeping for 60.00 seconds {{(pid=109405) _run_loop /opt/stack/data/venv/lib/python3.12/site-packages/oslo_service/backend/_threading/loopingcall.py:125}}
Apr 02 03:59:42.831640 np0000162614 nova-conductor[109398]: DEBUG oslo.service.backend._threading.loopingcall [None req-c6d39a2a-e4e9-4695-955f-fb34fa40a62b None None] Dynamic interval looping call 'nova.service.Service.periodic_tasks' sleeping for 60.00 seconds {{(pid=109398) _run_loop /opt/stack/data/venv/lib/python3.12/site-packages/oslo_service/backend/_threading/loopingcall.py:125}}
Apr 02 03:59:44.854402 np0000162614 nova-conductor[109411]: DEBUG oslo.service.backend._threading.loopingcall [None req-a99cd14d-7337-4536-8d32-9dd12542a330 None None] Dynamic interval looping call 'nova.service.Service.periodic_tasks' sleeping for 60.00 seconds {{(pid=109411) _run_loop /opt/stack/data/venv/lib/python3.12/site-packages/oslo_service/backend/_threading/loopingcall.py:125}}
Apr 02 03:59:58.839418 np0000162614 nova-conductor[109398]: DEBUG oslo.service.backend._threading.loopingcall [-] Fixed interval looping call 'nova.servicegroup.drivers.db.DbDriver._report_state' sleeping for 119.99 seconds {{(pid=109398) _run_loop /opt/stack/data/venv/lib/python3.12/site-packages/oslo_service/backend/_threading/loopingcall.py:125}}
Apr 02 03:59:58.847519 np0000162614 nova-conductor[109405]: DEBUG oslo.service.backend._threading.loopingcall [-] Fixed interval looping call 'nova.servicegroup.drivers.db.DbDriver._report_state' sleeping for 119.99 seconds {{(pid=109405) _run_loop /opt/stack/data/venv/lib/python3.12/site-packages/oslo_service/backend/_threading/loopingcall.py:125}}
Apr 02 03:59:58.860559 np0000162614 nova-conductor[109411]: DEBUG oslo.service.backend._threading.loopingcall [-] Fixed interval looping call 'nova.servicegroup.drivers.db.DbDriver._report_state' sleeping for 119.99 seconds {{(pid=109411) _run_loop /opt/stack/data/venv/lib/python3.12/site-packages/oslo_service/backend/_threading/loopingcall.py:125}}
Apr 02 03:59:58.868727 np0000162614 nova-conductor[109422]: DEBUG oslo.service.backend._threading.loopingcall [-] Fixed interval looping call 'nova.servicegroup.drivers.db.DbDriver._report_state' sleeping for 119.99 seconds {{(pid=109422) _run_loop /opt/stack/data/venv/lib/python3.12/site-packages/oslo_service/backend/_threading/loopingcall.py:125}}
Apr 02 04:00:08.834081 np0000162614 nova-conductor[109398]: DEBUG dbcounter [-] [109398] Writing DB stats nova_cell0:SELECT=1,nova_cell0:UPDATE=1 {{(pid=109398) stat_writer /opt/stack/data/venv/lib/python3.12/site-packages/dbcounter.py:115}}
Apr 02 04:00:08.844850 np0000162614 nova-conductor[109405]: DEBUG dbcounter [-] [109405] Writing DB stats nova_cell0:SELECT=1 {{(pid=109405) stat_writer /opt/stack/data/venv/lib/python3.12/site-packages/dbcounter.py:115}}
Apr 02 04:00:08.858050 np0000162614 nova-conductor[109411]: DEBUG dbcounter [-] [109411] Writing DB stats nova_cell0:SELECT=1 {{(pid=109411) stat_writer /opt/stack/data/venv/lib/python3.12/site-packages/dbcounter.py:115}}
Apr 02 04:00:08.866522 np0000162614 nova-conductor[109422]: DEBUG dbcounter [-] [109422] Writing DB stats nova_cell0:SELECT=1 {{(pid=109422) stat_writer /opt/stack/data/venv/lib/python3.12/site-packages/dbcounter.py:115}}
Apr 02 04:00:26.862986 np0000162614 nova-conductor[109422]: DEBUG oslo.service.backend._threading.loopingcall [None req-a7d02bda-cb44-496c-ae7e-4d9c4e375886 None None] Dynamic interval looping call 'nova.service.Service.periodic_tasks' sleeping for 60.00 seconds {{(pid=109422) _run_loop /opt/stack/data/venv/lib/python3.12/site-packages/oslo_service/backend/_threading/loopingcall.py:125}}
Apr 02 04:00:29.840117 np0000162614 nova-conductor[109405]: DEBUG oslo.service.backend._threading.loopingcall [None req-a75f57e9-ab7f-495a-8d07-208a9a42276f None None] Dynamic interval looping call 'nova.service.Service.periodic_tasks' sleeping for 60.00 seconds {{(pid=109405) _run_loop /opt/stack/data/venv/lib/python3.12/site-packages/oslo_service/backend/_threading/loopingcall.py:125}}
Apr 02 04:00:42.832494 np0000162614 nova-conductor[109398]: DEBUG oslo.service.backend._threading.loopingcall [None req-c6d39a2a-e4e9-4695-955f-fb34fa40a62b None None] Dynamic interval looping call 'nova.service.Service.periodic_tasks' sleeping for 60.00 seconds {{(pid=109398) _run_loop /opt/stack/data/venv/lib/python3.12/site-packages/oslo_service/backend/_threading/loopingcall.py:125}}
Apr 02 04:00:44.855224 np0000162614 nova-conductor[109411]: DEBUG oslo.service.backend._threading.loopingcall [None req-a99cd14d-7337-4536-8d32-9dd12542a330 None None] Dynamic interval looping call 'nova.service.Service.periodic_tasks' sleeping for 60.00 seconds {{(pid=109411) _run_loop /opt/stack/data/venv/lib/python3.12/site-packages/oslo_service/backend/_threading/loopingcall.py:125}}