2026-08-22 11:57:00.939 7 INFO cinder.api.openstack.wsgi [None req-2892edc5-1cda-41fc-ba97-0f23c3992aaf 5db254f8b7274e1e8c8603b6719f50c6 ca807da0169841588cbbfabcf717c80d - - default default] GET http://cinder-api.openstack.svc.cluster.local:8776/v3/ca807da0169841588cbbfabcf717c80d/os-quota-sets/934d7b7dcb5a4f8a8e69cf8cb68159d0?usage=true
2026-08-22 11:57:00.972 7 INFO cinder.api.openstack.wsgi [None req-2892edc5-1cda-41fc-ba97-0f23c3992aaf 5db254f8b7274e1e8c8603b6719f50c6 ca807da0169841588cbbfabcf717c80d - - default default] http://cinder-api.openstack.svc.cluster.local:8776/v3/ca807da0169841588cbbfabcf717c80d/os-quota-sets/934d7b7dcb5a4f8a8e69cf8cb68159d0?usage=true returned with HTTP 200 [pid: 7|app: 0|req: 453/913] 10.0.0.231 () {28 vars in 736 bytes} [Sat Aug 22 11:57:00 2026] GET /v3/ca807da0169841588cbbfabcf717c80d/os-quota-sets/934d7b7dcb5a4f8a8e69cf8cb68159d0?usage=true => generated 847 bytes in 45 msecs (HTTP/1.1 200) 7 headers in 285 bytes (1 switches on core 0)
2026-08-22 11:57:00.986 8 INFO cinder.api.openstack.wsgi [None req-a15c2a65-dcee-4bfc-8e70-79af4f41248f 5db254f8b7274e1e8c8603b6719f50c6 ca807da0169841588cbbfabcf717c80d - - default default] GET http://cinder-api.openstack.svc.cluster.local:8776/v3/ca807da0169841588cbbfabcf717c80d/os-quota-sets/93c2a14e7f944b908b91a262030b1a19?usage=true
2026-08-22 11:57:01.025 8 INFO cinder.api.openstack.wsgi [None req-a15c2a65-dcee-4bfc-8e70-79af4f41248f 5db254f8b7274e1e8c8603b6719f50c6 ca807da0169841588cbbfabcf717c80d - - default default] http://cinder-api.openstack.svc.cluster.local:8776/v3/ca807da0169841588cbbfabcf717c80d/os-quota-sets/93c2a14e7f944b908b91a262030b1a19?usage=true returned with HTTP 200 [pid: 8|app: 0|req: 461/914] 10.0.0.231 () {28 vars in 736 bytes} [Sat Aug 22 11:57:00 2026] GET /v3/ca807da0169841588cbbfabcf717c80d/os-quota-sets/93c2a14e7f944b908b91a262030b1a19?usage=true => generated 847 bytes in 45 msecs (HTTP/1.1 200) 7 headers in 285 bytes (1 switches on core 0)
2026-08-22 11:57:01.039 7 INFO cinder.api.openstack.wsgi [None req-4162521d-a3df-458e-8451-454a2058c42a 5db254f8b7274e1e8c8603b6719f50c6 ca807da0169841588cbbfabcf717c80d - - default default] GET http://cinder-api.openstack.svc.cluster.local:8776/v3/ca807da0169841588cbbfabcf717c80d/os-quota-sets/a239b7e4ca254d4aaef0d10d6d8325dd?usage=true
2026-08-22 11:57:01.083 7 INFO cinder.api.openstack.wsgi [None req-4162521d-a3df-458e-8451-454a2058c42a 5db254f8b7274e1e8c8603b6719f50c6 ca807da0169841588cbbfabcf717c80d - - default default] http://cinder-api.openstack.svc.cluster.local:8776/v3/ca807da0169841588cbbfabcf717c80d/os-quota-sets/a239b7e4ca254d4aaef0d10d6d8325dd?usage=true returned with HTTP 200 [pid: 7|app: 0|req: 454/915] 10.0.0.231 () {28 vars in 736 bytes} [Sat Aug 22 11:57:01 2026] GET /v3/ca807da0169841588cbbfabcf717c80d/os-quota-sets/a239b7e4ca254d4aaef0d10d6d8325dd?usage=true => generated 847 bytes in 53 msecs (HTTP/1.1 200) 7 headers in 285 bytes (1 switches on core 0)
2026-08-22 11:57:01.096 8 INFO cinder.api.openstack.wsgi [None req-826b61b0-200e-4852-a57a-96b0fb926632 5db254f8b7274e1e8c8603b6719f50c6 ca807da0169841588cbbfabcf717c80d - - default default] GET http://cinder-api.openstack.svc.cluster.local:8776/v3/ca807da0169841588cbbfabcf717c80d/os-quota-sets/abd86d2ccee346c388f2bb9bcf8ea88b?usage=true
2026-08-22 11:57:01.130 8 INFO cinder.api.openstack.wsgi [None req-826b61b0-200e-4852-a57a-96b0fb926632 5db254f8b7274e1e8c8603b6719f50c6 ca807da0169841588cbbfabcf717c80d - - default default] http://cinder-api.openstack.svc.cluster.local:8776/v3/ca807da0169841588cbbfabcf717c80d/os-quota-sets/abd86d2ccee346c388f2bb9bcf8ea88b?usage=true returned with HTTP 200 [pid: 8|app: 0|req: 462/916] 10.0.0.231 () {28 vars in 736 bytes} [Sat Aug 22 11:57:01 2026] GET /v3/ca807da0169841588cbbfabcf717c80d/os-quota-sets/abd86d2ccee346c388f2bb9bcf8ea88b?usage=true => generated 847 bytes in 41 msecs (HTTP/1.1 200) 7 headers in 285 bytes (1 switches on core 0)
2026-08-22 11:57:01.142 7 INFO cinder.api.openstack.wsgi [None req-085e771a-3232-4546-9d9d-d7f2c47d4e9d 5db254f8b7274e1e8c8603b6719f50c6 ca807da0169841588cbbfabcf717c80d - - default default] GET http://cinder-api.openstack.svc.cluster.local:8776/v3/ca807da0169841588cbbfabcf717c80d/os-quota-sets/b215ee8502eb448082f4802a07281afc?usage=true
2026-08-22 11:57:01.163 7 INFO cinder.api.openstack.wsgi [None req-085e771a-3232-4546-9d9d-d7f2c47d4e9d 5db254f8b7274e1e8c8603b6719f50c6 ca807da0169841588cbbfabcf717c80d - - default default] http://cinder-api.openstack.svc.cluster.local:8776/v3/ca807da0169841588cbbfabcf717c80d/os-quota-sets/b215ee8502eb448082f4802a07281afc?usage=true returned with HTTP 200 [pid: 7|app: 0|req: 455/917] 10.0.0.231 () {28 vars in 736 bytes} [Sat Aug 22 11:57:01 2026] GET /v3/ca807da0169841588cbbfabcf717c80d/os-quota-sets/b215ee8502eb448082f4802a07281afc?usage=true => generated 847 bytes in 28 msecs (HTTP/1.1 200) 7 headers in 285 bytes (1 switches on core 0)
2026-08-22 11:57:01.176 8 INFO cinder.api.openstack.wsgi [None req-1650c480-4881-416b-b77f-0a0e784a6afb 5db254f8b7274e1e8c8603b6719f50c6 ca807da0169841588cbbfabcf717c80d - - default default] GET http://cinder-api.openstack.svc.cluster.local:8776/v3/ca807da0169841588cbbfabcf717c80d/os-quota-sets/c9199ebeffad4cf8abebc4150616fd93?usage=true
2026-08-22 11:57:01.202 8 INFO cinder.api.openstack.wsgi [None req-1650c480-4881-416b-b77f-0a0e784a6afb 5db254f8b7274e1e8c8603b6719f50c6 ca807da0169841588cbbfabcf717c80d - - default default] http://cinder-api.openstack.svc.cluster.local:8776/v3/ca807da0169841588cbbfabcf717c80d/os-quota-sets/c9199ebeffad4cf8abebc4150616fd93?usage=true returned with HTTP 200 [pid: 8|app: 0|req: 463/918] 10.0.0.231 () {28 vars in 736 bytes} [Sat Aug 22 11:57:01 2026] GET /v3/ca807da0169841588cbbfabcf717c80d/os-quota-sets/c9199ebeffad4cf8abebc4150616fd93?usage=true => generated 847 bytes in 35 msecs (HTTP/1.1 200) 7 headers in 285 bytes (1 switches on core 0)
2026-08-22 11:57:01.221 7 INFO cinder.api.openstack.wsgi [None req-dd2f8d90-8f21-4617-bef1-92f98cc071fd 5db254f8b7274e1e8c8603b6719f50c6 ca807da0169841588cbbfabcf717c80d - - default default] GET http://cinder-api.openstack.svc.cluster.local:8776/v3/ca807da0169841588cbbfabcf717c80d/os-quota-sets/ca807da0169841588cbbfabcf717c80d?usage=true
2026-08-22 11:57:01.245 7 INFO cinder.api.openstack.wsgi [None req-dd2f8d90-8f21-4617-bef1-92f98cc071fd 5db254f8b7274e1e8c8603b6719f50c6 ca807da0169841588cbbfabcf717c80d - - default default] http://cinder-api.openstack.svc.cluster.local:8776/v3/ca807da0169841588cbbfabcf717c80d/os-quota-sets/ca807da0169841588cbbfabcf717c80d?usage=true returned with HTTP 200 [pid: 7|app: 0|req: 456/919] 10.0.0.231 () {28 vars in 736 bytes} [Sat Aug 22 11:57:01 2026] GET /v3/ca807da0169841588cbbfabcf717c80d/os-quota-sets/ca807da0169841588cbbfabcf717c80d?usage=true => generated 845 bytes in 38 msecs (HTTP/1.1 200) 7 headers in 285 bytes (1 switches on core 0)
2026-08-22 11:57:01.266 8 INFO cinder.api.openstack.wsgi [None req-4ddd060b-8add-4069-8852-7dfe32ff74ff 5db254f8b7274e1e8c8603b6719f50c6 ca807da0169841588cbbfabcf717c80d - - default default] GET http://cinder-api.openstack.svc.cluster.local:8776/v3/ca807da0169841588cbbfabcf717c80d/os-quota-sets/e3610a9f7f264cbfb40e61e240719741?usage=true
2026-08-22 11:57:01.304 8 INFO cinder.api.openstack.wsgi [None req-4ddd060b-8add-4069-8852-7dfe32ff74ff 5db254f8b7274e1e8c8603b6719f50c6 ca807da0169841588cbbfabcf717c80d - - default default] http://cinder-api.openstack.svc.cluster.local:8776/v3/ca807da0169841588cbbfabcf717c80d/os-quota-sets/e3610a9f7f264cbfb40e61e240719741?usage=true returned with HTTP 200 [pid: 8|app: 0|req: 464/920] 10.0.0.231 () {28 vars in 736 bytes} [Sat Aug 22 11:57:01 2026] GET /v3/ca807da0169841588cbbfabcf717c80d/os-quota-sets/e3610a9f7f264cbfb40e61e240719741?usage=true => generated 847 bytes in 53 msecs (HTTP/1.1 200) 7 headers in 285 bytes (1 switches on core 0)
2026-08-22 11:57:01.320 7 INFO cinder.api.openstack.wsgi [None req-35f95133-acc1-4a89-8151-6eeaa7e1ec9f 5db254f8b7274e1e8c8603b6719f50c6 ca807da0169841588cbbfabcf717c80d - - default default] GET http://cinder-api.openstack.svc.cluster.local:8776/v3/ca807da0169841588cbbfabcf717c80d/os-quota-sets/f0c9c41f7b2f4b63baaf5bef7ad1dcd2?usage=true
2026-08-22 11:57:01.351 7 INFO cinder.api.openstack.wsgi [None req-35f95133-acc1-4a89-8151-6eeaa7e1ec9f 5db254f8b7274e1e8c8603b6719f50c6 ca807da0169841588cbbfabcf717c80d - - default default] http://cinder-api.openstack.svc.cluster.local:8776/v3/ca807da0169841588cbbfabcf717c80d/os-quota-sets/f0c9c41f7b2f4b63baaf5bef7ad1dcd2?usage=true returned with HTTP 200 [pid: 7|app: 0|req: 457/921] 10.0.0.231 () {28 vars in 736 bytes} [Sat Aug 22 11:57:01 2026] GET /v3/ca807da0169841588cbbfabcf717c80d/os-quota-sets/f0c9c41f7b2f4b63baaf5bef7ad1dcd2?usage=true => generated 847 bytes in 42 msecs (HTTP/1.1 200) 7 headers in 285 bytes (1 switches on core 0)
2026-08-22 11:57:01.374 8 INFO cinder.api.openstack.wsgi [None req-0567d0e3-37ea-4db5-adf7-4bd5e211ae1b 5db254f8b7274e1e8c8603b6719f50c6 ca807da0169841588cbbfabcf717c80d - - default default] GET http://cinder-api.openstack.svc.cluster.local:8776/v3/ca807da0169841588cbbfabcf717c80d/os-quota-sets/f52b733eca714930b591ae348ef8dee0?usage=true
2026-08-22 11:57:01.401 8 INFO cinder.api.openstack.wsgi [None req-0567d0e3-37ea-4db5-adf7-4bd5e211ae1b 5db254f8b7274e1e8c8603b6719f50c6 ca807da0169841588cbbfabcf717c80d - - default default] http://cinder-api.openstack.svc.cluster.local:8776/v3/ca807da0169841588cbbfabcf717c80d/os-quota-sets/f52b733eca714930b591ae348ef8dee0?usage=true returned with HTTP 200 [pid: 8|app: 0|req: 465/922] 10.0.0.231 () {28 vars in 736 bytes} [Sat Aug 22 11:57:01 2026] GET /v3/ca807da0169841588cbbfabcf717c80d/os-quota-sets/f52b733eca714930b591ae348ef8dee0?usage=true => generated 847 bytes in 37 msecs (HTTP/1.1 200) 7 headers in 285 bytes (1 switches on core 0)
2026-08-22 11:57:01.907 7 INFO cinder.api.openstack.wsgi [None req-35f95133-acc1-4a89-8151-6eeaa7e1ec9f 5db254f8b7274e1e8c8603b6719f50c6 ca807da0169841588cbbfabcf717c80d - - default default] GET http://10.0.0.99:8776/
2026-08-22 11:57:01.907 8 INFO cinder.api.openstack.wsgi [None req-0567d0e3-37ea-4db5-adf7-4bd5e211ae1b 5db254f8b7274e1e8c8603b6719f50c6 ca807da0169841588cbbfabcf717c80d - - default default] GET http://10.0.0.99:8776/
2026-08-22 11:57:01.908 8 INFO cinder.api.openstack.wsgi [None req-0567d0e3-37ea-4db5-adf7-4bd5e211ae1b 5db254f8b7274e1e8c8603b6719f50c6 ca807da0169841588cbbfabcf717c80d - - default default] http://10.0.0.99:8776/ returned with HTTP 300
2026-08-22 11:57:01.909 7 INFO cinder.api.openstack.wsgi [None req-35f95133-acc1-4a89-8151-6eeaa7e1ec9f 5db254f8b7274e1e8c8603b6719f50c6 ca807da0169841588cbbfabcf717c80d - - default default] http://10.0.0.99:8776/ returned with HTTP 300
2026-08-22 11:57:11.909 7 INFO cinder.api.openstack.wsgi [None req-35f95133-acc1-4a89-8151-6eeaa7e1ec9f 5db254f8b7274e1e8c8603b6719f50c6 ca807da0169841588cbbfabcf717c80d - - default default] GET http://10.0.0.99:8776/
2026-08-22 11:57:11.909 8 INFO cinder.api.openstack.wsgi [None req-0567d0e3-37ea-4db5-adf7-4bd5e211ae1b 5db254f8b7274e1e8c8603b6719f50c6 ca807da0169841588cbbfabcf717c80d - - default default] GET http://10.0.0.99:8776/
2026-08-22 11:57:11.910 7 INFO cinder.api.openstack.wsgi [None req-35f95133-acc1-4a89-8151-6eeaa7e1ec9f 5db254f8b7274e1e8c8603b6719f50c6 ca807da0169841588cbbfabcf717c80d - - default default] http://10.0.0.99:8776/ returned with HTTP 300
2026-08-22 11:57:11.911 8 INFO cinder.api.openstack.wsgi [None req-0567d0e3-37ea-4db5-adf7-4bd5e211ae1b 5db254f8b7274e1e8c8603b6719f50c6 ca807da0169841588cbbfabcf717c80d - - default default] http://10.0.0.99:8776/ returned with HTTP 300
2026-08-22 11:57:21.908 8 INFO cinder.api.openstack.wsgi [None req-0567d0e3-37ea-4db5-adf7-4bd5e211ae1b 5db254f8b7274e1e8c8603b6719f50c6 ca807da0169841588cbbfabcf717c80d - - default default] GET http://10.0.0.99:8776/
2026-08-22 11:57:21.909 8 INFO cinder.api.openstack.wsgi [None req-0567d0e3-37ea-4db5-adf7-4bd5e211ae1b 5db254f8b7274e1e8c8603b6719f50c6 ca807da0169841588cbbfabcf717c80d - - default default] http://10.0.0.99:8776/ returned with HTTP 300
2026-08-22 11:57:21.909 7 INFO cinder.api.openstack.wsgi [None req-35f95133-acc1-4a89-8151-6eeaa7e1ec9f 5db254f8b7274e1e8c8603b6719f50c6 ca807da0169841588cbbfabcf717c80d - - default default] GET http://10.0.0.99:8776/
2026-08-22 11:57:21.913 7 INFO cinder.api.openstack.wsgi [None req-35f95133-acc1-4a89-8151-6eeaa7e1ec9f 5db254f8b7274e1e8c8603b6719f50c6 ca807da0169841588cbbfabcf717c80d - - default default] http://10.0.0.99:8776/ returned with HTTP 300
2026-08-22 11:57:31.907 7 INFO cinder.api.openstack.wsgi [None req-35f95133-acc1-4a89-8151-6eeaa7e1ec9f 5db254f8b7274e1e8c8603b6719f50c6 ca807da0169841588cbbfabcf717c80d - - default default] GET http://10.0.0.99:8776/
2026-08-22 11:57:31.909 7 INFO cinder.api.openstack.wsgi [None req-35f95133-acc1-4a89-8151-6eeaa7e1ec9f 5db254f8b7274e1e8c8603b6719f50c6 ca807da0169841588cbbfabcf717c80d - - default default] http://10.0.0.99:8776/ returned with HTTP 300
2026-08-22 11:57:31.908 8 INFO cinder.api.openstack.wsgi [None req-0567d0e3-37ea-4db5-adf7-4bd5e211ae1b 5db254f8b7274e1e8c8603b6719f50c6 ca807da0169841588cbbfabcf717c80d - - default default] GET http://10.0.0.99:8776/
2026-08-22 11:57:31.911 8 INFO cinder.api.openstack.wsgi [None req-0567d0e3-37ea-4db5-adf7-4bd5e211ae1b 5db254f8b7274e1e8c8603b6719f50c6 ca807da0169841588cbbfabcf717c80d - - default default] http://10.0.0.99:8776/ returned with HTTP 300
2026-08-22 11:57:33.249 7 INFO cinder.api.openstack.wsgi [None req-b484652a-c881-42c2-a54e-30c9251e7dbb 5db254f8b7274e1e8c8603b6719f50c6 ca807da0169841588cbbfabcf717c80d - - default default] POST http://cinder-api.openstack.svc.cluster.local:8776/v3/ca807da0169841588cbbfabcf717c80d/volumes
2026-08-22 11:57:33.362 7 INFO cinder.api.v3.volumes [None req-b484652a-c881-42c2-a54e-30c9251e7dbb 5db254f8b7274e1e8c8603b6719f50c6 ca807da0169841588cbbfabcf717c80d - - default default] Create volume of 16 GB
2026-08-22 11:57:33.370 7 INFO cinder.volume.api [None req-b484652a-c881-42c2-a54e-30c9251e7dbb 5db254f8b7274e1e8c8603b6719f50c6 ca807da0169841588cbbfabcf717c80d - - default default] Availability Zones retrieved successfully.
2026-08-22 11:57:33.569 7 INFO cinder.volume.api [None req-b484652a-c881-42c2-a54e-30c9251e7dbb 5db254f8b7274e1e8c8603b6719f50c6 ca807da0169841588cbbfabcf717c80d - - default default] Create volume request issued successfully.
2026-08-22 11:57:33.570 7 INFO cinder.api.openstack.wsgi [None req-b484652a-c881-42c2-a54e-30c9251e7dbb 5db254f8b7274e1e8c8603b6719f50c6 ca807da0169841588cbbfabcf717c80d - - default default] http://cinder-api.openstack.svc.cluster.local:8776/v3/ca807da0169841588cbbfabcf717c80d/volumes returned with HTTP 202 [pid: 7|app: 0|req: 462/931] 199.19.213.179 () {34 vars in 734 bytes} [Sat Aug 22 11:57:33 2026] POST /v3/ca807da0169841588cbbfabcf717c80d/volumes => generated 846 bytes in 462 msecs (HTTP/1.1 202) 7 headers in 291 bytes (1 switches on core 0)
2026-08-22 11:57:33.588 8 INFO cinder.api.openstack.wsgi [req-b484652a-c881-42c2-a54e-30c9251e7dbb req-e65690ae-fffa-4970-a664-9840d3f352ae 5db254f8b7274e1e8c8603b6719f50c6 ca807da0169841588cbbfabcf717c80d - - default default] GET http://cinder-api.openstack.svc.cluster.local:8776/v3/ca807da0169841588cbbfabcf717c80d/volumes/8a4553c3-70d3-4306-a985-6e3c55e6d6c1 /var/lib/openstack/lib/python3.12/site-packages/oslo_context/context.py:101: DeprecationWarning: Policy enforcement is depending on the value of is_admin. This key is deprecated. Please update your policy file to use the standard policy values. warnings.warn(
2026-08-22 11:57:33.630 8 INFO cinder.volume.api [req-b484652a-c881-42c2-a54e-30c9251e7dbb req-e65690ae-fffa-4970-a664-9840d3f352ae 5db254f8b7274e1e8c8603b6719f50c6 ca807da0169841588cbbfabcf717c80d - - default default] Volume info retrieved successfully.
2026-08-22 11:57:33.636 8 INFO cinder.api.openstack.wsgi [req-b484652a-c881-42c2-a54e-30c9251e7dbb req-e65690ae-fffa-4970-a664-9840d3f352ae 5db254f8b7274e1e8c8603b6719f50c6 ca807da0169841588cbbfabcf717c80d - - default default] http://cinder-api.openstack.svc.cluster.local:8776/v3/ca807da0169841588cbbfabcf717c80d/volumes/8a4553c3-70d3-4306-a985-6e3c55e6d6c1 returned with HTTP 200 [pid: 8|app: 0|req: 470/932] 199.19.213.179 () {32 vars in 825 bytes} [Sat Aug 22 11:57:33 2026] GET /v3/ca807da0169841588cbbfabcf717c80d/volumes/8a4553c3-70d3-4306-a985-6e3c55e6d6c1 => generated 1077 bytes in 57 msecs (HTTP/1.1 200) 7 headers in 286 bytes (1 switches on core 0) /var/lib/openstack/lib/python3.12/site-packages/pycadf/identifier.py:70: UserWarning: Invalid uuid: cinderv3. To ensure interoperability, identifiers should be a valid uuid. warnings.warn(('Invalid uuid: %s. To ensure interoperability, '
2026-08-22 11:57:38.653 7 INFO cinder.api.openstack.wsgi [req-b484652a-c881-42c2-a54e-30c9251e7dbb req-9cadc2fb-1f9c-4f18-8c21-45cc5f8681e2 5db254f8b7274e1e8c8603b6719f50c6 ca807da0169841588cbbfabcf717c80d - - default default] GET http://cinder-api.openstack.svc.cluster.local:8776/v3/ca807da0169841588cbbfabcf717c80d/volumes/8a4553c3-70d3-4306-a985-6e3c55e6d6c1 /var/lib/openstack/lib/python3.12/site-packages/oslo_context/context.py:101: DeprecationWarning: Policy enforcement is depending on the value of is_admin. This key is deprecated. Please update your policy file to use the standard policy values. warnings.warn(
2026-08-22 11:57:38.669 7 INFO cinder.volume.api [req-b484652a-c881-42c2-a54e-30c9251e7dbb req-9cadc2fb-1f9c-4f18-8c21-45cc5f8681e2 5db254f8b7274e1e8c8603b6719f50c6 ca807da0169841588cbbfabcf717c80d - - default default] Volume info retrieved successfully.
2026-08-22 11:57:38.677 7 INFO cinder.api.openstack.wsgi [req-b484652a-c881-42c2-a54e-30c9251e7dbb req-9cadc2fb-1f9c-4f18-8c21-45cc5f8681e2 5db254f8b7274e1e8c8603b6719f50c6 ca807da0169841588cbbfabcf717c80d - - default default] http://cinder-api.openstack.svc.cluster.local:8776/v3/ca807da0169841588cbbfabcf717c80d/volumes/8a4553c3-70d3-4306-a985-6e3c55e6d6c1 returned with HTTP 200 [pid: 7|app: 0|req: 463/933] 199.19.213.179 () {32 vars in 825 bytes} [Sat Aug 22 11:57:38 2026] GET /v3/ca807da0169841588cbbfabcf717c80d/volumes/8a4553c3-70d3-4306-a985-6e3c55e6d6c1 => generated 1675 bytes in 32 msecs (HTTP/1.1 200) 7 headers in 286 bytes (1 switches on core 0) /var/lib/openstack/lib/python3.12/site-packages/pycadf/identifier.py:70: UserWarning: Invalid uuid: cinderv3. To ensure interoperability, identifiers should be a valid uuid. warnings.warn(('Invalid uuid: %s. To ensure interoperability, '
2026-08-22 11:57:39.430 8 INFO cinder.api.openstack.wsgi [req-23397795-a589-4b71-918e-d800045fb498 req-5651047f-cd66-49f1-8e71-b3bee2767aea 5db254f8b7274e1e8c8603b6719f50c6 ca807da0169841588cbbfabcf717c80d - - default default] GET http://cinder-api.openstack.svc.cluster.local:8776/v3/ca807da0169841588cbbfabcf717c80d/volumes/8a4553c3-70d3-4306-a985-6e3c55e6d6c1 /var/lib/openstack/lib/python3.12/site-packages/oslo_context/context.py:101: DeprecationWarning: Policy enforcement is depending on the value of is_admin. This key is deprecated. Please update your policy file to use the standard policy values. warnings.warn(
2026-08-22 11:57:39.452 8 INFO cinder.volume.api [req-23397795-a589-4b71-918e-d800045fb498 req-5651047f-cd66-49f1-8e71-b3bee2767aea 5db254f8b7274e1e8c8603b6719f50c6 ca807da0169841588cbbfabcf717c80d - - default default] Volume info retrieved successfully.
2026-08-22 11:57:39.458 8 INFO cinder.api.openstack.wsgi [req-23397795-a589-4b71-918e-d800045fb498 req-5651047f-cd66-49f1-8e71-b3bee2767aea 5db254f8b7274e1e8c8603b6719f50c6 ca807da0169841588cbbfabcf717c80d - - default default] http://cinder-api.openstack.svc.cluster.local:8776/v3/ca807da0169841588cbbfabcf717c80d/volumes/8a4553c3-70d3-4306-a985-6e3c55e6d6c1 returned with HTTP 200 [pid: 8|app: 0|req: 471/934] 10.0.0.111 () {34 vars in 1028 bytes} [Sat Aug 22 11:57:39 2026] GET /v3/ca807da0169841588cbbfabcf717c80d/volumes/8a4553c3-70d3-4306-a985-6e3c55e6d6c1 => generated 1675 bytes in 37 msecs (HTTP/1.1 200) 7 headers in 286 bytes (1 switches on core 0) /var/lib/openstack/lib/python3.12/site-packages/pycadf/identifier.py:70: UserWarning: Invalid uuid: cinderv3. To ensure interoperability, identifiers should be a valid uuid. warnings.warn(('Invalid uuid: %s. To ensure interoperability, '
2026-08-22 11:57:39.935 7 INFO cinder.api.openstack.wsgi [req-23397795-a589-4b71-918e-d800045fb498 req-d8d8a5f5-f611-4c2a-9da1-9400b5262e40 5db254f8b7274e1e8c8603b6719f50c6 ca807da0169841588cbbfabcf717c80d - - default default] GET http://cinder-api.openstack.svc.cluster.local:8776/v3/ca807da0169841588cbbfabcf717c80d/volumes/8a4553c3-70d3-4306-a985-6e3c55e6d6c1 /var/lib/openstack/lib/python3.12/site-packages/oslo_context/context.py:101: DeprecationWarning: Policy enforcement is depending on the value of is_admin. This key is deprecated. Please update your policy file to use the standard policy values. warnings.warn(
2026-08-22 11:57:39.952 7 INFO cinder.volume.api [req-23397795-a589-4b71-918e-d800045fb498 req-d8d8a5f5-f611-4c2a-9da1-9400b5262e40 5db254f8b7274e1e8c8603b6719f50c6 ca807da0169841588cbbfabcf717c80d - - default default] Volume info retrieved successfully.
2026-08-22 11:57:39.959 7 INFO cinder.api.openstack.wsgi [req-23397795-a589-4b71-918e-d800045fb498 req-d8d8a5f5-f611-4c2a-9da1-9400b5262e40 5db254f8b7274e1e8c8603b6719f50c6 ca807da0169841588cbbfabcf717c80d - - default default] http://cinder-api.openstack.svc.cluster.local:8776/v3/ca807da0169841588cbbfabcf717c80d/volumes/8a4553c3-70d3-4306-a985-6e3c55e6d6c1 returned with HTTP 200 [pid: 7|app: 0|req: 464/935] 10.0.0.111 () {34 vars in 1028 bytes} [Sat Aug 22 11:57:39 2026] GET /v3/ca807da0169841588cbbfabcf717c80d/volumes/8a4553c3-70d3-4306-a985-6e3c55e6d6c1 => generated 1675 bytes in 37 msecs (HTTP/1.1 200) 7 headers in 286 bytes (1 switches on core 0)
2026-08-22 11:57:39.969 8 INFO cinder.api.openstack.wsgi [req-23397795-a589-4b71-918e-d800045fb498 req-5651047f-cd66-49f1-8e71-b3bee2767aea 5db254f8b7274e1e8c8603b6719f50c6 ca807da0169841588cbbfabcf717c80d - - default default] GET http://cinder-api.openstack.svc.cluster.local:8776/
2026-08-22 11:57:39.971 8 INFO cinder.api.openstack.wsgi [req-23397795-a589-4b71-918e-d800045fb498 req-5651047f-cd66-49f1-8e71-b3bee2767aea 5db254f8b7274e1e8c8603b6719f50c6 ca807da0169841588cbbfabcf717c80d - - default default] http://cinder-api.openstack.svc.cluster.local:8776/ returned with HTTP 300 [pid: 8|app: 0|req: 472/936] 10.0.0.111 () {32 vars in 829 bytes} [Sat Aug 22 11:57:39 2026] GET / => generated 411 bytes in 4 msecs (HTTP/1.1 300) 5 headers in 169 bytes (1 switches on core 0) /var/lib/openstack/lib/python3.12/site-packages/pycadf/identifier.py:70: UserWarning: Invalid uuid: cinderv3. To ensure interoperability, identifiers should be a valid uuid. warnings.warn(('Invalid uuid: %s. To ensure interoperability, '
2026-08-22 11:57:39.991 7 INFO cinder.api.openstack.wsgi [req-23397795-a589-4b71-918e-d800045fb498 req-61876551-6800-40c6-875b-599b399cf979 5db254f8b7274e1e8c8603b6719f50c6 ca807da0169841588cbbfabcf717c80d - - default default] POST http://cinder-api.openstack.svc.cluster.local:8776/v3/ca807da0169841588cbbfabcf717c80d/attachments /var/lib/openstack/lib/python3.12/site-packages/oslo_context/context.py:101: DeprecationWarning: Policy enforcement is depending on the value of is_admin. This key is deprecated. Please update your policy file to use the standard policy values. warnings.warn(
2026-08-22 11:57:40.052 7 INFO cinder.api.openstack.wsgi [req-23397795-a589-4b71-918e-d800045fb498 req-61876551-6800-40c6-875b-599b399cf979 5db254f8b7274e1e8c8603b6719f50c6 ca807da0169841588cbbfabcf717c80d - - default default] http://cinder-api.openstack.svc.cluster.local:8776/v3/ca807da0169841588cbbfabcf717c80d/attachments returned with HTTP 200 [pid: 7|app: 0|req: 465/937] 10.0.0.111 () {40 vars in 1057 bytes} [Sat Aug 22 11:57:39 2026] POST /v3/ca807da0169841588cbbfabcf717c80d/attachments => generated 273 bytes in 74 msecs (HTTP/1.1 200) 7 headers in 286 bytes (1 switches on core 0)
2026-08-22 11:57:41.908 8 INFO cinder.api.openstack.wsgi [req-23397795-a589-4b71-918e-d800045fb498 req-5651047f-cd66-49f1-8e71-b3bee2767aea 5db254f8b7274e1e8c8603b6719f50c6 ca807da0169841588cbbfabcf717c80d - - default default] GET http://10.0.0.99:8776/
2026-08-22 11:57:41.908 7 INFO cinder.api.openstack.wsgi [req-23397795-a589-4b71-918e-d800045fb498 req-61876551-6800-40c6-875b-599b399cf979 5db254f8b7274e1e8c8603b6719f50c6 ca807da0169841588cbbfabcf717c80d - - default default] GET http://10.0.0.99:8776/
2026-08-22 11:57:41.909 8 INFO cinder.api.openstack.wsgi [req-23397795-a589-4b71-918e-d800045fb498 req-5651047f-cd66-49f1-8e71-b3bee2767aea 5db254f8b7274e1e8c8603b6719f50c6 ca807da0169841588cbbfabcf717c80d - - default default] http://10.0.0.99:8776/ returned with HTTP 300
2026-08-22 11:57:41.909 7 INFO cinder.api.openstack.wsgi [req-23397795-a589-4b71-918e-d800045fb498 req-61876551-6800-40c6-875b-599b399cf979 5db254f8b7274e1e8c8603b6719f50c6 ca807da0169841588cbbfabcf717c80d - - default default] http://10.0.0.99:8776/ returned with HTTP 300 /var/lib/openstack/lib/python3.12/site-packages/pycadf/identifier.py:70: UserWarning: Invalid uuid: cinderv3. To ensure interoperability, identifiers should be a valid uuid. warnings.warn(('Invalid uuid: %s. To ensure interoperability, '
2026-08-22 11:57:43.465 8 INFO cinder.api.openstack.wsgi [req-b484652a-c881-42c2-a54e-30c9251e7dbb req-5970c725-c383-4398-ac2a-b1159706ecd8 5db254f8b7274e1e8c8603b6719f50c6 ca807da0169841588cbbfabcf717c80d - - default default] GET http://cinder-api.openstack.svc.cluster.local:8776/v3/ca807da0169841588cbbfabcf717c80d/volumes/8a4553c3-70d3-4306-a985-6e3c55e6d6c1 /var/lib/openstack/lib/python3.12/site-packages/oslo_context/context.py:101: DeprecationWarning: Policy enforcement is depending on the value of is_admin. This key is deprecated. Please update your policy file to use the standard policy values. warnings.warn(
2026-08-22 11:57:43.482 8 INFO cinder.volume.api [req-b484652a-c881-42c2-a54e-30c9251e7dbb req-5970c725-c383-4398-ac2a-b1159706ecd8 5db254f8b7274e1e8c8603b6719f50c6 ca807da0169841588cbbfabcf717c80d - - default default] Volume info retrieved successfully.
2026-08-22 11:57:43.488 8 INFO cinder.api.openstack.wsgi [req-b484652a-c881-42c2-a54e-30c9251e7dbb req-5970c725-c383-4398-ac2a-b1159706ecd8 5db254f8b7274e1e8c8603b6719f50c6 ca807da0169841588cbbfabcf717c80d - - default default] http://cinder-api.openstack.svc.cluster.local:8776/v3/ca807da0169841588cbbfabcf717c80d/volumes/8a4553c3-70d3-4306-a985-6e3c55e6d6c1 returned with HTTP 200 [pid: 8|app: 0|req: 474/940] 199.19.213.179 () {32 vars in 825 bytes} [Sat Aug 22 11:57:43 2026] GET /v3/ca807da0169841588cbbfabcf717c80d/volumes/8a4553c3-70d3-4306-a985-6e3c55e6d6c1 => generated 1674 bytes in 30 msecs (HTTP/1.1 200) 7 headers in 286 bytes (1 switches on core 0)
2026-08-22 11:57:45.461 7 INFO cinder.api.openstack.wsgi [req-23397795-a589-4b71-918e-d800045fb498 req-61876551-6800-40c6-875b-599b399cf979 5db254f8b7274e1e8c8603b6719f50c6 ca807da0169841588cbbfabcf717c80d - - default default] GET http://cinder-api.openstack.svc.cluster.local:8776/
2026-08-22 11:57:45.462 7 INFO cinder.api.openstack.wsgi [req-23397795-a589-4b71-918e-d800045fb498 req-61876551-6800-40c6-875b-599b399cf979 5db254f8b7274e1e8c8603b6719f50c6 ca807da0169841588cbbfabcf717c80d - - default default] http://cinder-api.openstack.svc.cluster.local:8776/ returned with HTTP 300 [pid: 7|app: 0|req: 467/941] 199.19.213.179 () {32 vars in 840 bytes} [Sat Aug 22 11:57:45 2026] GET / => generated 411 bytes in 2 msecs (HTTP/1.1 300) 5 headers in 169 bytes (1 switches on core 0) /var/lib/openstack/lib/python3.12/site-packages/pycadf/identifier.py:70: UserWarning: Invalid uuid: cinderv3. To ensure interoperability, identifiers should be a valid uuid. warnings.warn(('Invalid uuid: %s. To ensure interoperability, '
2026-08-22 11:57:45.472 8 INFO cinder.api.openstack.wsgi [req-23397795-a589-4b71-918e-d800045fb498 req-c6fd01da-47ae-479e-80fa-44108bd4d6f4 5db254f8b7274e1e8c8603b6719f50c6 ca807da0169841588cbbfabcf717c80d - - default default] GET http://cinder-api.openstack.svc.cluster.local:8776/v3/ca807da0169841588cbbfabcf717c80d/volumes/8a4553c3-70d3-4306-a985-6e3c55e6d6c1 /var/lib/openstack/lib/python3.12/site-packages/oslo_context/context.py:101: DeprecationWarning: Policy enforcement is depending on the value of is_admin. This key is deprecated. Please update your policy file to use the standard policy values. warnings.warn(
2026-08-22 11:57:45.487 8 INFO cinder.volume.api [req-23397795-a589-4b71-918e-d800045fb498 req-c6fd01da-47ae-479e-80fa-44108bd4d6f4 5db254f8b7274e1e8c8603b6719f50c6 ca807da0169841588cbbfabcf717c80d - - default default] Volume info retrieved successfully.
2026-08-22 11:57:45.495 8 INFO cinder.api.openstack.wsgi [req-23397795-a589-4b71-918e-d800045fb498 req-c6fd01da-47ae-479e-80fa-44108bd4d6f4 5db254f8b7274e1e8c8603b6719f50c6 ca807da0169841588cbbfabcf717c80d - - default default] http://cinder-api.openstack.svc.cluster.local:8776/v3/ca807da0169841588cbbfabcf717c80d/volumes/8a4553c3-70d3-4306-a985-6e3c55e6d6c1 returned with HTTP 200 [pid: 8|app: 0|req: 475/942] 199.19.213.179 () {36 vars in 1073 bytes} [Sat Aug 22 11:57:45 2026] GET /v3/ca807da0169841588cbbfabcf717c80d/volumes/8a4553c3-70d3-4306-a985-6e3c55e6d6c1 => generated 1898 bytes in 29 msecs (HTTP/1.1 200) 7 headers in 287 bytes (1 switches on core 0) /var/lib/openstack/lib/python3.12/site-packages/pycadf/identifier.py:70: UserWarning: Invalid uuid: cinderv3. To ensure interoperability, identifiers should be a valid uuid. warnings.warn(('Invalid uuid: %s. To ensure interoperability, '
2026-08-22 11:57:45.579 7 INFO cinder.api.openstack.wsgi [req-23397795-a589-4b71-918e-d800045fb498 req-0c373551-452d-4b75-9ac0-31054dec6130 5db254f8b7274e1e8c8603b6719f50c6 ca807da0169841588cbbfabcf717c80d - - default default] PUT http://cinder-api.openstack.svc.cluster.local:8776/v3/ca807da0169841588cbbfabcf717c80d/attachments/1067f3d1-c395-4627-9f1e-748402101408 /var/lib/openstack/lib/python3.12/site-packages/oslo_context/context.py:101: DeprecationWarning: Policy enforcement is depending on the value of is_admin. This key is deprecated. Please update your policy file to use the standard policy values. warnings.warn( /var/lib/openstack/lib/python3.12/site-packages/pycadf/identifier.py:70: UserWarning: Invalid uuid: cinderv3. To ensure interoperability, identifiers should be a valid uuid. warnings.warn(('Invalid uuid: %s. To ensure interoperability, '
2026-08-22 11:57:46.357 8 INFO cinder.api.openstack.wsgi [req-b484652a-c881-42c2-a54e-30c9251e7dbb req-c5ef539c-a756-4d5e-89d4-fec31017ca86 5db254f8b7274e1e8c8603b6719f50c6 ca807da0169841588cbbfabcf717c80d - - default default] GET http://cinder-api.openstack.svc.cluster.local:8776/v3/ca807da0169841588cbbfabcf717c80d/volumes/8a4553c3-70d3-4306-a985-6e3c55e6d6c1 /var/lib/openstack/lib/python3.12/site-packages/oslo_context/context.py:101: DeprecationWarning: Policy enforcement is depending on the value of is_admin. This key is deprecated. Please update your policy file to use the standard policy values. warnings.warn(
2026-08-22 11:57:46.374 8 INFO cinder.volume.api [req-b484652a-c881-42c2-a54e-30c9251e7dbb req-c5ef539c-a756-4d5e-89d4-fec31017ca86 5db254f8b7274e1e8c8603b6719f50c6 ca807da0169841588cbbfabcf717c80d - - default default] Volume info retrieved successfully.
2026-08-22 11:57:46.380 8 INFO cinder.api.openstack.wsgi [req-b484652a-c881-42c2-a54e-30c9251e7dbb req-c5ef539c-a756-4d5e-89d4-fec31017ca86 5db254f8b7274e1e8c8603b6719f50c6 ca807da0169841588cbbfabcf717c80d - - default default] http://cinder-api.openstack.svc.cluster.local:8776/v3/ca807da0169841588cbbfabcf717c80d/volumes/8a4553c3-70d3-4306-a985-6e3c55e6d6c1 returned with HTTP 200 [pid: 8|app: 0|req: 476/943] 199.19.213.179 () {32 vars in 825 bytes} [Sat Aug 22 11:57:46 2026] GET /v3/ca807da0169841588cbbfabcf717c80d/volumes/8a4553c3-70d3-4306-a985-6e3c55e6d6c1 => generated 1675 bytes in 28 msecs (HTTP/1.1 200) 7 headers in 286 bytes (1 switches on core 0)
2026-08-22 11:57:46.618 7 INFO cinder.api.openstack.wsgi [req-23397795-a589-4b71-918e-d800045fb498 req-0c373551-452d-4b75-9ac0-31054dec6130 5db254f8b7274e1e8c8603b6719f50c6 ca807da0169841588cbbfabcf717c80d - - default default] http://cinder-api.openstack.svc.cluster.local:8776/v3/ca807da0169841588cbbfabcf717c80d/attachments/1067f3d1-c395-4627-9f1e-748402101408 returned with HTTP 200 [pid: 7|app: 0|req: 468/944] 199.19.213.179 () {40 vars in 1135 bytes} [Sat Aug 22 11:57:45 2026] PUT /v3/ca807da0169841588cbbfabcf717c80d/attachments/1067f3d1-c395-4627-9f1e-748402101408 => generated 802 bytes in 1047 msecs (HTTP/1.1 200) 7 headers in 286 bytes (1 switches on core 0) /var/lib/openstack/lib/python3.12/site-packages/pycadf/identifier.py:70: UserWarning: Invalid uuid: cinderv3. To ensure interoperability, identifiers should be a valid uuid. warnings.warn(('Invalid uuid: %s. To ensure interoperability, '
2026-08-22 11:57:47.141 8 INFO cinder.api.openstack.wsgi [req-23397795-a589-4b71-918e-d800045fb498 req-236f0106-9c69-47f4-a094-b96e44860227 5db254f8b7274e1e8c8603b6719f50c6 ca807da0169841588cbbfabcf717c80d - - default default] POST http://cinder-api.openstack.svc.cluster.local:8776/v3/ca807da0169841588cbbfabcf717c80d/attachments/1067f3d1-c395-4627-9f1e-748402101408/action /var/lib/openstack/lib/python3.12/site-packages/oslo_context/context.py:101: DeprecationWarning: Policy enforcement is depending on the value of is_admin. This key is deprecated. Please update your policy file to use the standard policy values. warnings.warn(
2026-08-22 11:57:47.178 8 INFO cinder.api.openstack.wsgi [req-23397795-a589-4b71-918e-d800045fb498 req-236f0106-9c69-47f4-a094-b96e44860227 5db254f8b7274e1e8c8603b6719f50c6 ca807da0169841588cbbfabcf717c80d - - default default] http://cinder-api.openstack.svc.cluster.local:8776/v3/ca807da0169841588cbbfabcf717c80d/attachments/1067f3d1-c395-4627-9f1e-748402101408/action returned with HTTP 204 [pid: 8|app: 0|req: 477/945] 199.19.213.179 () {40 vars in 1148 bytes} [Sat Aug 22 11:57:47 2026] POST /v3/ca807da0169841588cbbfabcf717c80d/attachments/1067f3d1-c395-4627-9f1e-748402101408/action => generated 0 bytes in 47 msecs (HTTP/1.1 204) 7 headers in 292 bytes (1 switches on core 0) /var/lib/openstack/lib/python3.12/site-packages/pycadf/identifier.py:70: UserWarning: Invalid uuid: cinderv3. To ensure interoperability, identifiers should be a valid uuid. warnings.warn(('Invalid uuid: %s. To ensure interoperability, '
2026-08-22 11:57:49.587 7 INFO cinder.api.openstack.wsgi [req-b484652a-c881-42c2-a54e-30c9251e7dbb req-745b3cb7-7f06-4468-9267-a489a7e89963 5db254f8b7274e1e8c8603b6719f50c6 ca807da0169841588cbbfabcf717c80d - - default default] GET http://cinder-api.openstack.svc.cluster.local:8776/v3/ca807da0169841588cbbfabcf717c80d/volumes/8a4553c3-70d3-4306-a985-6e3c55e6d6c1 /var/lib/openstack/lib/python3.12/site-packages/oslo_context/context.py:101: DeprecationWarning: Policy enforcement is depending on the value of is_admin. This key is deprecated. Please update your policy file to use the standard policy values. warnings.warn(
2026-08-22 11:57:49.603 7 INFO cinder.volume.api [req-b484652a-c881-42c2-a54e-30c9251e7dbb req-745b3cb7-7f06-4468-9267-a489a7e89963 5db254f8b7274e1e8c8603b6719f50c6 ca807da0169841588cbbfabcf717c80d - - default default] Volume info retrieved successfully.
2026-08-22 11:57:49.610 7 INFO cinder.api.openstack.wsgi [req-b484652a-c881-42c2-a54e-30c9251e7dbb req-745b3cb7-7f06-4468-9267-a489a7e89963 5db254f8b7274e1e8c8603b6719f50c6 ca807da0169841588cbbfabcf717c80d - - default default] http://cinder-api.openstack.svc.cluster.local:8776/v3/ca807da0169841588cbbfabcf717c80d/volumes/8a4553c3-70d3-4306-a985-6e3c55e6d6c1 returned with HTTP 200 [pid: 7|app: 0|req: 469/946] 199.19.213.179 () {32 vars in 825 bytes} [Sat Aug 22 11:57:49 2026] GET /v3/ca807da0169841588cbbfabcf717c80d/volumes/8a4553c3-70d3-4306-a985-6e3c55e6d6c1 => generated 1973 bytes in 32 msecs (HTTP/1.1 200) 7 headers in 286 bytes (1 switches on core 0)
2026-08-22 11:57:51.907 8 INFO cinder.api.openstack.wsgi [req-23397795-a589-4b71-918e-d800045fb498 req-236f0106-9c69-47f4-a094-b96e44860227 5db254f8b7274e1e8c8603b6719f50c6 ca807da0169841588cbbfabcf717c80d - - default default] GET http://10.0.0.99:8776/
2026-08-22 11:57:51.908 7 INFO cinder.api.openstack.wsgi [req-b484652a-c881-42c2-a54e-30c9251e7dbb req-745b3cb7-7f06-4468-9267-a489a7e89963 5db254f8b7274e1e8c8603b6719f50c6 ca807da0169841588cbbfabcf717c80d - - default default] GET http://10.0.0.99:8776/
2026-08-22 11:57:51.909 8 INFO cinder.api.openstack.wsgi [req-23397795-a589-4b71-918e-d800045fb498 req-236f0106-9c69-47f4-a094-b96e44860227 5db254f8b7274e1e8c8603b6719f50c6 ca807da0169841588cbbfabcf717c80d - - default default] http://10.0.0.99:8776/ returned with HTTP 300
2026-08-22 11:57:51.910 7 INFO cinder.api.openstack.wsgi [req-b484652a-c881-42c2-a54e-30c9251e7dbb req-745b3cb7-7f06-4468-9267-a489a7e89963 5db254f8b7274e1e8c8603b6719f50c6 ca807da0169841588cbbfabcf717c80d - - default default] http://10.0.0.99:8776/ returned with HTTP 300 /var/lib/openstack/lib/python3.12/site-packages/pycadf/identifier.py:70: UserWarning: Invalid uuid: cinderv3. To ensure interoperability, identifiers should be a valid uuid. warnings.warn(('Invalid uuid: %s. To ensure interoperability, '
2026-08-22 11:57:52.484 7 INFO cinder.api.openstack.wsgi [req-b484652a-c881-42c2-a54e-30c9251e7dbb req-9bb266d2-2317-43ee-b5b8-5153ccf10549 5db254f8b7274e1e8c8603b6719f50c6 ca807da0169841588cbbfabcf717c80d - - default default] GET http://cinder-api.openstack.svc.cluster.local:8776/v3/ca807da0169841588cbbfabcf717c80d/volumes/8a4553c3-70d3-4306-a985-6e3c55e6d6c1 /var/lib/openstack/lib/python3.12/site-packages/oslo_context/context.py:101: DeprecationWarning: Policy enforcement is depending on the value of is_admin. This key is deprecated. Please update your policy file to use the standard policy values. warnings.warn(
2026-08-22 11:57:52.503 7 INFO cinder.volume.api [req-b484652a-c881-42c2-a54e-30c9251e7dbb req-9bb266d2-2317-43ee-b5b8-5153ccf10549 5db254f8b7274e1e8c8603b6719f50c6 ca807da0169841588cbbfabcf717c80d - - default default] Volume info retrieved successfully.
2026-08-22 11:57:52.509 7 INFO cinder.api.openstack.wsgi [req-b484652a-c881-42c2-a54e-30c9251e7dbb req-9bb266d2-2317-43ee-b5b8-5153ccf10549 5db254f8b7274e1e8c8603b6719f50c6 ca807da0169841588cbbfabcf717c80d - - default default] http://cinder-api.openstack.svc.cluster.local:8776/v3/ca807da0169841588cbbfabcf717c80d/volumes/8a4553c3-70d3-4306-a985-6e3c55e6d6c1 returned with HTTP 200 [pid: 7|app: 0|req: 471/949] 199.19.213.179 () {32 vars in 825 bytes} [Sat Aug 22 11:57:52 2026] GET /v3/ca807da0169841588cbbfabcf717c80d/volumes/8a4553c3-70d3-4306-a985-6e3c55e6d6c1 => generated 1973 bytes in 32 msecs (HTTP/1.1 200) 7 headers in 286 bytes (1 switches on core 0) /var/lib/openstack/lib/python3.12/site-packages/pycadf/identifier.py:70: UserWarning: Invalid uuid: cinderv3. To ensure interoperability, identifiers should be a valid uuid. warnings.warn(('Invalid uuid: %s. To ensure interoperability, '
2026-08-22 11:57:55.778 8 INFO cinder.api.openstack.wsgi [req-b484652a-c881-42c2-a54e-30c9251e7dbb req-d7e393e2-be63-49d9-9ac4-924541748ce0 5db254f8b7274e1e8c8603b6719f50c6 ca807da0169841588cbbfabcf717c80d - - default default] GET http://cinder-api.openstack.svc.cluster.local:8776/v3/ca807da0169841588cbbfabcf717c80d/volumes/8a4553c3-70d3-4306-a985-6e3c55e6d6c1 /var/lib/openstack/lib/python3.12/site-packages/oslo_context/context.py:101: DeprecationWarning: Policy enforcement is depending on the value of is_admin. This key is deprecated. Please update your policy file to use the standard policy values. warnings.warn(
2026-08-22 11:57:55.989 8 INFO cinder.volume.api [req-b484652a-c881-42c2-a54e-30c9251e7dbb req-d7e393e2-be63-49d9-9ac4-924541748ce0 5db254f8b7274e1e8c8603b6719f50c6 ca807da0169841588cbbfabcf717c80d - - default default] Volume info retrieved successfully.
2026-08-22 11:57:55.996 8 INFO cinder.api.openstack.wsgi [req-b484652a-c881-42c2-a54e-30c9251e7dbb req-d7e393e2-be63-49d9-9ac4-924541748ce0 5db254f8b7274e1e8c8603b6719f50c6 ca807da0169841588cbbfabcf717c80d - - default default] http://cinder-api.openstack.svc.cluster.local:8776/v3/ca807da0169841588cbbfabcf717c80d/volumes/8a4553c3-70d3-4306-a985-6e3c55e6d6c1 returned with HTTP 200 [pid: 8|app: 0|req: 479/950] 199.19.213.179 () {32 vars in 825 bytes} [Sat Aug 22 11:57:55 2026] GET /v3/ca807da0169841588cbbfabcf717c80d/volumes/8a4553c3-70d3-4306-a985-6e3c55e6d6c1 => generated 1973 bytes in 225 msecs (HTTP/1.1 200) 7 headers in 286 bytes (1 switches on core 0) /var/lib/openstack/lib/python3.12/site-packages/pycadf/identifier.py:70: UserWarning: Invalid uuid: cinderv3. To ensure interoperability, identifiers should be a valid uuid. warnings.warn(('Invalid uuid: %s. To ensure interoperability, '
2026-08-22 11:57:59.853 7 INFO cinder.api.openstack.wsgi [None req-31834ca7-88e0-42b8-ba90-130dfc6abcde 5db254f8b7274e1e8c8603b6719f50c6 ca807da0169841588cbbfabcf717c80d - - default default] GET http://cinder-api.openstack.svc.cluster.local:8776/v3/ca807da0169841588cbbfabcf717c80d/snapshots?all_tenants=true
2026-08-22 11:57:59.860 7 INFO cinder.volume.api [None req-31834ca7-88e0-42b8-ba90-130dfc6abcde 5db254f8b7274e1e8c8603b6719f50c6 ca807da0169841588cbbfabcf717c80d - - default default] Get all snapshots completed successfully.
2026-08-22 11:57:59.860 7 INFO cinder.api.openstack.wsgi [None req-31834ca7-88e0-42b8-ba90-130dfc6abcde 5db254f8b7274e1e8c8603b6719f50c6 ca807da0169841588cbbfabcf717c80d - - default default] http://cinder-api.openstack.svc.cluster.local:8776/v3/ca807da0169841588cbbfabcf717c80d/snapshots?all_tenants=true returned with HTTP 200 [pid: 7|app: 0|req: 472/951] 10.0.0.231 () {28 vars in 674 bytes} [Sat Aug 22 11:57:59 2026] GET /v3/ca807da0169841588cbbfabcf717c80d/snapshots?all_tenants=true => generated 17 bytes in 179 msecs (HTTP/1.1 200) 7 headers in 284 bytes (1 switches on core 0) /var/lib/openstack/lib/python3.12/site-packages/pycadf/identifier.py:70: UserWarning: Invalid uuid: cinderv3. To ensure interoperability, identifiers should be a valid uuid. warnings.warn(('Invalid uuid: %s. To ensure interoperability, '
2026-08-22 11:57:59.875 8 INFO cinder.api.openstack.wsgi [None req-443ca7fe-4562-46d9-ac52-51d404e33c06 5db254f8b7274e1e8c8603b6719f50c6 ca807da0169841588cbbfabcf717c80d - - default default] GET http://cinder-api.openstack.svc.cluster.local:8776/v3/ca807da0169841588cbbfabcf717c80d/scheduler-stats/get_pools?detail=true
2026-08-22 11:58:00.386 8 INFO cinder.api.openstack.wsgi [None req-443ca7fe-4562-46d9-ac52-51d404e33c06 5db254f8b7274e1e8c8603b6719f50c6 ca807da0169841588cbbfabcf717c80d - - default default] http://cinder-api.openstack.svc.cluster.local:8776/v3/ca807da0169841588cbbfabcf717c80d/scheduler-stats/get_pools?detail=true returned with HTTP 200 [pid: 8|app: 0|req: 480/952] 10.0.0.231 () {28 vars in 696 bytes} [Sat Aug 22 11:57:59 2026] GET /v3/ca807da0169841588cbbfabcf717c80d/scheduler-stats/get_pools?detail=true => generated 670 bytes in 522 msecs (HTTP/1.1 200) 7 headers in 285 bytes (1 switches on core 0)
2026-08-22 11:58:00.403 7 INFO cinder.api.openstack.wsgi [None req-565bf5b1-dccc-4207-bd85-4bc7cdd1f645 5db254f8b7274e1e8c8603b6719f50c6 ca807da0169841588cbbfabcf717c80d - - default default] GET http://cinder-api.openstack.svc.cluster.local:8776/v3/ca807da0169841588cbbfabcf717c80d/volumes/detail?all_tenants=true
2026-08-22 11:58:00.421 7 INFO cinder.volume.api [None req-565bf5b1-dccc-4207-bd85-4bc7cdd1f645 5db254f8b7274e1e8c8603b6719f50c6 ca807da0169841588cbbfabcf717c80d - - default default] Get all volumes completed successfully. /var/lib/openstack/lib/python3.12/site-packages/oslo_context/context.py:101: DeprecationWarning: Policy enforcement is depending on the value of is_admin. This key is deprecated. Please update your policy file to use the standard policy values. warnings.warn(
2026-08-22 11:58:00.429 7 INFO cinder.api.openstack.wsgi [None req-565bf5b1-dccc-4207-bd85-4bc7cdd1f645 5db254f8b7274e1e8c8603b6719f50c6 ca807da0169841588cbbfabcf717c80d - - default default] http://cinder-api.openstack.svc.cluster.local:8776/v3/ca807da0169841588cbbfabcf717c80d/volumes/detail?all_tenants=true returned with HTTP 200 [pid: 7|app: 0|req: 473/953] 10.0.0.231 () {28 vars in 684 bytes} [Sat Aug 22 11:58:00 2026] GET /v3/ca807da0169841588cbbfabcf717c80d/volumes/detail?all_tenants=true => generated 1976 bytes in 33 msecs (HTTP/1.1 200) 7 headers in 286 bytes (1 switches on core 0)
2026-08-22 11:58:00.441 8 INFO cinder.api.openstack.wsgi [None req-8432b802-b7d1-488e-8967-a8c7f9a338fe 5db254f8b7274e1e8c8603b6719f50c6 ca807da0169841588cbbfabcf717c80d - - default default] GET http://cinder-api.openstack.svc.cluster.local:8776/v3/ca807da0169841588cbbfabcf717c80d/os-services
2026-08-22 11:58:00.450 8 INFO cinder.api.openstack.wsgi [None req-8432b802-b7d1-488e-8967-a8c7f9a338fe 5db254f8b7274e1e8c8603b6719f50c6 ca807da0169841588cbbfabcf717c80d - - default default] http://cinder-api.openstack.svc.cluster.local:8776/v3/ca807da0169841588cbbfabcf717c80d/os-services returned with HTTP 200 [pid: 8|app: 0|req: 481/954] 10.0.0.231 () {28 vars in 645 bytes} [Sat Aug 22 11:58:00 2026] GET /v3/ca807da0169841588cbbfabcf717c80d/os-services => generated 646 bytes in 16 msecs (HTTP/1.1 200) 7 headers in 285 bytes (1 switches on core 0) /var/lib/openstack/lib/python3.12/site-packages/pycadf/identifier.py:70: UserWarning: Invalid uuid: cinderv3. To ensure interoperability, identifiers should be a valid uuid. warnings.warn(('Invalid uuid: %s. To ensure interoperability, '
2026-08-22 11:58:00.464 7 INFO cinder.api.openstack.wsgi [None req-01ede570-bff6-4ac6-92ed-d33e6b0e3d7b 5db254f8b7274e1e8c8603b6719f50c6 ca807da0169841588cbbfabcf717c80d - - default default] GET http://cinder-api.openstack.svc.cluster.local:8776/v3/ca807da0169841588cbbfabcf717c80d/volumes/detail?all_tenants=true
2026-08-22 11:58:00.480 7 INFO cinder.volume.api [None req-01ede570-bff6-4ac6-92ed-d33e6b0e3d7b 5db254f8b7274e1e8c8603b6719f50c6 ca807da0169841588cbbfabcf717c80d - - default default] Get all volumes completed successfully. /var/lib/openstack/lib/python3.12/site-packages/oslo_context/context.py:101: DeprecationWarning: Policy enforcement is depending on the value of is_admin. This key is deprecated. Please update your policy file to use the standard policy values. warnings.warn(
2026-08-22 11:58:00.488 7 INFO cinder.api.openstack.wsgi [None req-01ede570-bff6-4ac6-92ed-d33e6b0e3d7b 5db254f8b7274e1e8c8603b6719f50c6 ca807da0169841588cbbfabcf717c80d - - default default] http://cinder-api.openstack.svc.cluster.local:8776/v3/ca807da0169841588cbbfabcf717c80d/volumes/detail?all_tenants=true returned with HTTP 200 [pid: 7|app: 0|req: 474/955] 10.0.0.231 () {28 vars in 684 bytes} [Sat Aug 22 11:58:00 2026] GET /v3/ca807da0169841588cbbfabcf717c80d/volumes/detail?all_tenants=true => generated 1976 bytes in 34 msecs (HTTP/1.1 200) 7 headers in 286 bytes (1 switches on core 0)
2026-08-22 11:58:00.539 8 INFO cinder.api.openstack.wsgi [None req-18e7db47-c053-4483-89c6-a2fd9199e0eb 5db254f8b7274e1e8c8603b6719f50c6 ca807da0169841588cbbfabcf717c80d - - default default] GET http://cinder-api.openstack.svc.cluster.local:8776/v3/ca807da0169841588cbbfabcf717c80d/os-quota-sets/0e8062b5bf244231b8e84683baddc0bb?usage=true
2026-08-22 11:58:00.575 8 INFO cinder.api.openstack.wsgi [None req-18e7db47-c053-4483-89c6-a2fd9199e0eb 5db254f8b7274e1e8c8603b6719f50c6 ca807da0169841588cbbfabcf717c80d - - default default] http://cinder-api.openstack.svc.cluster.local:8776/v3/ca807da0169841588cbbfabcf717c80d/os-quota-sets/0e8062b5bf244231b8e84683baddc0bb?usage=true returned with HTTP 200 [pid: 8|app: 0|req: 482/956] 10.0.0.231 () {28 vars in 736 bytes} [Sat Aug 22 11:58:00 2026] GET /v3/ca807da0169841588cbbfabcf717c80d/os-quota-sets/0e8062b5bf244231b8e84683baddc0bb?usage=true => generated 845 bytes in 45 msecs (HTTP/1.1 200) 7 headers in 285 bytes (1 switches on core 0) /var/lib/openstack/lib/python3.12/site-packages/pycadf/identifier.py:70: UserWarning: Invalid uuid: cinderv3. To ensure interoperability, identifiers should be a valid uuid. warnings.warn(('Invalid uuid: %s. To ensure interoperability, '
2026-08-22 11:58:00.589 7 INFO cinder.api.openstack.wsgi [None req-d4282850-df12-422b-a187-a1f89409c9a0 5db254f8b7274e1e8c8603b6719f50c6 ca807da0169841588cbbfabcf717c80d - - default default] GET http://cinder-api.openstack.svc.cluster.local:8776/v3/ca807da0169841588cbbfabcf717c80d/os-quota-sets/162637f3d70946f7a0880ca8d41e8b6b?usage=true
2026-08-22 11:58:00.623 7 INFO cinder.api.openstack.wsgi [None req-d4282850-df12-422b-a187-a1f89409c9a0 5db254f8b7274e1e8c8603b6719f50c6 ca807da0169841588cbbfabcf717c80d - - default default] http://cinder-api.openstack.svc.cluster.local:8776/v3/ca807da0169841588cbbfabcf717c80d/os-quota-sets/162637f3d70946f7a0880ca8d41e8b6b?usage=true returned with HTTP 200 [pid: 7|app: 0|req: 475/957] 10.0.0.231 () {28 vars in 736 bytes} [Sat Aug 22 11:58:00 2026] GET /v3/ca807da0169841588cbbfabcf717c80d/os-quota-sets/162637f3d70946f7a0880ca8d41e8b6b?usage=true => generated 847 bytes in 44 msecs (HTTP/1.1 200) 7 headers in 285 bytes (1 switches on core 0)
2026-08-22 11:58:00.638 8 INFO cinder.api.openstack.wsgi [None req-7a24394b-a142-4aac-8fed-3d2772bbe928 5db254f8b7274e1e8c8603b6719f50c6 ca807da0169841588cbbfabcf717c80d - - default default] GET http://cinder-api.openstack.svc.cluster.local:8776/v3/ca807da0169841588cbbfabcf717c80d/os-quota-sets/1f3fea578d6a4934912740a018369f35?usage=true
