2026-08-22 11:49:58.947 7 INFO placement.requestlog [req-7fe9902f-61a3-4fda-aab2-e5f9b27f8686 req-2f5d8682-6683-4bc6-8222-966dbd13564e 806838da6c1146d285c63f8c2e2020f3 0e8062b5bf244231b8e84683baddc0bb - - dcf0ed382f5e4794ae3a5feafed64d2e dcf0ed382f5e4794ae3a5feafed64d2e] 199.19.213.179 "GET /resource_providers/9f52789f-8488-4298-ad2d-a38021da2297/allocations" status: 200 len: 54 microversion: 1.0 [pid: 7|app: 0|req: 289/578] 199.19.213.179 () {32 vars in 857 bytes} [Sat Aug 22 11:49:58 2026] GET /resource_providers/9f52789f-8488-4298-ad2d-a38021da2297/allocations => generated 54 bytes in 137 msecs (HTTP/1.1 200) 6 headers in 223 bytes (1 switches on core 0)
2026-08-22 11:49:58.980 8 INFO placement.requestlog [req-7fe9902f-61a3-4fda-aab2-e5f9b27f8686 req-3af31310-4c7d-42e4-b65e-13cea139ef98 806838da6c1146d285c63f8c2e2020f3 0e8062b5bf244231b8e84683baddc0bb - - dcf0ed382f5e4794ae3a5feafed64d2e dcf0ed382f5e4794ae3a5feafed64d2e] 199.19.213.179 "GET /resource_providers?in_tree=9f52789f-8488-4298-ad2d-a38021da2297" status: 200 len: 797 microversion: 1.14 [pid: 8|app: 0|req: 290/579] 199.19.213.179 () {34 vars in 892 bytes} [Sat Aug 22 11:49:58 2026] GET /resource_providers?in_tree=9f52789f-8488-4298-ad2d-a38021da2297 => generated 797 bytes in 25 msecs (HTTP/1.1 200) 6 headers in 225 bytes (1 switches on core 0)
2026-08-22 11:49:59.001 7 INFO placement.requestlog [req-7fe9902f-61a3-4fda-aab2-e5f9b27f8686 req-607ca6aa-4171-46c2-9c12-7eac104ec934 806838da6c1146d285c63f8c2e2020f3 0e8062b5bf244231b8e84683baddc0bb - - dcf0ed382f5e4794ae3a5feafed64d2e dcf0ed382f5e4794ae3a5feafed64d2e] 199.19.213.179 "GET /resource_providers/9f52789f-8488-4298-ad2d-a38021da2297/inventories" status: 200 len: 400 microversion: 1.0 [pid: 7|app: 0|req: 290/580] 199.19.213.179 () {32 vars in 857 bytes} [Sat Aug 22 11:49:58 2026] GET /resource_providers/9f52789f-8488-4298-ad2d-a38021da2297/inventories => generated 400 bytes in 13 msecs (HTTP/1.1 200) 6 headers in 224 bytes (1 switches on core 0)
2026-08-22 11:49:59.021 8 INFO placement.requestlog [req-7fe9902f-61a3-4fda-aab2-e5f9b27f8686 req-38284c7f-9e05-4e83-bdea-5c146a52883b 806838da6c1146d285c63f8c2e2020f3 0e8062b5bf244231b8e84683baddc0bb - - dcf0ed382f5e4794ae3a5feafed64d2e dcf0ed382f5e4794ae3a5feafed64d2e] 199.19.213.179 "GET /resource_providers/9f52789f-8488-4298-ad2d-a38021da2297/aggregates" status: 200 len: 53 microversion: 1.19 [pid: 8|app: 0|req: 291/581] 199.19.213.179 () {34 vars in 899 bytes} [Sat Aug 22 11:49:59 2026] GET /resource_providers/9f52789f-8488-4298-ad2d-a38021da2297/aggregates => generated 53 bytes in 14 msecs (HTTP/1.1 200) 8 headers in 295 bytes (1 switches on core 0)
2026-08-22 11:49:59.049 7 INFO placement.requestlog [req-7fe9902f-61a3-4fda-aab2-e5f9b27f8686 req-520dc72f-7ff6-4257-a7ae-d08400e0d817 806838da6c1146d285c63f8c2e2020f3 0e8062b5bf244231b8e84683baddc0bb - - dcf0ed382f5e4794ae3a5feafed64d2e dcf0ed382f5e4794ae3a5feafed64d2e] 199.19.213.179 "GET /resource_providers/9f52789f-8488-4298-ad2d-a38021da2297/traits" status: 200 len: 2175 microversion: 1.6 [pid: 7|app: 0|req: 291/582] 199.19.213.179 () {34 vars in 890 bytes} [Sat Aug 22 11:49:59 2026] GET /resource_providers/9f52789f-8488-4298-ad2d-a38021da2297/traits => generated 2175 bytes in 21 msecs (HTTP/1.1 200) 6 headers in 225 bytes (1 switches on core 0)
2026-08-22 11:49:59.071 8 INFO placement.requestlog [req-7fe9902f-61a3-4fda-aab2-e5f9b27f8686 req-1a326a6c-3a2e-48c1-90ce-af94abf851e5 806838da6c1146d285c63f8c2e2020f3 0e8062b5bf244231b8e84683baddc0bb - - dcf0ed382f5e4794ae3a5feafed64d2e dcf0ed382f5e4794ae3a5feafed64d2e] 199.19.213.179 "GET /resource_providers/9f52789f-8488-4298-ad2d-a38021da2297/allocations" status: 200 len: 54 microversion: 1.0 [pid: 8|app: 0|req: 292/583] 199.19.213.179 () {32 vars in 857 bytes} [Sat Aug 22 11:49:59 2026] GET /resource_providers/9f52789f-8488-4298-ad2d-a38021da2297/allocations => generated 54 bytes in 13 msecs (HTTP/1.1 200) 6 headers in 223 bytes (1 switches on core 0)
2026-08-22 11:50:00.758 8 INFO placement.requestlog [None req-05854c4f-36f9-45e3-8a4c-dc50fd50c7ff - - - - - -] 10.0.0.114 "GET /" status: 200 len: 136 microversion: 1.0
2026-08-22 11:50:00.759 7 INFO placement.requestlog [None req-943e2a69-e809-4b65-8dd1-a410b1146d4b - - - - - -] 10.0.0.114 "GET /" status: 200 len: 136 microversion: 1.0
2026-08-22 11:50:10.759 8 INFO placement.requestlog [None req-2601a0be-1c15-4080-8a0b-01f61d8ad4a4 - - - - - -] 10.0.0.114 "GET /" status: 200 len: 136 microversion: 1.0
2026-08-22 11:50:10.759 7 INFO placement.requestlog [None req-386f15ce-52d6-4e14-92d1-56355490050a - - - - - -] 10.0.0.114 "GET /" status: 200 len: 136 microversion: 1.0
2026-08-22 11:50:20.759 8 INFO placement.requestlog [None req-c1e83a71-8012-4520-b863-ddf0af303dc8 - - - - - -] 10.0.0.114 "GET /" status: 200 len: 136 microversion: 1.0
2026-08-22 11:50:20.760 7 INFO placement.requestlog [None req-b8db08a2-921e-41be-aa5f-f8b69c12f506 - - - - - -] 10.0.0.114 "GET /" status: 200 len: 136 microversion: 1.0
2026-08-22 11:50:30.759 8 INFO placement.requestlog [None req-a64652e6-4dcc-47cd-91e7-7f79d3adb2c9 - - - - - -] 10.0.0.114 "GET /" status: 200 len: 136 microversion: 1.0
2026-08-22 11:50:30.759 7 INFO placement.requestlog [None req-b04d7700-e1c3-4adc-b45d-7b0d17bebfd9 - - - - - -] 10.0.0.114 "GET /" status: 200 len: 136 microversion: 1.0
2026-08-22 11:50:40.760 8 INFO placement.requestlog [None req-9bf1bfb7-dd99-4937-8296-9b2c36170804 - - - - - -] 10.0.0.114 "GET /" status: 200 len: 136 microversion: 1.0
2026-08-22 11:50:40.760 7 INFO placement.requestlog [None req-c7b8756c-62bc-4a55-ace9-6848531edab9 - - - - - -] 10.0.0.114 "GET /" status: 200 len: 136 microversion: 1.0
2026-08-22 11:50:50.760 7 INFO placement.requestlog [None req-936f2826-19cb-4768-967b-af18319ba90d - - - - - -] 10.0.0.114 "GET /" status: 200 len: 136 microversion: 1.0
2026-08-22 11:50:50.760 8 INFO placement.requestlog [None req-eb9ff1fa-986e-4ecc-96f5-9225a9e6d8c2 - - - - - -] 10.0.0.114 "GET /" status: 200 len: 136 microversion: 1.0
2026-08-22 11:50:59.806 7 INFO placement.requestlog [req-810cee1d-ffc4-46e2-a663-de4cc959d7df req-c4c468be-0c3c-4c03-8662-8e297595dd28 806838da6c1146d285c63f8c2e2020f3 0e8062b5bf244231b8e84683baddc0bb - - dcf0ed382f5e4794ae3a5feafed64d2e dcf0ed382f5e4794ae3a5feafed64d2e] 199.19.213.179 "GET /resource_providers/9f52789f-8488-4298-ad2d-a38021da2297/allocations" status: 200 len: 54 microversion: 1.0 [pid: 7|app: 0|req: 298/596] 199.19.213.179 () {32 vars in 857 bytes} [Sat Aug 22 11:50:59 2026] GET /resource_providers/9f52789f-8488-4298-ad2d-a38021da2297/allocations => generated 54 bytes in 14 msecs (HTTP/1.1 200) 6 headers in 223 bytes (1 switches on core 0)
2026-08-22 11:50:59.834 8 INFO placement.requestlog [req-810cee1d-ffc4-46e2-a663-de4cc959d7df req-d10a723c-727e-43f5-acdc-9f0df928e9c1 806838da6c1146d285c63f8c2e2020f3 0e8062b5bf244231b8e84683baddc0bb - - dcf0ed382f5e4794ae3a5feafed64d2e dcf0ed382f5e4794ae3a5feafed64d2e] 199.19.213.179 "GET /resource_providers/9f52789f-8488-4298-ad2d-a38021da2297/allocations" status: 200 len: 54 microversion: 1.0 [pid: 8|app: 0|req: 299/597] 199.19.213.179 () {32 vars in 857 bytes} [Sat Aug 22 11:50:59 2026] GET /resource_providers/9f52789f-8488-4298-ad2d-a38021da2297/allocations => generated 54 bytes in 20 msecs (HTTP/1.1 200) 6 headers in 223 bytes (1 switches on core 0)
2026-08-22 11:51:00.759 7 INFO placement.requestlog [None req-1f53ad87-6694-414e-94ae-b3c35b57d4f6 - - - - - -] 10.0.0.114 "GET /" status: 200 len: 136 microversion: 1.0
2026-08-22 11:51:00.759 8 INFO placement.requestlog [None req-bb8c09e3-5c09-426f-99df-48455c1698dc - - - - - -] 10.0.0.114 "GET /" status: 200 len: 136 microversion: 1.0
2026-08-22 11:51:10.759 7 INFO placement.requestlog [None req-e1510c7e-320f-463c-a04b-0ecd07c8cf7b - - - - - -] 10.0.0.114 "GET /" status: 200 len: 136 microversion: 1.0
2026-08-22 11:51:10.759 8 INFO placement.requestlog [None req-00cf9356-b838-4f73-8181-c7f2ba24eb0a - - - - - -] 10.0.0.114 "GET /" status: 200 len: 136 microversion: 1.0
2026-08-22 11:51:20.759 7 INFO placement.requestlog [None req-a65feeb8-9360-40e3-a682-4d409efb2a8e - - - - - -] 10.0.0.114 "GET /" status: 200 len: 136 microversion: 1.0
2026-08-22 11:51:20.759 8 INFO placement.requestlog [None req-86218702-efbc-4177-8e20-af96aad727ac - - - - - -] 10.0.0.114 "GET /" status: 200 len: 136 microversion: 1.0
2026-08-22 11:51:30.759 8 INFO placement.requestlog [None req-8e16ed59-dddf-4f11-9a6b-94c3033725e8 - - - - - -] 10.0.0.114 "GET /" status: 200 len: 136 microversion: 1.0
2026-08-22 11:51:30.760 7 INFO placement.requestlog [None req-d7fd695f-09fe-4e80-a100-6bd9ef011d74 - - - - - -] 10.0.0.114 "GET /" status: 200 len: 136 microversion: 1.0
2026-08-22 11:51:40.759 8 INFO placement.requestlog [None req-46763246-7bcd-4945-829f-5d236e9f7141 - - - - - -] 10.0.0.114 "GET /" status: 200 len: 136 microversion: 1.0
2026-08-22 11:51:40.759 7 INFO placement.requestlog [None req-63f3e7e5-c810-41e5-87b6-3da2e002e51c - - - - - -] 10.0.0.114 "GET /" status: 200 len: 136 microversion: 1.0
2026-08-22 11:51:50.759 8 INFO placement.requestlog [None req-626e80e2-ae0b-47aa-988d-51bd3f60eb1d - - - - - -] 10.0.0.114 "GET /" status: 200 len: 136 microversion: 1.0
2026-08-22 11:51:50.759 7 INFO placement.requestlog [None req-7a8ce7c4-1eb0-4b6d-b175-3e0c77c99de8 - - - - - -] 10.0.0.114 "GET /" status: 200 len: 136 microversion: 1.0
2026-08-22 11:52:00.759 7 INFO placement.requestlog [None req-62fd4aa7-8d39-4f19-bd3c-2131f8312a3f - - - - - -] 10.0.0.114 "GET /" status: 200 len: 136 microversion: 1.0
2026-08-22 11:52:00.759 8 INFO placement.requestlog [None req-9af53cf7-63d2-408a-8fb6-42d39063d1c6 - - - - - -] 10.0.0.114 "GET /" status: 200 len: 136 microversion: 1.0
2026-08-22 11:52:01.848 7 INFO placement.requestlog [req-f612d363-6de0-4d38-a862-b88ab78b4781 req-57044932-b568-426a-af64-12c163d25cef 806838da6c1146d285c63f8c2e2020f3 0e8062b5bf244231b8e84683baddc0bb - - dcf0ed382f5e4794ae3a5feafed64d2e dcf0ed382f5e4794ae3a5feafed64d2e] 199.19.213.179 "GET /resource_providers/9f52789f-8488-4298-ad2d-a38021da2297/allocations" status: 200 len: 54 microversion: 1.0 [pid: 7|app: 0|req: 306/612] 199.19.213.179 () {32 vars in 857 bytes} [Sat Aug 22 11:52:01 2026] GET /resource_providers/9f52789f-8488-4298-ad2d-a38021da2297/allocations => generated 54 bytes in 23 msecs (HTTP/1.1 200) 6 headers in 223 bytes (1 switches on core 0)
2026-08-22 11:52:01.877 8 INFO placement.requestlog [req-f612d363-6de0-4d38-a862-b88ab78b4781 req-6c7ae5cb-2acc-49f4-a5f0-5968ddb31ea0 806838da6c1146d285c63f8c2e2020f3 0e8062b5bf244231b8e84683baddc0bb - - dcf0ed382f5e4794ae3a5feafed64d2e dcf0ed382f5e4794ae3a5feafed64d2e] 199.19.213.179 "GET /resource_providers/9f52789f-8488-4298-ad2d-a38021da2297/allocations" status: 200 len: 54 microversion: 1.0 [pid: 8|app: 0|req: 307/613] 199.19.213.179 () {32 vars in 857 bytes} [Sat Aug 22 11:52:01 2026] GET /resource_providers/9f52789f-8488-4298-ad2d-a38021da2297/allocations => generated 54 bytes in 21 msecs (HTTP/1.1 200) 6 headers in 223 bytes (1 switches on core 0)
2026-08-22 11:52:10.760 8 INFO placement.requestlog [None req-f1e95071-a6ca-4234-ad6c-d63ca8800775 - - - - - -] 10.0.0.114 "GET /" status: 200 len: 136 microversion: 1.0
2026-08-22 11:52:10.763 7 INFO placement.requestlog [None req-db537603-5b2d-4cf9-a816-ee5ee04217c8 - - - - - -] 10.0.0.114 "GET /" status: 200 len: 136 microversion: 1.0
2026-08-22 11:52:20.759 8 INFO placement.requestlog [None req-0bd16b61-46f9-42db-8f87-00d9954fcb17 - - - - - -] 10.0.0.114 "GET /" status: 200 len: 136 microversion: 1.0
2026-08-22 11:52:20.759 7 INFO placement.requestlog [None req-54aba8bd-9cf0-42c6-8294-47bddacf7822 - - - - - -] 10.0.0.114 "GET /" status: 200 len: 136 microversion: 1.0
2026-08-22 11:52:30.758 8 INFO placement.requestlog [None req-26720337-e1ab-49dc-a615-7ea67b6f948c - - - - - -] 10.0.0.114 "GET /" status: 200 len: 136 microversion: 1.0
2026-08-22 11:52:30.759 7 INFO placement.requestlog [None req-5880ece0-12dc-407d-8f6e-04357d1d3806 - - - - - -] 10.0.0.114 "GET /" status: 200 len: 136 microversion: 1.0
2026-08-22 11:52:40.759 7 INFO placement.requestlog [None req-eab0ac35-1b90-4fc7-b917-8192bd3767aa - - - - - -] 10.0.0.114 "GET /" status: 200 len: 136 microversion: 1.0
2026-08-22 11:52:40.759 8 INFO placement.requestlog [None req-3d7e7b7c-373b-417c-b1aa-c21e6449cb30 - - - - - -] 10.0.0.114 "GET /" status: 200 len: 136 microversion: 1.0
2026-08-22 11:52:50.760 7 INFO placement.requestlog [None req-6e66c5f3-e3d2-421a-9707-c8af1e081299 - - - - - -] 10.0.0.114 "GET /" status: 200 len: 136 microversion: 1.0
2026-08-22 11:52:50.760 8 INFO placement.requestlog [None req-328f123c-bce1-4a1c-8a44-85aeedb334fc - - - - - -] 10.0.0.114 "GET /" status: 200 len: 136 microversion: 1.0
2026-08-22 11:53:00.759 7 INFO placement.requestlog [None req-12046c89-4d0a-4902-8bbe-ebc5f262e635 - - - - - -] 10.0.0.114 "GET /" status: 200 len: 136 microversion: 1.0
2026-08-22 11:53:00.759 8 INFO placement.requestlog [None req-2823ac3e-21d5-451a-a954-8731c14274a1 - - - - - -] 10.0.0.114 "GET /" status: 200 len: 136 microversion: 1.0
2026-08-22 11:53:02.027 7 INFO placement.requestlog [req-9d702089-0b5f-49ec-ae64-264de6464dea req-4618bc1e-5021-4225-b8cb-bdb4f5ad6b22 806838da6c1146d285c63f8c2e2020f3 0e8062b5bf244231b8e84683baddc0bb - - dcf0ed382f5e4794ae3a5feafed64d2e dcf0ed382f5e4794ae3a5feafed64d2e] 199.19.213.179 "GET /resource_providers/9f52789f-8488-4298-ad2d-a38021da2297/allocations" status: 200 len: 54 microversion: 1.0 [pid: 7|app: 0|req: 313/626] 199.19.213.179 () {32 vars in 857 bytes} [Sat Aug 22 11:53:02 2026] GET /resource_providers/9f52789f-8488-4298-ad2d-a38021da2297/allocations => generated 54 bytes in 26 msecs (HTTP/1.1 200) 6 headers in 223 bytes (1 switches on core 0)
2026-08-22 11:53:02.055 8 INFO placement.requestlog [req-9d702089-0b5f-49ec-ae64-264de6464dea req-826295e8-06af-4f11-a7a4-610c55a012ab 806838da6c1146d285c63f8c2e2020f3 0e8062b5bf244231b8e84683baddc0bb - - dcf0ed382f5e4794ae3a5feafed64d2e dcf0ed382f5e4794ae3a5feafed64d2e] 199.19.213.179 "GET /resource_providers/9f52789f-8488-4298-ad2d-a38021da2297/allocations" status: 200 len: 54 microversion: 1.0 [pid: 8|app: 0|req: 314/627] 199.19.213.179 () {32 vars in 857 bytes} [Sat Aug 22 11:53:02 2026] GET /resource_providers/9f52789f-8488-4298-ad2d-a38021da2297/allocations => generated 54 bytes in 22 msecs (HTTP/1.1 200) 6 headers in 223 bytes (1 switches on core 0)
2026-08-22 11:53:10.759 7 INFO placement.requestlog [None req-d99a3213-1d17-420e-b6dd-22ba97a271e0 - - - - - -] 10.0.0.114 "GET /" status: 200 len: 136 microversion: 1.0
2026-08-22 11:53:10.760 8 INFO placement.requestlog [None req-5127a3be-7862-4410-acb8-7c45d97adecc - - - - - -] 10.0.0.114 "GET /" status: 200 len: 136 microversion: 1.0
2026-08-22 11:53:13.428 7 INFO placement.requestlog [req-9749e44f-6ca4-4cc2-ac69-7e74271663e4 req-89484e59-d7f5-4feb-983e-974a609900b6 806838da6c1146d285c63f8c2e2020f3 0e8062b5bf244231b8e84683baddc0bb - - dcf0ed382f5e4794ae3a5feafed64d2e dcf0ed382f5e4794ae3a5feafed64d2e] 10.0.0.117 "GET /allocation_candidates?limit=1000&resources=DISK_GB%3A1%2CMEMORY_MB%3A512%2CVCPU%3A1&root_required=%21COMPUTE_STATUS_DISABLED" status: 200 len: 2640 microversion: 1.36 [pid: 7|app: 0|req: 315/630] 10.0.0.117 () {34 vars in 1012 bytes} [Sat Aug 22 11:53:13 2026] GET /allocation_candidates?limit=1000&resources=DISK_GB%3A1%2CMEMORY_MB%3A512%2CVCPU%3A1&root_required=%21COMPUTE_STATUS_DISABLED => generated 2640 bytes in 182 msecs (HTTP/1.1 200) 8 headers in 297 bytes (1 switches on core 0)
2026-08-22 11:53:13.486 8 INFO placement.requestlog [req-9749e44f-6ca4-4cc2-ac69-7e74271663e4 req-6e585546-e7e4-4e1c-89a3-d29a6b75c883 806838da6c1146d285c63f8c2e2020f3 0e8062b5bf244231b8e84683baddc0bb - - dcf0ed382f5e4794ae3a5feafed64d2e dcf0ed382f5e4794ae3a5feafed64d2e] 10.0.0.117 "GET /allocations/3bbbbf55-aeb9-40d6-8de9-d3597c7f7b77" status: 200 len: 19 microversion: 1.28 [pid: 8|app: 0|req: 316/631] 10.0.0.117 () {34 vars in 861 bytes} [Sat Aug 22 11:53:13 2026] GET /allocations/3bbbbf55-aeb9-40d6-8de9-d3597c7f7b77 => generated 19 bytes in 20 msecs (HTTP/1.1 200) 8 headers in 295 bytes (1 switches on core 0)
2026-08-22 11:53:13.582 7 INFO placement.requestlog [req-9749e44f-6ca4-4cc2-ac69-7e74271663e4 req-734f166d-93a7-4a44-a909-244f31383960 806838da6c1146d285c63f8c2e2020f3 0e8062b5bf244231b8e84683baddc0bb - - dcf0ed382f5e4794ae3a5feafed64d2e dcf0ed382f5e4794ae3a5feafed64d2e] 10.0.0.117 "PUT /allocations/3bbbbf55-aeb9-40d6-8de9-d3597c7f7b77" status: 204 len: 0 microversion: 1.36 [pid: 7|app: 0|req: 316/632] 10.0.0.117 () {38 vars in 914 bytes} [Sat Aug 22 11:53:13 2026] PUT /allocations/3bbbbf55-aeb9-40d6-8de9-d3597c7f7b77 => generated 0 bytes in 91 msecs (HTTP/1.1 204) 5 headers in 199 bytes (1 switches on core 0)
2026-08-22 11:53:14.008 8 INFO placement.requestlog [req-7e15c719-e09b-44da-a5a8-aabdf458c57e req-62804a4d-f76c-42a0-9871-c93554056063 806838da6c1146d285c63f8c2e2020f3 0e8062b5bf244231b8e84683baddc0bb - - dcf0ed382f5e4794ae3a5feafed64d2e dcf0ed382f5e4794ae3a5feafed64d2e] 10.0.0.117 "GET /allocation_candidates?limit=1000&resources=DISK_GB%3A1%2CMEMORY_MB%3A512%2CVCPU%3A1&root_required=%21COMPUTE_STATUS_DISABLED" status: 200 len: 2642 microversion: 1.36 [pid: 8|app: 0|req: 317/633] 10.0.0.117 () {34 vars in 1012 bytes} [Sat Aug 22 11:53:13 2026] GET /allocation_candidates?limit=1000&resources=DISK_GB%3A1%2CMEMORY_MB%3A512%2CVCPU%3A1&root_required=%21COMPUTE_STATUS_DISABLED => generated 2642 bytes in 65 msecs (HTTP/1.1 200) 8 headers in 297 bytes (1 switches on core 0)
2026-08-22 11:53:14.051 7 INFO placement.requestlog [req-7e15c719-e09b-44da-a5a8-aabdf458c57e req-c649521a-0864-4110-ad27-515f974026c4 806838da6c1146d285c63f8c2e2020f3 0e8062b5bf244231b8e84683baddc0bb - - dcf0ed382f5e4794ae3a5feafed64d2e dcf0ed382f5e4794ae3a5feafed64d2e] 10.0.0.117 "GET /allocations/4f036992-0b87-4bd8-be4f-d2ece10b5000" status: 200 len: 19 microversion: 1.28 [pid: 7|app: 0|req: 317/634] 10.0.0.117 () {34 vars in 861 bytes} [Sat Aug 22 11:53:14 2026] GET /allocations/4f036992-0b87-4bd8-be4f-d2ece10b5000 => generated 19 bytes in 17 msecs (HTTP/1.1 200) 8 headers in 295 bytes (1 switches on core 0)
2026-08-22 11:53:14.138 8 INFO placement.requestlog [req-7e15c719-e09b-44da-a5a8-aabdf458c57e req-0945ba33-c692-44a1-9432-882f40e4ea85 806838da6c1146d285c63f8c2e2020f3 0e8062b5bf244231b8e84683baddc0bb - - dcf0ed382f5e4794ae3a5feafed64d2e dcf0ed382f5e4794ae3a5feafed64d2e] 10.0.0.117 "PUT /allocations/4f036992-0b87-4bd8-be4f-d2ece10b5000" status: 204 len: 0 microversion: 1.36 [pid: 8|app: 0|req: 318/635] 10.0.0.117 () {38 vars in 914 bytes} [Sat Aug 22 11:53:14 2026] PUT /allocations/4f036992-0b87-4bd8-be4f-d2ece10b5000 => generated 0 bytes in 80 msecs (HTTP/1.1 204) 5 headers in 199 bytes (1 switches on core 0)
2026-08-22 11:53:15.099 7 INFO placement.requestlog [req-9749e44f-6ca4-4cc2-ac69-7e74271663e4 req-b0c363cc-cd3e-434b-9ade-8723b757ab3d 806838da6c1146d285c63f8c2e2020f3 0e8062b5bf244231b8e84683baddc0bb - - dcf0ed382f5e4794ae3a5feafed64d2e dcf0ed382f5e4794ae3a5feafed64d2e] 199.19.213.179 "GET /allocations/3bbbbf55-aeb9-40d6-8de9-d3597c7f7b77" status: 200 len: 257 microversion: 1.28 [pid: 7|app: 0|req: 318/636] 199.19.213.179 () {34 vars in 863 bytes} [Sat Aug 22 11:53:15 2026] GET /allocations/3bbbbf55-aeb9-40d6-8de9-d3597c7f7b77 => generated 257 bytes in 19 msecs (HTTP/1.1 200) 8 headers in 296 bytes (1 switches on core 0)
2026-08-22 11:53:15.827 8 INFO placement.requestlog [req-7e15c719-e09b-44da-a5a8-aabdf458c57e req-33776719-a508-42c7-b19d-07931379291e 806838da6c1146d285c63f8c2e2020f3 0e8062b5bf244231b8e84683baddc0bb - - dcf0ed382f5e4794ae3a5feafed64d2e dcf0ed382f5e4794ae3a5feafed64d2e] 199.19.213.179 "GET /allocations/4f036992-0b87-4bd8-be4f-d2ece10b5000" status: 200 len: 257 microversion: 1.28 [pid: 8|app: 0|req: 319/637] 199.19.213.179 () {34 vars in 863 bytes} [Sat Aug 22 11:53:15 2026] GET /allocations/4f036992-0b87-4bd8-be4f-d2ece10b5000 => generated 257 bytes in 31 msecs (HTTP/1.1 200) 8 headers in 296 bytes (1 switches on core 0)
2026-08-22 11:53:16.163 7 INFO placement.requestlog [req-9749e44f-6ca4-4cc2-ac69-7e74271663e4 req-b3e3ac8f-df87-4b88-8135-cf4f904788e2 806838da6c1146d285c63f8c2e2020f3 0e8062b5bf244231b8e84683baddc0bb - - dcf0ed382f5e4794ae3a5feafed64d2e dcf0ed382f5e4794ae3a5feafed64d2e] 199.19.213.179 "GET /resource_providers/9f52789f-8488-4298-ad2d-a38021da2297/allocations" status: 200 len: 252 microversion: 1.0 [pid: 7|app: 0|req: 319/638] 199.19.213.179 () {32 vars in 857 bytes} [Sat Aug 22 11:53:16 2026] GET /resource_providers/9f52789f-8488-4298-ad2d-a38021da2297/allocations => generated 252 bytes in 30 msecs (HTTP/1.1 200) 6 headers in 224 bytes (1 switches on core 0)
2026-08-22 11:53:16.198 8 INFO placement.requestlog [req-9749e44f-6ca4-4cc2-ac69-7e74271663e4 req-a9b46a1a-0765-4948-82fd-07161d000b84 806838da6c1146d285c63f8c2e2020f3 0e8062b5bf244231b8e84683baddc0bb - - dcf0ed382f5e4794ae3a5feafed64d2e dcf0ed382f5e4794ae3a5feafed64d2e] 199.19.213.179 "GET /allocations/4f036992-0b87-4bd8-be4f-d2ece10b5000" status: 200 len: 257 microversion: 1.28 [pid: 8|app: 0|req: 320/639] 199.19.213.179 () {34 vars in 863 bytes} [Sat Aug 22 11:53:16 2026] GET /allocations/4f036992-0b87-4bd8-be4f-d2ece10b5000 => generated 257 bytes in 19 msecs (HTTP/1.1 200) 8 headers in 296 bytes (1 switches on core 0)
2026-08-22 11:53:16.224 7 INFO placement.requestlog [req-9749e44f-6ca4-4cc2-ac69-7e74271663e4 req-a9098cce-13c7-40dd-86de-70298a014820 806838da6c1146d285c63f8c2e2020f3 0e8062b5bf244231b8e84683baddc0bb - - dcf0ed382f5e4794ae3a5feafed64d2e dcf0ed382f5e4794ae3a5feafed64d2e] 199.19.213.179 "GET /allocations/3bbbbf55-aeb9-40d6-8de9-d3597c7f7b77" status: 200 len: 257 microversion: 1.28 [pid: 7|app: 0|req: 320/640] 199.19.213.179 () {34 vars in 863 bytes} [Sat Aug 22 11:53:16 2026] GET /allocations/3bbbbf55-aeb9-40d6-8de9-d3597c7f7b77 => generated 257 bytes in 20 msecs (HTTP/1.1 200) 8 headers in 296 bytes (1 switches on core 0)
2026-08-22 11:53:16.906 7 INFO placement.requestlog [None req-2175ef22-45d6-4d4c-9ecd-ff9f4d612380 152cc65981fe487698ffe3b84e6aec6a 0e8062b5bf244231b8e84683baddc0bb - - dcf0ed382f5e4794ae3a5feafed64d2e dcf0ed382f5e4794ae3a5feafed64d2e] 10.0.0.242 "GET /resource_providers/81a1537e-8a1e-4e14-87b5-21a838f111c2/aggregates" status: 404 len: 235 microversion: 1.1 [pid: 7|app: 0|req: 321/641] 10.0.0.242 () {32 vars in 816 bytes} [Sat Aug 22 11:53:16 2026] GET /resource_providers/81a1537e-8a1e-4e14-87b5-21a838f111c2/aggregates => generated 235 bytes in 56 msecs (HTTP/1.1 404) 5 headers in 202 bytes (1 switches on core 0)
2026-08-22 11:53:16.935 8 INFO placement.requestlog [None req-4da82991-143e-4aac-b97a-f5c2d9ec2e28 152cc65981fe487698ffe3b84e6aec6a 0e8062b5bf244231b8e84683baddc0bb - - dcf0ed382f5e4794ae3a5feafed64d2e dcf0ed382f5e4794ae3a5feafed64d2e] 10.0.0.242 "GET /resource_providers/81a1537e-8a1e-4e14-87b5-21a838f111c2/aggregates" status: 404 len: 235 microversion: 1.1 [pid: 8|app: 0|req: 321/642] 10.0.0.242 () {32 vars in 816 bytes} [Sat Aug 22 11:53:16 2026] GET /resource_providers/81a1537e-8a1e-4e14-87b5-21a838f111c2/aggregates => generated 235 bytes in 93 msecs (HTTP/1.1 404) 5 headers in 202 bytes (1 switches on core 0)
2026-08-22 11:53:16.944 7 INFO placement.requestlog [None req-43ff236f-d9e0-4351-913e-c225e30178f6 152cc65981fe487698ffe3b84e6aec6a 0e8062b5bf244231b8e84683baddc0bb - - dcf0ed382f5e4794ae3a5feafed64d2e dcf0ed382f5e4794ae3a5feafed64d2e] 10.0.0.242 "DELETE /resource_providers/81a1537e-8a1e-4e14-87b5-21a838f111c2" status: 404 len: 246 microversion: 1.1 [pid: 7|app: 0|req: 322/643] 10.0.0.242 () {34 vars in 816 bytes} [Sat Aug 22 11:53:16 2026] DELETE /resource_providers/81a1537e-8a1e-4e14-87b5-21a838f111c2 => generated 246 bytes in 15 msecs (HTTP/1.1 404) 6 headers in 231 bytes (1 switches on core 0)
2026-08-22 11:53:16.966 8 INFO placement.requestlog [None req-4a67179c-c520-4199-bf2b-ea7b0dc43da0 152cc65981fe487698ffe3b84e6aec6a 0e8062b5bf244231b8e84683baddc0bb - - dcf0ed382f5e4794ae3a5feafed64d2e dcf0ed382f5e4794ae3a5feafed64d2e] 10.0.0.242 "DELETE /resource_providers/81a1537e-8a1e-4e14-87b5-21a838f111c2" status: 404 len: 246 microversion: 1.1 [pid: 8|app: 0|req: 322/644] 10.0.0.242 () {34 vars in 816 bytes} [Sat Aug 22 11:53:16 2026] DELETE /resource_providers/81a1537e-8a1e-4e14-87b5-21a838f111c2 => generated 246 bytes in 12 msecs (HTTP/1.1 404) 6 headers in 231 bytes (1 switches on core 0)
2026-08-22 11:53:17.729 7 INFO placement.requestlog [None req-4d1edc19-a98f-42d0-a534-b5961a06a271 152cc65981fe487698ffe3b84e6aec6a 0e8062b5bf244231b8e84683baddc0bb - - dcf0ed382f5e4794ae3a5feafed64d2e dcf0ed382f5e4794ae3a5feafed64d2e] 10.0.0.242 "GET /resource_providers/3f975866-eef5-4c2b-b591-d7e046fbbc7e/aggregates" status: 404 len: 235 microversion: 1.1 [pid: 7|app: 0|req: 323/645] 10.0.0.242 () {32 vars in 816 bytes} [Sat Aug 22 11:53:17 2026] GET /resource_providers/3f975866-eef5-4c2b-b591-d7e046fbbc7e/aggregates => generated 235 bytes in 118 msecs (HTTP/1.1 404) 5 headers in 202 bytes (1 switches on core 0)
2026-08-22 11:53:17.749 7 INFO placement.requestlog [None req-dcd99d0e-e496-497a-b958-ba1c4f77b232 152cc65981fe487698ffe3b84e6aec6a 0e8062b5bf244231b8e84683baddc0bb - - dcf0ed382f5e4794ae3a5feafed64d2e dcf0ed382f5e4794ae3a5feafed64d2e] 10.0.0.242 "DELETE /resource_providers/3f975866-eef5-4c2b-b591-d7e046fbbc7e" status: 404 len: 246 microversion: 1.1 [pid: 7|app: 0|req: 324/646] 10.0.0.242 () {34 vars in 816 bytes} [Sat Aug 22 11:53:17 2026] DELETE /resource_providers/3f975866-eef5-4c2b-b591-d7e046fbbc7e => generated 246 bytes in 9 msecs (HTTP/1.1 404) 6 headers in 231 bytes (1 switches on core 0)
2026-08-22 11:53:17.789 8 INFO placement.requestlog [None req-cbfe9756-eb2f-45f0-b0d1-209273be05e6 152cc65981fe487698ffe3b84e6aec6a 0e8062b5bf244231b8e84683baddc0bb - - dcf0ed382f5e4794ae3a5feafed64d2e dcf0ed382f5e4794ae3a5feafed64d2e] 10.0.0.242 "GET /resource_providers/3f975866-eef5-4c2b-b591-d7e046fbbc7e/aggregates" status: 404 len: 235 microversion: 1.1 [pid: 8|app: 0|req: 323/647] 10.0.0.242 () {32 vars in 816 bytes} [Sat Aug 22 11:53:17 2026] GET /resource_providers/3f975866-eef5-4c2b-b591-d7e046fbbc7e/aggregates => generated 235 bytes in 125 msecs (HTTP/1.1 404) 5 headers in 202 bytes (1 switches on core 0)
2026-08-22 11:53:17.808 7 INFO placement.requestlog [None req-15327cbd-2ab5-41e0-a1b8-d78a678c4de8 152cc65981fe487698ffe3b84e6aec6a 0e8062b5bf244231b8e84683baddc0bb - - dcf0ed382f5e4794ae3a5feafed64d2e dcf0ed382f5e4794ae3a5feafed64d2e] 10.0.0.242 "DELETE /resource_providers/3f975866-eef5-4c2b-b591-d7e046fbbc7e" status: 404 len: 246 microversion: 1.1 [pid: 7|app: 0|req: 325/648] 10.0.0.242 () {34 vars in 816 bytes} [Sat Aug 22 11:53:17 2026] DELETE /resource_providers/3f975866-eef5-4c2b-b591-d7e046fbbc7e => generated 246 bytes in 8 msecs (HTTP/1.1 404) 6 headers in 231 bytes (1 switches on core 0)
2026-08-22 11:53:18.296 8 INFO placement.requestlog [req-7e15c719-e09b-44da-a5a8-aabdf458c57e req-3bab95d3-14b3-49ac-b7f7-72f66a4d6acb 806838da6c1146d285c63f8c2e2020f3 0e8062b5bf244231b8e84683baddc0bb - - dcf0ed382f5e4794ae3a5feafed64d2e dcf0ed382f5e4794ae3a5feafed64d2e] 199.19.213.179 "GET /resource_providers/9f52789f-8488-4298-ad2d-a38021da2297/allocations" status: 200 len: 252 microversion: 1.0 [pid: 8|app: 0|req: 324/649] 199.19.213.179 () {32 vars in 857 bytes} [Sat Aug 22 11:53:18 2026] GET /resource_providers/9f52789f-8488-4298-ad2d-a38021da2297/allocations => generated 252 bytes in 15 msecs (HTTP/1.1 200) 6 headers in 224 bytes (1 switches on core 0)
2026-08-22 11:53:18.320 7 INFO placement.requestlog [req-7e15c719-e09b-44da-a5a8-aabdf458c57e req-04c7224b-5a99-442a-88aa-ca4d22d5d981 806838da6c1146d285c63f8c2e2020f3 0e8062b5bf244231b8e84683baddc0bb - - dcf0ed382f5e4794ae3a5feafed64d2e dcf0ed382f5e4794ae3a5feafed64d2e] 199.19.213.179 "GET /allocations/4f036992-0b87-4bd8-be4f-d2ece10b5000" status: 200 len: 257 microversion: 1.28 [pid: 7|app: 0|req: 326/650] 199.19.213.179 () {34 vars in 863 bytes} [Sat Aug 22 11:53:18 2026] GET /allocations/4f036992-0b87-4bd8-be4f-d2ece10b5000 => generated 257 bytes in 18 msecs (HTTP/1.1 200) 8 headers in 296 bytes (1 switches on core 0)
2026-08-22 11:53:18.351 8 INFO placement.requestlog [req-7e15c719-e09b-44da-a5a8-aabdf458c57e req-da66eef2-8b18-4598-82ff-6d687d4a8ba4 806838da6c1146d285c63f8c2e2020f3 0e8062b5bf244231b8e84683baddc0bb - - dcf0ed382f5e4794ae3a5feafed64d2e dcf0ed382f5e4794ae3a5feafed64d2e] 199.19.213.179 "GET /allocations/3bbbbf55-aeb9-40d6-8de9-d3597c7f7b77" status: 200 len: 257 microversion: 1.28 [pid: 8|app: 0|req: 325/651] 199.19.213.179 () {34 vars in 863 bytes} [Sat Aug 22 11:53:18 2026] GET /allocations/3bbbbf55-aeb9-40d6-8de9-d3597c7f7b77 => generated 257 bytes in 23 msecs (HTTP/1.1 200) 8 headers in 296 bytes (1 switches on core 0)
2026-08-22 11:53:20.175 8 INFO placement.requestlog [None req-e8470762-7a22-4773-8541-c807acddcbd4 152cc65981fe487698ffe3b84e6aec6a 0e8062b5bf244231b8e84683baddc0bb - - dcf0ed382f5e4794ae3a5feafed64d2e dcf0ed382f5e4794ae3a5feafed64d2e] 10.0.0.242 "GET /resource_providers/3dfbb4e8-bbf7-442f-b044-1818b60637f8/aggregates" status: 404 len: 235 microversion: 1.1 [pid: 8|app: 0|req: 326/652] 10.0.0.242 () {32 vars in 816 bytes} [Sat Aug 22 11:53:20 2026] GET /resource_providers/3dfbb4e8-bbf7-442f-b044-1818b60637f8/aggregates => generated 235 bytes in 12 msecs (HTTP/1.1 404) 5 headers in 202 bytes (1 switches on core 0)
2026-08-22 11:53:20.178 7 INFO placement.requestlog [None req-4c4a022b-6b07-41ef-8fc7-5bb23ca1e95a 152cc65981fe487698ffe3b84e6aec6a 0e8062b5bf244231b8e84683baddc0bb - - dcf0ed382f5e4794ae3a5feafed64d2e dcf0ed382f5e4794ae3a5feafed64d2e] 10.0.0.242 "GET /resource_providers/3dfbb4e8-bbf7-442f-b044-1818b60637f8/aggregates" status: 404 len: 235 microversion: 1.1 [pid: 7|app: 0|req: 327/653] 10.0.0.242 () {32 vars in 816 bytes} [Sat Aug 22 11:53:20 2026] GET /resource_providers/3dfbb4e8-bbf7-442f-b044-1818b60637f8/aggregates => generated 235 bytes in 15 msecs (HTTP/1.1 404) 5 headers in 202 bytes (1 switches on core 0)
2026-08-22 11:53:20.207 8 INFO placement.requestlog [None req-77ac8a1f-7226-4368-adda-dea666283955 152cc65981fe487698ffe3b84e6aec6a 0e8062b5bf244231b8e84683baddc0bb - - dcf0ed382f5e4794ae3a5feafed64d2e dcf0ed382f5e4794ae3a5feafed64d2e] 10.0.0.242 "DELETE /resource_providers/3dfbb4e8-bbf7-442f-b044-1818b60637f8" status: 404 len: 246 microversion: 1.1 [pid: 8|app: 0|req: 327/654] 10.0.0.242 () {34 vars in 816 bytes} [Sat Aug 22 11:53:20 2026] DELETE /resource_providers/3dfbb4e8-bbf7-442f-b044-1818b60637f8 => generated 246 bytes in 14 msecs (HTTP/1.1 404) 6 headers in 231 bytes (1 switches on core 0)
2026-08-22 11:53:20.210 7 INFO placement.requestlog [None req-fe87fd36-d6ea-4509-8700-d004a63d6146 152cc65981fe487698ffe3b84e6aec6a 0e8062b5bf244231b8e84683baddc0bb - - dcf0ed382f5e4794ae3a5feafed64d2e dcf0ed382f5e4794ae3a5feafed64d2e] 10.0.0.242 "DELETE /resource_providers/3dfbb4e8-bbf7-442f-b044-1818b60637f8" status: 404 len: 246 microversion: 1.1 [pid: 7|app: 0|req: 328/655] 10.0.0.242 () {34 vars in 816 bytes} [Sat Aug 22 11:53:20 2026] DELETE /resource_providers/3dfbb4e8-bbf7-442f-b044-1818b60637f8 => generated 246 bytes in 17 msecs (HTTP/1.1 404) 6 headers in 231 bytes (1 switches on core 0)
2026-08-22 11:53:20.759 8 INFO placement.requestlog [None req-c2c907e7-f3b5-4263-8814-4fd2997115d8 - - - - - -] 10.0.0.114 "GET /" status: 200 len: 136 microversion: 1.0
2026-08-22 11:53:20.759 7 INFO placement.requestlog [None req-1ab48ab9-47fb-444d-9667-fd373d689262 - - - - - -] 10.0.0.114 "GET /" status: 200 len: 136 microversion: 1.0
2026-08-22 11:53:22.240 8 INFO placement.requestlog [None req-cb1f3836-773a-42cf-a6ce-826617d2a9f5 152cc65981fe487698ffe3b84e6aec6a 0e8062b5bf244231b8e84683baddc0bb - - dcf0ed382f5e4794ae3a5feafed64d2e dcf0ed382f5e4794ae3a5feafed64d2e] 10.0.0.242 "GET /resource_providers/acb8e6c6-3794-463e-a69d-df36ce1a8025/aggregates" status: 404 len: 235 microversion: 1.1 [pid: 8|app: 0|req: 329/658] 10.0.0.242 () {32 vars in 816 bytes} [Sat Aug 22 11:53:22 2026] GET /resource_providers/acb8e6c6-3794-463e-a69d-df36ce1a8025/aggregates => generated 235 bytes in 10 msecs (HTTP/1.1 404) 5 headers in 202 bytes (1 switches on core 0)
2026-08-22 11:53:22.248 7 INFO placement.requestlog [None req-f2c4892b-25cc-422f-a362-9e4a5583f59b 152cc65981fe487698ffe3b84e6aec6a 0e8062b5bf244231b8e84683baddc0bb - - dcf0ed382f5e4794ae3a5feafed64d2e dcf0ed382f5e4794ae3a5feafed64d2e] 10.0.0.242 "GET /resource_providers/acb8e6c6-3794-463e-a69d-df36ce1a8025/aggregates" status: 404 len: 235 microversion: 1.1 [pid: 7|app: 0|req: 330/659] 10.0.0.242 () {32 vars in 816 bytes} [Sat Aug 22 11:53:22 2026] GET /resource_providers/acb8e6c6-3794-463e-a69d-df36ce1a8025/aggregates => generated 235 bytes in 18 msecs (HTTP/1.1 404) 5 headers in 202 bytes (1 switches on core 0)
2026-08-22 11:53:22.264 8 INFO placement.requestlog [None req-164450e0-7a32-4aa2-aa0d-90d29774875a 152cc65981fe487698ffe3b84e6aec6a 0e8062b5bf244231b8e84683baddc0bb - - dcf0ed382f5e4794ae3a5feafed64d2e dcf0ed382f5e4794ae3a5feafed64d2e] 10.0.0.242 "DELETE /resource_providers/acb8e6c6-3794-463e-a69d-df36ce1a8025" status: 404 len: 246 microversion: 1.1 [pid: 8|app: 0|req: 330/660] 10.0.0.242 () {34 vars in 816 bytes} [Sat Aug 22 11:53:22 2026] DELETE /resource_providers/acb8e6c6-3794-463e-a69d-df36ce1a8025 => generated 246 bytes in 12 msecs (HTTP/1.1 404) 6 headers in 231 bytes (1 switches on core 0)
2026-08-22 11:53:22.267 7 INFO placement.requestlog [None req-9a8c54a9-f958-4a76-9950-097f658ace46 152cc65981fe487698ffe3b84e6aec6a 0e8062b5bf244231b8e84683baddc0bb - - dcf0ed382f5e4794ae3a5feafed64d2e dcf0ed382f5e4794ae3a5feafed64d2e] 10.0.0.242 "DELETE /resource_providers/acb8e6c6-3794-463e-a69d-df36ce1a8025" status: 404 len: 246 microversion: 1.1 [pid: 7|app: 0|req: 331/661] 10.0.0.242 () {34 vars in 816 bytes} [Sat Aug 22 11:53:22 2026] DELETE /resource_providers/acb8e6c6-3794-463e-a69d-df36ce1a8025 => generated 246 bytes in 9 msecs (HTTP/1.1 404) 6 headers in 231 bytes (1 switches on core 0)
2026-08-22 11:53:30.759 8 INFO placement.requestlog [None req-d3aa3f12-d6f2-4c9e-bfcb-1db28af61996 - - - - - -] 10.0.0.114 "GET /" status: 200 len: 136 microversion: 1.0
2026-08-22 11:53:30.760 7 INFO placement.requestlog [None req-fd12e515-fa5b-4eeb-bf21-575587fa3d09 - - - - - -] 10.0.0.114 "GET /" status: 200 len: 136 microversion: 1.0
2026-08-22 11:53:32.805 8 INFO placement.requestlog [req-d88327ad-e48b-452c-aedb-9c1d0ac1cf8b req-9271b53f-f058-4ab3-8737-008f78e493a5 806838da6c1146d285c63f8c2e2020f3 0e8062b5bf244231b8e84683baddc0bb - - dcf0ed382f5e4794ae3a5feafed64d2e dcf0ed382f5e4794ae3a5feafed64d2e] 10.0.0.117 "GET /allocation_candidates?limit=1000&resources=MEMORY_MB%3A512%2CVCPU%3A1&root_required=%21COMPUTE_STATUS_DISABLED" status: 200 len: 2629 microversion: 1.36 [pid: 8|app: 0|req: 332/664] 10.0.0.117 () {34 vars in 984 bytes} [Sat Aug 22 11:53:32 2026] GET /allocation_candidates?limit=1000&resources=MEMORY_MB%3A512%2CVCPU%3A1&root_required=%21COMPUTE_STATUS_DISABLED => generated 2629 bytes in 75 msecs (HTTP/1.1 200) 8 headers in 297 bytes (1 switches on core 0)
2026-08-22 11:53:32.843 7 INFO placement.requestlog [req-d88327ad-e48b-452c-aedb-9c1d0ac1cf8b req-47e1a418-301d-4209-beb3-e21b3499bbe2 806838da6c1146d285c63f8c2e2020f3 0e8062b5bf244231b8e84683baddc0bb - - dcf0ed382f5e4794ae3a5feafed64d2e dcf0ed382f5e4794ae3a5feafed64d2e] 10.0.0.117 "GET /allocations/b1cf69ed-1ed1-472b-8125-5eb9e5e91ea2" status: 200 len: 19 microversion: 1.28 [pid: 7|app: 0|req: 333/665] 10.0.0.117 () {34 vars in 861 bytes} [Sat Aug 22 11:53:32 2026] GET /allocations/b1cf69ed-1ed1-472b-8125-5eb9e5e91ea2 => generated 19 bytes in 12 msecs (HTTP/1.1 200) 8 headers in 295 bytes (1 switches on core 0)
2026-08-22 11:53:32.950 8 INFO placement.requestlog [req-d88327ad-e48b-452c-aedb-9c1d0ac1cf8b req-e5262937-e0b7-45d4-8ae1-3af7ea0fb196 806838da6c1146d285c63f8c2e2020f3 0e8062b5bf244231b8e84683baddc0bb - - dcf0ed382f5e4794ae3a5feafed64d2e dcf0ed382f5e4794ae3a5feafed64d2e] 10.0.0.117 "PUT /allocations/b1cf69ed-1ed1-472b-8125-5eb9e5e91ea2" status: 204 len: 0 microversion: 1.36 [pid: 8|app: 0|req: 333/666] 10.0.0.117 () {38 vars in 914 bytes} [Sat Aug 22 11:53:32 2026] PUT /allocations/b1cf69ed-1ed1-472b-8125-5eb9e5e91ea2 => generated 0 bytes in 100 msecs (HTTP/1.1 204) 5 headers in 199 bytes (1 switches on core 0)
2026-08-22 11:53:34.491 7 INFO placement.requestlog [req-d88327ad-e48b-452c-aedb-9c1d0ac1cf8b req-67e82d3f-2e68-465f-8b4e-3427a0d3309a 806838da6c1146d285c63f8c2e2020f3 0e8062b5bf244231b8e84683baddc0bb - - dcf0ed382f5e4794ae3a5feafed64d2e dcf0ed382f5e4794ae3a5feafed64d2e] 199.19.213.179 "GET /allocations/b1cf69ed-1ed1-472b-8125-5eb9e5e91ea2" status: 200 len: 243 microversion: 1.28 [pid: 7|app: 0|req: 334/667] 199.19.213.179 () {34 vars in 863 bytes} [Sat Aug 22 11:53:34 2026] GET /allocations/b1cf69ed-1ed1-472b-8125-5eb9e5e91ea2 => generated 243 bytes in 13 msecs (HTTP/1.1 200) 8 headers in 296 bytes (1 switches on core 0)
2026-08-22 11:53:35.542 8 INFO placement.requestlog [req-d88327ad-e48b-452c-aedb-9c1d0ac1cf8b req-09e0c355-1086-489f-a76a-dfaf1251a736 806838da6c1146d285c63f8c2e2020f3 0e8062b5bf244231b8e84683baddc0bb - - dcf0ed382f5e4794ae3a5feafed64d2e dcf0ed382f5e4794ae3a5feafed64d2e] 199.19.213.179 "GET /resource_providers/9f52789f-8488-4298-ad2d-a38021da2297/allocations" status: 200 len: 338 microversion: 1.0 [pid: 8|app: 0|req: 334/668] 199.19.213.179 () {32 vars in 857 bytes} [Sat Aug 22 11:53:35 2026] GET /resource_providers/9f52789f-8488-4298-ad2d-a38021da2297/allocations => generated 338 bytes in 18 msecs (HTTP/1.1 200) 6 headers in 224 bytes (1 switches on core 0)
2026-08-22 11:53:35.561 7 INFO placement.requestlog [req-d88327ad-e48b-452c-aedb-9c1d0ac1cf8b req-6d91507e-5b60-4d1d-b5b7-f33ee5d1a83d 806838da6c1146d285c63f8c2e2020f3 0e8062b5bf244231b8e84683baddc0bb - - dcf0ed382f5e4794ae3a5feafed64d2e dcf0ed382f5e4794ae3a5feafed64d2e] 199.19.213.179 "GET /allocations/4f036992-0b87-4bd8-be4f-d2ece10b5000" status: 200 len: 257 microversion: 1.28 [pid: 7|app: 0|req: 335/669] 199.19.213.179 () {34 vars in 863 bytes} [Sat Aug 22 11:53:35 2026] GET /allocations/4f036992-0b87-4bd8-be4f-d2ece10b5000 => generated 257 bytes in 15 msecs (HTTP/1.1 200) 8 headers in 296 bytes (1 switches on core 0)
2026-08-22 11:53:35.583 8 INFO placement.requestlog [req-d88327ad-e48b-452c-aedb-9c1d0ac1cf8b req-7882759e-e864-45af-87ee-f671b137fad9 806838da6c1146d285c63f8c2e2020f3 0e8062b5bf244231b8e84683baddc0bb - - dcf0ed382f5e4794ae3a5feafed64d2e dcf0ed382f5e4794ae3a5feafed64d2e] 199.19.213.179 "GET /allocations/3bbbbf55-aeb9-40d6-8de9-d3597c7f7b77" status: 200 len: 257 microversion: 1.28 [pid: 8|app: 0|req: 335/670] 199.19.213.179 () {34 vars in 863 bytes} [Sat Aug 22 11:53:35 2026] GET /allocations/3bbbbf55-aeb9-40d6-8de9-d3597c7f7b77 => generated 257 bytes in 15 msecs (HTTP/1.1 200) 8 headers in 296 bytes (1 switches on core 0)
2026-08-22 11:53:35.605 7 INFO placement.requestlog [req-d88327ad-e48b-452c-aedb-9c1d0ac1cf8b req-ee9c4131-03b8-4956-a57a-9bbc790d1567 806838da6c1146d285c63f8c2e2020f3 0e8062b5bf244231b8e84683baddc0bb - - dcf0ed382f5e4794ae3a5feafed64d2e dcf0ed382f5e4794ae3a5feafed64d2e] 199.19.213.179 "GET /allocations/b1cf69ed-1ed1-472b-8125-5eb9e5e91ea2" status: 200 len: 243 microversion: 1.28 [pid: 7|app: 0|req: 336/671] 199.19.213.179 () {34 vars in 863 bytes} [Sat Aug 22 11:53:35 2026] GET /allocations/b1cf69ed-1ed1-472b-8125-5eb9e5e91ea2 => generated 243 bytes in 17 msecs (HTTP/1.1 200) 8 headers in 296 bytes (1 switches on core 0)
2026-08-22 11:53:39.806 8 INFO placement.requestlog [req-dc27d152-3c93-49c7-b204-77251aa417ef req-bf491dd5-77cd-4c83-8ac8-f08d9bbe065e 806838da6c1146d285c63f8c2e2020f3 0e8062b5bf244231b8e84683baddc0bb - - dcf0ed382f5e4794ae3a5feafed64d2e dcf0ed382f5e4794ae3a5feafed64d2e] 199.19.213.179 "GET /resource_providers/9f52789f-8488-4298-ad2d-a38021da2297/allocations" status: 200 len: 338 microversion: 1.0 [pid: 8|app: 0|req: 336/672] 199.19.213.179 () {32 vars in 857 bytes} [Sat Aug 22 11:53:39 2026] GET /resource_providers/9f52789f-8488-4298-ad2d-a38021da2297/allocations => generated 338 bytes in 28 msecs (HTTP/1.1 200) 6 headers in 224 bytes (1 switches on core 0)
2026-08-22 11:53:39.825 7 INFO placement.requestlog [req-dc27d152-3c93-49c7-b204-77251aa417ef req-b4ff7c76-0a5f-4875-ae8f-401d93ead8d6 806838da6c1146d285c63f8c2e2020f3 0e8062b5bf244231b8e84683baddc0bb - - dcf0ed382f5e4794ae3a5feafed64d2e dcf0ed382f5e4794ae3a5feafed64d2e] 199.19.213.179 "GET /allocations/4f036992-0b87-4bd8-be4f-d2ece10b5000" status: 200 len: 257 microversion: 1.28 [pid: 7|app: 0|req: 337/673] 199.19.213.179 () {34 vars in 863 bytes} [Sat Aug 22 11:53:39 2026] GET /allocations/4f036992-0b87-4bd8-be4f-d2ece10b5000 => generated 257 bytes in 13 msecs (HTTP/1.1 200) 8 headers in 296 bytes (1 switches on core 0)
2026-08-22 11:53:39.845 8 INFO placement.requestlog [req-dc27d152-3c93-49c7-b204-77251aa417ef req-27dd2bb4-2d69-4487-a894-a23b9eef17b1 806838da6c1146d285c63f8c2e2020f3 0e8062b5bf244231b8e84683baddc0bb - - dcf0ed382f5e4794ae3a5feafed64d2e dcf0ed382f5e4794ae3a5feafed64d2e] 199.19.213.179 "GET /allocations/3bbbbf55-aeb9-40d6-8de9-d3597c7f7b77" status: 200 len: 257 microversion: 1.28 [pid: 8|app: 0|req: 337/674] 199.19.213.179 () {34 vars in 863 bytes} [Sat Aug 22 11:53:39 2026] GET /allocations/3bbbbf55-aeb9-40d6-8de9-d3597c7f7b77 => generated 257 bytes in 13 msecs (HTTP/1.1 200) 8 headers in 296 bytes (1 switches on core 0)
2026-08-22 11:53:39.870 7 INFO placement.requestlog [req-dc27d152-3c93-49c7-b204-77251aa417ef req-1f877a50-17c3-4d58-a5a6-80263218858c 806838da6c1146d285c63f8c2e2020f3 0e8062b5bf244231b8e84683baddc0bb - - dcf0ed382f5e4794ae3a5feafed64d2e dcf0ed382f5e4794ae3a5feafed64d2e] 199.19.213.179 "GET /allocations/b1cf69ed-1ed1-472b-8125-5eb9e5e91ea2" status: 200 len: 243 microversion: 1.28 [pid: 7|app: 0|req: 338/675] 199.19.213.179 () {34 vars in 863 bytes} [Sat Aug 22 11:53:39 2026] GET /allocations/b1cf69ed-1ed1-472b-8125-5eb9e5e91ea2 => generated 243 bytes in 19 msecs (HTTP/1.1 200) 8 headers in 296 bytes (1 switches on core 0)
2026-08-22 11:53:40.759 8 INFO placement.requestlog [None req-0b0dcc87-5576-412b-979c-e852bd8c9b83 - - - - - -] 10.0.0.114 "GET /" status: 200 len: 136 microversion: 1.0
2026-08-22 11:53:40.760 7 INFO placement.requestlog [None req-78eecf49-da30-4687-a8ac-5e75c1ef2ae7 - - - - - -] 10.0.0.114 "GET /" status: 200 len: 136 microversion: 1.0
2026-08-22 11:53:40.924 8 INFO placement.requestlog [req-dc27d152-3c93-49c7-b204-77251aa417ef req-f3d322ad-0518-40e4-b6a5-5d1f2815184d 806838da6c1146d285c63f8c2e2020f3 0e8062b5bf244231b8e84683baddc0bb - - dcf0ed382f5e4794ae3a5feafed64d2e dcf0ed382f5e4794ae3a5feafed64d2e] 199.19.213.179 "DELETE /allocations/3bbbbf55-aeb9-40d6-8de9-d3597c7f7b77" status: 204 len: 0 microversion: 1.0 [pid: 8|app: 0|req: 339/678] 199.19.213.179 () {34 vars in 841 bytes} [Sat Aug 22 11:53:40 2026] DELETE /allocations/3bbbbf55-aeb9-40d6-8de9-d3597c7f7b77 => generated 0 bytes in 29 msecs (HTTP/1.1 204) 5 headers in 198 bytes (1 switches on core 0)
2026-08-22 11:53:45.118 7 INFO placement.requestlog [None req-a1c1103f-3301-4e73-b993-d76d5e910629 152cc65981fe487698ffe3b84e6aec6a 0e8062b5bf244231b8e84683baddc0bb - - dcf0ed382f5e4794ae3a5feafed64d2e dcf0ed382f5e4794ae3a5feafed64d2e] 10.0.0.242 "GET /resource_providers/b5462ce4-1d8f-4a2c-8c3a-c59e95714e1c/aggregates" status: 404 len: 235 microversion: 1.1 [pid: 7|app: 0|req: 340/679] 10.0.0.242 () {32 vars in 816 bytes} [Sat Aug 22 11:53:45 2026] GET /resource_providers/b5462ce4-1d8f-4a2c-8c3a-c59e95714e1c/aggregates => generated 235 bytes in 12 msecs (HTTP/1.1 404) 5 headers in 202 bytes (1 switches on core 0)
2026-08-22 11:53:45.131 8 INFO placement.requestlog [None req-6705ad7f-32bc-47db-891a-6c72e9dcc095 152cc65981fe487698ffe3b84e6aec6a 0e8062b5bf244231b8e84683baddc0bb - - dcf0ed382f5e4794ae3a5feafed64d2e dcf0ed382f5e4794ae3a5feafed64d2e] 10.0.0.242 "GET /resource_providers/b5462ce4-1d8f-4a2c-8c3a-c59e95714e1c/aggregates" status: 404 len: 235 microversion: 1.1 [pid: 8|app: 0|req: 340/680] 10.0.0.242 () {32 vars in 816 bytes} [Sat Aug 22 11:53:45 2026] GET /resource_providers/b5462ce4-1d8f-4a2c-8c3a-c59e95714e1c/aggregates => generated 235 bytes in 14 msecs (HTTP/1.1 404) 5 headers in 202 bytes (1 switches on core 0)
2026-08-22 11:53:45.139 7 INFO placement.requestlog [None req-6e958651-0a7c-4596-887a-258d3d93b8d0 152cc65981fe487698ffe3b84e6aec6a 0e8062b5bf244231b8e84683baddc0bb - - dcf0ed382f5e4794ae3a5feafed64d2e dcf0ed382f5e4794ae3a5feafed64d2e] 10.0.0.242 "DELETE /resource_providers/b5462ce4-1d8f-4a2c-8c3a-c59e95714e1c" status: 404 len: 246 microversion: 1.1 [pid: 7|app: 0|req: 341/681] 10.0.0.242 () {34 vars in 816 bytes} [Sat Aug 22 11:53:45 2026] DELETE /resource_providers/b5462ce4-1d8f-4a2c-8c3a-c59e95714e1c => generated 246 bytes in 11 msecs (HTTP/1.1 404) 6 headers in 231 bytes (1 switches on core 0)
2026-08-22 11:53:45.154 8 INFO placement.requestlog [None req-0c2a7e58-dadf-483b-8979-1c57fc98d610 152cc65981fe487698ffe3b84e6aec6a 0e8062b5bf244231b8e84683baddc0bb - - dcf0ed382f5e4794ae3a5feafed64d2e dcf0ed382f5e4794ae3a5feafed64d2e] 10.0.0.242 "DELETE /resource_providers/b5462ce4-1d8f-4a2c-8c3a-c59e95714e1c" status: 404 len: 246 microversion: 1.1 [pid: 8|app: 0|req: 341/682] 10.0.0.242 () {34 vars in 816 bytes} [Sat Aug 22 11:53:45 2026] DELETE /resource_providers/b5462ce4-1d8f-4a2c-8c3a-c59e95714e1c => generated 246 bytes in 15 msecs (HTTP/1.1 404) 6 headers in 231 bytes (1 switches on core 0)
2026-08-22 11:53:47.161 7 INFO placement.requestlog [None req-2e5718f2-2611-4e43-8395-cd8dc2272dfd 152cc65981fe487698ffe3b84e6aec6a 0e8062b5bf244231b8e84683baddc0bb - - dcf0ed382f5e4794ae3a5feafed64d2e dcf0ed382f5e4794ae3a5feafed64d2e] 10.0.0.242 "GET /resource_providers/b21eb594-ccf3-4604-b578-a9d8e361a020/aggregates" status: 404 len: 235 microversion: 1.1 [pid: 7|app: 0|req: 342/683] 10.0.0.242 () {32 vars in 816 bytes} [Sat Aug 22 11:53:47 2026] GET /resource_providers/b21eb594-ccf3-4604-b578-a9d8e361a020/aggregates => generated 235 bytes in 11 msecs (HTTP/1.1 404) 5 headers in 202 bytes (1 switches on core 0)
2026-08-22 11:53:47.172 8 INFO placement.requestlog [None req-3f4eb12b-dffe-47d7-8141-d921b4221f51 152cc65981fe487698ffe3b84e6aec6a 0e8062b5bf244231b8e84683baddc0bb - - dcf0ed382f5e4794ae3a5feafed64d2e dcf0ed382f5e4794ae3a5feafed64d2e] 10.0.0.242 "GET /resource_providers/b21eb594-ccf3-4604-b578-a9d8e361a020/aggregates" status: 404 len: 235 microversion: 1.1 [pid: 8|app: 0|req: 342/684] 10.0.0.242 () {32 vars in 816 bytes} [Sat Aug 22 11:53:47 2026] GET /resource_providers/b21eb594-ccf3-4604-b578-a9d8e361a020/aggregates => generated 235 bytes in 10 msecs (HTTP/1.1 404) 5 headers in 202 bytes (1 switches on core 0)
2026-08-22 11:53:47.179 7 INFO placement.requestlog [None req-775e1a25-f1da-438d-aa65-9babe8b3fe33 152cc65981fe487698ffe3b84e6aec6a 0e8062b5bf244231b8e84683baddc0bb - - dcf0ed382f5e4794ae3a5feafed64d2e dcf0ed382f5e4794ae3a5feafed64d2e] 10.0.0.242 "DELETE /resource_providers/b21eb594-ccf3-4604-b578-a9d8e361a020" status: 404 len: 246 microversion: 1.1 [pid: 7|app: 0|req: 343/685] 10.0.0.242 () {34 vars in 816 bytes} [Sat Aug 22 11:53:47 2026] DELETE /resource_providers/b21eb594-ccf3-4604-b578-a9d8e361a020 => generated 246 bytes in 7 msecs (HTTP/1.1 404) 6 headers in 231 bytes (1 switches on core 0)
2026-08-22 11:53:47.188 8 INFO placement.requestlog [None req-a0631aa0-f67a-43df-b3d6-792e177cfbc2 152cc65981fe487698ffe3b84e6aec6a 0e8062b5bf244231b8e84683baddc0bb - - dcf0ed382f5e4794ae3a5feafed64d2e dcf0ed382f5e4794ae3a5feafed64d2e] 10.0.0.242 "DELETE /resource_providers/b21eb594-ccf3-4604-b578-a9d8e361a020" status: 404 len: 246 microversion: 1.1 [pid: 8|app: 0|req: 343/686] 10.0.0.242 () {34 vars in 816 bytes} [Sat Aug 22 11:53:47 2026] DELETE /resource_providers/b21eb594-ccf3-4604-b578-a9d8e361a020 => generated 246 bytes in 8 msecs (HTTP/1.1 404) 6 headers in 231 bytes (1 switches on core 0)
2026-08-22 11:53:50.759 7 INFO placement.requestlog [None req-37a53fc0-a93c-4e0b-b0f0-0bcaf31d8fe2 - - - - - -] 10.0.0.114 "GET /" status: 200 len: 136 microversion: 1.0
2026-08-22 11:53:50.760 8 INFO placement.requestlog [None req-a34a75b6-0132-4cfe-a8d2-96d1f0092745 - - - - - -] 10.0.0.114 "GET /" status: 200 len: 136 microversion: 1.0
2026-08-22 11:53:52.710 8 INFO placement.requestlog [None req-77dc4cd8-d50d-4977-b100-62cc12f87b68 152cc65981fe487698ffe3b84e6aec6a 0e8062b5bf244231b8e84683baddc0bb - - dcf0ed382f5e4794ae3a5feafed64d2e dcf0ed382f5e4794ae3a5feafed64d2e] 10.0.0.242 "GET /resource_providers/bcd1c11a-9d8a-4d9d-bc31-66c550ff8b04/aggregates" status: 404 len: 235 microversion: 1.1
2026-08-22 11:53:52.710 7 INFO placement.requestlog [None req-35f4a1f5-6407-419c-930f-a8cfbeac7e94 152cc65981fe487698ffe3b84e6aec6a 0e8062b5bf244231b8e84683baddc0bb - - dcf0ed382f5e4794ae3a5feafed64d2e dcf0ed382f5e4794ae3a5feafed64d2e] 10.0.0.242 "GET /resource_providers/bcd1c11a-9d8a-4d9d-bc31-66c550ff8b04/aggregates" status: 404 len: 235 microversion: 1.1 [pid: 7|app: 0|req: 345/690] 10.0.0.242 () {32 vars in 816 bytes} [Sat Aug 22 11:53:52 2026] GET /resource_providers/bcd1c11a-9d8a-4d9d-bc31-66c550ff8b04/aggregates => generated 235 bytes in 10 msecs (HTTP/1.1 404) 5 headers in 202 bytes (1 switches on core 0) [pid: 8|app: 0|req: 345/690] 10.0.0.242 () {32 vars in 816 bytes} [Sat Aug 22 11:53:52 2026] GET /resource_providers/bcd1c11a-9d8a-4d9d-bc31-66c550ff8b04/aggregates => generated 235 bytes in 8 msecs (HTTP/1.1 404) 5 headers in 202 bytes (1 switches on core 0)
