2026-05-07 17:51:08.844 7 INFO cinder.api.openstack.wsgi [None req-74efab00-8dc5-4c76-9f53-533e5049d017 57590722bc3441b789f516b57e35cb1e 9c9ec20e00024795ad6c229399e6926f - - default default] http://cinder-api.openstack.svc.cluster.local:8776/v3/9c9ec20e00024795ad6c229399e6926f/os-quota-sets/59eee40e9ec24f1fae7fd1f11e055682?usage=true returned with HTTP 200 [pid: 7|app: 0|req: 422/841] 10.0.0.191 () {28 vars in 735 bytes} [Thu May 7 17:51:08 2026] GET /v3/9c9ec20e00024795ad6c229399e6926f/os-quota-sets/59eee40e9ec24f1fae7fd1f11e055682?usage=true => generated 847 bytes in 28 msecs (HTTP/1.1 200) 7 headers in 285 bytes (1 switches on core 0)
2026-05-07 17:51:08.865 8 INFO cinder.api.openstack.wsgi [None req-259a3bd0-44d0-4bbc-a183-79bb9db6d5c2 57590722bc3441b789f516b57e35cb1e 9c9ec20e00024795ad6c229399e6926f - - default default] GET http://cinder-api.openstack.svc.cluster.local:8776/v3/9c9ec20e00024795ad6c229399e6926f/os-quota-sets/6b67554d70a24672974edf341c1d690d?usage=true
2026-05-07 17:51:08.889 8 INFO cinder.api.openstack.wsgi [None req-259a3bd0-44d0-4bbc-a183-79bb9db6d5c2 57590722bc3441b789f516b57e35cb1e 9c9ec20e00024795ad6c229399e6926f - - default default] http://cinder-api.openstack.svc.cluster.local:8776/v3/9c9ec20e00024795ad6c229399e6926f/os-quota-sets/6b67554d70a24672974edf341c1d690d?usage=true returned with HTTP 200 [pid: 8|app: 0|req: 420/842] 10.0.0.191 () {28 vars in 735 bytes} [Thu May 7 17:51:08 2026] GET /v3/9c9ec20e00024795ad6c229399e6926f/os-quota-sets/6b67554d70a24672974edf341c1d690d?usage=true => generated 847 bytes in 40 msecs (HTTP/1.1 200) 7 headers in 285 bytes (1 switches on core 0)
2026-05-07 17:51:08.920 7 INFO cinder.api.openstack.wsgi [None req-930170a8-aa90-49f8-905d-7a9f36d37288 57590722bc3441b789f516b57e35cb1e 9c9ec20e00024795ad6c229399e6926f - - default default] GET http://cinder-api.openstack.svc.cluster.local:8776/v3/9c9ec20e00024795ad6c229399e6926f/os-quota-sets/74fb436f7af74508adda779c3ae2e922?usage=true
2026-05-07 17:51:08.945 7 INFO cinder.api.openstack.wsgi [None req-930170a8-aa90-49f8-905d-7a9f36d37288 57590722bc3441b789f516b57e35cb1e 9c9ec20e00024795ad6c229399e6926f - - default default] http://cinder-api.openstack.svc.cluster.local:8776/v3/9c9ec20e00024795ad6c229399e6926f/os-quota-sets/74fb436f7af74508adda779c3ae2e922?usage=true returned with HTTP 200 [pid: 7|app: 0|req: 423/843] 10.0.0.191 () {28 vars in 735 bytes} [Thu May 7 17:51:08 2026] GET /v3/9c9ec20e00024795ad6c229399e6926f/os-quota-sets/74fb436f7af74508adda779c3ae2e922?usage=true => generated 847 bytes in 32 msecs (HTTP/1.1 200) 7 headers in 285 bytes (1 switches on core 0)
2026-05-07 17:51:08.957 8 INFO cinder.api.openstack.wsgi [None req-6c500e02-2a29-45e8-af79-970e004a8662 57590722bc3441b789f516b57e35cb1e 9c9ec20e00024795ad6c229399e6926f - - default default] GET http://cinder-api.openstack.svc.cluster.local:8776/v3/9c9ec20e00024795ad6c229399e6926f/os-quota-sets/8cb4aa03546246cc8b109e8cf12a05d2?usage=true
2026-05-07 17:51:08.972 8 INFO cinder.api.openstack.wsgi [None req-6c500e02-2a29-45e8-af79-970e004a8662 57590722bc3441b789f516b57e35cb1e 9c9ec20e00024795ad6c229399e6926f - - default default] http://cinder-api.openstack.svc.cluster.local:8776/v3/9c9ec20e00024795ad6c229399e6926f/os-quota-sets/8cb4aa03546246cc8b109e8cf12a05d2?usage=true returned with HTTP 200 [pid: 8|app: 0|req: 421/844] 10.0.0.191 () {28 vars in 735 bytes} [Thu May 7 17:51:08 2026] GET /v3/9c9ec20e00024795ad6c229399e6926f/os-quota-sets/8cb4aa03546246cc8b109e8cf12a05d2?usage=true => generated 847 bytes in 23 msecs (HTTP/1.1 200) 7 headers in 285 bytes (1 switches on core 0)
2026-05-07 17:51:08.990 7 INFO cinder.api.openstack.wsgi [None req-5a94d772-c7e5-4bda-a8e4-eb7cb82c9405 57590722bc3441b789f516b57e35cb1e 9c9ec20e00024795ad6c229399e6926f - - default default] GET http://cinder-api.openstack.svc.cluster.local:8776/v3/9c9ec20e00024795ad6c229399e6926f/os-quota-sets/9c9ec20e00024795ad6c229399e6926f?usage=true
2026-05-07 17:51:09.016 7 INFO cinder.api.openstack.wsgi [None req-5a94d772-c7e5-4bda-a8e4-eb7cb82c9405 57590722bc3441b789f516b57e35cb1e 9c9ec20e00024795ad6c229399e6926f - - default default] http://cinder-api.openstack.svc.cluster.local:8776/v3/9c9ec20e00024795ad6c229399e6926f/os-quota-sets/9c9ec20e00024795ad6c229399e6926f?usage=true returned with HTTP 200 [pid: 7|app: 0|req: 424/845] 10.0.0.191 () {28 vars in 735 bytes} [Thu May 7 17:51:08 2026] GET /v3/9c9ec20e00024795ad6c229399e6926f/os-quota-sets/9c9ec20e00024795ad6c229399e6926f?usage=true => generated 845 bytes in 39 msecs (HTTP/1.1 200) 7 headers in 285 bytes (1 switches on core 0)
2026-05-07 17:51:09.029 8 INFO cinder.api.openstack.wsgi [None req-853d51d2-119d-495a-9dcc-20e9c5ef7980 57590722bc3441b789f516b57e35cb1e 9c9ec20e00024795ad6c229399e6926f - - default default] GET http://cinder-api.openstack.svc.cluster.local:8776/v3/9c9ec20e00024795ad6c229399e6926f/os-quota-sets/9e91442957f3488b8c3a1ca5c465286b?usage=true
2026-05-07 17:51:09.050 8 INFO cinder.api.openstack.wsgi [None req-853d51d2-119d-495a-9dcc-20e9c5ef7980 57590722bc3441b789f516b57e35cb1e 9c9ec20e00024795ad6c229399e6926f - - default default] http://cinder-api.openstack.svc.cluster.local:8776/v3/9c9ec20e00024795ad6c229399e6926f/os-quota-sets/9e91442957f3488b8c3a1ca5c465286b?usage=true returned with HTTP 200 [pid: 8|app: 0|req: 422/846] 10.0.0.191 () {28 vars in 735 bytes} [Thu May 7 17:51:09 2026] GET /v3/9c9ec20e00024795ad6c229399e6926f/os-quota-sets/9e91442957f3488b8c3a1ca5c465286b?usage=true => generated 847 bytes in 29 msecs (HTTP/1.1 200) 7 headers in 285 bytes (1 switches on core 0)
2026-05-07 17:51:09.062 7 INFO cinder.api.openstack.wsgi [None req-4a9742dc-b33f-41a9-a316-42d0fe01e8f9 57590722bc3441b789f516b57e35cb1e 9c9ec20e00024795ad6c229399e6926f - - default default] GET http://cinder-api.openstack.svc.cluster.local:8776/v3/9c9ec20e00024795ad6c229399e6926f/os-quota-sets/a688d95b91dd452eb16f1c63c8e11309?usage=true
2026-05-07 17:51:09.083 7 INFO cinder.api.openstack.wsgi [None req-4a9742dc-b33f-41a9-a316-42d0fe01e8f9 57590722bc3441b789f516b57e35cb1e 9c9ec20e00024795ad6c229399e6926f - - default default] http://cinder-api.openstack.svc.cluster.local:8776/v3/9c9ec20e00024795ad6c229399e6926f/os-quota-sets/a688d95b91dd452eb16f1c63c8e11309?usage=true returned with HTTP 200 [pid: 7|app: 0|req: 425/847] 10.0.0.191 () {28 vars in 735 bytes} [Thu May 7 17:51:09 2026] GET /v3/9c9ec20e00024795ad6c229399e6926f/os-quota-sets/a688d95b91dd452eb16f1c63c8e11309?usage=true => generated 845 bytes in 30 msecs (HTTP/1.1 200) 7 headers in 285 bytes (1 switches on core 0)
2026-05-07 17:51:09.094 8 INFO cinder.api.openstack.wsgi [None req-72873c37-f239-4a78-9cdb-d58ed4aa8093 57590722bc3441b789f516b57e35cb1e 9c9ec20e00024795ad6c229399e6926f - - default default] GET http://cinder-api.openstack.svc.cluster.local:8776/v3/9c9ec20e00024795ad6c229399e6926f/os-quota-sets/b8f6565c220f4919beeb7fa63d41e527?usage=true
2026-05-07 17:51:09.120 8 INFO cinder.api.openstack.wsgi [None req-72873c37-f239-4a78-9cdb-d58ed4aa8093 57590722bc3441b789f516b57e35cb1e 9c9ec20e00024795ad6c229399e6926f - - default default] http://cinder-api.openstack.svc.cluster.local:8776/v3/9c9ec20e00024795ad6c229399e6926f/os-quota-sets/b8f6565c220f4919beeb7fa63d41e527?usage=true returned with HTTP 200 [pid: 8|app: 0|req: 423/848] 10.0.0.191 () {28 vars in 735 bytes} [Thu May 7 17:51:09 2026] GET /v3/9c9ec20e00024795ad6c229399e6926f/os-quota-sets/b8f6565c220f4919beeb7fa63d41e527?usage=true => generated 847 bytes in 33 msecs (HTTP/1.1 200) 7 headers in 285 bytes (1 switches on core 0)
2026-05-07 17:51:09.130 7 INFO cinder.api.openstack.wsgi [None req-4a0ac510-1e6d-4627-84c7-4295b6149e7b 57590722bc3441b789f516b57e35cb1e 9c9ec20e00024795ad6c229399e6926f - - default default] GET http://cinder-api.openstack.svc.cluster.local:8776/v3/9c9ec20e00024795ad6c229399e6926f/os-quota-sets/b979663ec31947479490f211e5817bea?usage=true
2026-05-07 17:51:09.150 7 INFO cinder.api.openstack.wsgi [None req-4a0ac510-1e6d-4627-84c7-4295b6149e7b 57590722bc3441b789f516b57e35cb1e 9c9ec20e00024795ad6c229399e6926f - - default default] http://cinder-api.openstack.svc.cluster.local:8776/v3/9c9ec20e00024795ad6c229399e6926f/os-quota-sets/b979663ec31947479490f211e5817bea?usage=true returned with HTTP 200 [pid: 7|app: 0|req: 426/849] 10.0.0.191 () {28 vars in 735 bytes} [Thu May 7 17:51:09 2026] GET /v3/9c9ec20e00024795ad6c229399e6926f/os-quota-sets/b979663ec31947479490f211e5817bea?usage=true => generated 847 bytes in 26 msecs (HTTP/1.1 200) 7 headers in 285 bytes (1 switches on core 0)
2026-05-07 17:51:09.162 8 INFO cinder.api.openstack.wsgi [None req-522dcdba-82b9-4288-805d-568be0bdc716 57590722bc3441b789f516b57e35cb1e 9c9ec20e00024795ad6c229399e6926f - - default default] GET http://cinder-api.openstack.svc.cluster.local:8776/v3/9c9ec20e00024795ad6c229399e6926f/os-quota-sets/e842f0c3afce4503a7ad7634512fbd0b?usage=true
2026-05-07 17:51:09.181 8 INFO cinder.api.openstack.wsgi [None req-522dcdba-82b9-4288-805d-568be0bdc716 57590722bc3441b789f516b57e35cb1e 9c9ec20e00024795ad6c229399e6926f - - default default] http://cinder-api.openstack.svc.cluster.local:8776/v3/9c9ec20e00024795ad6c229399e6926f/os-quota-sets/e842f0c3afce4503a7ad7634512fbd0b?usage=true returned with HTTP 200 [pid: 8|app: 0|req: 424/850] 10.0.0.191 () {28 vars in 735 bytes} [Thu May 7 17:51:09 2026] GET /v3/9c9ec20e00024795ad6c229399e6926f/os-quota-sets/e842f0c3afce4503a7ad7634512fbd0b?usage=true => generated 847 bytes in 27 msecs (HTTP/1.1 200) 7 headers in 285 bytes (1 switches on core 0)
2026-05-07 17:51:09.192 7 INFO cinder.api.openstack.wsgi [None req-ae6ac17c-71ce-45e2-84c5-012fe18f2382 57590722bc3441b789f516b57e35cb1e 9c9ec20e00024795ad6c229399e6926f - - default default] GET http://cinder-api.openstack.svc.cluster.local:8776/v3/9c9ec20e00024795ad6c229399e6926f/os-services
2026-05-07 17:51:09.196 7 INFO cinder.api.openstack.wsgi [None req-ae6ac17c-71ce-45e2-84c5-012fe18f2382 57590722bc3441b789f516b57e35cb1e 9c9ec20e00024795ad6c229399e6926f - - default default] http://cinder-api.openstack.svc.cluster.local:8776/v3/9c9ec20e00024795ad6c229399e6926f/os-services returned with HTTP 200 [pid: 7|app: 0|req: 427/851] 10.0.0.191 () {28 vars in 644 bytes} [Thu May 7 17:51:09 2026] GET /v3/9c9ec20e00024795ad6c229399e6926f/os-services => generated 646 bytes in 10 msecs (HTTP/1.1 200) 7 headers in 285 bytes (1 switches on core 0)
2026-05-07 17:51:13.178 8 INFO cinder.api.openstack.wsgi [None req-522dcdba-82b9-4288-805d-568be0bdc716 57590722bc3441b789f516b57e35cb1e 9c9ec20e00024795ad6c229399e6926f - - default default] GET http://10.0.0.204:8776/
2026-05-07 17:51:13.178 8 INFO cinder.api.openstack.wsgi [None req-522dcdba-82b9-4288-805d-568be0bdc716 57590722bc3441b789f516b57e35cb1e 9c9ec20e00024795ad6c229399e6926f - - default default] http://10.0.0.204:8776/ returned with HTTP 300
2026-05-07 17:51:13.178 7 INFO cinder.api.openstack.wsgi [None req-ae6ac17c-71ce-45e2-84c5-012fe18f2382 57590722bc3441b789f516b57e35cb1e 9c9ec20e00024795ad6c229399e6926f - - default default] GET http://10.0.0.204:8776/
2026-05-07 17:51:13.180 7 INFO cinder.api.openstack.wsgi [None req-ae6ac17c-71ce-45e2-84c5-012fe18f2382 57590722bc3441b789f516b57e35cb1e 9c9ec20e00024795ad6c229399e6926f - - default default] http://10.0.0.204:8776/ returned with HTTP 300
2026-05-07 17:51:23.178 8 INFO cinder.api.openstack.wsgi [None req-522dcdba-82b9-4288-805d-568be0bdc716 57590722bc3441b789f516b57e35cb1e 9c9ec20e00024795ad6c229399e6926f - - default default] GET http://10.0.0.204:8776/
2026-05-07 17:51:23.178 7 INFO cinder.api.openstack.wsgi [None req-ae6ac17c-71ce-45e2-84c5-012fe18f2382 57590722bc3441b789f516b57e35cb1e 9c9ec20e00024795ad6c229399e6926f - - default default] GET http://10.0.0.204:8776/
2026-05-07 17:51:23.179 8 INFO cinder.api.openstack.wsgi [None req-522dcdba-82b9-4288-805d-568be0bdc716 57590722bc3441b789f516b57e35cb1e 9c9ec20e00024795ad6c229399e6926f - - default default] http://10.0.0.204:8776/ returned with HTTP 300
2026-05-07 17:51:23.180 7 INFO cinder.api.openstack.wsgi [None req-ae6ac17c-71ce-45e2-84c5-012fe18f2382 57590722bc3441b789f516b57e35cb1e 9c9ec20e00024795ad6c229399e6926f - - default default] http://10.0.0.204:8776/ returned with HTTP 300
2026-05-07 17:51:33.178 8 INFO cinder.api.openstack.wsgi [None req-522dcdba-82b9-4288-805d-568be0bdc716 57590722bc3441b789f516b57e35cb1e 9c9ec20e00024795ad6c229399e6926f - - default default] GET http://10.0.0.204:8776/
2026-05-07 17:51:33.178 7 INFO cinder.api.openstack.wsgi [None req-ae6ac17c-71ce-45e2-84c5-012fe18f2382 57590722bc3441b789f516b57e35cb1e 9c9ec20e00024795ad6c229399e6926f - - default default] GET http://10.0.0.204:8776/
2026-05-07 17:51:33.178 8 INFO cinder.api.openstack.wsgi [None req-522dcdba-82b9-4288-805d-568be0bdc716 57590722bc3441b789f516b57e35cb1e 9c9ec20e00024795ad6c229399e6926f - - default default] http://10.0.0.204:8776/ returned with HTTP 300
2026-05-07 17:51:33.179 7 INFO cinder.api.openstack.wsgi [None req-ae6ac17c-71ce-45e2-84c5-012fe18f2382 57590722bc3441b789f516b57e35cb1e 9c9ec20e00024795ad6c229399e6926f - - default default] http://10.0.0.204:8776/ returned with HTTP 300
2026-05-07 17:51:43.177 7 INFO cinder.api.openstack.wsgi [None req-ae6ac17c-71ce-45e2-84c5-012fe18f2382 57590722bc3441b789f516b57e35cb1e 9c9ec20e00024795ad6c229399e6926f - - default default] GET http://10.0.0.204:8776/
2026-05-07 17:51:43.177 8 INFO cinder.api.openstack.wsgi [None req-522dcdba-82b9-4288-805d-568be0bdc716 57590722bc3441b789f516b57e35cb1e 9c9ec20e00024795ad6c229399e6926f - - default default] GET http://10.0.0.204:8776/
2026-05-07 17:51:43.178 7 INFO cinder.api.openstack.wsgi [None req-ae6ac17c-71ce-45e2-84c5-012fe18f2382 57590722bc3441b789f516b57e35cb1e 9c9ec20e00024795ad6c229399e6926f - - default default] http://10.0.0.204:8776/ returned with HTTP 300
2026-05-07 17:51:43.178 8 INFO cinder.api.openstack.wsgi [None req-522dcdba-82b9-4288-805d-568be0bdc716 57590722bc3441b789f516b57e35cb1e 9c9ec20e00024795ad6c229399e6926f - - default default] http://10.0.0.204:8776/ returned with HTTP 300
2026-05-07 17:51:53.177 8 INFO cinder.api.openstack.wsgi [None req-522dcdba-82b9-4288-805d-568be0bdc716 57590722bc3441b789f516b57e35cb1e 9c9ec20e00024795ad6c229399e6926f - - default default] GET http://10.0.0.204:8776/
2026-05-07 17:51:53.178 8 INFO cinder.api.openstack.wsgi [None req-522dcdba-82b9-4288-805d-568be0bdc716 57590722bc3441b789f516b57e35cb1e 9c9ec20e00024795ad6c229399e6926f - - default default] http://10.0.0.204:8776/ returned with HTTP 300
2026-05-07 17:51:53.177 7 INFO cinder.api.openstack.wsgi [None req-ae6ac17c-71ce-45e2-84c5-012fe18f2382 57590722bc3441b789f516b57e35cb1e 9c9ec20e00024795ad6c229399e6926f - - default default] GET http://10.0.0.204:8776/
2026-05-07 17:51:53.179 7 INFO cinder.api.openstack.wsgi [None req-ae6ac17c-71ce-45e2-84c5-012fe18f2382 57590722bc3441b789f516b57e35cb1e 9c9ec20e00024795ad6c229399e6926f - - default default] http://10.0.0.204:8776/ returned with HTTP 300
2026-05-07 17:52:03.177 8 INFO cinder.api.openstack.wsgi [None req-522dcdba-82b9-4288-805d-568be0bdc716 57590722bc3441b789f516b57e35cb1e 9c9ec20e00024795ad6c229399e6926f - - default default] GET http://10.0.0.204:8776/
2026-05-07 17:52:03.178 7 INFO cinder.api.openstack.wsgi [None req-ae6ac17c-71ce-45e2-84c5-012fe18f2382 57590722bc3441b789f516b57e35cb1e 9c9ec20e00024795ad6c229399e6926f - - default default] GET http://10.0.0.204:8776/
2026-05-07 17:52:03.178 7 INFO cinder.api.openstack.wsgi [None req-ae6ac17c-71ce-45e2-84c5-012fe18f2382 57590722bc3441b789f516b57e35cb1e 9c9ec20e00024795ad6c229399e6926f - - default default] http://10.0.0.204:8776/ returned with HTTP 300
2026-05-07 17:52:03.178 8 INFO cinder.api.openstack.wsgi [None req-522dcdba-82b9-4288-805d-568be0bdc716 57590722bc3441b789f516b57e35cb1e 9c9ec20e00024795ad6c229399e6926f - - default default] http://10.0.0.204:8776/ returned with HTTP 300
2026-05-07 17:52:08.029 7 INFO cinder.api.openstack.wsgi [None req-11a7fbbd-c67f-4d6b-bd6f-0b2d764498bc 57590722bc3441b789f516b57e35cb1e 9c9ec20e00024795ad6c229399e6926f - - default default] GET http://cinder-api.openstack.svc.cluster.local:8776/v3/9c9ec20e00024795ad6c229399e6926f/snapshots?all_tenants=true
2026-05-07 17:52:08.035 7 INFO cinder.volume.api [None req-11a7fbbd-c67f-4d6b-bd6f-0b2d764498bc 57590722bc3441b789f516b57e35cb1e 9c9ec20e00024795ad6c229399e6926f - - default default] Get all snapshots completed successfully.
2026-05-07 17:52:08.035 7 INFO cinder.api.openstack.wsgi [None req-11a7fbbd-c67f-4d6b-bd6f-0b2d764498bc 57590722bc3441b789f516b57e35cb1e 9c9ec20e00024795ad6c229399e6926f - - default default] http://cinder-api.openstack.svc.cluster.local:8776/v3/9c9ec20e00024795ad6c229399e6926f/snapshots?all_tenants=true returned with HTTP 200 [pid: 7|app: 0|req: 434/864] 10.0.0.191 () {28 vars in 673 bytes} [Thu May 7 17:52:07 2026] GET /v3/9c9ec20e00024795ad6c229399e6926f/snapshots?all_tenants=true => generated 17 bytes in 131 msecs (HTTP/1.1 200) 7 headers in 284 bytes (1 switches on core 0)
2026-05-07 17:52:08.046 8 INFO cinder.api.openstack.wsgi [None req-f25d78de-7d2e-484a-877e-7837987107ca 57590722bc3441b789f516b57e35cb1e 9c9ec20e00024795ad6c229399e6926f - - default default] GET http://cinder-api.openstack.svc.cluster.local:8776/v3/9c9ec20e00024795ad6c229399e6926f/scheduler-stats/get_pools?detail=true
2026-05-07 17:52:08.551 8 INFO cinder.api.openstack.wsgi [None req-f25d78de-7d2e-484a-877e-7837987107ca 57590722bc3441b789f516b57e35cb1e 9c9ec20e00024795ad6c229399e6926f - - default default] http://cinder-api.openstack.svc.cluster.local:8776/v3/9c9ec20e00024795ad6c229399e6926f/scheduler-stats/get_pools?detail=true returned with HTTP 200 [pid: 8|app: 0|req: 431/865] 10.0.0.191 () {28 vars in 695 bytes} [Thu May 7 17:52:08 2026] GET /v3/9c9ec20e00024795ad6c229399e6926f/scheduler-stats/get_pools?detail=true => generated 670 bytes in 513 msecs (HTTP/1.1 200) 7 headers in 285 bytes (1 switches on core 0)
2026-05-07 17:52:08.622 7 INFO cinder.api.openstack.wsgi [None req-75ccf6d5-7108-4033-9a0f-40b191801f72 57590722bc3441b789f516b57e35cb1e 9c9ec20e00024795ad6c229399e6926f - - default default] GET http://cinder-api.openstack.svc.cluster.local:8776/v3/9c9ec20e00024795ad6c229399e6926f/os-quota-sets/011e6a5cdcba4adc896a0748a7ff7d14?usage=true
2026-05-07 17:52:08.657 7 INFO cinder.api.openstack.wsgi [None req-75ccf6d5-7108-4033-9a0f-40b191801f72 57590722bc3441b789f516b57e35cb1e 9c9ec20e00024795ad6c229399e6926f - - default default] http://cinder-api.openstack.svc.cluster.local:8776/v3/9c9ec20e00024795ad6c229399e6926f/os-quota-sets/011e6a5cdcba4adc896a0748a7ff7d14?usage=true returned with HTTP 200 [pid: 7|app: 0|req: 435/866] 10.0.0.191 () {28 vars in 735 bytes} [Thu May 7 17:52:08 2026] GET /v3/9c9ec20e00024795ad6c229399e6926f/os-quota-sets/011e6a5cdcba4adc896a0748a7ff7d14?usage=true => generated 847 bytes in 43 msecs (HTTP/1.1 200) 7 headers in 285 bytes (1 switches on core 0)
2026-05-07 17:52:08.674 8 INFO cinder.api.openstack.wsgi [None req-8e5b4dea-84cf-4253-a03f-1a7f21a06dcf 57590722bc3441b789f516b57e35cb1e 9c9ec20e00024795ad6c229399e6926f - - default default] GET http://cinder-api.openstack.svc.cluster.local:8776/v3/9c9ec20e00024795ad6c229399e6926f/os-quota-sets/065366f83f20435d9fca45e583e64eff?usage=true
2026-05-07 17:52:08.718 8 INFO cinder.api.openstack.wsgi [None req-8e5b4dea-84cf-4253-a03f-1a7f21a06dcf 57590722bc3441b789f516b57e35cb1e 9c9ec20e00024795ad6c229399e6926f - - default default] http://cinder-api.openstack.svc.cluster.local:8776/v3/9c9ec20e00024795ad6c229399e6926f/os-quota-sets/065366f83f20435d9fca45e583e64eff?usage=true returned with HTTP 200 [pid: 8|app: 0|req: 432/867] 10.0.0.191 () {28 vars in 735 bytes} [Thu May 7 17:52:08 2026] GET /v3/9c9ec20e00024795ad6c229399e6926f/os-quota-sets/065366f83f20435d9fca45e583e64eff?usage=true => generated 847 bytes in 54 msecs (HTTP/1.1 200) 7 headers in 285 bytes (1 switches on core 0)
2026-05-07 17:52:08.732 7 INFO cinder.api.openstack.wsgi [None req-03891bf1-c94a-427c-8287-41764a416a92 57590722bc3441b789f516b57e35cb1e 9c9ec20e00024795ad6c229399e6926f - - default default] GET http://cinder-api.openstack.svc.cluster.local:8776/v3/9c9ec20e00024795ad6c229399e6926f/os-quota-sets/2eb331035fed4adc95eb1e1cc7890ec4?usage=true
2026-05-07 17:52:08.754 7 INFO cinder.api.openstack.wsgi [None req-03891bf1-c94a-427c-8287-41764a416a92 57590722bc3441b789f516b57e35cb1e 9c9ec20e00024795ad6c229399e6926f - - default default] http://cinder-api.openstack.svc.cluster.local:8776/v3/9c9ec20e00024795ad6c229399e6926f/os-quota-sets/2eb331035fed4adc95eb1e1cc7890ec4?usage=true returned with HTTP 200 [pid: 7|app: 0|req: 436/868] 10.0.0.191 () {28 vars in 735 bytes} [Thu May 7 17:52:08 2026] GET /v3/9c9ec20e00024795ad6c229399e6926f/os-quota-sets/2eb331035fed4adc95eb1e1cc7890ec4?usage=true => generated 847 bytes in 29 msecs (HTTP/1.1 200) 7 headers in 285 bytes (1 switches on core 0)
2026-05-07 17:52:08.765 8 INFO cinder.api.openstack.wsgi [None req-c2660c27-288c-4610-9e7f-d6c2373c9bde 57590722bc3441b789f516b57e35cb1e 9c9ec20e00024795ad6c229399e6926f - - default default] GET http://cinder-api.openstack.svc.cluster.local:8776/v3/9c9ec20e00024795ad6c229399e6926f/os-quota-sets/59eee40e9ec24f1fae7fd1f11e055682?usage=true
2026-05-07 17:52:08.806 8 INFO cinder.api.openstack.wsgi [None req-c2660c27-288c-4610-9e7f-d6c2373c9bde 57590722bc3441b789f516b57e35cb1e 9c9ec20e00024795ad6c229399e6926f - - default default] http://cinder-api.openstack.svc.cluster.local:8776/v3/9c9ec20e00024795ad6c229399e6926f/os-quota-sets/59eee40e9ec24f1fae7fd1f11e055682?usage=true returned with HTTP 200 [pid: 8|app: 0|req: 433/869] 10.0.0.191 () {28 vars in 735 bytes} [Thu May 7 17:52:08 2026] GET /v3/9c9ec20e00024795ad6c229399e6926f/os-quota-sets/59eee40e9ec24f1fae7fd1f11e055682?usage=true => generated 847 bytes in 49 msecs (HTTP/1.1 200) 7 headers in 285 bytes (1 switches on core 0)
2026-05-07 17:52:08.815 7 INFO cinder.api.openstack.wsgi [None req-b28f3483-f433-4709-aaf8-eb75b3f8878f 57590722bc3441b789f516b57e35cb1e 9c9ec20e00024795ad6c229399e6926f - - default default] GET http://cinder-api.openstack.svc.cluster.local:8776/v3/9c9ec20e00024795ad6c229399e6926f/os-quota-sets/74fb436f7af74508adda779c3ae2e922?usage=true
2026-05-07 17:52:08.835 7 INFO cinder.api.openstack.wsgi [None req-b28f3483-f433-4709-aaf8-eb75b3f8878f 57590722bc3441b789f516b57e35cb1e 9c9ec20e00024795ad6c229399e6926f - - default default] http://cinder-api.openstack.svc.cluster.local:8776/v3/9c9ec20e00024795ad6c229399e6926f/os-quota-sets/74fb436f7af74508adda779c3ae2e922?usage=true returned with HTTP 200 [pid: 7|app: 0|req: 437/870] 10.0.0.191 () {28 vars in 735 bytes} [Thu May 7 17:52:08 2026] GET /v3/9c9ec20e00024795ad6c229399e6926f/os-quota-sets/74fb436f7af74508adda779c3ae2e922?usage=true => generated 847 bytes in 26 msecs (HTTP/1.1 200) 7 headers in 285 bytes (1 switches on core 0)
2026-05-07 17:52:08.847 8 INFO cinder.api.openstack.wsgi [None req-6492b4bd-6eb8-4451-ad51-1ef2cc0db1ef 57590722bc3441b789f516b57e35cb1e 9c9ec20e00024795ad6c229399e6926f - - default default] GET http://cinder-api.openstack.svc.cluster.local:8776/v3/9c9ec20e00024795ad6c229399e6926f/os-quota-sets/8cb4aa03546246cc8b109e8cf12a05d2?usage=true
2026-05-07 17:52:08.879 8 INFO cinder.api.openstack.wsgi [None req-6492b4bd-6eb8-4451-ad51-1ef2cc0db1ef 57590722bc3441b789f516b57e35cb1e 9c9ec20e00024795ad6c229399e6926f - - default default] http://cinder-api.openstack.svc.cluster.local:8776/v3/9c9ec20e00024795ad6c229399e6926f/os-quota-sets/8cb4aa03546246cc8b109e8cf12a05d2?usage=true returned with HTTP 200 [pid: 8|app: 0|req: 434/871] 10.0.0.191 () {28 vars in 735 bytes} [Thu May 7 17:52:08 2026] GET /v3/9c9ec20e00024795ad6c229399e6926f/os-quota-sets/8cb4aa03546246cc8b109e8cf12a05d2?usage=true => generated 847 bytes in 41 msecs (HTTP/1.1 200) 7 headers in 285 bytes (1 switches on core 0)
2026-05-07 17:52:08.890 7 INFO cinder.api.openstack.wsgi [None req-f1a362bc-a47d-40ac-b452-898bc2c6bce4 57590722bc3441b789f516b57e35cb1e 9c9ec20e00024795ad6c229399e6926f - - default default] GET http://cinder-api.openstack.svc.cluster.local:8776/v3/9c9ec20e00024795ad6c229399e6926f/os-quota-sets/9c9ec20e00024795ad6c229399e6926f?usage=true
2026-05-07 17:52:08.910 7 INFO cinder.api.openstack.wsgi [None req-f1a362bc-a47d-40ac-b452-898bc2c6bce4 57590722bc3441b789f516b57e35cb1e 9c9ec20e00024795ad6c229399e6926f - - default default] http://cinder-api.openstack.svc.cluster.local:8776/v3/9c9ec20e00024795ad6c229399e6926f/os-quota-sets/9c9ec20e00024795ad6c229399e6926f?usage=true returned with HTTP 200 [pid: 7|app: 0|req: 438/872] 10.0.0.191 () {28 vars in 735 bytes} [Thu May 7 17:52:08 2026] GET /v3/9c9ec20e00024795ad6c229399e6926f/os-quota-sets/9c9ec20e00024795ad6c229399e6926f?usage=true => generated 845 bytes in 26 msecs (HTTP/1.1 200) 7 headers in 285 bytes (1 switches on core 0)
2026-05-07 17:52:08.922 8 INFO cinder.api.openstack.wsgi [None req-3ce64995-3c8e-46ea-b3fc-8dbaa070842c 57590722bc3441b789f516b57e35cb1e 9c9ec20e00024795ad6c229399e6926f - - default default] GET http://cinder-api.openstack.svc.cluster.local:8776/v3/9c9ec20e00024795ad6c229399e6926f/os-quota-sets/9e91442957f3488b8c3a1ca5c465286b?usage=true
2026-05-07 17:52:08.998 8 INFO cinder.api.openstack.wsgi [None req-3ce64995-3c8e-46ea-b3fc-8dbaa070842c 57590722bc3441b789f516b57e35cb1e 9c9ec20e00024795ad6c229399e6926f - - default default] http://cinder-api.openstack.svc.cluster.local:8776/v3/9c9ec20e00024795ad6c229399e6926f/os-quota-sets/9e91442957f3488b8c3a1ca5c465286b?usage=true returned with HTTP 200 [pid: 8|app: 0|req: 435/873] 10.0.0.191 () {28 vars in 735 bytes} [Thu May 7 17:52:08 2026] GET /v3/9c9ec20e00024795ad6c229399e6926f/os-quota-sets/9e91442957f3488b8c3a1ca5c465286b?usage=true => generated 847 bytes in 88 msecs (HTTP/1.1 200) 7 headers in 285 bytes (1 switches on core 0)
2026-05-07 17:52:09.016 7 INFO cinder.api.openstack.wsgi [None req-34ec9c42-d96d-460b-a3ac-83a629f9734c 57590722bc3441b789f516b57e35cb1e 9c9ec20e00024795ad6c229399e6926f - - default default] GET http://cinder-api.openstack.svc.cluster.local:8776/v3/9c9ec20e00024795ad6c229399e6926f/os-quota-sets/a688d95b91dd452eb16f1c63c8e11309?usage=true
2026-05-07 17:52:09.044 7 INFO cinder.api.openstack.wsgi [None req-34ec9c42-d96d-460b-a3ac-83a629f9734c 57590722bc3441b789f516b57e35cb1e 9c9ec20e00024795ad6c229399e6926f - - default default] http://cinder-api.openstack.svc.cluster.local:8776/v3/9c9ec20e00024795ad6c229399e6926f/os-quota-sets/a688d95b91dd452eb16f1c63c8e11309?usage=true returned with HTTP 200 [pid: 7|app: 0|req: 439/874] 10.0.0.191 () {28 vars in 735 bytes} [Thu May 7 17:52:09 2026] GET /v3/9c9ec20e00024795ad6c229399e6926f/os-quota-sets/a688d95b91dd452eb16f1c63c8e11309?usage=true => generated 845 bytes in 37 msecs (HTTP/1.1 200) 7 headers in 285 bytes (1 switches on core 0)
2026-05-07 17:52:09.057 8 INFO cinder.api.openstack.wsgi [None req-5ec09024-fbef-486e-8e4b-3caea492c235 57590722bc3441b789f516b57e35cb1e 9c9ec20e00024795ad6c229399e6926f - - default default] GET http://cinder-api.openstack.svc.cluster.local:8776/v3/9c9ec20e00024795ad6c229399e6926f/os-quota-sets/b8f6565c220f4919beeb7fa63d41e527?usage=true
2026-05-07 17:52:09.078 8 INFO cinder.api.openstack.wsgi [None req-5ec09024-fbef-486e-8e4b-3caea492c235 57590722bc3441b789f516b57e35cb1e 9c9ec20e00024795ad6c229399e6926f - - default default] http://cinder-api.openstack.svc.cluster.local:8776/v3/9c9ec20e00024795ad6c229399e6926f/os-quota-sets/b8f6565c220f4919beeb7fa63d41e527?usage=true returned with HTTP 200 [pid: 8|app: 0|req: 436/875] 10.0.0.191 () {28 vars in 735 bytes} [Thu May 7 17:52:09 2026] GET /v3/9c9ec20e00024795ad6c229399e6926f/os-quota-sets/b8f6565c220f4919beeb7fa63d41e527?usage=true => generated 847 bytes in 28 msecs (HTTP/1.1 200) 7 headers in 285 bytes (1 switches on core 0)
2026-05-07 17:52:09.088 7 INFO cinder.api.openstack.wsgi [None req-3a677136-558c-481a-9aa1-b20205ee0525 57590722bc3441b789f516b57e35cb1e 9c9ec20e00024795ad6c229399e6926f - - default default] GET http://cinder-api.openstack.svc.cluster.local:8776/v3/9c9ec20e00024795ad6c229399e6926f/os-quota-sets/b979663ec31947479490f211e5817bea?usage=true
2026-05-07 17:52:09.107 7 INFO cinder.api.openstack.wsgi [None req-3a677136-558c-481a-9aa1-b20205ee0525 57590722bc3441b789f516b57e35cb1e 9c9ec20e00024795ad6c229399e6926f - - default default] http://cinder-api.openstack.svc.cluster.local:8776/v3/9c9ec20e00024795ad6c229399e6926f/os-quota-sets/b979663ec31947479490f211e5817bea?usage=true returned with HTTP 200 [pid: 7|app: 0|req: 440/876] 10.0.0.191 () {28 vars in 735 bytes} [Thu May 7 17:52:09 2026] GET /v3/9c9ec20e00024795ad6c229399e6926f/os-quota-sets/b979663ec31947479490f211e5817bea?usage=true => generated 847 bytes in 26 msecs (HTTP/1.1 200) 7 headers in 285 bytes (1 switches on core 0)
2026-05-07 17:52:09.118 8 INFO cinder.api.openstack.wsgi [None req-0c2dd37e-86e3-4141-8cfa-0484f0666822 57590722bc3441b789f516b57e35cb1e 9c9ec20e00024795ad6c229399e6926f - - default default] GET http://cinder-api.openstack.svc.cluster.local:8776/v3/9c9ec20e00024795ad6c229399e6926f/os-quota-sets/bc9ef78372114d79ac2b633131f12b10?usage=true
2026-05-07 17:52:09.145 8 INFO cinder.api.openstack.wsgi [None req-0c2dd37e-86e3-4141-8cfa-0484f0666822 57590722bc3441b789f516b57e35cb1e 9c9ec20e00024795ad6c229399e6926f - - default default] http://cinder-api.openstack.svc.cluster.local:8776/v3/9c9ec20e00024795ad6c229399e6926f/os-quota-sets/bc9ef78372114d79ac2b633131f12b10?usage=true returned with HTTP 200 [pid: 8|app: 0|req: 437/877] 10.0.0.191 () {28 vars in 735 bytes} [Thu May 7 17:52:09 2026] GET /v3/9c9ec20e00024795ad6c229399e6926f/os-quota-sets/bc9ef78372114d79ac2b633131f12b10?usage=true => generated 847 bytes in 35 msecs (HTTP/1.1 200) 7 headers in 285 bytes (1 switches on core 0)
2026-05-07 17:52:09.157 7 INFO cinder.api.openstack.wsgi [None req-47e0c457-c6c0-4c43-a109-8b90c8242465 57590722bc3441b789f516b57e35cb1e 9c9ec20e00024795ad6c229399e6926f - - default default] GET http://cinder-api.openstack.svc.cluster.local:8776/v3/9c9ec20e00024795ad6c229399e6926f/os-quota-sets/e842f0c3afce4503a7ad7634512fbd0b?usage=true
2026-05-07 17:52:09.181 7 INFO cinder.api.openstack.wsgi [None req-47e0c457-c6c0-4c43-a109-8b90c8242465 57590722bc3441b789f516b57e35cb1e 9c9ec20e00024795ad6c229399e6926f - - default default] http://cinder-api.openstack.svc.cluster.local:8776/v3/9c9ec20e00024795ad6c229399e6926f/os-quota-sets/e842f0c3afce4503a7ad7634512fbd0b?usage=true returned with HTTP 200 [pid: 7|app: 0|req: 441/878] 10.0.0.191 () {28 vars in 735 bytes} [Thu May 7 17:52:09 2026] GET /v3/9c9ec20e00024795ad6c229399e6926f/os-quota-sets/e842f0c3afce4503a7ad7634512fbd0b?usage=true => generated 847 bytes in 31 msecs (HTTP/1.1 200) 7 headers in 285 bytes (1 switches on core 0)
2026-05-07 17:52:09.200 8 INFO cinder.api.openstack.wsgi [None req-263893e9-1847-4c5f-9318-1fc4e4fba0cf 57590722bc3441b789f516b57e35cb1e 9c9ec20e00024795ad6c229399e6926f - - default default] GET http://cinder-api.openstack.svc.cluster.local:8776/v3/9c9ec20e00024795ad6c229399e6926f/os-services
2026-05-07 17:52:09.205 8 INFO cinder.api.openstack.wsgi [None req-263893e9-1847-4c5f-9318-1fc4e4fba0cf 57590722bc3441b789f516b57e35cb1e 9c9ec20e00024795ad6c229399e6926f - - default default] http://cinder-api.openstack.svc.cluster.local:8776/v3/9c9ec20e00024795ad6c229399e6926f/os-services returned with HTTP 200 [pid: 8|app: 0|req: 438/879] 10.0.0.191 () {28 vars in 644 bytes} [Thu May 7 17:52:09 2026] GET /v3/9c9ec20e00024795ad6c229399e6926f/os-services => generated 646 bytes in 16 msecs (HTTP/1.1 200) 7 headers in 285 bytes (1 switches on core 0)
2026-05-07 17:52:09.215 7 INFO cinder.api.openstack.wsgi [None req-1f33c86c-188c-4e94-a666-ef327da97fb5 57590722bc3441b789f516b57e35cb1e 9c9ec20e00024795ad6c229399e6926f - - default default] GET http://cinder-api.openstack.svc.cluster.local:8776/v3/9c9ec20e00024795ad6c229399e6926f/volumes/detail?all_tenants=true
2026-05-07 17:52:09.250 7 INFO cinder.volume.api [None req-1f33c86c-188c-4e94-a666-ef327da97fb5 57590722bc3441b789f516b57e35cb1e 9c9ec20e00024795ad6c229399e6926f - - default default] Get all volumes completed successfully.
2026-05-07 17:52:09.252 7 INFO cinder.api.openstack.wsgi [None req-1f33c86c-188c-4e94-a666-ef327da97fb5 57590722bc3441b789f516b57e35cb1e 9c9ec20e00024795ad6c229399e6926f - - default default] http://cinder-api.openstack.svc.cluster.local:8776/v3/9c9ec20e00024795ad6c229399e6926f/volumes/detail?all_tenants=true returned with HTTP 200 [pid: 7|app: 0|req: 442/880] 10.0.0.191 () {28 vars in 683 bytes} [Thu May 7 17:52:09 2026] GET /v3/9c9ec20e00024795ad6c229399e6926f/volumes/detail?all_tenants=true => generated 15 bytes in 41 msecs (HTTP/1.1 200) 7 headers in 284 bytes (1 switches on core 0)
2026-05-07 17:52:09.263 8 INFO cinder.api.openstack.wsgi [None req-c2da8218-4e40-4abb-95d2-ecd856ad881a 57590722bc3441b789f516b57e35cb1e 9c9ec20e00024795ad6c229399e6926f - - default default] GET http://cinder-api.openstack.svc.cluster.local:8776/v3/9c9ec20e00024795ad6c229399e6926f/volumes/detail?all_tenants=true
2026-05-07 17:52:09.276 8 INFO cinder.volume.api [None req-c2da8218-4e40-4abb-95d2-ecd856ad881a 57590722bc3441b789f516b57e35cb1e 9c9ec20e00024795ad6c229399e6926f - - default default] Get all volumes completed successfully.
2026-05-07 17:52:09.281 8 INFO cinder.api.openstack.wsgi [None req-c2da8218-4e40-4abb-95d2-ecd856ad881a 57590722bc3441b789f516b57e35cb1e 9c9ec20e00024795ad6c229399e6926f - - default default] http://cinder-api.openstack.svc.cluster.local:8776/v3/9c9ec20e00024795ad6c229399e6926f/volumes/detail?all_tenants=true returned with HTTP 200 [pid: 8|app: 0|req: 439/881] 10.0.0.191 () {28 vars in 683 bytes} [Thu May 7 17:52:09 2026] GET /v3/9c9ec20e00024795ad6c229399e6926f/volumes/detail?all_tenants=true => generated 15 bytes in 24 msecs (HTTP/1.1 200) 7 headers in 284 bytes (1 switches on core 0)
2026-05-07 17:52:13.176 7 INFO cinder.api.openstack.wsgi [None req-1f33c86c-188c-4e94-a666-ef327da97fb5 57590722bc3441b789f516b57e35cb1e 9c9ec20e00024795ad6c229399e6926f - - default default] GET http://10.0.0.204:8776/
2026-05-07 17:52:13.176 8 INFO cinder.api.openstack.wsgi [None req-c2da8218-4e40-4abb-95d2-ecd856ad881a 57590722bc3441b789f516b57e35cb1e 9c9ec20e00024795ad6c229399e6926f - - default default] GET http://10.0.0.204:8776/
2026-05-07 17:52:13.177 7 INFO cinder.api.openstack.wsgi [None req-1f33c86c-188c-4e94-a666-ef327da97fb5 57590722bc3441b789f516b57e35cb1e 9c9ec20e00024795ad6c229399e6926f - - default default] http://10.0.0.204:8776/ returned with HTTP 300
2026-05-07 17:52:13.177 8 INFO cinder.api.openstack.wsgi [None req-c2da8218-4e40-4abb-95d2-ecd856ad881a 57590722bc3441b789f516b57e35cb1e 9c9ec20e00024795ad6c229399e6926f - - default default] http://10.0.0.204:8776/ returned with HTTP 300
2026-05-07 17:52:13.675 8 INFO cinder.api.openstack.wsgi [None req-6c0e5e6c-bcab-4a99-b461-ff0942698e7b 57590722bc3441b789f516b57e35cb1e 9c9ec20e00024795ad6c229399e6926f - - default default] POST http://cinder-api.openstack.svc.cluster.local:8776/v3/9c9ec20e00024795ad6c229399e6926f/volumes
2026-05-07 17:52:13.765 8 INFO cinder.api.v3.volumes [None req-6c0e5e6c-bcab-4a99-b461-ff0942698e7b 57590722bc3441b789f516b57e35cb1e 9c9ec20e00024795ad6c229399e6926f - - default default] Create volume of 16 GB
2026-05-07 17:52:13.772 8 INFO cinder.volume.api [None req-6c0e5e6c-bcab-4a99-b461-ff0942698e7b 57590722bc3441b789f516b57e35cb1e 9c9ec20e00024795ad6c229399e6926f - - default default] Availability Zones retrieved successfully.
2026-05-07 17:52:13.968 8 INFO cinder.volume.api [None req-6c0e5e6c-bcab-4a99-b461-ff0942698e7b 57590722bc3441b789f516b57e35cb1e 9c9ec20e00024795ad6c229399e6926f - - default default] Create volume request issued successfully.
2026-05-07 17:52:13.969 8 INFO cinder.api.openstack.wsgi [None req-6c0e5e6c-bcab-4a99-b461-ff0942698e7b 57590722bc3441b789f516b57e35cb1e 9c9ec20e00024795ad6c229399e6926f - - default default] http://cinder-api.openstack.svc.cluster.local:8776/v3/9c9ec20e00024795ad6c229399e6926f/volumes returned with HTTP 202 [pid: 8|app: 0|req: 441/884] 199.204.45.210 () {34 vars in 733 bytes} [Thu May 7 17:52:13 2026] POST /v3/9c9ec20e00024795ad6c229399e6926f/volumes => generated 846 bytes in 338 msecs (HTTP/1.1 202) 7 headers in 291 bytes (1 switches on core 0)
2026-05-07 17:52:13.982 7 INFO cinder.api.openstack.wsgi [req-6c0e5e6c-bcab-4a99-b461-ff0942698e7b req-c126eb30-9ae6-4ca7-a4fc-8fe68a67472d 57590722bc3441b789f516b57e35cb1e 9c9ec20e00024795ad6c229399e6926f - - default default] GET http://cinder-api.openstack.svc.cluster.local:8776/v3/9c9ec20e00024795ad6c229399e6926f/volumes/e252cc71-1779-4c5b-bee6-c2af762ad057 /var/lib/openstack/lib/python3.12/site-packages/oslo_context/context.py:101: DeprecationWarning: Policy enforcement is depending on the value of is_admin. This key is deprecated. Please update your policy file to use the standard policy values. warnings.warn(
2026-05-07 17:52:14.018 7 INFO cinder.volume.api [req-6c0e5e6c-bcab-4a99-b461-ff0942698e7b req-c126eb30-9ae6-4ca7-a4fc-8fe68a67472d 57590722bc3441b789f516b57e35cb1e 9c9ec20e00024795ad6c229399e6926f - - default default] Volume info retrieved successfully.
2026-05-07 17:52:14.023 7 INFO cinder.api.openstack.wsgi [req-6c0e5e6c-bcab-4a99-b461-ff0942698e7b req-c126eb30-9ae6-4ca7-a4fc-8fe68a67472d 57590722bc3441b789f516b57e35cb1e 9c9ec20e00024795ad6c229399e6926f - - default default] http://cinder-api.openstack.svc.cluster.local:8776/v3/9c9ec20e00024795ad6c229399e6926f/volumes/e252cc71-1779-4c5b-bee6-c2af762ad057 returned with HTTP 200 [pid: 7|app: 0|req: 444/885] 199.204.45.210 () {32 vars in 824 bytes} [Thu May 7 17:52:13 2026] GET /v3/9c9ec20e00024795ad6c229399e6926f/volumes/e252cc71-1779-4c5b-bee6-c2af762ad057 => generated 1025 bytes in 46 msecs (HTTP/1.1 200) 7 headers in 286 bytes (1 switches on core 0) /var/lib/openstack/lib/python3.12/site-packages/pycadf/identifier.py:70: UserWarning: Invalid uuid: cinderv3. To ensure interoperability, identifiers should be a valid uuid. warnings.warn(('Invalid uuid: %s. To ensure interoperability, '
2026-05-07 17:52:19.040 8 INFO cinder.api.openstack.wsgi [req-6c0e5e6c-bcab-4a99-b461-ff0942698e7b req-6c96508a-a947-436d-a678-1c13ae5cd4b4 57590722bc3441b789f516b57e35cb1e 9c9ec20e00024795ad6c229399e6926f - - default default] GET http://cinder-api.openstack.svc.cluster.local:8776/v3/9c9ec20e00024795ad6c229399e6926f/volumes/e252cc71-1779-4c5b-bee6-c2af762ad057 /var/lib/openstack/lib/python3.12/site-packages/oslo_context/context.py:101: DeprecationWarning: Policy enforcement is depending on the value of is_admin. This key is deprecated. Please update your policy file to use the standard policy values. warnings.warn(
2026-05-07 17:52:19.053 8 INFO cinder.volume.api [req-6c0e5e6c-bcab-4a99-b461-ff0942698e7b req-6c96508a-a947-436d-a678-1c13ae5cd4b4 57590722bc3441b789f516b57e35cb1e 9c9ec20e00024795ad6c229399e6926f - - default default] Volume info retrieved successfully.
2026-05-07 17:52:19.058 8 INFO cinder.api.openstack.wsgi [req-6c0e5e6c-bcab-4a99-b461-ff0942698e7b req-6c96508a-a947-436d-a678-1c13ae5cd4b4 57590722bc3441b789f516b57e35cb1e 9c9ec20e00024795ad6c229399e6926f - - default default] http://cinder-api.openstack.svc.cluster.local:8776/v3/9c9ec20e00024795ad6c229399e6926f/volumes/e252cc71-1779-4c5b-bee6-c2af762ad057 returned with HTTP 200 [pid: 8|app: 0|req: 442/886] 199.204.45.210 () {32 vars in 824 bytes} [Thu May 7 17:52:19 2026] GET /v3/9c9ec20e00024795ad6c229399e6926f/volumes/e252cc71-1779-4c5b-bee6-c2af762ad057 => generated 1489 bytes in 26 msecs (HTTP/1.1 200) 7 headers in 286 bytes (1 switches on core 0) /var/lib/openstack/lib/python3.12/site-packages/pycadf/identifier.py:70: UserWarning: Invalid uuid: cinderv3. To ensure interoperability, identifiers should be a valid uuid. warnings.warn(('Invalid uuid: %s. To ensure interoperability, '
2026-05-07 17:52:19.566 7 INFO cinder.api.openstack.wsgi [req-8cff44b5-ffc7-45a0-9753-fb9b5ff56fc9 req-43cb0290-178f-4dec-ac57-74b3842795d3 57590722bc3441b789f516b57e35cb1e 9c9ec20e00024795ad6c229399e6926f - - default default] GET http://cinder-api.openstack.svc.cluster.local:8776/v3/9c9ec20e00024795ad6c229399e6926f/volumes/e252cc71-1779-4c5b-bee6-c2af762ad057 /var/lib/openstack/lib/python3.12/site-packages/oslo_context/context.py:101: DeprecationWarning: Policy enforcement is depending on the value of is_admin. This key is deprecated. Please update your policy file to use the standard policy values. warnings.warn(
2026-05-07 17:52:19.579 7 INFO cinder.volume.api [req-8cff44b5-ffc7-45a0-9753-fb9b5ff56fc9 req-43cb0290-178f-4dec-ac57-74b3842795d3 57590722bc3441b789f516b57e35cb1e 9c9ec20e00024795ad6c229399e6926f - - default default] Volume info retrieved successfully.
2026-05-07 17:52:19.585 7 INFO cinder.api.openstack.wsgi [req-8cff44b5-ffc7-45a0-9753-fb9b5ff56fc9 req-43cb0290-178f-4dec-ac57-74b3842795d3 57590722bc3441b789f516b57e35cb1e 9c9ec20e00024795ad6c229399e6926f - - default default] http://cinder-api.openstack.svc.cluster.local:8776/v3/9c9ec20e00024795ad6c229399e6926f/volumes/e252cc71-1779-4c5b-bee6-c2af762ad057 returned with HTTP 200 [pid: 7|app: 0|req: 445/887] 10.0.0.3 () {34 vars in 1025 bytes} [Thu May 7 17:52:19 2026] GET /v3/9c9ec20e00024795ad6c229399e6926f/volumes/e252cc71-1779-4c5b-bee6-c2af762ad057 => generated 1489 bytes in 25 msecs (HTTP/1.1 200) 7 headers in 286 bytes (1 switches on core 0) /var/lib/openstack/lib/python3.12/site-packages/pycadf/identifier.py:70: UserWarning: Invalid uuid: cinderv3. To ensure interoperability, identifiers should be a valid uuid. warnings.warn(('Invalid uuid: %s. To ensure interoperability, '
2026-05-07 17:52:19.952 8 INFO cinder.api.openstack.wsgi [req-8cff44b5-ffc7-45a0-9753-fb9b5ff56fc9 req-a86991d8-b2ed-4750-a8bb-8f1cfa74c330 57590722bc3441b789f516b57e35cb1e 9c9ec20e00024795ad6c229399e6926f - - default default] GET http://cinder-api.openstack.svc.cluster.local:8776/v3/9c9ec20e00024795ad6c229399e6926f/volumes/e252cc71-1779-4c5b-bee6-c2af762ad057 /var/lib/openstack/lib/python3.12/site-packages/oslo_context/context.py:101: DeprecationWarning: Policy enforcement is depending on the value of is_admin. This key is deprecated. Please update your policy file to use the standard policy values. warnings.warn(
2026-05-07 17:52:19.965 8 INFO cinder.volume.api [req-8cff44b5-ffc7-45a0-9753-fb9b5ff56fc9 req-a86991d8-b2ed-4750-a8bb-8f1cfa74c330 57590722bc3441b789f516b57e35cb1e 9c9ec20e00024795ad6c229399e6926f - - default default] Volume info retrieved successfully.
2026-05-07 17:52:19.970 8 INFO cinder.api.openstack.wsgi [req-8cff44b5-ffc7-45a0-9753-fb9b5ff56fc9 req-a86991d8-b2ed-4750-a8bb-8f1cfa74c330 57590722bc3441b789f516b57e35cb1e 9c9ec20e00024795ad6c229399e6926f - - default default] http://cinder-api.openstack.svc.cluster.local:8776/v3/9c9ec20e00024795ad6c229399e6926f/volumes/e252cc71-1779-4c5b-bee6-c2af762ad057 returned with HTTP 200 [pid: 8|app: 0|req: 443/888] 10.0.0.3 () {34 vars in 1025 bytes} [Thu May 7 17:52:19 2026] GET /v3/9c9ec20e00024795ad6c229399e6926f/volumes/e252cc71-1779-4c5b-bee6-c2af762ad057 => generated 1489 bytes in 27 msecs (HTTP/1.1 200) 7 headers in 286 bytes (1 switches on core 0)
2026-05-07 17:52:19.982 7 INFO cinder.api.openstack.wsgi [req-8cff44b5-ffc7-45a0-9753-fb9b5ff56fc9 req-43cb0290-178f-4dec-ac57-74b3842795d3 57590722bc3441b789f516b57e35cb1e 9c9ec20e00024795ad6c229399e6926f - - default default] GET http://cinder-api.openstack.svc.cluster.local:8776/
2026-05-07 17:52:19.983 7 INFO cinder.api.openstack.wsgi [req-8cff44b5-ffc7-45a0-9753-fb9b5ff56fc9 req-43cb0290-178f-4dec-ac57-74b3842795d3 57590722bc3441b789f516b57e35cb1e 9c9ec20e00024795ad6c229399e6926f - - default default] http://cinder-api.openstack.svc.cluster.local:8776/ returned with HTTP 300 [pid: 7|app: 0|req: 446/889] 10.0.0.3 () {32 vars in 826 bytes} [Thu May 7 17:52:19 2026] GET / => generated 411 bytes in 3 msecs (HTTP/1.1 300) 5 headers in 169 bytes (1 switches on core 0) /var/lib/openstack/lib/python3.12/site-packages/pycadf/identifier.py:70: UserWarning: Invalid uuid: cinderv3. To ensure interoperability, identifiers should be a valid uuid. warnings.warn(('Invalid uuid: %s. To ensure interoperability, '
2026-05-07 17:52:19.995 8 INFO cinder.api.openstack.wsgi [req-8cff44b5-ffc7-45a0-9753-fb9b5ff56fc9 req-2e7a6b85-3d31-4737-a67a-ae38f36273fe 57590722bc3441b789f516b57e35cb1e 9c9ec20e00024795ad6c229399e6926f - - default default] POST http://cinder-api.openstack.svc.cluster.local:8776/v3/9c9ec20e00024795ad6c229399e6926f/attachments /var/lib/openstack/lib/python3.12/site-packages/oslo_context/context.py:101: DeprecationWarning: Policy enforcement is depending on the value of is_admin. This key is deprecated. Please update your policy file to use the standard policy values. warnings.warn(
2026-05-07 17:52:20.036 8 INFO cinder.api.openstack.wsgi [req-8cff44b5-ffc7-45a0-9753-fb9b5ff56fc9 req-2e7a6b85-3d31-4737-a67a-ae38f36273fe 57590722bc3441b789f516b57e35cb1e 9c9ec20e00024795ad6c229399e6926f - - default default] http://cinder-api.openstack.svc.cluster.local:8776/v3/9c9ec20e00024795ad6c229399e6926f/attachments returned with HTTP 200 [pid: 8|app: 0|req: 444/890] 10.0.0.3 () {40 vars in 1054 bytes} [Thu May 7 17:52:19 2026] POST /v3/9c9ec20e00024795ad6c229399e6926f/attachments => generated 273 bytes in 48 msecs (HTTP/1.1 200) 7 headers in 286 bytes (1 switches on core 0)
2026-05-07 17:52:23.177 7 INFO cinder.api.openstack.wsgi [req-8cff44b5-ffc7-45a0-9753-fb9b5ff56fc9 req-43cb0290-178f-4dec-ac57-74b3842795d3 57590722bc3441b789f516b57e35cb1e 9c9ec20e00024795ad6c229399e6926f - - default default] GET http://10.0.0.204:8776/
2026-05-07 17:52:23.177 8 INFO cinder.api.openstack.wsgi [req-8cff44b5-ffc7-45a0-9753-fb9b5ff56fc9 req-2e7a6b85-3d31-4737-a67a-ae38f36273fe 57590722bc3441b789f516b57e35cb1e 9c9ec20e00024795ad6c229399e6926f - - default default] GET http://10.0.0.204:8776/
2026-05-07 17:52:23.178 7 INFO cinder.api.openstack.wsgi [req-8cff44b5-ffc7-45a0-9753-fb9b5ff56fc9 req-43cb0290-178f-4dec-ac57-74b3842795d3 57590722bc3441b789f516b57e35cb1e 9c9ec20e00024795ad6c229399e6926f - - default default] http://10.0.0.204:8776/ returned with HTTP 300
2026-05-07 17:52:23.178 8 INFO cinder.api.openstack.wsgi [req-8cff44b5-ffc7-45a0-9753-fb9b5ff56fc9 req-2e7a6b85-3d31-4737-a67a-ae38f36273fe 57590722bc3441b789f516b57e35cb1e 9c9ec20e00024795ad6c229399e6926f - - default default] http://10.0.0.204:8776/ returned with HTTP 300 /var/lib/openstack/lib/python3.12/site-packages/pycadf/identifier.py:70: UserWarning: Invalid uuid: cinderv3. To ensure interoperability, identifiers should be a valid uuid. warnings.warn(('Invalid uuid: %s. To ensure interoperability, '
2026-05-07 17:52:23.292 7 INFO cinder.api.openstack.wsgi [req-6c0e5e6c-bcab-4a99-b461-ff0942698e7b req-3a0f232f-aa91-40a0-8717-a11bb304d71a 57590722bc3441b789f516b57e35cb1e 9c9ec20e00024795ad6c229399e6926f - - default default] GET http://cinder-api.openstack.svc.cluster.local:8776/v3/9c9ec20e00024795ad6c229399e6926f/volumes/e252cc71-1779-4c5b-bee6-c2af762ad057 /var/lib/openstack/lib/python3.12/site-packages/oslo_context/context.py:101: DeprecationWarning: Policy enforcement is depending on the value of is_admin. This key is deprecated. Please update your policy file to use the standard policy values. warnings.warn(
2026-05-07 17:52:23.312 7 INFO cinder.volume.api [req-6c0e5e6c-bcab-4a99-b461-ff0942698e7b req-3a0f232f-aa91-40a0-8717-a11bb304d71a 57590722bc3441b789f516b57e35cb1e 9c9ec20e00024795ad6c229399e6926f - - default default] Volume info retrieved successfully.
2026-05-07 17:52:23.319 7 INFO cinder.api.openstack.wsgi [req-6c0e5e6c-bcab-4a99-b461-ff0942698e7b req-3a0f232f-aa91-40a0-8717-a11bb304d71a 57590722bc3441b789f516b57e35cb1e 9c9ec20e00024795ad6c229399e6926f - - default default] http://cinder-api.openstack.svc.cluster.local:8776/v3/9c9ec20e00024795ad6c229399e6926f/volumes/e252cc71-1779-4c5b-bee6-c2af762ad057 returned with HTTP 200 [pid: 7|app: 0|req: 448/893] 199.204.45.210 () {32 vars in 824 bytes} [Thu May 7 17:52:23 2026] GET /v3/9c9ec20e00024795ad6c229399e6926f/volumes/e252cc71-1779-4c5b-bee6-c2af762ad057 => generated 1488 bytes in 35 msecs (HTTP/1.1 200) 7 headers in 286 bytes (1 switches on core 0)
2026-05-07 17:52:25.428 8 INFO cinder.api.openstack.wsgi [req-8cff44b5-ffc7-45a0-9753-fb9b5ff56fc9 req-2e7a6b85-3d31-4737-a67a-ae38f36273fe 57590722bc3441b789f516b57e35cb1e 9c9ec20e00024795ad6c229399e6926f - - default default] GET http://cinder-api.openstack.svc.cluster.local:8776/
2026-05-07 17:52:25.429 8 INFO cinder.api.openstack.wsgi [req-8cff44b5-ffc7-45a0-9753-fb9b5ff56fc9 req-2e7a6b85-3d31-4737-a67a-ae38f36273fe 57590722bc3441b789f516b57e35cb1e 9c9ec20e00024795ad6c229399e6926f - - default default] http://cinder-api.openstack.svc.cluster.local:8776/ returned with HTTP 300 [pid: 8|app: 0|req: 446/894] 199.204.45.210 () {32 vars in 839 bytes} [Thu May 7 17:52:25 2026] GET / => generated 411 bytes in 3 msecs (HTTP/1.1 300) 5 headers in 169 bytes (1 switches on core 0) /var/lib/openstack/lib/python3.12/site-packages/pycadf/identifier.py:70: UserWarning: Invalid uuid: cinderv3. To ensure interoperability, identifiers should be a valid uuid. warnings.warn(('Invalid uuid: %s. To ensure interoperability, '
2026-05-07 17:52:25.442 7 INFO cinder.api.openstack.wsgi [req-8cff44b5-ffc7-45a0-9753-fb9b5ff56fc9 req-6515d09f-66de-4d41-89b2-55d51081b9ac 57590722bc3441b789f516b57e35cb1e 9c9ec20e00024795ad6c229399e6926f - - default default] GET http://cinder-api.openstack.svc.cluster.local:8776/v3/9c9ec20e00024795ad6c229399e6926f/volumes/e252cc71-1779-4c5b-bee6-c2af762ad057 /var/lib/openstack/lib/python3.12/site-packages/oslo_context/context.py:101: DeprecationWarning: Policy enforcement is depending on the value of is_admin. This key is deprecated. Please update your policy file to use the standard policy values. warnings.warn(
