Apr 24 19:24:14.849461 np0000170102 neutron-periodic-workers[106308]: DEBUG cotyledon.oslo_config_glue [-] database.connection = **** {{(pid=106308) log_opt_values /opt/stack/data/venv/lib/python3.12/site-packages/oslo_config/cfg.py:3006}}
Apr 24 19:24:14.849738 np0000170102 neutron-periodic-workers[106308]: DEBUG cotyledon.oslo_config_glue [-] database.connection_debug = 0 {{(pid=106308) log_opt_values /opt/stack/data/venv/lib/python3.12/site-packages/oslo_config/cfg.py:3006}}
Apr 24 19:24:14.849738 np0000170102 neutron-periodic-workers[106308]: DEBUG cotyledon.oslo_config_glue [-] database.connection_parameters = {{(pid=106308) log_opt_values /opt/stack/data/venv/lib/python3.12/site-packages/oslo_config/cfg.py:3006}}
Apr 24 19:24:14.849738 np0000170102 neutron-periodic-workers[106308]: DEBUG cotyledon.oslo_config_glue [-] database.connection_recycle_time = 3600 {{(pid=106308) log_opt_values /opt/stack/data/venv/lib/python3.12/site-packages/oslo_config/cfg.py:3006}}
Apr 24 19:24:14.849738 np0000170102 neutron-periodic-workers[106308]: DEBUG cotyledon.oslo_config_glue [-] database.connection_trace = False {{(pid=106308) log_opt_values /opt/stack/data/venv/lib/python3.12/site-packages/oslo_config/cfg.py:3006}}
Apr 24 19:24:14.849738 np0000170102 neutron-periodic-workers[106308]: DEBUG cotyledon.oslo_config_glue [-] database.db_inc_retry_interval = True {{(pid=106308) log_opt_values /opt/stack/data/venv/lib/python3.12/site-packages/oslo_config/cfg.py:3006}}
Apr 24 19:24:14.849738 np0000170102 neutron-periodic-workers[106308]: DEBUG cotyledon.oslo_config_glue [-] database.db_max_retries = 20 {{(pid=106308) log_opt_values /opt/stack/data/venv/lib/python3.12/site-packages/oslo_config/cfg.py:3006}}
Apr 24 19:24:14.849738 np0000170102 neutron-periodic-workers[106308]: DEBUG cotyledon.oslo_config_glue [-] database.db_max_retry_interval = 10 {{(pid=106308) log_opt_values /opt/stack/data/venv/lib/python3.12/site-packages/oslo_config/cfg.py:3006}}
Apr 24 19:24:14.849738 np0000170102 neutron-periodic-workers[106308]: DEBUG cotyledon.oslo_config_glue [-] database.db_retry_interval = 1 {{(pid=106308) log_opt_values /opt/stack/data/venv/lib/python3.12/site-packages/oslo_config/cfg.py:3006}}
Apr 24 19:24:14.849738 np0000170102 neutron-periodic-workers[106308]: DEBUG cotyledon.oslo_config_glue [-] database.max_overflow = 50 {{(pid=106308) log_opt_values /opt/stack/data/venv/lib/python3.12/site-packages/oslo_config/cfg.py:3006}}
Apr 24 19:24:14.850051 np0000170102 neutron-periodic-workers[106308]: DEBUG cotyledon.oslo_config_glue [-] database.max_pool_size = 5 {{(pid=106308) log_opt_values /opt/stack/data/venv/lib/python3.12/site-packages/oslo_config/cfg.py:3006}}
Apr 24 19:24:14.850051 np0000170102 neutron-periodic-workers[106308]: DEBUG cotyledon.oslo_config_glue [-] database.max_retries = 10 {{(pid=106308) log_opt_values /opt/stack/data/venv/lib/python3.12/site-packages/oslo_config/cfg.py:3006}}
Apr 24 19:24:14.850051 np0000170102 neutron-periodic-workers[106308]: DEBUG cotyledon.oslo_config_glue [-] database.mysql_sql_mode = TRADITIONAL {{(pid=106308) log_opt_values /opt/stack/data/venv/lib/python3.12/site-packages/oslo_config/cfg.py:3006}}
Apr 24 19:24:14.850051 np0000170102 neutron-periodic-workers[106308]: DEBUG cotyledon.oslo_config_glue [-] database.mysql_wsrep_sync_wait = None {{(pid=106308) log_opt_values /opt/stack/data/venv/lib/python3.12/site-packages/oslo_config/cfg.py:3006}}
Apr 24 19:24:14.850051 np0000170102 neutron-periodic-workers[106308]: DEBUG cotyledon.oslo_config_glue [-] database.pool_timeout = None {{(pid=106308) log_opt_values /opt/stack/data/venv/lib/python3.12/site-packages/oslo_config/cfg.py:3006}}
Apr 24 19:24:14.850051 np0000170102 neutron-periodic-workers[106308]: DEBUG cotyledon.oslo_config_glue [-] database.retry_interval = 10 {{(pid=106308) log_opt_values /opt/stack/data/venv/lib/python3.12/site-packages/oslo_config/cfg.py:3006}}
Apr 24 19:24:14.850051 np0000170102 neutron-periodic-workers[106308]: DEBUG cotyledon.oslo_config_glue [-] database.slave_connection = **** {{(pid=106308) log_opt_values /opt/stack/data/venv/lib/python3.12/site-packages/oslo_config/cfg.py:3006}}
Apr 24 19:24:14.850051 np0000170102 neutron-periodic-workers[106308]: DEBUG cotyledon.oslo_config_glue [-] database.sqlite_synchronous = True {{(pid=106308) log_opt_values /opt/stack/data/venv/lib/python3.12/site-packages/oslo_config/cfg.py:3006}}
Apr 24 19:24:14.850051 np0000170102 neutron-periodic-workers[106308]: DEBUG cotyledon.oslo_config_glue [-] database.synchronous_reader = True {{(pid=106308) log_opt_values /opt/stack/data/venv/lib/python3.12/site-packages/oslo_config/cfg.py:3006}}
Apr 24 19:24:14.850350 np0000170102 neutron-periodic-workers[106308]: DEBUG cotyledon.oslo_config_glue [-] database.use_db_reconnect = False {{(pid=106308) log_opt_values /opt/stack/data/venv/lib/python3.12/site-packages/oslo_config/cfg.py:3006}}
Apr 24 19:24:14.850350 np0000170102 neutron-periodic-workers[106308]: DEBUG cotyledon.oslo_config_glue [-] ovn.bfd_min_rx = 1000 {{(pid=106308) log_opt_values /opt/stack/data/venv/lib/python3.12/site-packages/oslo_config/cfg.py:3006}}
Apr 24 19:24:14.850350 np0000170102 neutron-periodic-workers[106308]: DEBUG cotyledon.oslo_config_glue [-] ovn.bfd_min_tx = 100 {{(pid=106308) log_opt_values /opt/stack/data/venv/lib/python3.12/site-packages/oslo_config/cfg.py:3006}}
Apr 24 19:24:14.850350 np0000170102 neutron-periodic-workers[106308]: DEBUG cotyledon.oslo_config_glue [-] ovn.bfd_mult = 3 {{(pid=106308) log_opt_values /opt/stack/data/venv/lib/python3.12/site-packages/oslo_config/cfg.py:3006}}
Apr 24 19:24:14.850350 np0000170102 neutron-periodic-workers[106308]: DEBUG cotyledon.oslo_config_glue [-] ovn.broadcast_arps_to_all_routers = True {{(pid=106308) log_opt_values /opt/stack/data/venv/lib/python3.12/site-packages/oslo_config/cfg.py:3006}}
Apr 24 19:24:14.850350 np0000170102 neutron-periodic-workers[106308]: DEBUG cotyledon.oslo_config_glue [-] ovn.dhcp_default_lease_time = 43200 {{(pid=106308) log_opt_values /opt/stack/data/venv/lib/python3.12/site-packages/oslo_config/cfg.py:3006}}
Apr 24 19:24:14.850350 np0000170102 neutron-periodic-workers[106308]: DEBUG cotyledon.oslo_config_glue [-] ovn.disable_ovn_dhcp_for_baremetal_ports = False {{(pid=106308) log_opt_values /opt/stack/data/venv/lib/python3.12/site-packages/oslo_config/cfg.py:3006}}
Apr 24 19:24:14.850350 np0000170102 neutron-periodic-workers[106308]: DEBUG cotyledon.oslo_config_glue [-] ovn.dns_records_ovn_owned = False {{(pid=106308) log_opt_values /opt/stack/data/venv/lib/python3.12/site-packages/oslo_config/cfg.py:3006}}
Apr 24 19:24:14.850350 np0000170102 neutron-periodic-workers[106308]: DEBUG cotyledon.oslo_config_glue [-] ovn.dns_servers = [] {{(pid=106308) log_opt_values /opt/stack/data/venv/lib/python3.12/site-packages/oslo_config/cfg.py:3006}}
Apr 24 19:24:14.850600 np0000170102 neutron-periodic-workers[106308]: DEBUG cotyledon.oslo_config_glue [-] ovn.enable_distributed_floating_ip = False {{(pid=106308) log_opt_values /opt/stack/data/venv/lib/python3.12/site-packages/oslo_config/cfg.py:3006}}
Apr 24 19:24:14.850600 np0000170102 neutron-periodic-workers[106308]: DEBUG cotyledon.oslo_config_glue [-] ovn.fdb_age_threshold = 300 {{(pid=106308) log_opt_values /opt/stack/data/venv/lib/python3.12/site-packages/oslo_config/cfg.py:3006}}
Apr 24 19:24:14.850600 np0000170102 neutron-periodic-workers[106308]: DEBUG cotyledon.oslo_config_glue [-] ovn.ha_failover_strategy = normal {{(pid=106308) log_opt_values /opt/stack/data/venv/lib/python3.12/site-packages/oslo_config/cfg.py:3006}}
Apr 24 19:24:14.850600 np0000170102 neutron-periodic-workers[106308]: DEBUG cotyledon.oslo_config_glue [-] ovn.live_migration_activation_strategy = rarp {{(pid=106308) log_opt_values /opt/stack/data/venv/lib/python3.12/site-packages/oslo_config/cfg.py:3006}}
Apr 24 19:24:14.850600 np0000170102 neutron-periodic-workers[106308]: DEBUG cotyledon.oslo_config_glue [-] ovn.localnet_learn_fdb = False {{(pid=106308) log_opt_values /opt/stack/data/venv/lib/python3.12/site-packages/oslo_config/cfg.py:3006}}
Apr 24 19:24:14.850600 np0000170102 neutron-periodic-workers[106308]: DEBUG cotyledon.oslo_config_glue [-] ovn.mac_binding_age_threshold = 300 {{(pid=106308) log_opt_values /opt/stack/data/venv/lib/python3.12/site-packages/oslo_config/cfg.py:3006}}
Apr 24 19:24:14.850600 np0000170102 neutron-periodic-workers[106308]: DEBUG cotyledon.oslo_config_glue [-] ovn.neutron_sync_mode = log {{(pid=106308) log_opt_values /opt/stack/data/venv/lib/python3.12/site-packages/oslo_config/cfg.py:3006}}
Apr 24 19:24:14.850600 np0000170102 neutron-periodic-workers[106308]: DEBUG cotyledon.oslo_config_glue [-] ovn.ovn_dhcp4_global_options = {} {{(pid=106308) log_opt_values /opt/stack/data/venv/lib/python3.12/site-packages/oslo_config/cfg.py:3006}}
Apr 24 19:24:14.850600 np0000170102 neutron-periodic-workers[106308]: DEBUG cotyledon.oslo_config_glue [-] ovn.ovn_dhcp6_global_options = {} {{(pid=106308) log_opt_values /opt/stack/data/venv/lib/python3.12/site-packages/oslo_config/cfg.py:3006}}
Apr 24 19:24:14.850854 np0000170102 neutron-periodic-workers[106308]: DEBUG cotyledon.oslo_config_glue [-] ovn.ovn_l3_scheduler = leastloaded {{(pid=106308) log_opt_values /opt/stack/data/venv/lib/python3.12/site-packages/oslo_config/cfg.py:3006}}
Apr 24 19:24:14.850854 np0000170102 neutron-periodic-workers[106308]: DEBUG cotyledon.oslo_config_glue [-] ovn.ovn_metadata_enabled = True {{(pid=106308) log_opt_values /opt/stack/data/venv/lib/python3.12/site-packages/oslo_config/cfg.py:3006}}
Apr 24 19:24:14.850854 np0000170102 neutron-periodic-workers[106308]: DEBUG cotyledon.oslo_config_glue [-] ovn.ovn_nb_ca_cert = /opt/stack/data/CA/int-ca/ca-chain.pem {{(pid=106308) log_opt_values /opt/stack/data/venv/lib/python3.12/site-packages/oslo_config/cfg.py:3006}}
Apr 24 19:24:14.850854 np0000170102 neutron-periodic-workers[106308]: DEBUG cotyledon.oslo_config_glue [-] ovn.ovn_nb_certificate = /opt/stack/data/CA/int-ca/devstack-cert.crt {{(pid=106308) log_opt_values /opt/stack/data/venv/lib/python3.12/site-packages/oslo_config/cfg.py:3006}}
Apr 24 19:24:14.850854 np0000170102 neutron-periodic-workers[106308]: DEBUG cotyledon.oslo_config_glue [-] ovn.ovn_nb_connection = ['ssl:199.19.213.73:6641'] {{(pid=106308) log_opt_values /opt/stack/data/venv/lib/python3.12/site-packages/oslo_config/cfg.py:3006}}
Apr 24 19:24:14.850854 np0000170102 neutron-periodic-workers[106308]: DEBUG cotyledon.oslo_config_glue [-] ovn.ovn_nb_private_key = /opt/stack/data/CA/int-ca/private/devstack-cert.key {{(pid=106308) log_opt_values /opt/stack/data/venv/lib/python3.12/site-packages/oslo_config/cfg.py:3006}}
Apr 24 19:24:14.850854 np0000170102 neutron-periodic-workers[106308]: DEBUG cotyledon.oslo_config_glue [-] ovn.ovn_router_indirect_snat = False {{(pid=106308) log_opt_values /opt/stack/data/venv/lib/python3.12/site-packages/oslo_config/cfg.py:3006}}
Apr 24 19:24:14.850854 np0000170102 neutron-periodic-workers[106308]: DEBUG cotyledon.oslo_config_glue [-] ovn.ovn_sb_ca_cert = /opt/stack/data/CA/int-ca/ca-chain.pem {{(pid=106308) log_opt_values /opt/stack/data/venv/lib/python3.12/site-packages/oslo_config/cfg.py:3006}}
Apr 24 19:24:14.851107 np0000170102 neutron-periodic-workers[106308]: DEBUG cotyledon.oslo_config_glue [-] ovn.ovn_sb_certificate = /opt/stack/data/CA/int-ca/devstack-cert.crt {{(pid=106308) log_opt_values /opt/stack/data/venv/lib/python3.12/site-packages/oslo_config/cfg.py:3006}}
Apr 24 19:24:14.851107 np0000170102 neutron-periodic-workers[106308]: DEBUG cotyledon.oslo_config_glue [-] ovn.ovn_sb_connection = ['ssl:199.19.213.73:6642'] {{(pid=106308) log_opt_values /opt/stack/data/venv/lib/python3.12/site-packages/oslo_config/cfg.py:3006}}
Apr 24 19:24:14.851107 np0000170102 neutron-periodic-workers[106308]: DEBUG cotyledon.oslo_config_glue [-] ovn.ovn_sb_private_key = /opt/stack/data/CA/int-ca/private/devstack-cert.key {{(pid=106308) log_opt_values /opt/stack/data/venv/lib/python3.12/site-packages/oslo_config/cfg.py:3006}}
Apr 24 19:24:14.851107 np0000170102 neutron-periodic-workers[106308]: DEBUG cotyledon.oslo_config_glue [-] ovn.ovs_create_tap = False {{(pid=106308) log_opt_values /opt/stack/data/venv/lib/python3.12/site-packages/oslo_config/cfg.py:3006}}
Apr 24 19:24:14.851107 np0000170102 neutron-periodic-workers[106308]: DEBUG cotyledon.oslo_config_glue [-] ovn.ovsdb_connection_timeout = 180 {{(pid=106308) log_opt_values /opt/stack/data/venv/lib/python3.12/site-packages/oslo_config/cfg.py:3006}}
Apr 24 19:24:14.851107 np0000170102 neutron-periodic-workers[106308]: DEBUG cotyledon.oslo_config_glue [-] ovn.ovsdb_log_level = INFO {{(pid=106308) log_opt_values /opt/stack/data/venv/lib/python3.12/site-packages/oslo_config/cfg.py:3006}}
Apr 24 19:24:14.851107 np0000170102 neutron-periodic-workers[106308]: DEBUG cotyledon.oslo_config_glue [-] ovn.ovsdb_probe_interval = 60000 {{(pid=106308) log_opt_values /opt/stack/data/venv/lib/python3.12/site-packages/oslo_config/cfg.py:3006}}
Apr 24 19:24:14.851107 np0000170102 neutron-periodic-workers[106308]: DEBUG cotyledon.oslo_config_glue [-] ovn.ovsdb_retry_max_interval = 180 {{(pid=106308) log_opt_values /opt/stack/data/venv/lib/python3.12/site-packages/oslo_config/cfg.py:3006}}
Apr 24 19:24:14.851107 np0000170102 neutron-periodic-workers[106308]: DEBUG cotyledon.oslo_config_glue [-] ovn.stateless_nat_enabled = False {{(pid=106308) log_opt_values /opt/stack/data/venv/lib/python3.12/site-packages/oslo_config/cfg.py:3006}}
Apr 24 19:24:14.851375 np0000170102 neutron-periodic-workers[106308]: DEBUG cotyledon.oslo_config_glue [-] ovn.vhost_sock_dir = /var/run/openvswitch {{(pid=106308) log_opt_values /opt/stack/data/venv/lib/python3.12/site-packages/oslo_config/cfg.py:3006}}
Apr 24 19:24:14.851375 np0000170102 neutron-periodic-workers[106308]: DEBUG cotyledon.oslo_config_glue [-] OVS.bridge_mac_table_size = 50000 {{(pid=106308) log_opt_values /opt/stack/data/venv/lib/python3.12/site-packages/oslo_config/cfg.py:3006}}
Apr 24 19:24:14.851375 np0000170102 neutron-periodic-workers[106308]: DEBUG cotyledon.oslo_config_glue [-] OVS.igmp_flood = False {{(pid=106308) log_opt_values /opt/stack/data/venv/lib/python3.12/site-packages/oslo_config/cfg.py:3006}}
Apr 24 19:24:14.851375 np0000170102 neutron-periodic-workers[106308]: DEBUG cotyledon.oslo_config_glue [-] OVS.igmp_flood_reports = True {{(pid=106308) log_opt_values /opt/stack/data/venv/lib/python3.12/site-packages/oslo_config/cfg.py:3006}}
Apr 24 19:24:14.851375 np0000170102 neutron-periodic-workers[106308]: DEBUG cotyledon.oslo_config_glue [-] OVS.igmp_flood_unregistered = False {{(pid=106308) log_opt_values /opt/stack/data/venv/lib/python3.12/site-packages/oslo_config/cfg.py:3006}}
Apr 24 19:24:14.851375 np0000170102 neutron-periodic-workers[106308]: DEBUG cotyledon.oslo_config_glue [-] OVS.igmp_snooping_enable = False {{(pid=106308) log_opt_values /opt/stack/data/venv/lib/python3.12/site-packages/oslo_config/cfg.py:3006}}
Apr 24 19:24:14.851375 np0000170102 neutron-periodic-workers[106308]: DEBUG cotyledon.oslo_config_glue [-] OVS.ovsdb_timeout = 10 {{(pid=106308) log_opt_values /opt/stack/data/venv/lib/python3.12/site-packages/oslo_config/cfg.py:3006}}
Apr 24 19:24:14.851375 np0000170102 neutron-periodic-workers[106308]: DEBUG cotyledon.oslo_config_glue [-] ovn_nb_global.fdb_removal_limit = 0 {{(pid=106308) log_opt_values /opt/stack/data/venv/lib/python3.12/site-packages/oslo_config/cfg.py:3006}}
Apr 24 19:24:14.851375 np0000170102 neutron-periodic-workers[106308]: DEBUG cotyledon.oslo_config_glue [-] ovn_nb_global.ignore_lsp_down = False {{(pid=106308) log_opt_values /opt/stack/data/venv/lib/python3.12/site-packages/oslo_config/cfg.py:3006}}
Apr 24 19:24:14.851833 np0000170102 neutron-periodic-workers[106308]: DEBUG cotyledon.oslo_config_glue [-] ovn_nb_global.mac_binding_removal_limit = 0 {{(pid=106308) log_opt_values /opt/stack/data/venv/lib/python3.12/site-packages/oslo_config/cfg.py:3006}}
Apr 24 19:24:14.851833 np0000170102 neutron-periodic-workers[106308]: DEBUG cotyledon.oslo_config_glue [-] ******************************************************************************** {{(pid=106308) log_opt_values /opt/stack/data/venv/lib/python3.12/site-packages/oslo_config/cfg.py:3013}}
Apr 24 19:24:14.851833 np0000170102 neutron-periodic-workers[106308]: DEBUG cotyledon._service_worker [-] Run service ServiceWrapper(0) [106308] {{(pid=106308) wait_forever /opt/stack/data/venv/lib/python3.12/site-packages/cotyledon/_service_worker.py:218}}
Apr 24 19:24:24.491041 np0000170102 neutron-periodic-workers[105573]: DEBUG dbcounter [-] [105573] Writing DB stats neutron:SELECT=4 {{(pid=105573) stat_writer /opt/stack/data/venv/lib/python3.12/site-packages/dbcounter.py:115}}
Apr 24 19:25:12.817607 np0000170102 neutron-periodic-workers[106284]: DEBUG oslo_db.sqlalchemy.engines [None req-3a4564a1-3948-4ad0-98fd-9662af7d1f7d None None] Parent process 105573 forked (106284) with an open database connection, which is being discarded and recreated. {{(pid=106284) checkout /opt/stack/data/venv/lib/python3.12/site-packages/oslo_db/sqlalchemy/engines.py:402}}
Apr 24 19:25:12.828284 np0000170102 neutron-periodic-workers[106284]: DEBUG dbcounter [-] [106284] Writer thread running {{(pid=106284) stat_writer /opt/stack/data/venv/lib/python3.12/site-packages/dbcounter.py:102}}
Apr 24 19:25:12.842603 np0000170102 neutron-periodic-workers[106284]: DEBUG oslo.service.backend._threading.loopingcall [None req-3a4564a1-3948-4ad0-98fd-9662af7d1f7d None None] Fixed interval looping call 'neutron.plugins.ml2.plugin.DhcpAgentSchedulerDbMixin.remove_networks_from_down_agents' sleeping for 36.97 seconds {{(pid=106284) _run_loop /opt/stack/data/venv/lib/python3.12/site-packages/oslo_service/backend/_threading/loopingcall.py:125}}
Apr 24 19:25:22.843921 np0000170102 neutron-periodic-workers[106284]: DEBUG dbcounter [-] [106284] Writing DB stats neutron:SELECT=3 {{(pid=106284) stat_writer /opt/stack/data/venv/lib/python3.12/site-packages/dbcounter.py:115}}
Apr 24 19:25:28.845300 np0000170102 neutron-periodic-workers[106297]: DEBUG dbcounter [-] [106297] Writer thread running {{(pid=106297) stat_writer /opt/stack/data/venv/lib/python3.12/site-packages/dbcounter.py:102}}
Apr 24 19:25:28.848606 np0000170102 neutron-periodic-workers[106297]: DEBUG neutron.db.agents_db [None req-1174ea00-0a4b-4f03-afc6-67e00f307a48 None None] Agent healthcheck: found 0 active agents {{(pid=106297) agent_health_check /opt/stack/neutron/neutron/db/agents_db.py:317}}
Apr 24 19:25:28.848835 np0000170102 neutron-periodic-workers[106297]: DEBUG oslo.service.backend._threading.loopingcall [None req-1174ea00-0a4b-4f03-afc6-67e00f307a48 None None] Fixed interval looping call 'neutron.plugins.ml2.plugin.AgentDbMixin.agent_health_check' sleeping for 36.98 seconds {{(pid=106297) _run_loop /opt/stack/data/venv/lib/python3.12/site-packages/oslo_service/backend/_threading/loopingcall.py:125}}
Apr 24 19:25:38.845981 np0000170102 neutron-periodic-workers[106297]: DEBUG dbcounter [-] [106297] Writing DB stats neutron:SELECT=1 {{(pid=106297) stat_writer /opt/stack/data/venv/lib/python3.12/site-packages/dbcounter.py:115}}
Apr 24 19:25:49.822151 np0000170102 neutron-periodic-workers[106284]: DEBUG oslo.service.backend._threading.loopingcall [None req-3a4564a1-3948-4ad0-98fd-9662af7d1f7d None None] Fixed interval looping call 'neutron.plugins.ml2.plugin.DhcpAgentSchedulerDbMixin.remove_networks_from_down_agents' sleeping for 36.99 seconds {{(pid=106284) _run_loop /opt/stack/data/venv/lib/python3.12/site-packages/oslo_service/backend/_threading/loopingcall.py:125}}
Apr 24 19:25:59.823351 np0000170102 neutron-periodic-workers[106284]: DEBUG dbcounter [-] [106284] Writing DB stats neutron:SELECT=3 {{(pid=106284) stat_writer /opt/stack/data/venv/lib/python3.12/site-packages/dbcounter.py:115}}
Apr 24 19:26:05.837384 np0000170102 neutron-periodic-workers[106297]: DEBUG neutron.db.agents_db [None req-1174ea00-0a4b-4f03-afc6-67e00f307a48 None None] Agent healthcheck: found 0 active agents {{(pid=106297) agent_health_check /opt/stack/neutron/neutron/db/agents_db.py:317}}
Apr 24 19:26:05.838100 np0000170102 neutron-periodic-workers[106297]: DEBUG oslo.service.backend._threading.loopingcall [None req-1174ea00-0a4b-4f03-afc6-67e00f307a48 None None] Fixed interval looping call 'neutron.plugins.ml2.plugin.AgentDbMixin.agent_health_check' sleeping for 36.99 seconds {{(pid=106297) _run_loop /opt/stack/data/venv/lib/python3.12/site-packages/oslo_service/backend/_threading/loopingcall.py:125}}
Apr 24 19:26:14.872325 np0000170102 neutron-periodic-workers[106308]: DEBUG dbcounter [-] [106308] Writer thread running {{(pid=106308) stat_writer /opt/stack/data/venv/lib/python3.12/site-packages/dbcounter.py:102}}
Apr 24 19:26:14.872325 np0000170102 neutron-periodic-workers[106308]: DEBUG oslo.service.backend._threading.loopingcall [None req-1eea719b-f988-4d2b-834c-0b06bf3c8e7c None None] Fixed interval looping call 'neutron.db.quota.driver_nolock.DbQuotaNoLockDriver._remove_expired_reservations' sleeping for 119.98 seconds {{(pid=106308) _run_loop /opt/stack/data/venv/lib/python3.12/site-packages/oslo_service/backend/_threading/loopingcall.py:125}}
Apr 24 19:26:17.245741 np0000170102 neutron-periodic-workers[106297]: DEBUG dbcounter [-] [106297] Writing DB stats neutron:SELECT=1 {{(pid=106297) stat_writer /opt/stack/data/venv/lib/python3.12/site-packages/dbcounter.py:115}}
Apr 24 19:26:24.866739 np0000170102 neutron-periodic-workers[106308]: DEBUG dbcounter [-] [106308] Writing DB stats neutron:DELETE=1 {{(pid=106308) stat_writer /opt/stack/data/venv/lib/python3.12/site-packages/dbcounter.py:115}}
Apr 24 19:26:26.822227 np0000170102 neutron-periodic-workers[106284]: DEBUG oslo.service.backend._threading.loopingcall [None req-3a4564a1-3948-4ad0-98fd-9662af7d1f7d None None] Fixed interval looping call 'neutron.plugins.ml2.plugin.DhcpAgentSchedulerDbMixin.remove_networks_from_down_agents' sleeping for 36.99 seconds {{(pid=106284) _run_loop /opt/stack/data/venv/lib/python3.12/site-packages/oslo_service/backend/_threading/loopingcall.py:125}}
Apr 24 19:26:36.820839 np0000170102 neutron-periodic-workers[106284]: DEBUG dbcounter [-] [106284] Writing DB stats neutron:SELECT=3 {{(pid=106284) stat_writer /opt/stack/data/venv/lib/python3.12/site-packages/dbcounter.py:115}}
Apr 24 19:26:42.835541 np0000170102 neutron-periodic-workers[106297]: DEBUG neutron.db.agents_db [None req-1174ea00-0a4b-4f03-afc6-67e00f307a48 None None] Agent healthcheck: found 0 active agents {{(pid=106297) agent_health_check /opt/stack/neutron/neutron/db/agents_db.py:317}}
Apr 24 19:26:42.836194 np0000170102 neutron-periodic-workers[106297]: DEBUG oslo.service.backend._threading.loopingcall [None req-1174ea00-0a4b-4f03-afc6-67e00f307a48 None None] Fixed interval looping call 'neutron.plugins.ml2.plugin.AgentDbMixin.agent_health_check' sleeping for 36.99 seconds {{(pid=106297) _run_loop /opt/stack/data/venv/lib/python3.12/site-packages/oslo_service/backend/_threading/loopingcall.py:125}}
Apr 24 19:26:52.833044 np0000170102 neutron-periodic-workers[106297]: DEBUG dbcounter [-] [106297] Writing DB stats neutron:SELECT=1 {{(pid=106297) stat_writer /opt/stack/data/venv/lib/python3.12/site-packages/dbcounter.py:115}}
Apr 24 19:27:03.822709 np0000170102 neutron-periodic-workers[106284]: DEBUG oslo.service.backend._threading.loopingcall [None req-3a4564a1-3948-4ad0-98fd-9662af7d1f7d None None] Fixed interval looping call 'neutron.plugins.ml2.plugin.DhcpAgentSchedulerDbMixin.remove_networks_from_down_agents' sleeping for 36.99 seconds {{(pid=106284) _run_loop /opt/stack/data/venv/lib/python3.12/site-packages/oslo_service/backend/_threading/loopingcall.py:125}}
Apr 24 19:27:13.821408 np0000170102 neutron-periodic-workers[106284]: DEBUG dbcounter [-] [106284] Writing DB stats neutron:SELECT=3 {{(pid=106284) stat_writer /opt/stack/data/venv/lib/python3.12/site-packages/dbcounter.py:115}}
Apr 24 19:27:19.832267 np0000170102 neutron-periodic-workers[106297]: DEBUG neutron.db.agents_db [None req-1174ea00-0a4b-4f03-afc6-67e00f307a48 None None] Agent healthcheck: found 0 active agents {{(pid=106297) agent_health_check /opt/stack/neutron/neutron/db/agents_db.py:317}}
Apr 24 19:27:19.832732 np0000170102 neutron-periodic-workers[106297]: DEBUG oslo.service.backend._threading.loopingcall [None req-1174ea00-0a4b-4f03-afc6-67e00f307a48 None None] Fixed interval looping call 'neutron.plugins.ml2.plugin.AgentDbMixin.agent_health_check' sleeping for 36.99 seconds {{(pid=106297) _run_loop /opt/stack/data/venv/lib/python3.12/site-packages/oslo_service/backend/_threading/loopingcall.py:125}}
Apr 24 19:27:29.830127 np0000170102 neutron-periodic-workers[106297]: DEBUG dbcounter [-] [106297] Writing DB stats neutron:SELECT=1 {{(pid=106297) stat_writer /opt/stack/data/venv/lib/python3.12/site-packages/dbcounter.py:115}}
Apr 24 19:27:40.822081 np0000170102 neutron-periodic-workers[106284]: DEBUG oslo.service.backend._threading.loopingcall [None req-3a4564a1-3948-4ad0-98fd-9662af7d1f7d None None] Fixed interval looping call 'neutron.plugins.ml2.plugin.DhcpAgentSchedulerDbMixin.remove_networks_from_down_agents' sleeping for 36.99 seconds {{(pid=106284) _run_loop /opt/stack/data/venv/lib/python3.12/site-packages/oslo_service/backend/_threading/loopingcall.py:125}}
Apr 24 19:27:50.820862 np0000170102 neutron-periodic-workers[106284]: DEBUG dbcounter [-] [106284] Writing DB stats neutron:SELECT=3 {{(pid=106284) stat_writer /opt/stack/data/venv/lib/python3.12/site-packages/dbcounter.py:115}}
Apr 24 19:27:56.828196 np0000170102 neutron-periodic-workers[106297]: DEBUG neutron.db.agents_db [None req-1174ea00-0a4b-4f03-afc6-67e00f307a48 None None] Agent healthcheck: found 0 active agents {{(pid=106297) agent_health_check /opt/stack/neutron/neutron/db/agents_db.py:317}}
Apr 24 19:27:56.828196 np0000170102 neutron-periodic-workers[106297]: DEBUG oslo.service.backend._threading.loopingcall [None req-1174ea00-0a4b-4f03-afc6-67e00f307a48 None None] Fixed interval looping call 'neutron.plugins.ml2.plugin.AgentDbMixin.agent_health_check' sleeping for 36.99 seconds {{(pid=106297) _run_loop /opt/stack/data/venv/lib/python3.12/site-packages/oslo_service/backend/_threading/loopingcall.py:125}}
Apr 24 19:28:06.826092 np0000170102 neutron-periodic-workers[106297]: DEBUG dbcounter [-] [106297] Writing DB stats neutron:SELECT=1 {{(pid=106297) stat_writer /opt/stack/data/venv/lib/python3.12/site-packages/dbcounter.py:115}}
Apr 24 19:28:14.854871 np0000170102 neutron-periodic-workers[106308]: DEBUG oslo.service.backend._threading.loopingcall [None req-1eea719b-f988-4d2b-834c-0b06bf3c8e7c None None] Fixed interval looping call 'neutron.db.quota.driver_nolock.DbQuotaNoLockDriver._remove_expired_reservations' sleeping for 119.99 seconds {{(pid=106308) _run_loop /opt/stack/data/venv/lib/python3.12/site-packages/oslo_service/backend/_threading/loopingcall.py:125}}
Apr 24 19:28:17.819509 np0000170102 neutron-periodic-workers[106284]: DEBUG oslo.service.backend._threading.loopingcall [None req-3a4564a1-3948-4ad0-98fd-9662af7d1f7d None None] Fixed interval looping call 'neutron.plugins.ml2.plugin.DhcpAgentSchedulerDbMixin.remove_networks_from_down_agents' sleeping for 36.99 seconds {{(pid=106284) _run_loop /opt/stack/data/venv/lib/python3.12/site-packages/oslo_service/backend/_threading/loopingcall.py:125}}
Apr 24 19:28:24.853365 np0000170102 neutron-periodic-workers[106308]: DEBUG dbcounter [-] [106308] Writing DB stats neutron:DELETE=1 {{(pid=106308) stat_writer /opt/stack/data/venv/lib/python3.12/site-packages/dbcounter.py:115}}
Apr 24 19:28:27.818540 np0000170102 neutron-periodic-workers[106284]: DEBUG dbcounter [-] [106284] Writing DB stats neutron:SELECT=3 {{(pid=106284) stat_writer /opt/stack/data/venv/lib/python3.12/site-packages/dbcounter.py:115}}
Apr 24 19:28:33.823030 np0000170102 neutron-periodic-workers[106297]: DEBUG neutron.db.agents_db [None req-1174ea00-0a4b-4f03-afc6-67e00f307a48 None None] Agent healthcheck: found 0 active agents {{(pid=106297) agent_health_check /opt/stack/neutron/neutron/db/agents_db.py:317}}
Apr 24 19:28:33.823983 np0000170102 neutron-periodic-workers[106297]: DEBUG oslo.service.backend._threading.loopingcall [None req-1174ea00-0a4b-4f03-afc6-67e00f307a48 None None] Fixed interval looping call 'neutron.plugins.ml2.plugin.AgentDbMixin.agent_health_check' sleeping for 37.00 seconds {{(pid=106297) _run_loop /opt/stack/data/venv/lib/python3.12/site-packages/oslo_service/backend/_threading/loopingcall.py:125}}
Apr 24 19:28:43.821687 np0000170102 neutron-periodic-workers[106297]: DEBUG dbcounter [-] [106297] Writing DB stats neutron:SELECT=1 {{(pid=106297) stat_writer /opt/stack/data/venv/lib/python3.12/site-packages/dbcounter.py:115}}
Apr 24 19:28:54.818764 np0000170102 neutron-periodic-workers[106284]: DEBUG oslo.service.backend._threading.loopingcall [None req-3a4564a1-3948-4ad0-98fd-9662af7d1f7d None None] Fixed interval looping call 'neutron.plugins.ml2.plugin.DhcpAgentSchedulerDbMixin.remove_networks_from_down_agents' sleeping for 36.99 seconds {{(pid=106284) _run_loop /opt/stack/data/venv/lib/python3.12/site-packages/oslo_service/backend/_threading/loopingcall.py:125}}
Apr 24 19:29:04.817976 np0000170102 neutron-periodic-workers[106284]: DEBUG dbcounter [-] [106284] Writing DB stats neutron:SELECT=3 {{(pid=106284) stat_writer /opt/stack/data/venv/lib/python3.12/site-packages/dbcounter.py:115}}
Apr 24 19:29:10.827744 np0000170102 neutron-periodic-workers[106297]: DEBUG neutron.db.agents_db [None req-1174ea00-0a4b-4f03-afc6-67e00f307a48 None None] Agent healthcheck: found 0 active agents {{(pid=106297) agent_health_check /opt/stack/neutron/neutron/db/agents_db.py:317}}
Apr 24 19:29:10.827744 np0000170102 neutron-periodic-workers[106297]: DEBUG oslo.service.backend._threading.loopingcall [None req-1174ea00-0a4b-4f03-afc6-67e00f307a48 None None] Fixed interval looping call 'neutron.plugins.ml2.plugin.AgentDbMixin.agent_health_check' sleeping for 37.00 seconds {{(pid=106297) _run_loop /opt/stack/data/venv/lib/python3.12/site-packages/oslo_service/backend/_threading/loopingcall.py:125}}
Apr 24 19:29:12.825769 np0000170102 neutron-periodic-workers[106273]: DEBUG dbcounter [-] [106273] Writer thread running {{(pid=106273) stat_writer /opt/stack/data/venv/lib/python3.12/site-packages/dbcounter.py:102}}
Apr 24 19:29:12.836665 np0000170102 neutron-periodic-workers[106273]: DEBUG oslo.service.backend._threading.loopingcall [None req-55d59a96-7b47-4685-bb74-78283fcd39e7 None None] Fixed interval looping call 'neutron.services.ovn_l3.plugin.L3_NAT_dbonly_mixin._clean_garbage' sleeping for 299.96 seconds {{(pid=106273) _run_loop /opt/stack/data/venv/lib/python3.12/site-packages/oslo_service/backend/_threading/loopingcall.py:125}}
Apr 24 19:29:20.826016 np0000170102 neutron-periodic-workers[106297]: DEBUG dbcounter [-] [106297] Writing DB stats neutron:SELECT=1 {{(pid=106297) stat_writer /opt/stack/data/venv/lib/python3.12/site-packages/dbcounter.py:115}}
Apr 24 19:29:22.826206 np0000170102 neutron-periodic-workers[106273]: DEBUG dbcounter [-] [106273] Writing DB stats neutron:SELECT=1 {{(pid=106273) stat_writer /opt/stack/data/venv/lib/python3.12/site-packages/dbcounter.py:115}}
Apr 24 19:29:31.818717 np0000170102 neutron-periodic-workers[106284]: DEBUG oslo.service.backend._threading.loopingcall [None req-3a4564a1-3948-4ad0-98fd-9662af7d1f7d None None] Fixed interval looping call 'neutron.plugins.ml2.plugin.DhcpAgentSchedulerDbMixin.remove_networks_from_down_agents' sleeping for 36.99 seconds {{(pid=106284) _run_loop /opt/stack/data/venv/lib/python3.12/site-packages/oslo_service/backend/_threading/loopingcall.py:125}}
Apr 24 19:29:41.817258 np0000170102 neutron-periodic-workers[106284]: DEBUG dbcounter [-] [106284] Writing DB stats neutron:SELECT=3 {{(pid=106284) stat_writer /opt/stack/data/venv/lib/python3.12/site-packages/dbcounter.py:115}}
Apr 24 19:29:47.831459 np0000170102 neutron-periodic-workers[106297]: DEBUG neutron.db.agents_db [None req-1174ea00-0a4b-4f03-afc6-67e00f307a48 None None] Agent healthcheck: found 0 active agents {{(pid=106297) agent_health_check /opt/stack/neutron/neutron/db/agents_db.py:317}}
Apr 24 19:29:47.832117 np0000170102 neutron-periodic-workers[106297]: DEBUG oslo.service.backend._threading.loopingcall [None req-1174ea00-0a4b-4f03-afc6-67e00f307a48 None None] Fixed interval looping call 'neutron.plugins.ml2.plugin.AgentDbMixin.agent_health_check' sleeping for 37.00 seconds {{(pid=106297) _run_loop /opt/stack/data/venv/lib/python3.12/site-packages/oslo_service/backend/_threading/loopingcall.py:125}}
Apr 24 19:29:57.830798 np0000170102 neutron-periodic-workers[106297]: DEBUG dbcounter [-] [106297] Writing DB stats neutron:SELECT=1 {{(pid=106297) stat_writer /opt/stack/data/venv/lib/python3.12/site-packages/dbcounter.py:115}}
Apr 24 19:30:08.820093 np0000170102 neutron-periodic-workers[106284]: DEBUG oslo.service.backend._threading.loopingcall [None req-3a4564a1-3948-4ad0-98fd-9662af7d1f7d None None] Fixed interval looping call 'neutron.plugins.ml2.plugin.DhcpAgentSchedulerDbMixin.remove_networks_from_down_agents' sleeping for 36.99 seconds {{(pid=106284) _run_loop /opt/stack/data/venv/lib/python3.12/site-packages/oslo_service/backend/_threading/loopingcall.py:125}}
Apr 24 19:30:14.853416 np0000170102 neutron-periodic-workers[106308]: DEBUG oslo.service.backend._threading.loopingcall [None req-1eea719b-f988-4d2b-834c-0b06bf3c8e7c None None] Fixed interval looping call 'neutron.db.quota.driver_nolock.DbQuotaNoLockDriver._remove_expired_reservations' sleeping for 119.99 seconds {{(pid=106308) _run_loop /opt/stack/data/venv/lib/python3.12/site-packages/oslo_service/backend/_threading/loopingcall.py:125}}
Apr 24 19:30:18.818622 np0000170102 neutron-periodic-workers[106284]: DEBUG dbcounter [-] [106284] Writing DB stats neutron:SELECT=3 {{(pid=106284) stat_writer /opt/stack/data/venv/lib/python3.12/site-packages/dbcounter.py:115}}
Apr 24 19:30:24.840307 np0000170102 neutron-periodic-workers[106297]: DEBUG neutron.db.agents_db [None req-1174ea00-0a4b-4f03-afc6-67e00f307a48 None None] Agent healthcheck: found 0 active agents {{(pid=106297) agent_health_check /opt/stack/neutron/neutron/db/agents_db.py:317}}
Apr 24 19:30:24.841185 np0000170102 neutron-periodic-workers[106297]: DEBUG oslo.service.backend._threading.loopingcall [None req-1174ea00-0a4b-4f03-afc6-67e00f307a48 None None] Fixed interval looping call 'neutron.plugins.ml2.plugin.AgentDbMixin.agent_health_check' sleeping for 36.99 seconds {{(pid=106297) _run_loop /opt/stack/data/venv/lib/python3.12/site-packages/oslo_service/backend/_threading/loopingcall.py:125}}
Apr 24 19:30:24.850777 np0000170102 neutron-periodic-workers[106308]: DEBUG dbcounter [-] [106308] Writing DB stats neutron:DELETE=1 {{(pid=106308) stat_writer /opt/stack/data/venv/lib/python3.12/site-packages/dbcounter.py:115}}
Apr 24 19:30:34.836502 np0000170102 neutron-periodic-workers[106297]: DEBUG dbcounter [-] [106297] Writing DB stats neutron:SELECT=1 {{(pid=106297) stat_writer /opt/stack/data/venv/lib/python3.12/site-packages/dbcounter.py:115}}
Apr 24 19:30:45.823640 np0000170102 neutron-periodic-workers[106284]: DEBUG oslo.service.backend._threading.loopingcall [None req-3a4564a1-3948-4ad0-98fd-9662af7d1f7d None None] Fixed interval looping call 'neutron.plugins.ml2.plugin.DhcpAgentSchedulerDbMixin.remove_networks_from_down_agents' sleeping for 36.99 seconds {{(pid=106284) _run_loop /opt/stack/data/venv/lib/python3.12/site-packages/oslo_service/backend/_threading/loopingcall.py:125}}
Apr 24 19:30:55.846166 np0000170102 neutron-periodic-workers[106284]: DEBUG dbcounter [-] [106284] Writing DB stats neutron:SELECT=3 {{(pid=106284) stat_writer /opt/stack/data/venv/lib/python3.12/site-packages/dbcounter.py:115}}
Apr 24 19:31:01.835834 np0000170102 neutron-periodic-workers[106297]: DEBUG neutron.db.agents_db [None req-1174ea00-0a4b-4f03-afc6-67e00f307a48 None None] Agent healthcheck: found 0 active agents {{(pid=106297) agent_health_check /opt/stack/neutron/neutron/db/agents_db.py:317}}
Apr 24 19:31:01.835834 np0000170102 neutron-periodic-workers[106297]: DEBUG oslo.service.backend._threading.loopingcall [None req-1174ea00-0a4b-4f03-afc6-67e00f307a48 None None] Fixed interval looping call 'neutron.plugins.ml2.plugin.AgentDbMixin.agent_health_check' sleeping for 36.99 seconds {{(pid=106297) _run_loop /opt/stack/data/venv/lib/python3.12/site-packages/oslo_service/backend/_threading/loopingcall.py:125}}
Apr 24 19:31:11.834190 np0000170102 neutron-periodic-workers[106297]: DEBUG dbcounter [-] [106297] Writing DB stats neutron:SELECT=1 {{(pid=106297) stat_writer /opt/stack/data/venv/lib/python3.12/site-packages/dbcounter.py:115}}
Apr 24 19:31:22.820175 np0000170102 neutron-periodic-workers[106284]: DEBUG oslo.service.backend._threading.loopingcall [None req-3a4564a1-3948-4ad0-98fd-9662af7d1f7d None None] Fixed interval looping call 'neutron.plugins.ml2.plugin.DhcpAgentSchedulerDbMixin.remove_networks_from_down_agents' sleeping for 36.99 seconds {{(pid=106284) _run_loop /opt/stack/data/venv/lib/python3.12/site-packages/oslo_service/backend/_threading/loopingcall.py:125}}
Apr 24 19:31:32.819245 np0000170102 neutron-periodic-workers[106284]: DEBUG dbcounter [-] [106284] Writing DB stats neutron:SELECT=3 {{(pid=106284) stat_writer /opt/stack/data/venv/lib/python3.12/site-packages/dbcounter.py:115}}
Apr 24 19:31:38.830524 np0000170102 neutron-periodic-workers[106297]: DEBUG neutron.db.agents_db [None req-1174ea00-0a4b-4f03-afc6-67e00f307a48 None None] Agent healthcheck: found 0 active agents {{(pid=106297) agent_health_check /opt/stack/neutron/neutron/db/agents_db.py:317}}
Apr 24 19:31:38.831249 np0000170102 neutron-periodic-workers[106297]: DEBUG oslo.service.backend._threading.loopingcall [None req-1174ea00-0a4b-4f03-afc6-67e00f307a48 None None] Fixed interval looping call 'neutron.plugins.ml2.plugin.AgentDbMixin.agent_health_check' sleeping for 37.00 seconds {{(pid=106297) _run_loop /opt/stack/data/venv/lib/python3.12/site-packages/oslo_service/backend/_threading/loopingcall.py:125}}
Apr 24 19:31:48.830089 np0000170102 neutron-periodic-workers[106297]: DEBUG dbcounter [-] [106297] Writing DB stats neutron:SELECT=1 {{(pid=106297) stat_writer /opt/stack/data/venv/lib/python3.12/site-packages/dbcounter.py:115}}
Apr 24 19:31:59.818802 np0000170102 neutron-periodic-workers[106284]: DEBUG oslo.service.backend._threading.loopingcall [None req-3a4564a1-3948-4ad0-98fd-9662af7d1f7d None None] Fixed interval looping call 'neutron.plugins.ml2.plugin.DhcpAgentSchedulerDbMixin.remove_networks_from_down_agents' sleeping for 36.99 seconds {{(pid=106284) _run_loop /opt/stack/data/venv/lib/python3.12/site-packages/oslo_service/backend/_threading/loopingcall.py:125}}
Apr 24 19:32:09.817753 np0000170102 neutron-periodic-workers[106284]: DEBUG dbcounter [-] [106284] Writing DB stats neutron:SELECT=3 {{(pid=106284) stat_writer /opt/stack/data/venv/lib/python3.12/site-packages/dbcounter.py:115}}
Apr 24 19:32:14.848314 np0000170102 neutron-periodic-workers[106308]: DEBUG oslo.service.backend._threading.loopingcall [None req-1eea719b-f988-4d2b-834c-0b06bf3c8e7c None None] Fixed interval looping call 'neutron.db.quota.driver_nolock.DbQuotaNoLockDriver._remove_expired_reservations' sleeping for 120.00 seconds {{(pid=106308) _run_loop /opt/stack/data/venv/lib/python3.12/site-packages/oslo_service/backend/_threading/loopingcall.py:125}}
Apr 24 19:32:15.835691 np0000170102 neutron-periodic-workers[106297]: DEBUG neutron.db.agents_db [None req-1174ea00-0a4b-4f03-afc6-67e00f307a48 None None] Agent healthcheck: found 0 active agents {{(pid=106297) agent_health_check /opt/stack/neutron/neutron/db/agents_db.py:317}}
Apr 24 19:32:15.836056 np0000170102 neutron-periodic-workers[106297]: DEBUG oslo.service.backend._threading.loopingcall [None req-1174ea00-0a4b-4f03-afc6-67e00f307a48 None None] Fixed interval looping call 'neutron.plugins.ml2.plugin.AgentDbMixin.agent_health_check' sleeping for 37.00 seconds {{(pid=106297) _run_loop /opt/stack/data/venv/lib/python3.12/site-packages/oslo_service/backend/_threading/loopingcall.py:125}}
Apr 24 19:32:24.847197 np0000170102 neutron-periodic-workers[106308]: DEBUG dbcounter [-] [106308] Writing DB stats neutron:DELETE=1 {{(pid=106308) stat_writer /opt/stack/data/venv/lib/python3.12/site-packages/dbcounter.py:115}}
Apr 24 19:32:25.834102 np0000170102 neutron-periodic-workers[106297]: DEBUG dbcounter [-] [106297] Writing DB stats neutron:SELECT=1 {{(pid=106297) stat_writer /opt/stack/data/venv/lib/python3.12/site-packages/dbcounter.py:115}}
Apr 24 19:32:36.819014 np0000170102 neutron-periodic-workers[106284]: DEBUG oslo.service.backend._threading.loopingcall [None req-3a4564a1-3948-4ad0-98fd-9662af7d1f7d None None] Fixed interval looping call 'neutron.plugins.ml2.plugin.DhcpAgentSchedulerDbMixin.remove_networks_from_down_agents' sleeping for 36.99 seconds {{(pid=106284) _run_loop /opt/stack/data/venv/lib/python3.12/site-packages/oslo_service/backend/_threading/loopingcall.py:125}}
Apr 24 19:32:46.818395 np0000170102 neutron-periodic-workers[106284]: DEBUG dbcounter [-] [106284] Writing DB stats neutron:SELECT=3 {{(pid=106284) stat_writer /opt/stack/data/venv/lib/python3.12/site-packages/dbcounter.py:115}}
Apr 24 19:32:52.840449 np0000170102 neutron-periodic-workers[106297]: DEBUG neutron.db.agents_db [None req-1174ea00-0a4b-4f03-afc6-67e00f307a48 None None] Agent healthcheck: found 0 active agents {{(pid=106297) agent_health_check /opt/stack/neutron/neutron/db/agents_db.py:317}}
Apr 24 19:32:52.840449 np0000170102 neutron-periodic-workers[106297]: DEBUG oslo.service.backend._threading.loopingcall [None req-1174ea00-0a4b-4f03-afc6-67e00f307a48 None None] Fixed interval looping call 'neutron.plugins.ml2.plugin.AgentDbMixin.agent_health_check' sleeping for 37.00 seconds {{(pid=106297) _run_loop /opt/stack/data/venv/lib/python3.12/site-packages/oslo_service/backend/_threading/loopingcall.py:125}}
Apr 24 19:33:02.839053 np0000170102 neutron-periodic-workers[106297]: DEBUG dbcounter [-] [106297] Writing DB stats neutron:SELECT=1 {{(pid=106297) stat_writer /opt/stack/data/venv/lib/python3.12/site-packages/dbcounter.py:115}}
Apr 24 19:33:13.818138 np0000170102 neutron-periodic-workers[106284]: DEBUG oslo.service.backend._threading.loopingcall [None req-3a4564a1-3948-4ad0-98fd-9662af7d1f7d None None] Fixed interval looping call 'neutron.plugins.ml2.plugin.DhcpAgentSchedulerDbMixin.remove_networks_from_down_agents' sleeping for 36.99 seconds {{(pid=106284) _run_loop /opt/stack/data/venv/lib/python3.12/site-packages/oslo_service/backend/_threading/loopingcall.py:125}}
Apr 24 19:33:23.817779 np0000170102 neutron-periodic-workers[106284]: DEBUG dbcounter [-] [106284] Writing DB stats neutron:SELECT=3 {{(pid=106284) stat_writer /opt/stack/data/venv/lib/python3.12/site-packages/dbcounter.py:115}}
Apr 24 19:33:29.845157 np0000170102 neutron-periodic-workers[106297]: DEBUG neutron.db.agents_db [None req-1174ea00-0a4b-4f03-afc6-67e00f307a48 None None] Agent healthcheck: found 0 active agents {{(pid=106297) agent_health_check /opt/stack/neutron/neutron/db/agents_db.py:317}}
Apr 24 19:33:29.846015 np0000170102 neutron-periodic-workers[106297]: DEBUG oslo.service.backend._threading.loopingcall [None req-1174ea00-0a4b-4f03-afc6-67e00f307a48 None None] Fixed interval looping call 'neutron.plugins.ml2.plugin.AgentDbMixin.agent_health_check' sleeping for 37.00 seconds {{(pid=106297) _run_loop /opt/stack/data/venv/lib/python3.12/site-packages/oslo_service/backend/_threading/loopingcall.py:125}}
Apr 24 19:33:39.843935 np0000170102 neutron-periodic-workers[106297]: DEBUG dbcounter [-] [106297] Writing DB stats neutron:SELECT=1 {{(pid=106297) stat_writer /opt/stack/data/venv/lib/python3.12/site-packages/dbcounter.py:115}}
Apr 24 19:33:50.818788 np0000170102 neutron-periodic-workers[106284]: DEBUG oslo.service.backend._threading.loopingcall [None req-3a4564a1-3948-4ad0-98fd-9662af7d1f7d None None] Fixed interval looping call 'neutron.plugins.ml2.plugin.DhcpAgentSchedulerDbMixin.remove_networks_from_down_agents' sleeping for 36.99 seconds {{(pid=106284) _run_loop /opt/stack/data/venv/lib/python3.12/site-packages/oslo_service/backend/_threading/loopingcall.py:125}}
Apr 24 19:34:00.817532 np0000170102 neutron-periodic-workers[106284]: DEBUG dbcounter [-] [106284] Writing DB stats neutron:SELECT=3 {{(pid=106284) stat_writer /opt/stack/data/venv/lib/python3.12/site-packages/dbcounter.py:115}}
Apr 24 19:34:06.851547 np0000170102 neutron-periodic-workers[106297]: DEBUG neutron.db.agents_db [None req-1174ea00-0a4b-4f03-afc6-67e00f307a48 None None] Agent healthcheck: found 0 active agents {{(pid=106297) agent_health_check /opt/stack/neutron/neutron/db/agents_db.py:317}}
Apr 24 19:34:06.852208 np0000170102 neutron-periodic-workers[106297]: DEBUG oslo.service.backend._threading.loopingcall [None req-1174ea00-0a4b-4f03-afc6-67e00f307a48 None None] Fixed interval looping call 'neutron.plugins.ml2.plugin.AgentDbMixin.agent_health_check' sleeping for 36.99 seconds {{(pid=106297) _run_loop /opt/stack/data/venv/lib/python3.12/site-packages/oslo_service/backend/_threading/loopingcall.py:125}}
Apr 24 19:34:12.810440 np0000170102 neutron-periodic-workers[106273]: DEBUG oslo.service.backend._threading.loopingcall [None req-55d59a96-7b47-4685-bb74-78283fcd39e7 None None] Fixed interval looping call 'neutron.services.ovn_l3.plugin.L3_NAT_dbonly_mixin._clean_garbage' sleeping for 299.99 seconds {{(pid=106273) _run_loop /opt/stack/data/venv/lib/python3.12/site-packages/oslo_service/backend/_threading/loopingcall.py:125}}
Apr 24 19:34:14.853798 np0000170102 neutron-periodic-workers[106308]: DEBUG oslo.service.backend._threading.loopingcall [None req-1eea719b-f988-4d2b-834c-0b06bf3c8e7c None None] Fixed interval looping call 'neutron.db.quota.driver_nolock.DbQuotaNoLockDriver._remove_expired_reservations' sleeping for 120.00 seconds {{(pid=106308) _run_loop /opt/stack/data/venv/lib/python3.12/site-packages/oslo_service/backend/_threading/loopingcall.py:125}}
Apr 24 19:34:16.849798 np0000170102 neutron-periodic-workers[106297]: DEBUG dbcounter [-] [106297] Writing DB stats neutron:SELECT=1 {{(pid=106297) stat_writer /opt/stack/data/venv/lib/python3.12/site-packages/dbcounter.py:115}}
Apr 24 19:34:22.800665 np0000170102 neutron-periodic-workers[106273]: DEBUG dbcounter [-] [106273] Writing DB stats neutron:SELECT=1 {{(pid=106273) stat_writer /opt/stack/data/venv/lib/python3.12/site-packages/dbcounter.py:115}}
Apr 24 19:34:24.852656 np0000170102 neutron-periodic-workers[106308]: DEBUG dbcounter [-] [106308] Writing DB stats neutron:DELETE=1 {{(pid=106308) stat_writer /opt/stack/data/venv/lib/python3.12/site-packages/dbcounter.py:115}}
Apr 24 19:34:27.821851 np0000170102 neutron-periodic-workers[106284]: DEBUG oslo.service.backend._threading.loopingcall [None req-3a4564a1-3948-4ad0-98fd-9662af7d1f7d None None] Fixed interval looping call 'neutron.plugins.ml2.plugin.DhcpAgentSchedulerDbMixin.remove_networks_from_down_agents' sleeping for 36.99 seconds {{(pid=106284) _run_loop /opt/stack/data/venv/lib/python3.12/site-packages/oslo_service/backend/_threading/loopingcall.py:125}}
Apr 24 19:34:37.821005 np0000170102 neutron-periodic-workers[106284]: DEBUG dbcounter [-] [106284] Writing DB stats neutron:SELECT=3 {{(pid=106284) stat_writer /opt/stack/data/venv/lib/python3.12/site-packages/dbcounter.py:115}}
Apr 24 19:34:43.849293 np0000170102 neutron-periodic-workers[106297]: DEBUG neutron.db.agents_db [None req-1174ea00-0a4b-4f03-afc6-67e00f307a48 None None] Agent healthcheck: found 0 active agents {{(pid=106297) agent_health_check /opt/stack/neutron/neutron/db/agents_db.py:317}}
Apr 24 19:34:43.850096 np0000170102 neutron-periodic-workers[106297]: DEBUG oslo.service.backend._threading.loopingcall [None req-1174ea00-0a4b-4f03-afc6-67e00f307a48 None None] Fixed interval looping call 'neutron.plugins.ml2.plugin.AgentDbMixin.agent_health_check' sleeping for 36.99 seconds {{(pid=106297) _run_loop /opt/stack/data/venv/lib/python3.12/site-packages/oslo_service/backend/_threading/loopingcall.py:125}}
Apr 24 19:34:53.846706 np0000170102 neutron-periodic-workers[106297]: DEBUG dbcounter [-] [106297] Writing DB stats neutron:SELECT=1 {{(pid=106297) stat_writer /opt/stack/data/venv/lib/python3.12/site-packages/dbcounter.py:115}}
Apr 24 19:35:04.821358 np0000170102 neutron-periodic-workers[106284]: DEBUG oslo.service.backend._threading.loopingcall [None req-3a4564a1-3948-4ad0-98fd-9662af7d1f7d None None] Fixed interval looping call 'neutron.plugins.ml2.plugin.DhcpAgentSchedulerDbMixin.remove_networks_from_down_agents' sleeping for 36.99 seconds {{(pid=106284) _run_loop /opt/stack/data/venv/lib/python3.12/site-packages/oslo_service/backend/_threading/loopingcall.py:125}}
Apr 24 19:35:14.820849 np0000170102 neutron-periodic-workers[106284]: DEBUG dbcounter [-] [106284] Writing DB stats neutron:SELECT=3 {{(pid=106284) stat_writer /opt/stack/data/venv/lib/python3.12/site-packages/dbcounter.py:115}}
Apr 24 19:35:20.845382 np0000170102 neutron-periodic-workers[106297]: DEBUG neutron.db.agents_db [None req-1174ea00-0a4b-4f03-afc6-67e00f307a48 None None] Agent healthcheck: found 0 active agents {{(pid=106297) agent_health_check /opt/stack/neutron/neutron/db/agents_db.py:317}}
Apr 24 19:35:20.846088 np0000170102 neutron-periodic-workers[106297]: DEBUG oslo.service.backend._threading.loopingcall [None req-1174ea00-0a4b-4f03-afc6-67e00f307a48 None None] Fixed interval looping call 'neutron.plugins.ml2.plugin.AgentDbMixin.agent_health_check' sleeping for 36.99 seconds {{(pid=106297) _run_loop /opt/stack/data/venv/lib/python3.12/site-packages/oslo_service/backend/_threading/loopingcall.py:125}}
