May 06 10:21:20.439612 np0000172242 systemd[1]: Starting devstack@n-api-meta.service - Devstack devstack@n-api-meta.service...
May 06 10:21:20.447629 np0000172242 devstack@n-api-meta.service[108497]: [uWSGI] getting INI configuration from /etc/nova/nova-metadata-uwsgi.ini
May 06 10:21:20.451253 np0000172242 devstack@n-api-meta.service[108497]: *** Starting uWSGI 2.0.24-debian (64bit) on [Wed May 6 10:21:20 2026] ***
May 06 10:21:20.451253 np0000172242 devstack@n-api-meta.service[108497]: compiled with version: 13.2.0 on 17 April 2024 16:23:48
May 06 10:21:20.451253 np0000172242 devstack@n-api-meta.service[108497]: os: Linux-6.8.0-110-generic #110-Ubuntu SMP PREEMPT_DYNAMIC Thu Mar 19 15:09:20 UTC 2026
May 06 10:21:20.451253 np0000172242 devstack@n-api-meta.service[108497]: nodename: np0000172242
May 06 10:21:20.451253 np0000172242 devstack@n-api-meta.service[108497]: machine: x86_64
May 06 10:21:20.451253 np0000172242 devstack@n-api-meta.service[108497]: clock source: unix
May 06 10:21:20.451253 np0000172242 devstack@n-api-meta.service[108497]: pcre jit disabled
May 06 10:21:20.451253 np0000172242 devstack@n-api-meta.service[108497]: detected number of CPU cores: 16
May 06 10:21:20.451253 np0000172242 devstack@n-api-meta.service[108497]: current working directory: /
May 06 10:21:20.451253 np0000172242 devstack@n-api-meta.service[108497]: detected binary path: /usr/bin/uwsgi-core
May 06 10:21:20.451253 np0000172242 devstack@n-api-meta.service[108497]: your processes number limit is 256917
May 06 10:21:20.451253 np0000172242 devstack@n-api-meta.service[108497]: your memory page size is 4096 bytes
May 06 10:21:20.451253 np0000172242 devstack@n-api-meta.service[108497]: detected max file descriptor number: 2048
May 06 10:21:20.451253 np0000172242 devstack@n-api-meta.service[108497]: lock engine: pthread robust mutexes
May 06 10:21:20.452670 np0000172242 devstack@n-api-meta.service[108497]: thunder lock: enabled
May 06 10:21:20.452670 np0000172242 devstack@n-api-meta.service[108497]: uWSGI http bound on 0.0.0.0:8775 fd 5
May 06 10:21:20.452670 np0000172242 devstack@n-api-meta.service[108497]: uwsgi socket 0 bound to TCP address 127.0.0.1:36675 (port auto-assigned) fd 4
May 06 10:21:20.452670 np0000172242 devstack@n-api-meta.service[108497]: Python version: 3.12.3 (main, Mar 23 2026, 19:04:32) [GCC 13.3.0]
May 06 10:21:20.452670 np0000172242 devstack@n-api-meta.service[108497]: PEP 405 virtualenv detected: /opt/stack/data/venv
May 06 10:21:20.452670 np0000172242 devstack@n-api-meta.service[108497]: Set PythonHome to /opt/stack/data/venv
May 06 10:21:20.491220 np0000172242 devstack@n-api-meta.service[108497]: Python main interpreter initialized at 0x73c5daaa3668
May 06 10:21:20.491220 np0000172242 devstack@n-api-meta.service[108497]: python threads support enabled
May 06 10:21:20.491220 np0000172242 devstack@n-api-meta.service[108497]: your server socket listen backlog is limited to 100 connections
May 06 10:21:20.491220 np0000172242 devstack@n-api-meta.service[108497]: your mercy for graceful operations on workers is 80 seconds
May 06 10:21:20.491889 np0000172242 devstack@n-api-meta.service[108497]: mapped 671795 bytes (656 KB) for 4 cores
May 06 10:21:20.492073 np0000172242 devstack@n-api-meta.service[108497]: *** Operational MODE: preforking ***
May 06 10:21:20.492315 np0000172242 devstack@n-api-meta.service[108497]: *** uWSGI is running in multiple interpreter mode ***
May 06 10:21:20.492315 np0000172242 devstack@n-api-meta.service[108497]: spawned uWSGI master process (pid: 108497)
May 06 10:21:20.492628 np0000172242 systemd[1]: Started devstack@n-api-meta.service - Devstack devstack@n-api-meta.service.
May 06 10:21:20.493243 np0000172242 devstack@n-api-meta.service[108497]: spawned uWSGI worker 1 (pid: 108498, cores: 1)
May 06 10:21:20.493834 np0000172242 devstack@n-api-meta.service[108497]: spawned uWSGI worker 2 (pid: 108499, cores: 1)
May 06 10:21:20.494483 np0000172242 devstack@n-api-meta.service[108497]: spawned uWSGI worker 3 (pid: 108500, cores: 1)
May 06 10:21:20.495475 np0000172242 devstack@n-api-meta.service[108497]: spawned uWSGI worker 4 (pid: 108501, cores: 1)
May 06 10:21:20.496271 np0000172242 devstack@n-api-meta.service[108497]: spawned uWSGI http 1 (pid: 108502)
May 06 10:21:20.496271 np0000172242 devstack@n-api-meta.service[108497]: running "unix_signal:15 gracefully_kill_them_all" (master-start)...
May 06 10:21:20.833609 np0000172242 devstack@n-api-meta.service[108500]: /opt/stack/data/venv/lib/python3.12/site-packages/oslo_concurrency/lockutils.py:41: EventletDeprecationWarning:
May 06 10:21:20.833609 np0000172242 devstack@n-api-meta.service[108500]: Eventlet is deprecated. It is currently being maintained in bugfix mode, and
May 06 10:21:20.833609 np0000172242 devstack@n-api-meta.service[108500]: we strongly recommend against using it for new projects.
May 06 10:21:20.833609 np0000172242 devstack@n-api-meta.service[108500]: If you are already using Eventlet, we recommend migrating to a different
May 06 10:21:20.833609 np0000172242 devstack@n-api-meta.service[108500]: framework. For more detail see
May 06 10:21:20.833609 np0000172242 devstack@n-api-meta.service[108500]: https://eventlet.readthedocs.io/en/latest/asyncio/migration.html
May 06 10:21:20.833609 np0000172242 devstack@n-api-meta.service[108500]: import eventlet
May 06 10:21:20.835271 np0000172242 devstack@n-api-meta.service[108499]: /opt/stack/data/venv/lib/python3.12/site-packages/oslo_concurrency/lockutils.py:41: EventletDeprecationWarning:
May 06 10:21:20.835271 np0000172242 devstack@n-api-meta.service[108499]: Eventlet is deprecated. It is currently being maintained in bugfix mode, and
May 06 10:21:20.835271 np0000172242 devstack@n-api-meta.service[108499]: we strongly recommend against using it for new projects.
May 06 10:21:20.835271 np0000172242 devstack@n-api-meta.service[108499]: If you are already using Eventlet, we recommend migrating to a different
May 06 10:21:20.835271 np0000172242 devstack@n-api-meta.service[108499]: framework. For more detail see
May 06 10:21:20.835271 np0000172242 devstack@n-api-meta.service[108499]: https://eventlet.readthedocs.io/en/latest/asyncio/migration.html
May 06 10:21:20.835271 np0000172242 devstack@n-api-meta.service[108499]: import eventlet
May 06 10:21:20.861567 np0000172242 devstack@n-api-meta.service[108501]: /opt/stack/data/venv/lib/python3.12/site-packages/oslo_concurrency/lockutils.py:41: EventletDeprecationWarning:
May 06 10:21:20.861567 np0000172242 devstack@n-api-meta.service[108501]: Eventlet is deprecated. It is currently being maintained in bugfix mode, and
May 06 10:21:20.861567 np0000172242 devstack@n-api-meta.service[108501]: we strongly recommend against using it for new projects.
May 06 10:21:20.861567 np0000172242 devstack@n-api-meta.service[108501]: If you are already using Eventlet, we recommend migrating to a different
May 06 10:21:20.861567 np0000172242 devstack@n-api-meta.service[108501]: framework. For more detail see
May 06 10:21:20.861567 np0000172242 devstack@n-api-meta.service[108501]: https://eventlet.readthedocs.io/en/latest/asyncio/migration.html
May 06 10:21:20.861567 np0000172242 devstack@n-api-meta.service[108501]: import eventlet
May 06 10:21:20.878492 np0000172242 devstack@n-api-meta.service[108498]: /opt/stack/data/venv/lib/python3.12/site-packages/oslo_concurrency/lockutils.py:41: EventletDeprecationWarning:
May 06 10:21:20.878492 np0000172242 devstack@n-api-meta.service[108498]: Eventlet is deprecated. It is currently being maintained in bugfix mode, and
May 06 10:21:20.878492 np0000172242 devstack@n-api-meta.service[108498]: we strongly recommend against using it for new projects.
May 06 10:21:20.878492 np0000172242 devstack@n-api-meta.service[108498]: If you are already using Eventlet, we recommend migrating to a different
May 06 10:21:20.878492 np0000172242 devstack@n-api-meta.service[108498]: framework. For more detail see
May 06 10:21:20.878492 np0000172242 devstack@n-api-meta.service[108498]: https://eventlet.readthedocs.io/en/latest/asyncio/migration.html
May 06 10:21:20.878492 np0000172242 devstack@n-api-meta.service[108498]: import eventlet
May 06 10:21:20.880440 np0000172242 devstack@n-api-meta.service[108500]: Service is starting with native threading. This is currently experimental. Do not use it in production without first testing it in pre-production.
May 06 10:21:20.886275 np0000172242 devstack@n-api-meta.service[108499]: Service is starting with native threading. This is currently experimental. Do not use it in production without first testing it in pre-production.
May 06 10:21:20.932409 np0000172242 devstack@n-api-meta.service[108501]: Service is starting with native threading. This is currently experimental. Do not use it in production without first testing it in pre-production.
May 06 10:21:20.935948 np0000172242 devstack@n-api-meta.service[108498]: Service is starting with native threading. This is currently experimental. Do not use it in production without first testing it in pre-production.
May 06 10:21:22.396216 np0000172242 devstack@n-api-meta.service[108500]: INFO dbcounter [None req-125e5b74-1fc5-4ac8-85f2-48a334f9a854 None None] Registered counter for database nova_api
May 06 10:21:22.399773 np0000172242 devstack@n-api-meta.service[108499]: INFO dbcounter [None req-cd77b25c-5e39-4c53-9f51-65274554b702 None None] Registered counter for database nova_api
May 06 10:21:22.412008 np0000172242 devstack@n-api-meta.service[108500]: DEBUG oslo_db.sqlalchemy.engines [None req-125e5b74-1fc5-4ac8-85f2-48a334f9a854 None None] MySQL server mode set to STRICT_TRANS_TABLES,STRICT_ALL_TABLES,NO_ZERO_IN_DATE,NO_ZERO_DATE,ERROR_FOR_DIVISION_BY_ZERO,TRADITIONAL,NO_ENGINE_SUBSTITUTION {{(pid=108500) _check_effective_sql_mode /opt/stack/data/venv/lib/python3.12/site-packages/oslo_db/sqlalchemy/engines.py:325}}
May 06 10:21:22.416320 np0000172242 devstack@n-api-meta.service[108499]: DEBUG oslo_db.sqlalchemy.engines [None req-cd77b25c-5e39-4c53-9f51-65274554b702 None None] MySQL server mode set to STRICT_TRANS_TABLES,STRICT_ALL_TABLES,NO_ZERO_IN_DATE,NO_ZERO_DATE,ERROR_FOR_DIVISION_BY_ZERO,TRADITIONAL,NO_ENGINE_SUBSTITUTION {{(pid=108499) _check_effective_sql_mode /opt/stack/data/venv/lib/python3.12/site-packages/oslo_db/sqlalchemy/engines.py:325}}
May 06 10:21:22.448706 np0000172242 devstack@n-api-meta.service[108500]: DEBUG dbcounter [-] [108500] Writer thread running {{(pid=108500) stat_writer /opt/stack/data/venv/lib/python3.12/site-packages/dbcounter.py:102}}
May 06 10:21:22.451678 np0000172242 devstack@n-api-meta.service[108500]: DEBUG nova.context [None req-125e5b74-1fc5-4ac8-85f2-48a334f9a854 None None] Found 2 cells: 00000000-0000-0000-0000-000000000000(cell0),b1fe4f9c-08f4-42d1-8732-a5950778e9d0(cell1) {{(pid=108500) load_cells /opt/stack/nova/nova/context.py:509}}
May 06 10:21:22.451816 np0000172242 devstack@n-api-meta.service[108500]: INFO nova.utils [None req-125e5b74-1fc5-4ac8-85f2-48a334f9a854 None None] The cell worker thread pool MainProcess.cell_worker is initialized
May 06 10:21:22.452232 np0000172242 devstack@n-api-meta.service[108499]: DEBUG dbcounter [-] [108499] Writer thread running {{(pid=108499) stat_writer /opt/stack/data/venv/lib/python3.12/site-packages/dbcounter.py:102}}
May 06 10:21:22.453734 np0000172242 devstack@n-api-meta.service[108500]: DEBUG oslo_concurrency.lockutils [None req-125e5b74-1fc5-4ac8-85f2-48a334f9a854 None None] Acquiring lock "00000000-0000-0000-0000-000000000000" by "nova.context.set_target_cell..get_or_set_cached_cell_and_set_connections" {{(pid=108500) inner /opt/stack/data/venv/lib/python3.12/site-packages/oslo_concurrency/lockutils.py:506}}
May 06 10:21:22.453912 np0000172242 devstack@n-api-meta.service[108500]: DEBUG oslo_concurrency.lockutils [None req-125e5b74-1fc5-4ac8-85f2-48a334f9a854 None None] Lock "00000000-0000-0000-0000-000000000000" acquired by "nova.context.set_target_cell..get_or_set_cached_cell_and_set_connections" :: waited 0.000s {{(pid=108500) inner /opt/stack/data/venv/lib/python3.12/site-packages/oslo_concurrency/lockutils.py:519}}
May 06 10:21:22.454298 np0000172242 devstack@n-api-meta.service[108500]: DEBUG oslo_concurrency.lockutils [None req-125e5b74-1fc5-4ac8-85f2-48a334f9a854 None None] Lock "00000000-0000-0000-0000-000000000000" "released" by "nova.context.set_target_cell..get_or_set_cached_cell_and_set_connections" :: held 0.000s {{(pid=108500) inner /opt/stack/data/venv/lib/python3.12/site-packages/oslo_concurrency/lockutils.py:538}}
May 06 10:21:22.455060 np0000172242 devstack@n-api-meta.service[108499]: DEBUG nova.context [None req-cd77b25c-5e39-4c53-9f51-65274554b702 None None] Found 2 cells: 00000000-0000-0000-0000-000000000000(cell0),b1fe4f9c-08f4-42d1-8732-a5950778e9d0(cell1) {{(pid=108499) load_cells /opt/stack/nova/nova/context.py:509}}
May 06 10:21:22.455262 np0000172242 devstack@n-api-meta.service[108500]: DEBUG oslo_concurrency.lockutils [None req-125e5b74-1fc5-4ac8-85f2-48a334f9a854 None None] Acquiring lock "b1fe4f9c-08f4-42d1-8732-a5950778e9d0" by "nova.context.set_target_cell..get_or_set_cached_cell_and_set_connections" {{(pid=108500) inner /opt/stack/data/venv/lib/python3.12/site-packages/oslo_concurrency/lockutils.py:506}}
May 06 10:21:22.455345 np0000172242 devstack@n-api-meta.service[108499]: INFO nova.utils [None req-cd77b25c-5e39-4c53-9f51-65274554b702 None None] The cell worker thread pool MainProcess.cell_worker is initialized
May 06 10:21:22.455408 np0000172242 devstack@n-api-meta.service[108500]: DEBUG oslo_concurrency.lockutils [None req-125e5b74-1fc5-4ac8-85f2-48a334f9a854 None None] Lock "b1fe4f9c-08f4-42d1-8732-a5950778e9d0" acquired by "nova.context.set_target_cell..get_or_set_cached_cell_and_set_connections" :: waited 0.000s {{(pid=108500) inner /opt/stack/data/venv/lib/python3.12/site-packages/oslo_concurrency/lockutils.py:519}}
May 06 10:21:22.456271 np0000172242 devstack@n-api-meta.service[108500]: DEBUG oslo_concurrency.lockutils [None req-125e5b74-1fc5-4ac8-85f2-48a334f9a854 None None] Lock "b1fe4f9c-08f4-42d1-8732-a5950778e9d0" "released" by "nova.context.set_target_cell..get_or_set_cached_cell_and_set_connections" :: held 0.001s {{(pid=108500) inner /opt/stack/data/venv/lib/python3.12/site-packages/oslo_concurrency/lockutils.py:538}}
May 06 10:21:22.457229 np0000172242 devstack@n-api-meta.service[108499]: DEBUG oslo_concurrency.lockutils [None req-cd77b25c-5e39-4c53-9f51-65274554b702 None None] Acquiring lock "00000000-0000-0000-0000-000000000000" by "nova.context.set_target_cell..get_or_set_cached_cell_and_set_connections" {{(pid=108499) inner /opt/stack/data/venv/lib/python3.12/site-packages/oslo_concurrency/lockutils.py:506}}
May 06 10:21:22.457418 np0000172242 devstack@n-api-meta.service[108499]: DEBUG oslo_concurrency.lockutils [None req-cd77b25c-5e39-4c53-9f51-65274554b702 None None] Lock "00000000-0000-0000-0000-000000000000" acquired by "nova.context.set_target_cell..get_or_set_cached_cell_and_set_connections" :: waited 0.000s {{(pid=108499) inner /opt/stack/data/venv/lib/python3.12/site-packages/oslo_concurrency/lockutils.py:519}}
May 06 10:21:22.457783 np0000172242 devstack@n-api-meta.service[108499]: DEBUG oslo_concurrency.lockutils [None req-cd77b25c-5e39-4c53-9f51-65274554b702 None None] Lock "00000000-0000-0000-0000-000000000000" "released" by "nova.context.set_target_cell..get_or_set_cached_cell_and_set_connections" :: held 0.000s {{(pid=108499) inner /opt/stack/data/venv/lib/python3.12/site-packages/oslo_concurrency/lockutils.py:538}}
May 06 10:21:22.458818 np0000172242 devstack@n-api-meta.service[108499]: DEBUG oslo_concurrency.lockutils [None req-cd77b25c-5e39-4c53-9f51-65274554b702 None None] Acquiring lock "b1fe4f9c-08f4-42d1-8732-a5950778e9d0" by "nova.context.set_target_cell..get_or_set_cached_cell_and_set_connections" {{(pid=108499) inner /opt/stack/data/venv/lib/python3.12/site-packages/oslo_concurrency/lockutils.py:506}}
May 06 10:21:22.459012 np0000172242 devstack@n-api-meta.service[108499]: DEBUG oslo_concurrency.lockutils [None req-cd77b25c-5e39-4c53-9f51-65274554b702 None None] Lock "b1fe4f9c-08f4-42d1-8732-a5950778e9d0" acquired by "nova.context.set_target_cell..get_or_set_cached_cell_and_set_connections" :: waited 0.000s {{(pid=108499) inner /opt/stack/data/venv/lib/python3.12/site-packages/oslo_concurrency/lockutils.py:519}}
May 06 10:21:22.459396 np0000172242 devstack@n-api-meta.service[108500]: INFO dbcounter [None req-125e5b74-1fc5-4ac8-85f2-48a334f9a854 None None] Registered counter for database nova_cell0
May 06 10:21:22.460229 np0000172242 devstack@n-api-meta.service[108499]: DEBUG oslo_concurrency.lockutils [None req-cd77b25c-5e39-4c53-9f51-65274554b702 None None] Lock "b1fe4f9c-08f4-42d1-8732-a5950778e9d0" "released" by "nova.context.set_target_cell..get_or_set_cached_cell_and_set_connections" :: held 0.001s {{(pid=108499) inner /opt/stack/data/venv/lib/python3.12/site-packages/oslo_concurrency/lockutils.py:538}}
May 06 10:21:22.463843 np0000172242 devstack@n-api-meta.service[108499]: INFO dbcounter [None req-cd77b25c-5e39-4c53-9f51-65274554b702 None None] Registered counter for database nova_cell0
May 06 10:21:22.467196 np0000172242 devstack@n-api-meta.service[108500]: INFO dbcounter [None req-125e5b74-1fc5-4ac8-85f2-48a334f9a854 None None] Registered counter for database nova_cell1
May 06 10:21:22.470107 np0000172242 devstack@n-api-meta.service[108499]: INFO dbcounter [None req-cd77b25c-5e39-4c53-9f51-65274554b702 None None] Registered counter for database nova_cell1
May 06 10:21:22.482491 np0000172242 devstack@n-api-meta.service[108500]: DEBUG oslo_db.sqlalchemy.engines [None req-125e5b74-1fc5-4ac8-85f2-48a334f9a854 None None] MySQL server mode set to STRICT_TRANS_TABLES,STRICT_ALL_TABLES,NO_ZERO_IN_DATE,NO_ZERO_DATE,ERROR_FOR_DIVISION_BY_ZERO,TRADITIONAL,NO_ENGINE_SUBSTITUTION {{(pid=108500) _check_effective_sql_mode /opt/stack/data/venv/lib/python3.12/site-packages/oslo_db/sqlalchemy/engines.py:325}}
May 06 10:21:22.491551 np0000172242 devstack@n-api-meta.service[108500]: DEBUG oslo_db.sqlalchemy.engines [None req-125e5b74-1fc5-4ac8-85f2-48a334f9a854 None None] MySQL server mode set to STRICT_TRANS_TABLES,STRICT_ALL_TABLES,NO_ZERO_IN_DATE,NO_ZERO_DATE,ERROR_FOR_DIVISION_BY_ZERO,TRADITIONAL,NO_ENGINE_SUBSTITUTION {{(pid=108500) _check_effective_sql_mode /opt/stack/data/venv/lib/python3.12/site-packages/oslo_db/sqlalchemy/engines.py:325}}
May 06 10:21:22.502305 np0000172242 devstack@n-api-meta.service[108499]: DEBUG oslo_db.sqlalchemy.engines [None req-cd77b25c-5e39-4c53-9f51-65274554b702 None None] MySQL server mode set to STRICT_TRANS_TABLES,STRICT_ALL_TABLES,NO_ZERO_IN_DATE,NO_ZERO_DATE,ERROR_FOR_DIVISION_BY_ZERO,TRADITIONAL,NO_ENGINE_SUBSTITUTION {{(pid=108499) _check_effective_sql_mode /opt/stack/data/venv/lib/python3.12/site-packages/oslo_db/sqlalchemy/engines.py:325}}
May 06 10:21:22.518653 np0000172242 devstack@n-api-meta.service[108499]: DEBUG oslo_db.sqlalchemy.engines [None req-cd77b25c-5e39-4c53-9f51-65274554b702 None None] MySQL server mode set to STRICT_TRANS_TABLES,STRICT_ALL_TABLES,NO_ZERO_IN_DATE,NO_ZERO_DATE,ERROR_FOR_DIVISION_BY_ZERO,TRADITIONAL,NO_ENGINE_SUBSTITUTION {{(pid=108499) _check_effective_sql_mode /opt/stack/data/venv/lib/python3.12/site-packages/oslo_db/sqlalchemy/engines.py:325}}
May 06 10:21:22.602191 np0000172242 devstack@n-api-meta.service[108500]: DEBUG dbcounter [-] [108500] Writer thread running {{(pid=108500) stat_writer /opt/stack/data/venv/lib/python3.12/site-packages/dbcounter.py:102}}
May 06 10:21:22.603177 np0000172242 devstack@n-api-meta.service[108500]: DEBUG dbcounter [-] [108500] Writer thread running {{(pid=108500) stat_writer /opt/stack/data/venv/lib/python3.12/site-packages/dbcounter.py:102}}
May 06 10:21:22.608206 np0000172242 devstack@n-api-meta.service[108500]: INFO dbcounter [None req-125e5b74-1fc5-4ac8-85f2-48a334f9a854 None None] Registered counter for database nova_cell0
May 06 10:21:22.624287 np0000172242 devstack@n-api-meta.service[108499]: DEBUG dbcounter [-] [108499] Writer thread running {{(pid=108499) stat_writer /opt/stack/data/venv/lib/python3.12/site-packages/dbcounter.py:102}}
May 06 10:21:22.627702 np0000172242 devstack@n-api-meta.service[108500]: DEBUG oslo_db.sqlalchemy.engines [None req-125e5b74-1fc5-4ac8-85f2-48a334f9a854 None None] MySQL server mode set to STRICT_TRANS_TABLES,STRICT_ALL_TABLES,NO_ZERO_IN_DATE,NO_ZERO_DATE,ERROR_FOR_DIVISION_BY_ZERO,TRADITIONAL,NO_ENGINE_SUBSTITUTION {{(pid=108500) _check_effective_sql_mode /opt/stack/data/venv/lib/python3.12/site-packages/oslo_db/sqlalchemy/engines.py:325}}
May 06 10:21:22.631262 np0000172242 devstack@n-api-meta.service[108499]: DEBUG dbcounter [-] [108499] Writer thread running {{(pid=108499) stat_writer /opt/stack/data/venv/lib/python3.12/site-packages/dbcounter.py:102}}
May 06 10:21:22.632649 np0000172242 devstack@n-api-meta.service[108501]: INFO dbcounter [None req-55c9dfa8-c81e-45db-a342-58a4e2c796e7 None None] Registered counter for database nova_api
May 06 10:21:22.636586 np0000172242 devstack@n-api-meta.service[108500]: DEBUG dbcounter [-] [108500] Writer thread running {{(pid=108500) stat_writer /opt/stack/data/venv/lib/python3.12/site-packages/dbcounter.py:102}}
May 06 10:21:22.636808 np0000172242 devstack@n-api-meta.service[108499]: INFO dbcounter [None req-cd77b25c-5e39-4c53-9f51-65274554b702 None None] Registered counter for database nova_cell0
May 06 10:21:22.638330 np0000172242 devstack@n-api-meta.service[108498]: INFO dbcounter [None req-0e7dc18d-7a06-4d80-90a6-cd867b3fa884 None None] Registered counter for database nova_api
May 06 10:21:22.656014 np0000172242 devstack@n-api-meta.service[108499]: DEBUG oslo_db.sqlalchemy.engines [None req-cd77b25c-5e39-4c53-9f51-65274554b702 None None] MySQL server mode set to STRICT_TRANS_TABLES,STRICT_ALL_TABLES,NO_ZERO_IN_DATE,NO_ZERO_DATE,ERROR_FOR_DIVISION_BY_ZERO,TRADITIONAL,NO_ENGINE_SUBSTITUTION {{(pid=108499) _check_effective_sql_mode /opt/stack/data/venv/lib/python3.12/site-packages/oslo_db/sqlalchemy/engines.py:325}}
May 06 10:21:22.664058 np0000172242 devstack@n-api-meta.service[108501]: DEBUG oslo_db.sqlalchemy.engines [None req-55c9dfa8-c81e-45db-a342-58a4e2c796e7 None None] MySQL server mode set to STRICT_TRANS_TABLES,STRICT_ALL_TABLES,NO_ZERO_IN_DATE,NO_ZERO_DATE,ERROR_FOR_DIVISION_BY_ZERO,TRADITIONAL,NO_ENGINE_SUBSTITUTION {{(pid=108501) _check_effective_sql_mode /opt/stack/data/venv/lib/python3.12/site-packages/oslo_db/sqlalchemy/engines.py:325}}
May 06 10:21:22.668225 np0000172242 devstack@n-api-meta.service[108499]: DEBUG dbcounter [-] [108499] Writer thread running {{(pid=108499) stat_writer /opt/stack/data/venv/lib/python3.12/site-packages/dbcounter.py:102}}
May 06 10:21:22.671812 np0000172242 devstack@n-api-meta.service[108498]: DEBUG oslo_db.sqlalchemy.engines [None req-0e7dc18d-7a06-4d80-90a6-cd867b3fa884 None None] MySQL server mode set to STRICT_TRANS_TABLES,STRICT_ALL_TABLES,NO_ZERO_IN_DATE,NO_ZERO_DATE,ERROR_FOR_DIVISION_BY_ZERO,TRADITIONAL,NO_ENGINE_SUBSTITUTION {{(pid=108498) _check_effective_sql_mode /opt/stack/data/venv/lib/python3.12/site-packages/oslo_db/sqlalchemy/engines.py:325}}
May 06 10:21:22.682382 np0000172242 devstack@n-api-meta.service[108500]: WARNING nova.api.metadata.handler [None req-125e5b74-1fc5-4ac8-85f2-48a334f9a854 None None] metadata_proxy_shared_secret is not configured, the metadata information returned by the proxy cannot be trusted
May 06 10:21:22.684655 np0000172242 devstack@n-api-meta.service[108500]: DEBUG nova.api.openstack.wsgi_app [None req-125e5b74-1fc5-4ac8-85f2-48a334f9a854 None None] ******************************************************************************** {{(pid=108500) log_opt_values /opt/stack/data/venv/lib/python3.12/site-packages/oslo_config/cfg.py:2979}}
May 06 10:21:22.684757 np0000172242 devstack@n-api-meta.service[108500]: DEBUG nova.api.openstack.wsgi_app [None req-125e5b74-1fc5-4ac8-85f2-48a334f9a854 None None] Configuration options gathered from: {{(pid=108500) log_opt_values /opt/stack/data/venv/lib/python3.12/site-packages/oslo_config/cfg.py:2980}}
May 06 10:21:22.684870 np0000172242 devstack@n-api-meta.service[108500]: DEBUG nova.api.openstack.wsgi_app [None req-125e5b74-1fc5-4ac8-85f2-48a334f9a854 None None] command line args: [] {{(pid=108500) log_opt_values /opt/stack/data/venv/lib/python3.12/site-packages/oslo_config/cfg.py:2981}}
May 06 10:21:22.686127 np0000172242 devstack@n-api-meta.service[108500]: DEBUG nova.api.openstack.wsgi_app [None req-125e5b74-1fc5-4ac8-85f2-48a334f9a854 None None] config files: ['/etc/nova/api-paste.ini', '/etc/nova/nova.conf'] {{(pid=108500) log_opt_values /opt/stack/data/venv/lib/python3.12/site-packages/oslo_config/cfg.py:2982}}
May 06 10:21:22.686127 np0000172242 devstack@n-api-meta.service[108500]: DEBUG nova.api.openstack.wsgi_app [None req-125e5b74-1fc5-4ac8-85f2-48a334f9a854 None None] ================================================================================ {{(pid=108500) log_opt_values /opt/stack/data/venv/lib/python3.12/site-packages/oslo_config/cfg.py:2987}}
May 06 10:21:22.686127 np0000172242 devstack@n-api-meta.service[108500]: DEBUG nova.api.openstack.wsgi_app [None req-125e5b74-1fc5-4ac8-85f2-48a334f9a854 None None] allow_resize_to_same_host = True {{(pid=108500) log_opt_values /opt/stack/data/venv/lib/python3.12/site-packages/oslo_config/cfg.py:2995}}
May 06 10:21:22.686127 np0000172242 devstack@n-api-meta.service[108500]: DEBUG nova.api.openstack.wsgi_app [None req-125e5b74-1fc5-4ac8-85f2-48a334f9a854 None None] arq_binding_timeout = 300 {{(pid=108500) log_opt_values /opt/stack/data/venv/lib/python3.12/site-packages/oslo_config/cfg.py:2995}}
May 06 10:21:22.686127 np0000172242 devstack@n-api-meta.service[108500]: DEBUG nova.api.openstack.wsgi_app [None req-125e5b74-1fc5-4ac8-85f2-48a334f9a854 None None] block_device_allocate_retries = 60 {{(pid=108500) log_opt_values /opt/stack/data/venv/lib/python3.12/site-packages/oslo_config/cfg.py:2995}}
May 06 10:21:22.686127 np0000172242 devstack@n-api-meta.service[108500]: DEBUG nova.api.openstack.wsgi_app [None req-125e5b74-1fc5-4ac8-85f2-48a334f9a854 None None] block_device_allocate_retries_interval = 3 {{(pid=108500) log_opt_values /opt/stack/data/venv/lib/python3.12/site-packages/oslo_config/cfg.py:2995}}
May 06 10:21:22.686127 np0000172242 devstack@n-api-meta.service[108500]: DEBUG nova.api.openstack.wsgi_app [None req-125e5b74-1fc5-4ac8-85f2-48a334f9a854 None None] cell_worker_thread_pool_size = 5 {{(pid=108500) log_opt_values /opt/stack/data/venv/lib/python3.12/site-packages/oslo_config/cfg.py:2995}}
May 06 10:21:22.686568 np0000172242 devstack@n-api-meta.service[108500]: DEBUG nova.api.openstack.wsgi_app [None req-125e5b74-1fc5-4ac8-85f2-48a334f9a854 None None] cert = self.pem {{(pid=108500) log_opt_values /opt/stack/data/venv/lib/python3.12/site-packages/oslo_config/cfg.py:2995}}
May 06 10:21:22.686568 np0000172242 devstack@n-api-meta.service[108500]: DEBUG nova.api.openstack.wsgi_app [None req-125e5b74-1fc5-4ac8-85f2-48a334f9a854 None None] compute_driver = libvirt.LibvirtDriver {{(pid=108500) log_opt_values /opt/stack/data/venv/lib/python3.12/site-packages/oslo_config/cfg.py:2995}}
May 06 10:21:22.686568 np0000172242 devstack@n-api-meta.service[108500]: DEBUG nova.api.openstack.wsgi_app [None req-125e5b74-1fc5-4ac8-85f2-48a334f9a854 None None] compute_monitors = [] {{(pid=108500) log_opt_values /opt/stack/data/venv/lib/python3.12/site-packages/oslo_config/cfg.py:2995}}
May 06 10:21:22.686568 np0000172242 devstack@n-api-meta.service[108500]: DEBUG nova.api.openstack.wsgi_app [None req-125e5b74-1fc5-4ac8-85f2-48a334f9a854 None None] config_dir = [] {{(pid=108500) log_opt_values /opt/stack/data/venv/lib/python3.12/site-packages/oslo_config/cfg.py:2995}}
May 06 10:21:22.686568 np0000172242 devstack@n-api-meta.service[108500]: DEBUG nova.api.openstack.wsgi_app [None req-125e5b74-1fc5-4ac8-85f2-48a334f9a854 None None] config_drive_format = iso9660 {{(pid=108500) log_opt_values /opt/stack/data/venv/lib/python3.12/site-packages/oslo_config/cfg.py:2995}}
May 06 10:21:22.686568 np0000172242 devstack@n-api-meta.service[108500]: DEBUG nova.api.openstack.wsgi_app [None req-125e5b74-1fc5-4ac8-85f2-48a334f9a854 None None] config_file = ['/etc/nova/api-paste.ini', '/etc/nova/nova.conf'] {{(pid=108500) log_opt_values /opt/stack/data/venv/lib/python3.12/site-packages/oslo_config/cfg.py:2995}}
May 06 10:21:22.686922 np0000172242 devstack@n-api-meta.service[108500]: DEBUG nova.api.openstack.wsgi_app [None req-125e5b74-1fc5-4ac8-85f2-48a334f9a854 None None] config_source = [] {{(pid=108500) log_opt_values /opt/stack/data/venv/lib/python3.12/site-packages/oslo_config/cfg.py:2995}}
May 06 10:21:22.686922 np0000172242 devstack@n-api-meta.service[108500]: DEBUG nova.api.openstack.wsgi_app [None req-125e5b74-1fc5-4ac8-85f2-48a334f9a854 None None] console_host = np0000172242 {{(pid=108500) log_opt_values /opt/stack/data/venv/lib/python3.12/site-packages/oslo_config/cfg.py:2995}}
May 06 10:21:22.686922 np0000172242 devstack@n-api-meta.service[108500]: DEBUG nova.api.openstack.wsgi_app [None req-125e5b74-1fc5-4ac8-85f2-48a334f9a854 None None] control_exchange = nova {{(pid=108500) log_opt_values /opt/stack/data/venv/lib/python3.12/site-packages/oslo_config/cfg.py:2995}}
May 06 10:21:22.687113 np0000172242 devstack@n-api-meta.service[108500]: DEBUG nova.api.openstack.wsgi_app [None req-125e5b74-1fc5-4ac8-85f2-48a334f9a854 None None] cpu_allocation_ratio = None {{(pid=108500) log_opt_values /opt/stack/data/venv/lib/python3.12/site-packages/oslo_config/cfg.py:2995}}
May 06 10:21:22.687226 np0000172242 devstack@n-api-meta.service[108500]: DEBUG nova.api.openstack.wsgi_app [None req-125e5b74-1fc5-4ac8-85f2-48a334f9a854 None None] daemon = False {{(pid=108500) log_opt_values /opt/stack/data/venv/lib/python3.12/site-packages/oslo_config/cfg.py:2995}}
May 06 10:21:22.687342 np0000172242 devstack@n-api-meta.service[108500]: DEBUG nova.api.openstack.wsgi_app [None req-125e5b74-1fc5-4ac8-85f2-48a334f9a854 None None] debug = True {{(pid=108500) log_opt_values /opt/stack/data/venv/lib/python3.12/site-packages/oslo_config/cfg.py:2995}}
May 06 10:21:22.687494 np0000172242 devstack@n-api-meta.service[108500]: DEBUG nova.api.openstack.wsgi_app [None req-125e5b74-1fc5-4ac8-85f2-48a334f9a854 None None] default_access_ip_network_name = None {{(pid=108500) log_opt_values /opt/stack/data/venv/lib/python3.12/site-packages/oslo_config/cfg.py:2995}}
May 06 10:21:22.687601 np0000172242 devstack@n-api-meta.service[108500]: DEBUG nova.api.openstack.wsgi_app [None req-125e5b74-1fc5-4ac8-85f2-48a334f9a854 None None] default_availability_zone = nova {{(pid=108500) log_opt_values /opt/stack/data/venv/lib/python3.12/site-packages/oslo_config/cfg.py:2995}}
May 06 10:21:22.687727 np0000172242 devstack@n-api-meta.service[108500]: DEBUG nova.api.openstack.wsgi_app [None req-125e5b74-1fc5-4ac8-85f2-48a334f9a854 None None] default_ephemeral_format = ext4 {{(pid=108500) log_opt_values /opt/stack/data/venv/lib/python3.12/site-packages/oslo_config/cfg.py:2995}}
May 06 10:21:22.687865 np0000172242 devstack@n-api-meta.service[108500]: DEBUG nova.api.openstack.wsgi_app [None req-125e5b74-1fc5-4ac8-85f2-48a334f9a854 None None] default_green_pool_size = 1000 {{(pid=108500) log_opt_values /opt/stack/data/venv/lib/python3.12/site-packages/oslo_config/cfg.py:2995}}
May 06 10:21:22.688079 np0000172242 devstack@n-api-meta.service[108500]: DEBUG nova.api.openstack.wsgi_app [None req-125e5b74-1fc5-4ac8-85f2-48a334f9a854 None None] default_log_levels = ['amqp=WARN', 'boto=WARN', 'sqlalchemy=WARN', 'suds=INFO', 'oslo.messaging=INFO', 'oslo_messaging=INFO', 'iso8601=WARN', 'requests.packages.urllib3.connectionpool=WARN', 'urllib3.connectionpool=WARN', 'websocket=WARN', 'requests.packages.urllib3.util.retry=WARN', 'urllib3.util.retry=WARN', 'keystonemiddleware=WARN', 'routes.middleware=WARN', 'stevedore=WARN', 'taskflow=WARN', 'keystoneauth=WARN', 'oslo.cache=INFO', 'oslo_policy=INFO', 'dogpile.core.dogpile=INFO', 'glanceclient=WARN', 'oslo.privsep.daemon=INFO'] {{(pid=108500) log_opt_values /opt/stack/data/venv/lib/python3.12/site-packages/oslo_config/cfg.py:2995}}
May 06 10:21:22.688267 np0000172242 devstack@n-api-meta.service[108500]: DEBUG nova.api.openstack.wsgi_app [None req-125e5b74-1fc5-4ac8-85f2-48a334f9a854 None None] default_schedule_zone = None {{(pid=108500) log_opt_values /opt/stack/data/venv/lib/python3.12/site-packages/oslo_config/cfg.py:2995}}
May 06 10:21:22.688341 np0000172242 devstack@n-api-meta.service[108500]: DEBUG nova.api.openstack.wsgi_app [None req-125e5b74-1fc5-4ac8-85f2-48a334f9a854 None None] default_thread_pool_size = 10 {{(pid=108500) log_opt_values /opt/stack/data/venv/lib/python3.12/site-packages/oslo_config/cfg.py:2995}}
May 06 10:21:22.688443 np0000172242 devstack@n-api-meta.service[108500]: DEBUG nova.api.openstack.wsgi_app [None req-125e5b74-1fc5-4ac8-85f2-48a334f9a854 None None] disk_allocation_ratio = None {{(pid=108500) log_opt_values /opt/stack/data/venv/lib/python3.12/site-packages/oslo_config/cfg.py:2995}}
May 06 10:21:22.688573 np0000172242 devstack@n-api-meta.service[108500]: DEBUG nova.api.openstack.wsgi_app [None req-125e5b74-1fc5-4ac8-85f2-48a334f9a854 None None] enable_new_services = True {{(pid=108500) log_opt_values /opt/stack/data/venv/lib/python3.12/site-packages/oslo_config/cfg.py:2995}}
May 06 10:21:22.688702 np0000172242 devstack@n-api-meta.service[108500]: DEBUG nova.api.openstack.wsgi_app [None req-125e5b74-1fc5-4ac8-85f2-48a334f9a854 None None] flat_injected = False {{(pid=108500) log_opt_values /opt/stack/data/venv/lib/python3.12/site-packages/oslo_config/cfg.py:2995}}
May 06 10:21:22.688824 np0000172242 devstack@n-api-meta.service[108500]: DEBUG nova.api.openstack.wsgi_app [None req-125e5b74-1fc5-4ac8-85f2-48a334f9a854 None None] force_config_drive = False {{(pid=108500) log_opt_values /opt/stack/data/venv/lib/python3.12/site-packages/oslo_config/cfg.py:2995}}
May 06 10:21:22.688948 np0000172242 devstack@n-api-meta.service[108500]: DEBUG nova.api.openstack.wsgi_app [None req-125e5b74-1fc5-4ac8-85f2-48a334f9a854 None None] force_raw_images = True {{(pid=108500) log_opt_values /opt/stack/data/venv/lib/python3.12/site-packages/oslo_config/cfg.py:2995}}
May 06 10:21:22.689101 np0000172242 devstack@n-api-meta.service[108500]: DEBUG nova.api.openstack.wsgi_app [None req-125e5b74-1fc5-4ac8-85f2-48a334f9a854 None None] graceful_shutdown_timeout = 5 {{(pid=108500) log_opt_values /opt/stack/data/venv/lib/python3.12/site-packages/oslo_config/cfg.py:2995}}
May 06 10:21:22.689229 np0000172242 devstack@n-api-meta.service[108500]: DEBUG nova.api.openstack.wsgi_app [None req-125e5b74-1fc5-4ac8-85f2-48a334f9a854 None None] heal_instance_info_cache_interval = -1 {{(pid=108500) log_opt_values /opt/stack/data/venv/lib/python3.12/site-packages/oslo_config/cfg.py:2995}}
May 06 10:21:22.689403 np0000172242 devstack@n-api-meta.service[108500]: DEBUG nova.api.openstack.wsgi_app [None req-125e5b74-1fc5-4ac8-85f2-48a334f9a854 None None] host = np0000172242 {{(pid=108500) log_opt_values /opt/stack/data/venv/lib/python3.12/site-packages/oslo_config/cfg.py:2995}}
May 06 10:21:22.689538 np0000172242 devstack@n-api-meta.service[108500]: DEBUG nova.api.openstack.wsgi_app [None req-125e5b74-1fc5-4ac8-85f2-48a334f9a854 None None] initial_cpu_allocation_ratio = 4.0 {{(pid=108500) log_opt_values /opt/stack/data/venv/lib/python3.12/site-packages/oslo_config/cfg.py:2995}}
May 06 10:21:22.689663 np0000172242 devstack@n-api-meta.service[108500]: DEBUG nova.api.openstack.wsgi_app [None req-125e5b74-1fc5-4ac8-85f2-48a334f9a854 None None] initial_disk_allocation_ratio = 1.0 {{(pid=108500) log_opt_values /opt/stack/data/venv/lib/python3.12/site-packages/oslo_config/cfg.py:2995}}
May 06 10:21:22.689790 np0000172242 devstack@n-api-meta.service[108500]: DEBUG nova.api.openstack.wsgi_app [None req-125e5b74-1fc5-4ac8-85f2-48a334f9a854 None None] initial_ram_allocation_ratio = 1.0 {{(pid=108500) log_opt_values /opt/stack/data/venv/lib/python3.12/site-packages/oslo_config/cfg.py:2995}}
May 06 10:21:22.690070 np0000172242 devstack@n-api-meta.service[108500]: DEBUG nova.api.openstack.wsgi_app [None req-125e5b74-1fc5-4ac8-85f2-48a334f9a854 None None] injected_network_template = /opt/stack/nova/nova/virt/interfaces.template {{(pid=108500) log_opt_values /opt/stack/data/venv/lib/python3.12/site-packages/oslo_config/cfg.py:2995}}
May 06 10:21:22.690187 np0000172242 devstack@n-api-meta.service[108500]: DEBUG nova.api.openstack.wsgi_app [None req-125e5b74-1fc5-4ac8-85f2-48a334f9a854 None None] instance_build_timeout = 0 {{(pid=108500) log_opt_values /opt/stack/data/venv/lib/python3.12/site-packages/oslo_config/cfg.py:2995}}
May 06 10:21:22.690315 np0000172242 devstack@n-api-meta.service[108500]: DEBUG nova.api.openstack.wsgi_app [None req-125e5b74-1fc5-4ac8-85f2-48a334f9a854 None None] instance_delete_interval = 300 {{(pid=108500) log_opt_values /opt/stack/data/venv/lib/python3.12/site-packages/oslo_config/cfg.py:2995}}
May 06 10:21:22.690448 np0000172242 devstack@n-api-meta.service[108500]: DEBUG nova.api.openstack.wsgi_app [None req-125e5b74-1fc5-4ac8-85f2-48a334f9a854 None None] instance_format = [instance: %(uuid)s] {{(pid=108500) log_opt_values /opt/stack/data/venv/lib/python3.12/site-packages/oslo_config/cfg.py:2995}}
May 06 10:21:22.690599 np0000172242 devstack@n-api-meta.service[108500]: DEBUG nova.api.openstack.wsgi_app [None req-125e5b74-1fc5-4ac8-85f2-48a334f9a854 None None] instance_name_template = instance-%08x {{(pid=108500) log_opt_values /opt/stack/data/venv/lib/python3.12/site-packages/oslo_config/cfg.py:2995}}
May 06 10:21:22.690748 np0000172242 devstack@n-api-meta.service[108500]: DEBUG nova.api.openstack.wsgi_app [None req-125e5b74-1fc5-4ac8-85f2-48a334f9a854 None None] instance_usage_audit = False {{(pid=108500) log_opt_values /opt/stack/data/venv/lib/python3.12/site-packages/oslo_config/cfg.py:2995}}
May 06 10:21:22.690878 np0000172242 devstack@n-api-meta.service[108500]: DEBUG nova.api.openstack.wsgi_app [None req-125e5b74-1fc5-4ac8-85f2-48a334f9a854 None None] instance_usage_audit_period = month {{(pid=108500) log_opt_values /opt/stack/data/venv/lib/python3.12/site-packages/oslo_config/cfg.py:2995}}
May 06 10:21:22.691011 np0000172242 devstack@n-api-meta.service[108500]: DEBUG nova.api.openstack.wsgi_app [None req-125e5b74-1fc5-4ac8-85f2-48a334f9a854 None None] instance_uuid_format = [instance: %(uuid)s] {{(pid=108500) log_opt_values /opt/stack/data/venv/lib/python3.12/site-packages/oslo_config/cfg.py:2995}}
May 06 10:21:22.691162 np0000172242 devstack@n-api-meta.service[108500]: DEBUG nova.api.openstack.wsgi_app [None req-125e5b74-1fc5-4ac8-85f2-48a334f9a854 None None] instances_path = /opt/stack/data/nova/instances {{(pid=108500) log_opt_values /opt/stack/data/venv/lib/python3.12/site-packages/oslo_config/cfg.py:2995}}
May 06 10:21:22.691293 np0000172242 devstack@n-api-meta.service[108500]: DEBUG nova.api.openstack.wsgi_app [None req-125e5b74-1fc5-4ac8-85f2-48a334f9a854 None None] internal_service_availability_zone = internal {{(pid=108500) log_opt_values /opt/stack/data/venv/lib/python3.12/site-packages/oslo_config/cfg.py:2995}}
May 06 10:21:22.691417 np0000172242 devstack@n-api-meta.service[108500]: DEBUG nova.api.openstack.wsgi_app [None req-125e5b74-1fc5-4ac8-85f2-48a334f9a854 None None] key = None {{(pid=108500) log_opt_values /opt/stack/data/venv/lib/python3.12/site-packages/oslo_config/cfg.py:2995}}
May 06 10:21:22.691542 np0000172242 devstack@n-api-meta.service[108500]: DEBUG nova.api.openstack.wsgi_app [None req-125e5b74-1fc5-4ac8-85f2-48a334f9a854 None None] live_migration_retry_count = 30 {{(pid=108500) log_opt_values /opt/stack/data/venv/lib/python3.12/site-packages/oslo_config/cfg.py:2995}}
May 06 10:21:22.691674 np0000172242 devstack@n-api-meta.service[108500]: DEBUG nova.api.openstack.wsgi_app [None req-125e5b74-1fc5-4ac8-85f2-48a334f9a854 None None] log_color = False {{(pid=108500) log_opt_values /opt/stack/data/venv/lib/python3.12/site-packages/oslo_config/cfg.py:2995}}
May 06 10:21:22.691804 np0000172242 devstack@n-api-meta.service[108500]: DEBUG nova.api.openstack.wsgi_app [None req-125e5b74-1fc5-4ac8-85f2-48a334f9a854 None None] log_config_append = None {{(pid=108500) log_opt_values /opt/stack/data/venv/lib/python3.12/site-packages/oslo_config/cfg.py:2995}}
May 06 10:21:22.691935 np0000172242 devstack@n-api-meta.service[108500]: DEBUG nova.api.openstack.wsgi_app [None req-125e5b74-1fc5-4ac8-85f2-48a334f9a854 None None] log_date_format = %Y-%m-%d %H:%M:%S {{(pid=108500) log_opt_values /opt/stack/data/venv/lib/python3.12/site-packages/oslo_config/cfg.py:2995}}
May 06 10:21:22.692086 np0000172242 devstack@n-api-meta.service[108500]: DEBUG nova.api.openstack.wsgi_app [None req-125e5b74-1fc5-4ac8-85f2-48a334f9a854 None None] log_dir = None {{(pid=108500) log_opt_values /opt/stack/data/venv/lib/python3.12/site-packages/oslo_config/cfg.py:2995}}
May 06 10:21:22.692208 np0000172242 devstack@n-api-meta.service[108500]: DEBUG nova.api.openstack.wsgi_app [None req-125e5b74-1fc5-4ac8-85f2-48a334f9a854 None None] log_file = None {{(pid=108500) log_opt_values /opt/stack/data/venv/lib/python3.12/site-packages/oslo_config/cfg.py:2995}}
May 06 10:21:22.692309 np0000172242 devstack@n-api-meta.service[108500]: DEBUG nova.api.openstack.wsgi_app [None req-125e5b74-1fc5-4ac8-85f2-48a334f9a854 None None] log_options = True {{(pid=108500) log_opt_values /opt/stack/data/venv/lib/python3.12/site-packages/oslo_config/cfg.py:2995}}
May 06 10:21:22.692436 np0000172242 devstack@n-api-meta.service[108500]: DEBUG nova.api.openstack.wsgi_app [None req-125e5b74-1fc5-4ac8-85f2-48a334f9a854 None None] log_rotate_interval = 1 {{(pid=108500) log_opt_values /opt/stack/data/venv/lib/python3.12/site-packages/oslo_config/cfg.py:2995}}
May 06 10:21:22.692569 np0000172242 devstack@n-api-meta.service[108500]: DEBUG nova.api.openstack.wsgi_app [None req-125e5b74-1fc5-4ac8-85f2-48a334f9a854 None None] log_rotate_interval_type = days {{(pid=108500) log_opt_values /opt/stack/data/venv/lib/python3.12/site-packages/oslo_config/cfg.py:2995}}
May 06 10:21:22.692700 np0000172242 devstack@n-api-meta.service[108500]: DEBUG nova.api.openstack.wsgi_app [None req-125e5b74-1fc5-4ac8-85f2-48a334f9a854 None None] log_rotation_type = none {{(pid=108500) log_opt_values /opt/stack/data/venv/lib/python3.12/site-packages/oslo_config/cfg.py:2995}}
May 06 10:21:22.692804 np0000172242 devstack@n-api-meta.service[108500]: DEBUG nova.api.openstack.wsgi_app [None req-125e5b74-1fc5-4ac8-85f2-48a334f9a854 None None] logging_context_format_string = %(color)s%(levelname)s %(name)s [%(global_request_id)s %(request_id)s %(project_name)s %(user_name)s%(color)s] %(instance)s%(color)s%(message)s {{(pid=108500) log_opt_values /opt/stack/data/venv/lib/python3.12/site-packages/oslo_config/cfg.py:2995}}
May 06 10:21:22.692906 np0000172242 devstack@n-api-meta.service[108500]: DEBUG nova.api.openstack.wsgi_app [None req-125e5b74-1fc5-4ac8-85f2-48a334f9a854 None None] logging_debug_format_suffix = {{(pid=%(process)d) %(funcName)s %(pathname)s:%(lineno)d}} {{(pid=108500) log_opt_values /opt/stack/data/venv/lib/python3.12/site-packages/oslo_config/cfg.py:2995}}
May 06 10:21:22.693054 np0000172242 devstack@n-api-meta.service[108500]: DEBUG nova.api.openstack.wsgi_app [None req-125e5b74-1fc5-4ac8-85f2-48a334f9a854 None None] logging_default_format_string = %(color)s%(levelname)s %(name)s [-%(color)s] %(instance)s%(color)s%(message)s {{(pid=108500) log_opt_values /opt/stack/data/venv/lib/python3.12/site-packages/oslo_config/cfg.py:2995}}
May 06 10:21:22.693209 np0000172242 devstack@n-api-meta.service[108500]: DEBUG nova.api.openstack.wsgi_app [None req-125e5b74-1fc5-4ac8-85f2-48a334f9a854 None None] logging_exception_prefix = ERROR %(name)s %(instance)s {{(pid=108500) log_opt_values /opt/stack/data/venv/lib/python3.12/site-packages/oslo_config/cfg.py:2995}}
May 06 10:21:22.693309 np0000172242 devstack@n-api-meta.service[108500]: DEBUG nova.api.openstack.wsgi_app [None req-125e5b74-1fc5-4ac8-85f2-48a334f9a854 None None] logging_user_identity_format = %(user)s %(project)s %(domain)s %(system_scope)s %(user_domain)s %(project_domain)s {{(pid=108500) log_opt_values /opt/stack/data/venv/lib/python3.12/site-packages/oslo_config/cfg.py:2995}}
May 06 10:21:22.693437 np0000172242 devstack@n-api-meta.service[108500]: DEBUG nova.api.openstack.wsgi_app [None req-125e5b74-1fc5-4ac8-85f2-48a334f9a854 None None] long_rpc_timeout = 1800 {{(pid=108500) log_opt_values /opt/stack/data/venv/lib/python3.12/site-packages/oslo_config/cfg.py:2995}}
May 06 10:21:22.693564 np0000172242 devstack@n-api-meta.service[108500]: DEBUG nova.api.openstack.wsgi_app [None req-125e5b74-1fc5-4ac8-85f2-48a334f9a854 None None] manager_shutdown_timeout = 160 {{(pid=108500) log_opt_values /opt/stack/data/venv/lib/python3.12/site-packages/oslo_config/cfg.py:2995}}
May 06 10:21:22.693691 np0000172242 devstack@n-api-meta.service[108500]: DEBUG nova.api.openstack.wsgi_app [None req-125e5b74-1fc5-4ac8-85f2-48a334f9a854 None None] max_concurrent_builds = 10 {{(pid=108500) log_opt_values /opt/stack/data/venv/lib/python3.12/site-packages/oslo_config/cfg.py:2995}}
May 06 10:21:22.693817 np0000172242 devstack@n-api-meta.service[108500]: DEBUG nova.api.openstack.wsgi_app [None req-125e5b74-1fc5-4ac8-85f2-48a334f9a854 None None] max_concurrent_live_migrations = 1 {{(pid=108500) log_opt_values /opt/stack/data/venv/lib/python3.12/site-packages/oslo_config/cfg.py:2995}}
May 06 10:21:22.693943 np0000172242 devstack@n-api-meta.service[108500]: DEBUG nova.api.openstack.wsgi_app [None req-125e5b74-1fc5-4ac8-85f2-48a334f9a854 None None] max_concurrent_snapshots = 5 {{(pid=108500) log_opt_values /opt/stack/data/venv/lib/python3.12/site-packages/oslo_config/cfg.py:2995}}
May 06 10:21:22.694086 np0000172242 devstack@n-api-meta.service[108500]: DEBUG nova.api.openstack.wsgi_app [None req-125e5b74-1fc5-4ac8-85f2-48a334f9a854 None None] max_local_block_devices = 3 {{(pid=108500) log_opt_values /opt/stack/data/venv/lib/python3.12/site-packages/oslo_config/cfg.py:2995}}
May 06 10:21:22.694213 np0000172242 devstack@n-api-meta.service[108500]: DEBUG nova.api.openstack.wsgi_app [None req-125e5b74-1fc5-4ac8-85f2-48a334f9a854 None None] max_logfile_count = 30 {{(pid=108500) log_opt_values /opt/stack/data/venv/lib/python3.12/site-packages/oslo_config/cfg.py:2995}}
May 06 10:21:22.694340 np0000172242 devstack@n-api-meta.service[108500]: DEBUG nova.api.openstack.wsgi_app [None req-125e5b74-1fc5-4ac8-85f2-48a334f9a854 None None] max_logfile_size_mb = 200 {{(pid=108500) log_opt_values /opt/stack/data/venv/lib/python3.12/site-packages/oslo_config/cfg.py:2995}}
May 06 10:21:22.694486 np0000172242 devstack@n-api-meta.service[108500]: DEBUG nova.api.openstack.wsgi_app [None req-125e5b74-1fc5-4ac8-85f2-48a334f9a854 None None] maximum_instance_delete_attempts = 5 {{(pid=108500) log_opt_values /opt/stack/data/venv/lib/python3.12/site-packages/oslo_config/cfg.py:2995}}
May 06 10:21:22.694611 np0000172242 devstack@n-api-meta.service[108500]: DEBUG nova.api.openstack.wsgi_app [None req-125e5b74-1fc5-4ac8-85f2-48a334f9a854 None None] migrate_max_retries = -1 {{(pid=108500) log_opt_values /opt/stack/data/venv/lib/python3.12/site-packages/oslo_config/cfg.py:2995}}
May 06 10:21:22.694736 np0000172242 devstack@n-api-meta.service[108500]: DEBUG nova.api.openstack.wsgi_app [None req-125e5b74-1fc5-4ac8-85f2-48a334f9a854 None None] mkisofs_cmd = genisoimage {{(pid=108500) log_opt_values /opt/stack/data/venv/lib/python3.12/site-packages/oslo_config/cfg.py:2995}}
May 06 10:21:22.694987 np0000172242 devstack@n-api-meta.service[108500]: DEBUG nova.api.openstack.wsgi_app [None req-125e5b74-1fc5-4ac8-85f2-48a334f9a854 None None] my_block_storage_ip = 199.204.45.240 {{(pid=108500) log_opt_values /opt/stack/data/venv/lib/python3.12/site-packages/oslo_config/cfg.py:2995}}
May 06 10:21:22.695103 np0000172242 devstack@n-api-meta.service[108500]: DEBUG nova.api.openstack.wsgi_app [None req-125e5b74-1fc5-4ac8-85f2-48a334f9a854 None None] my_ip = 199.204.45.240 {{(pid=108500) log_opt_values /opt/stack/data/venv/lib/python3.12/site-packages/oslo_config/cfg.py:2995}}
May 06 10:21:22.695210 np0000172242 devstack@n-api-meta.service[108499]: WARNING nova.api.metadata.handler [None req-cd77b25c-5e39-4c53-9f51-65274554b702 None None] metadata_proxy_shared_secret is not configured, the metadata information returned by the proxy cannot be trusted
May 06 10:21:22.695257 np0000172242 devstack@n-api-meta.service[108500]: DEBUG nova.api.openstack.wsgi_app [None req-125e5b74-1fc5-4ac8-85f2-48a334f9a854 None None] my_shared_fs_storage_ip = 199.204.45.240 {{(pid=108500) log_opt_values /opt/stack/data/venv/lib/python3.12/site-packages/oslo_config/cfg.py:2995}}
May 06 10:21:22.695392 np0000172242 devstack@n-api-meta.service[108500]: DEBUG nova.api.openstack.wsgi_app [None req-125e5b74-1fc5-4ac8-85f2-48a334f9a854 None None] network_allocate_retries = 0 {{(pid=108500) log_opt_values /opt/stack/data/venv/lib/python3.12/site-packages/oslo_config/cfg.py:2995}}
May 06 10:21:22.695534 np0000172242 devstack@n-api-meta.service[108500]: DEBUG nova.api.openstack.wsgi_app [None req-125e5b74-1fc5-4ac8-85f2-48a334f9a854 None None] non_inheritable_image_properties = ['cache_in_nova', 'bittorrent'] {{(pid=108500) log_opt_values /opt/stack/data/venv/lib/python3.12/site-packages/oslo_config/cfg.py:2995}}
May 06 10:21:22.695666 np0000172242 devstack@n-api-meta.service[108500]: DEBUG nova.api.openstack.wsgi_app [None req-125e5b74-1fc5-4ac8-85f2-48a334f9a854 None None] osapi_compute_unique_server_name_scope = {{(pid=108500) log_opt_values /opt/stack/data/venv/lib/python3.12/site-packages/oslo_config/cfg.py:2995}}
