May 06 10:20:48.258177 np0000172242 devstack@neutron-api.service[103439]: DEBUG neutron.quota.resource_registry [None req-dc9587c8-7a49-41cc-a049-c39edd82780a None None] Tracking information for resource: router configured {{(pid=103439) set_tracked_resource /opt/stack/neutron/neutron/quota/resource_registry.py:203}}
May 06 10:20:48.258423 np0000172242 devstack@neutron-api.service[103439]: DEBUG neutron.quota.resource_registry [None req-dc9587c8-7a49-41cc-a049-c39edd82780a None None] Tracking information for resource: floatingip configured {{(pid=103439) set_tracked_resource /opt/stack/neutron/neutron/quota/resource_registry.py:203}}
May 06 10:20:48.258504 np0000172242 devstack@neutron-api.service[103438]: WARNING neutron.api.api_common [None req-daff2987-63e9-4e21-afb6-13f50244d5b2 None None] The plugin class builtins.NoneType should inherit from ``ServicePluginBase`` or ``NeutronDbPluginV2``. This class needs to be refactored. Please report a Launchpad bug in https://bugs.launchpad.net/neutron.
May 06 10:20:48.258565 np0000172242 devstack@neutron-api.service[103439]: INFO neutron.services.ovn_l3.plugin [None req-dc9587c8-7a49-41cc-a049-c39edd82780a None None] Starting OVNL3RouterPlugin
May 06 10:20:48.258621 np0000172242 devstack@neutron-api.service[103438]: WARNING neutron.api.api_common [None req-daff2987-63e9-4e21-afb6-13f50244d5b2 None None] The plugin class builtins.NoneType should inherit from ``ServicePluginBase`` or ``NeutronDbPluginV2``. This class needs to be refactored. Please report a Launchpad bug in https://bugs.launchpad.net/neutron.
May 06 10:20:48.258679 np0000172242 devstack@neutron-api.service[103440]: DEBUG neutron.api.extensions [None req-ab11709f-a1f9-4bb5-8ecf-08910d800c20 None None] Ext name="security-group" alias="security-group" description="The security groups extension." updated="2012-10-05T10:00:00-00:00" {{(pid=103440) _check_extension /opt/stack/neutron/neutron/api/extensions.py:415}}
May 06 10:20:48.258746 np0000172242 devstack@neutron-api.service[103439]: DEBUG neutron_lib.callbacks.manager [None req-dc9587c8-7a49-41cc-a049-c39edd82780a None None] Subscribe: > port_forwarding_plugin after_init 55550000, False {{(pid=103439) subscribe /opt/stack/data/venv/lib/python3.12/site-packages/neutron_lib/callbacks/manager.py:52}}
May 06 10:20:48.258806 np0000172242 devstack@neutron-api.service[103440]: INFO neutron.api.extensions [None req-ab11709f-a1f9-4bb5-8ecf-08910d800c20 None None] Loaded extension: security-group
May 06 10:20:48.258878 np0000172242 devstack@neutron-api.service[103438]: WARNING neutron.api.api_common [None req-daff2987-63e9-4e21-afb6-13f50244d5b2 None None] The plugin class builtins.NoneType should inherit from ``ServicePluginBase`` or ``NeutronDbPluginV2``. This class needs to be refactored. Please report a Launchpad bug in https://bugs.launchpad.net/neutron.
May 06 10:20:48.258936 np0000172242 devstack@neutron-api.service[103439]: DEBUG neutron_lib.callbacks.manager [None req-dc9587c8-7a49-41cc-a049-c39edd82780a None None] Subscribe: > router before_create 55550100, False {{(pid=103439) subscribe /opt/stack/data/venv/lib/python3.12/site-packages/neutron_lib/callbacks/manager.py:52}}
May 06 10:20:48.258994 np0000172242 devstack@neutron-api.service[103440]: DEBUG neutron.api.extensions [None req-ab11709f-a1f9-4bb5-8ecf-08910d800c20 None None] Loading extension file: segment.py {{(pid=103440) _load_all_extensions_from_path /opt/stack/neutron/neutron/api/extensions.py:449}}
May 06 10:20:48.259091 np0000172242 devstack@neutron-api.service[103439]: DEBUG neutron_lib.callbacks.manager [None req-dc9587c8-7a49-41cc-a049-c39edd82780a None None] Subscribe: > router precommit_delete 55550100, False {{(pid=103439) subscribe /opt/stack/data/venv/lib/python3.12/site-packages/neutron_lib/callbacks/manager.py:52}}
May 06 10:20:48.259153 np0000172242 devstack@neutron-api.service[103438]: WARNING neutron.api.api_common [None req-daff2987-63e9-4e21-afb6-13f50244d5b2 None None] The plugin class neutron.db.servicetype_db.ServiceTypeManager should inherit from ``ServicePluginBase`` or ``NeutronDbPluginV2``. This class needs to be refactored. Please report a Launchpad bug in https://bugs.launchpad.net/neutron.
May 06 10:20:48.259210 np0000172242 devstack@neutron-api.service[103439]: DEBUG neutron_lib.callbacks.manager [None req-dc9587c8-7a49-41cc-a049-c39edd82780a None None] Subscribe: > router precommit_create 55550100, False {{(pid=103439) subscribe /opt/stack/data/venv/lib/python3.12/site-packages/neutron_lib/callbacks/manager.py:52}}
May 06 10:20:48.259270 np0000172242 devstack@neutron-api.service[103438]: WARNING neutron.api.api_common [None req-daff2987-63e9-4e21-afb6-13f50244d5b2 None None] The plugin class builtins.NoneType should inherit from ``ServicePluginBase`` or ``NeutronDbPluginV2``. This class needs to be refactored. Please report a Launchpad bug in https://bugs.launchpad.net/neutron.
May 06 10:20:48.259325 np0000172242 devstack@neutron-api.service[103439]: DEBUG neutron_lib.callbacks.manager [None req-dc9587c8-7a49-41cc-a049-c39edd82780a None None] Subscribe: > router precommit_update 55550100, False {{(pid=103439) subscribe /opt/stack/data/venv/lib/python3.12/site-packages/neutron_lib/callbacks/manager.py:52}}
May 06 10:20:48.259384 np0000172242 devstack@neutron-api.service[103438]: WARNING neutron.api.api_common [None req-daff2987-63e9-4e21-afb6-13f50244d5b2 None None] The plugin class builtins.NoneType should inherit from ``ServicePluginBase`` or ``NeutronDbPluginV2``. This class needs to be refactored. Please report a Launchpad bug in https://bugs.launchpad.net/neutron.
May 06 10:20:48.259451 np0000172242 devstack@neutron-api.service[103440]: DEBUG neutron.api.extensions [None req-ab11709f-a1f9-4bb5-8ecf-08910d800c20 None None] Ext name="Segment" alias="segment" description="Segments extension." updated="2016-02-24T17:00:00-00:00" {{(pid=103440) _check_extension /opt/stack/neutron/neutron/api/extensions.py:415}}
May 06 10:20:48.259543 np0000172242 devstack@neutron-api.service[103438]: WARNING neutron.api.api_common [None req-daff2987-63e9-4e21-afb6-13f50244d5b2 None None] The plugin class builtins.NoneType should inherit from ``ServicePluginBase`` or ``NeutronDbPluginV2``. This class needs to be refactored. Please report a Launchpad bug in https://bugs.launchpad.net/neutron.
May 06 10:20:48.259633 np0000172242 devstack@neutron-api.service[103440]: INFO neutron.api.extensions [None req-ab11709f-a1f9-4bb5-8ecf-08910d800c20 None None] Extension segment not supported by any of loaded plugins
May 06 10:20:48.259705 np0000172242 devstack@neutron-api.service[103438]: WARNING neutron.api.api_common [None req-daff2987-63e9-4e21-afb6-13f50244d5b2 None None] The plugin class builtins.NoneType should inherit from ``ServicePluginBase`` or ``NeutronDbPluginV2``. This class needs to be refactored. Please report a Launchpad bug in https://bugs.launchpad.net/neutron.
May 06 10:20:48.259773 np0000172242 devstack@neutron-api.service[103440]: DEBUG neutron.api.extensions [None req-ab11709f-a1f9-4bb5-8ecf-08910d800c20 None None] Loading extension file: segments_peer_subnet_host_routes.py {{(pid=103440) _load_all_extensions_from_path /opt/stack/neutron/neutron/api/extensions.py:449}}
May 06 10:20:48.259831 np0000172242 devstack@neutron-api.service[103438]: WARNING neutron.api.api_common [None req-daff2987-63e9-4e21-afb6-13f50244d5b2 None None] The plugin class builtins.NoneType should inherit from ``ServicePluginBase`` or ``NeutronDbPluginV2``. This class needs to be refactored. Please report a Launchpad bug in https://bugs.launchpad.net/neutron.
May 06 10:20:48.259935 np0000172242 devstack@neutron-api.service[103440]: DEBUG neutron.api.extensions [None req-ab11709f-a1f9-4bb5-8ecf-08910d800c20 None None] Ext name="Segments peer-subnet host routes" alias="segments-peer-subnet-host-routes" description="Add host routes to subnets on a routed network (segments)" updated="2018-06-12T10:00:00-00:00" {{(pid=103440) _check_extension /opt/stack/neutron/neutron/api/extensions.py:415}}
May 06 10:20:48.260010 np0000172242 devstack@neutron-api.service[103438]: WARNING neutron.api.api_common [None req-daff2987-63e9-4e21-afb6-13f50244d5b2 None None] The plugin class builtins.NoneType should inherit from ``ServicePluginBase`` or ``NeutronDbPluginV2``. This class needs to be refactored. Please report a Launchpad bug in https://bugs.launchpad.net/neutron.
May 06 10:20:48.260149 np0000172242 devstack@neutron-api.service[103438]: WARNING neutron.api.api_common [None req-daff2987-63e9-4e21-afb6-13f50244d5b2 None None] The plugin class builtins.NoneType should inherit from ``ServicePluginBase`` or ``NeutronDbPluginV2``. This class needs to be refactored. Please report a Launchpad bug in https://bugs.launchpad.net/neutron.
May 06 10:20:48.260213 np0000172242 devstack@neutron-api.service[103440]: INFO neutron.api.extensions [None req-ab11709f-a1f9-4bb5-8ecf-08910d800c20 None None] Extension segments-peer-subnet-host-routes not supported by any of loaded plugins
May 06 10:20:48.260306 np0000172242 devstack@neutron-api.service[103440]: DEBUG neutron.api.extensions [None req-ab11709f-a1f9-4bb5-8ecf-08910d800c20 None None] Loading extension file: servicetype.py {{(pid=103440) _load_all_extensions_from_path /opt/stack/neutron/neutron/api/extensions.py:449}}
May 06 10:20:48.260365 np0000172242 devstack@neutron-api.service[103438]: WARNING neutron.api.api_common [None req-daff2987-63e9-4e21-afb6-13f50244d5b2 None None] The plugin class builtins.NoneType should inherit from ``ServicePluginBase`` or ``NeutronDbPluginV2``. This class needs to be refactored. Please report a Launchpad bug in https://bugs.launchpad.net/neutron.
May 06 10:20:48.260581 np0000172242 devstack@neutron-api.service[103438]: WARNING neutron.api.api_common [None req-daff2987-63e9-4e21-afb6-13f50244d5b2 None None] The plugin class builtins.NoneType should inherit from ``ServicePluginBase`` or ``NeutronDbPluginV2``. This class needs to be refactored. Please report a Launchpad bug in https://bugs.launchpad.net/neutron.
May 06 10:20:48.260651 np0000172242 devstack@neutron-api.service[103440]: DEBUG neutron.api.extensions [None req-ab11709f-a1f9-4bb5-8ecf-08910d800c20 None None] Ext name="Neutron Service Type Management" alias="service-type" description="API for retrieving service providers for Neutron advanced services" updated="2013-01-20T00:00:00-00:00" {{(pid=103440) _check_extension /opt/stack/neutron/neutron/api/extensions.py:415}}
May 06 10:20:48.260744 np0000172242 devstack@neutron-api.service[103438]: WARNING neutron.api.api_common [None req-daff2987-63e9-4e21-afb6-13f50244d5b2 None None] The plugin class builtins.NoneType should inherit from ``ServicePluginBase`` or ``NeutronDbPluginV2``. This class needs to be refactored. Please report a Launchpad bug in https://bugs.launchpad.net/neutron.
May 06 10:20:48.260875 np0000172242 devstack@neutron-api.service[103440]: INFO neutron.api.extensions [None req-ab11709f-a1f9-4bb5-8ecf-08910d800c20 None None] Loaded extension: service-type
May 06 10:20:48.260938 np0000172242 devstack@neutron-api.service[103440]: DEBUG neutron.api.extensions [None req-ab11709f-a1f9-4bb5-8ecf-08910d800c20 None None] Loading extension file: sorting.py {{(pid=103440) _load_all_extensions_from_path /opt/stack/neutron/neutron/api/extensions.py:449}}
May 06 10:20:48.261226 np0000172242 devstack@neutron-api.service[103440]: DEBUG neutron.api.extensions [None req-ab11709f-a1f9-4bb5-8ecf-08910d800c20 None None] Ext name="Sorting support" alias="sorting" description="Extension that indicates that sorting is enabled." updated="2016-06-12T00:00:00-00:00" {{(pid=103440) _check_extension /opt/stack/neutron/neutron/api/extensions.py:415}}
May 06 10:20:48.261309 np0000172242 devstack@neutron-api.service[103440]: INFO neutron.api.extensions [None req-ab11709f-a1f9-4bb5-8ecf-08910d800c20 None None] Loaded extension: sorting
May 06 10:20:48.261392 np0000172242 devstack@neutron-api.service[103440]: DEBUG neutron.api.extensions [None req-ab11709f-a1f9-4bb5-8ecf-08910d800c20 None None] Loading extension file: standard_attr_segment.py {{(pid=103440) _load_all_extensions_from_path /opt/stack/neutron/neutron/api/extensions.py:449}}
May 06 10:20:48.261637 np0000172242 devstack@neutron-api.service[103440]: DEBUG neutron.api.extensions [None req-ab11709f-a1f9-4bb5-8ecf-08910d800c20 None None] Ext name="Standard Attribute Segment Extension" alias="standard-attr-segment" description="Add standard attributes to Segment resource" updated="2018-04-09T10:00:00-00:00" {{(pid=103440) _check_extension /opt/stack/neutron/neutron/api/extensions.py:415}}
May 06 10:20:48.261898 np0000172242 devstack@neutron-api.service[103440]: INFO neutron.api.extensions [None req-ab11709f-a1f9-4bb5-8ecf-08910d800c20 None None] Extension standard-attr-segment not supported by any of loaded plugins
May 06 10:20:48.261991 np0000172242 devstack@neutron-api.service[103440]: DEBUG neutron.api.extensions [None req-ab11709f-a1f9-4bb5-8ecf-08910d800c20 None None] Loading extension file: standardattrdescription.py {{(pid=103440) _load_all_extensions_from_path /opt/stack/neutron/neutron/api/extensions.py:449}}
May 06 10:20:48.262219 np0000172242 devstack@neutron-api.service[103440]: DEBUG neutron.api.extensions [None req-ab11709f-a1f9-4bb5-8ecf-08910d800c20 None None] Ext name="standard-attr-description" alias="standard-attr-description" description="Extension to add descriptions to standard attributes" updated="2016-02-10T10:00:00-00:00" {{(pid=103440) _check_extension /opt/stack/neutron/neutron/api/extensions.py:415}}
May 06 10:20:48.262392 np0000172242 devstack@neutron-api.service[103440]: INFO neutron.api.extensions [None req-ab11709f-a1f9-4bb5-8ecf-08910d800c20 None None] Loaded extension: standard-attr-description
May 06 10:20:48.262485 np0000172242 devstack@neutron-api.service[103440]: DEBUG neutron.api.extensions [None req-ab11709f-a1f9-4bb5-8ecf-08910d800c20 None None] Loading extension file: stateful_security_group.py {{(pid=103440) _load_all_extensions_from_path /opt/stack/neutron/neutron/api/extensions.py:449}}
May 06 10:20:48.262611 np0000172242 devstack@neutron-api.service[103439]: DEBUG neutron.services.provider_configuration [None req-dc9587c8-7a49-41cc-a049-c39edd82780a None None] Service providers = [] {{(pid=103439) parse_service_provider_opt /opt/stack/neutron/neutron/services/provider_configuration.py:170}}
May 06 10:20:48.262682 np0000172242 devstack@neutron-api.service[103439]: DEBUG neutron.db.servicetype_db [None req-dc9587c8-7a49-41cc-a049-c39edd82780a None None] Adding provider configuration for service L3_ROUTER_NAT {{(pid=103439) add_provider_configuration /opt/stack/neutron/neutron/db/servicetype_db.py:42}}
May 06 10:20:48.262739 np0000172242 devstack@neutron-api.service[103440]: DEBUG neutron.api.extensions [None req-ab11709f-a1f9-4bb5-8ecf-08910d800c20 None None] Ext name="Stateful security group" alias="stateful-security-group" description="Indicates if the security group is stateful or not" updated="2019-11-26T09:00:00-00:00" {{(pid=103440) _check_extension /opt/stack/neutron/neutron/api/extensions.py:415}}
May 06 10:20:48.262817 np0000172242 devstack@neutron-api.service[103438]: DEBUG neutron.api.v2.resource_helper [None req-daff2987-63e9-4e21-afb6-13f50244d5b2 None None] Service L3_ROUTER_NAT assigned prefix: {{(pid=103438) build_resource_info /opt/stack/neutron/neutron/api/v2/resource_helper.py:77}}
May 06 10:20:48.262942 np0000172242 devstack@neutron-api.service[103440]: INFO neutron.api.extensions [None req-ab11709f-a1f9-4bb5-8ecf-08910d800c20 None None] Loaded extension: stateful-security-group
May 06 10:20:48.263073 np0000172242 devstack@neutron-api.service[103440]: DEBUG neutron.api.extensions [None req-ab11709f-a1f9-4bb5-8ecf-08910d800c20 None None] Loading extension file: stdattrs_common.py {{(pid=103440) _load_all_extensions_from_path /opt/stack/neutron/neutron/api/extensions.py:449}}
May 06 10:20:48.263289 np0000172242 devstack@neutron-api.service[103440]: WARNING neutron.api.extensions [None req-ab11709f-a1f9-4bb5-8ecf-08910d800c20 None None] Did not find expected name "Stdattrs_common" in /opt/stack/neutron/neutron/extensions/stdattrs_common.py
May 06 10:20:48.263349 np0000172242 devstack@neutron-api.service[103438]: DEBUG neutron.api.v2.resource_helper [None req-daff2987-63e9-4e21-afb6-13f50244d5b2 None None] Service FLAVORS assigned prefix: {{(pid=103438) build_resource_info /opt/stack/neutron/neutron/api/v2/resource_helper.py:77}}
May 06 10:20:48.263407 np0000172242 devstack@neutron-api.service[103440]: DEBUG neutron.api.extensions [None req-ab11709f-a1f9-4bb5-8ecf-08910d800c20 None None] Loading extension file: subnet_dns_publish_fixed_ip.py {{(pid=103440) _load_all_extensions_from_path /opt/stack/neutron/neutron/api/extensions.py:449}}
May 06 10:20:48.263607 np0000172242 devstack@neutron-api.service[103440]: DEBUG neutron.api.extensions [None req-ab11709f-a1f9-4bb5-8ecf-08910d800c20 None None] Ext name="Subnet DNS publish fixed IP" alias="subnet-dns-publish-fixed-ip" description="Support choosing to publish DNS records for IPs from a subnet" updated="2019-05-24T10:00:00-00:00" {{(pid=103440) _check_extension /opt/stack/neutron/neutron/api/extensions.py:415}}
May 06 10:20:48.263802 np0000172242 devstack@neutron-api.service[103440]: INFO neutron.api.extensions [None req-ab11709f-a1f9-4bb5-8ecf-08910d800c20 None None] Loaded extension: subnet-dns-publish-fixed-ip
May 06 10:20:48.263975 np0000172242 devstack@neutron-api.service[103440]: DEBUG neutron.api.extensions [None req-ab11709f-a1f9-4bb5-8ecf-08910d800c20 None None] Loading extension file: subnet_external_network.py {{(pid=103440) _load_all_extensions_from_path /opt/stack/neutron/neutron/api/extensions.py:449}}
May 06 10:20:48.264056 np0000172242 devstack@neutron-api.service[103439]: DEBUG neutron_lib.callbacks.manager [None req-dc9587c8-7a49-41cc-a049-c39edd82780a None None] Subscribe: > router precommit_create 55549900, False {{(pid=103439) subscribe /opt/stack/data/venv/lib/python3.12/site-packages/neutron_lib/callbacks/manager.py:52}}
May 06 10:20:48.264227 np0000172242 devstack@neutron-api.service[103439]: DEBUG neutron_lib.callbacks.manager [None req-dc9587c8-7a49-41cc-a049-c39edd82780a None None] Subscribe: > router_interface after_create 55550000, False {{(pid=103439) subscribe /opt/stack/data/venv/lib/python3.12/site-packages/neutron_lib/callbacks/manager.py:52}}
May 06 10:20:48.264345 np0000172242 devstack@neutron-api.service[103440]: DEBUG neutron.api.extensions [None req-ab11709f-a1f9-4bb5-8ecf-08910d800c20 None None] Ext name="Subnet belongs to an external network" alias="subnet-external-network" description="Informs if the subnet belongs to an external network" updated="2024-02-05T18:00:00-00:00" {{(pid=103440) _check_extension /opt/stack/neutron/neutron/api/extensions.py:415}}
May 06 10:20:48.264540 np0000172242 devstack@neutron-api.service[103439]: DEBUG neutron_lib.callbacks.manager [None req-dc9587c8-7a49-41cc-a049-c39edd82780a None None] Subscribe: > floatingip after_create 55550000, False {{(pid=103439) subscribe /opt/stack/data/venv/lib/python3.12/site-packages/neutron_lib/callbacks/manager.py:52}}
May 06 10:20:48.264540 np0000172242 devstack@neutron-api.service[103439]: DEBUG neutron_lib.callbacks.manager [None req-dc9587c8-7a49-41cc-a049-c39edd82780a None None] Subscribe: > floatingip precommit_create 55550000, False {{(pid=103439) subscribe /opt/stack/data/venv/lib/python3.12/site-packages/neutron_lib/callbacks/manager.py:52}}
May 06 10:20:48.264815 np0000172242 devstack@neutron-api.service[103440]: INFO neutron.api.extensions [None req-ab11709f-a1f9-4bb5-8ecf-08910d800c20 None None] Loaded extension: subnet-external-network
May 06 10:20:48.264991 np0000172242 devstack@neutron-api.service[103439]: DEBUG neutron_lib.callbacks.manager [None req-dc9587c8-7a49-41cc-a049-c39edd82780a None None] Subscribe: > floatingip precommit_update 55550000, False {{(pid=103439) subscribe /opt/stack/data/venv/lib/python3.12/site-packages/neutron_lib/callbacks/manager.py:52}}
May 06 10:20:48.265180 np0000172242 devstack@neutron-api.service[103438]: DEBUG neutron.api.v2.resource_helper [None req-daff2987-63e9-4e21-afb6-13f50244d5b2 None None] Service L3_ROUTER_NAT assigned prefix: {{(pid=103438) build_resource_info /opt/stack/neutron/neutron/api/v2/resource_helper.py:77}}
May 06 10:20:48.265340 np0000172242 devstack@neutron-api.service[103439]: DEBUG neutron_lib.callbacks.manager [None req-dc9587c8-7a49-41cc-a049-c39edd82780a None None] Subscribe: > floatingip after_delete 55550000, False {{(pid=103439) subscribe /opt/stack/data/venv/lib/python3.12/site-packages/neutron_lib/callbacks/manager.py:52}}
May 06 10:20:48.265456 np0000172242 devstack@neutron-api.service[103440]: DEBUG neutron.api.extensions [None req-ab11709f-a1f9-4bb5-8ecf-08910d800c20 None None] Loading extension file: subnet_onboard.py {{(pid=103440) _load_all_extensions_from_path /opt/stack/neutron/neutron/api/extensions.py:449}}
May 06 10:20:48.265486 np0000172242 devstack@neutron-api.service[103439]: DEBUG neutron_lib.callbacks.manager [None req-dc9587c8-7a49-41cc-a049-c39edd82780a None None] Subscribe: > floatingip after_status_update 55550000, False {{(pid=103439) subscribe /opt/stack/data/venv/lib/python3.12/site-packages/neutron_lib/callbacks/manager.py:52}}
May 06 10:20:48.265486 np0000172242 devstack@neutron-api.service[103439]: DEBUG neutron_lib.callbacks.manager [None req-dc9587c8-7a49-41cc-a049-c39edd82780a None None] Subscribe: > floatingip after_update 55550000, False {{(pid=103439) subscribe /opt/stack/data/venv/lib/python3.12/site-packages/neutron_lib/callbacks/manager.py:52}}
May 06 10:20:48.265486 np0000172242 devstack@neutron-api.service[103439]: DEBUG neutron_lib.callbacks.manager [None req-dc9587c8-7a49-41cc-a049-c39edd82780a None None] Subscribe: > port_forwarding after_create 55550000, False {{(pid=103439) subscribe /opt/stack/data/venv/lib/python3.12/site-packages/neutron_lib/callbacks/manager.py:52}}
May 06 10:20:48.265558 np0000172242 devstack@neutron-api.service[103440]: DEBUG neutron.api.extensions [None req-ab11709f-a1f9-4bb5-8ecf-08910d800c20 None None] Ext name="Subnet Onboard" alias="subnet_onboard" description="Provides support for onboarding subnets into subnet pools" updated="2018-12-18T09:00:00-00:00" {{(pid=103440) _check_extension /opt/stack/neutron/neutron/api/extensions.py:415}}
May 06 10:20:48.265592 np0000172242 devstack@neutron-api.service[103439]: DEBUG neutron_lib.callbacks.manager [None req-dc9587c8-7a49-41cc-a049-c39edd82780a None None] Subscribe: > router_interface after_delete 55550000, False {{(pid=103439) subscribe /opt/stack/data/venv/lib/python3.12/site-packages/neutron_lib/callbacks/manager.py:52}}
May 06 10:20:48.265592 np0000172242 devstack@neutron-api.service[103439]: DEBUG neutron_lib.callbacks.manager [None req-dc9587c8-7a49-41cc-a049-c39edd82780a None None] Subscribe: > router after_create 55550000, False {{(pid=103439) subscribe /opt/stack/data/venv/lib/python3.12/site-packages/neutron_lib/callbacks/manager.py:52}}
May 06 10:20:48.265644 np0000172242 devstack@neutron-api.service[103438]: DEBUG neutron.api.v2.resource_helper [None req-daff2987-63e9-4e21-afb6-13f50244d5b2 None None] Service L3_ROUTER_NAT assigned prefix: {{(pid=103438) build_resource_info /opt/stack/neutron/neutron/api/v2/resource_helper.py:77}}
May 06 10:20:48.265671 np0000172242 devstack@neutron-api.service[103439]: DEBUG neutron_lib.callbacks.manager [None req-dc9587c8-7a49-41cc-a049-c39edd82780a None None] Subscribe: > router precommit_create 55550000, False {{(pid=103439) subscribe /opt/stack/data/venv/lib/python3.12/site-packages/neutron_lib/callbacks/manager.py:52}}
May 06 10:20:48.265696 np0000172242 devstack@neutron-api.service[103438]: INFO neutron.quota.resource_registry [None req-daff2987-63e9-4e21-afb6-13f50244d5b2 None None] Creating instance of TrackedResource for resource:router
May 06 10:20:48.265724 np0000172242 devstack@neutron-api.service[103439]: DEBUG neutron_lib.callbacks.manager [None req-dc9587c8-7a49-41cc-a049-c39edd82780a None None] Subscribe: > router after_delete 55550000, False {{(pid=103439) subscribe /opt/stack/data/venv/lib/python3.12/site-packages/neutron_lib/callbacks/manager.py:52}}
May 06 10:20:48.265780 np0000172242 devstack@neutron-api.service[103440]: INFO neutron.api.extensions [None req-ab11709f-a1f9-4bb5-8ecf-08910d800c20 None None] Extension subnet_onboard not supported by any of loaded plugins
May 06 10:20:48.265821 np0000172242 devstack@neutron-api.service[103439]: DEBUG neutron_lib.callbacks.manager [None req-dc9587c8-7a49-41cc-a049-c39edd82780a None None] Subscribe: > router after_update 55550000, False {{(pid=103439) subscribe /opt/stack/data/venv/lib/python3.12/site-packages/neutron_lib/callbacks/manager.py:52}}
May 06 10:20:48.265858 np0000172242 devstack@neutron-api.service[103440]: DEBUG neutron.api.extensions [None req-ab11709f-a1f9-4bb5-8ecf-08910d800c20 None None] Loading extension file: subnet_segmentid_writable.py {{(pid=103440) _load_all_extensions_from_path /opt/stack/neutron/neutron/api/extensions.py:449}}
May 06 10:20:48.265888 np0000172242 devstack@neutron-api.service[103438]: WARNING neutron.quota.resource_registry [None req-daff2987-63e9-4e21-afb6-13f50244d5b2 None None] router is already registered
May 06 10:20:48.265916 np0000172242 devstack@neutron-api.service[103439]: DEBUG neutron.services.service_base [None req-dc9587c8-7a49-41cc-a049-c39edd82780a None None] Loaded 'neutron.services.ovn_l3.service_providers.ovn.OvnDriver' provider for service L3_ROUTER_NAT {{(pid=103439) load_drivers /opt/stack/neutron/neutron/services/service_base.py:49}}
May 06 10:20:48.265916 np0000172242 devstack@neutron-api.service[103439]: DEBUG neutron_lib.callbacks.manager [None req-dc9587c8-7a49-41cc-a049-c39edd82780a None None] Subscribe: > process after_init 55550001, True {{(pid=103439) subscribe /opt/stack/data/venv/lib/python3.12/site-packages/neutron_lib/callbacks/manager.py:52}}
May 06 10:20:48.265966 np0000172242 devstack@neutron-api.service[103440]: DEBUG neutron.api.extensions [None req-ab11709f-a1f9-4bb5-8ecf-08910d800c20 None None] Ext name="Subnet SegmentID (writable)" alias="subnet-segmentid-writable" description="Provides a writable segment_id attribute for a subnet resource." updated="2018-03-12T00:00:00-00:00" {{(pid=103440) _check_extension /opt/stack/neutron/neutron/api/extensions.py:415}}
May 06 10:20:48.265998 np0000172242 devstack@neutron-api.service[103439]: DEBUG neutron.manager [None req-dc9587c8-7a49-41cc-a049-c39edd82780a None None] Successfully loaded L3_ROUTER_NAT plugin. Description: L3 Router Service Plugin for basic L3 forwarding using OVN {{(pid=103439) _create_and_add_service_plugin /opt/stack/neutron/neutron/manager.py:239}}
May 06 10:20:48.265998 np0000172242 devstack@neutron-api.service[103439]: INFO neutron.manager [None req-dc9587c8-7a49-41cc-a049-c39edd82780a None None] Loading Plugin: auto_allocate
May 06 10:20:48.266093 np0000172242 devstack@neutron-api.service[103440]: INFO neutron.api.extensions [None req-ab11709f-a1f9-4bb5-8ecf-08910d800c20 None None] Extension subnet-segmentid-writable not supported by any of loaded plugins
May 06 10:20:48.266093 np0000172242 devstack@neutron-api.service[103440]: DEBUG neutron.api.extensions [None req-ab11709f-a1f9-4bb5-8ecf-08910d800c20 None None] Loading extension file: subnet_service_types.py {{(pid=103440) _load_all_extensions_from_path /opt/stack/neutron/neutron/api/extensions.py:449}}
May 06 10:20:48.266164 np0000172242 devstack@neutron-api.service[103438]: INFO neutron.quota.resource_registry [None req-daff2987-63e9-4e21-afb6-13f50244d5b2 None None] Creating instance of TrackedResource for resource:floatingip
May 06 10:20:48.266260 np0000172242 devstack@neutron-api.service[103440]: DEBUG neutron.api.extensions [None req-ab11709f-a1f9-4bb5-8ecf-08910d800c20 None None] Ext name="Subnet service types" alias="subnet-service-types" description="Provides ability to set the subnet service_types field" updated="2016-03-15T18:00:00-00:00" {{(pid=103440) _check_extension /opt/stack/neutron/neutron/api/extensions.py:415}}
May 06 10:20:48.266338 np0000172242 devstack@neutron-api.service[103438]: WARNING neutron.quota.resource_registry [None req-daff2987-63e9-4e21-afb6-13f50244d5b2 None None] floatingip is already registered
May 06 10:20:48.266438 np0000172242 devstack@neutron-api.service[103440]: INFO neutron.api.extensions [None req-ab11709f-a1f9-4bb5-8ecf-08910d800c20 None None] Loaded extension: subnet-service-types
May 06 10:20:48.266551 np0000172242 devstack@neutron-api.service[103440]: DEBUG neutron.api.extensions [None req-ab11709f-a1f9-4bb5-8ecf-08910d800c20 None None] Loading extension file: subnetallocation.py {{(pid=103440) _load_all_extensions_from_path /opt/stack/neutron/neutron/api/extensions.py:449}}
May 06 10:20:48.266827 np0000172242 devstack@neutron-api.service[103440]: DEBUG neutron.api.extensions [None req-ab11709f-a1f9-4bb5-8ecf-08910d800c20 None None] Ext name="Subnet Allocation" alias="subnet_allocation" description="Enables allocation of subnets from a subnet pool" updated="2015-03-30T10:00:00-00:00" {{(pid=103440) _check_extension /opt/stack/neutron/neutron/api/extensions.py:415}}
May 06 10:20:48.266859 np0000172242 devstack@neutron-api.service[103439]: DEBUG neutron_lib.callbacks.manager [None req-dc9587c8-7a49-41cc-a049-c39edd82780a None None] Subscribe: network precommit_update 55550000, False {{(pid=103439) subscribe /opt/stack/data/venv/lib/python3.12/site-packages/neutron_lib/callbacks/manager.py:52}}
May 06 10:20:48.266968 np0000172242 devstack@neutron-api.service[103439]: DEBUG neutron_lib.callbacks.manager [None req-dc9587c8-7a49-41cc-a049-c39edd82780a None None] Subscribe: network precommit_create 55550000, False {{(pid=103439) subscribe /opt/stack/data/venv/lib/python3.12/site-packages/neutron_lib/callbacks/manager.py:52}}
May 06 10:20:48.267104 np0000172242 devstack@neutron-api.service[103440]: INFO neutron.api.extensions [None req-ab11709f-a1f9-4bb5-8ecf-08910d800c20 None None] Loaded extension: subnet_allocation
May 06 10:20:48.267151 np0000172242 devstack@neutron-api.service[103439]: DEBUG neutron.manager [None req-dc9587c8-7a49-41cc-a049-c39edd82780a None None] Successfully loaded auto-allocated-topology plugin. Description: Auto Allocated Topology - aka get me a network. {{(pid=103439) _create_and_add_service_plugin /opt/stack/neutron/neutron/manager.py:239}}
May 06 10:20:48.267182 np0000172242 devstack@neutron-api.service[103440]: DEBUG neutron.api.extensions [None req-ab11709f-a1f9-4bb5-8ecf-08910d800c20 None None] Loading extension file: subnetpool_prefix_ops.py {{(pid=103440) _load_all_extensions_from_path /opt/stack/neutron/neutron/api/extensions.py:449}}
May 06 10:20:48.267253 np0000172242 devstack@neutron-api.service[103439]: INFO neutron.manager [None req-dc9587c8-7a49-41cc-a049-c39edd82780a None None] Loading Plugin: tag
May 06 10:20:48.267506 np0000172242 devstack@neutron-api.service[103440]: DEBUG neutron.api.extensions [None req-ab11709f-a1f9-4bb5-8ecf-08910d800c20 None None] Ext name="Subnet Pool Prefix Operations" alias="subnetpool-prefix-ops" description="Provides support for adjusting the prefix list of subnet pools" updated="2019-02-08T10:00:00-00:00" {{(pid=103440) _check_extension /opt/stack/neutron/neutron/api/extensions.py:415}}
May 06 10:20:48.267665 np0000172242 devstack@neutron-api.service[103438]: INFO neutron.quota.resource_registry [None req-daff2987-63e9-4e21-afb6-13f50244d5b2 None None] Creating instance of CountableResource for resource:rbac_policy
May 06 10:20:48.267742 np0000172242 devstack@neutron-api.service[103440]: INFO neutron.api.extensions [None req-ab11709f-a1f9-4bb5-8ecf-08910d800c20 None None] Loaded extension: subnetpool-prefix-ops
May 06 10:20:48.267821 np0000172242 devstack@neutron-api.service[103438]: WARNING neutron.quota.resource_registry [None req-daff2987-63e9-4e21-afb6-13f50244d5b2 None None] rbac_policy is already registered
May 06 10:20:48.267849 np0000172242 devstack@neutron-api.service[103440]: DEBUG neutron.api.extensions [None req-ab11709f-a1f9-4bb5-8ecf-08910d800c20 None None] Loading extension file: tag_creation.py {{(pid=103440) _load_all_extensions_from_path /opt/stack/neutron/neutron/api/extensions.py:449}}
May 06 10:20:48.268165 np0000172242 devstack@neutron-api.service[103440]: DEBUG neutron.api.extensions [None req-ab11709f-a1f9-4bb5-8ecf-08910d800c20 None None] Ext name="Tag creation extension" alias="tag-creation" description="Allow to create multiple tags for a resource" updated="2024-23-07T10:00:00-00:00" {{(pid=103440) _check_extension /opt/stack/neutron/neutron/api/extensions.py:415}}
May 06 10:20:48.268439 np0000172242 devstack@neutron-api.service[103440]: INFO neutron.api.extensions [None req-ab11709f-a1f9-4bb5-8ecf-08910d800c20 None None] Loaded extension: tag-creation
May 06 10:20:48.268619 np0000172242 devstack@neutron-api.service[103440]: DEBUG neutron.api.extensions [None req-ab11709f-a1f9-4bb5-8ecf-08910d800c20 None None] Loading extension file: tag_ports_during_bulk_creation.py {{(pid=103440) _load_all_extensions_from_path /opt/stack/neutron/neutron/api/extensions.py:449}}
May 06 10:20:48.268734 np0000172242 devstack@neutron-api.service[103438]: INFO neutron.quota.resource_registry [None req-daff2987-63e9-4e21-afb6-13f50244d5b2 None None] Creating instance of TrackedResource for resource:security_group
May 06 10:20:48.268846 np0000172242 devstack@neutron-api.service[103440]: DEBUG neutron.api.extensions [None req-ab11709f-a1f9-4bb5-8ecf-08910d800c20 None None] Ext name="Tag Ports During Bulk Creation" alias="tag-ports-during-bulk-creation" description="Allow to tag ports during bulk creation" updated="2019-12-29T19:00:00-00:00" {{(pid=103440) _check_extension /opt/stack/neutron/neutron/api/extensions.py:415}}
May 06 10:20:48.268891 np0000172242 devstack@neutron-api.service[103438]: WARNING neutron.quota.resource_registry [None req-daff2987-63e9-4e21-afb6-13f50244d5b2 None None] security_group is already registered
May 06 10:20:48.269069 np0000172242 devstack@neutron-api.service[103440]: INFO neutron.api.extensions [None req-ab11709f-a1f9-4bb5-8ecf-08910d800c20 None None] Extension tag-ports-during-bulk-creation not supported by any of loaded plugins
May 06 10:20:48.269236 np0000172242 devstack@neutron-api.service[103440]: DEBUG neutron.api.extensions [None req-ab11709f-a1f9-4bb5-8ecf-08910d800c20 None None] Loading extension file: tagging.py {{(pid=103440) _load_all_extensions_from_path /opt/stack/neutron/neutron/api/extensions.py:449}}
May 06 10:20:48.269429 np0000172242 devstack@neutron-api.service[103438]: INFO neutron.quota.resource_registry [None req-daff2987-63e9-4e21-afb6-13f50244d5b2 None None] Creating instance of TrackedResource for resource:security_group_rule
May 06 10:20:48.269695 np0000172242 devstack@neutron-api.service[103438]: WARNING neutron.quota.resource_registry [None req-daff2987-63e9-4e21-afb6-13f50244d5b2 None None] security_group_rule is already registered
May 06 10:20:48.270119 np0000172242 devstack@neutron-api.service[103440]: DEBUG neutron.api.extensions [None req-ab11709f-a1f9-4bb5-8ecf-08910d800c20 None None] Ext name="Tag support for resources with standard attribute: port, subnet, subnetpool, network, security_group, router, floatingip, policy, trunk, network_segment_range" alias="standard-attr-tag" description="Enables to set tag on resources with standard attribute." updated="2017-01-01T00:00:00-00:00" {{(pid=103440) _check_extension /opt/stack/neutron/neutron/api/extensions.py:415}}
May 06 10:20:48.270186 np0000172242 devstack@neutron-api.service[103438]: WARNING neutron.api.api_common [None req-daff2987-63e9-4e21-afb6-13f50244d5b2 None None] The plugin class neutron.db.servicetype_db.ServiceTypeManager should inherit from ``ServicePluginBase`` or ``NeutronDbPluginV2``. This class needs to be refactored. Please report a Launchpad bug in https://bugs.launchpad.net/neutron.
May 06 10:20:48.270269 np0000172242 devstack@neutron-api.service[103440]: INFO neutron.api.extensions [None req-ab11709f-a1f9-4bb5-8ecf-08910d800c20 None None] Loaded extension: standard-attr-tag
May 06 10:20:48.270363 np0000172242 devstack@neutron-api.service[103440]: DEBUG neutron.api.extensions [None req-ab11709f-a1f9-4bb5-8ecf-08910d800c20 None None] Loading extension file: timestamp.py {{(pid=103440) _load_all_extensions_from_path /opt/stack/neutron/neutron/api/extensions.py:449}}
May 06 10:20:48.270393 np0000172242 devstack@neutron-api.service[103439]: DEBUG neutron.manager [None req-dc9587c8-7a49-41cc-a049-c39edd82780a None None] Successfully loaded TAG plugin. Description: Tag support {{(pid=103439) _create_and_add_service_plugin /opt/stack/neutron/neutron/manager.py:239}}
May 06 10:20:48.270495 np0000172242 devstack@neutron-api.service[103439]: INFO neutron.manager [None req-dc9587c8-7a49-41cc-a049-c39edd82780a None None] Loading Plugin: timestamp
May 06 10:20:48.270624 np0000172242 devstack@neutron-api.service[103440]: DEBUG neutron.api.extensions [None req-ab11709f-a1f9-4bb5-8ecf-08910d800c20 None None] Ext name="Resource timestamps" alias="standard-attr-timestamp" description="Adds created_at and updated_at fields to all Neutron resources that have Neutron standard attributes." updated="2016-09-12T10:00:00-00:00" {{(pid=103440) _check_extension /opt/stack/neutron/neutron/api/extensions.py:415}}
May 06 10:20:48.270656 np0000172242 devstack@neutron-api.service[103438]: DEBUG neutron.api.v2.resource_helper [None req-daff2987-63e9-4e21-afb6-13f50244d5b2 None None] Service CORE assigned prefix: {{(pid=103438) build_resource_info /opt/stack/neutron/neutron/api/v2/resource_helper.py:77}}
May 06 10:20:48.270815 np0000172242 devstack@neutron-api.service[103440]: INFO neutron.api.extensions [None req-ab11709f-a1f9-4bb5-8ecf-08910d800c20 None None] Loaded extension: standard-attr-timestamp
May 06 10:20:48.270846 np0000172242 devstack@neutron-api.service[103438]: INFO neutron.quota.resource_registry [None req-daff2987-63e9-4e21-afb6-13f50244d5b2 None None] Creating instance of TrackedResource for resource:subnetpool
May 06 10:20:48.270909 np0000172242 devstack@neutron-api.service[103440]: DEBUG neutron.api.extensions [None req-ab11709f-a1f9-4bb5-8ecf-08910d800c20 None None] Loading extension file: trunk.py {{(pid=103440) _load_all_extensions_from_path /opt/stack/neutron/neutron/api/extensions.py:449}}
May 06 10:20:48.271068 np0000172242 devstack@neutron-api.service[103438]: WARNING neutron.quota.resource_registry [None req-daff2987-63e9-4e21-afb6-13f50244d5b2 None None] subnetpool is already registered
May 06 10:20:48.271170 np0000172242 devstack@neutron-api.service[103440]: DEBUG neutron.api.extensions [None req-ab11709f-a1f9-4bb5-8ecf-08910d800c20 None None] Ext name="Trunk Extension" alias="trunk" description="Provides support for trunk ports" updated="2016-01-01T10:00:00-00:00" {{(pid=103440) _check_extension /opt/stack/neutron/neutron/api/extensions.py:415}}
May 06 10:20:48.271345 np0000172242 devstack@neutron-api.service[103440]: INFO neutron.api.extensions [None req-ab11709f-a1f9-4bb5-8ecf-08910d800c20 None None] Extension trunk not supported by any of loaded plugins
May 06 10:20:48.271437 np0000172242 devstack@neutron-api.service[103440]: DEBUG neutron.api.extensions [None req-ab11709f-a1f9-4bb5-8ecf-08910d800c20 None None] Loading extension file: trunk_details.py {{(pid=103440) _load_all_extensions_from_path /opt/stack/neutron/neutron/api/extensions.py:449}}
May 06 10:20:48.271675 np0000172242 devstack@neutron-api.service[103440]: DEBUG neutron.api.extensions [None req-ab11709f-a1f9-4bb5-8ecf-08910d800c20 None None] Ext name="Trunk port details" alias="trunk-details" description="Expose trunk port details" updated="2016-01-01T10:00:00-00:00" {{(pid=103440) _check_extension /opt/stack/neutron/neutron/api/extensions.py:415}}
May 06 10:20:48.271709 np0000172242 devstack@neutron-api.service[103439]: DEBUG neutron.manager [None req-dc9587c8-7a49-41cc-a049-c39edd82780a None None] Successfully loaded timestamp plugin. Description: Adds timestamps to Neutron resources with standard attributes {{(pid=103439) _create_and_add_service_plugin /opt/stack/neutron/neutron/manager.py:239}}
May 06 10:20:48.271740 np0000172242 devstack@neutron-api.service[103438]: DEBUG neutron.api.extensions [None req-daff2987-63e9-4e21-afb6-13f50244d5b2 None None] Extended resource: extensions {{(pid=103438) __init__ /opt/stack/neutron/neutron/api/extensions.py:156}}
May 06 10:20:48.271809 np0000172242 devstack@neutron-api.service[103439]: INFO neutron.manager [None req-dc9587c8-7a49-41cc-a049-c39edd82780a None None] Loading Plugin: network_ip_availability
May 06 10:20:48.271927 np0000172242 devstack@neutron-api.service[103440]: INFO neutron.api.extensions [None req-ab11709f-a1f9-4bb5-8ecf-08910d800c20 None None] Extension trunk-details not supported by any of loaded plugins
May 06 10:20:48.271927 np0000172242 devstack@neutron-api.service[103440]: DEBUG neutron.api.extensions [None req-ab11709f-a1f9-4bb5-8ecf-08910d800c20 None None] Loading extension file: uplink_status_propagation.py {{(pid=103440) _load_all_extensions_from_path /opt/stack/neutron/neutron/api/extensions.py:449}}
May 06 10:20:48.272195 np0000172242 devstack@neutron-api.service[103440]: DEBUG neutron.api.extensions [None req-ab11709f-a1f9-4bb5-8ecf-08910d800c20 None None] Ext name="Uplink status propagation extension" alias="uplink-status-propagation" description="Provides ability to propagate port uplink status." updated="2018-05-31T18:00:00-00:00" {{(pid=103440) _check_extension /opt/stack/neutron/neutron/api/extensions.py:415}}
May 06 10:20:48.272390 np0000172242 devstack@neutron-api.service[103440]: INFO neutron.api.extensions [None req-ab11709f-a1f9-4bb5-8ecf-08910d800c20 None None] Extension uplink-status-propagation not supported by any of loaded plugins
May 06 10:20:48.272489 np0000172242 devstack@neutron-api.service[103440]: DEBUG neutron.api.extensions [None req-ab11709f-a1f9-4bb5-8ecf-08910d800c20 None None] Loading extension file: uplink_status_propagation_updatable.py {{(pid=103440) _load_all_extensions_from_path /opt/stack/neutron/neutron/api/extensions.py:449}}
May 06 10:20:48.272733 np0000172242 devstack@neutron-api.service[103440]: DEBUG neutron.api.extensions [None req-ab11709f-a1f9-4bb5-8ecf-08910d800c20 None None] Ext name="Uplink status propagation updatable extension" alias="uplink-status-propagation-updatable" description="Provides ability to update the port uplink status." updated="2024-09-03T18:00:00-00:00" {{(pid=103440) _check_extension /opt/stack/neutron/neutron/api/extensions.py:415}}
May 06 10:20:48.272776 np0000172242 devstack@neutron-api.service[103438]: DEBUG neutron.api.extensions [None req-daff2987-63e9-4e21-afb6-13f50244d5b2 None None] Extended resource: address-groups {{(pid=103438) __init__ /opt/stack/neutron/neutron/api/extensions.py:156}}
May 06 10:20:48.272913 np0000172242 devstack@neutron-api.service[103440]: INFO neutron.api.extensions [None req-ab11709f-a1f9-4bb5-8ecf-08910d800c20 None None] Extension uplink-status-propagation-updatable not supported by any of loaded plugins
May 06 10:20:48.273007 np0000172242 devstack@neutron-api.service[103440]: DEBUG neutron.api.extensions [None req-ab11709f-a1f9-4bb5-8ecf-08910d800c20 None None] Loading extension file: vlantransparent.py {{(pid=103440) _load_all_extensions_from_path /opt/stack/neutron/neutron/api/extensions.py:449}}
May 06 10:20:48.273290 np0000172242 devstack@neutron-api.service[103440]: DEBUG neutron.api.extensions [None req-ab11709f-a1f9-4bb5-8ecf-08910d800c20 None None] Ext name="Vlantransparent" alias="vlan-transparent" description="Provides Vlan Transparent Networks" updated="2015-03-23T09:00:00-00:00" {{(pid=103440) _check_extension /opt/stack/neutron/neutron/api/extensions.py:415}}
May 06 10:20:48.273325 np0000172242 devstack@neutron-api.service[103439]: DEBUG neutron.manager [None req-dc9587c8-7a49-41cc-a049-c39edd82780a None None] Successfully loaded network-ip-availability plugin. Description: Provides IP availability data for each network and subnet. {{(pid=103439) _create_and_add_service_plugin /opt/stack/neutron/neutron/manager.py:239}}
May 06 10:20:48.273380 np0000172242 devstack@neutron-api.service[103439]: INFO neutron.manager [None req-dc9587c8-7a49-41cc-a049-c39edd82780a None None] Loading Plugin: flavors
May 06 10:20:48.273460 np0000172242 devstack@neutron-api.service[103440]: INFO neutron.api.extensions [None req-ab11709f-a1f9-4bb5-8ecf-08910d800c20 None None] Loaded extension: vlan-transparent
May 06 10:20:48.273782 np0000172242 devstack@neutron-api.service[103438]: DEBUG neutron.api.extensions [None req-daff2987-63e9-4e21-afb6-13f50244d5b2 None None] Extended resource: address-scopes {{(pid=103438) __init__ /opt/stack/neutron/neutron/api/extensions.py:156}}
May 06 10:20:48.274392 np0000172242 devstack@neutron-api.service[103439]: DEBUG neutron.manager [None req-dc9587c8-7a49-41cc-a049-c39edd82780a None None] Successfully loaded FLAVORS plugin. Description: Neutron Flavors and Service Profiles manager plugin {{(pid=103439) _create_and_add_service_plugin /opt/stack/neutron/neutron/manager.py:239}}
May 06 10:20:48.274486 np0000172242 devstack@neutron-api.service[103439]: INFO neutron.manager [None req-dc9587c8-7a49-41cc-a049-c39edd82780a None None] Loading Plugin: revisions
May 06 10:20:48.274526 np0000172242 devstack@neutron-api.service[103438]: DEBUG neutron.api.extensions [None req-daff2987-63e9-4e21-afb6-13f50244d5b2 None None] Extended resource: agents {{(pid=103438) __init__ /opt/stack/neutron/neutron/api/extensions.py:156}}
May 06 10:20:48.275132 np0000172242 devstack@neutron-api.service[103440]: INFO neutron.quota.resource_registry [None req-ab11709f-a1f9-4bb5-8ecf-08910d800c20 None None] Creating instance of TrackedResource for resource:network
May 06 10:20:48.275372 np0000172242 devstack@neutron-api.service[103440]: INFO neutron.quota.resource_registry [None req-ab11709f-a1f9-4bb5-8ecf-08910d800c20 None None] Creating instance of TrackedResource for resource:subnet
May 06 10:20:48.275403 np0000172242 devstack@neutron-api.service[103438]: DEBUG neutron.api.extensions [None req-daff2987-63e9-4e21-afb6-13f50244d5b2 None None] Extended resource: auto-allocated-topology {{(pid=103438) __init__ /opt/stack/neutron/neutron/api/extensions.py:156}}
May 06 10:20:48.275510 np0000172242 devstack@neutron-api.service[103440]: INFO neutron.quota.resource_registry [None req-ab11709f-a1f9-4bb5-8ecf-08910d800c20 None None] Creating instance of TrackedResource for resource:subnetpool
May 06 10:20:48.275552 np0000172242 devstack@neutron-api.service[103439]: DEBUG neutron.manager [None req-dc9587c8-7a49-41cc-a049-c39edd82780a None None] Successfully loaded revision_plugin plugin. Description: Adds revision numbers to resources. {{(pid=103439) _create_and_add_service_plugin /opt/stack/neutron/neutron/manager.py:239}}
May 06 10:20:48.275628 np0000172242 devstack@neutron-api.service[103440]: INFO neutron.quota.resource_registry [None req-ab11709f-a1f9-4bb5-8ecf-08910d800c20 None None] Creating instance of TrackedResource for resource:port
May 06 10:20:48.275658 np0000172242 devstack@neutron-api.service[103439]: DEBUG oslo_concurrency.lockutils [None req-dc9587c8-7a49-41cc-a049-c39edd82780a None None] Lock "manager" "released" by "neutron.manager.NeutronManager._create_instance" :: held 4.667s {{(pid=103439) inner /opt/stack/data/venv/lib/python3.12/site-packages/oslo_concurrency/lockutils.py:538}}
May 06 10:20:48.275885 np0000172242 devstack@neutron-api.service[103439]: DEBUG neutron.api.extensions [None req-dc9587c8-7a49-41cc-a049-c39edd82780a None None] get_extension_paths = OrderedDict({'/opt/stack/neutron/neutron/extensions': 1}) {{(pid=103439) get_extensions_path /opt/stack/neutron/neutron/api/extensions.py:640}}
May 06 10:20:48.275986 np0000172242 devstack@neutron-api.service[103439]: INFO neutron.api.extensions [None req-dc9587c8-7a49-41cc-a049-c39edd82780a None None] Initializing extension manager.
May 06 10:20:48.276206 np0000172242 devstack@neutron-api.service[103439]: DEBUG neutron.api.extensions [None req-dc9587c8-7a49-41cc-a049-c39edd82780a None None] Loading extension file: __init__.py {{(pid=103439) _load_all_extensions_from_path /opt/stack/neutron/neutron/api/extensions.py:449}}
May 06 10:20:48.276238 np0000172242 devstack@neutron-api.service[103438]: DEBUG neutron.api.extensions [None req-daff2987-63e9-4e21-afb6-13f50244d5b2 None None] Extended resource: availability_zones {{(pid=103438) __init__ /opt/stack/neutron/neutron/api/extensions.py:156}}
May 06 10:20:48.276329 np0000172242 devstack@neutron-api.service[103439]: DEBUG neutron.api.extensions [None req-dc9587c8-7a49-41cc-a049-c39edd82780a None None] Loading extension file: __pycache__ {{(pid=103439) _load_all_extensions_from_path /opt/stack/neutron/neutron/api/extensions.py:449}}
May 06 10:20:48.276468 np0000172242 devstack@neutron-api.service[103439]: DEBUG neutron.api.extensions [None req-dc9587c8-7a49-41cc-a049-c39edd82780a None None] Loading extension file: address_group.py {{(pid=103439) _load_all_extensions_from_path /opt/stack/neutron/neutron/api/extensions.py:449}}
May 06 10:20:48.276764 np0000172242 devstack@neutron-api.service[103439]: DEBUG neutron.api.extensions [None req-dc9587c8-7a49-41cc-a049-c39edd82780a None None] Ext name="Address group" alias="address-group" description="Support address group" updated="2020-07-15T10:00:00-00:00" {{(pid=103439) _check_extension /opt/stack/neutron/neutron/api/extensions.py:415}}
May 06 10:20:48.277114 np0000172242 devstack@neutron-api.service[103439]: INFO neutron.api.extensions [None req-dc9587c8-7a49-41cc-a049-c39edd82780a None None] Loaded extension: address-group
