May 06 10:21:00.361598 np0000172242 devstack@neutron-api.service[103438]: DEBUG ovsdbapp.backend.ovs_idl.transaction [-] Running txn n=1 command(idx=0): CheckRevisionNumberCommand(_result=None, name=75c4e07f-f742-4ca2-8b65-20390e863577, resource={'id': '75c4e07f-f742-4ca2-8b65-20390e863577', 'name': '', 'network_id': '2afa6f2c-b510-499c-b63c-182c0fb21ec6', 'project_id': 'bfc37b1dda7549db96c9834a6aa0ef71', 'mac_address': 'fa:16:3e:3a:94:ef', 'admin_state_up': True, 'status': 'DOWN', 'device_id': 'ovnmeta-2afa6f2c-b510-499c-b63c-182c0fb21ec6', 'device_owner': 'network:distributed', 'standard_attr_id': 14, 'fixed_ips': [{'subnet_id': 'd46f6958-e749-4971-8a48-6c7e71bfac51', 'ip_address': '10.1.0.2'}], 'allowed_address_pairs': [], 'extra_dhcp_opts': [], 'security_groups': [], 'description': '', 'binding:vnic_type': 'normal', 'binding:profile': {}, 'binding:host_id': '', 'binding:vif_type': 'unbound', 'binding:vif_details': {}, 'port_security_enabled': False, 'tags': [], 'created_at': '2026-05-06T10:20:57Z', 'updated_at': '2026-05-06T10:20:59Z', 'revision_number': 2, 'tenant_id': 'bfc37b1dda7549db96c9834a6aa0ef71', 'network': {'id': '2afa6f2c-b510-499c-b63c-182c0fb21ec6', 'name': 'private', 'tenant_id': 'bfc37b1dda7549db96c9834a6aa0ef71', 'project_id': 'bfc37b1dda7549db96c9834a6aa0ef71', 'admin_state_up': True, 'mtu': 1372, 'status': 'ACTIVE', 'subnets': ['d46f6958-e749-4971-8a48-6c7e71bfac51'], 'standard_attr_id': 12, 'shared': False, 'availability_zone_hints': [], 'availability_zones': [], 'ipv4_address_scope': None, 'ipv6_address_scope': None, 'router:external': False, 'qinq': False, 'vlan_transparent': False, 'description': '', 'port_security_enabled': True, 'tags': [], 'created_at': '2026-05-06T10:20:57Z', 'updated_at': '2026-05-06T10:20:59Z', 'revision_number': 2, 'provider:network_type': 'geneve', 'provider:physical_network': None, 'provider:segmentation_id': 11892}}, resource_type=ports, if_exists=True) {{(pid=103438) do_commit /opt/stack/data/venv/lib/python3.12/site-packages/ovsdbapp/backend/ovs_idl/transaction.py:89}}
May 06 10:21:00.362503 np0000172242 devstack@neutron-api.service[103438]: DEBUG ovsdbapp.backend.ovs_idl.transaction [-] Running txn n=1 command(idx=1): AddDHCPOptionsCommand(_result=None, columns={'cidr': '10.1.0.0/26', 'options': {'server_id': '10.1.0.1', 'lease_time': '43200', 'mtu': '1372', 'router': '10.1.0.1', 'server_mac': 'fa:16:3e:d7:31:e9', 'dns_server': '{127.0.0.53}', 'classless_static_route': '{169.254.169.254/32,10.1.0.2, 0.0.0.0/0,10.1.0.1}'}, 'external_ids': {'subnet_id': 'd46f6958-e749-4971-8a48-6c7e71bfac51', 'neutron:network_id': '2afa6f2c-b510-499c-b63c-182c0fb21ec6', 'neutron:revision_number': '0'}}, may_exist=True, subnet_id=d46f6958-e749-4971-8a48-6c7e71bfac51, port_id=None, new_insert=False) {{(pid=103438) do_commit /opt/stack/data/venv/lib/python3.12/site-packages/ovsdbapp/backend/ovs_idl/transaction.py:89}}
May 06 10:21:00.362503 np0000172242 devstack@neutron-api.service[103438]: DEBUG ovsdbapp.backend.ovs_idl.transaction [-] Running txn n=1 command(idx=2): SetLSwitchPortCommand(_result=None, lport=75c4e07f-f742-4ca2-8b65-20390e863577, external_ids_update=None, columns={'external_ids': {'neutron:port_name': '', 'neutron:device_id': 'ovnmeta-2afa6f2c-b510-499c-b63c-182c0fb21ec6', 'neutron:project_id': 'bfc37b1dda7549db96c9834a6aa0ef71', 'neutron:cidrs': '10.1.0.2/26', 'neutron:device_owner': 'network:distributed', 'neutron:subnet_pool_addr_scope4': '', 'neutron:subnet_pool_addr_scope6': '', 'neutron:network_name': 'neutron-2afa6f2c-b510-499c-b63c-182c0fb21ec6', 'neutron:security_group_ids': '', 'neutron:revision_number': '2', 'neutron:vnic_type': 'normal', 'neutron:port_capabilities': '', 'neutron:mtu': ''}, 'parent_name': [], 'tag': [], 'options': {}, 'enabled': True, 'port_security': [], 'dhcpv4_options': [], 'dhcpv6_options': [], 'type': 'localport', 'addresses': ['fa:16:3e:3a:94:ef 10.1.0.2'], 'ha_chassis_group': []}, if_exists=False) {{(pid=103438) do_commit /opt/stack/data/venv/lib/python3.12/site-packages/ovsdbapp/backend/ovs_idl/transaction.py:89}}
May 06 10:21:00.362794 np0000172242 devstack@neutron-api.service[103438]: DEBUG ovsdbapp.backend.ovs_idl.transaction [-] Running txn n=1 command(idx=3): PgDelPortCommand(_result=None, port_group=neutron_pg_drop, lsp=['75c4e07f-f742-4ca2-8b65-20390e863577'], if_exists=False) {{(pid=103438) do_commit /opt/stack/data/venv/lib/python3.12/site-packages/ovsdbapp/backend/ovs_idl/transaction.py:89}}
May 06 10:21:00.371158 np0000172242 devstack@neutron-api.service[103437]: DEBUG neutron.plugins.ml2.drivers.ovn.mech_driver.ovsdb.ovsdb_monitor [-] Hash Ring: Node 37a1c34066fb562f8daafb756e9bf558 (host: np0000172242) handling event "update" for row 9431e589-d1a7-4813-b4a9-456140804ec8 (table: Port_Binding) {{(pid=103437) notify /opt/stack/neutron/neutron/plugins/ml2/drivers/ovn/mech_driver/ovsdb/ovsdb_monitor.py:942}}
May 06 10:21:00.372003 np0000172242 devstack@neutron-api.service[103440]: DEBUG neutron.plugins.ml2.drivers.ovn.mech_driver.ovsdb.ovsdb_monitor [-] Hash Ring: Node b9dfe487083d53138e99cd117e7d02ca (host: np0000172242) handling event "update" for row 9431e589-d1a7-4813-b4a9-456140804ec8 (table: Port_Binding) {{(pid=103440) notify /opt/stack/neutron/neutron/plugins/ml2/drivers/ovn/mech_driver/ovsdb/ovsdb_monitor.py:942}}
May 06 10:21:00.373173 np0000172242 devstack@neutron-api.service[103440]: DEBUG neutron.plugins.ml2.drivers.ovn.mech_driver.ovsdb.ovsdb_monitor [-] Hash Ring: Node b9dfe487083d53138e99cd117e7d02ca (host: np0000172242) handling event "update" for row a7f9c7a8-bcb4-4761-b816-65e68ac3e39c (table: Logical_Switch_Port) {{(pid=103440) notify /opt/stack/neutron/neutron/plugins/ml2/drivers/ovn/mech_driver/ovsdb/ovsdb_monitor.py:942}}
May 06 10:21:00.374673 np0000172242 devstack@neutron-api.service[103437]: DEBUG neutron.plugins.ml2.drivers.ovn.mech_driver.ovsdb.ovsdb_monitor [-] Hash Ring: Node 37a1c34066fb562f8daafb756e9bf558 (host: np0000172242) handling event "create" for row f3817e47-97f8-4018-a35c-c586fb11e768 (table: DHCP_Options) {{(pid=103437) notify /opt/stack/neutron/neutron/plugins/ml2/drivers/ovn/mech_driver/ovsdb/ovsdb_monitor.py:942}}
May 06 10:21:00.374800 np0000172242 devstack@neutron-api.service[103437]: DEBUG neutron.plugins.ml2.drivers.ovn.mech_driver.ovsdb.ovsdb_monitor [-] Hash Ring: Node 37a1c34066fb562f8daafb756e9bf558 (host: np0000172242) handling event "update" for row a7f9c7a8-bcb4-4761-b816-65e68ac3e39c (table: Logical_Switch_Port) {{(pid=103437) notify /opt/stack/neutron/neutron/plugins/ml2/drivers/ovn/mech_driver/ovsdb/ovsdb_monitor.py:942}}
May 06 10:21:00.402108 np0000172242 devstack@neutron-api.service[103438]: INFO neutron.db.ovn_revision_numbers_db [None req-358c2fb4-d0d0-41c7-b021-649b8370eaea admin admin] Successfully bumped revision number for resource 75c4e07f-f742-4ca2-8b65-20390e863577 (type: ports) to 2
May 06 10:21:00.415705 np0000172242 devstack@neutron-api.service[103438]: DEBUG neutron.plugins.ml2.plugin [None req-358c2fb4-d0d0-41c7-b021-649b8370eaea admin admin] In _notify_port_updated(), no bound segment for port 75c4e07f-f742-4ca2-8b65-20390e863577 on network 2afa6f2c-b510-499c-b63c-182c0fb21ec6 {{(pid=103438) _notify_port_updated /opt/stack/neutron/neutron/plugins/ml2/plugin.py:1032}}
May 06 10:21:00.448367 np0000172242 devstack@neutron-api.service[103438]: INFO neutron.db.ovn_revision_numbers_db [None req-358c2fb4-d0d0-41c7-b021-649b8370eaea admin admin] Successfully bumped revision number for resource d46f6958-e749-4971-8a48-6c7e71bfac51 (type: subnets) to 0
May 06 10:21:00.450711 np0000172242 devstack@neutron-api.service[103438]: DEBUG neutron.pecan_wsgi.hooks.policy_enforcement [None req-358c2fb4-d0d0-41c7-b021-649b8370eaea admin admin] Attributes excluded by policy engine: ['standard_attr_id', 'shared', 'network'] {{(pid=103438) _exclude_attributes_by_policy /opt/stack/neutron/neutron/pecan_wsgi/hooks/policy_enforcement.py:256}}
May 06 10:21:00.451423 np0000172242 devstack@neutron-api.service[103438]: DEBUG neutron_lib.callbacks.manager [None req-358c2fb4-d0d0-41c7-b021-649b8370eaea admin admin] Publish callbacks [] for subnet (None), before_response {{(pid=103438) _notify_loop /opt/stack/data/venv/lib/python3.12/site-packages/neutron_lib/callbacks/manager.py:184}}
May 06 10:21:00.465333 np0000172242 devstack@neutron-api.service[103438]: [pid: 103438|app: 0|req: 2/8] 199.204.45.240 () {68 vars in 1355 bytes} [Wed May 6 10:20:59 2026] POST /networking/v2.0/subnets => generated 666 bytes in 1238 msecs (HTTP/1.1 201) 4 headers in 162 bytes (1 switches on core 0)
May 06 10:21:00.978378 np0000172242 devstack@neutron-api.service[103439]: DEBUG neutron.pecan_wsgi.hooks.policy_enforcement [None req-8a98412f-ebc0-41ea-881d-236c09b115d7 admin admin] Attributes excluded by policy engine: ['standard_attr_id'] {{(pid=103439) _exclude_attributes_by_policy /opt/stack/neutron/neutron/pecan_wsgi/hooks/policy_enforcement.py:256}}
May 06 10:21:00.978930 np0000172242 devstack@neutron-api.service[103439]: [pid: 103439|app: 0|req: 2/9] 199.204.45.240 () {64 vars in 1415 bytes} [Wed May 6 10:21:00 2026] GET /networking/v2.0/networks/2afa6f2c-b510-499c-b63c-182c0fb21ec6 => generated 700 bytes in 48 msecs (HTTP/1.1 200) 4 headers in 157 bytes (1 switches on core 0)
May 06 10:21:00.993901 np0000172242 devstack@neutron-api.service[103437]: DEBUG neutron.api.wsgi [None req-3ec0535d-33dd-402b-91fd-7f9b1078137a admin admin] Missing Content-Type {{(pid=103437) get_content_type /opt/stack/neutron/neutron/api/wsgi.py:80}}
May 06 10:21:01.008284 np0000172242 devstack@neutron-api.service[103437]: [pid: 103437|app: 0|req: 4/10] 199.204.45.240 () {64 vars in 1424 bytes} [Wed May 6 10:21:00 2026] GET /networking/v2.0/subnetpools/05e1b972-ee3a-443f-94f4-41c1b40541ea => generated 543 bytes in 17 msecs (HTTP/1.1 200) 4 headers in 157 bytes (1 switches on core 0)
May 06 10:21:01.026698 np0000172242 devstack@neutron-api.service[103440]: DEBUG neutron.api.v2.base [None req-f1c0cfa6-0136-4ec3-a923-0292361cd55d admin admin] Request body: {'subnet': {'ip_version': 6, 'name': 'ipv6-private-subnet', 'ipv6_ra_mode': 'slaac', 'ipv6_address_mode': 'slaac', 'network_id': '2afa6f2c-b510-499c-b63c-182c0fb21ec6', 'subnetpool_id': '05e1b972-ee3a-443f-94f4-41c1b40541ea'}} {{(pid=103440) prepare_request_body /opt/stack/neutron/neutron/api/v2/base.py:727}}
May 06 10:21:01.045284 np0000172242 devstack@neutron-api.service[103440]: DEBUG neutron.pecan_wsgi.hooks.quota_enforcement [None req-f1c0cfa6-0136-4ec3-a923-0292361cd55d admin admin] Made reservation on behalf of bfc37b1dda7549db96c9834a6aa0ef71 for: {'subnet': 1} {{(pid=103440) before /opt/stack/neutron/neutron/pecan_wsgi/hooks/quota_enforcement.py:66}}
May 06 10:21:01.049567 np0000172242 devstack@neutron-api.service[103440]: DEBUG neutron_lib.callbacks.manager [None req-f1c0cfa6-0136-4ec3-a923-0292361cd55d admin admin] Publish callbacks [] for subnet (None), before_create {{(pid=103440) _notify_loop /opt/stack/data/venv/lib/python3.12/site-packages/neutron_lib/callbacks/manager.py:184}}
May 06 10:21:01.282150 np0000172242 devstack@neutron-api.service[103440]: DEBUG neutron.db.ovn_revision_numbers_db [None req-f1c0cfa6-0136-4ec3-a923-0292361cd55d admin admin] create_initial_revision uuid=19406760-8b60-4767-a258-af28a8656d2a, type=subnets, rev=-1 {{(pid=103440) create_initial_revision /opt/stack/neutron/neutron/db/ovn_revision_numbers_db.py:98}}
May 06 10:21:01.365562 np0000172242 devstack@neutron-api.service[103440]: DEBUG neutron.objects.ports [None req-f1c0cfa6-0136-4ec3-a923-0292361cd55d admin admin] Time-cost: Fetching 1 ports in 0 security groups {{(pid=103440) get_objects /opt/stack/neutron/neutron/objects/ports.py:494}}
May 06 10:21:01.725699 np0000172242 devstack@neutron-api.service[103440]: DEBUG neutron_lib.callbacks.manager [None req-f1c0cfa6-0136-4ec3-a923-0292361cd55d admin admin] Publish callbacks ['neutron.plugins.ml2.plugin.SecurityGroupDbMixin._ensure_default_security_group_handler-2771906', 'neutron.services.ovn_l3.plugin.OVNL3RouterPlugin._port_update-8362295670754', 'neutron.db.l3_db.L3_NAT_dbonly_mixin._prevent_internal_ip_change_for_fip-8362297528624'] for port (75c4e07f-f742-4ca2-8b65-20390e863577), before_update {{(pid=103440) _notify_loop /opt/stack/data/venv/lib/python3.12/site-packages/neutron_lib/callbacks/manager.py:184}}
May 06 10:21:01.940644 np0000172242 devstack@neutron-api.service[103440]: DEBUG neutron_lib.callbacks.manager [None req-f1c0cfa6-0136-4ec3-a923-0292361cd55d admin admin] Publish callbacks [] for port (75c4e07f-f742-4ca2-8b65-20390e863577), precommit_update {{(pid=103440) _notify_loop /opt/stack/data/venv/lib/python3.12/site-packages/neutron_lib/callbacks/manager.py:184}}
May 06 10:21:01.940901 np0000172242 devstack@neutron-api.service[103440]: DEBUG neutron.plugins.ml2.drivers.ovn.mech_driver.mech_driver [None req-f1c0cfa6-0136-4ec3-a923-0292361cd55d admin admin] No provisioning block for port 75c4e07f-f742-4ca2-8b65-20390e863577 since it does not have a host {{(pid=103440) _is_port_provisioning_required /opt/stack/neutron/neutron/plugins/ml2/drivers/ovn/mech_driver/mech_driver.py:894}}
May 06 10:21:01.942192 np0000172242 devstack@neutron-api.service[103440]: DEBUG neutron_lib.callbacks.manager [None req-f1c0cfa6-0136-4ec3-a923-0292361cd55d admin admin] Publish callbacks ['neutron.plugins.ml2.ovo_rpc._ObjectChangeHandler.handle_event-6399165', 'neutron.db.l3_db.L3RpcNotifierMixin._notify_gateway_port_ip_changed-8362297533350', 'neutron.services.ovn_l3.plugin.OVNL3RouterPlugin._port_update-8362295670754'] for port (75c4e07f-f742-4ca2-8b65-20390e863577), after_update {{(pid=103440) _notify_loop /opt/stack/data/venv/lib/python3.12/site-packages/neutron_lib/callbacks/manager.py:184}}
May 06 10:21:01.993659 np0000172242 devstack@neutron-api.service[103440]: DEBUG neutron.api.rpc.handlers.resources_rpc [None req-f1c0cfa6-0136-4ec3-a923-0292361cd55d admin admin] Pushing event updated for resources: {'Port': ['ID=75c4e07f-f742-4ca2-8b65-20390e863577,revision_number=3']} {{(pid=103440) push /opt/stack/neutron/neutron/api/rpc/handlers/resources_rpc.py:237}}
May 06 10:21:02.001375 np0000172242 devstack@neutron-api.service[103440]: DEBUG neutron.api.rpc.callbacks.version_manager [None req-f1c0cfa6-0136-4ec3-a923-0292361cd55d admin admin] Tracked resource versions report:
May 06 10:21:02.001375 np0000172242 devstack@neutron-api.service[103440]: pushed versions:
May 06 10:21:02.001375 np0000172242 devstack@neutron-api.service[103440]: { 'AddressGroup': {'1.2'},
May 06 10:21:02.001375 np0000172242 devstack@neutron-api.service[103440]: 'Agent': {'1.1'},
May 06 10:21:02.001375 np0000172242 devstack@neutron-api.service[103440]: 'ConntrackHelper': {'1.0'},
May 06 10:21:02.001375 np0000172242 devstack@neutron-api.service[103440]: 'LocalIPAssociation': {'1.0'},
May 06 10:21:02.001375 np0000172242 devstack@neutron-api.service[103440]: 'Log': {'1.0'},
May 06 10:21:02.001375 np0000172242 devstack@neutron-api.service[103440]: 'NDPProxy': {'1.0'},
May 06 10:21:02.001375 np0000172242 devstack@neutron-api.service[103440]: 'Network': {'1.2'},
May 06 10:21:02.001375 np0000172242 devstack@neutron-api.service[103440]: 'Port': {'1.10'},
May 06 10:21:02.001375 np0000172242 devstack@neutron-api.service[103440]: 'PortForwarding': {'1.3'},
May 06 10:21:02.001375 np0000172242 devstack@neutron-api.service[103440]: 'QosPolicy': {'1.10'},
May 06 10:21:02.001375 np0000172242 devstack@neutron-api.service[103440]: 'SecurityGroup': {'1.6'},
May 06 10:21:02.001375 np0000172242 devstack@neutron-api.service[103440]: 'SecurityGroupRule': {'1.3'},
May 06 10:21:02.001375 np0000172242 devstack@neutron-api.service[103440]: 'SubPort': {'1.0'},
May 06 10:21:02.001375 np0000172242 devstack@neutron-api.service[103440]: 'Subnet': {'1.2'},
May 06 10:21:02.001375 np0000172242 devstack@neutron-api.service[103440]: 'Trunk': {'1.1'}}
May 06 10:21:02.001375 np0000172242 devstack@neutron-api.service[103440]: consumer versions:
May 06 10:21:02.001375 np0000172242 devstack@neutron-api.service[103440]: { OVN Controller Gateway agent@np0000172242: {},
May 06 10:21:02.001375 np0000172242 devstack@neutron-api.service[103440]: OVN Neutron agent@np0000172242: {}}
May 06 10:21:02.001375 np0000172242 devstack@neutron-api.service[103440]: {{(pid=103440) report /opt/stack/neutron/neutron/api/rpc/callbacks/version_manager.py:183}}
May 06 10:21:02.243397 np0000172242 devstack@neutron-api.service[103440]: DEBUG ovsdbapp.backend.ovs_idl.transaction [-] Running txn n=1 command(idx=0): CheckRevisionNumberCommand(_result=None, name=75c4e07f-f742-4ca2-8b65-20390e863577, resource={'id': '75c4e07f-f742-4ca2-8b65-20390e863577', 'name': '', 'network_id': '2afa6f2c-b510-499c-b63c-182c0fb21ec6', 'project_id': 'bfc37b1dda7549db96c9834a6aa0ef71', 'mac_address': 'fa:16:3e:3a:94:ef', 'admin_state_up': True, 'status': 'DOWN', 'device_id': 'ovnmeta-2afa6f2c-b510-499c-b63c-182c0fb21ec6', 'device_owner': 'network:distributed', 'standard_attr_id': 14, 'fixed_ips': [{'subnet_id': 'd46f6958-e749-4971-8a48-6c7e71bfac51', 'ip_address': '10.1.0.2'}, {'subnet_id': '19406760-8b60-4767-a258-af28a8656d2a', 'ip_address': 'fdb2:d879:1a15:0:f816:3eff:fe3a:94ef'}], 'allowed_address_pairs': [], 'extra_dhcp_opts': [], 'security_groups': [], 'description': '', 'binding:vnic_type': 'normal', 'binding:profile': {}, 'binding:host_id': '', 'binding:vif_type': 'unbound', 'binding:vif_details': {}, 'port_security_enabled': False, 'tags': [], 'created_at': '2026-05-06T10:20:57Z', 'updated_at': '2026-05-06T10:21:01Z', 'revision_number': 3, 'tenant_id': 'bfc37b1dda7549db96c9834a6aa0ef71', 'network': {'id': '2afa6f2c-b510-499c-b63c-182c0fb21ec6', 'name': 'private', 'tenant_id': 'bfc37b1dda7549db96c9834a6aa0ef71', 'project_id': 'bfc37b1dda7549db96c9834a6aa0ef71', 'admin_state_up': True, 'mtu': 1372, 'status': 'ACTIVE', 'subnets': ['19406760-8b60-4767-a258-af28a8656d2a', 'd46f6958-e749-4971-8a48-6c7e71bfac51'], 'standard_attr_id': 12, 'shared': False, 'availability_zone_hints': [], 'availability_zones': [], 'ipv4_address_scope': None, 'ipv6_address_scope': None, 'router:external': False, 'qinq': False, 'vlan_transparent': False, 'description': '', 'port_security_enabled': True, 'tags': [], 'created_at': '2026-05-06T10:20:57Z', 'updated_at': '2026-05-06T10:21:01Z', 'revision_number': 3, 'provider:network_type': 'geneve', 'provider:physical_network': None, 'provider:segmentation_id': 11892}}, resource_type=ports, if_exists=True) {{(pid=103440) do_commit /opt/stack/data/venv/lib/python3.12/site-packages/ovsdbapp/backend/ovs_idl/transaction.py:89}}
May 06 10:21:02.244175 np0000172242 devstack@neutron-api.service[103440]: DEBUG ovsdbapp.backend.ovs_idl.transaction [-] Running txn n=1 command(idx=1): SetLSwitchPortCommand(_result=None, lport=75c4e07f-f742-4ca2-8b65-20390e863577, external_ids_update=None, columns={'external_ids': {'neutron:port_name': '', 'neutron:device_id': 'ovnmeta-2afa6f2c-b510-499c-b63c-182c0fb21ec6', 'neutron:project_id': 'bfc37b1dda7549db96c9834a6aa0ef71', 'neutron:cidrs': '10.1.0.2/26 fdb2:d879:1a15:0:f816:3eff:fe3a:94ef/64', 'neutron:device_owner': 'network:distributed', 'neutron:subnet_pool_addr_scope4': '', 'neutron:subnet_pool_addr_scope6': '', 'neutron:network_name': 'neutron-2afa6f2c-b510-499c-b63c-182c0fb21ec6', 'neutron:security_group_ids': '', 'neutron:revision_number': '3', 'neutron:vnic_type': 'normal', 'neutron:port_capabilities': '', 'neutron:mtu': ''}, 'parent_name': [], 'tag': [], 'options': {}, 'enabled': True, 'port_security': [], 'dhcpv4_options': [], 'dhcpv6_options': [], 'type': 'localport', 'addresses': ['fa:16:3e:3a:94:ef 10.1.0.2 fdb2:d879:1a15:0:f816:3eff:fe3a:94ef'], 'ha_chassis_group': []}, if_exists=False) {{(pid=103440) do_commit /opt/stack/data/venv/lib/python3.12/site-packages/ovsdbapp/backend/ovs_idl/transaction.py:89}}
May 06 10:21:02.245645 np0000172242 devstack@neutron-api.service[103440]: DEBUG ovsdbapp.backend.ovs_idl.transaction [-] Running txn n=1 command(idx=2): PgDelPortCommand(_result=None, port_group=neutron_pg_drop, lsp=['75c4e07f-f742-4ca2-8b65-20390e863577'], if_exists=False) {{(pid=103440) do_commit /opt/stack/data/venv/lib/python3.12/site-packages/ovsdbapp/backend/ovs_idl/transaction.py:89}}
May 06 10:21:02.252135 np0000172242 devstack@neutron-api.service[103440]: DEBUG neutron.plugins.ml2.drivers.ovn.mech_driver.ovsdb.ovsdb_monitor [-] Hash Ring: Node b9dfe487083d53138e99cd117e7d02ca (host: np0000172242) handling event "update" for row a7f9c7a8-bcb4-4761-b816-65e68ac3e39c (table: Logical_Switch_Port) {{(pid=103440) notify /opt/stack/neutron/neutron/plugins/ml2/drivers/ovn/mech_driver/ovsdb/ovsdb_monitor.py:942}}
May 06 10:21:02.252448 np0000172242 devstack@neutron-api.service[103437]: DEBUG neutron.plugins.ml2.drivers.ovn.mech_driver.ovsdb.ovsdb_monitor [-] Hash Ring: Node 37a1c34066fb562f8daafb756e9bf558 (host: np0000172242) handling event "update" for row a7f9c7a8-bcb4-4761-b816-65e68ac3e39c (table: Logical_Switch_Port) {{(pid=103437) notify /opt/stack/neutron/neutron/plugins/ml2/drivers/ovn/mech_driver/ovsdb/ovsdb_monitor.py:942}}
May 06 10:21:02.253004 np0000172242 devstack@neutron-api.service[103437]: DEBUG neutron.plugins.ml2.drivers.ovn.mech_driver.ovsdb.ovsdb_monitor [-] Hash Ring: Node 37a1c34066fb562f8daafb756e9bf558 (host: np0000172242) handling event "update" for row 9431e589-d1a7-4813-b4a9-456140804ec8 (table: Port_Binding) {{(pid=103437) notify /opt/stack/neutron/neutron/plugins/ml2/drivers/ovn/mech_driver/ovsdb/ovsdb_monitor.py:942}}
May 06 10:21:02.253730 np0000172242 devstack@neutron-api.service[103440]: DEBUG neutron.plugins.ml2.drivers.ovn.mech_driver.ovsdb.ovsdb_monitor [-] Hash Ring: Node b9dfe487083d53138e99cd117e7d02ca (host: np0000172242) handling event "update" for row 9431e589-d1a7-4813-b4a9-456140804ec8 (table: Port_Binding) {{(pid=103440) notify /opt/stack/neutron/neutron/plugins/ml2/drivers/ovn/mech_driver/ovsdb/ovsdb_monitor.py:942}}
May 06 10:21:02.292430 np0000172242 devstack@neutron-api.service[103440]: INFO neutron.db.ovn_revision_numbers_db [None req-f1c0cfa6-0136-4ec3-a923-0292361cd55d admin admin] Successfully bumped revision number for resource 75c4e07f-f742-4ca2-8b65-20390e863577 (type: ports) to 3
May 06 10:21:02.303965 np0000172242 devstack@neutron-api.service[103440]: DEBUG neutron_lib.callbacks.manager [None req-f1c0cfa6-0136-4ec3-a923-0292361cd55d admin admin] Publish callbacks ['neutron.plugins.ml2.ovo_rpc._ObjectChangeHandler.handle_event-6399385'] for subnet (19406760-8b60-4767-a258-af28a8656d2a), after_create {{(pid=103440) _notify_loop /opt/stack/data/venv/lib/python3.12/site-packages/neutron_lib/callbacks/manager.py:184}}
May 06 10:21:02.318883 np0000172242 devstack@neutron-api.service[103440]: DEBUG neutron.api.rpc.handlers.resources_rpc [None req-f1c0cfa6-0136-4ec3-a923-0292361cd55d admin admin] Pushing event updated for resources: {'Subnet': ['ID=19406760-8b60-4767-a258-af28a8656d2a,revision_number=0']} {{(pid=103440) push /opt/stack/neutron/neutron/api/rpc/handlers/resources_rpc.py:237}}
May 06 10:21:02.354769 np0000172242 devstack@neutron-api.service[103440]: INFO neutron.db.ovn_revision_numbers_db [None req-f1c0cfa6-0136-4ec3-a923-0292361cd55d admin admin] Successfully bumped revision number for resource 19406760-8b60-4767-a258-af28a8656d2a (type: subnets) to 0
May 06 10:21:02.356205 np0000172242 devstack@neutron-api.service[103440]: DEBUG neutron.pecan_wsgi.hooks.policy_enforcement [None req-f1c0cfa6-0136-4ec3-a923-0292361cd55d admin admin] Attributes excluded by policy engine: ['standard_attr_id', 'shared', 'network'] {{(pid=103440) _exclude_attributes_by_policy /opt/stack/neutron/neutron/pecan_wsgi/hooks/policy_enforcement.py:256}}
May 06 10:21:02.356542 np0000172242 devstack@neutron-api.service[103440]: DEBUG neutron_lib.callbacks.manager [None req-f1c0cfa6-0136-4ec3-a923-0292361cd55d admin admin] Publish callbacks [] for subnet (None), before_response {{(pid=103440) _notify_loop /opt/stack/data/venv/lib/python3.12/site-packages/neutron_lib/callbacks/manager.py:184}}
May 06 10:21:02.367725 np0000172242 devstack@neutron-api.service[103440]: [pid: 103440|app: 0|req: 3/11] 199.204.45.240 () {68 vars in 1355 bytes} [Wed May 6 10:21:01 2026] POST /networking/v2.0/subnets => generated 730 bytes in 1346 msecs (HTTP/1.1 201) 4 headers in 162 bytes (1 switches on core 0)
May 06 10:21:02.628223 np0000172242 devstack@neutron-api.service[103437]: DEBUG futurist.periodics [-] Submitting periodic callback 'neutron.plugins.ml2.drivers.ovn.mech_driver.ovsdb.maintenance.HashRingHealthCheckPeriodics.touch_hash_ring_node' {{(pid=103437) _process_scheduled /opt/stack/data/venv/lib/python3.12/site-packages/futurist/periodics.py:784}}
May 06 10:21:02.630617 np0000172242 devstack@neutron-api.service[103437]: DEBUG neutron.plugins.ml2.drivers.ovn.mech_driver.ovsdb.maintenance [-] Touching Hash Ring node "37a1c34066fb562f8daafb756e9bf558" from periodic health check thread {{(pid=103437) touch_hash_ring_node /opt/stack/neutron/neutron/plugins/ml2/drivers/ovn/mech_driver/ovsdb/maintenance.py:1466}}
May 06 10:21:02.722505 np0000172242 devstack@neutron-api.service[103438]: DEBUG neutron.api.wsgi [None req-5c3bf81f-9d6d-4345-9fc5-7a215121603f admin admin] Missing Content-Type {{(pid=103438) get_content_type /opt/stack/neutron/neutron/api/wsgi.py:80}}
May 06 10:21:02.723470 np0000172242 devstack@neutron-api.service[103438]: DEBUG neutron.api.wsgi [None req-5c3bf81f-9d6d-4345-9fc5-7a215121603f admin admin] https://199.204.45.240/networking/v2.0/extensions returned with HTTP 200 {{(pid=103438) __call__ /opt/stack/neutron/neutron/api/wsgi.py:540}}
May 06 10:21:02.724248 np0000172242 devstack@neutron-api.service[103438]: [pid: 103438|app: 0|req: 3/12] 199.204.45.240 () {64 vars in 1323 bytes} [Wed May 6 10:21:02 2026] GET /networking/v2.0/extensions => generated 15209 bytes in 8 msecs (HTTP/1.1 200) 4 headers in 159 bytes (1 switches on core 0)
May 06 10:21:03.023914 np0000172242 devstack@neutron-api.service[103439]: DEBUG neutron.api.wsgi [None req-2823fc60-24b9-47c6-b622-7f26fa0579b2 admin admin] Missing Content-Type {{(pid=103439) get_content_type /opt/stack/neutron/neutron/api/wsgi.py:80}}
May 06 10:21:03.024593 np0000172242 devstack@neutron-api.service[103439]: DEBUG neutron.api.wsgi [None req-2823fc60-24b9-47c6-b622-7f26fa0579b2 admin admin] https://199.204.45.240/networking/v2.0/extensions returned with HTTP 200 {{(pid=103439) __call__ /opt/stack/neutron/neutron/api/wsgi.py:540}}
May 06 10:21:03.024994 np0000172242 devstack@neutron-api.service[103439]: [pid: 103439|app: 0|req: 3/13] 199.204.45.240 () {64 vars in 1323 bytes} [Wed May 6 10:21:03 2026] GET /networking/v2.0/extensions => generated 15209 bytes in 7 msecs (HTTP/1.1 200) 4 headers in 159 bytes (1 switches on core 0)
May 06 10:21:03.310326 np0000172242 devstack@neutron-api.service[103437]: DEBUG neutron.api.v2.base [None req-bf6d9ac9-b866-4563-8b51-6582549cca7e admin admin] Request body: {'router': {'name': 'router1', 'admin_state_up': True}} {{(pid=103437) prepare_request_body /opt/stack/neutron/neutron/api/v2/base.py:727}}
May 06 10:21:03.333504 np0000172242 devstack@neutron-api.service[103437]: DEBUG neutron_lib.callbacks.manager [None req-bf6d9ac9-b866-4563-8b51-6582549cca7e admin admin] Publish callbacks ['neutron.services.ovn_l3.service_providers.driver_controller.DriverController._check_router_request-29705'] for router (32729c0f-3752-4888-93fe-fd7d65d2ecbf), before_create {{(pid=103437) _notify_loop /opt/stack/data/venv/lib/python3.12/site-packages/neutron_lib/callbacks/manager.py:184}}
May 06 10:21:03.334323 np0000172242 devstack@neutron-api.service[103437]: DEBUG neutron_lib.callbacks.manager [None req-bf6d9ac9-b866-4563-8b51-6582549cca7e admin admin] Publish callbacks ['neutron.services.ovn_l3.service_providers.ovn.OVN_L3_HA_db_mixin._precommit_router_create-238477', 'neutron.services.ovn_l3.plugin.RouterAvailabilityZoneMixin._process_az_request-7591723', 'neutron.services.ovn_l3.plugin.ExtraGatewaysDbOnlyMixin._process_bfd_ecmp_create-1789593', 'neutron.services.ovn_l3.service_providers.ovn.OvnDriver._process_router_create_precommit-237585', 'neutron.services.ovn_l3.service_providers.driver_controller.DriverController._set_router_provider-29823'] for router (32729c0f-3752-4888-93fe-fd7d65d2ecbf), precommit_create {{(pid=103437) _notify_loop /opt/stack/data/venv/lib/python3.12/site-packages/neutron_lib/callbacks/manager.py:184}}
May 06 10:21:03.361507 np0000172242 devstack@neutron-api.service[103437]: DEBUG neutron.db.ovn_revision_numbers_db [None req-bf6d9ac9-b866-4563-8b51-6582549cca7e admin admin] create_initial_revision uuid=32729c0f-3752-4888-93fe-fd7d65d2ecbf, type=routers, rev=-1 {{(pid=103437) create_initial_revision /opt/stack/neutron/neutron/db/ovn_revision_numbers_db.py:98}}
May 06 10:21:03.392467 np0000172242 devstack@neutron-api.service[103438]: DEBUG futurist.periodics [-] Submitting periodic callback 'neutron.plugins.ml2.drivers.ovn.mech_driver.ovsdb.maintenance.HashRingHealthCheckPeriodics.touch_hash_ring_node' {{(pid=103438) _process_scheduled /opt/stack/data/venv/lib/python3.12/site-packages/futurist/periodics.py:784}}
May 06 10:21:03.393554 np0000172242 devstack@neutron-api.service[103438]: DEBUG neutron.plugins.ml2.drivers.ovn.mech_driver.ovsdb.maintenance [-] Touching Hash Ring node "a6172bbc0a1b587a95b88626bbf34be0" from periodic health check thread {{(pid=103438) touch_hash_ring_node /opt/stack/neutron/neutron/plugins/ml2/drivers/ovn/mech_driver/ovsdb/maintenance.py:1466}}
May 06 10:21:03.445722 np0000172242 devstack@neutron-api.service[103437]: DEBUG neutron_lib.callbacks.manager [None req-bf6d9ac9-b866-4563-8b51-6582549cca7e admin admin] Publish callbacks [] for router_controller (32729c0f-3752-4888-93fe-fd7d65d2ecbf), precommit_add_association {{(pid=103437) _notify_loop /opt/stack/data/venv/lib/python3.12/site-packages/neutron_lib/callbacks/manager.py:184}}
May 06 10:21:03.452489 np0000172242 devstack@neutron-api.service[103437]: DEBUG neutron_lib.callbacks.manager [None req-bf6d9ac9-b866-4563-8b51-6582549cca7e admin admin] Publish callbacks ['neutron.services.ovn_l3.service_providers.ovn.OvnDriver._process_router_create-237749'] for router (32729c0f-3752-4888-93fe-fd7d65d2ecbf), after_create {{(pid=103437) _notify_loop /opt/stack/data/venv/lib/python3.12/site-packages/neutron_lib/callbacks/manager.py:184}}
May 06 10:21:03.452676 np0000172242 devstack@neutron-api.service[103437]: INFO neutron.plugins.ml2.drivers.ovn.mech_driver.ovsdb.extensions.qos [None req-bf6d9ac9-b866-4563-8b51-6582549cca7e admin admin] Starting OVNClientQosExtension
May 06 10:21:03.453097 np0000172242 devstack@neutron-api.service[103437]: DEBUG neutron.plugins.ml2.drivers.ovn.mech_driver.ovsdb.extensions.qos [None req-bf6d9ac9-b866-4563-8b51-6582549cca7e admin admin] Router 32729c0f-3752-4888-93fe-fd7d65d2ecbf does not have ID or gateway assigned {{(pid=103437) update_router /opt/stack/neutron/neutron/plugins/ml2/drivers/ovn/mech_driver/ovsdb/extensions/qos.py:527}}
May 06 10:21:03.453870 np0000172242 devstack@neutron-api.service[103437]: DEBUG ovsdbapp.backend.ovs_idl.transaction [-] Running txn n=1 command(idx=0): LrAddCommand(_result=None, router=neutron-32729c0f-3752-4888-93fe-fd7d65d2ecbf, may_exist=True, columns={'external_ids': {'neutron:router_name': 'router1', 'neutron:revision_number': '1', 'neutron:availability_zone_hints': ''}, 'enabled': True, 'options': {'always_learn_from_arp_request': 'false', 'dynamic_neigh_routers': 'true', 'mac_binding_age_threshold': '300'}}) {{(pid=103437) do_commit /opt/stack/data/venv/lib/python3.12/site-packages/ovsdbapp/backend/ovs_idl/transaction.py:89}}
May 06 10:21:03.459853 np0000172242 devstack@neutron-api.service[103440]: DEBUG neutron.plugins.ml2.drivers.ovn.mech_driver.ovsdb.ovsdb_monitor [-] Hash Ring: Node b9dfe487083d53138e99cd117e7d02ca (host: np0000172242) handling event "create" for row adeeeb4c-a19e-4a5e-a426-3aa201c91970 (table: Logical_Router) {{(pid=103440) notify /opt/stack/neutron/neutron/plugins/ml2/drivers/ovn/mech_driver/ovsdb/ovsdb_monitor.py:942}}
May 06 10:21:03.460478 np0000172242 devstack@neutron-api.service[103437]: DEBUG neutron.plugins.ml2.drivers.ovn.mech_driver.ovsdb.ovsdb_monitor [None req-6c7fd0e4-3074-45d8-90db-b29ceeaea27b None None] Touching Hash Ring node "37a1c34066fb562f8daafb756e9bf558" from IDL notify handler {{(pid=103437) notify /opt/stack/neutron/neutron/plugins/ml2/drivers/ovn/mech_driver/ovsdb/ovsdb_monitor.py:934}}
May 06 10:21:03.465641 np0000172242 devstack@neutron-api.service[103437]: DEBUG neutron.plugins.ml2.drivers.ovn.mech_driver.ovsdb.ovsdb_monitor [None req-6c7fd0e4-3074-45d8-90db-b29ceeaea27b None None] Hash Ring: Node 37a1c34066fb562f8daafb756e9bf558 (host: np0000172242) handling event "create" for row adeeeb4c-a19e-4a5e-a426-3aa201c91970 (table: Logical_Router) {{(pid=103437) notify /opt/stack/neutron/neutron/plugins/ml2/drivers/ovn/mech_driver/ovsdb/ovsdb_monitor.py:942}}
May 06 10:21:03.466211 np0000172242 devstack@neutron-api.service[103440]: DEBUG neutron.plugins.ml2.drivers.ovn.mech_driver.ovsdb.ovsdb_monitor [-] Hash Ring: Node b9dfe487083d53138e99cd117e7d02ca (host: np0000172242) handling event "create" for row d274f292-1ba2-47cd-8174-21625a1a6419 (table: Datapath_Binding) {{(pid=103440) notify /opt/stack/neutron/neutron/plugins/ml2/drivers/ovn/mech_driver/ovsdb/ovsdb_monitor.py:942}}
May 06 10:21:03.480831 np0000172242 devstack@neutron-api.service[103437]: DEBUG neutron.plugins.ml2.drivers.ovn.mech_driver.ovsdb.ovsdb_monitor [None req-0cbf4a1d-ce32-4063-af3b-50cb7746d887 None None] Touching Hash Ring node "37a1c34066fb562f8daafb756e9bf558" from IDL notify handler {{(pid=103437) notify /opt/stack/neutron/neutron/plugins/ml2/drivers/ovn/mech_driver/ovsdb/ovsdb_monitor.py:934}}
May 06 10:21:03.494155 np0000172242 devstack@neutron-api.service[103439]: DEBUG futurist.periodics [-] Submitting periodic callback 'neutron.plugins.ml2.drivers.ovn.mech_driver.ovsdb.maintenance.HashRingHealthCheckPeriodics.touch_hash_ring_node' {{(pid=103439) _process_scheduled /opt/stack/data/venv/lib/python3.12/site-packages/futurist/periodics.py:784}}
May 06 10:21:03.495573 np0000172242 devstack@neutron-api.service[103439]: DEBUG neutron.plugins.ml2.drivers.ovn.mech_driver.ovsdb.maintenance [-] Touching Hash Ring node "3a8a3f4f69735eb99a91db0c98c29e10" from periodic health check thread {{(pid=103439) touch_hash_ring_node /opt/stack/neutron/neutron/plugins/ml2/drivers/ovn/mech_driver/ovsdb/maintenance.py:1466}}
May 06 10:21:03.508798 np0000172242 devstack@neutron-api.service[103437]: DEBUG neutron.plugins.ml2.drivers.ovn.mech_driver.ovsdb.ovsdb_monitor [None req-0cbf4a1d-ce32-4063-af3b-50cb7746d887 None None] Hash Ring: Node 37a1c34066fb562f8daafb756e9bf558 (host: np0000172242) handling event "create" for row d274f292-1ba2-47cd-8174-21625a1a6419 (table: Datapath_Binding) {{(pid=103437) notify /opt/stack/neutron/neutron/plugins/ml2/drivers/ovn/mech_driver/ovsdb/ovsdb_monitor.py:942}}
May 06 10:21:03.541630 np0000172242 devstack@neutron-api.service[103440]: DEBUG futurist.periodics [-] Submitting periodic callback 'neutron.plugins.ml2.drivers.ovn.mech_driver.ovsdb.maintenance.HashRingHealthCheckPeriodics.touch_hash_ring_node' {{(pid=103440) _process_scheduled /opt/stack/data/venv/lib/python3.12/site-packages/futurist/periodics.py:784}}
May 06 10:21:03.542831 np0000172242 devstack@neutron-api.service[103440]: DEBUG neutron.plugins.ml2.drivers.ovn.mech_driver.ovsdb.maintenance [-] Touching Hash Ring node "b9dfe487083d53138e99cd117e7d02ca" from periodic health check thread {{(pid=103440) touch_hash_ring_node /opt/stack/neutron/neutron/plugins/ml2/drivers/ovn/mech_driver/ovsdb/maintenance.py:1466}}
May 06 10:21:03.579201 np0000172242 devstack@neutron-api.service[103437]: INFO neutron.db.ovn_revision_numbers_db [None req-bf6d9ac9-b866-4563-8b51-6582549cca7e admin admin] Successfully bumped revision number for resource 32729c0f-3752-4888-93fe-fd7d65d2ecbf (type: routers) to 1
May 06 10:21:03.601992 np0000172242 devstack@neutron-api.service[103437]: DEBUG neutron_lib.callbacks.manager [None req-bf6d9ac9-b866-4563-8b51-6582549cca7e admin admin] Publish callbacks [] for router (None), before_response {{(pid=103437) _notify_loop /opt/stack/data/venv/lib/python3.12/site-packages/neutron_lib/callbacks/manager.py:184}}
May 06 10:21:03.602519 np0000172242 devstack@neutron-api.service[103437]: [pid: 103437|app: 0|req: 5/14] 199.204.45.240 () {68 vars in 1354 bytes} [Wed May 6 10:21:03 2026] POST /networking/v2.0/routers => generated 599 bytes in 301 msecs (HTTP/1.1 201) 4 headers in 162 bytes (1 switches on core 0)
May 06 10:21:03.878416 np0000172242 devstack@neutron-api.service[103440]: DEBUG neutron.api.wsgi [None req-62e62c2d-8c9f-40fe-8a02-8b8f1a5b95a1 admin admin] Missing Content-Type {{(pid=103440) get_content_type /opt/stack/neutron/neutron/api/wsgi.py:80}}
May 06 10:21:03.878898 np0000172242 devstack@neutron-api.service[103440]: DEBUG neutron.api.wsgi [None req-62e62c2d-8c9f-40fe-8a02-8b8f1a5b95a1 admin admin] https://199.204.45.240/networking/v2.0/extensions returned with HTTP 200 {{(pid=103440) __call__ /opt/stack/neutron/neutron/api/wsgi.py:540}}
May 06 10:21:03.879395 np0000172242 devstack@neutron-api.service[103440]: [pid: 103440|app: 0|req: 4/15] 199.204.45.240 () {64 vars in 1323 bytes} [Wed May 6 10:21:03 2026] GET /networking/v2.0/extensions => generated 15209 bytes in 5 msecs (HTTP/1.1 200) 4 headers in 159 bytes (1 switches on core 0)
May 06 10:21:04.190571 np0000172242 devstack@neutron-api.service[103438]: DEBUG neutron.api.v2.base [None req-8f5203e9-c170-4c96-9be2-d79490892992 admin admin] Request body: {'network': {'provider:physical_network': 'public', 'is_default': True, 'name': 'public', 'admin_state_up': True, 'router:external': True, 'provider:network_type': 'flat'}} {{(pid=103438) prepare_request_body /opt/stack/neutron/neutron/api/v2/base.py:727}}
May 06 10:21:04.206784 np0000172242 devstack@neutron-api.service[103438]: DEBUG neutron.pecan_wsgi.hooks.quota_enforcement [None req-8f5203e9-c170-4c96-9be2-d79490892992 admin admin] Made reservation on behalf of bfc37b1dda7549db96c9834a6aa0ef71 for: {'network': 1} {{(pid=103438) before /opt/stack/neutron/neutron/pecan_wsgi/hooks/quota_enforcement.py:66}}
May 06 10:21:04.210870 np0000172242 devstack@neutron-api.service[103438]: DEBUG neutron_lib.callbacks.manager [None req-8f5203e9-c170-4c96-9be2-d79490892992 admin admin] Publish callbacks ['neutron.plugins.ml2.plugin.SecurityGroupDbMixin._ensure_default_security_group_handler-1083501'] for network (None), before_create {{(pid=103438) _notify_loop /opt/stack/data/venv/lib/python3.12/site-packages/neutron_lib/callbacks/manager.py:184}}
May 06 10:21:04.227964 np0000172242 devstack@neutron-api.service[103438]: DEBUG neutron.plugins.ml2.drivers.type_flat [None req-8f5203e9-c170-4c96-9be2-d79490892992 admin admin] Reserving flat network on physical network public {{(pid=103438) reserve_provider_segment /opt/stack/neutron/neutron/plugins/ml2/drivers/type_flat.py:100}}
May 06 10:21:04.244296 np0000172242 devstack@neutron-api.service[103438]: DEBUG neutron_lib.callbacks.manager [None req-8f5203e9-c170-4c96-9be2-d79490892992 admin admin] Publish callbacks ['neutron.services.segments.db._add_segment_host_mapping_for_segment-8362297652868', 'neutron.plugins.ml2.plugin.Ml2Plugin._handle_segment_change-1872407'] for segment (8ed59396-94a2-4d94-9d66-2c897f79a480), precommit_create {{(pid=103438) _notify_loop /opt/stack/data/venv/lib/python3.12/site-packages/neutron_lib/callbacks/manager.py:184}}
May 06 10:21:04.244563 np0000172242 devstack@neutron-api.service[103438]: DEBUG neutron_lib.callbacks.manager [None req-8f5203e9-c170-4c96-9be2-d79490892992 admin admin] Unsubscribe: segment precommit_create {{(pid=103438) unsubscribe /opt/stack/data/venv/lib/python3.12/site-packages/neutron_lib/callbacks/manager.py:90}}
May 06 10:21:04.244879 np0000172242 devstack@neutron-api.service[103438]: INFO neutron.db.segments_db [None req-8f5203e9-c170-4c96-9be2-d79490892992 admin admin] Added segment 8ed59396-94a2-4d94-9d66-2c897f79a480 of type flat for network a5ada9d7-a900-498a-b8a5-ca765ebe4eaf
May 06 10:21:04.271991 np0000172242 devstack@neutron-api.service[103438]: DEBUG neutron_lib.callbacks.manager [None req-8f5203e9-c170-4c96-9be2-d79490892992 admin admin] Publish callbacks ['neutron.services.auto_allocate.db._ensure_external_network_default_value_callback-8362295645228'] for network (a5ada9d7-a900-498a-b8a5-ca765ebe4eaf), precommit_create {{(pid=103438) _notify_loop /opt/stack/data/venv/lib/python3.12/site-packages/neutron_lib/callbacks/manager.py:184}}
May 06 10:21:04.290641 np0000172242 devstack@neutron-api.service[103438]: DEBUG neutron.plugins.ml2.drivers.ovn.mech_driver.mech_driver [None req-8f5203e9-c170-4c96-9be2-d79490892992 admin admin] Validating network segment with type flat, segmentation ID None, physical network public {{(pid=103438) _validate_network_segments /opt/stack/neutron/neutron/plugins/ml2/drivers/ovn/mech_driver/mech_driver.py:641}}
May 06 10:21:04.290875 np0000172242 devstack@neutron-api.service[103438]: DEBUG neutron.db.ovn_revision_numbers_db [None req-8f5203e9-c170-4c96-9be2-d79490892992 admin admin] create_initial_revision uuid=a5ada9d7-a900-498a-b8a5-ca765ebe4eaf, type=networks, rev=-1 {{(pid=103438) create_initial_revision /opt/stack/neutron/neutron/db/ovn_revision_numbers_db.py:98}}
May 06 10:21:04.303691 np0000172242 devstack@neutron-api.service[103438]: DEBUG neutron_lib.callbacks.manager [None req-8f5203e9-c170-4c96-9be2-d79490892992 admin admin] Publish callbacks ['neutron.plugins.ml2.ovo_rpc._ObjectChangeHandler.handle_event-7286011'] for network (a5ada9d7-a900-498a-b8a5-ca765ebe4eaf), after_create {{(pid=103438) _notify_loop /opt/stack/data/venv/lib/python3.12/site-packages/neutron_lib/callbacks/manager.py:184}}
May 06 10:21:04.334600 np0000172242 devstack@neutron-api.service[103438]: DEBUG neutron.api.rpc.handlers.resources_rpc [None req-8f5203e9-c170-4c96-9be2-d79490892992 admin admin] Pushing event updated for resources: {'Network': ['ID=a5ada9d7-a900-498a-b8a5-ca765ebe4eaf,revision_number=1']} {{(pid=103438) push /opt/stack/neutron/neutron/api/rpc/handlers/resources_rpc.py:237}}
May 06 10:21:04.342847 np0000172242 devstack@neutron-api.service[103438]: DEBUG ovsdbapp.backend.ovs_idl.transaction [-] Running txn n=1 command(idx=0): AddNetworkCommand(_result=None, network_uuid=a5ada9d7-a900-498a-b8a5-ca765ebe4eaf, may_exist=True, columns={'external_ids': {'neutron:network_name': 'public', 'neutron:mtu': '1430', 'neutron:revision_number': '1', 'neutron:availability_zone_hints': '', 'neutron:provnet-network-type': 'flat', 'neutron:provnet-physical-network': 'public'}, 'other_config': {'mcast_snoop': 'false', 'mcast_flood_unregistered': 'false', 'vlan-passthru': 'false', 'fdb_age_threshold': '300', 'broadcast-arps-to-all-routers': 'true'}}) {{(pid=103438) do_commit /opt/stack/data/venv/lib/python3.12/site-packages/ovsdbapp/backend/ovs_idl/transaction.py:89}}
May 06 10:21:04.343389 np0000172242 devstack@neutron-api.service[103438]: DEBUG neutron.common.ovn.utils [-] OVS persist_uuid supported=True {{(pid=103438) ovs_persist_uuid_supported /opt/stack/neutron/neutron/common/ovn/utils.py:1537}}
May 06 10:21:04.343834 np0000172242 devstack@neutron-api.service[103438]: DEBUG ovsdbapp.backend.ovs_idl.transaction [-] Running txn n=1 command(idx=1): AddLSwitchPortCommand(_result=None, lport=provnet-8ed59396-94a2-4d94-9d66-2c897f79a480, lswitch=neutron-a5ada9d7-a900-498a-b8a5-ca765ebe4eaf, may_exist=True, network_uuid=a5ada9d7-a900-498a-b8a5-ca765ebe4eaf, columns={'addresses': ['unknown'], 'external_ids': {'neutron:provnet-physical-network': 'public'}, 'type': 'localnet', 'tag': None, 'options': {'network_name': 'public', 'mcast_flood_reports': 'true', 'mcast_flood': 'false', 'localnet_learn_fdb': 'false'}}) {{(pid=103438) do_commit /opt/stack/data/venv/lib/python3.12/site-packages/ovsdbapp/backend/ovs_idl/transaction.py:89}}
May 06 10:21:04.350415 np0000172242 devstack@neutron-api.service[103439]: DEBUG neutron.plugins.ml2.drivers.ovn.mech_driver.ovsdb.ovsdb_monitor [None req-b10f50ca-0e9e-4a42-b199-e42608e00fcf None None] Touching Hash Ring node "3a8a3f4f69735eb99a91db0c98c29e10" from IDL notify handler {{(pid=103439) notify /opt/stack/neutron/neutron/plugins/ml2/drivers/ovn/mech_driver/ovsdb/ovsdb_monitor.py:934}}
May 06 10:21:04.353708 np0000172242 devstack@neutron-api.service[103437]: DEBUG neutron.plugins.ml2.drivers.ovn.mech_driver.ovsdb.ovsdb_monitor [None req-6c7fd0e4-3074-45d8-90db-b29ceeaea27b None None] Touching Hash Ring node "37a1c34066fb562f8daafb756e9bf558" from IDL notify handler {{(pid=103437) notify /opt/stack/neutron/neutron/plugins/ml2/drivers/ovn/mech_driver/ovsdb/ovsdb_monitor.py:934}}
May 06 10:21:04.354675 np0000172242 devstack@neutron-api.service[103440]: DEBUG neutron.plugins.ml2.drivers.ovn.mech_driver.ovsdb.ovsdb_monitor [None req-ed64a9b6-9e45-4019-a562-b7fb27956cd6 None None] Touching Hash Ring node "b9dfe487083d53138e99cd117e7d02ca" from IDL notify handler {{(pid=103440) notify /opt/stack/neutron/neutron/plugins/ml2/drivers/ovn/mech_driver/ovsdb/ovsdb_monitor.py:934}}
May 06 10:21:04.361404 np0000172242 devstack@neutron-api.service[103437]: DEBUG neutron.plugins.ml2.drivers.ovn.mech_driver.ovsdb.ovsdb_monitor [None req-0cbf4a1d-ce32-4063-af3b-50cb7746d887 None None] Touching Hash Ring node "37a1c34066fb562f8daafb756e9bf558" from IDL notify handler {{(pid=103437) notify /opt/stack/neutron/neutron/plugins/ml2/drivers/ovn/mech_driver/ovsdb/ovsdb_monitor.py:934}}
May 06 10:21:04.361811 np0000172242 devstack@neutron-api.service[103439]: DEBUG neutron.plugins.ml2.drivers.ovn.mech_driver.ovsdb.ovsdb_monitor [None req-450b6c38-51f1-4dfc-8055-344e7a77d34c None None] Touching Hash Ring node "3a8a3f4f69735eb99a91db0c98c29e10" from IDL notify handler {{(pid=103439) notify /opt/stack/neutron/neutron/plugins/ml2/drivers/ovn/mech_driver/ovsdb/ovsdb_monitor.py:934}}
May 06 10:21:04.361963 np0000172242 devstack@neutron-api.service[103440]: DEBUG neutron.plugins.ml2.drivers.ovn.mech_driver.ovsdb.ovsdb_monitor [None req-4a727806-6640-47b0-85db-4d275c652c2e None None] Touching Hash Ring node "b9dfe487083d53138e99cd117e7d02ca" from IDL notify handler {{(pid=103440) notify /opt/stack/neutron/neutron/plugins/ml2/drivers/ovn/mech_driver/ovsdb/ovsdb_monitor.py:934}}
May 06 10:21:04.363679 np0000172242 devstack@neutron-api.service[103437]: DEBUG neutron.plugins.ml2.drivers.ovn.mech_driver.ovsdb.ovsdb_monitor [None req-6c7fd0e4-3074-45d8-90db-b29ceeaea27b None None] Hash Ring: Node 37a1c34066fb562f8daafb756e9bf558 (host: np0000172242) handling event "create" for row a5ada9d7-a900-498a-b8a5-ca765ebe4eaf (table: Logical_Switch) {{(pid=103437) notify /opt/stack/neutron/neutron/plugins/ml2/drivers/ovn/mech_driver/ovsdb/ovsdb_monitor.py:942}}
May 06 10:21:04.363964 np0000172242 devstack@neutron-api.service[103440]: DEBUG neutron.plugins.ml2.drivers.ovn.mech_driver.ovsdb.ovsdb_monitor [None req-ed64a9b6-9e45-4019-a562-b7fb27956cd6 None None] Hash Ring: Node b9dfe487083d53138e99cd117e7d02ca (host: np0000172242) handling event "create" for row adbbdbae-2e1c-4632-826d-6243cef22b2e (table: Logical_Switch_Port) {{(pid=103440) notify /opt/stack/neutron/neutron/plugins/ml2/drivers/ovn/mech_driver/ovsdb/ovsdb_monitor.py:942}}
May 06 10:21:04.364202 np0000172242 devstack@neutron-api.service[103439]: DEBUG neutron.plugins.ml2.drivers.ovn.mech_driver.ovsdb.ovsdb_monitor [None req-b10f50ca-0e9e-4a42-b199-e42608e00fcf None None] Hash Ring: Node 3a8a3f4f69735eb99a91db0c98c29e10 (host: np0000172242) handling event "create" for row a5ada9d7-a900-498a-b8a5-ca765ebe4eaf (table: Logical_Switch) {{(pid=103439) notify /opt/stack/neutron/neutron/plugins/ml2/drivers/ovn/mech_driver/ovsdb/ovsdb_monitor.py:942}}
May 06 10:21:04.365703 np0000172242 devstack@neutron-api.service[103437]: DEBUG neutron.plugins.ml2.drivers.ovn.mech_driver.ovsdb.ovsdb_monitor [None req-6c7fd0e4-3074-45d8-90db-b29ceeaea27b None None] Touching Hash Ring node "37a1c34066fb562f8daafb756e9bf558" from IDL notify handler {{(pid=103437) notify /opt/stack/neutron/neutron/plugins/ml2/drivers/ovn/mech_driver/ovsdb/ovsdb_monitor.py:934}}
May 06 10:21:04.366703 np0000172242 devstack@neutron-api.service[103440]: DEBUG neutron.plugins.ml2.drivers.ovn.mech_driver.ovsdb.ovsdb_monitor [None req-ed64a9b6-9e45-4019-a562-b7fb27956cd6 None None] Touching Hash Ring node "b9dfe487083d53138e99cd117e7d02ca" from IDL notify handler {{(pid=103440) notify /opt/stack/neutron/neutron/plugins/ml2/drivers/ovn/mech_driver/ovsdb/ovsdb_monitor.py:934}}
May 06 10:21:04.367153 np0000172242 devstack@neutron-api.service[103437]: DEBUG neutron.plugins.ml2.drivers.ovn.mech_driver.ovsdb.ovsdb_monitor [None req-0cbf4a1d-ce32-4063-af3b-50cb7746d887 None None] Hash Ring: Node 37a1c34066fb562f8daafb756e9bf558 (host: np0000172242) handling event "create" for row e5454614-7cb8-4aea-94e2-2bdd8bff3637 (table: Datapath_Binding) {{(pid=103437) notify /opt/stack/neutron/neutron/plugins/ml2/drivers/ovn/mech_driver/ovsdb/ovsdb_monitor.py:942}}
May 06 10:21:04.367968 np0000172242 devstack@neutron-api.service[103440]: DEBUG neutron.plugins.ml2.drivers.ovn.mech_driver.ovsdb.ovsdb_monitor [None req-4a727806-6640-47b0-85db-4d275c652c2e None None] Hash Ring: Node b9dfe487083d53138e99cd117e7d02ca (host: np0000172242) handling event "create" for row e5454614-7cb8-4aea-94e2-2bdd8bff3637 (table: Datapath_Binding) {{(pid=103440) notify /opt/stack/neutron/neutron/plugins/ml2/drivers/ovn/mech_driver/ovsdb/ovsdb_monitor.py:942}}
