May 09 07:21:47.143145 np0000172987 systemd[1]: Starting devstack@n-api-meta.service - Devstack devstack@n-api-meta.service...
May 09 07:21:47.151680 np0000172987 devstack@n-api-meta.service[108689]: [uWSGI] getting INI configuration from /etc/nova/nova-metadata-uwsgi.ini
May 09 07:21:47.155154 np0000172987 devstack@n-api-meta.service[108689]: *** Starting uWSGI 2.0.24-debian (64bit) on [Sat May 9 07:21:47 2026] ***
May 09 07:21:47.155154 np0000172987 devstack@n-api-meta.service[108689]: compiled with version: 13.2.0 on 17 April 2024 16:23:48
May 09 07:21:47.155154 np0000172987 devstack@n-api-meta.service[108689]: os: Linux-6.8.0-111-generic #111-Ubuntu SMP PREEMPT_DYNAMIC Sat Apr 11 23:16:02 UTC 2026
May 09 07:21:47.155154 np0000172987 devstack@n-api-meta.service[108689]: nodename: np0000172987
May 09 07:21:47.155154 np0000172987 devstack@n-api-meta.service[108689]: machine: x86_64
May 09 07:21:47.155154 np0000172987 devstack@n-api-meta.service[108689]: clock source: unix
May 09 07:21:47.155154 np0000172987 devstack@n-api-meta.service[108689]: pcre jit disabled
May 09 07:21:47.155154 np0000172987 devstack@n-api-meta.service[108689]: detected number of CPU cores: 16
May 09 07:21:47.155154 np0000172987 devstack@n-api-meta.service[108689]: current working directory: /
May 09 07:21:47.155154 np0000172987 devstack@n-api-meta.service[108689]: detected binary path: /usr/bin/uwsgi-core
May 09 07:21:47.155154 np0000172987 devstack@n-api-meta.service[108689]: your processes number limit is 256917
May 09 07:21:47.155154 np0000172987 devstack@n-api-meta.service[108689]: your memory page size is 4096 bytes
May 09 07:21:47.155154 np0000172987 devstack@n-api-meta.service[108689]: detected max file descriptor number: 2048
May 09 07:21:47.155154 np0000172987 devstack@n-api-meta.service[108689]: lock engine: pthread robust mutexes
May 09 07:21:47.155759 np0000172987 devstack@n-api-meta.service[108689]: thunder lock: enabled
May 09 07:21:47.155759 np0000172987 devstack@n-api-meta.service[108689]: uWSGI http bound on 0.0.0.0:8775 fd 5
May 09 07:21:47.155759 np0000172987 devstack@n-api-meta.service[108689]: uwsgi socket 0 bound to TCP address 127.0.0.1:46041 (port auto-assigned) fd 4
May 09 07:21:47.155880 np0000172987 devstack@n-api-meta.service[108689]: Python version: 3.12.3 (main, Mar 23 2026, 19:04:32) [GCC 13.3.0]
May 09 07:21:47.155880 np0000172987 devstack@n-api-meta.service[108689]: PEP 405 virtualenv detected: /opt/stack/data/venv
May 09 07:21:47.155880 np0000172987 devstack@n-api-meta.service[108689]: Set PythonHome to /opt/stack/data/venv
May 09 07:21:47.198872 np0000172987 devstack@n-api-meta.service[108689]: Python main interpreter initialized at 0x718d36ca3668
May 09 07:21:47.198872 np0000172987 devstack@n-api-meta.service[108689]: python threads support enabled
May 09 07:21:47.198872 np0000172987 devstack@n-api-meta.service[108689]: your server socket listen backlog is limited to 100 connections
May 09 07:21:47.198872 np0000172987 devstack@n-api-meta.service[108689]: your mercy for graceful operations on workers is 80 seconds
May 09 07:21:47.199351 np0000172987 devstack@n-api-meta.service[108689]: mapped 671795 bytes (656 KB) for 4 cores
May 09 07:21:47.199534 np0000172987 devstack@n-api-meta.service[108689]: *** Operational MODE: preforking ***
May 09 07:21:47.199841 np0000172987 devstack@n-api-meta.service[108689]: *** uWSGI is running in multiple interpreter mode ***
May 09 07:21:47.199841 np0000172987 devstack@n-api-meta.service[108689]: spawned uWSGI master process (pid: 108689)
May 09 07:21:47.200082 np0000172987 systemd[1]: Started devstack@n-api-meta.service - Devstack devstack@n-api-meta.service.
May 09 07:21:47.200527 np0000172987 devstack@n-api-meta.service[108689]: spawned uWSGI worker 1 (pid: 108690, cores: 1)
May 09 07:21:47.201230 np0000172987 devstack@n-api-meta.service[108689]: spawned uWSGI worker 2 (pid: 108691, cores: 1)
May 09 07:21:47.201716 np0000172987 devstack@n-api-meta.service[108689]: spawned uWSGI worker 3 (pid: 108692, cores: 1)
May 09 07:21:47.202175 np0000172987 devstack@n-api-meta.service[108689]: spawned uWSGI worker 4 (pid: 108693, cores: 1)
May 09 07:21:47.202691 np0000172987 devstack@n-api-meta.service[108689]: spawned uWSGI http 1 (pid: 108694)
May 09 07:21:47.202691 np0000172987 devstack@n-api-meta.service[108689]: running "unix_signal:15 gracefully_kill_them_all" (master-start)...
May 09 07:21:47.527906 np0000172987 devstack@n-api-meta.service[108691]: /opt/stack/data/venv/lib/python3.12/site-packages/oslo_concurrency/lockutils.py:41: EventletDeprecationWarning:
May 09 07:21:47.527906 np0000172987 devstack@n-api-meta.service[108691]: Eventlet is deprecated. It is currently being maintained in bugfix mode, and
May 09 07:21:47.527906 np0000172987 devstack@n-api-meta.service[108691]: we strongly recommend against using it for new projects.
May 09 07:21:47.527906 np0000172987 devstack@n-api-meta.service[108691]: If you are already using Eventlet, we recommend migrating to a different
May 09 07:21:47.527906 np0000172987 devstack@n-api-meta.service[108691]: framework. For more detail see
May 09 07:21:47.527906 np0000172987 devstack@n-api-meta.service[108691]: https://eventlet.readthedocs.io/en/latest/asyncio/migration.html
May 09 07:21:47.527906 np0000172987 devstack@n-api-meta.service[108691]: import eventlet
May 09 07:21:47.533749 np0000172987 devstack@n-api-meta.service[108692]: /opt/stack/data/venv/lib/python3.12/site-packages/oslo_concurrency/lockutils.py:41: EventletDeprecationWarning:
May 09 07:21:47.533749 np0000172987 devstack@n-api-meta.service[108692]: Eventlet is deprecated. It is currently being maintained in bugfix mode, and
May 09 07:21:47.533749 np0000172987 devstack@n-api-meta.service[108692]: we strongly recommend against using it for new projects.
May 09 07:21:47.533749 np0000172987 devstack@n-api-meta.service[108692]: If you are already using Eventlet, we recommend migrating to a different
May 09 07:21:47.533749 np0000172987 devstack@n-api-meta.service[108692]: framework. For more detail see
May 09 07:21:47.533749 np0000172987 devstack@n-api-meta.service[108692]: https://eventlet.readthedocs.io/en/latest/asyncio/migration.html
May 09 07:21:47.533749 np0000172987 devstack@n-api-meta.service[108692]: import eventlet
May 09 07:21:47.538762 np0000172987 devstack@n-api-meta.service[108693]: /opt/stack/data/venv/lib/python3.12/site-packages/oslo_concurrency/lockutils.py:41: EventletDeprecationWarning:
May 09 07:21:47.538762 np0000172987 devstack@n-api-meta.service[108693]: Eventlet is deprecated. It is currently being maintained in bugfix mode, and
May 09 07:21:47.538762 np0000172987 devstack@n-api-meta.service[108693]: we strongly recommend against using it for new projects.
May 09 07:21:47.538762 np0000172987 devstack@n-api-meta.service[108693]: If you are already using Eventlet, we recommend migrating to a different
May 09 07:21:47.538762 np0000172987 devstack@n-api-meta.service[108693]: framework. For more detail see
May 09 07:21:47.538762 np0000172987 devstack@n-api-meta.service[108693]: https://eventlet.readthedocs.io/en/latest/asyncio/migration.html
May 09 07:21:47.538762 np0000172987 devstack@n-api-meta.service[108693]: import eventlet
May 09 07:21:47.555143 np0000172987 devstack@n-api-meta.service[108690]: /opt/stack/data/venv/lib/python3.12/site-packages/oslo_concurrency/lockutils.py:41: EventletDeprecationWarning:
May 09 07:21:47.555143 np0000172987 devstack@n-api-meta.service[108690]: Eventlet is deprecated. It is currently being maintained in bugfix mode, and
May 09 07:21:47.555143 np0000172987 devstack@n-api-meta.service[108690]: we strongly recommend against using it for new projects.
May 09 07:21:47.555143 np0000172987 devstack@n-api-meta.service[108690]: If you are already using Eventlet, we recommend migrating to a different
May 09 07:21:47.555143 np0000172987 devstack@n-api-meta.service[108690]: framework. For more detail see
May 09 07:21:47.555143 np0000172987 devstack@n-api-meta.service[108690]: https://eventlet.readthedocs.io/en/latest/asyncio/migration.html
May 09 07:21:47.555143 np0000172987 devstack@n-api-meta.service[108690]: import eventlet
May 09 07:21:47.575055 np0000172987 devstack@n-api-meta.service[108691]: Service is starting with native threading. This is currently experimental. Do not use it in production without first testing it in pre-production.
May 09 07:21:47.583017 np0000172987 devstack@n-api-meta.service[108692]: Service is starting with native threading. This is currently experimental. Do not use it in production without first testing it in pre-production.
May 09 07:21:47.597000 np0000172987 devstack@n-api-meta.service[108693]: Service is starting with native threading. This is currently experimental. Do not use it in production without first testing it in pre-production.
May 09 07:21:47.605650 np0000172987 devstack@n-api-meta.service[108690]: Service is starting with native threading. This is currently experimental. Do not use it in production without first testing it in pre-production.
May 09 07:21:49.024659 np0000172987 devstack@n-api-meta.service[108691]: INFO dbcounter [None req-2bb9a39a-5e7b-4b5b-ade9-22d511d642be None None] Registered counter for database nova_api
May 09 07:21:49.043711 np0000172987 devstack@n-api-meta.service[108691]: DEBUG oslo_db.sqlalchemy.engines [None req-2bb9a39a-5e7b-4b5b-ade9-22d511d642be None None] MySQL server mode set to STRICT_TRANS_TABLES,STRICT_ALL_TABLES,NO_ZERO_IN_DATE,NO_ZERO_DATE,ERROR_FOR_DIVISION_BY_ZERO,TRADITIONAL,NO_ENGINE_SUBSTITUTION {{(pid=108691) _check_effective_sql_mode /opt/stack/data/venv/lib/python3.12/site-packages/oslo_db/sqlalchemy/engines.py:325}}
May 09 07:21:49.090639 np0000172987 devstack@n-api-meta.service[108691]: DEBUG dbcounter [-] [108691] Writer thread running {{(pid=108691) stat_writer /opt/stack/data/venv/lib/python3.12/site-packages/dbcounter.py:102}}
May 09 07:21:49.097818 np0000172987 devstack@n-api-meta.service[108691]: DEBUG nova.context [None req-2bb9a39a-5e7b-4b5b-ade9-22d511d642be None None] Found 2 cells: 00000000-0000-0000-0000-000000000000(cell0),21692ef6-8356-49a0-ac31-a3e5318c185a(cell1) {{(pid=108691) load_cells /opt/stack/nova/nova/context.py:509}}
May 09 07:21:49.100873 np0000172987 devstack@n-api-meta.service[108691]: INFO nova.utils [None req-2bb9a39a-5e7b-4b5b-ade9-22d511d642be None None] The cell worker thread pool MainProcess.cell_worker is initialized
May 09 07:21:49.104799 np0000172987 devstack@n-api-meta.service[108693]: INFO dbcounter [None req-614173d1-1162-4199-87f1-853b6ceac5f3 None None] Registered counter for database nova_api
May 09 07:21:49.105378 np0000172987 devstack@n-api-meta.service[108692]: INFO dbcounter [None req-3abfad29-62cc-4467-a00c-69772d83bae1 None None] Registered counter for database nova_api
May 09 07:21:49.106320 np0000172987 devstack@n-api-meta.service[108691]: DEBUG oslo_concurrency.lockutils [None req-2bb9a39a-5e7b-4b5b-ade9-22d511d642be None None] Acquiring lock "00000000-0000-0000-0000-000000000000" by "nova.context.set_target_cell..get_or_set_cached_cell_and_set_connections" {{(pid=108691) inner /opt/stack/data/venv/lib/python3.12/site-packages/oslo_concurrency/lockutils.py:506}}
May 09 07:21:49.107264 np0000172987 devstack@n-api-meta.service[108691]: DEBUG oslo_concurrency.lockutils [None req-2bb9a39a-5e7b-4b5b-ade9-22d511d642be None None] Lock "00000000-0000-0000-0000-000000000000" acquired by "nova.context.set_target_cell..get_or_set_cached_cell_and_set_connections" :: waited 0.001s {{(pid=108691) inner /opt/stack/data/venv/lib/python3.12/site-packages/oslo_concurrency/lockutils.py:519}}
May 09 07:21:49.108168 np0000172987 devstack@n-api-meta.service[108690]: INFO dbcounter [None req-e226926f-99b4-4a2f-a5a0-2874db72fd4b None None] Registered counter for database nova_api
May 09 07:21:49.108873 np0000172987 devstack@n-api-meta.service[108691]: DEBUG oslo_concurrency.lockutils [None req-2bb9a39a-5e7b-4b5b-ade9-22d511d642be None None] Lock "00000000-0000-0000-0000-000000000000" "released" by "nova.context.set_target_cell..get_or_set_cached_cell_and_set_connections" :: held 0.002s {{(pid=108691) inner /opt/stack/data/venv/lib/python3.12/site-packages/oslo_concurrency/lockutils.py:538}}
May 09 07:21:49.109693 np0000172987 devstack@n-api-meta.service[108691]: DEBUG oslo_concurrency.lockutils [None req-2bb9a39a-5e7b-4b5b-ade9-22d511d642be None None] Acquiring lock "21692ef6-8356-49a0-ac31-a3e5318c185a" by "nova.context.set_target_cell..get_or_set_cached_cell_and_set_connections" {{(pid=108691) inner /opt/stack/data/venv/lib/python3.12/site-packages/oslo_concurrency/lockutils.py:506}}
May 09 07:21:49.109848 np0000172987 devstack@n-api-meta.service[108691]: DEBUG oslo_concurrency.lockutils [None req-2bb9a39a-5e7b-4b5b-ade9-22d511d642be None None] Lock "21692ef6-8356-49a0-ac31-a3e5318c185a" acquired by "nova.context.set_target_cell..get_or_set_cached_cell_and_set_connections" :: waited 0.000s {{(pid=108691) inner /opt/stack/data/venv/lib/python3.12/site-packages/oslo_concurrency/lockutils.py:519}}
May 09 07:21:49.112541 np0000172987 devstack@n-api-meta.service[108691]: INFO dbcounter [None req-2bb9a39a-5e7b-4b5b-ade9-22d511d642be None None] Registered counter for database nova_cell0
May 09 07:21:49.114214 np0000172987 devstack@n-api-meta.service[108691]: DEBUG oslo_concurrency.lockutils [None req-2bb9a39a-5e7b-4b5b-ade9-22d511d642be None None] Lock "21692ef6-8356-49a0-ac31-a3e5318c185a" "released" by "nova.context.set_target_cell..get_or_set_cached_cell_and_set_connections" :: held 0.002s {{(pid=108691) inner /opt/stack/data/venv/lib/python3.12/site-packages/oslo_concurrency/lockutils.py:538}}
May 09 07:21:49.117600 np0000172987 devstack@n-api-meta.service[108691]: INFO dbcounter [None req-2bb9a39a-5e7b-4b5b-ade9-22d511d642be None None] Registered counter for database nova_cell1
May 09 07:21:49.118477 np0000172987 devstack@n-api-meta.service[108693]: DEBUG oslo_db.sqlalchemy.engines [None req-614173d1-1162-4199-87f1-853b6ceac5f3 None None] MySQL server mode set to STRICT_TRANS_TABLES,STRICT_ALL_TABLES,NO_ZERO_IN_DATE,NO_ZERO_DATE,ERROR_FOR_DIVISION_BY_ZERO,TRADITIONAL,NO_ENGINE_SUBSTITUTION {{(pid=108693) _check_effective_sql_mode /opt/stack/data/venv/lib/python3.12/site-packages/oslo_db/sqlalchemy/engines.py:325}}
May 09 07:21:49.123635 np0000172987 devstack@n-api-meta.service[108692]: DEBUG oslo_db.sqlalchemy.engines [None req-3abfad29-62cc-4467-a00c-69772d83bae1 None None] MySQL server mode set to STRICT_TRANS_TABLES,STRICT_ALL_TABLES,NO_ZERO_IN_DATE,NO_ZERO_DATE,ERROR_FOR_DIVISION_BY_ZERO,TRADITIONAL,NO_ENGINE_SUBSTITUTION {{(pid=108692) _check_effective_sql_mode /opt/stack/data/venv/lib/python3.12/site-packages/oslo_db/sqlalchemy/engines.py:325}}
May 09 07:21:49.129831 np0000172987 devstack@n-api-meta.service[108691]: DEBUG oslo_db.sqlalchemy.engines [None req-2bb9a39a-5e7b-4b5b-ade9-22d511d642be None None] MySQL server mode set to STRICT_TRANS_TABLES,STRICT_ALL_TABLES,NO_ZERO_IN_DATE,NO_ZERO_DATE,ERROR_FOR_DIVISION_BY_ZERO,TRADITIONAL,NO_ENGINE_SUBSTITUTION {{(pid=108691) _check_effective_sql_mode /opt/stack/data/venv/lib/python3.12/site-packages/oslo_db/sqlalchemy/engines.py:325}}
May 09 07:21:49.133835 np0000172987 devstack@n-api-meta.service[108690]: DEBUG oslo_db.sqlalchemy.engines [None req-e226926f-99b4-4a2f-a5a0-2874db72fd4b None None] MySQL server mode set to STRICT_TRANS_TABLES,STRICT_ALL_TABLES,NO_ZERO_IN_DATE,NO_ZERO_DATE,ERROR_FOR_DIVISION_BY_ZERO,TRADITIONAL,NO_ENGINE_SUBSTITUTION {{(pid=108690) _check_effective_sql_mode /opt/stack/data/venv/lib/python3.12/site-packages/oslo_db/sqlalchemy/engines.py:325}}
May 09 07:21:49.150768 np0000172987 devstack@n-api-meta.service[108691]: DEBUG oslo_db.sqlalchemy.engines [None req-2bb9a39a-5e7b-4b5b-ade9-22d511d642be None None] MySQL server mode set to STRICT_TRANS_TABLES,STRICT_ALL_TABLES,NO_ZERO_IN_DATE,NO_ZERO_DATE,ERROR_FOR_DIVISION_BY_ZERO,TRADITIONAL,NO_ENGINE_SUBSTITUTION {{(pid=108691) _check_effective_sql_mode /opt/stack/data/venv/lib/python3.12/site-packages/oslo_db/sqlalchemy/engines.py:325}}
May 09 07:21:49.153040 np0000172987 devstack@n-api-meta.service[108693]: DEBUG dbcounter [-] [108693] Writer thread running {{(pid=108693) stat_writer /opt/stack/data/venv/lib/python3.12/site-packages/dbcounter.py:102}}
May 09 07:21:49.155399 np0000172987 devstack@n-api-meta.service[108693]: DEBUG nova.context [None req-614173d1-1162-4199-87f1-853b6ceac5f3 None None] Found 2 cells: 00000000-0000-0000-0000-000000000000(cell0),21692ef6-8356-49a0-ac31-a3e5318c185a(cell1) {{(pid=108693) load_cells /opt/stack/nova/nova/context.py:509}}
May 09 07:21:49.155769 np0000172987 devstack@n-api-meta.service[108693]: INFO nova.utils [None req-614173d1-1162-4199-87f1-853b6ceac5f3 None None] The cell worker thread pool MainProcess.cell_worker is initialized
May 09 07:21:49.157443 np0000172987 devstack@n-api-meta.service[108693]: DEBUG oslo_concurrency.lockutils [None req-614173d1-1162-4199-87f1-853b6ceac5f3 None None] Acquiring lock "00000000-0000-0000-0000-000000000000" by "nova.context.set_target_cell..get_or_set_cached_cell_and_set_connections" {{(pid=108693) inner /opt/stack/data/venv/lib/python3.12/site-packages/oslo_concurrency/lockutils.py:506}}
May 09 07:21:49.157619 np0000172987 devstack@n-api-meta.service[108693]: DEBUG oslo_concurrency.lockutils [None req-614173d1-1162-4199-87f1-853b6ceac5f3 None None] Lock "00000000-0000-0000-0000-000000000000" acquired by "nova.context.set_target_cell..get_or_set_cached_cell_and_set_connections" :: waited 0.000s {{(pid=108693) inner /opt/stack/data/venv/lib/python3.12/site-packages/oslo_concurrency/lockutils.py:519}}
May 09 07:21:49.158618 np0000172987 devstack@n-api-meta.service[108693]: DEBUG oslo_concurrency.lockutils [None req-614173d1-1162-4199-87f1-853b6ceac5f3 None None] Lock "00000000-0000-0000-0000-000000000000" "released" by "nova.context.set_target_cell..get_or_set_cached_cell_and_set_connections" :: held 0.001s {{(pid=108693) inner /opt/stack/data/venv/lib/python3.12/site-packages/oslo_concurrency/lockutils.py:538}}
May 09 07:21:49.159923 np0000172987 devstack@n-api-meta.service[108693]: DEBUG oslo_concurrency.lockutils [None req-614173d1-1162-4199-87f1-853b6ceac5f3 None None] Acquiring lock "21692ef6-8356-49a0-ac31-a3e5318c185a" by "nova.context.set_target_cell..get_or_set_cached_cell_and_set_connections" {{(pid=108693) inner /opt/stack/data/venv/lib/python3.12/site-packages/oslo_concurrency/lockutils.py:506}}
May 09 07:21:49.160089 np0000172987 devstack@n-api-meta.service[108693]: DEBUG oslo_concurrency.lockutils [None req-614173d1-1162-4199-87f1-853b6ceac5f3 None None] Lock "21692ef6-8356-49a0-ac31-a3e5318c185a" acquired by "nova.context.set_target_cell..get_or_set_cached_cell_and_set_connections" :: waited 0.000s {{(pid=108693) inner /opt/stack/data/venv/lib/python3.12/site-packages/oslo_concurrency/lockutils.py:519}}
May 09 07:21:49.160931 np0000172987 devstack@n-api-meta.service[108693]: DEBUG oslo_concurrency.lockutils [None req-614173d1-1162-4199-87f1-853b6ceac5f3 None None] Lock "21692ef6-8356-49a0-ac31-a3e5318c185a" "released" by "nova.context.set_target_cell..get_or_set_cached_cell_and_set_connections" :: held 0.001s {{(pid=108693) inner /opt/stack/data/venv/lib/python3.12/site-packages/oslo_concurrency/lockutils.py:538}}
May 09 07:21:49.164142 np0000172987 devstack@n-api-meta.service[108693]: INFO dbcounter [None req-614173d1-1162-4199-87f1-853b6ceac5f3 None None] Registered counter for database nova_cell0
May 09 07:21:49.164780 np0000172987 devstack@n-api-meta.service[108692]: DEBUG dbcounter [-] [108692] Writer thread running {{(pid=108692) stat_writer /opt/stack/data/venv/lib/python3.12/site-packages/dbcounter.py:102}}
May 09 07:21:49.167856 np0000172987 devstack@n-api-meta.service[108692]: DEBUG nova.context [None req-3abfad29-62cc-4467-a00c-69772d83bae1 None None] Found 2 cells: 00000000-0000-0000-0000-000000000000(cell0),21692ef6-8356-49a0-ac31-a3e5318c185a(cell1) {{(pid=108692) load_cells /opt/stack/nova/nova/context.py:509}}
May 09 07:21:49.168150 np0000172987 devstack@n-api-meta.service[108692]: INFO nova.utils [None req-3abfad29-62cc-4467-a00c-69772d83bae1 None None] The cell worker thread pool MainProcess.cell_worker is initialized
May 09 07:21:49.169771 np0000172987 devstack@n-api-meta.service[108693]: INFO dbcounter [None req-614173d1-1162-4199-87f1-853b6ceac5f3 None None] Registered counter for database nova_cell1
May 09 07:21:49.170379 np0000172987 devstack@n-api-meta.service[108692]: DEBUG oslo_concurrency.lockutils [None req-3abfad29-62cc-4467-a00c-69772d83bae1 None None] Acquiring lock "00000000-0000-0000-0000-000000000000" by "nova.context.set_target_cell..get_or_set_cached_cell_and_set_connections" {{(pid=108692) inner /opt/stack/data/venv/lib/python3.12/site-packages/oslo_concurrency/lockutils.py:506}}
May 09 07:21:49.170596 np0000172987 devstack@n-api-meta.service[108692]: DEBUG oslo_concurrency.lockutils [None req-3abfad29-62cc-4467-a00c-69772d83bae1 None None] Lock "00000000-0000-0000-0000-000000000000" acquired by "nova.context.set_target_cell..get_or_set_cached_cell_and_set_connections" :: waited 0.000s {{(pid=108692) inner /opt/stack/data/venv/lib/python3.12/site-packages/oslo_concurrency/lockutils.py:519}}
May 09 07:21:49.170993 np0000172987 devstack@n-api-meta.service[108692]: DEBUG oslo_concurrency.lockutils [None req-3abfad29-62cc-4467-a00c-69772d83bae1 None None] Lock "00000000-0000-0000-0000-000000000000" "released" by "nova.context.set_target_cell..get_or_set_cached_cell_and_set_connections" :: held 0.000s {{(pid=108692) inner /opt/stack/data/venv/lib/python3.12/site-packages/oslo_concurrency/lockutils.py:538}}
May 09 07:21:49.171909 np0000172987 devstack@n-api-meta.service[108692]: DEBUG oslo_concurrency.lockutils [None req-3abfad29-62cc-4467-a00c-69772d83bae1 None None] Acquiring lock "21692ef6-8356-49a0-ac31-a3e5318c185a" by "nova.context.set_target_cell..get_or_set_cached_cell_and_set_connections" {{(pid=108692) inner /opt/stack/data/venv/lib/python3.12/site-packages/oslo_concurrency/lockutils.py:506}}
May 09 07:21:49.172073 np0000172987 devstack@n-api-meta.service[108692]: DEBUG oslo_concurrency.lockutils [None req-3abfad29-62cc-4467-a00c-69772d83bae1 None None] Lock "21692ef6-8356-49a0-ac31-a3e5318c185a" acquired by "nova.context.set_target_cell..get_or_set_cached_cell_and_set_connections" :: waited 0.000s {{(pid=108692) inner /opt/stack/data/venv/lib/python3.12/site-packages/oslo_concurrency/lockutils.py:519}}
May 09 07:21:49.173047 np0000172987 devstack@n-api-meta.service[108692]: DEBUG oslo_concurrency.lockutils [None req-3abfad29-62cc-4467-a00c-69772d83bae1 None None] Lock "21692ef6-8356-49a0-ac31-a3e5318c185a" "released" by "nova.context.set_target_cell..get_or_set_cached_cell_and_set_connections" :: held 0.001s {{(pid=108692) inner /opt/stack/data/venv/lib/python3.12/site-packages/oslo_concurrency/lockutils.py:538}}
May 09 07:21:49.175713 np0000172987 devstack@n-api-meta.service[108692]: INFO dbcounter [None req-3abfad29-62cc-4467-a00c-69772d83bae1 None None] Registered counter for database nova_cell0
May 09 07:21:49.175991 np0000172987 devstack@n-api-meta.service[108690]: DEBUG dbcounter [-] [108690] Writer thread running {{(pid=108690) stat_writer /opt/stack/data/venv/lib/python3.12/site-packages/dbcounter.py:102}}
May 09 07:21:49.178926 np0000172987 devstack@n-api-meta.service[108690]: DEBUG nova.context [None req-e226926f-99b4-4a2f-a5a0-2874db72fd4b None None] Found 2 cells: 00000000-0000-0000-0000-000000000000(cell0),21692ef6-8356-49a0-ac31-a3e5318c185a(cell1) {{(pid=108690) load_cells /opt/stack/nova/nova/context.py:509}}
May 09 07:21:49.179111 np0000172987 devstack@n-api-meta.service[108693]: DEBUG oslo_db.sqlalchemy.engines [None req-614173d1-1162-4199-87f1-853b6ceac5f3 None None] MySQL server mode set to STRICT_TRANS_TABLES,STRICT_ALL_TABLES,NO_ZERO_IN_DATE,NO_ZERO_DATE,ERROR_FOR_DIVISION_BY_ZERO,TRADITIONAL,NO_ENGINE_SUBSTITUTION {{(pid=108693) _check_effective_sql_mode /opt/stack/data/venv/lib/python3.12/site-packages/oslo_db/sqlalchemy/engines.py:325}}
May 09 07:21:49.179185 np0000172987 devstack@n-api-meta.service[108690]: INFO nova.utils [None req-e226926f-99b4-4a2f-a5a0-2874db72fd4b None None] The cell worker thread pool MainProcess.cell_worker is initialized
May 09 07:21:49.181045 np0000172987 devstack@n-api-meta.service[108690]: DEBUG oslo_concurrency.lockutils [None req-e226926f-99b4-4a2f-a5a0-2874db72fd4b None None] Acquiring lock "00000000-0000-0000-0000-000000000000" by "nova.context.set_target_cell..get_or_set_cached_cell_and_set_connections" {{(pid=108690) inner /opt/stack/data/venv/lib/python3.12/site-packages/oslo_concurrency/lockutils.py:506}}
May 09 07:21:49.181232 np0000172987 devstack@n-api-meta.service[108690]: DEBUG oslo_concurrency.lockutils [None req-e226926f-99b4-4a2f-a5a0-2874db72fd4b None None] Lock "00000000-0000-0000-0000-000000000000" acquired by "nova.context.set_target_cell..get_or_set_cached_cell_and_set_connections" :: waited 0.000s {{(pid=108690) inner /opt/stack/data/venv/lib/python3.12/site-packages/oslo_concurrency/lockutils.py:519}}
May 09 07:21:49.181633 np0000172987 devstack@n-api-meta.service[108690]: DEBUG oslo_concurrency.lockutils [None req-e226926f-99b4-4a2f-a5a0-2874db72fd4b None None] Lock "00000000-0000-0000-0000-000000000000" "released" by "nova.context.set_target_cell..get_or_set_cached_cell_and_set_connections" :: held 0.000s {{(pid=108690) inner /opt/stack/data/venv/lib/python3.12/site-packages/oslo_concurrency/lockutils.py:538}}
May 09 07:21:49.182038 np0000172987 devstack@n-api-meta.service[108692]: INFO dbcounter [None req-3abfad29-62cc-4467-a00c-69772d83bae1 None None] Registered counter for database nova_cell1
May 09 07:21:49.182313 np0000172987 devstack@n-api-meta.service[108690]: DEBUG oslo_concurrency.lockutils [None req-e226926f-99b4-4a2f-a5a0-2874db72fd4b None None] Acquiring lock "21692ef6-8356-49a0-ac31-a3e5318c185a" by "nova.context.set_target_cell..get_or_set_cached_cell_and_set_connections" {{(pid=108690) inner /opt/stack/data/venv/lib/python3.12/site-packages/oslo_concurrency/lockutils.py:506}}
May 09 07:21:49.182457 np0000172987 devstack@n-api-meta.service[108690]: DEBUG oslo_concurrency.lockutils [None req-e226926f-99b4-4a2f-a5a0-2874db72fd4b None None] Lock "21692ef6-8356-49a0-ac31-a3e5318c185a" acquired by "nova.context.set_target_cell..get_or_set_cached_cell_and_set_connections" :: waited 0.000s {{(pid=108690) inner /opt/stack/data/venv/lib/python3.12/site-packages/oslo_concurrency/lockutils.py:519}}
May 09 07:21:49.183376 np0000172987 devstack@n-api-meta.service[108690]: DEBUG oslo_concurrency.lockutils [None req-e226926f-99b4-4a2f-a5a0-2874db72fd4b None None] Lock "21692ef6-8356-49a0-ac31-a3e5318c185a" "released" by "nova.context.set_target_cell..get_or_set_cached_cell_and_set_connections" :: held 0.001s {{(pid=108690) inner /opt/stack/data/venv/lib/python3.12/site-packages/oslo_concurrency/lockutils.py:538}}
May 09 07:21:49.186655 np0000172987 devstack@n-api-meta.service[108690]: INFO dbcounter [None req-e226926f-99b4-4a2f-a5a0-2874db72fd4b None None] Registered counter for database nova_cell0
May 09 07:21:49.190263 np0000172987 devstack@n-api-meta.service[108693]: DEBUG oslo_db.sqlalchemy.engines [None req-614173d1-1162-4199-87f1-853b6ceac5f3 None None] MySQL server mode set to STRICT_TRANS_TABLES,STRICT_ALL_TABLES,NO_ZERO_IN_DATE,NO_ZERO_DATE,ERROR_FOR_DIVISION_BY_ZERO,TRADITIONAL,NO_ENGINE_SUBSTITUTION {{(pid=108693) _check_effective_sql_mode /opt/stack/data/venv/lib/python3.12/site-packages/oslo_db/sqlalchemy/engines.py:325}}
May 09 07:21:49.192235 np0000172987 devstack@n-api-meta.service[108690]: INFO dbcounter [None req-e226926f-99b4-4a2f-a5a0-2874db72fd4b None None] Registered counter for database nova_cell1
May 09 07:21:49.193755 np0000172987 devstack@n-api-meta.service[108692]: DEBUG oslo_db.sqlalchemy.engines [None req-3abfad29-62cc-4467-a00c-69772d83bae1 None None] MySQL server mode set to STRICT_TRANS_TABLES,STRICT_ALL_TABLES,NO_ZERO_IN_DATE,NO_ZERO_DATE,ERROR_FOR_DIVISION_BY_ZERO,TRADITIONAL,NO_ENGINE_SUBSTITUTION {{(pid=108692) _check_effective_sql_mode /opt/stack/data/venv/lib/python3.12/site-packages/oslo_db/sqlalchemy/engines.py:325}}
May 09 07:21:49.200928 np0000172987 devstack@n-api-meta.service[108692]: DEBUG oslo_db.sqlalchemy.engines [None req-3abfad29-62cc-4467-a00c-69772d83bae1 None None] MySQL server mode set to STRICT_TRANS_TABLES,STRICT_ALL_TABLES,NO_ZERO_IN_DATE,NO_ZERO_DATE,ERROR_FOR_DIVISION_BY_ZERO,TRADITIONAL,NO_ENGINE_SUBSTITUTION {{(pid=108692) _check_effective_sql_mode /opt/stack/data/venv/lib/python3.12/site-packages/oslo_db/sqlalchemy/engines.py:325}}
May 09 07:21:49.201142 np0000172987 devstack@n-api-meta.service[108690]: DEBUG oslo_db.sqlalchemy.engines [None req-e226926f-99b4-4a2f-a5a0-2874db72fd4b None None] MySQL server mode set to STRICT_TRANS_TABLES,STRICT_ALL_TABLES,NO_ZERO_IN_DATE,NO_ZERO_DATE,ERROR_FOR_DIVISION_BY_ZERO,TRADITIONAL,NO_ENGINE_SUBSTITUTION {{(pid=108690) _check_effective_sql_mode /opt/stack/data/venv/lib/python3.12/site-packages/oslo_db/sqlalchemy/engines.py:325}}
May 09 07:21:49.204081 np0000172987 devstack@n-api-meta.service[108690]: DEBUG oslo_db.sqlalchemy.engines [None req-e226926f-99b4-4a2f-a5a0-2874db72fd4b None None] MySQL server mode set to STRICT_TRANS_TABLES,STRICT_ALL_TABLES,NO_ZERO_IN_DATE,NO_ZERO_DATE,ERROR_FOR_DIVISION_BY_ZERO,TRADITIONAL,NO_ENGINE_SUBSTITUTION {{(pid=108690) _check_effective_sql_mode /opt/stack/data/venv/lib/python3.12/site-packages/oslo_db/sqlalchemy/engines.py:325}}
May 09 07:21:49.250091 np0000172987 devstack@n-api-meta.service[108691]: DEBUG dbcounter [-] [108691] Writer thread running {{(pid=108691) stat_writer /opt/stack/data/venv/lib/python3.12/site-packages/dbcounter.py:102}}
May 09 07:21:49.250691 np0000172987 devstack@n-api-meta.service[108691]: DEBUG dbcounter [-] [108691] Writer thread running {{(pid=108691) stat_writer /opt/stack/data/venv/lib/python3.12/site-packages/dbcounter.py:102}}
May 09 07:21:49.255977 np0000172987 devstack@n-api-meta.service[108691]: INFO dbcounter [None req-2bb9a39a-5e7b-4b5b-ade9-22d511d642be None None] Registered counter for database nova_cell0
May 09 07:21:49.269194 np0000172987 devstack@n-api-meta.service[108691]: DEBUG oslo_db.sqlalchemy.engines [None req-2bb9a39a-5e7b-4b5b-ade9-22d511d642be None None] MySQL server mode set to STRICT_TRANS_TABLES,STRICT_ALL_TABLES,NO_ZERO_IN_DATE,NO_ZERO_DATE,ERROR_FOR_DIVISION_BY_ZERO,TRADITIONAL,NO_ENGINE_SUBSTITUTION {{(pid=108691) _check_effective_sql_mode /opt/stack/data/venv/lib/python3.12/site-packages/oslo_db/sqlalchemy/engines.py:325}}
May 09 07:21:49.278315 np0000172987 devstack@n-api-meta.service[108691]: DEBUG dbcounter [-] [108691] Writer thread running {{(pid=108691) stat_writer /opt/stack/data/venv/lib/python3.12/site-packages/dbcounter.py:102}}
May 09 07:21:49.287861 np0000172987 devstack@n-api-meta.service[108693]: DEBUG dbcounter [-] [108693] Writer thread running {{(pid=108693) stat_writer /opt/stack/data/venv/lib/python3.12/site-packages/dbcounter.py:102}}
May 09 07:21:49.297038 np0000172987 devstack@n-api-meta.service[108693]: DEBUG dbcounter [-] [108693] Writer thread running {{(pid=108693) stat_writer /opt/stack/data/venv/lib/python3.12/site-packages/dbcounter.py:102}}
May 09 07:21:49.301781 np0000172987 devstack@n-api-meta.service[108693]: INFO dbcounter [None req-614173d1-1162-4199-87f1-853b6ceac5f3 None None] Registered counter for database nova_cell0
May 09 07:21:49.313949 np0000172987 devstack@n-api-meta.service[108693]: DEBUG oslo_db.sqlalchemy.engines [None req-614173d1-1162-4199-87f1-853b6ceac5f3 None None] MySQL server mode set to STRICT_TRANS_TABLES,STRICT_ALL_TABLES,NO_ZERO_IN_DATE,NO_ZERO_DATE,ERROR_FOR_DIVISION_BY_ZERO,TRADITIONAL,NO_ENGINE_SUBSTITUTION {{(pid=108693) _check_effective_sql_mode /opt/stack/data/venv/lib/python3.12/site-packages/oslo_db/sqlalchemy/engines.py:325}}
May 09 07:21:49.320467 np0000172987 devstack@n-api-meta.service[108690]: DEBUG dbcounter [-] [108690] Writer thread running {{(pid=108690) stat_writer /opt/stack/data/venv/lib/python3.12/site-packages/dbcounter.py:102}}
May 09 07:21:49.320467 np0000172987 devstack@n-api-meta.service[108690]: DEBUG dbcounter [-] [108690] Writer thread running {{(pid=108690) stat_writer /opt/stack/data/venv/lib/python3.12/site-packages/dbcounter.py:102}}
May 09 07:21:49.321263 np0000172987 devstack@n-api-meta.service[108692]: DEBUG dbcounter [-] [108692] Writer thread running {{(pid=108692) stat_writer /opt/stack/data/venv/lib/python3.12/site-packages/dbcounter.py:102}}
May 09 07:21:49.325284 np0000172987 devstack@n-api-meta.service[108690]: INFO dbcounter [None req-e226926f-99b4-4a2f-a5a0-2874db72fd4b None None] Registered counter for database nova_cell0
May 09 07:21:49.326489 np0000172987 devstack@n-api-meta.service[108693]: DEBUG dbcounter [-] [108693] Writer thread running {{(pid=108693) stat_writer /opt/stack/data/venv/lib/python3.12/site-packages/dbcounter.py:102}}
May 09 07:21:49.326588 np0000172987 devstack@n-api-meta.service[108692]: DEBUG dbcounter [-] [108692] Writer thread running {{(pid=108692) stat_writer /opt/stack/data/venv/lib/python3.12/site-packages/dbcounter.py:102}}
May 09 07:21:49.328682 np0000172987 devstack@n-api-meta.service[108691]: WARNING nova.api.metadata.handler [None req-2bb9a39a-5e7b-4b5b-ade9-22d511d642be None None] metadata_proxy_shared_secret is not configured, the metadata information returned by the proxy cannot be trusted
May 09 07:21:49.330963 np0000172987 devstack@n-api-meta.service[108691]: DEBUG nova.api.openstack.wsgi_app [None req-2bb9a39a-5e7b-4b5b-ade9-22d511d642be None None] ******************************************************************************** {{(pid=108691) log_opt_values /opt/stack/data/venv/lib/python3.12/site-packages/oslo_config/cfg.py:2979}}
May 09 07:21:49.331078 np0000172987 devstack@n-api-meta.service[108691]: DEBUG nova.api.openstack.wsgi_app [None req-2bb9a39a-5e7b-4b5b-ade9-22d511d642be None None] Configuration options gathered from: {{(pid=108691) log_opt_values /opt/stack/data/venv/lib/python3.12/site-packages/oslo_config/cfg.py:2980}}
May 09 07:21:49.331194 np0000172987 devstack@n-api-meta.service[108691]: DEBUG nova.api.openstack.wsgi_app [None req-2bb9a39a-5e7b-4b5b-ade9-22d511d642be None None] command line args: [] {{(pid=108691) log_opt_values /opt/stack/data/venv/lib/python3.12/site-packages/oslo_config/cfg.py:2981}}
May 09 07:21:49.331353 np0000172987 devstack@n-api-meta.service[108691]: DEBUG nova.api.openstack.wsgi_app [None req-2bb9a39a-5e7b-4b5b-ade9-22d511d642be None None] config files: ['/etc/nova/api-paste.ini', '/etc/nova/nova.conf'] {{(pid=108691) log_opt_values /opt/stack/data/venv/lib/python3.12/site-packages/oslo_config/cfg.py:2982}}
May 09 07:21:49.331522 np0000172987 devstack@n-api-meta.service[108691]: DEBUG nova.api.openstack.wsgi_app [None req-2bb9a39a-5e7b-4b5b-ade9-22d511d642be None None] ================================================================================ {{(pid=108691) log_opt_values /opt/stack/data/venv/lib/python3.12/site-packages/oslo_config/cfg.py:2987}}
May 09 07:21:49.331739 np0000172987 devstack@n-api-meta.service[108691]: DEBUG nova.api.openstack.wsgi_app [None req-2bb9a39a-5e7b-4b5b-ade9-22d511d642be None None] allow_resize_to_same_host = True {{(pid=108691) log_opt_values /opt/stack/data/venv/lib/python3.12/site-packages/oslo_config/cfg.py:2995}}
May 09 07:21:49.331905 np0000172987 devstack@n-api-meta.service[108691]: DEBUG nova.api.openstack.wsgi_app [None req-2bb9a39a-5e7b-4b5b-ade9-22d511d642be None None] arq_binding_timeout = 300 {{(pid=108691) log_opt_values /opt/stack/data/venv/lib/python3.12/site-packages/oslo_config/cfg.py:2995}}
May 09 07:21:49.332039 np0000172987 devstack@n-api-meta.service[108691]: DEBUG nova.api.openstack.wsgi_app [None req-2bb9a39a-5e7b-4b5b-ade9-22d511d642be None None] block_device_allocate_retries = 60 {{(pid=108691) log_opt_values /opt/stack/data/venv/lib/python3.12/site-packages/oslo_config/cfg.py:2995}}
May 09 07:21:49.332132 np0000172987 devstack@n-api-meta.service[108692]: INFO dbcounter [None req-3abfad29-62cc-4467-a00c-69772d83bae1 None None] Registered counter for database nova_cell0
May 09 07:21:49.332203 np0000172987 devstack@n-api-meta.service[108691]: DEBUG nova.api.openstack.wsgi_app [None req-2bb9a39a-5e7b-4b5b-ade9-22d511d642be None None] block_device_allocate_retries_interval = 3 {{(pid=108691) log_opt_values /opt/stack/data/venv/lib/python3.12/site-packages/oslo_config/cfg.py:2995}}
May 09 07:21:49.332298 np0000172987 devstack@n-api-meta.service[108691]: DEBUG nova.api.openstack.wsgi_app [None req-2bb9a39a-5e7b-4b5b-ade9-22d511d642be None None] cell_worker_thread_pool_size = 5 {{(pid=108691) log_opt_values /opt/stack/data/venv/lib/python3.12/site-packages/oslo_config/cfg.py:2995}}
May 09 07:21:49.332433 np0000172987 devstack@n-api-meta.service[108691]: DEBUG nova.api.openstack.wsgi_app [None req-2bb9a39a-5e7b-4b5b-ade9-22d511d642be None None] cert = self.pem {{(pid=108691) log_opt_values /opt/stack/data/venv/lib/python3.12/site-packages/oslo_config/cfg.py:2995}}
May 09 07:21:49.332675 np0000172987 devstack@n-api-meta.service[108691]: DEBUG nova.api.openstack.wsgi_app [None req-2bb9a39a-5e7b-4b5b-ade9-22d511d642be None None] compute_driver = libvirt.LibvirtDriver {{(pid=108691) log_opt_values /opt/stack/data/venv/lib/python3.12/site-packages/oslo_config/cfg.py:2995}}
May 09 07:21:49.332806 np0000172987 devstack@n-api-meta.service[108691]: DEBUG nova.api.openstack.wsgi_app [None req-2bb9a39a-5e7b-4b5b-ade9-22d511d642be None None] compute_monitors = [] {{(pid=108691) log_opt_values /opt/stack/data/venv/lib/python3.12/site-packages/oslo_config/cfg.py:2995}}
May 09 07:21:49.332938 np0000172987 devstack@n-api-meta.service[108691]: DEBUG nova.api.openstack.wsgi_app [None req-2bb9a39a-5e7b-4b5b-ade9-22d511d642be None None] config_dir = [] {{(pid=108691) log_opt_values /opt/stack/data/venv/lib/python3.12/site-packages/oslo_config/cfg.py:2995}}
May 09 07:21:49.333084 np0000172987 devstack@n-api-meta.service[108691]: DEBUG nova.api.openstack.wsgi_app [None req-2bb9a39a-5e7b-4b5b-ade9-22d511d642be None None] config_drive_format = iso9660 {{(pid=108691) log_opt_values /opt/stack/data/venv/lib/python3.12/site-packages/oslo_config/cfg.py:2995}}
May 09 07:21:49.333193 np0000172987 devstack@n-api-meta.service[108691]: DEBUG nova.api.openstack.wsgi_app [None req-2bb9a39a-5e7b-4b5b-ade9-22d511d642be None None] config_file = ['/etc/nova/api-paste.ini', '/etc/nova/nova.conf'] {{(pid=108691) log_opt_values /opt/stack/data/venv/lib/python3.12/site-packages/oslo_config/cfg.py:2995}}
May 09 07:21:49.333325 np0000172987 devstack@n-api-meta.service[108691]: DEBUG nova.api.openstack.wsgi_app [None req-2bb9a39a-5e7b-4b5b-ade9-22d511d642be None None] config_source = [] {{(pid=108691) log_opt_values /opt/stack/data/venv/lib/python3.12/site-packages/oslo_config/cfg.py:2995}}
May 09 07:21:49.333460 np0000172987 devstack@n-api-meta.service[108691]: DEBUG nova.api.openstack.wsgi_app [None req-2bb9a39a-5e7b-4b5b-ade9-22d511d642be None None] console_host = np0000172987 {{(pid=108691) log_opt_values /opt/stack/data/venv/lib/python3.12/site-packages/oslo_config/cfg.py:2995}}
May 09 07:21:49.333617 np0000172987 devstack@n-api-meta.service[108691]: DEBUG nova.api.openstack.wsgi_app [None req-2bb9a39a-5e7b-4b5b-ade9-22d511d642be None None] control_exchange = nova {{(pid=108691) log_opt_values /opt/stack/data/venv/lib/python3.12/site-packages/oslo_config/cfg.py:2995}}
May 09 07:21:49.333747 np0000172987 devstack@n-api-meta.service[108691]: DEBUG nova.api.openstack.wsgi_app [None req-2bb9a39a-5e7b-4b5b-ade9-22d511d642be None None] cpu_allocation_ratio = None {{(pid=108691) log_opt_values /opt/stack/data/venv/lib/python3.12/site-packages/oslo_config/cfg.py:2995}}
May 09 07:21:49.333874 np0000172987 devstack@n-api-meta.service[108691]: DEBUG nova.api.openstack.wsgi_app [None req-2bb9a39a-5e7b-4b5b-ade9-22d511d642be None None] daemon = False {{(pid=108691) log_opt_values /opt/stack/data/venv/lib/python3.12/site-packages/oslo_config/cfg.py:2995}}
May 09 07:21:49.334012 np0000172987 devstack@n-api-meta.service[108691]: DEBUG nova.api.openstack.wsgi_app [None req-2bb9a39a-5e7b-4b5b-ade9-22d511d642be None None] debug = True {{(pid=108691) log_opt_values /opt/stack/data/venv/lib/python3.12/site-packages/oslo_config/cfg.py:2995}}
May 09 07:21:49.334190 np0000172987 devstack@n-api-meta.service[108691]: DEBUG nova.api.openstack.wsgi_app [None req-2bb9a39a-5e7b-4b5b-ade9-22d511d642be None None] default_access_ip_network_name = None {{(pid=108691) log_opt_values /opt/stack/data/venv/lib/python3.12/site-packages/oslo_config/cfg.py:2995}}
May 09 07:21:49.334262 np0000172987 devstack@n-api-meta.service[108691]: DEBUG nova.api.openstack.wsgi_app [None req-2bb9a39a-5e7b-4b5b-ade9-22d511d642be None None] default_availability_zone = nova {{(pid=108691) log_opt_values /opt/stack/data/venv/lib/python3.12/site-packages/oslo_config/cfg.py:2995}}
May 09 07:21:49.334400 np0000172987 devstack@n-api-meta.service[108691]: DEBUG nova.api.openstack.wsgi_app [None req-2bb9a39a-5e7b-4b5b-ade9-22d511d642be None None] default_ephemeral_format = ext4 {{(pid=108691) log_opt_values /opt/stack/data/venv/lib/python3.12/site-packages/oslo_config/cfg.py:2995}}
May 09 07:21:49.334561 np0000172987 devstack@n-api-meta.service[108691]: DEBUG nova.api.openstack.wsgi_app [None req-2bb9a39a-5e7b-4b5b-ade9-22d511d642be None None] default_green_pool_size = 1000 {{(pid=108691) log_opt_values /opt/stack/data/venv/lib/python3.12/site-packages/oslo_config/cfg.py:2995}}
May 09 07:21:49.334755 np0000172987 devstack@n-api-meta.service[108691]: DEBUG nova.api.openstack.wsgi_app [None req-2bb9a39a-5e7b-4b5b-ade9-22d511d642be None None] default_log_levels = ['amqp=WARN', 'boto=WARN', 'sqlalchemy=WARN', 'suds=INFO', 'oslo.messaging=INFO', 'oslo_messaging=INFO', 'iso8601=WARN', 'requests.packages.urllib3.connectionpool=WARN', 'urllib3.connectionpool=WARN', 'websocket=WARN', 'requests.packages.urllib3.util.retry=WARN', 'urllib3.util.retry=WARN', 'keystonemiddleware=WARN', 'routes.middleware=WARN', 'stevedore=WARN', 'taskflow=WARN', 'keystoneauth=WARN', 'oslo.cache=INFO', 'oslo_policy=INFO', 'dogpile.core.dogpile=INFO', 'glanceclient=WARN', 'oslo.privsep.daemon=INFO'] {{(pid=108691) log_opt_values /opt/stack/data/venv/lib/python3.12/site-packages/oslo_config/cfg.py:2995}}
May 09 07:21:49.334882 np0000172987 devstack@n-api-meta.service[108691]: DEBUG nova.api.openstack.wsgi_app [None req-2bb9a39a-5e7b-4b5b-ade9-22d511d642be None None] default_schedule_zone = None {{(pid=108691) log_opt_values /opt/stack/data/venv/lib/python3.12/site-packages/oslo_config/cfg.py:2995}}
May 09 07:21:49.335012 np0000172987 devstack@n-api-meta.service[108691]: DEBUG nova.api.openstack.wsgi_app [None req-2bb9a39a-5e7b-4b5b-ade9-22d511d642be None None] default_thread_pool_size = 10 {{(pid=108691) log_opt_values /opt/stack/data/venv/lib/python3.12/site-packages/oslo_config/cfg.py:2995}}
May 09 07:21:49.335137 np0000172987 devstack@n-api-meta.service[108691]: DEBUG nova.api.openstack.wsgi_app [None req-2bb9a39a-5e7b-4b5b-ade9-22d511d642be None None] disk_allocation_ratio = None {{(pid=108691) log_opt_values /opt/stack/data/venv/lib/python3.12/site-packages/oslo_config/cfg.py:2995}}
May 09 07:21:49.335263 np0000172987 devstack@n-api-meta.service[108691]: DEBUG nova.api.openstack.wsgi_app [None req-2bb9a39a-5e7b-4b5b-ade9-22d511d642be None None] enable_new_services = True {{(pid=108691) log_opt_values /opt/stack/data/venv/lib/python3.12/site-packages/oslo_config/cfg.py:2995}}
May 09 07:21:49.335389 np0000172987 devstack@n-api-meta.service[108691]: DEBUG nova.api.openstack.wsgi_app [None req-2bb9a39a-5e7b-4b5b-ade9-22d511d642be None None] flat_injected = False {{(pid=108691) log_opt_values /opt/stack/data/venv/lib/python3.12/site-packages/oslo_config/cfg.py:2995}}
May 09 07:21:49.335589 np0000172987 devstack@n-api-meta.service[108691]: DEBUG nova.api.openstack.wsgi_app [None req-2bb9a39a-5e7b-4b5b-ade9-22d511d642be None None] force_config_drive = False {{(pid=108691) log_opt_values /opt/stack/data/venv/lib/python3.12/site-packages/oslo_config/cfg.py:2995}}
May 09 07:21:49.335730 np0000172987 devstack@n-api-meta.service[108691]: DEBUG nova.api.openstack.wsgi_app [None req-2bb9a39a-5e7b-4b5b-ade9-22d511d642be None None] force_raw_images = True {{(pid=108691) log_opt_values /opt/stack/data/venv/lib/python3.12/site-packages/oslo_config/cfg.py:2995}}
May 09 07:21:49.335938 np0000172987 devstack@n-api-meta.service[108690]: DEBUG oslo_db.sqlalchemy.engines [None req-e226926f-99b4-4a2f-a5a0-2874db72fd4b None None] MySQL server mode set to STRICT_TRANS_TABLES,STRICT_ALL_TABLES,NO_ZERO_IN_DATE,NO_ZERO_DATE,ERROR_FOR_DIVISION_BY_ZERO,TRADITIONAL,NO_ENGINE_SUBSTITUTION {{(pid=108690) _check_effective_sql_mode /opt/stack/data/venv/lib/python3.12/site-packages/oslo_db/sqlalchemy/engines.py:325}}
May 09 07:21:49.335997 np0000172987 devstack@n-api-meta.service[108691]: DEBUG nova.api.openstack.wsgi_app [None req-2bb9a39a-5e7b-4b5b-ade9-22d511d642be None None] graceful_shutdown_timeout = 5 {{(pid=108691) log_opt_values /opt/stack/data/venv/lib/python3.12/site-packages/oslo_config/cfg.py:2995}}
May 09 07:21:49.336091 np0000172987 devstack@n-api-meta.service[108691]: DEBUG nova.api.openstack.wsgi_app [None req-2bb9a39a-5e7b-4b5b-ade9-22d511d642be None None] heal_instance_info_cache_interval = -1 {{(pid=108691) log_opt_values /opt/stack/data/venv/lib/python3.12/site-packages/oslo_config/cfg.py:2995}}
May 09 07:21:49.336269 np0000172987 devstack@n-api-meta.service[108691]: DEBUG nova.api.openstack.wsgi_app [None req-2bb9a39a-5e7b-4b5b-ade9-22d511d642be None None] host = np0000172987 {{(pid=108691) log_opt_values /opt/stack/data/venv/lib/python3.12/site-packages/oslo_config/cfg.py:2995}}
May 09 07:21:49.336435 np0000172987 devstack@n-api-meta.service[108691]: DEBUG nova.api.openstack.wsgi_app [None req-2bb9a39a-5e7b-4b5b-ade9-22d511d642be None None] initial_cpu_allocation_ratio = 4.0 {{(pid=108691) log_opt_values /opt/stack/data/venv/lib/python3.12/site-packages/oslo_config/cfg.py:2995}}
May 09 07:21:49.336596 np0000172987 devstack@n-api-meta.service[108691]: DEBUG nova.api.openstack.wsgi_app [None req-2bb9a39a-5e7b-4b5b-ade9-22d511d642be None None] initial_disk_allocation_ratio = 1.0 {{(pid=108691) log_opt_values /opt/stack/data/venv/lib/python3.12/site-packages/oslo_config/cfg.py:2995}}
May 09 07:21:49.336729 np0000172987 devstack@n-api-meta.service[108691]: DEBUG nova.api.openstack.wsgi_app [None req-2bb9a39a-5e7b-4b5b-ade9-22d511d642be None None] initial_ram_allocation_ratio = 1.0 {{(pid=108691) log_opt_values /opt/stack/data/venv/lib/python3.12/site-packages/oslo_config/cfg.py:2995}}
May 09 07:21:49.336904 np0000172987 devstack@n-api-meta.service[108691]: DEBUG nova.api.openstack.wsgi_app [None req-2bb9a39a-5e7b-4b5b-ade9-22d511d642be None None] injected_network_template = /opt/stack/nova/nova/virt/interfaces.template {{(pid=108691) log_opt_values /opt/stack/data/venv/lib/python3.12/site-packages/oslo_config/cfg.py:2995}}
May 09 07:21:49.337035 np0000172987 devstack@n-api-meta.service[108691]: DEBUG nova.api.openstack.wsgi_app [None req-2bb9a39a-5e7b-4b5b-ade9-22d511d642be None None] instance_build_timeout = 0 {{(pid=108691) log_opt_values /opt/stack/data/venv/lib/python3.12/site-packages/oslo_config/cfg.py:2995}}
May 09 07:21:49.337207 np0000172987 devstack@n-api-meta.service[108691]: DEBUG nova.api.openstack.wsgi_app [None req-2bb9a39a-5e7b-4b5b-ade9-22d511d642be None None] instance_delete_interval = 300 {{(pid=108691) log_opt_values /opt/stack/data/venv/lib/python3.12/site-packages/oslo_config/cfg.py:2995}}
May 09 07:21:49.337357 np0000172987 devstack@n-api-meta.service[108691]: DEBUG nova.api.openstack.wsgi_app [None req-2bb9a39a-5e7b-4b5b-ade9-22d511d642be None None] instance_format = [instance: %(uuid)s] {{(pid=108691) log_opt_values /opt/stack/data/venv/lib/python3.12/site-packages/oslo_config/cfg.py:2995}}
May 09 07:21:49.337491 np0000172987 devstack@n-api-meta.service[108691]: DEBUG nova.api.openstack.wsgi_app [None req-2bb9a39a-5e7b-4b5b-ade9-22d511d642be None None] instance_name_template = instance-%08x {{(pid=108691) log_opt_values /opt/stack/data/venv/lib/python3.12/site-packages/oslo_config/cfg.py:2995}}
May 09 07:21:49.337647 np0000172987 devstack@n-api-meta.service[108691]: DEBUG nova.api.openstack.wsgi_app [None req-2bb9a39a-5e7b-4b5b-ade9-22d511d642be None None] instance_usage_audit = False {{(pid=108691) log_opt_values /opt/stack/data/venv/lib/python3.12/site-packages/oslo_config/cfg.py:2995}}
May 09 07:21:49.337985 np0000172987 devstack@n-api-meta.service[108691]: DEBUG nova.api.openstack.wsgi_app [None req-2bb9a39a-5e7b-4b5b-ade9-22d511d642be None None] instance_usage_audit_period = month {{(pid=108691) log_opt_values /opt/stack/data/venv/lib/python3.12/site-packages/oslo_config/cfg.py:2995}}
May 09 07:21:49.338112 np0000172987 devstack@n-api-meta.service[108691]: DEBUG nova.api.openstack.wsgi_app [None req-2bb9a39a-5e7b-4b5b-ade9-22d511d642be None None] instance_uuid_format = [instance: %(uuid)s] {{(pid=108691) log_opt_values /opt/stack/data/venv/lib/python3.12/site-packages/oslo_config/cfg.py:2995}}
May 09 07:21:49.338254 np0000172987 devstack@n-api-meta.service[108691]: DEBUG nova.api.openstack.wsgi_app [None req-2bb9a39a-5e7b-4b5b-ade9-22d511d642be None None] instances_path = /opt/stack/data/nova/instances {{(pid=108691) log_opt_values /opt/stack/data/venv/lib/python3.12/site-packages/oslo_config/cfg.py:2995}}
May 09 07:21:49.338393 np0000172987 devstack@n-api-meta.service[108691]: DEBUG nova.api.openstack.wsgi_app [None req-2bb9a39a-5e7b-4b5b-ade9-22d511d642be None None] internal_service_availability_zone = internal {{(pid=108691) log_opt_values /opt/stack/data/venv/lib/python3.12/site-packages/oslo_config/cfg.py:2995}}
