Aug 16 23:06:32.066039 np0000189909 devstack@neutron-api.service[101436]: DEBUG neutron.api.extensions [None req-ab3bfec4-8e2c-4a98-95d2-375955f0041b None None] Loading extension file: flavors.py {{(pid=101436) _load_all_extensions_from_path /opt/stack/neutron/neutron/api/extensions.py:449}}
Aug 16 23:06:32.066446 np0000189909 devstack@neutron-api.service[101436]: DEBUG neutron.api.extensions [None req-ab3bfec4-8e2c-4a98-95d2-375955f0041b None None] Ext name="Neutron Service Flavors" alias="flavors" description="Flavor specification for Neutron advanced services." updated="2015-09-17T10:00:00-00:00" {{(pid=101436) _check_extension /opt/stack/neutron/neutron/api/extensions.py:415}}
Aug 16 23:06:32.066446 np0000189909 devstack@neutron-api.service[101436]: INFO neutron.api.extensions [None req-ab3bfec4-8e2c-4a98-95d2-375955f0041b None None] Loaded extension: flavors
Aug 16 23:06:32.066632 np0000189909 devstack@neutron-api.service[101436]: DEBUG neutron.api.extensions [None req-ab3bfec4-8e2c-4a98-95d2-375955f0041b None None] Loading extension file: floating_ip_port_forwarding.py {{(pid=101436) _load_all_extensions_from_path /opt/stack/neutron/neutron/api/extensions.py:449}}
Aug 16 23:06:32.066923 np0000189909 devstack@neutron-api.service[101436]: DEBUG neutron.api.extensions [None req-ab3bfec4-8e2c-4a98-95d2-375955f0041b None None] Ext name="Floating IP Port Forwarding" alias="floating-ip-port-forwarding" description="Allow port forwarding from floating IP port to an internal port" updated="2018-01-19T10:00:00-00:00" {{(pid=101436) _check_extension /opt/stack/neutron/neutron/api/extensions.py:415}}
Aug 16 23:06:32.067114 np0000189909 devstack@neutron-api.service[101436]: INFO neutron.api.extensions [None req-ab3bfec4-8e2c-4a98-95d2-375955f0041b None None] Extension floating-ip-port-forwarding not supported by any of loaded plugins
Aug 16 23:06:32.067290 np0000189909 devstack@neutron-api.service[101436]: DEBUG neutron.api.extensions [None req-ab3bfec4-8e2c-4a98-95d2-375955f0041b None None] Loading extension file: floatingip_pools.py {{(pid=101436) _load_all_extensions_from_path /opt/stack/neutron/neutron/api/extensions.py:449}}
Aug 16 23:06:32.067502 np0000189909 devstack@neutron-api.service[101436]: DEBUG neutron.api.extensions [None req-ab3bfec4-8e2c-4a98-95d2-375955f0041b None None] Ext name="Floating IP Pools Extension" alias="floatingip-pools" description="Provides a floating IP pools API." updated="2018-03-21T10:00:00-00:00" {{(pid=101436) _check_extension /opt/stack/neutron/neutron/api/extensions.py:415}}
Aug 16 23:06:32.067636 np0000189909 devstack@neutron-api.service[101437]: INFO neutron.plugins.ml2.drivers.type_vlan [None req-bcfaed8b-74ed-4f12-941a-a17ecd227e3f None None] VlanTypeDriver initialization complete
Aug 16 23:06:32.068145 np0000189909 devstack@neutron-api.service[101436]: INFO neutron.api.extensions [None req-ab3bfec4-8e2c-4a98-95d2-375955f0041b None None] Loaded extension: floatingip-pools
Aug 16 23:06:32.068237 np0000189909 devstack@neutron-api.service[101437]: INFO neutron.plugins.ml2.managers [None req-bcfaed8b-74ed-4f12-941a-a17ecd227e3f None None] Initializing extension driver 'port_security'
Aug 16 23:06:32.068542 np0000189909 devstack@neutron-api.service[101436]: DEBUG neutron.api.extensions [None req-ab3bfec4-8e2c-4a98-95d2-375955f0041b None None] Loading extension file: ip_allocation.py {{(pid=101436) _load_all_extensions_from_path /opt/stack/neutron/neutron/api/extensions.py:449}}
Aug 16 23:06:32.068895 np0000189909 devstack@neutron-api.service[101437]: INFO neutron.plugins.ml2.extensions.port_security [None req-bcfaed8b-74ed-4f12-941a-a17ecd227e3f None None] PortSecurityExtensionDriver initialization complete
Aug 16 23:06:32.069176 np0000189909 devstack@neutron-api.service[101436]: DEBUG neutron.api.extensions [None req-ab3bfec4-8e2c-4a98-95d2-375955f0041b None None] Ext name="IP Allocation" alias="ip_allocation" description="IP allocation extension." updated="2016-06-10T23:00:00-00:00" {{(pid=101436) _check_extension /opt/stack/neutron/neutron/api/extensions.py:415}}
Aug 16 23:06:32.069472 np0000189909 devstack@neutron-api.service[101437]: INFO neutron.plugins.ml2.managers [None req-bcfaed8b-74ed-4f12-941a-a17ecd227e3f None None] Initializing extension driver 'qos'
Aug 16 23:06:32.069472 np0000189909 devstack@neutron-api.service[101437]: DEBUG neutron.plugins.ml2.extensions.qos [None req-bcfaed8b-74ed-4f12-941a-a17ecd227e3f None None] QosExtensionDriver initialization complete {{(pid=101437) initialize /opt/stack/neutron/neutron/plugins/ml2/extensions/qos.py:31}}
Aug 16 23:06:32.069800 np0000189909 devstack@neutron-api.service[101436]: INFO neutron.api.extensions [None req-ab3bfec4-8e2c-4a98-95d2-375955f0041b None None] Extension ip_allocation not supported by any of loaded plugins
Aug 16 23:06:32.069800 np0000189909 devstack@neutron-api.service[101436]: DEBUG neutron.api.extensions [None req-ab3bfec4-8e2c-4a98-95d2-375955f0041b None None] Loading extension file: ip_substring_port_filtering.py {{(pid=101436) _load_all_extensions_from_path /opt/stack/neutron/neutron/api/extensions.py:449}}
Aug 16 23:06:32.069891 np0000189909 devstack@neutron-api.service[101437]: INFO neutron.plugins.ml2.managers [None req-bcfaed8b-74ed-4f12-941a-a17ecd227e3f None None] Initializing mechanism driver 'ovn'
Aug 16 23:06:32.069891 np0000189909 devstack@neutron-api.service[101437]: INFO neutron.plugins.ml2.drivers.ovn.mech_driver.mech_driver [None req-bcfaed8b-74ed-4f12-941a-a17ecd227e3f None None] Starting OVNMechanismDriver
Aug 16 23:06:32.070007 np0000189909 devstack@neutron-api.service[101436]: DEBUG neutron.api.extensions [None req-ab3bfec4-8e2c-4a98-95d2-375955f0041b None None] Ext name="IP address substring filtering" alias="ip-substring-filtering" description="Provides IP address substring filtering when listing ports" updated="2017-11-28T09:00:00-00:00" {{(pid=101436) _check_extension /opt/stack/neutron/neutron/api/extensions.py:415}}
Aug 16 23:06:32.070007 np0000189909 devstack@neutron-api.service[101436]: INFO neutron.api.extensions [None req-ab3bfec4-8e2c-4a98-95d2-375955f0041b None None] Extension ip-substring-filtering not supported by any of loaded plugins
Aug 16 23:06:32.070007 np0000189909 devstack@neutron-api.service[101436]: DEBUG neutron.api.extensions [None req-ab3bfec4-8e2c-4a98-95d2-375955f0041b None None] Loading extension file: l2_adjacency.py {{(pid=101436) _load_all_extensions_from_path /opt/stack/neutron/neutron/api/extensions.py:449}}
Aug 16 23:06:32.070007 np0000189909 devstack@neutron-api.service[101436]: DEBUG neutron.api.extensions [None req-ab3bfec4-8e2c-4a98-95d2-375955f0041b None None] Ext name="L2 Adjacency" alias="l2_adjacency" description="Display L2 Adjacency for Neutron Networks." updated="2016-04-12T16:00:00-00:00" {{(pid=101436) _check_extension /opt/stack/neutron/neutron/api/extensions.py:415}}
Aug 16 23:06:32.070007 np0000189909 devstack@neutron-api.service[101436]: INFO neutron.api.extensions [None req-ab3bfec4-8e2c-4a98-95d2-375955f0041b None None] Extension l2_adjacency not supported by any of loaded plugins
Aug 16 23:06:32.070007 np0000189909 devstack@neutron-api.service[101436]: DEBUG neutron.api.extensions [None req-ab3bfec4-8e2c-4a98-95d2-375955f0041b None None] Loading extension file: l3.py {{(pid=101436) _load_all_extensions_from_path /opt/stack/neutron/neutron/api/extensions.py:449}}
Aug 16 23:06:32.070238 np0000189909 devstack@neutron-api.service[101436]: DEBUG neutron.api.extensions [None req-ab3bfec4-8e2c-4a98-95d2-375955f0041b None None] Ext name="Neutron L3 Router" alias="router" description="Router abstraction for basic L3 forwarding between L2 Neutron networks and access to external networks via a NAT gateway." updated="2012-07-20T10:00:00-00:00" {{(pid=101436) _check_extension /opt/stack/neutron/neutron/api/extensions.py:415}}
Aug 16 23:06:32.070238 np0000189909 devstack@neutron-api.service[101436]: INFO neutron.api.extensions [None req-ab3bfec4-8e2c-4a98-95d2-375955f0041b None None] Loaded extension: router
Aug 16 23:06:32.070238 np0000189909 devstack@neutron-api.service[101436]: DEBUG neutron.api.extensions [None req-ab3bfec4-8e2c-4a98-95d2-375955f0041b None None] Loading extension file: l3_agent_scheduler_ha_chassis_priority.py {{(pid=101436) _load_all_extensions_from_path /opt/stack/neutron/neutron/api/extensions.py:449}}
Aug 16 23:06:32.070404 np0000189909 devstack@neutron-api.service[101437]: DEBUG neutron_lib.callbacks.manager [None req-bcfaed8b-74ed-4f12-941a-a17ecd227e3f None None] Subscribe: > process before_spawn 55550000, False {{(pid=101437) subscribe /opt/stack/data/venv/lib/python3.12/site-packages/neutron_lib/callbacks/manager.py:52}}
Aug 16 23:06:32.070404 np0000189909 devstack@neutron-api.service[101437]: DEBUG neutron_lib.callbacks.manager [None req-bcfaed8b-74ed-4f12-941a-a17ecd227e3f None None] Subscribe: > process after_init 55550000, True {{(pid=101437) subscribe /opt/stack/data/venv/lib/python3.12/site-packages/neutron_lib/callbacks/manager.py:52}}
Aug 16 23:06:32.070525 np0000189909 devstack@neutron-api.service[101436]: DEBUG neutron.api.extensions [None req-ab3bfec4-8e2c-4a98-95d2-375955f0041b None None] Ext name="L3 Agent Scheduler HA Chassis Priority" alias="l3-agent-scheduler-ha-chassis-priority" description="Exposes the HA_Chassis priority in the L3 Agent Scheduler API responses and allows setting priority when scheduling a router to a chassis." updated="2026-03-31T00:00:00-00:00" {{(pid=101436) _check_extension /opt/stack/neutron/neutron/api/extensions.py:415}}
Aug 16 23:06:32.070598 np0000189909 devstack@neutron-api.service[101437]: DEBUG neutron_lib.callbacks.manager [None req-bcfaed8b-74ed-4f12-941a-a17ecd227e3f None None] Subscribe: > segment after_create 55550000, False {{(pid=101437) subscribe /opt/stack/data/venv/lib/python3.12/site-packages/neutron_lib/callbacks/manager.py:52}}
Aug 16 23:06:32.070707 np0000189909 devstack@neutron-api.service[101436]: INFO neutron.api.extensions [None req-ab3bfec4-8e2c-4a98-95d2-375955f0041b None None] Loaded extension: l3-agent-scheduler-ha-chassis-priority
Aug 16 23:06:32.070768 np0000189909 devstack@neutron-api.service[101437]: DEBUG neutron_lib.callbacks.manager [None req-bcfaed8b-74ed-4f12-941a-a17ecd227e3f None None] Subscribe: > segment after_create 55550000, False {{(pid=101437) subscribe /opt/stack/data/venv/lib/python3.12/site-packages/neutron_lib/callbacks/manager.py:52}}
Aug 16 23:06:32.070864 np0000189909 devstack@neutron-api.service[101436]: DEBUG neutron.api.extensions [None req-ab3bfec4-8e2c-4a98-95d2-375955f0041b None None] Loading extension file: l3_conntrack_helper.py {{(pid=101436) _load_all_extensions_from_path /opt/stack/neutron/neutron/api/extensions.py:449}}
Aug 16 23:06:32.070927 np0000189909 devstack@neutron-api.service[101437]: DEBUG neutron_lib.callbacks.manager [None req-bcfaed8b-74ed-4f12-941a-a17ecd227e3f None None] Subscribe: > segment after_delete 55550000, False {{(pid=101437) subscribe /opt/stack/data/venv/lib/python3.12/site-packages/neutron_lib/callbacks/manager.py:52}}
Aug 16 23:06:32.070927 np0000189909 devstack@neutron-api.service[101437]: DEBUG neutron_lib.callbacks.manager [None req-bcfaed8b-74ed-4f12-941a-a17ecd227e3f None None] Subscribe: > allowed_address_pair before_create 55550000, False {{(pid=101437) subscribe /opt/stack/data/venv/lib/python3.12/site-packages/neutron_lib/callbacks/manager.py:52}}
Aug 16 23:06:32.070927 np0000189909 devstack@neutron-api.service[101437]: DEBUG neutron_lib.callbacks.manager [None req-bcfaed8b-74ed-4f12-941a-a17ecd227e3f None None] Subscribe: > security_group precommit_create 55550000, False {{(pid=101437) subscribe /opt/stack/data/venv/lib/python3.12/site-packages/neutron_lib/callbacks/manager.py:52}}
Aug 16 23:06:32.070927 np0000189909 devstack@neutron-api.service[101437]: DEBUG neutron_lib.callbacks.manager [None req-bcfaed8b-74ed-4f12-941a-a17ecd227e3f None None] Subscribe: > security_group after_update 55550000, False {{(pid=101437) subscribe /opt/stack/data/venv/lib/python3.12/site-packages/neutron_lib/callbacks/manager.py:52}}
Aug 16 23:06:32.071100 np0000189909 devstack@neutron-api.service[101437]: DEBUG neutron_lib.callbacks.manager [None req-bcfaed8b-74ed-4f12-941a-a17ecd227e3f None None] Subscribe: > security_group after_create 55550000, False {{(pid=101437) subscribe /opt/stack/data/venv/lib/python3.12/site-packages/neutron_lib/callbacks/manager.py:52}}
Aug 16 23:06:32.071100 np0000189909 devstack@neutron-api.service[101437]: DEBUG neutron_lib.callbacks.manager [None req-bcfaed8b-74ed-4f12-941a-a17ecd227e3f None None] Subscribe: > security_group precommit_delete 55550000, False {{(pid=101437) subscribe /opt/stack/data/venv/lib/python3.12/site-packages/neutron_lib/callbacks/manager.py:52}}
Aug 16 23:06:32.071229 np0000189909 devstack@neutron-api.service[101436]: DEBUG neutron.api.extensions [None req-ab3bfec4-8e2c-4a98-95d2-375955f0041b None None] Ext name="L3 Conntrack helper" alias="l3-conntrack-helper" description="Allow adding CT target rules for conntrack helper" updated="2019-04-04T10:00:00-00:00" {{(pid=101436) _check_extension /opt/stack/neutron/neutron/api/extensions.py:415}}
Aug 16 23:06:32.071490 np0000189909 devstack@neutron-api.service[101437]: DEBUG neutron_lib.callbacks.manager [None req-bcfaed8b-74ed-4f12-941a-a17ecd227e3f None None] Subscribe: > security_group after_delete 55550000, False {{(pid=101437) subscribe /opt/stack/data/venv/lib/python3.12/site-packages/neutron_lib/callbacks/manager.py:52}}
Aug 16 23:06:32.071490 np0000189909 devstack@neutron-api.service[101437]: DEBUG neutron_lib.callbacks.manager [None req-bcfaed8b-74ed-4f12-941a-a17ecd227e3f None None] Subscribe: > security_group_rule precommit_create 55550000, False {{(pid=101437) subscribe /opt/stack/data/venv/lib/python3.12/site-packages/neutron_lib/callbacks/manager.py:52}}
Aug 16 23:06:32.071702 np0000189909 devstack@neutron-api.service[101436]: INFO neutron.api.extensions [None req-ab3bfec4-8e2c-4a98-95d2-375955f0041b None None] Extension l3-conntrack-helper not supported by any of loaded plugins
Aug 16 23:06:32.071793 np0000189909 devstack@neutron-api.service[101437]: DEBUG neutron_lib.callbacks.manager [None req-bcfaed8b-74ed-4f12-941a-a17ecd227e3f None None] Subscribe: > security_group_rule after_create 55550000, False {{(pid=101437) subscribe /opt/stack/data/venv/lib/python3.12/site-packages/neutron_lib/callbacks/manager.py:52}}
Aug 16 23:06:32.071884 np0000189909 devstack@neutron-api.service[101436]: DEBUG neutron.api.extensions [None req-ab3bfec4-8e2c-4a98-95d2-375955f0041b None None] Loading extension file: l3_enable_default_route_bfd.py {{(pid=101436) _load_all_extensions_from_path /opt/stack/neutron/neutron/api/extensions.py:449}}
Aug 16 23:06:32.071955 np0000189909 devstack@neutron-api.service[101437]: DEBUG neutron_lib.callbacks.manager [None req-bcfaed8b-74ed-4f12-941a-a17ecd227e3f None None] Subscribe: > security_group_rule before_delete 55550000, False {{(pid=101437) subscribe /opt/stack/data/venv/lib/python3.12/site-packages/neutron_lib/callbacks/manager.py:52}}
Aug 16 23:06:32.071955 np0000189909 devstack@neutron-api.service[101437]: DEBUG neutron_lib.callbacks.manager [None req-bcfaed8b-74ed-4f12-941a-a17ecd227e3f None None] Subscribe: > address_group after_create 55550000, False {{(pid=101437) subscribe /opt/stack/data/venv/lib/python3.12/site-packages/neutron_lib/callbacks/manager.py:52}}
Aug 16 23:06:32.072078 np0000189909 devstack@neutron-api.service[101436]: DEBUG neutron.api.extensions [None req-ab3bfec4-8e2c-4a98-95d2-375955f0041b None None] Ext name="Enable Default Route BFD" alias="enable-default-route-bfd" description="Enables configurable BFD behavior for default routes" updated="2023-02-27T00:00:00-00:00" {{(pid=101436) _check_extension /opt/stack/neutron/neutron/api/extensions.py:415}}
Aug 16 23:06:32.072214 np0000189909 devstack@neutron-api.service[101437]: DEBUG neutron_lib.callbacks.manager [None req-bcfaed8b-74ed-4f12-941a-a17ecd227e3f None None] Subscribe: > address_group after_update 55550000, False {{(pid=101437) subscribe /opt/stack/data/venv/lib/python3.12/site-packages/neutron_lib/callbacks/manager.py:52}}
Aug 16 23:06:32.072214 np0000189909 devstack@neutron-api.service[101437]: DEBUG neutron_lib.callbacks.manager [None req-bcfaed8b-74ed-4f12-941a-a17ecd227e3f None None] Subscribe: > address_group after_delete 55550000, False {{(pid=101437) subscribe /opt/stack/data/venv/lib/python3.12/site-packages/neutron_lib/callbacks/manager.py:52}}
Aug 16 23:06:32.072338 np0000189909 devstack@neutron-api.service[101436]: INFO neutron.api.extensions [None req-ab3bfec4-8e2c-4a98-95d2-375955f0041b None None] Loaded extension: enable-default-route-bfd
Aug 16 23:06:32.072338 np0000189909 devstack@neutron-api.service[101436]: DEBUG neutron.api.extensions [None req-ab3bfec4-8e2c-4a98-95d2-375955f0041b None None] Loading extension file: l3_enable_default_route_ecmp.py {{(pid=101436) _load_all_extensions_from_path /opt/stack/neutron/neutron/api/extensions.py:449}}
Aug 16 23:06:32.072450 np0000189909 devstack@neutron-api.service[101437]: DEBUG neutron_lib.callbacks.manager [None req-bcfaed8b-74ed-4f12-941a-a17ecd227e3f None None] Subscribe: > qos_plugin after_init 55550000, False {{(pid=101437) subscribe /opt/stack/data/venv/lib/python3.12/site-packages/neutron_lib/callbacks/manager.py:52}}
Aug 16 23:06:32.072517 np0000189909 devstack@neutron-api.service[101436]: DEBUG neutron.api.extensions [None req-ab3bfec4-8e2c-4a98-95d2-375955f0041b None None] Ext name="Enable Default Route ECMP" alias="enable-default-route-ecmp" description="Enables configurable ECMP behavior for default routes" updated="2023-02-27T00:00:00-00:00" {{(pid=101436) _check_extension /opt/stack/neutron/neutron/api/extensions.py:415}}
Aug 16 23:06:32.072630 np0000189909 devstack@neutron-api.service[101437]: DEBUG neutron_lib.callbacks.manager [None req-bcfaed8b-74ed-4f12-941a-a17ecd227e3f None None] Subscribe: > trunk_plugin after_init 55550000, False {{(pid=101437) subscribe /opt/stack/data/venv/lib/python3.12/site-packages/neutron_lib/callbacks/manager.py:52}}
Aug 16 23:06:32.072762 np0000189909 devstack@neutron-api.service[101436]: INFO neutron.api.extensions [None req-ab3bfec4-8e2c-4a98-95d2-375955f0041b None None] Loaded extension: enable-default-route-ecmp
Aug 16 23:06:32.072871 np0000189909 devstack@neutron-api.service[101437]: DEBUG neutron_lib.callbacks.manager [None req-bcfaed8b-74ed-4f12-941a-a17ecd227e3f None None] Subscribe: > logging-plugin after_init 55550000, False {{(pid=101437) subscribe /opt/stack/data/venv/lib/python3.12/site-packages/neutron_lib/callbacks/manager.py:52}}
Aug 16 23:06:32.072938 np0000189909 devstack@neutron-api.service[101436]: DEBUG neutron.api.extensions [None req-ab3bfec4-8e2c-4a98-95d2-375955f0041b None None] Loading extension file: l3_ext_gw_mode.py {{(pid=101436) _load_all_extensions_from_path /opt/stack/neutron/neutron/api/extensions.py:449}}
Aug 16 23:06:32.072938 np0000189909 devstack@neutron-api.service[101436]: DEBUG neutron.api.extensions [None req-ab3bfec4-8e2c-4a98-95d2-375955f0041b None None] Ext name="Neutron L3 Configurable external gateway mode" alias="ext-gw-mode" description="Extension of the router abstraction for specifying whether SNAT should occur on the external gateway" updated="2013-03-28T10:00:00-00:00" {{(pid=101436) _check_extension /opt/stack/neutron/neutron/api/extensions.py:415}}
Aug 16 23:06:32.072938 np0000189909 devstack@neutron-api.service[101436]: INFO neutron.api.extensions [None req-ab3bfec4-8e2c-4a98-95d2-375955f0041b None None] Loaded extension: ext-gw-mode
Aug 16 23:06:32.073079 np0000189909 devstack@neutron-api.service[101437]: INFO neutron.services.logapi.drivers.ovn.driver [None req-bcfaed8b-74ed-4f12-941a-a17ecd227e3f None None] OVN logging driver registered
Aug 16 23:06:32.073170 np0000189909 devstack@neutron-api.service[101436]: DEBUG neutron.api.extensions [None req-ab3bfec4-8e2c-4a98-95d2-375955f0041b None None] Loading extension file: l3_ext_ha_mode.py {{(pid=101436) _load_all_extensions_from_path /opt/stack/neutron/neutron/api/extensions.py:449}}
Aug 16 23:06:32.073251 np0000189909 devstack@neutron-api.service[101437]: DEBUG neutron_lib.callbacks.manager [None req-bcfaed8b-74ed-4f12-941a-a17ecd227e3f None None] Subscribe: ._register_pvlan_driver at 0x7f43001b4680> pvlan_plugin before_spawn 55550000, False {{(pid=101437) subscribe /opt/stack/data/venv/lib/python3.12/site-packages/neutron_lib/callbacks/manager.py:52}}
Aug 16 23:06:32.073251 np0000189909 devstack@neutron-api.service[101437]: DEBUG neutron_lib.callbacks.manager [None req-bcfaed8b-74ed-4f12-941a-a17ecd227e3f None None] Subscribe: process after_init 55550000, False {{(pid=101437) subscribe /opt/stack/data/venv/lib/python3.12/site-packages/neutron_lib/callbacks/manager.py:52}}
Aug 16 23:06:32.073344 np0000189909 devstack@neutron-api.service[101436]: DEBUG neutron.api.extensions [None req-ab3bfec4-8e2c-4a98-95d2-375955f0041b None None] Ext name="HA Router extension" alias="l3-ha" description="Adds HA capability to routers." updated="2014-04-26T00:00:00-00:00" {{(pid=101436) _check_extension /opt/stack/neutron/neutron/api/extensions.py:415}}
Aug 16 23:06:32.073344 np0000189909 devstack@neutron-api.service[101436]: INFO neutron.api.extensions [None req-ab3bfec4-8e2c-4a98-95d2-375955f0041b None None] Loaded extension: l3-ha
Aug 16 23:06:32.073344 np0000189909 devstack@neutron-api.service[101436]: DEBUG neutron.api.extensions [None req-ab3bfec4-8e2c-4a98-95d2-375955f0041b None None] Loading extension file: l3_ext_ndp_proxy.py {{(pid=101436) _load_all_extensions_from_path /opt/stack/neutron/neutron/api/extensions.py:449}}
Aug 16 23:06:32.073344 np0000189909 devstack@neutron-api.service[101436]: DEBUG neutron.api.extensions [None req-ab3bfec4-8e2c-4a98-95d2-375955f0041b None None] Ext name="Router support to enable NDP proxy" alias="l3-ext-ndp-proxy" description="Router extension to enable ndp proxy" updated="2020-08-25T00:00:00-00:00" {{(pid=101436) _check_extension /opt/stack/neutron/neutron/api/extensions.py:415}}
Aug 16 23:06:32.073542 np0000189909 devstack@neutron-api.service[101436]: INFO neutron.api.extensions [None req-ab3bfec4-8e2c-4a98-95d2-375955f0041b None None] Extension l3-ext-ndp-proxy not supported by any of loaded plugins
Aug 16 23:06:32.073542 np0000189909 devstack@neutron-api.service[101436]: DEBUG neutron.api.extensions [None req-ab3bfec4-8e2c-4a98-95d2-375955f0041b None None] Loading extension file: l3_extra_gws.py {{(pid=101436) _load_all_extensions_from_path /opt/stack/neutron/neutron/api/extensions.py:449}}
Aug 16 23:06:32.073984 np0000189909 devstack@neutron-api.service[101436]: DEBUG neutron.api.extensions [None req-ab3bfec4-8e2c-4a98-95d2-375955f0041b None None] Ext name="Neutron L3 External Gateway Multihoming" alias="external-gateway-multihoming" description="Allow multiple external gateway ports per router" updated="2023-01-18T00:00:00-00:00" {{(pid=101436) _check_extension /opt/stack/neutron/neutron/api/extensions.py:415}}
Aug 16 23:06:32.073984 np0000189909 devstack@neutron-api.service[101436]: INFO neutron.api.extensions [None req-ab3bfec4-8e2c-4a98-95d2-375955f0041b None None] Loaded extension: external-gateway-multihoming
Aug 16 23:06:32.074155 np0000189909 devstack@neutron-api.service[101436]: DEBUG neutron.api.extensions [None req-ab3bfec4-8e2c-4a98-95d2-375955f0041b None None] Loading extension file: l3_flavors.py {{(pid=101436) _load_all_extensions_from_path /opt/stack/neutron/neutron/api/extensions.py:449}}
Aug 16 23:06:32.074365 np0000189909 devstack@neutron-api.service[101437]: DEBUG neutron.plugins.ml2.plugin [None req-bcfaed8b-74ed-4f12-941a-a17ecd227e3f None None] neutron.plugins.ml2.plugin.Ml2Plugin method _start_rpc_notifiers called with arguments () {} {{(pid=101437) wrapper /opt/stack/data/venv/lib/python3.12/site-packages/oslo_log/helpers.py:77}}
Aug 16 23:06:32.074458 np0000189909 devstack@neutron-api.service[101436]: DEBUG neutron.api.extensions [None req-ab3bfec4-8e2c-4a98-95d2-375955f0041b None None] Ext name="Router Flavor Extension" alias="l3-flavors" description="Flavor support for routers." updated="2016-05-17T00:00:00-00:00" {{(pid=101436) _check_extension /opt/stack/neutron/neutron/api/extensions.py:415}}
Aug 16 23:06:32.074626 np0000189909 devstack@neutron-api.service[101436]: INFO neutron.api.extensions [None req-ab3bfec4-8e2c-4a98-95d2-375955f0041b None None] Loaded extension: l3-flavors
Aug 16 23:06:32.074789 np0000189909 devstack@neutron-api.service[101437]: DEBUG neutron_lib.callbacks.manager [None req-bcfaed8b-74ed-4f12-941a-a17ecd227e3f None None] Subscribe: > port after_create 55550000, False {{(pid=101437) subscribe /opt/stack/data/venv/lib/python3.12/site-packages/neutron_lib/callbacks/manager.py:52}}
Aug 16 23:06:32.074881 np0000189909 devstack@neutron-api.service[101436]: DEBUG neutron.api.extensions [None req-ab3bfec4-8e2c-4a98-95d2-375955f0041b None None] Loading extension file: l3_ndp_proxy.py {{(pid=101436) _load_all_extensions_from_path /opt/stack/neutron/neutron/api/extensions.py:449}}
Aug 16 23:06:32.074992 np0000189909 devstack@neutron-api.service[101437]: DEBUG neutron_lib.callbacks.manager [None req-bcfaed8b-74ed-4f12-941a-a17ecd227e3f None None] Subscribe: > port after_update 55550000, False {{(pid=101437) subscribe /opt/stack/data/venv/lib/python3.12/site-packages/neutron_lib/callbacks/manager.py:52}}
Aug 16 23:06:32.074992 np0000189909 devstack@neutron-api.service[101437]: DEBUG neutron_lib.callbacks.manager [None req-bcfaed8b-74ed-4f12-941a-a17ecd227e3f None None] Subscribe: > port after_delete 55550000, False {{(pid=101437) subscribe /opt/stack/data/venv/lib/python3.12/site-packages/neutron_lib/callbacks/manager.py:52}}
Aug 16 23:06:32.074992 np0000189909 devstack@neutron-api.service[101437]: DEBUG neutron_lib.callbacks.manager [None req-bcfaed8b-74ed-4f12-941a-a17ecd227e3f None None] Subscribe: > subnet after_create 55550000, False {{(pid=101437) subscribe /opt/stack/data/venv/lib/python3.12/site-packages/neutron_lib/callbacks/manager.py:52}}
Aug 16 23:06:32.075157 np0000189909 devstack@neutron-api.service[101436]: DEBUG neutron.api.extensions [None req-ab3bfec4-8e2c-4a98-95d2-375955f0041b None None] Ext name="name" alias="l3-ndp-proxy" description="description" updated="2021-06-29T10:00:00-00:00" {{(pid=101436) _check_extension /opt/stack/neutron/neutron/api/extensions.py:415}}
Aug 16 23:06:32.075283 np0000189909 devstack@neutron-api.service[101437]: DEBUG neutron_lib.callbacks.manager [None req-bcfaed8b-74ed-4f12-941a-a17ecd227e3f None None] Subscribe: > subnet after_update 55550000, False {{(pid=101437) subscribe /opt/stack/data/venv/lib/python3.12/site-packages/neutron_lib/callbacks/manager.py:52}}
Aug 16 23:06:32.075381 np0000189909 devstack@neutron-api.service[101436]: INFO neutron.api.extensions [None req-ab3bfec4-8e2c-4a98-95d2-375955f0041b None None] Extension l3-ndp-proxy not supported by any of loaded plugins
Aug 16 23:06:32.075517 np0000189909 devstack@neutron-api.service[101437]: DEBUG neutron_lib.callbacks.manager [None req-bcfaed8b-74ed-4f12-941a-a17ecd227e3f None None] Subscribe: > subnet after_delete 55550000, False {{(pid=101437) subscribe /opt/stack/data/venv/lib/python3.12/site-packages/neutron_lib/callbacks/manager.py:52}}
Aug 16 23:06:32.075628 np0000189909 devstack@neutron-api.service[101436]: DEBUG neutron.api.extensions [None req-ab3bfec4-8e2c-4a98-95d2-375955f0041b None None] Loading extension file: l3_port_ip_change_not_allowed.py {{(pid=101436) _load_all_extensions_from_path /opt/stack/neutron/neutron/api/extensions.py:449}}
Aug 16 23:06:32.075784 np0000189909 devstack@neutron-api.service[101437]: DEBUG neutron_lib.callbacks.manager [None req-bcfaed8b-74ed-4f12-941a-a17ecd227e3f None None] Subscribe: > network after_create 55550000, False {{(pid=101437) subscribe /opt/stack/data/venv/lib/python3.12/site-packages/neutron_lib/callbacks/manager.py:52}}
Aug 16 23:06:32.075784 np0000189909 devstack@neutron-api.service[101437]: DEBUG neutron_lib.callbacks.manager [None req-bcfaed8b-74ed-4f12-941a-a17ecd227e3f None None] Subscribe: > network after_update 55550000, False {{(pid=101437) subscribe /opt/stack/data/venv/lib/python3.12/site-packages/neutron_lib/callbacks/manager.py:52}}
Aug 16 23:06:32.075784 np0000189909 devstack@neutron-api.service[101437]: DEBUG neutron_lib.callbacks.manager [None req-bcfaed8b-74ed-4f12-941a-a17ecd227e3f None None] Subscribe: > network after_delete 55550000, False {{(pid=101437) subscribe /opt/stack/data/venv/lib/python3.12/site-packages/neutron_lib/callbacks/manager.py:52}}
Aug 16 23:06:32.075924 np0000189909 devstack@neutron-api.service[101436]: DEBUG neutron.api.extensions [None req-ab3bfec4-8e2c-4a98-95d2-375955f0041b None None] Ext name="Prevent L3 router ports IP address change extension" alias="l3-port-ip-change-not-allowed" description="Prevent change of IP address for some L3 router ports" updated="2018-10-09T10:00:00-00:00" {{(pid=101436) _check_extension /opt/stack/neutron/neutron/api/extensions.py:415}}
Aug 16 23:06:32.076121 np0000189909 devstack@neutron-api.service[101437]: DEBUG neutron_lib.callbacks.manager [None req-bcfaed8b-74ed-4f12-941a-a17ecd227e3f None None] Subscribe: > security_group after_create 55550000, False {{(pid=101437) subscribe /opt/stack/data/venv/lib/python3.12/site-packages/neutron_lib/callbacks/manager.py:52}}
Aug 16 23:06:32.076121 np0000189909 devstack@neutron-api.service[101437]: DEBUG neutron_lib.callbacks.manager [None req-bcfaed8b-74ed-4f12-941a-a17ecd227e3f None None] Subscribe: > security_group after_update 55550000, False {{(pid=101437) subscribe /opt/stack/data/venv/lib/python3.12/site-packages/neutron_lib/callbacks/manager.py:52}}
Aug 16 23:06:32.076248 np0000189909 devstack@neutron-api.service[101436]: INFO neutron.api.extensions [None req-ab3bfec4-8e2c-4a98-95d2-375955f0041b None None] Extension l3-port-ip-change-not-allowed not supported by any of loaded plugins
Aug 16 23:06:32.076457 np0000189909 devstack@neutron-api.service[101437]: DEBUG neutron_lib.callbacks.manager [None req-bcfaed8b-74ed-4f12-941a-a17ecd227e3f None None] Subscribe: > security_group after_delete 55550000, False {{(pid=101437) subscribe /opt/stack/data/venv/lib/python3.12/site-packages/neutron_lib/callbacks/manager.py:52}}
Aug 16 23:06:32.076574 np0000189909 devstack@neutron-api.service[101436]: DEBUG neutron.api.extensions [None req-ab3bfec4-8e2c-4a98-95d2-375955f0041b None None] Loading extension file: l3agentscheduler.py {{(pid=101436) _load_all_extensions_from_path /opt/stack/neutron/neutron/api/extensions.py:449}}
Aug 16 23:06:32.076762 np0000189909 devstack@neutron-api.service[101437]: DEBUG neutron_lib.callbacks.manager [None req-bcfaed8b-74ed-4f12-941a-a17ecd227e3f None None] Subscribe: > security_group_rule after_create 55550000, False {{(pid=101437) subscribe /opt/stack/data/venv/lib/python3.12/site-packages/neutron_lib/callbacks/manager.py:52}}
Aug 16 23:06:32.076762 np0000189909 devstack@neutron-api.service[101437]: DEBUG neutron_lib.callbacks.manager [None req-bcfaed8b-74ed-4f12-941a-a17ecd227e3f None None] Subscribe: > security_group_rule after_update 55550000, False {{(pid=101437) subscribe /opt/stack/data/venv/lib/python3.12/site-packages/neutron_lib/callbacks/manager.py:52}}
Aug 16 23:06:32.076762 np0000189909 devstack@neutron-api.service[101437]: DEBUG neutron_lib.callbacks.manager [None req-bcfaed8b-74ed-4f12-941a-a17ecd227e3f None None] Subscribe: > security_group_rule after_delete 55550000, False {{(pid=101437) subscribe /opt/stack/data/venv/lib/python3.12/site-packages/neutron_lib/callbacks/manager.py:52}}
Aug 16 23:06:32.076762 np0000189909 devstack@neutron-api.service[101437]: DEBUG neutron_lib.callbacks.manager [None req-bcfaed8b-74ed-4f12-941a-a17ecd227e3f None None] Subscribe: > address_group after_create 55550000, False {{(pid=101437) subscribe /opt/stack/data/venv/lib/python3.12/site-packages/neutron_lib/callbacks/manager.py:52}}
Aug 16 23:06:32.076935 np0000189909 devstack@neutron-api.service[101437]: DEBUG neutron_lib.callbacks.manager [None req-bcfaed8b-74ed-4f12-941a-a17ecd227e3f None None] Subscribe: > address_group after_update 55550000, False {{(pid=101437) subscribe /opt/stack/data/venv/lib/python3.12/site-packages/neutron_lib/callbacks/manager.py:52}}
Aug 16 23:06:32.076935 np0000189909 devstack@neutron-api.service[101437]: DEBUG neutron_lib.callbacks.manager [None req-bcfaed8b-74ed-4f12-941a-a17ecd227e3f None None] Subscribe: > address_group after_delete 55550000, False {{(pid=101437) subscribe /opt/stack/data/venv/lib/python3.12/site-packages/neutron_lib/callbacks/manager.py:52}}
Aug 16 23:06:32.076935 np0000189909 devstack@neutron-api.service[101437]: DEBUG neutron.plugins.ml2.ovo_rpc [None req-bcfaed8b-74ed-4f12-941a-a17ecd227e3f None None] ML2 OVO RPC backend initialized. {{(pid=101437) __init__ /opt/stack/neutron/neutron/plugins/ml2/ovo_rpc.py:117}}
Aug 16 23:06:32.077202 np0000189909 devstack@neutron-api.service[101436]: DEBUG neutron.api.extensions [None req-ab3bfec4-8e2c-4a98-95d2-375955f0041b None None] Ext name="L3 Agent Scheduler" alias="l3_agent_scheduler" description="Schedule routers among l3 agents" updated="2013-02-07T10:00:00-00:00" {{(pid=101436) _check_extension /opt/stack/neutron/neutron/api/extensions.py:415}}
Aug 16 23:06:32.077202 np0000189909 devstack@neutron-api.service[101436]: INFO neutron.api.extensions [None req-ab3bfec4-8e2c-4a98-95d2-375955f0041b None None] Loaded extension: l3_agent_scheduler
Aug 16 23:06:32.077202 np0000189909 devstack@neutron-api.service[101436]: DEBUG neutron.api.extensions [None req-ab3bfec4-8e2c-4a98-95d2-375955f0041b None None] Loading extension file: local_ip.py {{(pid=101436) _load_all_extensions_from_path /opt/stack/neutron/neutron/api/extensions.py:449}}
Aug 16 23:06:32.077202 np0000189909 devstack@neutron-api.service[101436]: DEBUG neutron.api.extensions [None req-ab3bfec4-8e2c-4a98-95d2-375955f0041b None None] Ext name="Local IP" alias="local_ip" description="Support Node Local Virtual IP" updated="2021-07-26T10:00:00-00:00" {{(pid=101436) _check_extension /opt/stack/neutron/neutron/api/extensions.py:415}}
Aug 16 23:06:32.077372 np0000189909 devstack@neutron-api.service[101437]: INFO neutron.quota [None req-bcfaed8b-74ed-4f12-941a-a17ecd227e3f None None] Loaded quota_driver: .
Aug 16 23:06:32.077512 np0000189909 devstack@neutron-api.service[101436]: INFO neutron.api.extensions [None req-ab3bfec4-8e2c-4a98-95d2-375955f0041b None None] Extension local_ip not supported by any of loaded plugins
Aug 16 23:06:32.077512 np0000189909 devstack@neutron-api.service[101436]: DEBUG neutron.api.extensions [None req-ab3bfec4-8e2c-4a98-95d2-375955f0041b None None] Loading extension file: logging.py {{(pid=101436) _load_all_extensions_from_path /opt/stack/neutron/neutron/api/extensions.py:449}}
Aug 16 23:06:32.077654 np0000189909 devstack@neutron-api.service[101437]: INFO neutron.plugins.ml2.plugin [None req-bcfaed8b-74ed-4f12-941a-a17ecd227e3f None None] Modular L2 Plugin initialization complete
Aug 16 23:06:32.077654 np0000189909 devstack@neutron-api.service[101437]: DEBUG neutron.manager [None req-bcfaed8b-74ed-4f12-941a-a17ecd227e3f None None] Loading services supported by the core plugin {{(pid=101437) _load_services_from_core_plugin /opt/stack/neutron/neutron/manager.py:167}}
Aug 16 23:06:32.077654 np0000189909 devstack@neutron-api.service[101437]: INFO neutron.plugins.ml2.managers [None req-bcfaed8b-74ed-4f12-941a-a17ecd227e3f None None] Got port-security extension from driver 'port_security'
Aug 16 23:06:32.077867 np0000189909 devstack@neutron-api.service[101436]: DEBUG neutron.api.extensions [None req-ab3bfec4-8e2c-4a98-95d2-375955f0041b None None] Ext name="Logging API Extension" alias="logging" description="Provides a logging API for resources such as security group and firewall." updated="2017-01-01T10:00:00-00:00" {{(pid=101436) _check_extension /opt/stack/neutron/neutron/api/extensions.py:415}}
Aug 16 23:06:32.077867 np0000189909 devstack@neutron-api.service[101436]: INFO neutron.api.extensions [None req-ab3bfec4-8e2c-4a98-95d2-375955f0041b None None] Extension logging not supported by any of loaded plugins
Aug 16 23:06:32.077990 np0000189909 devstack@neutron-api.service[101437]: DEBUG neutron.manager [None req-bcfaed8b-74ed-4f12-941a-a17ecd227e3f None None] Loading service plugins: ['ovn-router', 'auto_allocate', 'tag', 'timestamp', 'network_ip_availability', 'flavors', 'revisions'] {{(pid=101437) _load_service_plugins /opt/stack/neutron/neutron/manager.py:192}}
Aug 16 23:06:32.078163 np0000189909 devstack@neutron-api.service[101436]: DEBUG neutron.api.extensions [None req-ab3bfec4-8e2c-4a98-95d2-375955f0041b None None] Loading extension file: metering.py {{(pid=101436) _load_all_extensions_from_path /opt/stack/neutron/neutron/api/extensions.py:449}}
Aug 16 23:06:32.078277 np0000189909 devstack@neutron-api.service[101437]: INFO neutron.manager [None req-bcfaed8b-74ed-4f12-941a-a17ecd227e3f None None] Loading Plugin: ovn-router
Aug 16 23:06:32.078468 np0000189909 devstack@neutron-api.service[101436]: DEBUG neutron.api.extensions [None req-ab3bfec4-8e2c-4a98-95d2-375955f0041b None None] Ext name="Neutron Metering" alias="metering" description="Neutron Metering extension." updated="2013-06-12T10:00:00-00:00" {{(pid=101436) _check_extension /opt/stack/neutron/neutron/api/extensions.py:415}}
Aug 16 23:06:32.078468 np0000189909 devstack@neutron-api.service[101436]: INFO neutron.api.extensions [None req-ab3bfec4-8e2c-4a98-95d2-375955f0041b None None] Extension metering not supported by any of loaded plugins
Aug 16 23:06:32.078468 np0000189909 devstack@neutron-api.service[101436]: DEBUG neutron.api.extensions [None req-ab3bfec4-8e2c-4a98-95d2-375955f0041b None None] Loading extension file: metering_source_and_destination_fields.py {{(pid=101436) _load_all_extensions_from_path /opt/stack/neutron/neutron/api/extensions.py:449}}
Aug 16 23:06:32.078871 np0000189909 devstack@neutron-api.service[101436]: DEBUG neutron.api.extensions [None req-ab3bfec4-8e2c-4a98-95d2-375955f0041b None None] Ext name="Neutron Metering with source and destination filtering" alias="metering_source_and_destination_fields" description="Neutron Metering extension that enables the use of source and destination IP prefixes to create metering label rules." updated="2020-08-21T08:12:00-00:00" {{(pid=101436) _check_extension /opt/stack/neutron/neutron/api/extensions.py:415}}
Aug 16 23:06:32.078955 np0000189909 devstack@neutron-api.service[101436]: INFO neutron.api.extensions [None req-ab3bfec4-8e2c-4a98-95d2-375955f0041b None None] Extension metering_source_and_destination_fields not supported by any of loaded plugins
Aug 16 23:06:32.079112 np0000189909 devstack@neutron-api.service[101436]: DEBUG neutron.api.extensions [None req-ab3bfec4-8e2c-4a98-95d2-375955f0041b None None] Loading extension file: multiprovidernet.py {{(pid=101436) _load_all_extensions_from_path /opt/stack/neutron/neutron/api/extensions.py:449}}
Aug 16 23:06:32.079246 np0000189909 devstack@neutron-api.service[101436]: DEBUG neutron.api.extensions [None req-ab3bfec4-8e2c-4a98-95d2-375955f0041b None None] Ext name="Multi Provider Network" alias="multi-provider" description="Expose mapping of virtual networks to multiple physical networks" updated="2013-06-27T10:00:00-00:00" {{(pid=101436) _check_extension /opt/stack/neutron/neutron/api/extensions.py:415}}
Aug 16 23:06:32.079392 np0000189909 devstack@neutron-api.service[101436]: INFO neutron.api.extensions [None req-ab3bfec4-8e2c-4a98-95d2-375955f0041b None None] Loaded extension: multi-provider
Aug 16 23:06:32.079625 np0000189909 devstack@neutron-api.service[101436]: DEBUG neutron.api.extensions [None req-ab3bfec4-8e2c-4a98-95d2-375955f0041b None None] Loading extension file: netmtu.py {{(pid=101436) _load_all_extensions_from_path /opt/stack/neutron/neutron/api/extensions.py:449}}
Aug 16 23:06:32.079768 np0000189909 devstack@neutron-api.service[101436]: DEBUG neutron.api.extensions [None req-ab3bfec4-8e2c-4a98-95d2-375955f0041b None None] Ext name="Network MTU" alias="net-mtu" description="Provides MTU attribute for a network resource." updated="2015-03-25T10:00:00-00:00" {{(pid=101436) _check_extension /opt/stack/neutron/neutron/api/extensions.py:415}}
Aug 16 23:06:32.079924 np0000189909 devstack@neutron-api.service[101436]: INFO neutron.api.extensions [None req-ab3bfec4-8e2c-4a98-95d2-375955f0041b None None] Loaded extension: net-mtu
Aug 16 23:06:32.080004 np0000189909 devstack@neutron-api.service[101436]: DEBUG neutron.api.extensions [None req-ab3bfec4-8e2c-4a98-95d2-375955f0041b None None] Loading extension file: netmtu_writable.py {{(pid=101436) _load_all_extensions_from_path /opt/stack/neutron/neutron/api/extensions.py:449}}
Aug 16 23:06:32.080204 np0000189909 devstack@neutron-api.service[101436]: DEBUG neutron.api.extensions [None req-ab3bfec4-8e2c-4a98-95d2-375955f0041b None None] Ext name="Network MTU (writable)" alias="net-mtu-writable" description="Provides a writable MTU attribute for a network resource." updated="2017-07-12T00:00:00-00:00" {{(pid=101436) _check_extension /opt/stack/neutron/neutron/api/extensions.py:415}}
Aug 16 23:06:32.080525 np0000189909 devstack@neutron-api.service[101436]: INFO neutron.api.extensions [None req-ab3bfec4-8e2c-4a98-95d2-375955f0041b None None] Loaded extension: net-mtu-writable
Aug 16 23:06:32.080525 np0000189909 devstack@neutron-api.service[101436]: DEBUG neutron.api.extensions [None req-ab3bfec4-8e2c-4a98-95d2-375955f0041b None None] Loading extension file: network_availability_zone.py {{(pid=101436) _load_all_extensions_from_path /opt/stack/neutron/neutron/api/extensions.py:449}}
Aug 16 23:06:32.080723 np0000189909 devstack@neutron-api.service[101436]: DEBUG neutron.api.extensions [None req-ab3bfec4-8e2c-4a98-95d2-375955f0041b None None] Ext name="Network Availability Zone" alias="network_availability_zone" description="Availability zone support for network." updated="2015-01-01T10:00:00-00:00" {{(pid=101436) _check_extension /opt/stack/neutron/neutron/api/extensions.py:415}}
Aug 16 23:06:32.080907 np0000189909 devstack@neutron-api.service[101436]: INFO neutron.api.extensions [None req-ab3bfec4-8e2c-4a98-95d2-375955f0041b None None] Loaded extension: network_availability_zone
Aug 16 23:06:32.080993 np0000189909 devstack@neutron-api.service[101436]: DEBUG neutron.api.extensions [None req-ab3bfec4-8e2c-4a98-95d2-375955f0041b None None] Loading extension file: network_ha.py {{(pid=101436) _load_all_extensions_from_path /opt/stack/neutron/neutron/api/extensions.py:449}}
Aug 16 23:06:32.081195 np0000189909 devstack@neutron-api.service[101436]: DEBUG neutron.api.extensions [None req-ab3bfec4-8e2c-4a98-95d2-375955f0041b None None] Ext name="Network HA creation flag" alias="network_ha" description="Network high availability creation flag." updated="2023-04-27T10:00:00-00:00" {{(pid=101436) _check_extension /opt/stack/neutron/neutron/api/extensions.py:415}}
Aug 16 23:06:32.081356 np0000189909 devstack@neutron-api.service[101436]: INFO neutron.api.extensions [None req-ab3bfec4-8e2c-4a98-95d2-375955f0041b None None] Extension network_ha not supported by any of loaded plugins
Aug 16 23:06:32.081442 np0000189909 devstack@neutron-api.service[101436]: DEBUG neutron.api.extensions [None req-ab3bfec4-8e2c-4a98-95d2-375955f0041b None None] Loading extension file: network_ip_availability.py {{(pid=101436) _load_all_extensions_from_path /opt/stack/neutron/neutron/api/extensions.py:449}}
Aug 16 23:06:32.081707 np0000189909 devstack@neutron-api.service[101436]: DEBUG neutron.api.extensions [None req-ab3bfec4-8e2c-4a98-95d2-375955f0041b None None] Ext name="Network IP Availability" alias="network-ip-availability" description="Provides IP availability data for each network and subnet." updated="2015-09-24T00:00:00-00:00" {{(pid=101436) _check_extension /opt/stack/neutron/neutron/api/extensions.py:415}}
Aug 16 23:06:32.081864 np0000189909 devstack@neutron-api.service[101436]: INFO neutron.api.extensions [None req-ab3bfec4-8e2c-4a98-95d2-375955f0041b None None] Loaded extension: network-ip-availability
Aug 16 23:06:32.081961 np0000189909 devstack@neutron-api.service[101436]: DEBUG neutron.api.extensions [None req-ab3bfec4-8e2c-4a98-95d2-375955f0041b None None] Loading extension file: network_ip_availability_details.py {{(pid=101436) _load_all_extensions_from_path /opt/stack/neutron/neutron/api/extensions.py:449}}
Aug 16 23:06:32.082223 np0000189909 devstack@neutron-api.service[101436]: DEBUG neutron.api.extensions [None req-ab3bfec4-8e2c-4a98-95d2-375955f0041b None None] Ext name="Network IP Availability Details Extension" alias="network-ip-availability-details" description="Add ip_availability_details attribute to network-ip-availabilities resource." updated="2025-10-31T00:00:00-00:00" {{(pid=101436) _check_extension /opt/stack/neutron/neutron/api/extensions.py:415}}
Aug 16 23:06:32.082371 np0000189909 devstack@neutron-api.service[101436]: INFO neutron.api.extensions [None req-ab3bfec4-8e2c-4a98-95d2-375955f0041b None None] Loaded extension: network-ip-availability-details
Aug 16 23:06:32.082468 np0000189909 devstack@neutron-api.service[101436]: DEBUG neutron.api.extensions [None req-ab3bfec4-8e2c-4a98-95d2-375955f0041b None None] Loading extension file: network_segment_range.py {{(pid=101436) _load_all_extensions_from_path /opt/stack/neutron/neutron/api/extensions.py:449}}
Aug 16 23:06:32.082776 np0000189909 devstack@neutron-api.service[101436]: DEBUG neutron.api.extensions [None req-ab3bfec4-8e2c-4a98-95d2-375955f0041b None None] Ext name="Neutron Network Segment Range" alias="network-segment-range" description="Provides support for the network segment range management" updated="2018-11-29T00:00:00-00:00" {{(pid=101436) _check_extension /opt/stack/neutron/neutron/api/extensions.py:415}}
Aug 16 23:06:32.082932 np0000189909 devstack@neutron-api.service[101436]: INFO neutron.api.extensions [None req-ab3bfec4-8e2c-4a98-95d2-375955f0041b None None] Extension network-segment-range not supported by any of loaded plugins
Aug 16 23:06:32.083026 np0000189909 devstack@neutron-api.service[101436]: DEBUG neutron.api.extensions [None req-ab3bfec4-8e2c-4a98-95d2-375955f0041b None None] Loading extension file: pagination.py {{(pid=101436) _load_all_extensions_from_path /opt/stack/neutron/neutron/api/extensions.py:449}}
Aug 16 23:06:32.083255 np0000189909 devstack@neutron-api.service[101436]: DEBUG neutron.api.extensions [None req-ab3bfec4-8e2c-4a98-95d2-375955f0041b None None] Ext name="Pagination support" alias="pagination" description="Extension that indicates that pagination is enabled." updated="2016-06-12T00:00:00-00:00" {{(pid=101436) _check_extension /opt/stack/neutron/neutron/api/extensions.py:415}}
Aug 16 23:06:32.083349 np0000189909 devstack@neutron-api.service[101436]: INFO neutron.api.extensions [None req-ab3bfec4-8e2c-4a98-95d2-375955f0041b None None] Loaded extension: pagination
Aug 16 23:06:32.083430 np0000189909 devstack@neutron-api.service[101436]: DEBUG neutron.api.extensions [None req-ab3bfec4-8e2c-4a98-95d2-375955f0041b None None] Loading extension file: port_device_profile.py {{(pid=101436) _load_all_extensions_from_path /opt/stack/neutron/neutron/api/extensions.py:449}}
Aug 16 23:06:32.083676 np0000189909 devstack@neutron-api.service[101436]: DEBUG neutron.api.extensions [None req-ab3bfec4-8e2c-4a98-95d2-375955f0041b None None] Ext name="Port device profile" alias="port-device-profile" description="Expose the port device profile (Cyborg)" updated="2020-12-17T10:00:00-00:00" {{(pid=101436) _check_extension /opt/stack/neutron/neutron/api/extensions.py:415}}
Aug 16 23:06:32.083832 np0000189909 devstack@neutron-api.service[101436]: INFO neutron.api.extensions [None req-ab3bfec4-8e2c-4a98-95d2-375955f0041b None None] Loaded extension: port-device-profile
Aug 16 23:06:32.083914 np0000189909 devstack@neutron-api.service[101436]: DEBUG neutron.api.extensions [None req-ab3bfec4-8e2c-4a98-95d2-375955f0041b None None] Loading extension file: port_hardware_offload_type.py {{(pid=101436) _load_all_extensions_from_path /opt/stack/neutron/neutron/api/extensions.py:449}}
Aug 16 23:06:32.084132 np0000189909 devstack@neutron-api.service[101436]: DEBUG neutron.api.extensions [None req-ab3bfec4-8e2c-4a98-95d2-375955f0041b None None] Ext name="Port hardware offload" alias="port-hardware-offload-type" description="Expose port hardware offload extension" updated="2023-05-09T10:00:00-00:00" {{(pid=101436) _check_extension /opt/stack/neutron/neutron/api/extensions.py:415}}
Aug 16 23:06:32.084300 np0000189909 devstack@neutron-api.service[101436]: INFO neutron.api.extensions [None req-ab3bfec4-8e2c-4a98-95d2-375955f0041b None None] Extension port-hardware-offload-type not supported by any of loaded plugins
Aug 16 23:06:32.084387 np0000189909 devstack@neutron-api.service[101436]: DEBUG neutron.api.extensions [None req-ab3bfec4-8e2c-4a98-95d2-375955f0041b None None] Loading extension file: port_hint_ovs_tx_steering.py {{(pid=101436) _load_all_extensions_from_path /opt/stack/neutron/neutron/api/extensions.py:449}}
Aug 16 23:06:32.084626 np0000189909 devstack@neutron-api.service[101436]: DEBUG neutron.api.extensions [None req-ab3bfec4-8e2c-4a98-95d2-375955f0041b None None] Ext name="Port hint: Open vSwitch Tx steering" alias="port-hint-ovs-tx-steering" description="Enable Port hint: Open vSwitch Tx steering" updated="2023-01-01T00:00:00-00:00" {{(pid=101436) _check_extension /opt/stack/neutron/neutron/api/extensions.py:415}}
Aug 16 23:06:32.084783 np0000189909 devstack@neutron-api.service[101436]: INFO neutron.api.extensions [None req-ab3bfec4-8e2c-4a98-95d2-375955f0041b None None] Extension port-hint-ovs-tx-steering not supported by any of loaded plugins
