May 09 07:23:28.966857 np0000172975 devstack@n-api-meta.service[108397]: DEBUG nova.api.openstack.wsgi_app [None req-05e492ee-35aa-407b-95c1-9a6ee9bca7db None None] oslo_limit.insecure = False {{(pid=108397) log_opt_values /opt/stack/data/venv/lib/python3.12/site-packages/oslo_config/cfg.py:3006}}
May 09 07:23:28.966857 np0000172975 devstack@n-api-meta.service[108397]: DEBUG nova.api.openstack.wsgi_app [None req-05e492ee-35aa-407b-95c1-9a6ee9bca7db None None] oslo_limit.keyfile = None {{(pid=108397) log_opt_values /opt/stack/data/venv/lib/python3.12/site-packages/oslo_config/cfg.py:3006}}
May 09 07:23:28.966935 np0000172975 devstack@n-api-meta.service[108397]: DEBUG nova.api.openstack.wsgi_app [None req-05e492ee-35aa-407b-95c1-9a6ee9bca7db None None] oslo_limit.max_version = None {{(pid=108397) log_opt_values /opt/stack/data/venv/lib/python3.12/site-packages/oslo_config/cfg.py:3006}}
May 09 07:23:28.967062 np0000172975 devstack@n-api-meta.service[108397]: DEBUG nova.api.openstack.wsgi_app [None req-05e492ee-35aa-407b-95c1-9a6ee9bca7db None None] oslo_limit.min_version = None {{(pid=108397) log_opt_values /opt/stack/data/venv/lib/python3.12/site-packages/oslo_config/cfg.py:3006}}
May 09 07:23:28.967261 np0000172975 devstack@n-api-meta.service[108397]: DEBUG nova.api.openstack.wsgi_app [None req-05e492ee-35aa-407b-95c1-9a6ee9bca7db None None] oslo_limit.region_name = None {{(pid=108397) log_opt_values /opt/stack/data/venv/lib/python3.12/site-packages/oslo_config/cfg.py:3006}}
May 09 07:23:28.967436 np0000172975 devstack@n-api-meta.service[108397]: DEBUG nova.api.openstack.wsgi_app [None req-05e492ee-35aa-407b-95c1-9a6ee9bca7db None None] oslo_limit.retriable_status_codes = None {{(pid=108397) log_opt_values /opt/stack/data/venv/lib/python3.12/site-packages/oslo_config/cfg.py:3006}}
May 09 07:23:28.967611 np0000172975 devstack@n-api-meta.service[108397]: DEBUG nova.api.openstack.wsgi_app [None req-05e492ee-35aa-407b-95c1-9a6ee9bca7db None None] oslo_limit.service_name = None {{(pid=108397) log_opt_values /opt/stack/data/venv/lib/python3.12/site-packages/oslo_config/cfg.py:3006}}
May 09 07:23:28.967834 np0000172975 devstack@n-api-meta.service[108397]: DEBUG nova.api.openstack.wsgi_app [None req-05e492ee-35aa-407b-95c1-9a6ee9bca7db None None] oslo_limit.service_type = None {{(pid=108397) log_opt_values /opt/stack/data/venv/lib/python3.12/site-packages/oslo_config/cfg.py:3006}}
May 09 07:23:28.968008 np0000172975 devstack@n-api-meta.service[108397]: DEBUG nova.api.openstack.wsgi_app [None req-05e492ee-35aa-407b-95c1-9a6ee9bca7db None None] oslo_limit.split_loggers = False {{(pid=108397) log_opt_values /opt/stack/data/venv/lib/python3.12/site-packages/oslo_config/cfg.py:3006}}
May 09 07:23:28.968210 np0000172975 devstack@n-api-meta.service[108397]: DEBUG nova.api.openstack.wsgi_app [None req-05e492ee-35aa-407b-95c1-9a6ee9bca7db None None] oslo_limit.status_code_retries = None {{(pid=108397) log_opt_values /opt/stack/data/venv/lib/python3.12/site-packages/oslo_config/cfg.py:3006}}
May 09 07:23:28.968385 np0000172975 devstack@n-api-meta.service[108397]: DEBUG nova.api.openstack.wsgi_app [None req-05e492ee-35aa-407b-95c1-9a6ee9bca7db None None] oslo_limit.status_code_retry_delay = None {{(pid=108397) log_opt_values /opt/stack/data/venv/lib/python3.12/site-packages/oslo_config/cfg.py:3006}}
May 09 07:23:28.968560 np0000172975 devstack@n-api-meta.service[108397]: DEBUG nova.api.openstack.wsgi_app [None req-05e492ee-35aa-407b-95c1-9a6ee9bca7db None None] oslo_limit.timeout = None {{(pid=108397) log_opt_values /opt/stack/data/venv/lib/python3.12/site-packages/oslo_config/cfg.py:3006}}
May 09 07:23:28.968737 np0000172975 devstack@n-api-meta.service[108397]: DEBUG nova.api.openstack.wsgi_app [None req-05e492ee-35aa-407b-95c1-9a6ee9bca7db None None] oslo_limit.valid_interfaces = None {{(pid=108397) log_opt_values /opt/stack/data/venv/lib/python3.12/site-packages/oslo_config/cfg.py:3006}}
May 09 07:23:28.968911 np0000172975 devstack@n-api-meta.service[108397]: DEBUG nova.api.openstack.wsgi_app [None req-05e492ee-35aa-407b-95c1-9a6ee9bca7db None None] oslo_limit.version = None {{(pid=108397) log_opt_values /opt/stack/data/venv/lib/python3.12/site-packages/oslo_config/cfg.py:3006}}
May 09 07:23:28.969122 np0000172975 devstack@n-api-meta.service[108397]: DEBUG nova.api.openstack.wsgi_app [None req-05e492ee-35aa-407b-95c1-9a6ee9bca7db None None] oslo_messaging_rabbit.amqp_auto_delete = False {{(pid=108397) log_opt_values /opt/stack/data/venv/lib/python3.12/site-packages/oslo_config/cfg.py:3006}}
May 09 07:23:28.969303 np0000172975 devstack@n-api-meta.service[108397]: DEBUG nova.api.openstack.wsgi_app [None req-05e492ee-35aa-407b-95c1-9a6ee9bca7db None None] oslo_messaging_rabbit.amqp_durable_queues = False {{(pid=108397) log_opt_values /opt/stack/data/venv/lib/python3.12/site-packages/oslo_config/cfg.py:3006}}
May 09 07:23:28.969481 np0000172975 devstack@n-api-meta.service[108397]: DEBUG nova.api.openstack.wsgi_app [None req-05e492ee-35aa-407b-95c1-9a6ee9bca7db None None] oslo_messaging_rabbit.conn_pool_min_size = 2 {{(pid=108397) log_opt_values /opt/stack/data/venv/lib/python3.12/site-packages/oslo_config/cfg.py:3006}}
May 09 07:23:28.969663 np0000172975 devstack@n-api-meta.service[108397]: DEBUG nova.api.openstack.wsgi_app [None req-05e492ee-35aa-407b-95c1-9a6ee9bca7db None None] oslo_messaging_rabbit.conn_pool_ttl = 1200 {{(pid=108397) log_opt_values /opt/stack/data/venv/lib/python3.12/site-packages/oslo_config/cfg.py:3006}}
May 09 07:23:28.969837 np0000172975 devstack@n-api-meta.service[108397]: DEBUG nova.api.openstack.wsgi_app [None req-05e492ee-35aa-407b-95c1-9a6ee9bca7db None None] oslo_messaging_rabbit.direct_mandatory_flag = True {{(pid=108397) log_opt_values /opt/stack/data/venv/lib/python3.12/site-packages/oslo_config/cfg.py:3006}}
May 09 07:23:28.970014 np0000172975 devstack@n-api-meta.service[108397]: DEBUG nova.api.openstack.wsgi_app [None req-05e492ee-35aa-407b-95c1-9a6ee9bca7db None None] oslo_messaging_rabbit.enable_cancel_on_failover = False {{(pid=108397) log_opt_values /opt/stack/data/venv/lib/python3.12/site-packages/oslo_config/cfg.py:3006}}
May 09 07:23:28.970218 np0000172975 devstack@n-api-meta.service[108397]: DEBUG nova.api.openstack.wsgi_app [None req-05e492ee-35aa-407b-95c1-9a6ee9bca7db None None] oslo_messaging_rabbit.heartbeat_in_pthread = False {{(pid=108397) log_opt_values /opt/stack/data/venv/lib/python3.12/site-packages/oslo_config/cfg.py:3006}}
May 09 07:23:28.970398 np0000172975 devstack@n-api-meta.service[108397]: DEBUG nova.api.openstack.wsgi_app [None req-05e492ee-35aa-407b-95c1-9a6ee9bca7db None None] oslo_messaging_rabbit.heartbeat_rate = 3 {{(pid=108397) log_opt_values /opt/stack/data/venv/lib/python3.12/site-packages/oslo_config/cfg.py:3006}}
May 09 07:23:28.970573 np0000172975 devstack@n-api-meta.service[108397]: DEBUG nova.api.openstack.wsgi_app [None req-05e492ee-35aa-407b-95c1-9a6ee9bca7db None None] oslo_messaging_rabbit.heartbeat_timeout_threshold = 60 {{(pid=108397) log_opt_values /opt/stack/data/venv/lib/python3.12/site-packages/oslo_config/cfg.py:3006}}
May 09 07:23:28.970759 np0000172975 devstack@n-api-meta.service[108397]: DEBUG nova.api.openstack.wsgi_app [None req-05e492ee-35aa-407b-95c1-9a6ee9bca7db None None] oslo_messaging_rabbit.hostname = np0000172975 {{(pid=108397) log_opt_values /opt/stack/data/venv/lib/python3.12/site-packages/oslo_config/cfg.py:3006}}
May 09 07:23:28.970935 np0000172975 devstack@n-api-meta.service[108397]: DEBUG nova.api.openstack.wsgi_app [None req-05e492ee-35aa-407b-95c1-9a6ee9bca7db None None] oslo_messaging_rabbit.kombu_compression = None {{(pid=108397) log_opt_values /opt/stack/data/venv/lib/python3.12/site-packages/oslo_config/cfg.py:3006}}
May 09 07:23:28.971146 np0000172975 devstack@n-api-meta.service[108397]: DEBUG nova.api.openstack.wsgi_app [None req-05e492ee-35aa-407b-95c1-9a6ee9bca7db None None] oslo_messaging_rabbit.kombu_failover_strategy = round-robin {{(pid=108397) log_opt_values /opt/stack/data/venv/lib/python3.12/site-packages/oslo_config/cfg.py:3006}}
May 09 07:23:28.971329 np0000172975 devstack@n-api-meta.service[108397]: DEBUG nova.api.openstack.wsgi_app [None req-05e492ee-35aa-407b-95c1-9a6ee9bca7db None None] oslo_messaging_rabbit.kombu_missing_consumer_retry_timeout = 60 {{(pid=108397) log_opt_values /opt/stack/data/venv/lib/python3.12/site-packages/oslo_config/cfg.py:3006}}
May 09 07:23:28.971509 np0000172975 devstack@n-api-meta.service[108397]: DEBUG nova.api.openstack.wsgi_app [None req-05e492ee-35aa-407b-95c1-9a6ee9bca7db None None] oslo_messaging_rabbit.kombu_reconnect_delay = 1.0 {{(pid=108397) log_opt_values /opt/stack/data/venv/lib/python3.12/site-packages/oslo_config/cfg.py:3006}}
May 09 07:23:28.971744 np0000172975 devstack@n-api-meta.service[108397]: DEBUG nova.api.openstack.wsgi_app [None req-05e492ee-35aa-407b-95c1-9a6ee9bca7db None None] oslo_messaging_rabbit.kombu_reconnect_splay = 0.0 {{(pid=108397) log_opt_values /opt/stack/data/venv/lib/python3.12/site-packages/oslo_config/cfg.py:3006}}
May 09 07:23:28.971936 np0000172975 devstack@n-api-meta.service[108397]: DEBUG nova.api.openstack.wsgi_app [None req-05e492ee-35aa-407b-95c1-9a6ee9bca7db None None] oslo_messaging_rabbit.processname = uwsgi {{(pid=108397) log_opt_values /opt/stack/data/venv/lib/python3.12/site-packages/oslo_config/cfg.py:3006}}
May 09 07:23:28.972138 np0000172975 devstack@n-api-meta.service[108397]: DEBUG nova.api.openstack.wsgi_app [None req-05e492ee-35aa-407b-95c1-9a6ee9bca7db None None] oslo_messaging_rabbit.rabbit_ha_queues = False {{(pid=108397) log_opt_values /opt/stack/data/venv/lib/python3.12/site-packages/oslo_config/cfg.py:3006}}
May 09 07:23:28.972321 np0000172975 devstack@n-api-meta.service[108397]: DEBUG nova.api.openstack.wsgi_app [None req-05e492ee-35aa-407b-95c1-9a6ee9bca7db None None] oslo_messaging_rabbit.rabbit_interval_max = 30 {{(pid=108397) log_opt_values /opt/stack/data/venv/lib/python3.12/site-packages/oslo_config/cfg.py:3006}}
May 09 07:23:28.972506 np0000172975 devstack@n-api-meta.service[108397]: DEBUG nova.api.openstack.wsgi_app [None req-05e492ee-35aa-407b-95c1-9a6ee9bca7db None None] oslo_messaging_rabbit.rabbit_login_method = AMQPLAIN {{(pid=108397) log_opt_values /opt/stack/data/venv/lib/python3.12/site-packages/oslo_config/cfg.py:3006}}
May 09 07:23:28.972684 np0000172975 devstack@n-api-meta.service[108397]: DEBUG nova.api.openstack.wsgi_app [None req-05e492ee-35aa-407b-95c1-9a6ee9bca7db None None] oslo_messaging_rabbit.rabbit_qos_prefetch_count = 0 {{(pid=108397) log_opt_values /opt/stack/data/venv/lib/python3.12/site-packages/oslo_config/cfg.py:3006}}
May 09 07:23:28.972831 np0000172975 devstack@n-api-meta.service[108397]: DEBUG nova.api.openstack.wsgi_app [None req-05e492ee-35aa-407b-95c1-9a6ee9bca7db None None] oslo_messaging_rabbit.rabbit_quorum_delivery_limit = 0 {{(pid=108397) log_opt_values /opt/stack/data/venv/lib/python3.12/site-packages/oslo_config/cfg.py:3006}}
May 09 07:23:28.973151 np0000172975 devstack@n-api-meta.service[108397]: DEBUG nova.api.openstack.wsgi_app [None req-05e492ee-35aa-407b-95c1-9a6ee9bca7db None None] oslo_messaging_rabbit.rabbit_quorum_max_memory_bytes = 0 {{(pid=108397) log_opt_values /opt/stack/data/venv/lib/python3.12/site-packages/oslo_config/cfg.py:3006}}
May 09 07:23:28.973280 np0000172975 devstack@n-api-meta.service[108397]: DEBUG nova.api.openstack.wsgi_app [None req-05e492ee-35aa-407b-95c1-9a6ee9bca7db None None] oslo_messaging_rabbit.rabbit_quorum_max_memory_length = 0 {{(pid=108397) log_opt_values /opt/stack/data/venv/lib/python3.12/site-packages/oslo_config/cfg.py:3006}}
May 09 07:23:28.973409 np0000172975 devstack@n-api-meta.service[108397]: DEBUG nova.api.openstack.wsgi_app [None req-05e492ee-35aa-407b-95c1-9a6ee9bca7db None None] oslo_messaging_rabbit.rabbit_quorum_queue = False {{(pid=108397) log_opt_values /opt/stack/data/venv/lib/python3.12/site-packages/oslo_config/cfg.py:3006}}
May 09 07:23:28.973540 np0000172975 devstack@n-api-meta.service[108397]: DEBUG nova.api.openstack.wsgi_app [None req-05e492ee-35aa-407b-95c1-9a6ee9bca7db None None] oslo_messaging_rabbit.rabbit_retry_backoff = 2 {{(pid=108397) log_opt_values /opt/stack/data/venv/lib/python3.12/site-packages/oslo_config/cfg.py:3006}}
May 09 07:23:28.973669 np0000172975 devstack@n-api-meta.service[108397]: DEBUG nova.api.openstack.wsgi_app [None req-05e492ee-35aa-407b-95c1-9a6ee9bca7db None None] oslo_messaging_rabbit.rabbit_retry_interval = 1 {{(pid=108397) log_opt_values /opt/stack/data/venv/lib/python3.12/site-packages/oslo_config/cfg.py:3006}}
May 09 07:23:28.973800 np0000172975 devstack@n-api-meta.service[108397]: DEBUG nova.api.openstack.wsgi_app [None req-05e492ee-35aa-407b-95c1-9a6ee9bca7db None None] oslo_messaging_rabbit.rabbit_stream_fanout = False {{(pid=108397) log_opt_values /opt/stack/data/venv/lib/python3.12/site-packages/oslo_config/cfg.py:3006}}
May 09 07:23:28.973934 np0000172975 devstack@n-api-meta.service[108397]: DEBUG nova.api.openstack.wsgi_app [None req-05e492ee-35aa-407b-95c1-9a6ee9bca7db None None] oslo_messaging_rabbit.rabbit_transient_queues_ttl = 1800 {{(pid=108397) log_opt_values /opt/stack/data/venv/lib/python3.12/site-packages/oslo_config/cfg.py:3006}}
May 09 07:23:28.974058 np0000172975 devstack@n-api-meta.service[108397]: DEBUG nova.api.openstack.wsgi_app [None req-05e492ee-35aa-407b-95c1-9a6ee9bca7db None None] oslo_messaging_rabbit.rabbit_transient_quorum_queue = False {{(pid=108397) log_opt_values /opt/stack/data/venv/lib/python3.12/site-packages/oslo_config/cfg.py:3006}}
May 09 07:23:28.974207 np0000172975 devstack@n-api-meta.service[108397]: DEBUG nova.api.openstack.wsgi_app [None req-05e492ee-35aa-407b-95c1-9a6ee9bca7db None None] oslo_messaging_rabbit.rpc_conn_pool_size = 30 {{(pid=108397) log_opt_values /opt/stack/data/venv/lib/python3.12/site-packages/oslo_config/cfg.py:3006}}
May 09 07:23:28.974332 np0000172975 devstack@n-api-meta.service[108397]: DEBUG nova.api.openstack.wsgi_app [None req-05e492ee-35aa-407b-95c1-9a6ee9bca7db None None] oslo_messaging_rabbit.ssl = False {{(pid=108397) log_opt_values /opt/stack/data/venv/lib/python3.12/site-packages/oslo_config/cfg.py:3006}}
May 09 07:23:28.974464 np0000172975 devstack@n-api-meta.service[108397]: DEBUG nova.api.openstack.wsgi_app [None req-05e492ee-35aa-407b-95c1-9a6ee9bca7db None None] oslo_messaging_rabbit.ssl_ca_file = {{(pid=108397) log_opt_values /opt/stack/data/venv/lib/python3.12/site-packages/oslo_config/cfg.py:3006}}
May 09 07:23:28.974597 np0000172975 devstack@n-api-meta.service[108397]: DEBUG nova.api.openstack.wsgi_app [None req-05e492ee-35aa-407b-95c1-9a6ee9bca7db None None] oslo_messaging_rabbit.ssl_cert_file = {{(pid=108397) log_opt_values /opt/stack/data/venv/lib/python3.12/site-packages/oslo_config/cfg.py:3006}}
May 09 07:23:28.974725 np0000172975 devstack@n-api-meta.service[108397]: DEBUG nova.api.openstack.wsgi_app [None req-05e492ee-35aa-407b-95c1-9a6ee9bca7db None None] oslo_messaging_rabbit.ssl_enforce_fips_mode = False {{(pid=108397) log_opt_values /opt/stack/data/venv/lib/python3.12/site-packages/oslo_config/cfg.py:3006}}
May 09 07:23:28.974857 np0000172975 devstack@n-api-meta.service[108397]: DEBUG nova.api.openstack.wsgi_app [None req-05e492ee-35aa-407b-95c1-9a6ee9bca7db None None] oslo_messaging_rabbit.ssl_key_file = {{(pid=108397) log_opt_values /opt/stack/data/venv/lib/python3.12/site-packages/oslo_config/cfg.py:3006}}
May 09 07:23:28.975016 np0000172975 devstack@n-api-meta.service[108397]: DEBUG nova.api.openstack.wsgi_app [None req-05e492ee-35aa-407b-95c1-9a6ee9bca7db None None] oslo_messaging_rabbit.ssl_version = {{(pid=108397) log_opt_values /opt/stack/data/venv/lib/python3.12/site-packages/oslo_config/cfg.py:3006}}
May 09 07:23:28.975160 np0000172975 devstack@n-api-meta.service[108397]: DEBUG nova.api.openstack.wsgi_app [None req-05e492ee-35aa-407b-95c1-9a6ee9bca7db None None] oslo_messaging_rabbit.use_queue_manager = False {{(pid=108397) log_opt_values /opt/stack/data/venv/lib/python3.12/site-packages/oslo_config/cfg.py:3006}}
May 09 07:23:28.975308 np0000172975 devstack@n-api-meta.service[108397]: DEBUG nova.api.openstack.wsgi_app [None req-05e492ee-35aa-407b-95c1-9a6ee9bca7db None None] oslo_messaging_notifications.driver = ['messagingv2'] {{(pid=108397) log_opt_values /opt/stack/data/venv/lib/python3.12/site-packages/oslo_config/cfg.py:3006}}
May 09 07:23:28.975439 np0000172975 devstack@n-api-meta.service[108397]: DEBUG nova.api.openstack.wsgi_app [None req-05e492ee-35aa-407b-95c1-9a6ee9bca7db None None] oslo_messaging_notifications.retry = -1 {{(pid=108397) log_opt_values /opt/stack/data/venv/lib/python3.12/site-packages/oslo_config/cfg.py:3006}}
May 09 07:23:28.975578 np0000172975 devstack@n-api-meta.service[108397]: DEBUG nova.api.openstack.wsgi_app [None req-05e492ee-35aa-407b-95c1-9a6ee9bca7db None None] oslo_messaging_notifications.topics = ['notifications'] {{(pid=108397) log_opt_values /opt/stack/data/venv/lib/python3.12/site-packages/oslo_config/cfg.py:3006}}
May 09 07:23:28.975731 np0000172975 devstack@n-api-meta.service[108397]: DEBUG nova.api.openstack.wsgi_app [None req-05e492ee-35aa-407b-95c1-9a6ee9bca7db None None] oslo_messaging_notifications.transport_url = **** {{(pid=108397) log_opt_values /opt/stack/data/venv/lib/python3.12/site-packages/oslo_config/cfg.py:3006}}
May 09 07:23:28.975871 np0000172975 devstack@n-api-meta.service[108397]: DEBUG nova.api.openstack.wsgi_app [None req-05e492ee-35aa-407b-95c1-9a6ee9bca7db None None] oslo_reports.file_event_handler = None {{(pid=108397) log_opt_values /opt/stack/data/venv/lib/python3.12/site-packages/oslo_config/cfg.py:3006}}
May 09 07:23:28.976002 np0000172975 devstack@n-api-meta.service[108397]: DEBUG nova.api.openstack.wsgi_app [None req-05e492ee-35aa-407b-95c1-9a6ee9bca7db None None] oslo_reports.file_event_handler_interval = 1 {{(pid=108397) log_opt_values /opt/stack/data/venv/lib/python3.12/site-packages/oslo_config/cfg.py:3006}}
May 09 07:23:28.976148 np0000172975 devstack@n-api-meta.service[108397]: DEBUG nova.api.openstack.wsgi_app [None req-05e492ee-35aa-407b-95c1-9a6ee9bca7db None None] oslo_reports.log_dir = None {{(pid=108397) log_opt_values /opt/stack/data/venv/lib/python3.12/site-packages/oslo_config/cfg.py:3006}}
May 09 07:23:28.976254 np0000172975 devstack@n-api-meta.service[108397]: DEBUG nova.api.openstack.wsgi_app [None req-05e492ee-35aa-407b-95c1-9a6ee9bca7db None None] ******************************************************************************** {{(pid=108397) log_opt_values /opt/stack/data/venv/lib/python3.12/site-packages/oslo_config/cfg.py:3013}}
May 09 07:23:28.976336 np0000172975 devstack@n-api-meta.service[108397]: WSGI app 0 (mountpoint='') ready in 2 seconds on interpreter 0x761727aa3668 pid: 108397 (default app)
May 09 07:23:38.555361 np0000172975 devstack@n-api-meta.service[108399]: DEBUG dbcounter [-] [108399] Writing DB stats nova_api:SELECT=1 {{(pid=108399) stat_writer /opt/stack/data/venv/lib/python3.12/site-packages/dbcounter.py:115}}
May 09 07:23:38.577496 np0000172975 devstack@n-api-meta.service[108396]: DEBUG dbcounter [-] [108396] Writing DB stats nova_api:SELECT=1 {{(pid=108396) stat_writer /opt/stack/data/venv/lib/python3.12/site-packages/dbcounter.py:115}}
May 09 07:23:38.595753 np0000172975 devstack@n-api-meta.service[108398]: DEBUG dbcounter [-] [108398] Writing DB stats nova_api:SELECT=1 {{(pid=108398) stat_writer /opt/stack/data/venv/lib/python3.12/site-packages/dbcounter.py:115}}
May 09 07:23:38.649078 np0000172975 devstack@n-api-meta.service[108397]: DEBUG dbcounter [-] [108397] Writing DB stats nova_api:SELECT=1 {{(pid=108397) stat_writer /opt/stack/data/venv/lib/python3.12/site-packages/dbcounter.py:115}}
May 09 07:23:38.695530 np0000172975 devstack@n-api-meta.service[108399]: DEBUG dbcounter [-] [108399] Writing DB stats nova_cell0:SELECT=1 {{(pid=108399) stat_writer /opt/stack/data/venv/lib/python3.12/site-packages/dbcounter.py:115}}
May 09 07:23:38.696447 np0000172975 devstack@n-api-meta.service[108399]: DEBUG dbcounter [-] [108399] Writing DB stats nova_cell1:SELECT=1 {{(pid=108399) stat_writer /opt/stack/data/venv/lib/python3.12/site-packages/dbcounter.py:115}}
May 09 07:23:38.707395 np0000172975 devstack@n-api-meta.service[108396]: DEBUG dbcounter [-] [108396] Writing DB stats nova_cell1:SELECT=1 {{(pid=108396) stat_writer /opt/stack/data/venv/lib/python3.12/site-packages/dbcounter.py:115}}
May 09 07:23:38.708789 np0000172975 devstack@n-api-meta.service[108396]: DEBUG dbcounter [-] [108396] Writing DB stats nova_cell0:SELECT=1 {{(pid=108396) stat_writer /opt/stack/data/venv/lib/python3.12/site-packages/dbcounter.py:115}}
May 09 07:23:38.721574 np0000172975 devstack@n-api-meta.service[108398]: DEBUG dbcounter [-] [108398] Writing DB stats nova_cell0:SELECT=1 {{(pid=108398) stat_writer /opt/stack/data/venv/lib/python3.12/site-packages/dbcounter.py:115}}
May 09 07:23:38.726409 np0000172975 devstack@n-api-meta.service[108399]: DEBUG dbcounter [-] [108399] Writing DB stats nova_cell0:SELECT=2,nova_cell0:INSERT=1 {{(pid=108399) stat_writer /opt/stack/data/venv/lib/python3.12/site-packages/dbcounter.py:115}}
May 09 07:23:38.726912 np0000172975 devstack@n-api-meta.service[108398]: DEBUG dbcounter [-] [108398] Writing DB stats nova_cell1:SELECT=1 {{(pid=108398) stat_writer /opt/stack/data/venv/lib/python3.12/site-packages/dbcounter.py:115}}
May 09 07:23:38.741597 np0000172975 devstack@n-api-meta.service[108396]: DEBUG dbcounter [-] [108396] Writing DB stats nova_cell0:SELECT=2,nova_cell0:INSERT=1 {{(pid=108396) stat_writer /opt/stack/data/venv/lib/python3.12/site-packages/dbcounter.py:115}}
May 09 07:23:38.751765 np0000172975 devstack@n-api-meta.service[108398]: DEBUG dbcounter [-] [108398] Writing DB stats nova_cell0:SELECT=1 {{(pid=108398) stat_writer /opt/stack/data/venv/lib/python3.12/site-packages/dbcounter.py:115}}
May 09 07:23:38.791130 np0000172975 devstack@n-api-meta.service[108397]: DEBUG dbcounter [-] [108397] Writing DB stats nova_cell1:SELECT=1 {{(pid=108397) stat_writer /opt/stack/data/venv/lib/python3.12/site-packages/dbcounter.py:115}}
May 09 07:23:38.791972 np0000172975 devstack@n-api-meta.service[108397]: DEBUG dbcounter [-] [108397] Writing DB stats nova_cell0:SELECT=1 {{(pid=108397) stat_writer /opt/stack/data/venv/lib/python3.12/site-packages/dbcounter.py:115}}
May 09 07:23:38.817943 np0000172975 devstack@n-api-meta.service[108397]: DEBUG dbcounter [-] [108397] Writing DB stats nova_cell0:SELECT=1 {{(pid=108397) stat_writer /opt/stack/data/venv/lib/python3.12/site-packages/dbcounter.py:115}}
May 09 07:31:44.226760 np0000172975 devstack@n-api-meta.service[108396]: DEBUG nova.api.metadata.handler [None req-f268db2c-ccaa-43a4-b00f-8bbacdd0194f None None] Metadata request headers: {'Host': '199.204.45.30:8775', 'User-Agent': 'python-requests/2.33.1', 'Accept-Encoding': 'gzip, deflate', 'Accept': '*/*', 'Connection': 'keep-alive', 'X-Forwarded-For': '192.168.24.133', 'X-Instance-Id': '0f836b03-462a-4e3c-acbe-8cac4986fd54', 'X-Tenant-Id': '804c7634972e41aaaf13bdb69a8f02ec', 'X-Instance-Id-Signature': '76223b985668d39819b752cc5af98f7ef76cf0febfb447d14763921966a0a3c3'} {{(pid=108396) __call__ /opt/stack/nova/nova/api/metadata/handler.py:109}}
May 09 07:31:44.239891 np0000172975 devstack@n-api-meta.service[108396]: DEBUG oslo_concurrency.lockutils [None req-ef0b2e42-5e24-4ce5-9972-735007c73f53 None None] Acquiring lock "40da613d-20ba-41e2-8802-f4193dcc5af5" by "nova.context.set_target_cell..get_or_set_cached_cell_and_set_connections" {{(pid=108396) inner /opt/stack/data/venv/lib/python3.12/site-packages/oslo_concurrency/lockutils.py:506}}
May 09 07:31:44.240249 np0000172975 devstack@n-api-meta.service[108396]: DEBUG oslo_concurrency.lockutils [None req-ef0b2e42-5e24-4ce5-9972-735007c73f53 None None] Lock "40da613d-20ba-41e2-8802-f4193dcc5af5" acquired by "nova.context.set_target_cell..get_or_set_cached_cell_and_set_connections" :: waited 0.000s {{(pid=108396) inner /opt/stack/data/venv/lib/python3.12/site-packages/oslo_concurrency/lockutils.py:519}}
May 09 07:31:44.240534 np0000172975 devstack@n-api-meta.service[108396]: DEBUG oslo_concurrency.lockutils [None req-ef0b2e42-5e24-4ce5-9972-735007c73f53 None None] Lock "40da613d-20ba-41e2-8802-f4193dcc5af5" "released" by "nova.context.set_target_cell..get_or_set_cached_cell_and_set_connections" :: held 0.000s {{(pid=108396) inner /opt/stack/data/venv/lib/python3.12/site-packages/oslo_concurrency/lockutils.py:538}}
May 09 07:31:44.303445 np0000172975 devstack@n-api-meta.service[108396]: WARNING neutronclient.v2_0.client [None req-ef0b2e42-5e24-4ce5-9972-735007c73f53 None None] The python binding code in neutronclient is deprecated in favor of OpenstackSDK, please use that as this will be removed in a future release.
May 09 07:31:44.713398 np0000172975 devstack@n-api-meta.service[108396]: [pid: 108396|app: 0|req: 1/1] 199.204.45.30 () {40 vars in 641 bytes} [Sat May 9 07:31:44 2026] GET /openstack => generated 116 bytes in 487 msecs (HTTP/1.1 200) 3 headers in 100 bytes (1 switches on core 0)
May 09 07:31:44.732803 np0000172975 devstack@n-api-meta.service[108399]: DEBUG nova.api.metadata.handler [None req-c1e7e925-4f00-438f-b26a-81c81bcea195 None None] Metadata request headers: {'Host': '199.204.45.30:8775', 'User-Agent': 'python-requests/2.33.1', 'Accept-Encoding': 'gzip, deflate', 'Accept': '*/*', 'Connection': 'keep-alive', 'X-Forwarded-For': '192.168.24.133', 'X-Instance-Id': '0f836b03-462a-4e3c-acbe-8cac4986fd54', 'X-Tenant-Id': '804c7634972e41aaaf13bdb69a8f02ec', 'X-Instance-Id-Signature': '76223b985668d39819b752cc5af98f7ef76cf0febfb447d14763921966a0a3c3'} {{(pid=108399) __call__ /opt/stack/nova/nova/api/metadata/handler.py:109}}
May 09 07:31:44.739165 np0000172975 devstack@n-api-meta.service[108399]: DEBUG nova.api.metadata.handler [None req-c1e7e925-4f00-438f-b26a-81c81bcea195 None None] Using cached metadata for instance 0f836b03-462a-4e3c-acbe-8cac4986fd54 {{(pid=108399) get_metadata_by_instance_id /opt/stack/nova/nova/api/metadata/handler.py:84}}
May 09 07:31:44.739863 np0000172975 devstack@n-api-meta.service[108399]: [pid: 108399|app: 0|req: 1/2] 199.204.45.30 () {40 vars in 641 bytes} [Sat May 9 07:31:44 2026] GET /openstack => generated 116 bytes in 8 msecs (HTTP/1.1 200) 3 headers in 100 bytes (1 switches on core 0)
May 09 07:31:44.750488 np0000172975 devstack@n-api-meta.service[108398]: DEBUG nova.api.metadata.handler [None req-edccb2ab-24b0-4470-8c41-c779d8c846b5 None None] Metadata request headers: {'Host': '199.204.45.30:8775', 'User-Agent': 'python-requests/2.33.1', 'Accept-Encoding': 'gzip, deflate', 'Accept': '*/*', 'Connection': 'keep-alive', 'X-Forwarded-For': '192.168.24.133', 'X-Instance-Id': '0f836b03-462a-4e3c-acbe-8cac4986fd54', 'X-Tenant-Id': '804c7634972e41aaaf13bdb69a8f02ec', 'X-Instance-Id-Signature': '76223b985668d39819b752cc5af98f7ef76cf0febfb447d14763921966a0a3c3'} {{(pid=108398) __call__ /opt/stack/nova/nova/api/metadata/handler.py:109}}
May 09 07:31:44.755978 np0000172975 devstack@n-api-meta.service[108398]: DEBUG nova.api.metadata.handler [None req-edccb2ab-24b0-4470-8c41-c779d8c846b5 None None] Using cached metadata for instance 0f836b03-462a-4e3c-acbe-8cac4986fd54 {{(pid=108398) get_metadata_by_instance_id /opt/stack/nova/nova/api/metadata/handler.py:84}}
May 09 07:31:44.757036 np0000172975 devstack@n-api-meta.service[108398]: [pid: 108398|app: 0|req: 1/3] 199.204.45.30 () {40 vars in 693 bytes} [Sat May 9 07:31:44 2026] GET /openstack/2018-08-27/meta_data.json => generated 946 bytes in 8 msecs (HTTP/1.1 200) 3 headers in 91 bytes (1 switches on core 0)
May 09 07:31:44.765897 np0000172975 devstack@n-api-meta.service[108397]: DEBUG nova.api.metadata.handler [None req-05e492ee-35aa-407b-95c1-9a6ee9bca7db None None] Metadata request headers: {'Host': '199.204.45.30:8775', 'User-Agent': 'python-requests/2.33.1', 'Accept-Encoding': 'gzip, deflate', 'Accept': '*/*', 'Connection': 'keep-alive', 'X-Forwarded-For': '192.168.24.133', 'X-Instance-Id': '0f836b03-462a-4e3c-acbe-8cac4986fd54', 'X-Tenant-Id': '804c7634972e41aaaf13bdb69a8f02ec', 'X-Instance-Id-Signature': '76223b985668d39819b752cc5af98f7ef76cf0febfb447d14763921966a0a3c3'} {{(pid=108397) __call__ /opt/stack/nova/nova/api/metadata/handler.py:109}}
May 09 07:31:44.769729 np0000172975 devstack@n-api-meta.service[108397]: DEBUG nova.api.metadata.handler [None req-05e492ee-35aa-407b-95c1-9a6ee9bca7db None None] Using cached metadata for instance 0f836b03-462a-4e3c-acbe-8cac4986fd54 {{(pid=108397) get_metadata_by_instance_id /opt/stack/nova/nova/api/metadata/handler.py:84}}
May 09 07:31:44.770317 np0000172975 devstack@n-api-meta.service[108397]: [pid: 108397|app: 0|req: 1/4] 199.204.45.30 () {40 vars in 683 bytes} [Sat May 9 07:31:44 2026] GET /openstack/2018-08-27/user_data => generated 26434 bytes in 5 msecs (HTTP/1.1 200) 3 headers in 102 bytes (1 switches on core 0)
May 09 07:31:44.779773 np0000172975 devstack@n-api-meta.service[108396]: DEBUG nova.api.metadata.handler [None req-ef0b2e42-5e24-4ce5-9972-735007c73f53 None None] Metadata request headers: {'Host': '199.204.45.30:8775', 'User-Agent': 'python-requests/2.33.1', 'Accept-Encoding': 'gzip, deflate', 'Accept': '*/*', 'Connection': 'keep-alive', 'X-Forwarded-For': '192.168.24.133', 'X-Instance-Id': '0f836b03-462a-4e3c-acbe-8cac4986fd54', 'X-Tenant-Id': '804c7634972e41aaaf13bdb69a8f02ec', 'X-Instance-Id-Signature': '76223b985668d39819b752cc5af98f7ef76cf0febfb447d14763921966a0a3c3'} {{(pid=108396) __call__ /opt/stack/nova/nova/api/metadata/handler.py:109}}
May 09 07:31:44.783102 np0000172975 devstack@n-api-meta.service[108396]: DEBUG nova.api.metadata.handler [None req-ef0b2e42-5e24-4ce5-9972-735007c73f53 None None] Using cached metadata for instance 0f836b03-462a-4e3c-acbe-8cac4986fd54 {{(pid=108396) get_metadata_by_instance_id /opt/stack/nova/nova/api/metadata/handler.py:84}}
May 09 07:31:44.783931 np0000172975 devstack@n-api-meta.service[108396]: [pid: 108396|app: 0|req: 2/5] 199.204.45.30 () {40 vars in 697 bytes} [Sat May 9 07:31:44 2026] GET /openstack/2018-08-27/vendor_data.json => generated 2 bytes in 5 msecs (HTTP/1.1 200) 3 headers in 89 bytes (1 switches on core 0)
May 09 07:31:44.793354 np0000172975 devstack@n-api-meta.service[108399]: DEBUG nova.api.metadata.handler [None req-c1e7e925-4f00-438f-b26a-81c81bcea195 None None] Metadata request headers: {'Host': '199.204.45.30:8775', 'User-Agent': 'python-requests/2.33.1', 'Accept-Encoding': 'gzip, deflate', 'Accept': '*/*', 'Connection': 'keep-alive', 'X-Forwarded-For': '192.168.24.133', 'X-Instance-Id': '0f836b03-462a-4e3c-acbe-8cac4986fd54', 'X-Tenant-Id': '804c7634972e41aaaf13bdb69a8f02ec', 'X-Instance-Id-Signature': '76223b985668d39819b752cc5af98f7ef76cf0febfb447d14763921966a0a3c3'} {{(pid=108399) __call__ /opt/stack/nova/nova/api/metadata/handler.py:109}}
May 09 07:31:44.796592 np0000172975 devstack@n-api-meta.service[108399]: DEBUG nova.api.metadata.handler [None req-c1e7e925-4f00-438f-b26a-81c81bcea195 None None] Using cached metadata for instance 0f836b03-462a-4e3c-acbe-8cac4986fd54 {{(pid=108399) get_metadata_by_instance_id /opt/stack/nova/nova/api/metadata/handler.py:84}}
May 09 07:31:44.797564 np0000172975 devstack@n-api-meta.service[108399]: [pid: 108399|app: 0|req: 2/6] 199.204.45.30 () {40 vars in 699 bytes} [Sat May 9 07:31:44 2026] GET /openstack/2018-08-27/vendor_data2.json => generated 14 bytes in 5 msecs (HTTP/1.1 200) 3 headers in 90 bytes (1 switches on core 0)
May 09 07:31:44.805927 np0000172975 devstack@n-api-meta.service[108398]: DEBUG nova.api.metadata.handler [None req-edccb2ab-24b0-4470-8c41-c779d8c846b5 None None] Metadata request headers: {'Host': '199.204.45.30:8775', 'User-Agent': 'python-requests/2.33.1', 'Accept-Encoding': 'gzip, deflate', 'Accept': '*/*', 'Connection': 'keep-alive', 'X-Forwarded-For': '192.168.24.133', 'X-Instance-Id': '0f836b03-462a-4e3c-acbe-8cac4986fd54', 'X-Tenant-Id': '804c7634972e41aaaf13bdb69a8f02ec', 'X-Instance-Id-Signature': '76223b985668d39819b752cc5af98f7ef76cf0febfb447d14763921966a0a3c3'} {{(pid=108398) __call__ /opt/stack/nova/nova/api/metadata/handler.py:109}}
May 09 07:31:44.809481 np0000172975 devstack@n-api-meta.service[108398]: DEBUG nova.api.metadata.handler [None req-edccb2ab-24b0-4470-8c41-c779d8c846b5 None None] Using cached metadata for instance 0f836b03-462a-4e3c-acbe-8cac4986fd54 {{(pid=108398) get_metadata_by_instance_id /opt/stack/nova/nova/api/metadata/handler.py:84}}
May 09 07:31:44.810200 np0000172975 devstack@n-api-meta.service[108398]: [pid: 108398|app: 0|req: 2/7] 199.204.45.30 () {40 vars in 699 bytes} [Sat May 9 07:31:44 2026] GET /openstack/2018-08-27/network_data.json => generated 348 bytes in 5 msecs (HTTP/1.1 200) 3 headers in 100 bytes (1 switches on core 0)
May 09 07:31:44.817726 np0000172975 devstack@n-api-meta.service[108397]: DEBUG nova.api.metadata.handler [None req-05e492ee-35aa-407b-95c1-9a6ee9bca7db None None] Metadata request headers: {'Host': '199.204.45.30:8775', 'User-Agent': 'python-requests/2.33.1', 'Accept-Encoding': 'gzip, deflate', 'Accept': '*/*', 'Connection': 'keep-alive', 'X-Forwarded-For': '192.168.24.133', 'X-Instance-Id': '0f836b03-462a-4e3c-acbe-8cac4986fd54', 'X-Tenant-Id': '804c7634972e41aaaf13bdb69a8f02ec', 'X-Instance-Id-Signature': '76223b985668d39819b752cc5af98f7ef76cf0febfb447d14763921966a0a3c3'} {{(pid=108397) __call__ /opt/stack/nova/nova/api/metadata/handler.py:109}}
May 09 07:31:44.820549 np0000172975 devstack@n-api-meta.service[108397]: DEBUG nova.api.metadata.handler [None req-05e492ee-35aa-407b-95c1-9a6ee9bca7db None None] Using cached metadata for instance 0f836b03-462a-4e3c-acbe-8cac4986fd54 {{(pid=108397) get_metadata_by_instance_id /opt/stack/nova/nova/api/metadata/handler.py:84}}
May 09 07:31:44.821427 np0000172975 devstack@n-api-meta.service[108397]: [pid: 108397|app: 0|req: 2/8] 199.204.45.30 () {40 vars in 657 bytes} [Sat May 9 07:31:44 2026] GET /latest/meta-data/ => generated 210 bytes in 4 msecs (HTTP/1.1 200) 3 headers in 100 bytes (1 switches on core 0)
May 09 07:31:44.830361 np0000172975 devstack@n-api-meta.service[108396]: DEBUG nova.api.metadata.handler [None req-ef0b2e42-5e24-4ce5-9972-735007c73f53 None None] Metadata request headers: {'Host': '199.204.45.30:8775', 'User-Agent': 'python-requests/2.33.1', 'Accept-Encoding': 'gzip, deflate', 'Accept': '*/*', 'Connection': 'keep-alive', 'X-Forwarded-For': '192.168.24.133', 'X-Instance-Id': '0f836b03-462a-4e3c-acbe-8cac4986fd54', 'X-Tenant-Id': '804c7634972e41aaaf13bdb69a8f02ec', 'X-Instance-Id-Signature': '76223b985668d39819b752cc5af98f7ef76cf0febfb447d14763921966a0a3c3'} {{(pid=108396) __call__ /opt/stack/nova/nova/api/metadata/handler.py:109}}
May 09 07:31:44.833154 np0000172975 devstack@n-api-meta.service[108396]: DEBUG nova.api.metadata.handler [None req-ef0b2e42-5e24-4ce5-9972-735007c73f53 None None] Using cached metadata for instance 0f836b03-462a-4e3c-acbe-8cac4986fd54 {{(pid=108396) get_metadata_by_instance_id /opt/stack/nova/nova/api/metadata/handler.py:84}}
May 09 07:31:44.834036 np0000172975 devstack@n-api-meta.service[108396]: [pid: 108396|app: 0|req: 3/9] 199.204.45.30 () {40 vars in 699 bytes} [Sat May 9 07:31:44 2026] GET /latest/meta-data/block-device-mapping/ => generated 8 bytes in 4 msecs (HTTP/1.1 200) 3 headers in 98 bytes (1 switches on core 0)
May 09 07:31:44.841959 np0000172975 devstack@n-api-meta.service[108399]: DEBUG nova.api.metadata.handler [None req-c1e7e925-4f00-438f-b26a-81c81bcea195 None None] Metadata request headers: {'Host': '199.204.45.30:8775', 'User-Agent': 'python-requests/2.33.1', 'Accept-Encoding': 'gzip, deflate', 'Accept': '*/*', 'Connection': 'keep-alive', 'X-Forwarded-For': '192.168.24.133', 'X-Instance-Id': '0f836b03-462a-4e3c-acbe-8cac4986fd54', 'X-Tenant-Id': '804c7634972e41aaaf13bdb69a8f02ec', 'X-Instance-Id-Signature': '76223b985668d39819b752cc5af98f7ef76cf0febfb447d14763921966a0a3c3'} {{(pid=108399) __call__ /opt/stack/nova/nova/api/metadata/handler.py:109}}
May 09 07:31:44.845102 np0000172975 devstack@n-api-meta.service[108399]: DEBUG nova.api.metadata.handler [None req-c1e7e925-4f00-438f-b26a-81c81bcea195 None None] Using cached metadata for instance 0f836b03-462a-4e3c-acbe-8cac4986fd54 {{(pid=108399) get_metadata_by_instance_id /opt/stack/nova/nova/api/metadata/handler.py:84}}
May 09 07:31:44.846024 np0000172975 devstack@n-api-meta.service[108399]: [pid: 108399|app: 0|req: 3/10] 199.204.45.30 () {40 vars in 705 bytes} [Sat May 9 07:31:44 2026] GET /latest/meta-data/block-device-mapping/ami => generated 3 bytes in 5 msecs (HTTP/1.1 200) 3 headers in 98 bytes (1 switches on core 0)
May 09 07:31:44.860564 np0000172975 devstack@n-api-meta.service[108398]: DEBUG nova.api.metadata.handler [None req-edccb2ab-24b0-4470-8c41-c779d8c846b5 None None] Metadata request headers: {'Host': '199.204.45.30:8775', 'User-Agent': 'python-requests/2.33.1', 'Accept-Encoding': 'gzip, deflate', 'Accept': '*/*', 'Connection': 'keep-alive', 'X-Forwarded-For': '192.168.24.133', 'X-Instance-Id': '0f836b03-462a-4e3c-acbe-8cac4986fd54', 'X-Tenant-Id': '804c7634972e41aaaf13bdb69a8f02ec', 'X-Instance-Id-Signature': '76223b985668d39819b752cc5af98f7ef76cf0febfb447d14763921966a0a3c3'} {{(pid=108398) __call__ /opt/stack/nova/nova/api/metadata/handler.py:109}}
May 09 07:31:44.861985 np0000172975 devstack@n-api-meta.service[108398]: DEBUG nova.api.metadata.handler [None req-edccb2ab-24b0-4470-8c41-c779d8c846b5 None None] Using cached metadata for instance 0f836b03-462a-4e3c-acbe-8cac4986fd54 {{(pid=108398) get_metadata_by_instance_id /opt/stack/nova/nova/api/metadata/handler.py:84}}
May 09 07:31:44.862366 np0000172975 devstack@n-api-meta.service[108398]: [pid: 108398|app: 0|req: 3/11] 199.204.45.30 () {40 vars in 707 bytes} [Sat May 9 07:31:44 2026] GET /latest/meta-data/block-device-mapping/root => generated 8 bytes in 2 msecs (HTTP/1.1 200) 3 headers in 98 bytes (1 switches on core 0)
May 09 07:31:44.870295 np0000172975 devstack@n-api-meta.service[108397]: DEBUG nova.api.metadata.handler [None req-05e492ee-35aa-407b-95c1-9a6ee9bca7db None None] Metadata request headers: {'Host': '199.204.45.30:8775', 'User-Agent': 'python-requests/2.33.1', 'Accept-Encoding': 'gzip, deflate', 'Accept': '*/*', 'Connection': 'keep-alive', 'X-Forwarded-For': '192.168.24.133', 'X-Instance-Id': '0f836b03-462a-4e3c-acbe-8cac4986fd54', 'X-Tenant-Id': '804c7634972e41aaaf13bdb69a8f02ec', 'X-Instance-Id-Signature': '76223b985668d39819b752cc5af98f7ef76cf0febfb447d14763921966a0a3c3'} {{(pid=108397) __call__ /opt/stack/nova/nova/api/metadata/handler.py:109}}
May 09 07:31:44.872475 np0000172975 devstack@n-api-meta.service[108397]: DEBUG nova.api.metadata.handler [None req-05e492ee-35aa-407b-95c1-9a6ee9bca7db None None] Using cached metadata for instance 0f836b03-462a-4e3c-acbe-8cac4986fd54 {{(pid=108397) get_metadata_by_instance_id /opt/stack/nova/nova/api/metadata/handler.py:84}}
May 09 07:31:44.872944 np0000172975 devstack@n-api-meta.service[108397]: [pid: 108397|app: 0|req: 3/12] 199.204.45.30 () {40 vars in 677 bytes} [Sat May 9 07:31:44 2026] GET /latest/meta-data/placement/ => generated 17 bytes in 3 msecs (HTTP/1.1 200) 3 headers in 99 bytes (1 switches on core 0)
May 09 07:31:44.880135 np0000172975 devstack@n-api-meta.service[108396]: DEBUG nova.api.metadata.handler [None req-ef0b2e42-5e24-4ce5-9972-735007c73f53 None None] Metadata request headers: {'Host': '199.204.45.30:8775', 'User-Agent': 'python-requests/2.33.1', 'Accept-Encoding': 'gzip, deflate', 'Accept': '*/*', 'Connection': 'keep-alive', 'X-Forwarded-For': '192.168.24.133', 'X-Instance-Id': '0f836b03-462a-4e3c-acbe-8cac4986fd54', 'X-Tenant-Id': '804c7634972e41aaaf13bdb69a8f02ec', 'X-Instance-Id-Signature': '76223b985668d39819b752cc5af98f7ef76cf0febfb447d14763921966a0a3c3'} {{(pid=108396) __call__ /opt/stack/nova/nova/api/metadata/handler.py:109}}
May 09 07:31:44.882131 np0000172975 devstack@n-api-meta.service[108396]: DEBUG nova.api.metadata.handler [None req-ef0b2e42-5e24-4ce5-9972-735007c73f53 None None] Using cached metadata for instance 0f836b03-462a-4e3c-acbe-8cac4986fd54 {{(pid=108396) get_metadata_by_instance_id /opt/stack/nova/nova/api/metadata/handler.py:84}}
May 09 07:31:44.882609 np0000172975 devstack@n-api-meta.service[108396]: [pid: 108396|app: 0|req: 4/13] 199.204.45.30 () {40 vars in 711 bytes} [Sat May 9 07:31:44 2026] GET /latest/meta-data/placement/availability-zone => generated 4 bytes in 3 msecs (HTTP/1.1 200) 3 headers in 98 bytes (1 switches on core 0)
May 09 07:31:44.889103 np0000172975 devstack@n-api-meta.service[108399]: DEBUG nova.api.metadata.handler [None req-c1e7e925-4f00-438f-b26a-81c81bcea195 None None] Metadata request headers: {'Host': '199.204.45.30:8775', 'User-Agent': 'python-requests/2.33.1', 'Accept-Encoding': 'gzip, deflate', 'Accept': '*/*', 'Connection': 'keep-alive', 'X-Forwarded-For': '192.168.24.133', 'X-Instance-Id': '0f836b03-462a-4e3c-acbe-8cac4986fd54', 'X-Tenant-Id': '804c7634972e41aaaf13bdb69a8f02ec', 'X-Instance-Id-Signature': '76223b985668d39819b752cc5af98f7ef76cf0febfb447d14763921966a0a3c3'} {{(pid=108399) __call__ /opt/stack/nova/nova/api/metadata/handler.py:109}}
May 09 07:31:44.892426 np0000172975 devstack@n-api-meta.service[108399]: DEBUG nova.api.metadata.handler [None req-c1e7e925-4f00-438f-b26a-81c81bcea195 None None] Using cached metadata for instance 0f836b03-462a-4e3c-acbe-8cac4986fd54 {{(pid=108399) get_metadata_by_instance_id /opt/stack/nova/nova/api/metadata/handler.py:84}}
May 09 07:31:44.893163 np0000172975 devstack@n-api-meta.service[108399]: [pid: 108399|app: 0|req: 4/14] 199.204.45.30 () {40 vars in 669 bytes} [Sat May 9 07:31:44 2026] GET /latest/meta-data/ami-id => generated 12 bytes in 5 msecs (HTTP/1.1 200) 3 headers in 99 bytes (1 switches on core 0)
May 09 07:31:44.902362 np0000172975 devstack@n-api-meta.service[108398]: DEBUG nova.api.metadata.handler [None req-edccb2ab-24b0-4470-8c41-c779d8c846b5 None None] Metadata request headers: {'Host': '199.204.45.30:8775', 'User-Agent': 'python-requests/2.33.1', 'Accept-Encoding': 'gzip, deflate', 'Accept': '*/*', 'Connection': 'keep-alive', 'X-Forwarded-For': '192.168.24.133', 'X-Instance-Id': '0f836b03-462a-4e3c-acbe-8cac4986fd54', 'X-Tenant-Id': '804c7634972e41aaaf13bdb69a8f02ec', 'X-Instance-Id-Signature': '76223b985668d39819b752cc5af98f7ef76cf0febfb447d14763921966a0a3c3'} {{(pid=108398) __call__ /opt/stack/nova/nova/api/metadata/handler.py:109}}
May 09 07:31:44.904303 np0000172975 devstack@n-api-meta.service[108398]: DEBUG nova.api.metadata.handler [None req-edccb2ab-24b0-4470-8c41-c779d8c846b5 None None] Using cached metadata for instance 0f836b03-462a-4e3c-acbe-8cac4986fd54 {{(pid=108398) get_metadata_by_instance_id /opt/stack/nova/nova/api/metadata/handler.py:84}}
May 09 07:31:44.904948 np0000172975 devstack@n-api-meta.service[108398]: [pid: 108398|app: 0|req: 4/15] 199.204.45.30 () {40 vars in 689 bytes} [Sat May 9 07:31:44 2026] GET /latest/meta-data/ami-launch-index => generated 1 bytes in 3 msecs (HTTP/1.1 200) 3 headers in 98 bytes (1 switches on core 0)
May 09 07:31:44.913566 np0000172975 devstack@n-api-meta.service[108397]: DEBUG nova.api.metadata.handler [None req-05e492ee-35aa-407b-95c1-9a6ee9bca7db None None] Metadata request headers: {'Host': '199.204.45.30:8775', 'User-Agent': 'python-requests/2.33.1', 'Accept-Encoding': 'gzip, deflate', 'Accept': '*/*', 'Connection': 'keep-alive', 'X-Forwarded-For': '192.168.24.133', 'X-Instance-Id': '0f836b03-462a-4e3c-acbe-8cac4986fd54', 'X-Tenant-Id': '804c7634972e41aaaf13bdb69a8f02ec', 'X-Instance-Id-Signature': '76223b985668d39819b752cc5af98f7ef76cf0febfb447d14763921966a0a3c3'} {{(pid=108397) __call__ /opt/stack/nova/nova/api/metadata/handler.py:109}}
May 09 07:31:44.916441 np0000172975 devstack@n-api-meta.service[108397]: DEBUG nova.api.metadata.handler [None req-05e492ee-35aa-407b-95c1-9a6ee9bca7db None None] Using cached metadata for instance 0f836b03-462a-4e3c-acbe-8cac4986fd54 {{(pid=108397) get_metadata_by_instance_id /opt/stack/nova/nova/api/metadata/handler.py:84}}
May 09 07:31:44.917371 np0000172975 devstack@n-api-meta.service[108397]: [pid: 108397|app: 0|req: 4/16] 199.204.45.30 () {40 vars in 691 bytes} [Sat May 9 07:31:44 2026] GET /latest/meta-data/ami-manifest-path => generated 5 bytes in 5 msecs (HTTP/1.1 200) 3 headers in 98 bytes (1 switches on core 0)
May 09 07:31:44.925857 np0000172975 devstack@n-api-meta.service[108396]: DEBUG nova.api.metadata.handler [None req-ef0b2e42-5e24-4ce5-9972-735007c73f53 None None] Metadata request headers: {'Host': '199.204.45.30:8775', 'User-Agent': 'python-requests/2.33.1', 'Accept-Encoding': 'gzip, deflate', 'Accept': '*/*', 'Connection': 'keep-alive', 'X-Forwarded-For': '192.168.24.133', 'X-Instance-Id': '0f836b03-462a-4e3c-acbe-8cac4986fd54', 'X-Tenant-Id': '804c7634972e41aaaf13bdb69a8f02ec', 'X-Instance-Id-Signature': '76223b985668d39819b752cc5af98f7ef76cf0febfb447d14763921966a0a3c3'} {{(pid=108396) __call__ /opt/stack/nova/nova/api/metadata/handler.py:109}}
May 09 07:31:44.927859 np0000172975 devstack@n-api-meta.service[108396]: DEBUG nova.api.metadata.handler [None req-ef0b2e42-5e24-4ce5-9972-735007c73f53 None None] Using cached metadata for instance 0f836b03-462a-4e3c-acbe-8cac4986fd54 {{(pid=108396) get_metadata_by_instance_id /opt/stack/nova/nova/api/metadata/handler.py:84}}
May 09 07:31:44.928375 np0000172975 devstack@n-api-meta.service[108396]: [pid: 108396|app: 0|req: 5/17] 199.204.45.30 () {40 vars in 673 bytes} [Sat May 9 07:31:44 2026] GET /latest/meta-data/hostname => generated 32 bytes in 3 msecs (HTTP/1.1 200) 3 headers in 99 bytes (1 switches on core 0)
May 09 07:31:44.935373 np0000172975 devstack@n-api-meta.service[108399]: DEBUG nova.api.metadata.handler [None req-c1e7e925-4f00-438f-b26a-81c81bcea195 None None] Metadata request headers: {'Host': '199.204.45.30:8775', 'User-Agent': 'python-requests/2.33.1', 'Accept-Encoding': 'gzip, deflate', 'Accept': '*/*', 'Connection': 'keep-alive', 'X-Forwarded-For': '192.168.24.133', 'X-Instance-Id': '0f836b03-462a-4e3c-acbe-8cac4986fd54', 'X-Tenant-Id': '804c7634972e41aaaf13bdb69a8f02ec', 'X-Instance-Id-Signature': '76223b985668d39819b752cc5af98f7ef76cf0febfb447d14763921966a0a3c3'} {{(pid=108399) __call__ /opt/stack/nova/nova/api/metadata/handler.py:109}}
May 09 07:31:44.937429 np0000172975 devstack@n-api-meta.service[108399]: DEBUG nova.api.metadata.handler [None req-c1e7e925-4f00-438f-b26a-81c81bcea195 None None] Using cached metadata for instance 0f836b03-462a-4e3c-acbe-8cac4986fd54 {{(pid=108399) get_metadata_by_instance_id /opt/stack/nova/nova/api/metadata/handler.py:84}}
May 09 07:31:44.937983 np0000172975 devstack@n-api-meta.service[108399]: [pid: 108399|app: 0|req: 5/18] 199.204.45.30 () {40 vars in 687 bytes} [Sat May 9 07:31:44 2026] GET /latest/meta-data/instance-action => generated 4 bytes in 3 msecs (HTTP/1.1 200) 3 headers in 98 bytes (1 switches on core 0)
May 09 07:31:44.944697 np0000172975 devstack@n-api-meta.service[108398]: DEBUG nova.api.metadata.handler [None req-edccb2ab-24b0-4470-8c41-c779d8c846b5 None None] Metadata request headers: {'Host': '199.204.45.30:8775', 'User-Agent': 'python-requests/2.33.1', 'Accept-Encoding': 'gzip, deflate', 'Accept': '*/*', 'Connection': 'keep-alive', 'X-Forwarded-For': '192.168.24.133', 'X-Instance-Id': '0f836b03-462a-4e3c-acbe-8cac4986fd54', 'X-Tenant-Id': '804c7634972e41aaaf13bdb69a8f02ec', 'X-Instance-Id-Signature': '76223b985668d39819b752cc5af98f7ef76cf0febfb447d14763921966a0a3c3'} {{(pid=108398) __call__ /opt/stack/nova/nova/api/metadata/handler.py:109}}
May 09 07:31:44.947681 np0000172975 devstack@n-api-meta.service[108398]: DEBUG nova.api.metadata.handler [None req-edccb2ab-24b0-4470-8c41-c779d8c846b5 None None] Using cached metadata for instance 0f836b03-462a-4e3c-acbe-8cac4986fd54 {{(pid=108398) get_metadata_by_instance_id /opt/stack/nova/nova/api/metadata/handler.py:84}}
May 09 07:31:44.948414 np0000172975 devstack@n-api-meta.service[108398]: [pid: 108398|app: 0|req: 5/19] 199.204.45.30 () {40 vars in 679 bytes} [Sat May 9 07:31:44 2026] GET /latest/meta-data/instance-id => generated 10 bytes in 4 msecs (HTTP/1.1 200) 3 headers in 99 bytes (1 switches on core 0)
May 09 07:31:44.956691 np0000172975 devstack@n-api-meta.service[108397]: DEBUG nova.api.metadata.handler [None req-05e492ee-35aa-407b-95c1-9a6ee9bca7db None None] Metadata request headers: {'Host': '199.204.45.30:8775', 'User-Agent': 'python-requests/2.33.1', 'Accept-Encoding': 'gzip, deflate', 'Accept': '*/*', 'Connection': 'keep-alive', 'X-Forwarded-For': '192.168.24.133', 'X-Instance-Id': '0f836b03-462a-4e3c-acbe-8cac4986fd54', 'X-Tenant-Id': '804c7634972e41aaaf13bdb69a8f02ec', 'X-Instance-Id-Signature': '76223b985668d39819b752cc5af98f7ef76cf0febfb447d14763921966a0a3c3'} {{(pid=108397) __call__ /opt/stack/nova/nova/api/metadata/handler.py:109}}
May 09 07:31:44.959613 np0000172975 devstack@n-api-meta.service[108397]: DEBUG nova.api.metadata.handler [None req-05e492ee-35aa-407b-95c1-9a6ee9bca7db None None] Using cached metadata for instance 0f836b03-462a-4e3c-acbe-8cac4986fd54 {{(pid=108397) get_metadata_by_instance_id /opt/stack/nova/nova/api/metadata/handler.py:84}}
May 09 07:31:44.960380 np0000172975 devstack@n-api-meta.service[108397]: [pid: 108397|app: 0|req: 5/20] 199.204.45.30 () {40 vars in 683 bytes} [Sat May 9 07:31:44 2026] GET /latest/meta-data/instance-type => generated 8 bytes in 4 msecs (HTTP/1.1 200) 3 headers in 98 bytes (1 switches on core 0)
