+ COMMAND=start + start + for KEYSTONE_WSGI_SCRIPT in keystone-wsgi-public ++ type -p keystone-wsgi-public + cp -a /var/lib/openstack/bin/keystone-wsgi-public /var/www/cgi-bin/keystone/ + '[' -f /etc/apache2/envvars ']' + source /etc/apache2/envvars ++ unset HOME ++ '[' '' '!=' '' ']' ++ SUFFIX= ++ export APACHE_RUN_USER=www-data ++ APACHE_RUN_USER=www-data ++ export APACHE_RUN_GROUP=www-data ++ APACHE_RUN_GROUP=www-data ++ export APACHE_PID_FILE=/var/run/apache2/apache2.pid ++ APACHE_PID_FILE=/var/run/apache2/apache2.pid ++ export APACHE_RUN_DIR=/var/run/apache2 ++ APACHE_RUN_DIR=/var/run/apache2 ++ export APACHE_LOCK_DIR=/var/lock/apache2 ++ APACHE_LOCK_DIR=/var/lock/apache2 ++ export APACHE_LOG_DIR=/var/log/apache2 ++ APACHE_LOG_DIR=/var/log/apache2 ++ export LANG=C ++ LANG=C ++ export LANG + '[' -f /var/run/apache2/apache2.pid ']' + exec apache2 -DFOREGROUND AH00558: apache2: Could not reliably determine the server's fully qualified domain name, using 10.0.0.47. Set the 'ServerName' directive globally to suppress this message AH00558: apache2: Could not reliably determine the server's fully qualified domain name, using 10.0.0.47. Set the 'ServerName' directive globally to suppress this message
[Sat Aug 15 10:14:45.124485 2026] [mpm_event:notice] [pid 1:tid 140497664620416] AH00489: Apache/2.4.58 (Ubuntu) mod_wsgi/5.0.0 Python/3.12 configured -- resuming normal operations
[Sat Aug 15 10:14:45.124629 2026] [core:notice] [pid 1:tid 140497664620416] AH00094: Command line: 'apache2 -D FOREGROUND'
[Sat Aug 15 10:15:44.808958 2026] [wsgi:error] [pid 9:tid 140497027847872] /var/lib/openstack/lib/python3.12/site-packages/oslo_utils/importutils.py:77: EventletDeprecationWarning:
[Sat Aug 15 10:15:44.809000 2026] [wsgi:error] [pid 9:tid 140497027847872] Eventlet is deprecated. It is currently being maintained in bugfix mode, and
[Sat Aug 15 10:15:44.809002 2026] [wsgi:error] [pid 9:tid 140497027847872] we strongly recommend against using it for new projects.
[Sat Aug 15 10:15:44.809003 2026] [wsgi:error] [pid 9:tid 140497027847872]
[Sat Aug 15 10:15:44.809004 2026] [wsgi:error] [pid 9:tid 140497027847872] If you are already using Eventlet, we recommend migrating to a different
[Sat Aug 15 10:15:44.809005 2026] [wsgi:error] [pid 9:tid 140497027847872] framework. For more detail see
[Sat Aug 15 10:15:44.809007 2026] [wsgi:error] [pid 9:tid 140497027847872] https://eventlet.readthedocs.io/en/latest/asyncio/migration.html
[Sat Aug 15 10:15:44.809008 2026] [wsgi:error] [pid 9:tid 140497027847872]
[Sat Aug 15 10:15:44.809009 2026] [wsgi:error] [pid 9:tid 140497027847872] __import__(import_str)
[Sat Aug 15 10:15:44.833781 2026] [wsgi:error] [pid 10:tid 140497027847872] /var/lib/openstack/lib/python3.12/site-packages/oslo_utils/importutils.py:77: EventletDeprecationWarning:
[Sat Aug 15 10:15:44.833833 2026] [wsgi:error] [pid 10:tid 140497027847872] Eventlet is deprecated. It is currently being maintained in bugfix mode, and
[Sat Aug 15 10:15:44.833835 2026] [wsgi:error] [pid 10:tid 140497027847872] we strongly recommend against using it for new projects.
[Sat Aug 15 10:15:44.833836 2026] [wsgi:error] [pid 10:tid 140497027847872]
[Sat Aug 15 10:15:44.833837 2026] [wsgi:error] [pid 10:tid 140497027847872] If you are already using Eventlet, we recommend migrating to a different
[Sat Aug 15 10:15:44.833839 2026] [wsgi:error] [pid 10:tid 140497027847872] framework. For more detail see
[Sat Aug 15 10:15:44.833840 2026] [wsgi:error] [pid 10:tid 140497027847872] https://eventlet.readthedocs.io/en/latest/asyncio/migration.html
[Sat Aug 15 10:15:44.833841 2026] [wsgi:error] [pid 10:tid 140497027847872]
[Sat Aug 15 10:15:44.833842 2026] [wsgi:error] [pid 10:tid 140497027847872] __import__(import_str) 10.0.0.173 - - [15/Aug/2026:10:15:43 +0000] "GET /v3/ HTTP/1.1" 200 249 10.0.0.173 - - [15/Aug/2026:10:15:43 +0000] "GET /v3/ HTTP/1.1" 200 249
[Sat Aug 15 10:15:58.349401 2026] [wsgi:error] [pid 12:tid 140497027847872] /var/lib/openstack/lib/python3.12/site-packages/oslo_utils/importutils.py:77: EventletDeprecationWarning:
[Sat Aug 15 10:15:58.349455 2026] [wsgi:error] [pid 12:tid 140497027847872] Eventlet is deprecated. It is currently being maintained in bugfix mode, and
[Sat Aug 15 10:15:58.349458 2026] [wsgi:error] [pid 12:tid 140497027847872] we strongly recommend against using it for new projects.
[Sat Aug 15 10:15:58.349460 2026] [wsgi:error] [pid 12:tid 140497027847872]
[Sat Aug 15 10:15:58.349461 2026] [wsgi:error] [pid 12:tid 140497027847872] If you are already using Eventlet, we recommend migrating to a different
[Sat Aug 15 10:15:58.349463 2026] [wsgi:error] [pid 12:tid 140497027847872] framework. For more detail see
[Sat Aug 15 10:15:58.349464 2026] [wsgi:error] [pid 12:tid 140497027847872] https://eventlet.readthedocs.io/en/latest/asyncio/migration.html
[Sat Aug 15 10:15:58.349466 2026] [wsgi:error] [pid 12:tid 140497027847872]
[Sat Aug 15 10:15:58.349467 2026] [wsgi:error] [pid 12:tid 140497027847872] __import__(import_str) 10.0.0.123 - - [15/Aug/2026:10:15:57 +0000] "GET / HTTP/1.1" 300 295
[Sat Aug 15 10:16:03.713029 2026] [wsgi:error] [pid 11:tid 140497027847872] /var/lib/openstack/lib/python3.12/site-packages/oslo_utils/importutils.py:77: EventletDeprecationWarning:
[Sat Aug 15 10:16:03.713070 2026] [wsgi:error] [pid 11:tid 140497027847872] Eventlet is deprecated. It is currently being maintained in bugfix mode, and
[Sat Aug 15 10:16:03.713072 2026] [wsgi:error] [pid 11:tid 140497027847872] we strongly recommend against using it for new projects.
[Sat Aug 15 10:16:03.713073 2026] [wsgi:error] [pid 11:tid 140497027847872]
[Sat Aug 15 10:16:03.713074 2026] [wsgi:error] [pid 11:tid 140497027847872] If you are already using Eventlet, we recommend migrating to a different
[Sat Aug 15 10:16:03.713076 2026] [wsgi:error] [pid 11:tid 140497027847872] framework. For more detail see
[Sat Aug 15 10:16:03.713077 2026] [wsgi:error] [pid 11:tid 140497027847872] https://eventlet.readthedocs.io/en/latest/asyncio/migration.html
[Sat Aug 15 10:16:03.713078 2026] [wsgi:error] [pid 11:tid 140497027847872]
[Sat Aug 15 10:16:03.713079 2026] [wsgi:error] [pid 11:tid 140497027847872] __import__(import_str)
[Sat Aug 15 10:16:08.297367 2026] [wsgi:error] [pid 11:tid 140497027847872] [remote 10.0.0.123:58450] 2026-08-15 10:16:08.294 11 WARNING keystone.identity.core [None req-e794c2f3-6ee3-4cd9-842c-75e6de2fd130 - - - - - -] Invalid domain name (atmosphere) found in config file name: keystone.exception.DomainNotFound: Could not find domain: atmosphere.
[Sat Aug 15 10:16:08.351229 2026] [wsgi:error] [pid 11:tid 140497027847872] [remote 10.0.0.123:58450] 2026-08-15 10:16:08.350 11 WARNING keystone.common.password_hashing [None req-e794c2f3-6ee3-4cd9-842c-75e6de2fd130 - - - - - -] Truncating password to algorithm specific maximum length 72 characters.
[Sat Aug 15 10:16:08.635012 2026] [wsgi:error] [pid 11:tid 140497027847872] [remote 10.0.0.123:58450] 2026-08-15 10:16:08.634 11 WARNING keystone.common.fernet_utils [None req-e794c2f3-6ee3-4cd9-842c-75e6de2fd130 - - - - - -] key_repository is world readable: /etc/keystone/fernet-keys/ 10.0.0.123 - - [15/Aug/2026:10:16:02 +0000] "POST /v3/auth/tokens HTTP/1.1" 201 1360
[Sat Aug 15 10:16:08.995135 2026] [wsgi:error] [pid 9:tid 140497027847872] [remote 10.0.0.123:58450] 2026-08-15 10:16:08.992 9 WARNING keystone.identity.core [None req-8022d639-4b84-4230-976f-463bf219ff87 - - - - - -] Invalid domain name (atmosphere) found in config file name: keystone.exception.DomainNotFound: Could not find domain: atmosphere. 10.0.0.123 - - [15/Aug/2026:10:16:08 +0000] "POST /v3/domains HTTP/1.1" 201 261 10.0.0.118 - - [15/Aug/2026:10:16:21 +0000] "GET / HTTP/1.1" 300 295
[Sat Aug 15 10:16:22.022222 2026] [wsgi:error] [pid 12:tid 140497027847872] [remote 10.0.0.118:59578] 2026-08-15 10:16:22.021 12 WARNING keystone.common.password_hashing [None req-b4d1adec-b5d2-4752-984b-71680cd56c56 - - - - - -] Truncating password to algorithm specific maximum length 72 characters.
[Sat Aug 15 10:16:22.298384 2026] [wsgi:error] [pid 12:tid 140497027847872] [remote 10.0.0.118:59578] 2026-08-15 10:16:22.297 12 WARNING keystone.common.fernet_utils [None req-b4d1adec-b5d2-4752-984b-71680cd56c56 - - - - - -] key_repository is world readable: /etc/keystone/fernet-keys/ 10.0.0.118 - - [15/Aug/2026:10:16:21 +0000] "POST /v3/auth/tokens HTTP/1.1" 201 1360 10.0.0.118 - - [15/Aug/2026:10:16:22 +0000] "GET /v3/roles/admin HTTP/1.1" 404 83
[Sat Aug 15 10:16:22.552185 2026] [wsgi:error] [pid 9:tid 140497027847872] [remote 10.0.0.118:59578] 2026-08-15 10:16:22.551 9 WARNING keystone.common.rbac_enforcer.enforcer [None req-ac42e6bc-c324-447a-8e9a-5d7542a24f8a 8439ea7a153a4717bb2234b6aa27a33c d3775e8966b544ed9585205cf77271eb - - default default] Deprecated policy rules found. Use oslopolicy-policy-generator and oslopolicy-policy-upgrade to detect and resolve deprecated policies in your configuration. 10.0.0.118 - - [15/Aug/2026:10:16:22 +0000] "GET /v3/roles?name=admin HTTP/1.1" 200 389
[Sat Aug 15 10:16:23.008510 2026] [wsgi:error] [pid 10:tid 140497027847872] [remote 10.0.0.118:59578] 2026-08-15 10:16:23.008 10 WARNING keystone.common.rbac_enforcer.enforcer [None req-e00d3bf4-d063-4ae4-abdf-fb73b4edcd4e 8439ea7a153a4717bb2234b6aa27a33c d3775e8966b544ed9585205cf77271eb - - default default] Deprecated policy rules found. Use oslopolicy-policy-generator and oslopolicy-policy-upgrade to detect and resolve deprecated policies in your configuration. 10.0.0.118 - - [15/Aug/2026:10:16:22 +0000] "GET /v3/users/admin-RegionOne HTTP/1.1" 404 93
[Sat Aug 15 10:16:23.173355 2026] [wsgi:error] [pid 12:tid 140497027847872] [remote 10.0.0.118:59578] 2026-08-15 10:16:23.173 12 WARNING keystone.common.rbac_enforcer.enforcer [None req-667be71d-64ec-46b4-b8c4-98873503fc0c 8439ea7a153a4717bb2234b6aa27a33c d3775e8966b544ed9585205cf77271eb - - default default] Deprecated policy rules found. Use oslopolicy-policy-generator and oslopolicy-policy-upgrade to detect and resolve deprecated policies in your configuration. 10.0.0.118 - - [15/Aug/2026:10:16:23 +0000] "GET /v3/users?name=admin-RegionOne HTTP/1.1" 200 422
[Sat Aug 15 10:16:23.344519 2026] [wsgi:error] [pid 11:tid 140497027847872] [remote 10.0.0.118:59578] 2026-08-15 10:16:23.344 11 WARNING keystone.common.rbac_enforcer.enforcer [None req-ac213e3e-db59-48b5-9e7e-c022bf527d77 8439ea7a153a4717bb2234b6aa27a33c d3775e8966b544ed9585205cf77271eb - - default default] Deprecated policy rules found. Use oslopolicy-policy-generator and oslopolicy-policy-upgrade to detect and resolve deprecated policies in your configuration. 10.0.0.118 - - [15/Aug/2026:10:16:23 +0000] "GET /v3/domains/default HTTP/1.1" 200 224 10.0.0.118 - - [15/Aug/2026:10:16:23 +0000] "PUT /v3/domains/default/users/8439ea7a153a4717bb2234b6aa27a33c/roles/b6ce9e87f2bb44b78b9b161f1ae8c468 HTTP/1.1" 204 - 10.0.0.173 - - [15/Aug/2026:10:16:33 +0000] "GET / HTTP/1.1" 300 281 10.0.0.173 - - [15/Aug/2026:10:16:34 +0000] "GET /v3 HTTP/1.1" 200 266
[Sat Aug 15 10:16:35.028953 2026] [wsgi:error] [pid 11:tid 140497027847872] [remote 10.0.0.173:42404] 2026-08-15 10:16:35.028 11 WARNING keystone.common.password_hashing [None req-89734ef4-9bda-4938-bdb5-e4c38885b2e1 - - - - - -] Truncating password to algorithm specific maximum length 72 characters.
[Sat Aug 15 10:16:35.306672 2026] [wsgi:error] [pid 11:tid 140497027847872] [remote 10.0.0.173:42404] 2026-08-15 10:16:35.306 11 WARNING keystone.common.fernet_utils [None req-89734ef4-9bda-4938-bdb5-e4c38885b2e1 - - - - - -] key_repository is world readable: /etc/keystone/fernet-keys/ 10.0.0.173 - - [15/Aug/2026:10:16:35 +0000] "POST /v3/auth/tokens HTTP/1.1" 201 1360 10.0.0.173 - - [15/Aug/2026:10:16:35 +0000] "GET / HTTP/1.1" 300 281 10.0.0.173 - - [15/Aug/2026:10:16:35 +0000] "GET /v3/domains/atmosphere HTTP/1.1" 404 90 10.0.0.173 - - [15/Aug/2026:10:16:35 +0000] "GET /v3/domains?name=atmosphere HTTP/1.1" 200 370 10.0.0.173 - - [15/Aug/2026:10:16:35 +0000] "GET /v3/domains/0688a5d633724a3f82574acf5a4dc308 HTTP/1.1" 200 247 10.0.0.173 - - [15/Aug/2026:10:16:36 +0000] "GET /v3 HTTP/1.1" 200 266
[Sat Aug 15 10:16:36.497133 2026] [wsgi:error] [pid 10:tid 140497027847872] [remote 10.0.0.173:42404] 2026-08-15 10:16:36.496 10 WARNING keystone.common.password_hashing [None req-d2039f99-a2a0-412a-93a7-476f1b0a4c1e - - - - - -] Truncating password to algorithm specific maximum length 72 characters.
[Sat Aug 15 10:16:36.769648 2026] [wsgi:error] [pid 10:tid 140497027847872] [remote 10.0.0.173:42404] 2026-08-15 10:16:36.769 10 WARNING keystone.common.fernet_utils [None req-d2039f99-a2a0-412a-93a7-476f1b0a4c1e - - - - - -] key_repository is world readable: /etc/keystone/fernet-keys/ 10.0.0.173 - - [15/Aug/2026:10:16:36 +0000] "POST /v3/auth/tokens HTTP/1.1" 201 1360 10.0.0.173 - - [15/Aug/2026:10:16:36 +0000] "GET / HTTP/1.1" 300 281 10.0.0.173 - - [15/Aug/2026:10:16:36 +0000] "GET /v3/OS-FEDERATION/identity_providers/atmosphere HTTP/1.1" 404 101 10.0.0.173 - - [15/Aug/2026:10:16:36 +0000] "GET /v3/OS-FEDERATION/identity_providers HTTP/1.1" 200 156 10.0.0.173 - - [15/Aug/2026:10:16:36 +0000] "PUT /v3/OS-FEDERATION/identity_providers/atmosphere HTTP/1.1" 201 342 10.0.0.173 - - [15/Aug/2026:10:16:37 +0000] "GET /v3 HTTP/1.1" 200 266
[Sat Aug 15 10:16:37.644232 2026] [wsgi:error] [pid 11:tid 140497027847872] [remote 10.0.0.173:42404] 2026-08-15 10:16:37.644 11 WARNING keystone.common.password_hashing [None req-e62bd43b-83bd-4db2-b232-a78ed3c3e170 - - - - - -] Truncating password to algorithm specific maximum length 72 characters.
[Sat Aug 15 10:16:37.920054 2026] [wsgi:error] [pid 11:tid 140497027847872] [remote 10.0.0.173:42404] 2026-08-15 10:16:37.919 11 WARNING keystone.common.fernet_utils [None req-e62bd43b-83bd-4db2-b232-a78ed3c3e170 - - - - - -] key_repository is world readable: /etc/keystone/fernet-keys/ 10.0.0.173 - - [15/Aug/2026:10:16:37 +0000] "POST /v3/auth/tokens HTTP/1.1" 201 1360 10.0.0.173 - - [15/Aug/2026:10:16:37 +0000] "GET / HTTP/1.1" 300 281 10.0.0.173 - - [15/Aug/2026:10:16:37 +0000] "GET /v3/OS-FEDERATION/mappings/atmosphere-openid HTTP/1.1" 404 98 10.0.0.173 - - [15/Aug/2026:10:16:37 +0000] "GET /v3/OS-FEDERATION/mappings HTTP/1.1" 200 136 10.0.0.173 - - [15/Aug/2026:10:16:37 +0000] "PUT /v3/OS-FEDERATION/mappings/atmosphere-openid HTTP/1.1" 201 357 10.0.0.173 - - [15/Aug/2026:10:16:38 +0000] "GET /v3 HTTP/1.1" 200 266
[Sat Aug 15 10:16:38.877790 2026] [wsgi:error] [pid 10:tid 140497027847872] [remote 10.0.0.173:42414] 2026-08-15 10:16:38.877 10 WARNING keystone.common.password_hashing [None req-2ead7167-294e-4519-a784-96ebbd334bbd - - - - - -] Truncating password to algorithm specific maximum length 72 characters.
[Sat Aug 15 10:16:39.150807 2026] [wsgi:error] [pid 10:tid 140497027847872] [remote 10.0.0.173:42414] 2026-08-15 10:16:39.150 10 WARNING keystone.common.fernet_utils [None req-2ead7167-294e-4519-a784-96ebbd334bbd - - - - - -] key_repository is world readable: /etc/keystone/fernet-keys/ 10.0.0.173 - - [15/Aug/2026:10:16:38 +0000] "POST /v3/auth/tokens HTTP/1.1" 201 1360 10.0.0.173 - - [15/Aug/2026:10:16:39 +0000] "GET / HTTP/1.1" 300 281 10.0.0.173 - - [15/Aug/2026:10:16:39 +0000] "GET /v3/OS-FEDERATION/identity_providers/atmosphere/protocols/openid?idp_id=atmosphere HTTP/1.1" 404 131 10.0.0.173 - - [15/Aug/2026:10:16:39 +0000] "GET /v3/OS-FEDERATION/identity_providers/atmosphere/protocols HTTP/1.1" 200 168 10.0.0.173 - - [15/Aug/2026:10:16:39 +0000] "PUT /v3/OS-FEDERATION/identity_providers/atmosphere/protocols/openid HTTP/1.1" 201 224 10.0.0.173 - - [15/Aug/2026:10:16:43 +0000] "GET /v3/ HTTP/1.1" 200 249 10.0.0.173 - - [15/Aug/2026:10:16:43 +0000] "GET /v3/ HTTP/1.1" 200 249 10.0.0.173 - - [15/Aug/2026:10:17:43 +0000] "GET /v3/ HTTP/1.1" 200 249 10.0.0.173 - - [15/Aug/2026:10:17:43 +0000] "GET /v3/ HTTP/1.1" 200 249 10.0.0.232 - - [15/Aug/2026:10:18:02 +0000] "GET / HTTP/1.1" 300 295
[Sat Aug 15 10:18:02.578300 2026] [wsgi:error] [pid 11:tid 140497027847872] [remote 10.0.0.232:37188] 2026-08-15 10:18:02.578 11 WARNING keystone.common.password_hashing [None req-b65e0cdd-76c2-4a18-a025-6d75438eebbb - - - - - -] Truncating password to algorithm specific maximum length 72 characters.
[Sat Aug 15 10:18:02.854658 2026] [wsgi:error] [pid 11:tid 140497027847872] [remote 10.0.0.232:37188] 2026-08-15 10:18:02.854 11 WARNING keystone.common.fernet_utils [None req-b65e0cdd-76c2-4a18-a025-6d75438eebbb - - - - - -] key_repository is world readable: /etc/keystone/fernet-keys/ 10.0.0.232 - - [15/Aug/2026:10:18:02 +0000] "POST /v3/auth/tokens HTTP/1.1" 201 1360 10.0.0.232 - - [15/Aug/2026:10:18:02 +0000] "GET /v3/services HTTP/1.1" 200 355 10.0.0.232 - - [15/Aug/2026:10:18:06 +0000] "GET / HTTP/1.1" 300 295
[Sat Aug 15 10:18:06.458465 2026] [wsgi:error] [pid 12:tid 140497027847872] [remote 10.0.0.232:37194] 2026-08-15 10:18:06.458 12 WARNING keystone.common.password_hashing [None req-453ad4fb-ba8b-4ba5-8387-9bf4e917e061 - - - - - -] Truncating password to algorithm specific maximum length 72 characters.
[Sat Aug 15 10:18:06.739996 2026] [wsgi:error] [pid 12:tid 140497027847872] [remote 10.0.0.232:37194] 2026-08-15 10:18:06.739 12 WARNING keystone.common.fernet_utils [None req-453ad4fb-ba8b-4ba5-8387-9bf4e917e061 - - - - - -] key_repository is world readable: /etc/keystone/fernet-keys/ 10.0.0.232 - - [15/Aug/2026:10:18:06 +0000] "POST /v3/auth/tokens HTTP/1.1" 201 1360 10.0.0.232 - - [15/Aug/2026:10:18:06 +0000] "GET /v3/services HTTP/1.1" 200 355 10.0.0.232 - - [15/Aug/2026:10:18:10 +0000] "GET / HTTP/1.1" 300 295
[Sat Aug 15 10:18:10.359240 2026] [wsgi:error] [pid 10:tid 140497027847872] [remote 10.0.0.232:49398] 2026-08-15 10:18:10.359 10 WARNING keystone.common.password_hashing [None req-52384fb7-df3f-44da-ad3d-7c1f4d027fbe - - - - - -] Truncating password to algorithm specific maximum length 72 characters.
[Sat Aug 15 10:18:10.639017 2026] [wsgi:error] [pid 10:tid 140497027847872] [remote 10.0.0.232:49398] 2026-08-15 10:18:10.638 10 WARNING keystone.common.fernet_utils [None req-52384fb7-df3f-44da-ad3d-7c1f4d027fbe - - - - - -] key_repository is world readable: /etc/keystone/fernet-keys/ 10.0.0.232 - - [15/Aug/2026:10:18:10 +0000] "POST /v3/auth/tokens HTTP/1.1" 201 1360 10.0.0.232 - - [15/Aug/2026:10:18:10 +0000] "GET /v3/services HTTP/1.1" 200 355 10.0.0.232 - - [15/Aug/2026:10:18:14 +0000] "GET / HTTP/1.1" 300 295
[Sat Aug 15 10:18:14.384325 2026] [wsgi:error] [pid 9:tid 140497027847872] [remote 10.0.0.232:49406] 2026-08-15 10:18:14.383 9 WARNING keystone.common.password_hashing [None req-0a076b2f-4c99-4eb1-8cb5-99cfcbdbd3d0 - - - - - -] Truncating password to algorithm specific maximum length 72 characters.
[Sat Aug 15 10:18:14.657770 2026] [wsgi:error] [pid 9:tid 140497027847872] [remote 10.0.0.232:49406] 2026-08-15 10:18:14.657 9 WARNING keystone.common.fernet_utils [None req-0a076b2f-4c99-4eb1-8cb5-99cfcbdbd3d0 - - - - - -] key_repository is world readable: /etc/keystone/fernet-keys/ 10.0.0.232 - - [15/Aug/2026:10:18:14 +0000] "POST /v3/auth/tokens HTTP/1.1" 201 1360 10.0.0.232 - - [15/Aug/2026:10:18:14 +0000] "POST /v3/services HTTP/1.1" 201 296 10.0.0.193 - - [15/Aug/2026:10:18:25 +0000] "GET / HTTP/1.1" 300 295
[Sat Aug 15 10:18:25.898119 2026] [wsgi:error] [pid 11:tid 140497027847872] [remote 10.0.0.193:43338] 2026-08-15 10:18:25.897 11 WARNING keystone.common.password_hashing [None req-39d98bf1-5958-440b-bb96-b0686ddad8ce - - - - - -] Truncating password to algorithm specific maximum length 72 characters. 10.0.0.193 - - [15/Aug/2026:10:18:25 +0000] "GET / HTTP/1.1" 300 295
[Sat Aug 15 10:18:25.938506 2026] [wsgi:error] [pid 10:tid 140497027847872] [remote 10.0.0.193:43352] 2026-08-15 10:18:25.938 10 WARNING keystone.common.password_hashing [None req-3961f1a6-5634-443b-b33c-d015ebdd8128 - - - - - -] Truncating password to algorithm specific maximum length 72 characters. 10.0.0.193 - - [15/Aug/2026:10:18:25 +0000] "GET / HTTP/1.1" 300 295
[Sat Aug 15 10:18:26.009927 2026] [wsgi:error] [pid 9:tid 140497027847872] [remote 10.0.0.193:43362] 2026-08-15 10:18:26.009 9 WARNING keystone.common.password_hashing [None req-a7a85b82-8e2f-4364-a1ed-43f5b5258800 - - - - - -] Truncating password to algorithm specific maximum length 72 characters.
[Sat Aug 15 10:18:26.175652 2026] [wsgi:error] [pid 11:tid 140497027847872] [remote 10.0.0.193:43338] 2026-08-15 10:18:26.175 11 WARNING keystone.common.fernet_utils [None req-39d98bf1-5958-440b-bb96-b0686ddad8ce - - - - - -] key_repository is world readable: /etc/keystone/fernet-keys/ 10.0.0.193 - - [15/Aug/2026:10:18:25 +0000] "POST /v3/auth/tokens HTTP/1.1" 201 1464
[Sat Aug 15 10:18:26.213590 2026] [wsgi:error] [pid 10:tid 140497027847872] [remote 10.0.0.193:43352] 2026-08-15 10:18:26.213 10 WARNING keystone.common.fernet_utils [None req-3961f1a6-5634-443b-b33c-d015ebdd8128 - - - - - -] key_repository is world readable: /etc/keystone/fernet-keys/ 10.0.0.193 - - [15/Aug/2026:10:18:25 +0000] "POST /v3/auth/tokens HTTP/1.1" 201 1464
[Sat Aug 15 10:18:26.287578 2026] [wsgi:error] [pid 9:tid 140497027847872] [remote 10.0.0.193:43362] 2026-08-15 10:18:26.287 9 WARNING keystone.common.fernet_utils [None req-a7a85b82-8e2f-4364-a1ed-43f5b5258800 - - - - - -] key_repository is world readable: /etc/keystone/fernet-keys/ 10.0.0.193 - - [15/Aug/2026:10:18:25 +0000] "POST /v3/auth/tokens HTTP/1.1" 201 1464 10.0.0.193 - - [15/Aug/2026:10:18:26 +0000] "GET /v3/services HTTP/1.1" 200 639 10.0.0.193 - - [15/Aug/2026:10:18:26 +0000] "GET /v3/services HTTP/1.1" 200 639 10.0.0.193 - - [15/Aug/2026:10:18:26 +0000] "GET /v3/services HTTP/1.1" 200 639 10.0.0.193 - - [15/Aug/2026:10:18:27 +0000] "GET / HTTP/1.1" 300 295
[Sat Aug 15 10:18:27.931894 2026] [wsgi:error] [pid 12:tid 140497027847872] [remote 10.0.0.193:43370] 2026-08-15 10:18:27.931 12 WARNING keystone.common.password_hashing [None req-3a3ccb74-b7b2-4238-83e8-8356df64c69a - - - - - -] Truncating password to algorithm specific maximum length 72 characters. 10.0.0.193 - - [15/Aug/2026:10:18:27 +0000] "GET / HTTP/1.1" 300 295
[Sat Aug 15 10:18:27.985429 2026] [wsgi:error] [pid 10:tid 140497027847872] [remote 10.0.0.193:43386] 2026-08-15 10:18:27.985 10 WARNING keystone.common.password_hashing [None req-b6c06538-1cfb-486b-9c55-8f79f2f22752 - - - - - -] Truncating password to algorithm specific maximum length 72 characters. 10.0.0.193 - - [15/Aug/2026:10:18:28 +0000] "GET / HTTP/1.1" 300 295
[Sat Aug 15 10:18:28.138544 2026] [wsgi:error] [pid 11:tid 140497027847872] [remote 10.0.0.193:43392] 2026-08-15 10:18:28.138 11 WARNING keystone.common.password_hashing [None req-dbd95e6c-2291-4af3-8f4b-67e06f732ef5 - - - - - -] Truncating password to algorithm specific maximum length 72 characters.
[Sat Aug 15 10:18:28.217535 2026] [wsgi:error] [pid 12:tid 140497027847872] [remote 10.0.0.193:43370] 2026-08-15 10:18:28.217 12 WARNING keystone.common.fernet_utils [None req-3a3ccb74-b7b2-4238-83e8-8356df64c69a - - - - - -] key_repository is world readable: /etc/keystone/fernet-keys/ 10.0.0.193 - - [15/Aug/2026:10:18:27 +0000] "POST /v3/auth/tokens HTTP/1.1" 201 1464
[Sat Aug 15 10:18:28.257035 2026] [wsgi:error] [pid 10:tid 140497027847872] [remote 10.0.0.193:43386] 2026-08-15 10:18:28.256 10 WARNING keystone.common.fernet_utils [None req-b6c06538-1cfb-486b-9c55-8f79f2f22752 - - - - - -] key_repository is world readable: /etc/keystone/fernet-keys/ 10.0.0.193 - - [15/Aug/2026:10:18:27 +0000] "POST /v3/auth/tokens HTTP/1.1" 201 1464 10.0.0.193 - - [15/Aug/2026:10:18:28 +0000] "GET /v3/endpoints HTTP/1.1" 200 1227 10.0.0.193 - - [15/Aug/2026:10:18:28 +0000] "GET /v3/services/a29d50554e7247fcb0925603ab35cf1a HTTP/1.1" 200 233 10.0.0.193 - - [15/Aug/2026:10:18:28 +0000] "GET /v3/endpoints HTTP/1.1" 200 1227 10.0.0.193 - - [15/Aug/2026:10:18:28 +0000] "GET /v3/services/a29d50554e7247fcb0925603ab35cf1a HTTP/1.1" 200 233 10.0.0.193 - - [15/Aug/2026:10:18:28 +0000] "GET /v3/services/a29d50554e7247fcb0925603ab35cf1a HTTP/1.1" 200 233 10.0.0.193 - - [15/Aug/2026:10:18:28 +0000] "GET /v3/services/a29d50554e7247fcb0925603ab35cf1a HTTP/1.1" 200 233
[Sat Aug 15 10:18:28.414130 2026] [wsgi:error] [pid 11:tid 140497027847872] [remote 10.0.0.193:43392] 2026-08-15 10:18:28.413 11 WARNING keystone.common.fernet_utils [None req-dbd95e6c-2291-4af3-8f4b-67e06f732ef5 - - - - - -] key_repository is world readable: /etc/keystone/fernet-keys/ 10.0.0.193 - - [15/Aug/2026:10:18:28 +0000] "POST /v3/auth/tokens HTTP/1.1" 201 1464 10.0.0.193 - - [15/Aug/2026:10:18:28 +0000] "GET /v3/services/a29d50554e7247fcb0925603ab35cf1a HTTP/1.1" 200 233 10.0.0.193 - - [15/Aug/2026:10:18:28 +0000] "GET /v3/services/a29d50554e7247fcb0925603ab35cf1a HTTP/1.1" 200 233 10.0.0.193 - - [15/Aug/2026:10:18:28 +0000] "GET /v3/endpoints HTTP/1.1" 200 1227 10.0.0.193 - - [15/Aug/2026:10:18:28 +0000] "GET /v3/services/a29d50554e7247fcb0925603ab35cf1a HTTP/1.1" 200 233 10.0.0.193 - - [15/Aug/2026:10:18:28 +0000] "GET /v3/services/a29d50554e7247fcb0925603ab35cf1a HTTP/1.1" 200 233 10.0.0.193 - - [15/Aug/2026:10:18:28 +0000] "GET /v3/services/a29d50554e7247fcb0925603ab35cf1a HTTP/1.1" 200 233 10.0.0.193 - - [15/Aug/2026:10:18:30 +0000] "GET / HTTP/1.1" 300 295 10.0.0.193 - - [15/Aug/2026:10:18:30 +0000] "GET / HTTP/1.1" 300 295
[Sat Aug 15 10:18:30.094632 2026] [wsgi:error] [pid 9:tid 140497027847872] [remote 10.0.0.193:55364] 2026-08-15 10:18:30.094 9 WARNING keystone.common.password_hashing [None req-acb5e377-925b-46d0-a8df-a2ff8018a7ad - - - - - -] Truncating password to algorithm specific maximum length 72 characters.
[Sat Aug 15 10:18:30.117877 2026] [wsgi:error] [pid 11:tid 140497027847872] [remote 10.0.0.193:55362] 2026-08-15 10:18:30.117 11 WARNING keystone.common.password_hashing [None req-7a7a3efe-0d33-4876-b81c-f1b4b0f49c60 - - - - - -] Truncating password to algorithm specific maximum length 72 characters. 10.0.0.193 - - [15/Aug/2026:10:18:30 +0000] "GET / HTTP/1.1" 300 295
[Sat Aug 15 10:18:30.176497 2026] [wsgi:error] [pid 10:tid 140497027847872] [remote 10.0.0.193:55372] 2026-08-15 10:18:30.176 10 WARNING keystone.common.password_hashing [None req-acba322c-34eb-4226-9aa7-2396d157cbcc - - - - - -] Truncating password to algorithm specific maximum length 72 characters.
[Sat Aug 15 10:18:30.372720 2026] [wsgi:error] [pid 9:tid 140497027847872] [remote 10.0.0.193:55364] 2026-08-15 10:18:30.372 9 WARNING keystone.common.fernet_utils [None req-acb5e377-925b-46d0-a8df-a2ff8018a7ad - - - - - -] key_repository is world readable: /etc/keystone/fernet-keys/ 10.0.0.193 - - [15/Aug/2026:10:18:30 +0000] "POST /v3/auth/tokens HTTP/1.1" 201 1464
[Sat Aug 15 10:18:30.389765 2026] [wsgi:error] [pid 11:tid 140497027847872] [remote 10.0.0.193:55362] 2026-08-15 10:18:30.389 11 WARNING keystone.common.fernet_utils [None req-7a7a3efe-0d33-4876-b81c-f1b4b0f49c60 - - - - - -] key_repository is world readable: /etc/keystone/fernet-keys/ 10.0.0.193 - - [15/Aug/2026:10:18:30 +0000] "POST /v3/auth/tokens HTTP/1.1" 201 1464
[Sat Aug 15 10:18:30.454938 2026] [wsgi:error] [pid 10:tid 140497027847872] [remote 10.0.0.193:55372] 2026-08-15 10:18:30.454 10 WARNING keystone.common.fernet_utils [None req-acba322c-34eb-4226-9aa7-2396d157cbcc - - - - - -] key_repository is world readable: /etc/keystone/fernet-keys/ 10.0.0.193 - - [15/Aug/2026:10:18:30 +0000] "POST /v3/auth/tokens HTTP/1.1" 201 1464 10.0.0.193 - - [15/Aug/2026:10:18:30 +0000] "GET /v3/services/9c4c04c7653c42b5be48d35ec9621ce4 HTTP/1.1" 200 296 10.0.0.193 - - [15/Aug/2026:10:18:30 +0000] "GET /v3/services/9c4c04c7653c42b5be48d35ec9621ce4 HTTP/1.1" 200 296 10.0.0.193 - - [15/Aug/2026:10:18:30 +0000] "GET /v3/regions/RegionOne HTTP/1.1" 200 173 10.0.0.193 - - [15/Aug/2026:10:18:30 +0000] "GET /v3/regions/RegionOne HTTP/1.1" 200 173 10.0.0.193 - - [15/Aug/2026:10:18:30 +0000] "POST /v3/endpoints HTTP/1.1" 201 380 10.0.0.193 - - [15/Aug/2026:10:18:30 +0000] "GET /v3/services/9c4c04c7653c42b5be48d35ec9621ce4 HTTP/1.1" 200 296 10.0.0.193 - - [15/Aug/2026:10:18:30 +0000] "GET /v3/regions/RegionOne HTTP/1.1" 200 173 10.0.0.193 - - [15/Aug/2026:10:18:30 +0000] "POST /v3/endpoints HTTP/1.1" 201 383 10.0.0.193 - - [15/Aug/2026:10:18:30 +0000] "POST /v3/endpoints HTTP/1.1" 201 370 10.0.0.193 - - [15/Aug/2026:10:18:32 +0000] "GET / HTTP/1.1" 300 295
[Sat Aug 15 10:18:32.239450 2026] [wsgi:error] [pid 10:tid 140497027847872] [remote 10.0.0.193:55374] 2026-08-15 10:18:32.239 10 WARNING keystone.common.password_hashing [None req-f8d1f92f-1c61-49da-b4a1-57c5c847c488 - - - - - -] Truncating password to algorithm specific maximum length 72 characters. 10.0.0.193 - - [15/Aug/2026:10:18:32 +0000] "GET / HTTP/1.1" 300 295 10.0.0.193 - - [15/Aug/2026:10:18:32 +0000] "GET / HTTP/1.1" 300 295
[Sat Aug 15 10:18:32.280260 2026] [wsgi:error] [pid 12:tid 140497027847872] [remote 10.0.0.193:55390] 2026-08-15 10:18:32.280 12 WARNING keystone.common.password_hashing [None req-c60f2866-13f6-47a0-bc7c-6b663a2c01c1 - - - - - -] Truncating password to algorithm specific maximum length 72 characters.
[Sat Aug 15 10:18:32.285938 2026] [wsgi:error] [pid 9:tid 140497027847872] [remote 10.0.0.193:55400] 2026-08-15 10:18:32.285 9 WARNING keystone.common.password_hashing [None req-6fd2672c-fbc3-4e93-a0e4-6e80188e9652 - - - - - -] Truncating password to algorithm specific maximum length 72 characters.
[Sat Aug 15 10:18:32.519386 2026] [wsgi:error] [pid 10:tid 140497027847872] [remote 10.0.0.193:55374] 2026-08-15 10:18:32.519 10 WARNING keystone.common.fernet_utils [None req-f8d1f92f-1c61-49da-b4a1-57c5c847c488 - - - - - -] key_repository is world readable: /etc/keystone/fernet-keys/ 10.0.0.193 - - [15/Aug/2026:10:18:32 +0000] "POST /v3/auth/tokens HTTP/1.1" 201 1992
[Sat Aug 15 10:18:32.548388 2026] [wsgi:error] [pid 12:tid 140497027847872] [remote 10.0.0.193:55390] 2026-08-15 10:18:32.548 12 WARNING keystone.common.fernet_utils [None req-c60f2866-13f6-47a0-bc7c-6b663a2c01c1 - - - - - -] key_repository is world readable: /etc/keystone/fernet-keys/ 10.0.0.193 - - [15/Aug/2026:10:18:32 +0000] "POST /v3/auth/tokens HTTP/1.1" 201 1992
[Sat Aug 15 10:18:32.559173 2026] [wsgi:error] [pid 9:tid 140497027847872] [remote 10.0.0.193:55400] 2026-08-15 10:18:32.559 9 WARNING keystone.common.fernet_utils [None req-6fd2672c-fbc3-4e93-a0e4-6e80188e9652 - - - - - -] key_repository is world readable: /etc/keystone/fernet-keys/ 10.0.0.193 - - [15/Aug/2026:10:18:32 +0000] "POST /v3/auth/tokens HTTP/1.1" 201 1992 10.0.0.193 - - [15/Aug/2026:10:18:32 +0000] "GET /v3/endpoints/3018d59bf0de49468972eaa3e7d604de HTTP/1.1" 200 370 10.0.0.193 - - [15/Aug/2026:10:18:32 +0000] "GET /v3/endpoints/aed3ac702c7a478583f071b7f60be074 HTTP/1.1" 200 380 10.0.0.193 - - [15/Aug/2026:10:18:32 +0000] "GET /v3/endpoints/359d2e4fb6e04328821144d600f7ce39 HTTP/1.1" 200 383 10.0.0.193 - - [15/Aug/2026:10:18:32 +0000] "GET /v3/services/9c4c04c7653c42b5be48d35ec9621ce4 HTTP/1.1" 200 296 10.0.0.193 - - [15/Aug/2026:10:18:32 +0000] "GET /v3/services/9c4c04c7653c42b5be48d35ec9621ce4 HTTP/1.1" 200 296 10.0.0.193 - - [15/Aug/2026:10:18:32 +0000] "GET /v3/services/9c4c04c7653c42b5be48d35ec9621ce4 HTTP/1.1" 200 296 10.0.0.173 - - [15/Aug/2026:10:18:43 +0000] "GET /v3/ HTTP/1.1" 200 249 10.0.0.173 - - [15/Aug/2026:10:18:43 +0000] "GET /v3/ HTTP/1.1" 200 249 10.0.0.251 - - [15/Aug/2026:10:18:44 +0000] "GET / HTTP/1.1" 300 295
[Sat Aug 15 10:18:44.052969 2026] [wsgi:error] [pid 10:tid 140497027847872] [remote 10.0.0.251:38704] 2026-08-15 10:18:44.052 10 WARNING keystone.common.password_hashing [None req-93f84ee0-c775-4ef8-9711-f48f365e785e - - - - - -] Truncating password to algorithm specific maximum length 72 characters.
[Sat Aug 15 10:18:44.320778 2026] [wsgi:error] [pid 10:tid 140497027847872] [remote 10.0.0.251:38704] 2026-08-15 10:18:44.320 10 WARNING keystone.common.fernet_utils [None req-93f84ee0-c775-4ef8-9711-f48f365e785e - - - - - -] key_repository is world readable: /etc/keystone/fernet-keys/ 10.0.0.251 - - [15/Aug/2026:10:18:44 +0000] "POST /v3/auth/tokens HTTP/1.1" 201 1992 10.0.0.251 - - [15/Aug/2026:10:18:44 +0000] "POST /v3/domains HTTP/1.1" 201 284 10.0.0.251 - - [15/Aug/2026:10:18:45 +0000] "GET / HTTP/1.1" 300 295
[Sat Aug 15 10:18:45.982718 2026] [wsgi:error] [pid 9:tid 140497027847872] [remote 10.0.0.251:38716] 2026-08-15 10:18:45.982 9 WARNING keystone.common.password_hashing [None req-205c7092-ad55-490f-979b-cf8094cfd5f4 - - - - - -] Truncating password to algorithm specific maximum length 72 characters.
[Sat Aug 15 10:18:46.269927 2026] [wsgi:error] [pid 9:tid 140497027847872] [remote 10.0.0.251:38716] 2026-08-15 10:18:46.269 9 WARNING keystone.common.fernet_utils [None req-205c7092-ad55-490f-979b-cf8094cfd5f4 - - - - - -] key_repository is world readable: /etc/keystone/fernet-keys/ 10.0.0.251 - - [15/Aug/2026:10:18:45 +0000] "POST /v3/auth/tokens HTTP/1.1" 201 1992
[Sat Aug 15 10:18:46.451595 2026] [wsgi:error] [pid 10:tid 140497027847872] [remote 10.0.0.251:38716] 2026-08-15 10:18:46.437 10 ERROR keystone.server.flask.application [None req-bf1c3dd4-c3fc-461e-b50b-9f09b62daa08 8439ea7a153a4717bb2234b6aa27a33c d3775e8966b544ed9585205cf77271eb - - default default] Conflict occurred attempting to store project - it is not permitted to have two projects acting as domains with the same name: service.: keystone.exception.Conflict: Conflict occurred attempting to store project - it is not permitted to have two projects acting as domains with the same name: service.
[Sat Aug 15 10:18:46.451625 2026] [wsgi:error] [pid 10:tid 140497027847872] [remote 10.0.0.251:38716] 2026-08-15 10:18:46.437 10 ERROR keystone.server.flask.application
Traceback (most recent call last):
[Sat Aug 15 10:18:46.451627 2026] [wsgi:error] [pid 10:tid 140497027847872] [remote 10.0.0.251:38716] 2026-08-15 10:18:46.437 10 ERROR keystone.server.flask.application
File "/var/lib/openstack/lib/python3.12/site-packages/sqlalchemy/engine/base.py", line 1969, in _exec_single_context
[Sat Aug 15 10:18:46.451629 2026] [wsgi:error] [pid 10:tid 140497027847872] [remote 10.0.0.251:38716] 2026-08-15 10:18:46.437 10 ERROR keystone.server.flask.application self.dialect.do_execute(
[Sat Aug 15 10:18:46.451630 2026] [wsgi:error] [pid 10:tid 140497027847872] [remote 10.0.0.251:38716] 2026-08-15 10:18:46.437 10 ERROR keystone.server.flask.application
File "/var/lib/openstack/lib/python3.12/site-packages/sqlalchemy/engine/default.py", line 952, in do_execute
[Sat Aug 15 10:18:46.451632 2026] [wsgi:error] [pid 10:tid 140497027847872] [remote 10.0.0.251:38716] 2026-08-15 10:18:46.437 10 ERROR keystone.server.flask.application cursor.execute(statement, parameters)
[Sat Aug 15 10:18:46.451633 2026] [wsgi:error] [pid 10:tid 140497027847872] [remote 10.0.0.251:38716] 2026-08-15 10:18:46.437 10 ERROR keystone.server.flask.application
File "/var/lib/openstack/lib/python3.12/site-packages/pymysql/cursors.py", line 159, in execute
[Sat Aug 15 10:18:46.451635 2026] [wsgi:error] [pid 10:tid 140497027847872] [remote 10.0.0.251:38716] 2026-08-15 10:18:46.437 10 ERROR keystone.server.flask.application result = self._query(query)
[Sat Aug 15 10:18:46.451636 2026] [wsgi:error] [pid 10:tid 140497027847872] [remote 10.0.0.251:38716] 2026-08-15 10:18:46.437 10 ERROR keystone.server.flask.application ^^^^^^^^^^^^^^^^^^
[Sat Aug 15 10:18:46.451637 2026] [wsgi:error] [pid 10:tid 140497027847872] [remote 10.0.0.251:38716] 2026-08-15 10:18:46.437 10 ERROR keystone.server.flask.application
File "/var/lib/openstack/lib/python3.12/site-packages/pymysql/cursors.py", line 330, in _query
[Sat Aug 15 10:18:46.451639 2026] [wsgi:error] [pid 10:tid 140497027847872] [remote 10.0.0.251:38716] 2026-08-15 10:18:46.437 10 ERROR keystone.server.flask.application conn.query(q)
[Sat Aug 15 10:18:46.451640 2026] [wsgi:error] [pid 10:tid 140497027847872] [remote 10.0.0.251:38716] 2026-08-15 10:18:46.437 10 ERROR keystone.server.flask.application
File "/var/lib/openstack/lib/python3.12/site-packages/pymysql/connections.py", line 582, in query
[Sat Aug 15 10:18:46.451642 2026] [wsgi:error] [pid 10:tid 140497027847872] [remote 10.0.0.251:38716] 2026-08-15 10:18:46.437 10 ERROR keystone.server.flask.application self._affected_rows = self._read_query_result(unbuffered=unbuffered)
[Sat Aug 15 10:18:46.451643 2026] [wsgi:error] [pid 10:tid 140497027847872] [remote 10.0.0.251:38716] 2026-08-15 10:18:46.437 10 ERROR keystone.server.flask.application ^^^^^^^^^^^^^^^^^^^^^^^^^^^^^^^^^^^^^^^^^^^^^^
[Sat Aug 15 10:18:46.451644 2026] [wsgi:error] [pid 10:tid 140497027847872] [remote 10.0.0.251:38716] 2026-08-15 10:18:46.437 10 ERROR keystone.server.flask.application
File "/var/lib/openstack/lib/python3.12/site-packages/pymysql/connections.py", line 847, in _read_query_result
[Sat Aug 15 10:18:46.451646 2026] [wsgi:error] [pid 10:tid 140497027847872] [remote 10.0.0.251:38716] 2026-08-15 10:18:46.437 10 ERROR keystone.server.flask.application result.read()
[Sat Aug 15 10:18:46.451650 2026] [wsgi:error] [pid 10:tid 140497027847872] [remote 10.0.0.251:38716] 2026-08-15 10:18:46.437 10 ERROR keystone.server.flask.application
File "/var/lib/openstack/lib/python3.12/site-packages/pymysql/connections.py", line 1245, in read
[Sat Aug 15 10:18:46.451651 2026] [wsgi:error] [pid 10:tid 140497027847872] [remote 10.0.0.251:38716] 2026-08-15 10:18:46.437 10 ERROR keystone.server.flask.application first_packet = self.connection._read_packet()
[Sat Aug 15 10:18:46.451652 2026] [wsgi:error] [pid 10:tid 140497027847872] [remote 10.0.0.251:38716] 2026-08-15 10:18:46.437 10 ERROR keystone.server.flask.application ^^^^^^^^^^^^^^^^^^^^^^^^^^^^^^
[Sat Aug 15 10:18:46.451654 2026] [wsgi:error] [pid 10:tid 140497027847872] [remote 10.0.0.251:38716] 2026-08-15 10:18:46.437 10 ERROR keystone.server.flask.application
File "/var/lib/openstack/lib/python3.12/site-packages/pymysql/connections.py", line 803, in _read_packet
[Sat Aug 15 10:18:46.451655 2026] [wsgi:error] [pid 10:tid 140497027847872] [remote 10.0.0.251:38716] 2026-08-15 10:18:46.437 10 ERROR keystone.server.flask.application packet.raise_for_error()
[Sat Aug 15 10:18:46.451657 2026] [wsgi:error] [pid 10:tid 140497027847872] [remote 10.0.0.251:38716] 2026-08-15 10:18:46.437 10 ERROR keystone.server.flask.application
File "/var/lib/openstack/lib/python3.12/site-packages/pymysql/protocol.py", line 219, in raise_for_error
[Sat Aug 15 10:18:46.451658 2026] [wsgi:error] [pid 10:tid 140497027847872] [remote 10.0.0.251:38716] 2026-08-15 10:18:46.437 10 ERROR keystone.server.flask.application err.raise_mysql_exception(self._data)
[Sat Aug 15 10:18:46.451659 2026] [wsgi:error] [pid 10:tid 140497027847872] [remote 10.0.0.251:38716] 2026-08-15 10:18:46.437 10 ERROR keystone.server.flask.application
File "/var/lib/openstack/lib/python3.12/site-packages/pymysql/err.py", line 154, in raise_mysql_exception
[Sat Aug 15 10:18:46.451661 2026] [wsgi:error] [pid 10:tid 140497027847872] [remote 10.0.0.251:38716] 2026-08-15 10:18:46.437 10 ERROR keystone.server.flask.application raise errorclass(errno, errval, sqlstate=sqlstate)
[Sat Aug 15 10:18:46.451662 2026] [wsgi:error] [pid 10:tid 140497027847872] [remote 10.0.0.251:38716] 2026-08-15 10:18:46.437 10 ERROR keystone.server.flask.application pymysql.err.IntegrityError: (1062, "Duplicate entry '<>-service' for key 'project.ixu_project_name_domain_id'")
[Sat Aug 15 10:18:46.451664 2026] [wsgi:error] [pid 10:tid 140497027847872] [remote 10.0.0.251:38716] 2026-08-15 10:18:46.437 10 ERROR keystone.server.flask.application
[Sat Aug 15 10:18:46.451665 2026] [wsgi:error] [pid 10:tid 140497027847872] [remote 10.0.0.251:38716] 2026-08-15 10:18:46.437 10 ERROR keystone.server.flask.application The above exception was the direct cause of the following exception:
[Sat Aug 15 10:18:46.451666 2026] [wsgi:error] [pid 10:tid 140497027847872] [remote 10.0.0.251:38716] 2026-08-15 10:18:46.437 10 ERROR keystone.server.flask.application
[Sat Aug 15 10:18:46.451668 2026] [wsgi:error] [pid 10:tid 140497027847872] [remote 10.0.0.251:38716] 2026-08-15 10:18:46.437 10 ERROR keystone.server.flask.application
Traceback (most recent call last):
[Sat Aug 15 10:18:46.451669 2026] [wsgi:error] [pid 10:tid 140497027847872] [remote 10.0.0.251:38716] 2026-08-15 10:18:46.437 10 ERROR keystone.server.flask.application
File "/var/lib/openstack/lib/python3.12/site-packages/keystone/common/sql/core.py", line 575, in wrapper
[Sat Aug 15 10:18:46.451670 2026] [wsgi:error] [pid 10:tid 140497027847872] [remote 10.0.0.251:38716] 2026-08-15 10:18:46.437 10 ERROR keystone.server.flask.application return method(*args, **kwargs)
[Sat Aug 15 10:18:46.451672 2026] [wsgi:error] [pid 10:tid 140497027847872] [remote 10.0.0.251:38716] 2026-08-15 10:18:46.437 10 ERROR keystone.server.flask.application ^^^^^^^^^^^^^^^^^^^^^^^
[Sat Aug 15 10:18:46.451674 2026] [wsgi:error] [pid 10:tid 140497027847872] [remote 10.0.0.251:38716] 2026-08-15 10:18:46.437 10 ERROR keystone.server.flask.application
File "/var/lib/openstack/lib/python3.12/site-packages/keystone/resource/backends/sql.py", line 278, in create_project
[Sat Aug 15 10:18:46.451675 2026] [wsgi:error] [pid 10:tid 140497027847872] [remote 10.0.0.251:38716] 2026-08-15 10:18:46.437 10 ERROR keystone.server.flask.application with sql.session_for_write() as session:
[Sat Aug 15 10:18:46.451677 2026] [wsgi:error] [pid 10:tid 140497027847872] [remote 10.0.0.251:38716] 2026-08-15 10:18:46.437 10 ERROR keystone.server.flask.application
File "/usr/lib/python3.12/contextlib.py", line 144, in __exit__
[Sat Aug 15 10:18:46.451679 2026] [wsgi:error] [pid 10:tid 140497027847872] [remote 10.0.0.251:38716] 2026-08-15 10:18:46.437 10 ERROR keystone.server.flask.application next(self.gen)
[Sat Aug 15 10:18:46.451680 2026] [wsgi:error] [pid 10:tid 140497027847872] [remote 10.0.0.251:38716] 2026-08-15 10:18:46.437 10 ERROR keystone.server.flask.application
File "/var/lib/openstack/lib/python3.12/site-packages/oslo_db/sqlalchemy/enginefacade.py", line 1175, in _transaction_scope
[Sat Aug 15 10:18:46.451682 2026] [wsgi:error] [pid 10:tid 140497027847872] [remote 10.0.0.251:38716] 2026-08-15 10:18:46.437 10 ERROR keystone.server.flask.application with current._produce_block(
[Sat Aug 15 10:18:46.451683 2026] [wsgi:error] [pid 10:tid 140497027847872] [remote 10.0.0.251:38716] 2026-08-15 10:18:46.437 10 ERROR keystone.server.flask.application
File "/usr/lib/python3.12/contextlib.py", line 144, in __exit__
[Sat Aug 15 10:18:46.451684 2026] [wsgi:error] [pid 10:tid 140497027847872] [remote 10.0.0.251:38716] 2026-08-15 10:18:46.437 10 ERROR keystone.server.flask.application next(self.gen)
[Sat Aug 15 10:18:46.451686 2026] [wsgi:error] [pid 10:tid 140497027847872] [remote 10.0.0.251:38716] 2026-08-15 10:18:46.437 10 ERROR keystone.server.flask.application
File "/var/lib/openstack/lib/python3.12/site-packages/oslo_db/sqlalchemy/enginefacade.py", line 837, in _session
[Sat Aug 15 10:18:46.451687 2026] [wsgi:error] [pid 10:tid 140497027847872] [remote 10.0.0.251:38716] 2026-08-15 10:18:46.437 10 ERROR keystone.server.flask.application with excutils.save_and_reraise_exception():
[Sat Aug 15 10:18:46.451688 2026] [wsgi:error] [pid 10:tid 140497027847872] [remote 10.0.0.251:38716] 2026-08-15 10:18:46.437 10 ERROR keystone.server.flask.application
File "/var/lib/openstack/lib/python3.12/site-packages/oslo_utils/excutils.py", line 266, in __exit__
[Sat Aug 15 10:18:46.451690 2026] [wsgi:error] [pid 10:tid 140497027847872] [remote 10.0.0.251:38716] 2026-08-15 10:18:46.437 10 ERROR keystone.server.flask.application self.force_reraise()
[Sat Aug 15 10:18:46.451691 2026] [wsgi:error] [pid 10:tid 140497027847872] [remote 10.0.0.251:38716] 2026-08-15 10:18:46.437 10 ERROR keystone.server.flask.application
File "/var/lib/openstack/lib/python3.12/site-packages/oslo_utils/excutils.py", line 232, in force_reraise
[Sat Aug 15 10:18:46.451693 2026] [wsgi:error] [pid 10:tid 140497027847872] [remote 10.0.0.251:38716] 2026-08-15 10:18:46.437 10 ERROR keystone.server.flask.application raise self.value
[Sat Aug 15 10:18:46.451694 2026] [wsgi:error] [pid 10:tid 140497027847872] [remote 10.0.0.251:38716] 2026-08-15 10:18:46.437 10 ERROR keystone.server.flask.application
File "/var/lib/openstack/lib/python3.12/site-packages/oslo_db/sqlalchemy/enginefacade.py", line 835, in _session
[Sat Aug 15 10:18:46.451695 2026] [wsgi:error] [pid 10:tid 140497027847872] [remote 10.0.0.251:38716] 2026-08-15 10:18:46.437 10 ERROR keystone.server.flask.application self._end_session_transaction(self.session)
[Sat Aug 15 10:18:46.451697 2026] [wsgi:error] [pid 10:tid 140497027847872] [remote 10.0.0.251:38716] 2026-08-15 10:18:46.437 10 ERROR keystone.server.flask.application
File "/var/lib/openstack/lib/python3.12/site-packages/oslo_db/sqlalchemy/enginefacade.py", line 748, in _end_session_transaction
[Sat Aug 15 10:18:46.451699 2026] [wsgi:error] [pid 10:tid 140497027847872] [remote 10.0.0.251:38716] 2026-08-15 10:18:46.437 10 ERROR keystone.server.flask.application session.commit()
[Sat Aug 15 10:18:46.451700 2026] [wsgi:error] [pid 10:tid 140497027847872] [remote 10.0.0.251:38716] 2026-08-15 10:18:46.437 10 ERROR keystone.server.flask.application
File "/var/lib/openstack/lib/python3.12/site-packages/sqlalchemy/orm/session.py", line 2034, in commit
[Sat Aug 15 10:18:46.451702 2026] [wsgi:error] [pid 10:tid 140497027847872] [remote 10.0.0.251:38716] 2026-08-15 10:18:46.437 10 ERROR keystone.server.flask.application trans.commit(_to_root=True)
[Sat Aug 15 10:18:46.451703 2026] [wsgi:error] [pid 10:tid 140497027847872] [remote 10.0.0.251:38716] 2026-08-15 10:18:46.437 10 ERROR keystone.server.flask.application File "", line 2, in commit
[Sat Aug 15 10:18:46.451704 2026] [wsgi:error] [pid 10:tid 140497027847872] [remote 10.0.0.251:38716] 2026-08-15 10:18:46.437 10 ERROR keystone.server.flask.application
File "/var/lib/openstack/lib/python3.12/site-packages/sqlalchemy/orm/state_changes.py", line 137, in _go
[Sat Aug 15 10:18:46.451706 2026] [wsgi:error] [pid 10:tid 140497027847872] [remote 10.0.0.251:38716] 2026-08-15 10:18:46.437 10 ERROR keystone.server.flask.application ret_value = fn(self, *arg, **kw)
[Sat Aug 15 10:18:46.451707 2026] [wsgi:error] [pid 10:tid 140497027847872] [remote 10.0.0.251:38716] 2026-08-15 10:18:46.437 10 ERROR keystone.server.flask.application ^^^^^^^^^^^^^^^^^^^^
[Sat Aug 15 10:18:46.451708 2026] [wsgi:error] [pid 10:tid 140497027847872] [remote 10.0.0.251:38716] 2026-08-15 10:18:46.437 10 ERROR keystone.server.flask.application
File "/var/lib/openstack/lib/python3.12/site-packages/sqlalchemy/orm/session.py", line 1315, in commit
[Sat Aug 15 10:18:46.451710 2026] [wsgi:error] [pid 10:tid 140497027847872] [remote 10.0.0.251:38716] 2026-08-15 10:18:46.437 10 ERROR keystone.server.flask.application self._prepare_impl()
[Sat Aug 15 10:18:46.451711 2026] [wsgi:error] [pid 10:tid 140497027847872] [remote 10.0.0.251:38716] 2026-08-15 10:18:46.437 10 ERROR keystone.server.flask.application File "", line 2, in _prepare_impl
[Sat Aug 15 10:18:46.451749 2026] [wsgi:error] [pid 10:tid 140497027847872] [remote 10.0.0.251:38716] 2026-08-15 10:18:46.437 10 ERROR keystone.server.flask.application
File "/var/lib/openstack/lib/python3.12/site-packages/sqlalchemy/orm/state_changes.py", line 137, in _go
[Sat Aug 15 10:18:46.451751 2026] [wsgi:error] [pid 10:tid 140497027847872] [remote 10.0.0.251:38716] 2026-08-15 10:18:46.437 10 ERROR keystone.server.flask.application ret_value = fn(self, *arg, **kw)
[Sat Aug 15 10:18:46.451752 2026] [wsgi:error] [pid 10:tid 140497027847872] [remote 10.0.0.251:38716] 2026-08-15 10:18:46.437 10 ERROR keystone.server.flask.application ^^^^^^^^^^^^^^^^^^^^
[Sat Aug 15 10:18:46.451754 2026] [wsgi:error] [pid 10:tid 140497027847872] [remote 10.0.0.251:38716] 2026-08-15 10:18:46.437 10 ERROR keystone.server.flask.application
File "/var/lib/openstack/lib/python3.12/site-packages/sqlalchemy/orm/session.py", line 1290, in _prepare_impl
[Sat Aug 15 10:18:46.451755 2026] [wsgi:error] [pid 10:tid 140497027847872] [remote 10.0.0.251:38716] 2026-08-15 10:18:46.437 10 ERROR keystone.server.flask.application self.session.flush()
[Sat Aug 15 10:18:46.451757 2026] [wsgi:error] [pid 10:tid 140497027847872] [remote 10.0.0.251:38716] 2026-08-15 10:18:46.437 10 ERROR keystone.server.flask.application
File "/var/lib/openstack/lib/python3.12/site-packages/sqlalchemy/orm/session.py", line 4352, in flush
[Sat Aug 15 10:18:46.451758 2026] [wsgi:error] [pid 10:tid 140497027847872] [remote 10.0.0.251:38716] 2026-08-15 10:18:46.437 10 ERROR keystone.server.flask.application self._flush(objects)
[Sat Aug 15 10:18:46.451760 2026] [wsgi:error] [pid 10:tid 140497027847872] [remote 10.0.0.251:38716] 2026-08-15 10:18:46.437 10 ERROR keystone.server.flask.application
File "/var/lib/openstack/lib/python3.12/site-packages/sqlalchemy/orm/session.py", line 4487, in _flush
[Sat Aug 15 10:18:46.451761 2026] [wsgi:error] [pid 10:tid 140497027847872] [remote 10.0.0.251:38716] 2026-08-15 10:18:46.437 10 ERROR keystone.server.flask.application with util.safe_reraise():
[Sat Aug 15 10:18:46.451763 2026] [wsgi:error] [pid 10:tid 140497027847872] [remote 10.0.0.251:38716] 2026-08-15 10:18:46.437 10 ERROR keystone.server.flask.application
File "/var/lib/openstack/lib/python3.12/site-packages/sqlalchemy/util/langhelpers.py", line 122, in __exit__
[Sat Aug 15 10:18:46.451764 2026] [wsgi:error] [pid 10:tid 140497027847872] [remote 10.0.0.251:38716] 2026-08-15 10:18:46.437 10 ERROR keystone.server.flask.application raise exc_value.with_traceback(exc_tb)
[Sat Aug 15 10:18:46.451766 2026] [wsgi:error] [pid 10:tid 140497027847872] [remote 10.0.0.251:38716] 2026-08-15 10:18:46.437 10 ERROR keystone.server.flask.application
File "/var/lib/openstack/lib/python3.12/site-packages/sqlalchemy/orm/session.py", line 4448, in _flush
[Sat Aug 15 10:18:46.451767 2026] [wsgi:error] [pid 10:tid 140497027847872] [remote 10.0.0.251:38716] 2026-08-15 10:18:46.437 10 ERROR keystone.server.flask.application flush_context.execute()
