2026-05-29 03:24:52.296 9 WARNING neutron_lib.context [None req-e5f193b3-65e1-4fc5-a779-ab6dbf4ddd6e 271c97249b8e4d0cb053720be501901a 8ef286eabf114d44bc8a0098dd8b264d - - default default] Method 'is_advsvc' is deprecated since 2023.2 release (neutron-lib 3.8.0) and will be removed once support for the old RBAC API policies will be removed from Neutron. Please use method 'is_service_role' instead.
2026-05-29 03:24:52.328 9 INFO neutron.db.segments_db [None req-a19d822d-188b-4558-9acf-1ba83083e977 42e39a98c6ac4cb8ab829359fa64efda 24d95f8380ca4853bf98f72eedc16a90 - - default default] Added segment cb851539-90e6-474f-addb-113d2c09b5bd of type geneve for network f408cdf2-5967-4a5c-afa4-dc270f6cfe91
2026-05-29 03:24:52.491 9 INFO neutron.db.ovn_revision_numbers_db [None req-a19d822d-188b-4558-9acf-1ba83083e977 42e39a98c6ac4cb8ab829359fa64efda 24d95f8380ca4853bf98f72eedc16a90 - - default default] Successfully bumped revision number for resource 70886ec7-8460-485f-9779-4e451605ee43 (type: networks) to 1
2026-05-29 03:24:52.569 9 WARNING neutron.scheduler.dhcp_agent_scheduler [None req-e5f193b3-65e1-4fc5-a779-ab6dbf4ddd6e 271c97249b8e4d0cb053720be501901a 8ef286eabf114d44bc8a0098dd8b264d - - default default] No more DHCP agents
2026-05-29 03:24:52.572 9 WARNING neutron.api.rpc.agentnotifiers.dhcp_rpc_agent_api [None req-e5f193b3-65e1-4fc5-a779-ab6dbf4ddd6e 271c97249b8e4d0cb053720be501901a 8ef286eabf114d44bc8a0098dd8b264d - - default default] Unable to schedule network 96a06038-7b7f-4244-8e3c-53ef7505631b: no agents available; will retry on subsequent port and subnet creation events.
2026-05-29 03:24:52.635 10 INFO neutron.db.ovn_revision_numbers_db [None req-2e755361-9b5d-4ac3-90b2-c5458fdd7dd1 - - - - - -] Successfully bumped revision number for resource 121a0e9c-ae77-444f-a75c-be0adbc61771 (type: ports) to 4
2026-05-29 03:24:52.695 9 WARNING neutron.scheduler.dhcp_agent_scheduler [None req-a19d822d-188b-4558-9acf-1ba83083e977 42e39a98c6ac4cb8ab829359fa64efda 24d95f8380ca4853bf98f72eedc16a90 - - default default] No more DHCP agents
2026-05-29 03:24:52.698 9 WARNING neutron.api.rpc.agentnotifiers.dhcp_rpc_agent_api [None req-a19d822d-188b-4558-9acf-1ba83083e977 42e39a98c6ac4cb8ab829359fa64efda 24d95f8380ca4853bf98f72eedc16a90 - - default default] Unable to schedule network 70886ec7-8460-485f-9779-4e451605ee43: no agents available; will retry on subsequent port and subnet creation events.
2026-05-29 03:24:52.756 10 INFO neutron.plugins.ml2.drivers.ovn.mech_driver.mech_driver [None req-817655e4-e1c1-4b7f-8dca-280a53ebd9c9 - - - - - -] OVN reports status up for port: b1587b27-acf1-4387-85a6-f839f2491cbf
2026-05-29 03:24:52.772 10 INFO neutron.plugins.ml2.plugin [None req-817655e4-e1c1-4b7f-8dca-280a53ebd9c9 - - - - - -] Attempt 1 to provision port b1587b27-acf1-4387-85a6-f839f2491cbf
2026-05-29 03:24:52.776 9 INFO neutron.db.ovn_revision_numbers_db [None req-a19d822d-188b-4558-9acf-1ba83083e977 42e39a98c6ac4cb8ab829359fa64efda 24d95f8380ca4853bf98f72eedc16a90 - - default default] Successfully bumped revision number for resource 9a43cf21-b024-4612-8744-10ef222645c1 (type: ports) to 1
2026-05-29 03:24:52.849 9 INFO neutron.db.ovn_revision_numbers_db [None req-a19d822d-188b-4558-9acf-1ba83083e977 42e39a98c6ac4cb8ab829359fa64efda 24d95f8380ca4853bf98f72eedc16a90 - - default default] Successfully bumped revision number for resource f408cdf2-5967-4a5c-afa4-dc270f6cfe91 (type: networks) to 1
2026-05-29 03:24:52.919 10 INFO neutron.db.ovn_revision_numbers_db [None req-5370d016-45e0-4a55-b257-e77dafb4bcd5 - - - - - -] Successfully bumped revision number for resource 9fa85057-57ae-42b0-8ed9-5f5e20bb141a (type: ports) to 1
2026-05-29 03:24:53.003 9 WARNING neutron.scheduler.dhcp_agent_scheduler [None req-a19d822d-188b-4558-9acf-1ba83083e977 42e39a98c6ac4cb8ab829359fa64efda 24d95f8380ca4853bf98f72eedc16a90 - - default default] No more DHCP agents
2026-05-29 03:24:53.004 9 WARNING neutron.api.rpc.agentnotifiers.dhcp_rpc_agent_api [None req-a19d822d-188b-4558-9acf-1ba83083e977 42e39a98c6ac4cb8ab829359fa64efda 24d95f8380ca4853bf98f72eedc16a90 - - default default] Unable to schedule network f408cdf2-5967-4a5c-afa4-dc270f6cfe91: no agents available; will retry on subsequent port and subnet creation events.
2026-05-29 03:24:53.017 9 INFO neutron.db.ovn_revision_numbers_db [None req-65cbf7a3-50bb-425f-a9df-ca196b80c5e6 - - - - - -] Successfully bumped revision number for resource dce1f06b-b198-431f-8dc0-8acf50ce01ea (type: ports) to 2
2026-05-29 03:24:53.060 9 INFO neutron.db.ovn_revision_numbers_db [None req-65cbf7a3-50bb-425f-a9df-ca196b80c5e6 - - - - - -] Successfully bumped revision number for resource 8fdf3473-d741-4636-9a8b-f282345e32b0 (type: subnets) to 0
2026-05-29 03:24:53.075 9 INFO neutron.api.wsgi [None req-e5f193b3-65e1-4fc5-a779-ab6dbf4ddd6e 271c97249b8e4d0cb053720be501901a 8ef286eabf114d44bc8a0098dd8b264d - - default default] 10.0.0.119 "POST /v2.0/subnets HTTP/1.1" status: 201 len: 855 time: 0.7832975
2026-05-29 03:24:53.096 9 INFO neutron.db.ovn_revision_numbers_db [None req-a19d822d-188b-4558-9acf-1ba83083e977 42e39a98c6ac4cb8ab829359fa64efda 24d95f8380ca4853bf98f72eedc16a90 - - default default] Successfully bumped revision number for resource 12fff13f-32de-44c4-9a7d-02e74a7ef943 (type: ports) to 1
2026-05-29 03:24:53.123 9 INFO neutron.api.wsgi [None req-a19d822d-188b-4558-9acf-1ba83083e977 42e39a98c6ac4cb8ab829359fa64efda 24d95f8380ca4853bf98f72eedc16a90 - - default default] 10.0.0.119 "POST /v2.0/networks HTTP/1.1" status: 201 len: 1446 time: 1.4124701
2026-05-29 03:24:53.172 10 INFO neutron.db.ovn_revision_numbers_db [None req-5c4dc082-83a1-4af4-91d5-618548ad519c - - - - - -] Successfully bumped revision number for resource b1587b27-acf1-4387-85a6-f839f2491cbf (type: router_ports) to 1
2026-05-29 03:24:53.181 9 INFO neutron.api.wsgi [None req-9cc5a5e6-8cd4-46b5-b4e3-b9f469660070 42e39a98c6ac4cb8ab829359fa64efda 24d95f8380ca4853bf98f72eedc16a90 - - default default] 10.0.0.119 "GET /v2.0/networks HTTP/1.1" status: 200 len: 2052 time: 0.0524168 /var/lib/openstack/lib/python3.12/site-packages/pycadf/identifier.py:71: UserWarning: Invalid uuid: neutron. To ensure interoperability, identifiers should be a valid uuid. warnings.warn(('Invalid uuid: %s. To ensure interoperability, '
2026-05-29 03:24:53.251 9 WARNING neutron.plugins.ml2.drivers.ovn.mech_driver.ovsdb.ovn_client [None req-625bbb29-271d-42b1-9108-fcd0a2147ad6 - - - - - -] No hosting information found for port 6779042b-1228-4ead-b8ae-31cbc2d7456e: RuntimeError: No hosting information found for port 6779042b-1228-4ead-b8ae-31cbc2d7456e
2026-05-29 03:24:53.251 9 INFO neutron.plugins.ml2.drivers.ovn.mech_driver.mech_driver [None req-625bbb29-271d-42b1-9108-fcd0a2147ad6 - - - - - -] OVN reports status up for port: a19e2a11-f098-4f5c-aaa4-6718ddef515f
2026-05-29 03:24:53.264 9 INFO neutron.plugins.ml2.plugin [None req-625bbb29-271d-42b1-9108-fcd0a2147ad6 - - - - - -] Attempt 1 to provision port a19e2a11-f098-4f5c-aaa4-6718ddef515f
2026-05-29 03:24:53.487 10 INFO neutron.db.ovn_revision_numbers_db [None req-817655e4-e1c1-4b7f-8dca-280a53ebd9c9 - - - - - -] Successfully bumped revision number for resource b1587b27-acf1-4387-85a6-f839f2491cbf (type: ports) to 2
2026-05-29 03:24:53.498 10 INFO neutron.db.ovn_revision_numbers_db [None req-5370d016-45e0-4a55-b257-e77dafb4bcd5 - - - - - -] Successfully bumped revision number for resource 9fa85057-57ae-42b0-8ed9-5f5e20bb141a (type: ports) to 4
2026-05-29 03:24:53.512 9 INFO neutron.db.ovn_revision_numbers_db [None req-625bbb29-271d-42b1-9108-fcd0a2147ad6 - - - - - -] Successfully bumped revision number for resource a19e2a11-f098-4f5c-aaa4-6718ddef515f (type: ports) to 4
2026-05-29 03:24:53.537 10 WARNING neutron_lib.context [None req-240742dc-d445-4cd2-946f-bd4b863ae96d 2df3078ee4864d13abf523c1ec19192b 71cdcd906cf342bcb6eecd6de12e8db3 - - default default] Method 'is_advsvc' is deprecated since 2023.2 release (neutron-lib 3.8.0) and will be removed once support for the old RBAC API policies will be removed from Neutron. Please use method 'is_service_role' instead.
2026-05-29 03:24:53.616 9 INFO neutron.plugins.ml2.drivers.ovn.mech_driver.mech_driver [None req-a86c8b46-00e0-47f5-99e2-5e7d12a253a9 - - - - - -] OVN reports status up for port: 68fc0f9e-5fff-45de-a714-a892f6f28705
2026-05-29 03:24:53.622 9 INFO neutron.plugins.ml2.plugin [None req-a86c8b46-00e0-47f5-99e2-5e7d12a253a9 - - - - - -] Attempt 1 to provision port 68fc0f9e-5fff-45de-a714-a892f6f28705
2026-05-29 03:24:53.631 9 WARNING neutron.scheduler.dhcp_agent_scheduler [None req-88914f0c-a1cc-4488-9764-3af6d60fdc0e 271c97249b8e4d0cb053720be501901a 8ef286eabf114d44bc8a0098dd8b264d - - default default] No more DHCP agents
2026-05-29 03:24:53.632 9 WARNING neutron.api.rpc.agentnotifiers.dhcp_rpc_agent_api [None req-88914f0c-a1cc-4488-9764-3af6d60fdc0e 271c97249b8e4d0cb053720be501901a 8ef286eabf114d44bc8a0098dd8b264d - - default default] Unable to schedule network 96a06038-7b7f-4244-8e3c-53ef7505631b: no agents available; will retry on subsequent port and subnet creation events.
2026-05-29 03:24:53.633 10 WARNING neutron.scheduler.dhcp_agent_scheduler [None req-5c4dc082-83a1-4af4-91d5-618548ad519c - - - - - -] No more DHCP agents
2026-05-29 03:24:53.640 10 WARNING neutron.api.rpc.agentnotifiers.dhcp_rpc_agent_api [None req-5c4dc082-83a1-4af4-91d5-618548ad519c - - - - - -] Unable to schedule network a347a7dc-2a5d-4889-8f94-a4edb32bb0de: no agents available; will retry on subsequent port and subnet creation events.
2026-05-29 03:24:53.749 9 INFO neutron.db.ovn_revision_numbers_db [None req-88914f0c-a1cc-4488-9764-3af6d60fdc0e 271c97249b8e4d0cb053720be501901a 8ef286eabf114d44bc8a0098dd8b264d - - default default] Successfully bumped revision number for resource 14cb7ae1-eadb-4232-9a96-46d38ad78f95 (type: ports) to 1
2026-05-29 03:24:53.798 10 INFO neutron.services.segments.plugin [-] Segment 9b7ede8a-6328-42b2-a863-ffe1e6910146 resource provider aggregate not found
2026-05-29 03:24:53.804 10 INFO neutron.db.ovn_revision_numbers_db [None req-240742dc-d445-4cd2-946f-bd4b863ae96d 2df3078ee4864d13abf523c1ec19192b 71cdcd906cf342bcb6eecd6de12e8db3 - - default default] Successfully bumped revision number for resource bd8bd9d7-0fad-4f96-940e-02b4f129da06 (type: security_groups) to 1
2026-05-29 03:24:53.806 10 INFO neutron.services.segments.plugin [-] Segment 9b7ede8a-6328-42b2-a863-ffe1e6910146 resource provider aggregate not found
2026-05-29 03:24:53.809 10 INFO neutron.services.segments.plugin [-] Segment 9b7ede8a-6328-42b2-a863-ffe1e6910146 resource provider not found; error: Placement Client Error (4xx): {"errors": [{"status": 404, "title": "Not Found", "detail": "The resource could not be found.\n\n No resource provider with uuid 9b7ede8a-6328-42b2-a863-ffe1e6910146 found for delete ", "request_id": "req-060880a9-9678-434e-a031-ca8ee7295993"}]}
2026-05-29 03:24:53.819 10 INFO neutron.services.segments.plugin [-] Segment 9b7ede8a-6328-42b2-a863-ffe1e6910146 resource provider not found; error: Placement Client Error (4xx): {"errors": [{"status": 404, "title": "Not Found", "detail": "The resource could not be found.\n\n No resource provider with uuid 9b7ede8a-6328-42b2-a863-ffe1e6910146 found for delete ", "request_id": "req-ea483d74-72b1-432d-b60a-12e56cb5b6c6"}]}
2026-05-29 03:24:53.832 10 INFO neutron.db.ovn_revision_numbers_db [None req-240742dc-d445-4cd2-946f-bd4b863ae96d 2df3078ee4864d13abf523c1ec19192b 71cdcd906cf342bcb6eecd6de12e8db3 - - default default] Successfully bumped revision number for resource 36d528aa-51ef-4e47-b9c1-7f974f838c73 (type: security_group_rules) to 0
2026-05-29 03:24:53.858 10 INFO neutron.api.wsgi [None req-a5c3b3bb-5242-4ad5-9e5c-c49eda4f4ae2 42e39a98c6ac4cb8ab829359fa64efda 24d95f8380ca4853bf98f72eedc16a90 - - default default] 10.0.0.119 "DELETE /v2.0/networks/70886ec7-8460-485f-9779-4e451605ee43 HTTP/1.1" status: 204 len: 168 time: 0.6654253
2026-05-29 03:24:53.861 10 INFO neutron.db.ovn_revision_numbers_db [None req-240742dc-d445-4cd2-946f-bd4b863ae96d 2df3078ee4864d13abf523c1ec19192b 71cdcd906cf342bcb6eecd6de12e8db3 - - default default] Successfully bumped revision number for resource 6e9a6575-1a65-472c-82bf-e2e1c3247d41 (type: security_group_rules) to 0
2026-05-29 03:24:53.891 10 INFO neutron.db.ovn_revision_numbers_db [None req-240742dc-d445-4cd2-946f-bd4b863ae96d 2df3078ee4864d13abf523c1ec19192b 71cdcd906cf342bcb6eecd6de12e8db3 - - default default] Successfully bumped revision number for resource 94fed642-2331-4078-bed4-ef532982c623 (type: security_group_rules) to 0
2026-05-29 03:24:53.915 10 INFO neutron.db.ovn_revision_numbers_db [None req-5c4dc082-83a1-4af4-91d5-618548ad519c - - - - - -] Successfully bumped revision number for resource 28c7492e-5353-4242-9981-92b058c83d7c (type: ports) to 1
2026-05-29 03:24:53.918 10 INFO neutron.db.ovn_revision_numbers_db [None req-240742dc-d445-4cd2-946f-bd4b863ae96d 2df3078ee4864d13abf523c1ec19192b 71cdcd906cf342bcb6eecd6de12e8db3 - - default default] Successfully bumped revision number for resource a58e5a4e-a3e9-437c-8d43-7d91704a5d3d (type: security_group_rules) to 0
2026-05-29 03:24:54.025 10 INFO neutron.db.segments_db [None req-240742dc-d445-4cd2-946f-bd4b863ae96d 2df3078ee4864d13abf523c1ec19192b 71cdcd906cf342bcb6eecd6de12e8db3 - - default default] Added segment 9479c5d3-b339-4187-a978-7d9bedb07f72 of type geneve for network e0f9d57b-d9d6-4a53-aee4-3fbf40c000e7
2026-05-29 03:24:54.067 9 INFO neutron.db.ovn_revision_numbers_db [None req-a86c8b46-00e0-47f5-99e2-5e7d12a253a9 - - - - - -] Successfully bumped revision number for resource 68fc0f9e-5fff-45de-a714-a892f6f28705 (type: ports) to 2
2026-05-29 03:24:54.102 10 INFO neutron.db.ovn_revision_numbers_db [None req-5370d016-45e0-4a55-b257-e77dafb4bcd5 - - - - - -] Successfully bumped revision number for resource 9fa85057-57ae-42b0-8ed9-5f5e20bb141a (type: ports) to 5
2026-05-29 03:24:54.279 10 INFO neutron.db.ovn_revision_numbers_db [None req-240742dc-d445-4cd2-946f-bd4b863ae96d 2df3078ee4864d13abf523c1ec19192b 71cdcd906cf342bcb6eecd6de12e8db3 - - default default] Successfully bumped revision number for resource e0f9d57b-d9d6-4a53-aee4-3fbf40c000e7 (type: networks) to 1
2026-05-29 03:24:54.353 10 INFO neutron.db.ovn_revision_numbers_db [None req-5c4dc082-83a1-4af4-91d5-618548ad519c - - - - - -] Successfully bumped revision number for resource 28c7492e-5353-4242-9981-92b058c83d7c (type: ports) to 3
2026-05-29 03:24:54.402 9 INFO neutron.db.ovn_revision_numbers_db [None req-88914f0c-a1cc-4488-9764-3af6d60fdc0e 271c97249b8e4d0cb053720be501901a 8ef286eabf114d44bc8a0098dd8b264d - - default default] Successfully bumped revision number for resource 14cb7ae1-eadb-4232-9a96-46d38ad78f95 (type: ports) to 1
2026-05-29 03:24:54.455 9 WARNING neutron.scheduler.dhcp_agent_scheduler [None req-88914f0c-a1cc-4488-9764-3af6d60fdc0e 271c97249b8e4d0cb053720be501901a 8ef286eabf114d44bc8a0098dd8b264d - - default default] No more DHCP agents
2026-05-29 03:24:54.456 9 WARNING neutron.api.rpc.agentnotifiers.dhcp_rpc_agent_api [None req-88914f0c-a1cc-4488-9764-3af6d60fdc0e 271c97249b8e4d0cb053720be501901a 8ef286eabf114d44bc8a0098dd8b264d - - default default] Unable to schedule network 96a06038-7b7f-4244-8e3c-53ef7505631b: no agents available; will retry on subsequent port and subnet creation events.
2026-05-29 03:24:54.532 10 INFO neutron.api.wsgi [None req-f0cc398a-d3b0-48ee-818b-38879de80c24 42e39a98c6ac4cb8ab829359fa64efda 24d95f8380ca4853bf98f72eedc16a90 - - default default] 10.0.0.119 "DELETE /v2.0/networks/f408cdf2-5967-4a5c-afa4-dc270f6cfe91 HTTP/1.1" status: 204 len: 168 time: 0.6679413
2026-05-29 03:24:54.583 9 INFO neutron.api.wsgi [None req-7b4f077e-4aff-4323-a640-209831d21664 42e39a98c6ac4cb8ab829359fa64efda 24d95f8380ca4853bf98f72eedc16a90 - - default default] 10.0.0.119 "GET /v2.0/networks HTTP/1.1" status: 200 len: 845 time: 0.0446975
2026-05-29 03:24:54.585 10 WARNING neutron.scheduler.dhcp_agent_scheduler [None req-240742dc-d445-4cd2-946f-bd4b863ae96d 2df3078ee4864d13abf523c1ec19192b 71cdcd906cf342bcb6eecd6de12e8db3 - - default default] No more DHCP agents
2026-05-29 03:24:54.588 10 WARNING neutron.api.rpc.agentnotifiers.dhcp_rpc_agent_api [None req-240742dc-d445-4cd2-946f-bd4b863ae96d 2df3078ee4864d13abf523c1ec19192b 71cdcd906cf342bcb6eecd6de12e8db3 - - default default] Unable to schedule network e0f9d57b-d9d6-4a53-aee4-3fbf40c000e7: no agents available; will retry on subsequent port and subnet creation events.
2026-05-29 03:24:54.593 9 WARNING neutron_lib.context [None req-509505a8-8f62-4b7f-be72-8bb4c3099baf 42e39a98c6ac4cb8ab829359fa64efda 24d95f8380ca4853bf98f72eedc16a90 - - default default] Method 'is_advsvc' is deprecated since 2023.2 release (neutron-lib 3.8.0) and will be removed once support for the old RBAC API policies will be removed from Neutron. Please use method 'is_service_role' instead.
2026-05-29 03:24:54.621 10 INFO neutron.api.wsgi [None req-acc42e5c-e776-4c63-a302-4cf3a4b4aabb a3bf70f8fcd84d9c9cfbf59d83c623e5 bf9847689f524769bac5acc9645893c5 - - default default] 10.0.0.119 "POST /v2.0/vpn/vpnservices HTTP/1.1" status: 201 len: 656 time: 5.7153871
2026-05-29 03:24:54.646 9 INFO neutron.api.wsgi [None req-a1f2ab22-fba7-412b-921f-5a0e00451c6f 2da55bc6ab524a769d391a82c7c6464b 1f3a548309754744b49aded604371595 - - default default] 10.0.0.119 "GET /v2.0/vpn/vpnservices HTTP/1.1" status: 200 len: 1507 time: 0.0180387
2026-05-29 03:24:54.662 10 INFO neutron.db.ovn_revision_numbers_db [None req-240742dc-d445-4cd2-946f-bd4b863ae96d 2df3078ee4864d13abf523c1ec19192b 71cdcd906cf342bcb6eecd6de12e8db3 - - default default] Successfully bumped revision number for resource 07987b8a-e3c8-4b78-a6cd-e345a4e97c26 (type: ports) to 1
2026-05-29 03:24:54.685 10 INFO neutron.api.wsgi [None req-240742dc-d445-4cd2-946f-bd4b863ae96d 2df3078ee4864d13abf523c1ec19192b 71cdcd906cf342bcb6eecd6de12e8db3 - - default default] 10.0.0.119 "POST /v2.0/networks HTTP/1.1" status: 201 len: 838 time: 1.3090477
2026-05-29 03:24:54.695 9 INFO neutron.db.segments_db [None req-509505a8-8f62-4b7f-be72-8bb4c3099baf 42e39a98c6ac4cb8ab829359fa64efda 24d95f8380ca4853bf98f72eedc16a90 - - default default] Added segment 0a073583-060a-4434-b041-ef8f24355d27 of type geneve for network e3fc8e08-fdd1-4ab0-8252-c54237986434
2026-05-29 03:24:54.695 10 WARNING neutron_lib.context [None req-f65bf821-4ab3-434a-93bd-221e6ae8f824 2df3078ee4864d13abf523c1ec19192b 71cdcd906cf342bcb6eecd6de12e8db3 - - default default] Method 'is_advsvc' is deprecated since 2023.2 release (neutron-lib 3.8.0) and will be removed once support for the old RBAC API policies will be removed from Neutron. Please use method 'is_service_role' instead.
2026-05-29 03:24:54.795 9 INFO neutron.db.ovn_revision_numbers_db [None req-88914f0c-a1cc-4488-9764-3af6d60fdc0e 271c97249b8e4d0cb053720be501901a 8ef286eabf114d44bc8a0098dd8b264d - - default default] Successfully bumped revision number for resource 14cb7ae1-eadb-4232-9a96-46d38ad78f95 (type: router_ports) to 1
2026-05-29 03:24:54.799 9 INFO neutron.api.wsgi [None req-88914f0c-a1cc-4488-9764-3af6d60fdc0e 271c97249b8e4d0cb053720be501901a 8ef286eabf114d44bc8a0098dd8b264d - - default default] 10.0.0.119 "PUT /v2.0/routers/42f172bc-cb9f-4ccd-a3c6-6d4ca22ff5f6/add_router_interface HTTP/1.1" status: 200 len: 503 time: 1.7165053
2026-05-29 03:24:54.837 9 INFO neutron.db.ovn_revision_numbers_db [None req-509505a8-8f62-4b7f-be72-8bb4c3099baf 42e39a98c6ac4cb8ab829359fa64efda 24d95f8380ca4853bf98f72eedc16a90 - - default default] Successfully bumped revision number for resource e3fc8e08-fdd1-4ab0-8252-c54237986434 (type: networks) to 1
2026-05-29 03:24:54.883 9 INFO neutron.api.wsgi [None req-25c8bc6f-3770-4494-b760-d2b5606d8eb4 70cb5056eaf44eed8b2e587200bcff4c e305d97be5d04ca78267ea15fc160501 - - default default] 10.0.0.119 "GET /v2.0/networks HTTP/1.1" status: 200 len: 7446 time: 0.0772502
2026-05-29 03:24:54.931 10 INFO neutron.api.wsgi [None req-474336ff-7e74-4734-ba37-c45722aef8d5 70cb5056eaf44eed8b2e587200bcff4c e305d97be5d04ca78267ea15fc160501 - - default default] 10.0.0.119 "GET /v2.0/subnets HTTP/1.1" status: 200 len: 4826 time: 0.0417964
2026-05-29 03:24:54.999 10 WARNING neutron.scheduler.dhcp_agent_scheduler [None req-f65bf821-4ab3-434a-93bd-221e6ae8f824 2df3078ee4864d13abf523c1ec19192b 71cdcd906cf342bcb6eecd6de12e8db3 - - default default] No more DHCP agents
2026-05-29 03:24:55.002 10 WARNING neutron.api.rpc.agentnotifiers.dhcp_rpc_agent_api [None req-f65bf821-4ab3-434a-93bd-221e6ae8f824 2df3078ee4864d13abf523c1ec19192b 71cdcd906cf342bcb6eecd6de12e8db3 - - default default] Unable to schedule network e0f9d57b-d9d6-4a53-aee4-3fbf40c000e7: no agents available; will retry on subsequent port and subnet creation events.
2026-05-29 03:24:55.016 9 WARNING neutron.scheduler.dhcp_agent_scheduler [None req-509505a8-8f62-4b7f-be72-8bb4c3099baf 42e39a98c6ac4cb8ab829359fa64efda 24d95f8380ca4853bf98f72eedc16a90 - - default default] No more DHCP agents
2026-05-29 03:24:55.017 9 WARNING neutron.api.rpc.agentnotifiers.dhcp_rpc_agent_api [None req-509505a8-8f62-4b7f-be72-8bb4c3099baf 42e39a98c6ac4cb8ab829359fa64efda 24d95f8380ca4853bf98f72eedc16a90 - - default default] Unable to schedule network e3fc8e08-fdd1-4ab0-8252-c54237986434: no agents available; will retry on subsequent port and subnet creation events.
2026-05-29 03:24:55.025 10 INFO neutron.api.wsgi [None req-ac8e9b89-cdbe-469c-8450-5693e573a275 70cb5056eaf44eed8b2e587200bcff4c e305d97be5d04ca78267ea15fc160501 - - default default] 10.0.0.119 "GET /v2.0/routers HTTP/1.1" status: 200 len: 3172 time: 0.0893705
2026-05-29 03:24:55.088 9 INFO neutron.db.ovn_revision_numbers_db [None req-509505a8-8f62-4b7f-be72-8bb4c3099baf 42e39a98c6ac4cb8ab829359fa64efda 24d95f8380ca4853bf98f72eedc16a90 - - default default] Successfully bumped revision number for resource 3d064d09-6805-4891-86d7-817a118ff553 (type: ports) to 1
2026-05-29 03:24:55.107 9 WARNING neutron_lib.context [None req-c5683d1d-8897-4857-ac3e-60ba793c7e63 271c97249b8e4d0cb053720be501901a 8ef286eabf114d44bc8a0098dd8b264d - - default default] Method 'is_advsvc' is deprecated since 2023.2 release (neutron-lib 3.8.0) and will be removed once support for the old RBAC API policies will be removed from Neutron. Please use method 'is_service_role' instead.
2026-05-29 03:24:55.116 9 INFO neutron.api.wsgi [None req-509505a8-8f62-4b7f-be72-8bb4c3099baf 42e39a98c6ac4cb8ab829359fa64efda 24d95f8380ca4853bf98f72eedc16a90 - - default default] 10.0.0.119 "POST /v2.0/networks HTTP/1.1" status: 201 len: 849 time: 0.5263107
2026-05-29 03:24:55.131 9 WARNING neutron_lib.context [None req-e4280f02-32f1-4003-a4b8-a262ab523f9b 42e39a98c6ac4cb8ab829359fa64efda 24d95f8380ca4853bf98f72eedc16a90 - - default default] Method 'is_advsvc' is deprecated since 2023.2 release (neutron-lib 3.8.0) and will be removed once support for the old RBAC API policies will be removed from Neutron. Please use method 'is_service_role' instead.
2026-05-29 03:24:55.224 9 INFO neutron.db.segments_db [None req-e4280f02-32f1-4003-a4b8-a262ab523f9b 42e39a98c6ac4cb8ab829359fa64efda 24d95f8380ca4853bf98f72eedc16a90 - - default default] Added segment 8b61485d-a478-4c55-88ce-9a433f997a66 of type geneve for network 555bcc43-ff3d-4b2a-bcaa-ba2b9d0d1ef7
2026-05-29 03:24:55.288 9 INFO neutron.db.ovn_revision_numbers_db [None req-c5683d1d-8897-4857-ac3e-60ba793c7e63 271c97249b8e4d0cb053720be501901a 8ef286eabf114d44bc8a0098dd8b264d - - default default] Successfully bumped revision number for resource 932f1e04-c26e-4745-8a97-9ef82829e297 (type: security_groups) to 1
2026-05-29 03:24:55.316 9 INFO neutron.db.ovn_revision_numbers_db [None req-c5683d1d-8897-4857-ac3e-60ba793c7e63 271c97249b8e4d0cb053720be501901a 8ef286eabf114d44bc8a0098dd8b264d - - default default] Successfully bumped revision number for resource 0c05f575-fcf2-4e14-b7c1-fd4f6136737d (type: security_group_rules) to 0
2026-05-29 03:24:55.335 9 INFO neutron.db.ovn_revision_numbers_db [None req-c5683d1d-8897-4857-ac3e-60ba793c7e63 271c97249b8e4d0cb053720be501901a 8ef286eabf114d44bc8a0098dd8b264d - - default default] Successfully bumped revision number for resource 1ef5715e-b0b0-4a6f-a213-4431ed5ccfb4 (type: security_group_rules) to 0
2026-05-29 03:24:55.363 9 INFO neutron.db.ovn_revision_numbers_db [None req-e4280f02-32f1-4003-a4b8-a262ab523f9b 42e39a98c6ac4cb8ab829359fa64efda 24d95f8380ca4853bf98f72eedc16a90 - - default default] Successfully bumped revision number for resource 555bcc43-ff3d-4b2a-bcaa-ba2b9d0d1ef7 (type: networks) to 1
2026-05-29 03:24:55.379 9 INFO neutron.api.wsgi [None req-c5683d1d-8897-4857-ac3e-60ba793c7e63 271c97249b8e4d0cb053720be501901a 8ef286eabf114d44bc8a0098dd8b264d - - default default] 10.0.0.119 "POST /v2.0/security-groups HTTP/1.1" status: 201 len: 1873 time: 0.2755620
2026-05-29 03:24:55.396 9 WARNING neutron_lib.context [None req-d5e34a9b-9d79-4b10-85b4-e044fd049eff 271c97249b8e4d0cb053720be501901a 8ef286eabf114d44bc8a0098dd8b264d - - default default] Method 'is_advsvc' is deprecated since 2023.2 release (neutron-lib 3.8.0) and will be removed once support for the old RBAC API policies will be removed from Neutron. Please use method 'is_service_role' instead.
2026-05-29 03:24:55.527 10 INFO neutron.db.ovn_revision_numbers_db [None req-4455c14d-b098-4cff-bd9c-f19d95521453 - - - - - -] Successfully bumped revision number for resource 07987b8a-e3c8-4b78-a6cd-e345a4e97c26 (type: ports) to 2
2026-05-29 03:24:55.550 9 INFO neutron.db.ovn_revision_numbers_db [None req-d5e34a9b-9d79-4b10-85b4-e044fd049eff 271c97249b8e4d0cb053720be501901a 8ef286eabf114d44bc8a0098dd8b264d - - default default] Successfully bumped revision number for resource 75656809-ef1d-426e-91fc-c4c91ede3a91 (type: security_group_rules) to 0
2026-05-29 03:24:55.559 9 WARNING neutron.scheduler.dhcp_agent_scheduler [None req-e4280f02-32f1-4003-a4b8-a262ab523f9b 42e39a98c6ac4cb8ab829359fa64efda 24d95f8380ca4853bf98f72eedc16a90 - - default default] No more DHCP agents
2026-05-29 03:24:55.561 9 WARNING neutron.api.rpc.agentnotifiers.dhcp_rpc_agent_api [None req-e4280f02-32f1-4003-a4b8-a262ab523f9b 42e39a98c6ac4cb8ab829359fa64efda 24d95f8380ca4853bf98f72eedc16a90 - - default default] Unable to schedule network 555bcc43-ff3d-4b2a-bcaa-ba2b9d0d1ef7: no agents available; will retry on subsequent port and subnet creation events.
2026-05-29 03:24:55.566 10 INFO neutron.db.ovn_revision_numbers_db [None req-4455c14d-b098-4cff-bd9c-f19d95521453 - - - - - -] Successfully bumped revision number for resource a64bfc00-b556-478b-b8a3-eeb21b15ba39 (type: subnets) to 0
2026-05-29 03:24:55.586 9 INFO neutron.api.wsgi [None req-d5e34a9b-9d79-4b10-85b4-e044fd049eff 271c97249b8e4d0cb053720be501901a 8ef286eabf114d44bc8a0098dd8b264d - - default default] 10.0.0.119 "POST /v2.0/security-group-rules HTTP/1.1" status: 201 len: 796 time: 0.1987686
2026-05-29 03:24:55.586 10 INFO neutron.api.wsgi [None req-f65bf821-4ab3-434a-93bd-221e6ae8f824 2df3078ee4864d13abf523c1ec19192b 71cdcd906cf342bcb6eecd6de12e8db3 - - default default] 10.0.0.119 "POST /v2.0/subnets HTTP/1.1" status: 201 len: 856 time: 0.8951063
2026-05-29 03:24:55.597 10 WARNING neutron_lib.context [None req-6da74d51-6c9f-4bd6-8538-27ddcedce173 271c97249b8e4d0cb053720be501901a 8ef286eabf114d44bc8a0098dd8b264d - - default default] Method 'is_advsvc' is deprecated since 2023.2 release (neutron-lib 3.8.0) and will be removed once support for the old RBAC API policies will be removed from Neutron. Please use method 'is_service_role' instead.
2026-05-29 03:24:55.632 9 INFO neutron.db.ovn_revision_numbers_db [None req-e4280f02-32f1-4003-a4b8-a262ab523f9b 42e39a98c6ac4cb8ab829359fa64efda 24d95f8380ca4853bf98f72eedc16a90 - - default default] Successfully bumped revision number for resource bef30fac-a5aa-4b62-b6b6-d0dfae05580a (type: ports) to 1
2026-05-29 03:24:55.651 9 INFO neutron.api.wsgi [None req-32a1ce77-d7c5-4d7e-85c4-c16e2cacc4b1 ed4dbd7ddf0649ce9388f2b60f48f15b 99bc4f4e0d254454b21e05abd71727b3 - - default default] 10.0.0.119 "GET /v2.0/subnetpools?name=shared-default-subnetpool-v6 HTTP/1.1" status: 200 len: 212 time: 0.0558660
2026-05-29 03:24:55.660 10 WARNING neutron_lib.context [None req-fc9dd7ad-595c-4d4b-82c3-230761cdfa25 2df3078ee4864d13abf523c1ec19192b 71cdcd906cf342bcb6eecd6de12e8db3 - - default default] Method 'is_advsvc' is deprecated since 2023.2 release (neutron-lib 3.8.0) and will be removed once support for the old RBAC API policies will be removed from Neutron. Please use method 'is_service_role' instead.
2026-05-29 03:24:55.667 9 INFO neutron.api.wsgi [None req-e4280f02-32f1-4003-a4b8-a262ab523f9b 42e39a98c6ac4cb8ab829359fa64efda 24d95f8380ca4853bf98f72eedc16a90 - - default default] 10.0.0.119 "POST /v2.0/networks HTTP/1.1" status: 201 len: 849 time: 0.5396533
2026-05-29 03:24:55.676 9 WARNING neutron_lib.context [None req-734ae757-c24b-41fb-a4f3-73578e9e5d65 42e39a98c6ac4cb8ab829359fa64efda 24d95f8380ca4853bf98f72eedc16a90 - - default default] Method 'is_advsvc' is deprecated since 2023.2 release (neutron-lib 3.8.0) and will be removed once support for the old RBAC API policies will be removed from Neutron. Please use method 'is_service_role' instead.
2026-05-29 03:24:55.705 9 WARNING neutron_lib.context [None req-734ae757-c24b-41fb-a4f3-73578e9e5d65 42e39a98c6ac4cb8ab829359fa64efda 24d95f8380ca4853bf98f72eedc16a90 - - default default] Method 'is_advsvc' is deprecated since 2023.2 release (neutron-lib 3.8.0) and will be removed once support for the old RBAC API policies will be removed from Neutron. Please use method 'is_service_role' instead.
2026-05-29 03:24:55.800 10 INFO neutron.db.ovn_revision_numbers_db [None req-6da74d51-6c9f-4bd6-8538-27ddcedce173 271c97249b8e4d0cb053720be501901a 8ef286eabf114d44bc8a0098dd8b264d - - default default] Successfully bumped revision number for resource d3e2e641-e89e-42c6-8351-6fb73d3ac174 (type: security_group_rules) to 0
2026-05-29 03:24:55.826 10 INFO neutron.services.segments.plugin [-] Segment cb851539-90e6-474f-addb-113d2c09b5bd resource provider aggregate not found
2026-05-29 03:24:55.835 10 INFO neutron.services.segments.plugin [-] Segment cb851539-90e6-474f-addb-113d2c09b5bd resource provider aggregate not found
2026-05-29 03:24:55.842 10 INFO neutron.services.segments.plugin [-] Segment cb851539-90e6-474f-addb-113d2c09b5bd resource provider not found; error: Placement Client Error (4xx): {"errors": [{"status": 404, "title": "Not Found", "detail": "The resource could not be found.\n\n No resource provider with uuid cb851539-90e6-474f-addb-113d2c09b5bd found for delete ", "request_id": "req-3f07f850-0f76-498e-9000-aae28e96bddf"}]}
2026-05-29 03:24:55.847 10 INFO neutron.services.segments.plugin [-] Segment cb851539-90e6-474f-addb-113d2c09b5bd resource provider not found; error: Placement Client Error (4xx): {"errors": [{"status": 404, "title": "Not Found", "detail": "The resource could not be found.\n\n No resource provider with uuid cb851539-90e6-474f-addb-113d2c09b5bd found for delete ", "request_id": "req-48681865-cd7b-4a54-ae13-ae370bdbfa48"}]}
2026-05-29 03:24:55.864 10 INFO neutron.api.wsgi [None req-6da74d51-6c9f-4bd6-8538-27ddcedce173 271c97249b8e4d0cb053720be501901a 8ef286eabf114d44bc8a0098dd8b264d - - default default] 10.0.0.119 "POST /v2.0/security-group-rules HTTP/1.1" status: 201 len: 795 time: 0.2705266
2026-05-29 03:24:55.879 10 WARNING neutron_lib.context [None req-9a1442bc-70ee-4f86-bca7-70e1ad4e7b6b 271c97249b8e4d0cb053720be501901a 8ef286eabf114d44bc8a0098dd8b264d - - default default] Method 'is_advsvc' is deprecated since 2023.2 release (neutron-lib 3.8.0) and will be removed once support for the old RBAC API policies will be removed from Neutron. Please use method 'is_service_role' instead.
2026-05-29 03:24:56.210 9 WARNING neutron.scheduler.dhcp_agent_scheduler [None req-734ae757-c24b-41fb-a4f3-73578e9e5d65 42e39a98c6ac4cb8ab829359fa64efda 24d95f8380ca4853bf98f72eedc16a90 - - default default] No more DHCP agents
2026-05-29 03:24:56.212 9 WARNING neutron.api.rpc.agentnotifiers.dhcp_rpc_agent_api [None req-734ae757-c24b-41fb-a4f3-73578e9e5d65 42e39a98c6ac4cb8ab829359fa64efda 24d95f8380ca4853bf98f72eedc16a90 - - default default] Unable to schedule network e3fc8e08-fdd1-4ab0-8252-c54237986434: no agents available; will retry on subsequent port and subnet creation events.
2026-05-29 03:24:56.266 10 WARNING neutron.scheduler.dhcp_agent_scheduler [None req-fc9dd7ad-595c-4d4b-82c3-230761cdfa25 2df3078ee4864d13abf523c1ec19192b 71cdcd906cf342bcb6eecd6de12e8db3 - - default default] No more DHCP agents
2026-05-29 03:24:56.271 10 WARNING neutron.api.rpc.agentnotifiers.dhcp_rpc_agent_api [None req-fc9dd7ad-595c-4d4b-82c3-230761cdfa25 2df3078ee4864d13abf523c1ec19192b 71cdcd906cf342bcb6eecd6de12e8db3 - - default default] Unable to schedule network e0f9d57b-d9d6-4a53-aee4-3fbf40c000e7: no agents available; will retry on subsequent port and subnet creation events.
2026-05-29 03:24:56.273 9 INFO neutron.db.ovn_revision_numbers_db [None req-734ae757-c24b-41fb-a4f3-73578e9e5d65 42e39a98c6ac4cb8ab829359fa64efda 24d95f8380ca4853bf98f72eedc16a90 - - default default] Successfully bumped revision number for resource 62d77430-d46b-4b37-acc7-2e716e0d295f (type: ports) to 1
2026-05-29 03:24:56.306 10 INFO neutron.db.ovn_revision_numbers_db [None req-fc9dd7ad-595c-4d4b-82c3-230761cdfa25 2df3078ee4864d13abf523c1ec19192b 71cdcd906cf342bcb6eecd6de12e8db3 - - default default] Successfully bumped revision number for resource 02b39609-6cfd-4d89-a7eb-df328ac3d619 (type: subnets) to 0
2026-05-29 03:24:56.328 10 INFO neutron.api.wsgi [None req-fc9dd7ad-595c-4d4b-82c3-230761cdfa25 2df3078ee4864d13abf523c1ec19192b 71cdcd906cf342bcb6eecd6de12e8db3 - - default default] 10.0.0.119 "POST /v2.0/subnets HTTP/1.1" status: 201 len: 931 time: 0.6719482
2026-05-29 03:24:56.328 9 WARNING neutron.scheduler.dhcp_agent_scheduler [None req-734ae757-c24b-41fb-a4f3-73578e9e5d65 42e39a98c6ac4cb8ab829359fa64efda 24d95f8380ca4853bf98f72eedc16a90 - - default default] No more DHCP agents
2026-05-29 03:24:56.330 9 WARNING neutron.api.rpc.agentnotifiers.dhcp_rpc_agent_api [None req-734ae757-c24b-41fb-a4f3-73578e9e5d65 42e39a98c6ac4cb8ab829359fa64efda 24d95f8380ca4853bf98f72eedc16a90 - - default default] Unable to schedule network 555bcc43-ff3d-4b2a-bcaa-ba2b9d0d1ef7: no agents available; will retry on subsequent port and subnet creation events.
2026-05-29 03:24:56.333 10 INFO neutron.db.ovn_revision_numbers_db [None req-9a1442bc-70ee-4f86-bca7-70e1ad4e7b6b 271c97249b8e4d0cb053720be501901a 8ef286eabf114d44bc8a0098dd8b264d - - default default] Successfully bumped revision number for resource 755c57fe-f688-4584-b832-2e6743cb646b (type: security_group_rules) to 0
2026-05-29 03:24:56.340 10 WARNING neutron_lib.context [None req-211c2a28-7e3b-4477-a2dc-ac1d5e788666 2df3078ee4864d13abf523c1ec19192b 71cdcd906cf342bcb6eecd6de12e8db3 - - default default] Method 'is_advsvc' is deprecated since 2023.2 release (neutron-lib 3.8.0) and will be removed once support for the old RBAC API policies will be removed from Neutron. Please use method 'is_service_role' instead.
2026-05-29 03:24:56.402 9 INFO neutron.db.ovn_revision_numbers_db [None req-734ae757-c24b-41fb-a4f3-73578e9e5d65 42e39a98c6ac4cb8ab829359fa64efda 24d95f8380ca4853bf98f72eedc16a90 - - default default] Successfully bumped revision number for resource 811dafc0-fe7e-4754-b043-18dd43a907ed (type: ports) to 1
2026-05-29 03:24:56.409 10 INFO neutron.api.wsgi [None req-9a1442bc-70ee-4f86-bca7-70e1ad4e7b6b 271c97249b8e4d0cb053720be501901a 8ef286eabf114d44bc8a0098dd8b264d - - default default] 10.0.0.119 "POST /v2.0/security-group-rules HTTP/1.1" status: 201 len: 801 time: 0.5344126
2026-05-29 03:24:56.419 10 WARNING neutron_lib.context [None req-c5940690-810b-4eb2-a1a8-6cf8527cc6a5 271c97249b8e4d0cb053720be501901a 8ef286eabf114d44bc8a0098dd8b264d - - default default] Method 'is_advsvc' is deprecated since 2023.2 release (neutron-lib 3.8.0) and will be removed once support for the old RBAC API policies will be removed from Neutron. Please use method 'is_service_role' instead.
2026-05-29 03:24:56.428 9 INFO neutron.api.wsgi [None req-734ae757-c24b-41fb-a4f3-73578e9e5d65 42e39a98c6ac4cb8ab829359fa64efda 24d95f8380ca4853bf98f72eedc16a90 - - default default] 10.0.0.119 "POST /v2.0/ports HTTP/1.1" status: 201 len: 1706 time: 0.7565534 /var/lib/openstack/lib/python3.12/site-packages/pycadf/identifier.py:71: UserWarning: Invalid uuid: neutron. To ensure interoperability, identifiers should be a valid uuid. warnings.warn(('Invalid uuid: %s. To ensure interoperability, '
2026-05-29 03:24:56.497 10 INFO neutron.db.segments_db [None req-211c2a28-7e3b-4477-a2dc-ac1d5e788666 2df3078ee4864d13abf523c1ec19192b 71cdcd906cf342bcb6eecd6de12e8db3 - - default default] Added segment bb8991cc-3f03-4035-ada5-c53ba69ca31b of type geneve for network 1291c168-5d69-4016-900f-71b9bd731bfa
2026-05-29 03:24:56.526 9 INFO neutron.api.wsgi [None req-b0237d7e-0015-400e-847a-869ce1366382 42e39a98c6ac4cb8ab829359fa64efda 24d95f8380ca4853bf98f72eedc16a90 - - default default] 10.0.0.119 "GET /v2.0/ports HTTP/1.1" status: 200 len: 3213 time: 0.0925443
2026-05-29 03:24:56.648 10 INFO neutron.db.ovn_revision_numbers_db [None req-c5940690-810b-4eb2-a1a8-6cf8527cc6a5 271c97249b8e4d0cb053720be501901a 8ef286eabf114d44bc8a0098dd8b264d - - default default] Successfully bumped revision number for resource 88c6f958-d279-47c7-834e-74ba2604e7bb (type: security_group_rules) to 0
2026-05-29 03:24:56.691 10 INFO neutron.db.ovn_revision_numbers_db [None req-211c2a28-7e3b-4477-a2dc-ac1d5e788666 2df3078ee4864d13abf523c1ec19192b 71cdcd906cf342bcb6eecd6de12e8db3 - - default default] Successfully bumped revision number for resource 1291c168-5d69-4016-900f-71b9bd731bfa (type: networks) to 1
2026-05-29 03:24:56.699 10 INFO neutron.api.wsgi [None req-c5940690-810b-4eb2-a1a8-6cf8527cc6a5 271c97249b8e4d0cb053720be501901a 8ef286eabf114d44bc8a0098dd8b264d - - default default] 10.0.0.119 "POST /v2.0/security-group-rules HTTP/1.1" status: 201 len: 800 time: 0.2847579
2026-05-29 03:24:56.716 10 WARNING neutron_lib.context [None req-ef22d0d3-863c-48fc-8442-5cf1a7b3e028 271c97249b8e4d0cb053720be501901a 8ef286eabf114d44bc8a0098dd8b264d - - default default] Method 'is_advsvc' is deprecated since 2023.2 release (neutron-lib 3.8.0) and will be removed once support for the old RBAC API policies will be removed from Neutron. Please use method 'is_service_role' instead.
2026-05-29 03:24:56.769 10 INFO neutron.db.securitygroups_db [None req-ef22d0d3-863c-48fc-8442-5cf1a7b3e028 271c97249b8e4d0cb053720be501901a 8ef286eabf114d44bc8a0098dd8b264d - - default default] Project 8ef286eabf114d44bc8a0098dd8b264d added a security group rule with legacy IPv6 ICMP protocol name icmp, ipv6-icmp should be used instead. It was automatically converted.
2026-05-29 03:24:56.901 10 INFO neutron.db.ovn_revision_numbers_db [None req-ef22d0d3-863c-48fc-8442-5cf1a7b3e028 271c97249b8e4d0cb053720be501901a 8ef286eabf114d44bc8a0098dd8b264d - - default default] Successfully bumped revision number for resource 80e08af6-6d84-483f-a9dc-5e11ff98de6f (type: security_group_rules) to 0
2026-05-29 03:24:56.940 10 INFO neutron.api.wsgi [None req-ef22d0d3-863c-48fc-8442-5cf1a7b3e028 271c97249b8e4d0cb053720be501901a 8ef286eabf114d44bc8a0098dd8b264d - - default default] 10.0.0.119 "POST /v2.0/security-group-rules HTTP/1.1" status: 201 len: 806 time: 0.2284818
2026-05-29 03:24:56.943 10 WARNING neutron.scheduler.dhcp_agent_scheduler [None req-211c2a28-7e3b-4477-a2dc-ac1d5e788666 2df3078ee4864d13abf523c1ec19192b 71cdcd906cf342bcb6eecd6de12e8db3 - - default default] No more DHCP agents
2026-05-29 03:24:56.945 10 WARNING neutron.api.rpc.agentnotifiers.dhcp_rpc_agent_api [None req-211c2a28-7e3b-4477-a2dc-ac1d5e788666 2df3078ee4864d13abf523c1ec19192b 71cdcd906cf342bcb6eecd6de12e8db3 - - default default] Unable to schedule network 1291c168-5d69-4016-900f-71b9bd731bfa: no agents available; will retry on subsequent port and subnet creation events.
2026-05-29 03:24:56.951 9 WARNING neutron_lib.context [None req-96137dd8-aa65-4522-b14c-809a287225c1 271c97249b8e4d0cb053720be501901a 8ef286eabf114d44bc8a0098dd8b264d - - default default] Method 'is_advsvc' is deprecated since 2023.2 release (neutron-lib 3.8.0) and will be removed once support for the old RBAC API policies will be removed from Neutron. Please use method 'is_service_role' instead.
2026-05-29 03:24:56.997 9 INFO neutron.db.securitygroups_db [None req-96137dd8-aa65-4522-b14c-809a287225c1 271c97249b8e4d0cb053720be501901a 8ef286eabf114d44bc8a0098dd8b264d - - default default] Project 8ef286eabf114d44bc8a0098dd8b264d added a security group rule with legacy IPv6 ICMP protocol name icmp, ipv6-icmp should be used instead. It was automatically converted.
2026-05-29 03:24:57.020 10 INFO neutron.db.ovn_revision_numbers_db [None req-211c2a28-7e3b-4477-a2dc-ac1d5e788666 2df3078ee4864d13abf523c1ec19192b 71cdcd906cf342bcb6eecd6de12e8db3 - - default default] Successfully bumped revision number for resource 6da847a4-9e1a-4e79-b495-6ead17a1f278 (type: ports) to 1
2026-05-29 03:24:57.041 10 INFO neutron.api.wsgi [None req-211c2a28-7e3b-4477-a2dc-ac1d5e788666 2df3078ee4864d13abf523c1ec19192b 71cdcd906cf342bcb6eecd6de12e8db3 - - default default] 10.0.0.119 "POST /v2.0/networks HTTP/1.1" status: 201 len: 837 time: 0.7052319
2026-05-29 03:24:57.051 9 WARNING neutron_lib.context [None req-bf7d2c05-c5a3-4dc4-89fe-600d59ed0013 2df3078ee4864d13abf523c1ec19192b 71cdcd906cf342bcb6eecd6de12e8db3 - - default default] Method 'is_advsvc' is deprecated since 2023.2 release (neutron-lib 3.8.0) and will be removed once support for the old RBAC API policies will be removed from Neutron. Please use method 'is_service_role' instead.
2026-05-29 03:24:57.120 9 INFO neutron.db.ovn_revision_numbers_db [None req-96137dd8-aa65-4522-b14c-809a287225c1 271c97249b8e4d0cb053720be501901a 8ef286eabf114d44bc8a0098dd8b264d - - default default] Successfully bumped revision number for resource 3323c7b8-b5a0-40e9-af56-0f198994036e (type: security_group_rules) to 0
2026-05-29 03:24:57.161 9 INFO neutron.api.wsgi [None req-96137dd8-aa65-4522-b14c-809a287225c1 271c97249b8e4d0cb053720be501901a 8ef286eabf114d44bc8a0098dd8b264d - - default default] 10.0.0.119 "POST /v2.0/security-group-rules HTTP/1.1" status: 201 len: 805 time: 0.2137918
2026-05-29 03:24:57.177 9 INFO neutron.api.wsgi [None req-c459cd15-c0d3-4555-8b12-e07067113bba 42e39a98c6ac4cb8ab829359fa64efda 24d95f8380ca4853bf98f72eedc16a90 - - default default] 10.0.0.119 "DELETE /v2.0/ports/62d77430-d46b-4b37-acc7-2e716e0d295f HTTP/1.1" status: 204 len: 168 time: 0.6426616
2026-05-29 03:24:57.291 9 WARNING neutron.scheduler.dhcp_agent_scheduler [None req-bf7d2c05-c5a3-4dc4-89fe-600d59ed0013 2df3078ee4864d13abf523c1ec19192b 71cdcd906cf342bcb6eecd6de12e8db3 - - default default] No more DHCP agents
2026-05-29 03:24:57.295 9 WARNING neutron.api.rpc.agentnotifiers.dhcp_rpc_agent_api [None req-bf7d2c05-c5a3-4dc4-89fe-600d59ed0013 2df3078ee4864d13abf523c1ec19192b 71cdcd906cf342bcb6eecd6de12e8db3 - - default default] Unable to schedule network 1291c168-5d69-4016-900f-71b9bd731bfa: no agents available; will retry on subsequent port and subnet creation events.
2026-05-29 03:24:57.449 9 INFO neutron.api.wsgi [None req-fd76a857-ea9b-49bb-b3bd-69c1b5f3530d 42e39a98c6ac4cb8ab829359fa64efda 24d95f8380ca4853bf98f72eedc16a90 - - default default] 10.0.0.119 "DELETE /v2.0/ports/811dafc0-fe7e-4754-b043-18dd43a907ed HTTP/1.1" status: 204 len: 168 time: 0.2658563 /var/lib/openstack/lib/python3.12/site-packages/pycadf/identifier.py:71: UserWarning: Invalid uuid: neutron. To ensure interoperability, identifiers should be a valid uuid. warnings.warn(('Invalid uuid: %s. To ensure interoperability, '
2026-05-29 03:24:57.569 10 INFO neutron.api.wsgi [None req-e76101ce-5a3c-4a0a-ae0d-095341434326 42e39a98c6ac4cb8ab829359fa64efda 24d95f8380ca4853bf98f72eedc16a90 - - default default] 10.0.0.119 "GET /v2.0/ports HTTP/1.1" status: 200 len: 1718 time: 0.1128476
2026-05-29 03:24:57.582 10 WARNING neutron_lib.context [None req-76bb72f6-60be-4e16-8280-544166cd06c3 42e39a98c6ac4cb8ab829359fa64efda 24d95f8380ca4853bf98f72eedc16a90 - - default default] Method 'is_advsvc' is deprecated since 2023.2 release (neutron-lib 3.8.0) and will be removed once support for the old RBAC API policies will be removed from Neutron. Please use method 'is_service_role' instead.
2026-05-29 03:24:57.622 10 INFO neutron.api.wsgi [None req-df8a8609-aab2-45e6-90c6-c90dee260a81 a3bf70f8fcd84d9c9cfbf59d83c623e5 bf9847689f524769bac5acc9645893c5 - - default default] 10.0.0.119 "DELETE /v2.0/vpn/vpnservices/cff4c7ab-b8da-45fb-a024-07e8a6359878 HTTP/1.1" status: 204 len: 168 time: 2.9714241
2026-05-29 03:24:57.636 10 WARNING neutron_lib.context [None req-a9ff6d4a-47bb-452c-918e-e58a78328c6e 2da55bc6ab524a769d391a82c7c6464b 1f3a548309754744b49aded604371595 - - default default] Method 'is_advsvc' is deprecated since 2023.2 release (neutron-lib 3.8.0) and will be removed once support for the old RBAC API policies will be removed from Neutron. Please use method 'is_service_role' instead.
2026-05-29 03:24:57.637 9 INFO neutron.api.wsgi [None req-6dc2edd2-1397-4cf7-b962-194797d13e36 271c97249b8e4d0cb053720be501901a 8ef286eabf114d44bc8a0098dd8b264d - - default default] 10.0.0.119 "GET /v2.0/networks HTTP/1.1" status: 200 len: 1492 time: 0.1024997
2026-05-29 03:24:57.673 10 INFO neutron.db.segments_db [None req-76bb72f6-60be-4e16-8280-544166cd06c3 42e39a98c6ac4cb8ab829359fa64efda 24d95f8380ca4853bf98f72eedc16a90 - - default default] Added segment 74f68d3b-07af-469d-a33a-86fb208cfd6d of type geneve for network 55ab74b1-6362-4504-85df-bcc50f577aba
2026-05-29 03:24:57.693 10 INFO neutron.api.wsgi [None req-a9ff6d4a-47bb-452c-918e-e58a78328c6e 2da55bc6ab524a769d391a82c7c6464b 1f3a548309754744b49aded604371595 - - default default] 10.0.0.119 "POST /v2.0/vpn/endpoint-groups HTTP/1.1" status: 201 len: 501 time: 0.0624688
2026-05-29 03:24:57.704 9 WARNING neutron_lib.context [None req-d91cffff-cd95-4961-b390-6b349bb47f5b 2da55bc6ab524a769d391a82c7c6464b 1f3a548309754744b49aded604371595 - - default default] Method 'is_advsvc' is deprecated since 2023.2 release (neutron-lib 3.8.0) and will be removed once support for the old RBAC API policies will be removed from Neutron. Please use method 'is_service_role' instead.
2026-05-29 03:24:57.744 9 INFO neutron.api.wsgi [None req-d91cffff-cd95-4961-b390-6b349bb47f5b 2da55bc6ab524a769d391a82c7c6464b 1f3a548309754744b49aded604371595 - - default default] 10.0.0.119 "POST /v2.0/vpn/endpoint-groups HTTP/1.1" status: 201 len: 493 time: 0.0451014
2026-05-29 03:24:57.755 9 WARNING neutron.api.v2.base [None req-6d6d5d8a-be6c-4d7a-aa67-9e1049d40abf 2da55bc6ab524a769d391a82c7c6464b 1f3a548309754744b49aded604371595 - - default default] An exception happened while processing the request body. The exception message is [Unrecognized attribute(s) 'peer_cidr'].: webob.exc.HTTPBadRequest: Unrecognized attribute(s) 'peer_cidr'
2026-05-29 03:24:57.757 9 INFO neutron.api.v2.resource [None req-6d6d5d8a-be6c-4d7a-aa67-9e1049d40abf 2da55bc6ab524a769d391a82c7c6464b 1f3a548309754744b49aded604371595 - - default default] create failed (client error): Unrecognized attribute(s) 'peer_cidr'
2026-05-29 03:24:57.758 9 INFO neutron.api.wsgi [None req-6d6d5d8a-be6c-4d7a-aa67-9e1049d40abf 2da55bc6ab524a769d391a82c7c6464b 1f3a548309754744b49aded604371595 - - default default] 10.0.0.119 "POST /v2.0/vpn/ipsec-site-connections HTTP/1.1" status: 400 len: 313 time: 0.0067434
2026-05-29 03:24:57.758 9 INFO neutron.db.ovn_revision_numbers_db [None req-a8faf04f-9dd8-4c7a-8e39-8f950620a72f - - - - - -] Successfully bumped revision number for resource 6da847a4-9e1a-4e79-b495-6ead17a1f278 (type: ports) to 2
2026-05-29 03:24:57.767 10 INFO neutron.api.wsgi [req-d07019ac-4086-4998-a1fb-9fbe842ad5e8 req-a5398664-cd02-4ce2-829a-39618d0bd33e 271c97249b8e4d0cb053720be501901a 8ef286eabf114d44bc8a0098dd8b264d - - default default] 10.0.0.246 "GET /v2.0/security-groups?name=tempest-secgroup-smoke-431678269&fields=id&tenant_id=8ef286eabf114d44bc8a0098dd8b264d HTTP/1.1" status: 200 len: 267 time: 0.0513442
2026-05-29 03:24:57.773 9 INFO neutron.api.wsgi [None req-c3b91169-b4ea-419b-abc2-c93da5f7d971 2da55bc6ab524a769d391a82c7c6464b 1f3a548309754744b49aded604371595 - - default default] 10.0.0.119 "GET /v2.0/vpn/endpoint-groups HTTP/1.1" status: 200 len: 1387 time: 0.0114634
2026-05-29 03:24:57.796 9 INFO neutron.db.ovn_revision_numbers_db [None req-a8faf04f-9dd8-4c7a-8e39-8f950620a72f - - - - - -] Successfully bumped revision number for resource 89b4d27c-b987-49cc-b28c-75a3c9ecd4b0 (type: subnets) to 0
2026-05-29 03:24:57.801 9 INFO neutron.api.wsgi [None req-a3aef3cc-f6a0-4dff-aed8-fc71ac63dbee 2da55bc6ab524a769d391a82c7c6464b 1f3a548309754744b49aded604371595 - - default default] 10.0.0.119 "DELETE /v2.0/vpn/endpoint-groups/8be26cd1-bbb9-4380-a719-8b4bb16abd85 HTTP/1.1" status: 204 len: 168 time: 0.0223594
2026-05-29 03:24:57.815 9 INFO neutron.api.wsgi [None req-bf7d2c05-c5a3-4dc4-89fe-600d59ed0013 2df3078ee4864d13abf523c1ec19192b 71cdcd906cf342bcb6eecd6de12e8db3 - - default default] 10.0.0.119 "POST /v2.0/subnets HTTP/1.1" status: 201 len: 854 time: 0.7690580
2026-05-29 03:24:57.819 9 INFO neutron.api.wsgi [None req-f1d8fdb3-5569-4e14-b1b8-bf77b3db2985 2da55bc6ab524a769d391a82c7c6464b 1f3a548309754744b49aded604371595 - - default default] 10.0.0.119 "GET /v2.0/vpn/endpoint-groups HTTP/1.1" status: 200 len: 1110 time: 0.0115764
2026-05-29 03:24:57.820 10 INFO neutron.api.wsgi [req-d07019ac-4086-4998-a1fb-9fbe842ad5e8 req-baf55800-0ce5-4584-8980-37e89aa75834 271c97249b8e4d0cb053720be501901a 8ef286eabf114d44bc8a0098dd8b264d - - default default] 10.0.0.246 "GET /v2.0/networks?id=96a06038-7b7f-4244-8e3c-53ef7505631b HTTP/1.1" status: 200 len: 859 time: 0.0475419
