2026-05-29 03:23:35.361 9 INFO neutron.api.wsgi [req-8a206a7c-28ab-4ab5-9107-0aca10873ac5 req-f751061c-dcd7-4708-b135-7f00480abe69 cfd06e397f6f41e6ba3396505ce03daa 5551deca0bc643bdaa9d1fa00c6422b1 - - 0183fc77d5d24c26bd727dbfe351f1ba 0183fc77d5d24c26bd727dbfe351f1ba] 199.204.45.72 "GET /v2.0/networks?shared=True HTTP/1.1" status: 200 len: 952 time: 0.0472970
2026-05-29 03:23:35.433 10 INFO neutron.services.segments.plugin [-] Segment 329d20bf-76ee-4e30-bfd5-6f8b5fbb2aaf resource provider aggregate not found
2026-05-29 03:23:35.438 10 INFO neutron.services.segments.plugin [-] Segment 329d20bf-76ee-4e30-bfd5-6f8b5fbb2aaf resource provider aggregate not found
2026-05-29 03:23:35.444 10 INFO neutron.services.segments.plugin [-] Segment 329d20bf-76ee-4e30-bfd5-6f8b5fbb2aaf resource provider not found; error: Placement Client Error (4xx): {"errors": [{"status": 404, "title": "Not Found", "detail": "The resource could not be found.\n\n No resource provider with uuid 329d20bf-76ee-4e30-bfd5-6f8b5fbb2aaf found for delete ", "request_id": "req-964c66a6-c91c-436a-a55d-3dfdcb4da0e4"}]}
2026-05-29 03:23:35.453 10 INFO neutron.services.segments.plugin [-] Segment 329d20bf-76ee-4e30-bfd5-6f8b5fbb2aaf resource provider not found; error: Placement Client Error (4xx): {"errors": [{"status": 404, "title": "Not Found", "detail": "The resource could not be found.\n\n No resource provider with uuid 329d20bf-76ee-4e30-bfd5-6f8b5fbb2aaf found for delete ", "request_id": "req-c862e2f5-1f78-4976-99a9-176cf2775593"}]}
2026-05-29 03:23:35.473 10 INFO neutron.api.wsgi [None req-1f18fdca-d130-45c9-8b44-cafcd862f1d5 637cf7e2e24746bdb692eb706044b56b 44d9f2314b2f4a0a9ad064af9f303fbc - - default default] 10.0.0.119 "DELETE /v2.0/networks/04a109e2-e73b-480e-ab4c-5c91f5c7f9fa HTTP/1.1" status: 204 len: 168 time: 0.3059208
2026-05-29 03:23:35.484 10 WARNING neutron_lib.context [None req-eddbe45d-0e7e-4499-9c1a-2a42a0654320 637cf7e2e24746bdb692eb706044b56b 44d9f2314b2f4a0a9ad064af9f303fbc - - default default] Method 'is_advsvc' is deprecated since 2023.2 release (neutron-lib 3.8.0) and will be removed once support for the old RBAC API policies will be removed from Neutron. Please use method 'is_service_role' instead.
2026-05-29 03:23:35.566 10 INFO neutron.api.wsgi [req-a175ce01-8d7a-44d2-9623-dde5e0741792 req-f2d51e6c-470b-4350-b948-9756383a60de dbcaff5c78634c0982ffa7de74df9cea da6d2bb6979240eb8fd7b0afb97bbc86 - - default default] 10.0.0.246 "GET /v2.0/ports?device_id=252a3207-a840-4cf3-b5fd-d89d563cad18 HTTP/1.1" status: 200 len: 1172 time: 0.0399776
2026-05-29 03:23:35.640 10 INFO neutron.api.wsgi [req-a175ce01-8d7a-44d2-9623-dde5e0741792 req-20ee17b0-7462-4d88-a570-39698da3ac2a dbcaff5c78634c0982ffa7de74df9cea da6d2bb6979240eb8fd7b0afb97bbc86 - - default default] 10.0.0.246 "GET /v2.0/security-groups?id=a55b1bc4-b185-487f-aa48-9eae15a7da7c&fields=id&fields=name HTTP/1.1" status: 200 len: 312 time: 0.0618429
2026-05-29 03:23:36.158 10 WARNING neutron.scheduler.dhcp_agent_scheduler [None req-eddbe45d-0e7e-4499-9c1a-2a42a0654320 637cf7e2e24746bdb692eb706044b56b 44d9f2314b2f4a0a9ad064af9f303fbc - - default default] No more DHCP agents
2026-05-29 03:23:36.159 10 WARNING neutron.api.rpc.agentnotifiers.dhcp_rpc_agent_api [None req-eddbe45d-0e7e-4499-9c1a-2a42a0654320 637cf7e2e24746bdb692eb706044b56b 44d9f2314b2f4a0a9ad064af9f303fbc - - default default] Unable to schedule network d7eb82ce-76d8-4868-a005-bb4c2517cb9a: no agents available; will retry on subsequent port and subnet creation events.
2026-05-29 03:23:36.274 10 INFO neutron.db.ovn_revision_numbers_db [None req-eddbe45d-0e7e-4499-9c1a-2a42a0654320 637cf7e2e24746bdb692eb706044b56b 44d9f2314b2f4a0a9ad064af9f303fbc - - default default] Successfully bumped revision number for resource 09f7259e-a010-4969-86a8-ae102988ea06 (type: ports) to 1
2026-05-29 03:23:36.429 9 INFO neutron.api.wsgi [req-08061389-7714-43e0-b4f1-8c5e2ae7d4a9 req-34a3afde-0a45-4227-b6dc-ff8a6689e945 cfd06e397f6f41e6ba3396505ce03daa 5551deca0bc643bdaa9d1fa00c6422b1 - - 0183fc77d5d24c26bd727dbfe351f1ba 0183fc77d5d24c26bd727dbfe351f1ba] 199.204.45.72 "GET /v2.0/ports?tenant_id=da6d2bb6979240eb8fd7b0afb97bbc86&device_id=252a3207-a840-4cf3-b5fd-d89d563cad18 HTTP/1.1" status: 200 len: 1411 time: 0.0354676
2026-05-29 03:23:36.455 9 INFO neutron.api.wsgi [req-08061389-7714-43e0-b4f1-8c5e2ae7d4a9 req-84460774-de4c-4399-b81d-c82d0370702d cfd06e397f6f41e6ba3396505ce03daa 5551deca0bc643bdaa9d1fa00c6422b1 - - 0183fc77d5d24c26bd727dbfe351f1ba 0183fc77d5d24c26bd727dbfe351f1ba] 199.204.45.72 "GET /v2.0/floatingips?fixed_ip_address=10.100.0.14&port_id=b3670bd8-7499-4874-9cb7-82e658f2e27f HTTP/1.1" status: 200 len: 217 time: 0.0210309
2026-05-29 03:23:36.485 9 INFO neutron.api.wsgi [req-08061389-7714-43e0-b4f1-8c5e2ae7d4a9 req-c9fd6bda-21e6-414b-93f8-443e2f2e3fee cfd06e397f6f41e6ba3396505ce03daa 5551deca0bc643bdaa9d1fa00c6422b1 - - 0183fc77d5d24c26bd727dbfe351f1ba 0183fc77d5d24c26bd727dbfe351f1ba] 199.204.45.72 "GET /v2.0/subnets?id=47ef17d7-382b-4ab1-83b4-a5c4c2594a68 HTTP/1.1" status: 200 len: 893 time: 0.0250070
2026-05-29 03:23:36.524 9 INFO neutron.api.wsgi [req-08061389-7714-43e0-b4f1-8c5e2ae7d4a9 req-5ba83335-6cfb-4991-ae08-7ab580ffaa38 cfd06e397f6f41e6ba3396505ce03daa 5551deca0bc643bdaa9d1fa00c6422b1 - - 0183fc77d5d24c26bd727dbfe351f1ba 0183fc77d5d24c26bd727dbfe351f1ba] 199.204.45.72 "GET /v2.0/ports?network_id=fdb49fea-74cf-4a8d-8b9d-23e0013e7735&device_owner=network%3Adhcp HTTP/1.1" status: 200 len: 210 time: 0.0332024
2026-05-29 03:23:36.577 9 INFO neutron.api.wsgi [req-08061389-7714-43e0-b4f1-8c5e2ae7d4a9 req-1f2f8461-9243-4564-b405-1128481ce256 cfd06e397f6f41e6ba3396505ce03daa 5551deca0bc643bdaa9d1fa00c6422b1 - - 0183fc77d5d24c26bd727dbfe351f1ba 0183fc77d5d24c26bd727dbfe351f1ba] 199.204.45.72 "GET /v2.0/networks/fdb49fea-74cf-4a8d-8b9d-23e0013e7735?fields=segments HTTP/1.1" status: 200 len: 212 time: 0.0477419
2026-05-29 03:23:36.625 9 INFO neutron.api.wsgi [req-08061389-7714-43e0-b4f1-8c5e2ae7d4a9 req-37a9039d-da85-4f44-87d0-e8f274d64830 cfd06e397f6f41e6ba3396505ce03daa 5551deca0bc643bdaa9d1fa00c6422b1 - - 0183fc77d5d24c26bd727dbfe351f1ba 0183fc77d5d24c26bd727dbfe351f1ba] 199.204.45.72 "GET /v2.0/networks/fdb49fea-74cf-4a8d-8b9d-23e0013e7735?fields=provider%3Aphysical_network&fields=provider%3Anetwork_type HTTP/1.1" status: 200 len: 277 time: 0.0398660
2026-05-29 03:23:36.785 9 INFO neutron.api.wsgi [req-124439bd-892c-4160-9f8d-2e6ab6c5cbcb req-b943ba33-090c-4cfb-a06a-3a05e54e106e dbcaff5c78634c0982ffa7de74df9cea da6d2bb6979240eb8fd7b0afb97bbc86 - - default default] 10.0.0.246 "GET /v2.0/ports?device_id=252a3207-a840-4cf3-b5fd-d89d563cad18 HTTP/1.1" status: 200 len: 1172 time: 0.0786669
2026-05-29 03:23:36.812 9 WARNING neutron_lib.context [None req-44786f04-71b1-4e40-8e77-d67ac6a32eff 975a383508d44c26bad8b874fec9cc0e a29d845eb696495abc813de3b6de732a - - default default] Method 'is_advsvc' is deprecated since 2023.2 release (neutron-lib 3.8.0) and will be removed once support for the old RBAC API policies will be removed from Neutron. Please use method 'is_service_role' instead.
2026-05-29 03:23:36.838 9 INFO neutron.api.wsgi [req-124439bd-892c-4160-9f8d-2e6ab6c5cbcb req-60603307-0c0c-4b41-8d55-8ea8a6feb90f dbcaff5c78634c0982ffa7de74df9cea da6d2bb6979240eb8fd7b0afb97bbc86 - - default default] 10.0.0.246 "GET /v2.0/security-groups?id=a55b1bc4-b185-487f-aa48-9eae15a7da7c&fields=id&fields=name HTTP/1.1" status: 200 len: 312 time: 0.0472257
2026-05-29 03:23:36.878 10 INFO neutron.plugins.ml2.drivers.ovn.mech_driver.ovsdb.commands [None req-27c6d2c4-0021-4d38-b348-1f2eef709bb6 - - - - - -] Schedule LRP lrp-09f7259e-a010-4969-86a8-ae102988ea06 on gateway 4ac36ee7-285c-40d1-9040-302a60b33973 with priority 1
2026-05-29 03:23:36.923 10 INFO neutron.db.ovn_revision_numbers_db [None req-eddbe45d-0e7e-4499-9c1a-2a42a0654320 637cf7e2e24746bdb692eb706044b56b 44d9f2314b2f4a0a9ad064af9f303fbc - - default default] Successfully bumped revision number for resource 09f7259e-a010-4969-86a8-ae102988ea06 (type: router_ports) to 1
2026-05-29 03:23:36.949 9 INFO neutron.db.ovn_revision_numbers_db [None req-44786f04-71b1-4e40-8e77-d67ac6a32eff 975a383508d44c26bad8b874fec9cc0e a29d845eb696495abc813de3b6de732a - - default default] Successfully bumped revision number for resource 2277a354-f8c6-4330-bb2b-e4cc920c049e (type: security_groups) to 1
2026-05-29 03:23:36.962 9 INFO neutron.db.ovn_revision_numbers_db [None req-44786f04-71b1-4e40-8e77-d67ac6a32eff 975a383508d44c26bad8b874fec9cc0e a29d845eb696495abc813de3b6de732a - - default default] Successfully bumped revision number for resource 69fe57ab-d8e1-418f-b168-9e8e3411cbdf (type: security_group_rules) to 0
2026-05-29 03:23:36.977 9 INFO neutron.db.ovn_revision_numbers_db [None req-44786f04-71b1-4e40-8e77-d67ac6a32eff 975a383508d44c26bad8b874fec9cc0e a29d845eb696495abc813de3b6de732a - - default default] Successfully bumped revision number for resource 833dd98e-feb1-43c8-b7b3-9f282ba974ca (type: security_group_rules) to 0
2026-05-29 03:23:36.988 10 INFO neutron.db.ovn_revision_numbers_db [None req-eddbe45d-0e7e-4499-9c1a-2a42a0654320 637cf7e2e24746bdb692eb706044b56b 44d9f2314b2f4a0a9ad064af9f303fbc - - default default] Successfully bumped revision number for resource d0b25a44-5c9f-4bd4-b7ab-895c65e75e27 (type: routers) to 2
2026-05-29 03:23:37.000 9 INFO neutron.db.ovn_revision_numbers_db [None req-44786f04-71b1-4e40-8e77-d67ac6a32eff 975a383508d44c26bad8b874fec9cc0e a29d845eb696495abc813de3b6de732a - - default default] Successfully bumped revision number for resource 87dad035-fd85-4c76-a701-4406b0b82f1b (type: security_group_rules) to 0
2026-05-29 03:23:37.005 10 INFO neutron.api.wsgi [None req-eddbe45d-0e7e-4499-9c1a-2a42a0654320 637cf7e2e24746bdb692eb706044b56b 44d9f2314b2f4a0a9ad064af9f303fbc - - default default] 10.0.0.119 "POST /v2.0/routers HTTP/1.1" status: 201 len: 1151 time: 1.5255201
2026-05-29 03:23:37.025 9 INFO neutron.db.ovn_revision_numbers_db [None req-44786f04-71b1-4e40-8e77-d67ac6a32eff 975a383508d44c26bad8b874fec9cc0e a29d845eb696495abc813de3b6de732a - - default default] Successfully bumped revision number for resource cbcf2fca-2b10-4a1e-81f9-b43d9629c6a9 (type: security_group_rules) to 0
2026-05-29 03:23:37.074 10 INFO neutron.api.wsgi [None req-f769070a-8d1e-4d0c-87ec-7e3fd7e02b0a 637cf7e2e24746bdb692eb706044b56b 44d9f2314b2f4a0a9ad064af9f303fbc - - default default] 10.0.0.119 "GET /v2.0/routers/d0b25a44-5c9f-4bd4-b7ab-895c65e75e27 HTTP/1.1" status: 200 len: 1152 time: 0.0600595
2026-05-29 03:23:37.097 9 INFO neutron.db.segments_db [None req-44786f04-71b1-4e40-8e77-d67ac6a32eff 975a383508d44c26bad8b874fec9cc0e a29d845eb696495abc813de3b6de732a - - default default] Added segment c8bf86c6-46a5-44dc-91f2-df66f0f7c3c8 of type geneve for network f4c50b08-0ff3-4063-a6c3-9955ec5e3dea
2026-05-29 03:23:37.160 10 INFO neutron.api.wsgi [None req-5038f9b0-4dba-4b44-acab-469e85c64301 637cf7e2e24746bdb692eb706044b56b 44d9f2314b2f4a0a9ad064af9f303fbc - - default default] 10.0.0.119 "GET /v2.0/routers HTTP/1.1" status: 200 len: 1155 time: 0.0825772
2026-05-29 03:23:37.286 9 INFO neutron.api.wsgi [req-b8f0b3a9-f5db-4f9f-84f3-e709850415fa req-c254e1a4-9869-4b9d-81b2-234bb46185ca cfd06e397f6f41e6ba3396505ce03daa 5551deca0bc643bdaa9d1fa00c6422b1 - - 0183fc77d5d24c26bd727dbfe351f1ba 0183fc77d5d24c26bd727dbfe351f1ba] 10.0.0.20 "GET /v2.0/ports?device_id=39e91897-1f12-4709-85b9-5ddde745bdc5 HTTP/1.1" status: 200 len: 1409 time: 0.1412787
2026-05-29 03:23:37.304 9 INFO neutron.db.ovn_revision_numbers_db [None req-44786f04-71b1-4e40-8e77-d67ac6a32eff 975a383508d44c26bad8b874fec9cc0e a29d845eb696495abc813de3b6de732a - - default default] Successfully bumped revision number for resource f4c50b08-0ff3-4063-a6c3-9955ec5e3dea (type: networks) to 1
2026-05-29 03:23:37.358 9 INFO neutron.api.wsgi [req-b8f0b3a9-f5db-4f9f-84f3-e709850415fa req-8bb2f7e7-7ae4-4076-b798-9d954c9dc33c cfd06e397f6f41e6ba3396505ce03daa 5551deca0bc643bdaa9d1fa00c6422b1 - - 0183fc77d5d24c26bd727dbfe351f1ba 0183fc77d5d24c26bd727dbfe351f1ba] 10.0.0.20 "GET /v2.0/security-groups?id=0cb1b9f5-cb58-460f-b414-5b4340a65793&fields=id&fields=name HTTP/1.1" status: 200 len: 313 time: 0.0661716
2026-05-29 03:23:37.515 9 WARNING neutron.scheduler.dhcp_agent_scheduler [None req-44786f04-71b1-4e40-8e77-d67ac6a32eff 975a383508d44c26bad8b874fec9cc0e a29d845eb696495abc813de3b6de732a - - default default] No more DHCP agents
2026-05-29 03:23:37.517 9 WARNING neutron.api.rpc.agentnotifiers.dhcp_rpc_agent_api [None req-44786f04-71b1-4e40-8e77-d67ac6a32eff 975a383508d44c26bad8b874fec9cc0e a29d845eb696495abc813de3b6de732a - - default default] Unable to schedule network f4c50b08-0ff3-4063-a6c3-9955ec5e3dea: no agents available; will retry on subsequent port and subnet creation events.
2026-05-29 03:23:37.594 9 INFO neutron.db.ovn_revision_numbers_db [None req-44786f04-71b1-4e40-8e77-d67ac6a32eff 975a383508d44c26bad8b874fec9cc0e a29d845eb696495abc813de3b6de732a - - default default] Successfully bumped revision number for resource efbff7dd-6140-4c93-ba9e-95ceb614386b (type: ports) to 1
2026-05-29 03:23:37.625 9 INFO neutron.api.wsgi [None req-44786f04-71b1-4e40-8e77-d67ac6a32eff 975a383508d44c26bad8b874fec9cc0e a29d845eb696495abc813de3b6de732a - - default default] 10.0.0.119 "POST /v2.0/networks HTTP/1.1" status: 201 len: 830 time: 0.9059281
2026-05-29 03:23:37.638 10 WARNING neutron_lib.context [None req-c055c7e3-a9f4-4f31-8f99-04e5357eee1c 975a383508d44c26bad8b874fec9cc0e a29d845eb696495abc813de3b6de732a - - default default] Method 'is_advsvc' is deprecated since 2023.2 release (neutron-lib 3.8.0) and will be removed once support for the old RBAC API policies will be removed from Neutron. Please use method 'is_service_role' instead.
2026-05-29 03:23:37.664 9 INFO neutron.db.ovn_revision_numbers_db [None req-15d1b036-93e8-4461-a52d-2ed856c5ef07 637cf7e2e24746bdb692eb706044b56b 44d9f2314b2f4a0a9ad064af9f303fbc - - default default] Successfully bumped revision number for resource d0b25a44-5c9f-4bd4-b7ab-895c65e75e27 (type: routers) to 3
2026-05-29 03:23:37.671 9 INFO neutron.api.wsgi [None req-15d1b036-93e8-4461-a52d-2ed856c5ef07 637cf7e2e24746bdb692eb706044b56b 44d9f2314b2f4a0a9ad064af9f303fbc - - default default] 10.0.0.119 "PUT /v2.0/routers/d0b25a44-5c9f-4bd4-b7ab-895c65e75e27 HTTP/1.1" status: 200 len: 1159 time: 0.5051360
2026-05-29 03:23:37.768 10 INFO neutron.api.wsgi [None req-401444a5-02f1-499d-ba0c-d05c51799fb9 637cf7e2e24746bdb692eb706044b56b 44d9f2314b2f4a0a9ad064af9f303fbc - - default default] 10.0.0.119 "GET /v2.0/routers/d0b25a44-5c9f-4bd4-b7ab-895c65e75e27 HTTP/1.1" status: 200 len: 1159 time: 0.0905142
2026-05-29 03:23:37.795 9 INFO neutron.api.wsgi [None req-f89b50a6-85e3-425d-8aea-a648eb3f9b10 637cf7e2e24746bdb692eb706044b56b 44d9f2314b2f4a0a9ad064af9f303fbc - - default default] 10.0.0.119 "GET /v2.0/ports?device_id=d0b25a44-5c9f-4bd4-b7ab-895c65e75e27 HTTP/1.1" status: 200 len: 205 time: 0.0211451
2026-05-29 03:23:37.876 10 WARNING neutron.scheduler.dhcp_agent_scheduler [None req-c055c7e3-a9f4-4f31-8f99-04e5357eee1c 975a383508d44c26bad8b874fec9cc0e a29d845eb696495abc813de3b6de732a - - default default] No more DHCP agents
2026-05-29 03:23:37.877 10 WARNING neutron.api.rpc.agentnotifiers.dhcp_rpc_agent_api [None req-c055c7e3-a9f4-4f31-8f99-04e5357eee1c 975a383508d44c26bad8b874fec9cc0e a29d845eb696495abc813de3b6de732a - - default default] Unable to schedule network f4c50b08-0ff3-4063-a6c3-9955ec5e3dea: no agents available; will retry on subsequent port and subnet creation events. /var/lib/openstack/lib/python3.12/site-packages/pycadf/identifier.py:71: UserWarning: Invalid uuid: neutron. To ensure interoperability, identifiers should be a valid uuid. warnings.warn(('Invalid uuid: %s. To ensure interoperability, '
2026-05-29 03:23:37.918 10 INFO neutron.api.wsgi [req-5c7e327f-6794-406f-8b87-b6bbe165be9d req-2057e5e3-2f9b-46ad-a97b-1b5347d57078 dbcaff5c78634c0982ffa7de74df9cea da6d2bb6979240eb8fd7b0afb97bbc86 - - default default] 10.0.0.246 "GET /v2.0/ports?device_id=252a3207-a840-4cf3-b5fd-d89d563cad18 HTTP/1.1" status: 200 len: 1172 time: 0.0334451
2026-05-29 03:23:37.954 10 INFO neutron.db.ovn_revision_numbers_db [None req-c055c7e3-a9f4-4f31-8f99-04e5357eee1c 975a383508d44c26bad8b874fec9cc0e a29d845eb696495abc813de3b6de732a - - default default] Successfully bumped revision number for resource 5700a14c-3a72-4b63-a0ec-1f2498b98d13 (type: ports) to 1
2026-05-29 03:23:37.959 10 INFO neutron.api.wsgi [req-5c7e327f-6794-406f-8b87-b6bbe165be9d req-8bc17654-5876-450f-b67e-121fd9aee1a3 dbcaff5c78634c0982ffa7de74df9cea da6d2bb6979240eb8fd7b0afb97bbc86 - - default default] 10.0.0.246 "GET /v2.0/security-groups?id=a55b1bc4-b185-487f-aa48-9eae15a7da7c&fields=id&fields=name HTTP/1.1" status: 200 len: 312 time: 0.0357511
2026-05-29 03:23:37.978 10 INFO neutron.api.wsgi [None req-c055c7e3-a9f4-4f31-8f99-04e5357eee1c 975a383508d44c26bad8b874fec9cc0e a29d845eb696495abc813de3b6de732a - - default default] 10.0.0.119 "POST /v2.0/ports HTTP/1.1" status: 201 len: 942 time: 0.3467867
2026-05-29 03:23:37.985 10 WARNING neutron_lib.context [None req-21c44231-ad0f-48d5-bbaa-886ef07181f9 975a383508d44c26bad8b874fec9cc0e a29d845eb696495abc813de3b6de732a - - default default] Method 'is_advsvc' is deprecated since 2023.2 release (neutron-lib 3.8.0) and will be removed once support for the old RBAC API policies will be removed from Neutron. Please use method 'is_service_role' instead.
2026-05-29 03:23:38.077 10 INFO neutron.db.segments_db [None req-21c44231-ad0f-48d5-bbaa-886ef07181f9 975a383508d44c26bad8b874fec9cc0e a29d845eb696495abc813de3b6de732a - - default default] Added segment 04a9f0c6-2412-4e23-ba15-ab95475da683 of type geneve for network 8bd3e20e-8f54-4c09-964f-fdf360a5ce4c
2026-05-29 03:23:38.193 10 INFO neutron.db.ovn_revision_numbers_db [None req-21c44231-ad0f-48d5-bbaa-886ef07181f9 975a383508d44c26bad8b874fec9cc0e a29d845eb696495abc813de3b6de732a - - default default] Successfully bumped revision number for resource 8bd3e20e-8f54-4c09-964f-fdf360a5ce4c (type: networks) to 1
2026-05-29 03:23:38.346 10 WARNING neutron.scheduler.dhcp_agent_scheduler [None req-21c44231-ad0f-48d5-bbaa-886ef07181f9 975a383508d44c26bad8b874fec9cc0e a29d845eb696495abc813de3b6de732a - - default default] No more DHCP agents
2026-05-29 03:23:38.347 10 WARNING neutron.api.rpc.agentnotifiers.dhcp_rpc_agent_api [None req-21c44231-ad0f-48d5-bbaa-886ef07181f9 975a383508d44c26bad8b874fec9cc0e a29d845eb696495abc813de3b6de732a - - default default] Unable to schedule network 8bd3e20e-8f54-4c09-964f-fdf360a5ce4c: no agents available; will retry on subsequent port and subnet creation events.
2026-05-29 03:23:38.410 10 INFO neutron.db.ovn_revision_numbers_db [None req-21c44231-ad0f-48d5-bbaa-886ef07181f9 975a383508d44c26bad8b874fec9cc0e a29d845eb696495abc813de3b6de732a - - default default] Successfully bumped revision number for resource 88b3e05e-81bd-4dcc-b73a-455f23ae236e (type: ports) to 1
2026-05-29 03:23:38.432 10 INFO neutron.api.wsgi [None req-21c44231-ad0f-48d5-bbaa-886ef07181f9 975a383508d44c26bad8b874fec9cc0e a29d845eb696495abc813de3b6de732a - - default default] 10.0.0.119 "POST /v2.0/networks HTTP/1.1" status: 201 len: 831 time: 0.4506867
2026-05-29 03:23:38.441 10 WARNING neutron_lib.context [None req-3a678b09-e03e-4558-999b-fb9129753c80 975a383508d44c26bad8b874fec9cc0e a29d845eb696495abc813de3b6de732a - - default default] Method 'is_advsvc' is deprecated since 2023.2 release (neutron-lib 3.8.0) and will be removed once support for the old RBAC API policies will be removed from Neutron. Please use method 'is_service_role' instead.
2026-05-29 03:23:38.466 9 INFO neutron.api.wsgi [None req-4ce5c3a8-7056-4378-baa5-6fabf8ae1a3e 637cf7e2e24746bdb692eb706044b56b 44d9f2314b2f4a0a9ad064af9f303fbc - - default default] 10.0.0.119 "DELETE /v2.0/routers/d0b25a44-5c9f-4bd4-b7ab-895c65e75e27 HTTP/1.1" status: 204 len: 168 time: 0.6652913
2026-05-29 03:23:38.494 9 INFO neutron.api.wsgi [None req-e2051af8-885f-4ca3-9b1a-be9842b457b6 637cf7e2e24746bdb692eb706044b56b 44d9f2314b2f4a0a9ad064af9f303fbc - - default default] 10.0.0.119 "GET /v2.0/ports?device_id=d0b25a44-5c9f-4bd4-b7ab-895c65e75e27 HTTP/1.1" status: 200 len: 205 time: 0.0210972
2026-05-29 03:23:38.514 9 INFO neutron.api.v2.resource [None req-b605e1d2-7aab-43b2-8496-ae07963352c5 637cf7e2e24746bdb692eb706044b56b 44d9f2314b2f4a0a9ad064af9f303fbc - - default default] delete failed (client error): The resource could not be found.
2026-05-29 03:23:38.515 9 INFO neutron.api.wsgi [None req-b605e1d2-7aab-43b2-8496-ae07963352c5 637cf7e2e24746bdb692eb706044b56b 44d9f2314b2f4a0a9ad064af9f303fbc - - default default] 10.0.0.119 "DELETE /v2.0/routers/d0b25a44-5c9f-4bd4-b7ab-895c65e75e27 HTTP/1.1" status: 404 len: 336 time: 0.0163541
2026-05-29 03:23:38.535 9 INFO neutron.api.wsgi [None req-83baaa61-dff5-4240-a1b4-9ce112464675 637cf7e2e24746bdb692eb706044b56b 44d9f2314b2f4a0a9ad064af9f303fbc - - default default] 10.0.0.119 "GET /v2.0/ports?device_id=d78ebde7-444c-498e-93eb-b8f914e6e9b2 HTTP/1.1" status: 200 len: 205 time: 0.0156860
2026-05-29 03:23:38.547 10 WARNING neutron.plugins.ml2.drivers.ovn.mech_driver.ovsdb.ovn_client [None req-7691fe3a-d56a-43bf-b54b-9b788f560b13 - - - - - -] No port found with ID b41c3921-07c3-4f41-bf99-8fa76db80e44: RuntimeError: No port found with ID b41c3921-07c3-4f41-bf99-8fa76db80e44
2026-05-29 03:23:38.554 9 INFO neutron.api.v2.resource [None req-12f49fd6-8d05-4ac5-9a96-5530261ae0d4 637cf7e2e24746bdb692eb706044b56b 44d9f2314b2f4a0a9ad064af9f303fbc - - default default] delete failed (client error): The resource could not be found.
2026-05-29 03:23:38.555 9 INFO neutron.api.wsgi [None req-12f49fd6-8d05-4ac5-9a96-5530261ae0d4 637cf7e2e24746bdb692eb706044b56b 44d9f2314b2f4a0a9ad064af9f303fbc - - default default] 10.0.0.119 "DELETE /v2.0/routers/d78ebde7-444c-498e-93eb-b8f914e6e9b2 HTTP/1.1" status: 404 len: 336 time: 0.0148454
2026-05-29 03:23:38.561 10 INFO neutron.plugins.ml2.drivers.ovn.mech_driver.mech_driver [None req-7691fe3a-d56a-43bf-b54b-9b788f560b13 - - - - - -] OVN reports status up for port: 09f7259e-a010-4969-86a8-ae102988ea06
2026-05-29 03:23:38.570 9 INFO neutron.pecan_wsgi.hooks.translation [None req-d76840a5-e766-44fc-947e-86d626cb104a 637cf7e2e24746bdb692eb706044b56b 44d9f2314b2f4a0a9ad064af9f303fbc - - default default] DELETE failed (client error): The resource could not be found.
2026-05-29 03:23:38.573 9 INFO neutron.api.wsgi [None req-d76840a5-e766-44fc-947e-86d626cb104a 637cf7e2e24746bdb692eb706044b56b 44d9f2314b2f4a0a9ad064af9f303fbc - - default default] 10.0.0.119 "DELETE /v2.0/subnets/1efa2809-6dab-48b7-8b4f-80b49dabd235 HTTP/1.1" status: 404 len: 337 time: 0.0133643
2026-05-29 03:23:38.594 9 INFO neutron.api.wsgi [None req-676d26a8-14fa-48c7-b7ef-795dd93b96a1 637cf7e2e24746bdb692eb706044b56b 44d9f2314b2f4a0a9ad064af9f303fbc - - default default] 10.0.0.119 "GET /v2.0/ports?device_id=f7a10327-99c9-4fa8-ac4a-c1968bca4ee8 HTTP/1.1" status: 200 len: 205 time: 0.0171983
2026-05-29 03:23:38.616 9 INFO neutron.api.v2.resource [None req-b766cf2a-32c8-4813-859f-e8573e087c68 637cf7e2e24746bdb692eb706044b56b 44d9f2314b2f4a0a9ad064af9f303fbc - - default default] delete failed (client error): The resource could not be found.
2026-05-29 03:23:38.617 9 INFO neutron.api.wsgi [None req-b766cf2a-32c8-4813-859f-e8573e087c68 637cf7e2e24746bdb692eb706044b56b 44d9f2314b2f4a0a9ad064af9f303fbc - - default default] 10.0.0.119 "DELETE /v2.0/routers/f7a10327-99c9-4fa8-ac4a-c1968bca4ee8 HTTP/1.1" status: 404 len: 336 time: 0.0174651
2026-05-29 03:23:38.632 9 INFO neutron.pecan_wsgi.hooks.translation [None req-89b11247-8519-4de0-9421-3252f1222ce7 637cf7e2e24746bdb692eb706044b56b 44d9f2314b2f4a0a9ad064af9f303fbc - - default default] DELETE failed (client error): The resource could not be found.
2026-05-29 03:23:38.634 9 INFO neutron.api.wsgi [None req-89b11247-8519-4de0-9421-3252f1222ce7 637cf7e2e24746bdb692eb706044b56b 44d9f2314b2f4a0a9ad064af9f303fbc - - default default] 10.0.0.119 "DELETE /v2.0/subnets/f72343f5-cc15-4c7f-b88a-b9de92768bf7 HTTP/1.1" status: 404 len: 337 time: 0.0122397
2026-05-29 03:23:38.659 9 INFO neutron.api.wsgi [None req-5b9fe6d3-a0b0-4241-a0f5-4844eba0bdb9 637cf7e2e24746bdb692eb706044b56b 44d9f2314b2f4a0a9ad064af9f303fbc - - default default] 10.0.0.119 "GET /v2.0/ports?device_id=a799b0d8-915a-4c6e-b644-4d21d4b0a736 HTTP/1.1" status: 200 len: 205 time: 0.0194974
2026-05-29 03:23:38.679 9 INFO neutron.api.v2.resource [None req-36aeac86-3833-44bd-9d7c-29c0cb3d69be 637cf7e2e24746bdb692eb706044b56b 44d9f2314b2f4a0a9ad064af9f303fbc - - default default] delete failed (client error): The resource could not be found.
2026-05-29 03:23:38.681 9 INFO neutron.api.wsgi [None req-36aeac86-3833-44bd-9d7c-29c0cb3d69be 637cf7e2e24746bdb692eb706044b56b 44d9f2314b2f4a0a9ad064af9f303fbc - - default default] 10.0.0.119 "DELETE /v2.0/routers/a799b0d8-915a-4c6e-b644-4d21d4b0a736 HTTP/1.1" status: 404 len: 336 time: 0.0139501
2026-05-29 03:23:38.684 10 WARNING neutron.scheduler.dhcp_agent_scheduler [None req-3a678b09-e03e-4558-999b-fb9129753c80 975a383508d44c26bad8b874fec9cc0e a29d845eb696495abc813de3b6de732a - - default default] No more DHCP agents
2026-05-29 03:23:38.685 10 WARNING neutron.api.rpc.agentnotifiers.dhcp_rpc_agent_api [None req-3a678b09-e03e-4558-999b-fb9129753c80 975a383508d44c26bad8b874fec9cc0e a29d845eb696495abc813de3b6de732a - - default default] Unable to schedule network 8bd3e20e-8f54-4c09-964f-fdf360a5ce4c: no agents available; will retry on subsequent port and subnet creation events.
2026-05-29 03:23:38.696 9 INFO neutron.pecan_wsgi.hooks.translation [None req-f1c57ae0-7434-40a3-8857-66272bb65d38 637cf7e2e24746bdb692eb706044b56b 44d9f2314b2f4a0a9ad064af9f303fbc - - default default] DELETE failed (client error): The resource could not be found.
2026-05-29 03:23:38.698 9 INFO neutron.api.wsgi [None req-f1c57ae0-7434-40a3-8857-66272bb65d38 637cf7e2e24746bdb692eb706044b56b 44d9f2314b2f4a0a9ad064af9f303fbc - - default default] 10.0.0.119 "DELETE /v2.0/subnets/78fb94e4-aa4a-4662-a47d-3e7442d0dfc7 HTTP/1.1" status: 404 len: 337 time: 0.0121849
2026-05-29 03:23:38.716 9 INFO neutron.pecan_wsgi.hooks.translation [None req-fb395908-b466-427a-9b91-eaa018798893 637cf7e2e24746bdb692eb706044b56b 44d9f2314b2f4a0a9ad064af9f303fbc - - default default] DELETE failed (client error): The resource could not be found.
2026-05-29 03:23:38.719 9 INFO neutron.api.wsgi [None req-fb395908-b466-427a-9b91-eaa018798893 637cf7e2e24746bdb692eb706044b56b 44d9f2314b2f4a0a9ad064af9f303fbc - - default default] 10.0.0.119 "DELETE /v2.0/subnets/55575614-3cd3-4c4d-ae4d-cfb68a200184 HTTP/1.1" status: 404 len: 337 time: 0.0162830
2026-05-29 03:23:38.763 10 INFO neutron.db.ovn_revision_numbers_db [None req-3a678b09-e03e-4558-999b-fb9129753c80 975a383508d44c26bad8b874fec9cc0e a29d845eb696495abc813de3b6de732a - - default default] Successfully bumped revision number for resource df66b7e7-2efb-4ca5-b740-e19e2c8aec66 (type: ports) to 1
2026-05-29 03:23:38.768 10 INFO neutron.plugins.ml2.drivers.ovn.mech_driver.mech_driver [None req-7691fe3a-d56a-43bf-b54b-9b788f560b13 - - - - - -] OVN reports status up for port: b3670bd8-7499-4874-9cb7-82e658f2e27f
2026-05-29 03:23:38.773 9 INFO neutron.api.wsgi [req-1b0fe370-f85f-48f5-ab78-47b426054017 req-b4603aa5-7c0d-4714-9d22-1df45ae96505 b96ab8d083d84725aa26f57dfaaf09b1 c2935d73ef72463894a5d704e20419fe - - default default] 10.0.0.246 "GET /v2.0/ports?device_id=39e91897-1f12-4709-85b9-5ddde745bdc5 HTTP/1.1" status: 200 len: 1170 time: 0.1255095
2026-05-29 03:23:38.790 10 INFO neutron.plugins.ml2.plugin [None req-7691fe3a-d56a-43bf-b54b-9b788f560b13 - - - - - -] Attempt 1 to provision port b3670bd8-7499-4874-9cb7-82e658f2e27f
2026-05-29 03:23:38.803 10 INFO neutron.api.wsgi [None req-3a678b09-e03e-4558-999b-fb9129753c80 975a383508d44c26bad8b874fec9cc0e a29d845eb696495abc813de3b6de732a - - default default] 10.0.0.119 "POST /v2.0/ports HTTP/1.1" status: 201 len: 942 time: 0.3663146
2026-05-29 03:23:38.815 9 WARNING neutron_lib.context [None req-71b0dde8-36a9-4fd0-b953-0422af23cf09 975a383508d44c26bad8b874fec9cc0e a29d845eb696495abc813de3b6de732a - - default default] Method 'is_advsvc' is deprecated since 2023.2 release (neutron-lib 3.8.0) and will be removed once support for the old RBAC API policies will be removed from Neutron. Please use method 'is_service_role' instead.
2026-05-29 03:23:38.831 9 INFO neutron.api.wsgi [req-1b0fe370-f85f-48f5-ab78-47b426054017 req-4ac1c9e4-4628-43f1-afa8-9d36aae885b6 b96ab8d083d84725aa26f57dfaaf09b1 c2935d73ef72463894a5d704e20419fe - - default default] 10.0.0.246 "GET /v2.0/security-groups?id=0cb1b9f5-cb58-460f-b414-5b4340a65793&fields=id&fields=name HTTP/1.1" status: 200 len: 313 time: 0.0512431 /var/lib/openstack/lib/python3.12/site-packages/pycadf/identifier.py:71: UserWarning: Invalid uuid: neutron. To ensure interoperability, identifiers should be a valid uuid. warnings.warn(('Invalid uuid: %s. To ensure interoperability, '
2026-05-29 03:23:38.907 10 INFO neutron.notifiers.nova [-] Nova event matching ['req-be9a5445-83e6-454b-b3f2-8e889b112d6b'] response: {'server_uuid': '252a3207-a840-4cf3-b5fd-d89d563cad18', 'name': 'network-vif-plugged', 'status': 'completed', 'tag': 'b3670bd8-7499-4874-9cb7-82e658f2e27f', 'code': 200}
2026-05-29 03:23:38.913 9 INFO neutron.db.segments_db [None req-71b0dde8-36a9-4fd0-b953-0422af23cf09 975a383508d44c26bad8b874fec9cc0e a29d845eb696495abc813de3b6de732a - - default default] Added segment 62764cf1-ac2f-4d64-9755-23ed1c33a764 of type geneve for network 9400380c-e6f1-45d2-8ac4-c32e7da84b67
2026-05-29 03:23:38.982 10 INFO neutron.api.wsgi [req-9246f480-cbf7-4167-8e56-28d0b5e8cc31 req-aa29887f-1fd3-4a41-bb4d-064902bf96a7 b96ab8d083d84725aa26f57dfaaf09b1 c2935d73ef72463894a5d704e20419fe - - default default] 10.0.0.246 "GET /v2.0/ports?device_id=39e91897-1f12-4709-85b9-5ddde745bdc5 HTTP/1.1" status: 200 len: 1170 time: 0.0861657
2026-05-29 03:23:39.040 10 INFO neutron.api.wsgi [req-9246f480-cbf7-4167-8e56-28d0b5e8cc31 req-8c0c244f-b529-4858-afe6-1ccb9ce1c86b b96ab8d083d84725aa26f57dfaaf09b1 c2935d73ef72463894a5d704e20419fe - - default default] 10.0.0.246 "GET /v2.0/security-groups?id=0cb1b9f5-cb58-460f-b414-5b4340a65793&fields=id&fields=name HTTP/1.1" status: 200 len: 313 time: 0.0513189
2026-05-29 03:23:39.066 9 INFO neutron.db.ovn_revision_numbers_db [None req-71b0dde8-36a9-4fd0-b953-0422af23cf09 975a383508d44c26bad8b874fec9cc0e a29d845eb696495abc813de3b6de732a - - default default] Successfully bumped revision number for resource 9400380c-e6f1-45d2-8ac4-c32e7da84b67 (type: networks) to 1
2026-05-29 03:23:39.089 9 INFO neutron.api.wsgi [req-95a3c73d-a49b-4c88-acfb-12ff486cefd0 req-bbdc90c6-8638-46f9-90f9-49d0b5f57cc7 dbcaff5c78634c0982ffa7de74df9cea da6d2bb6979240eb8fd7b0afb97bbc86 - - default default] 10.0.0.246 "GET /v2.0/ports?device_id=252a3207-a840-4cf3-b5fd-d89d563cad18 HTTP/1.1" status: 200 len: 1174 time: 0.0519991
2026-05-29 03:23:39.118 10 INFO neutron.db.ovn_revision_numbers_db [None req-7691fe3a-d56a-43bf-b54b-9b788f560b13 - - - - - -] Successfully bumped revision number for resource b3670bd8-7499-4874-9cb7-82e658f2e27f (type: ports) to 5
2026-05-29 03:23:39.150 9 INFO neutron.api.wsgi [req-95a3c73d-a49b-4c88-acfb-12ff486cefd0 req-fb4eea0f-a88a-4288-9920-2e012a780e05 dbcaff5c78634c0982ffa7de74df9cea da6d2bb6979240eb8fd7b0afb97bbc86 - - default default] 10.0.0.246 "GET /v2.0/security-groups?id=a55b1bc4-b185-487f-aa48-9eae15a7da7c&fields=id&fields=name HTTP/1.1" status: 200 len: 312 time: 0.0420060
2026-05-29 03:23:39.253 9 WARNING neutron.scheduler.dhcp_agent_scheduler [None req-71b0dde8-36a9-4fd0-b953-0422af23cf09 975a383508d44c26bad8b874fec9cc0e a29d845eb696495abc813de3b6de732a - - default default] No more DHCP agents
2026-05-29 03:23:39.255 9 WARNING neutron.api.rpc.agentnotifiers.dhcp_rpc_agent_api [None req-71b0dde8-36a9-4fd0-b953-0422af23cf09 975a383508d44c26bad8b874fec9cc0e a29d845eb696495abc813de3b6de732a - - default default] Unable to schedule network 9400380c-e6f1-45d2-8ac4-c32e7da84b67: no agents available; will retry on subsequent port and subnet creation events.
2026-05-29 03:23:39.346 9 INFO neutron.db.ovn_revision_numbers_db [None req-71b0dde8-36a9-4fd0-b953-0422af23cf09 975a383508d44c26bad8b874fec9cc0e a29d845eb696495abc813de3b6de732a - - default default] Successfully bumped revision number for resource 4ed50482-eacc-4433-b991-8eb2ea6c9847 (type: ports) to 1
2026-05-29 03:23:39.373 9 INFO neutron.api.wsgi [None req-71b0dde8-36a9-4fd0-b953-0422af23cf09 975a383508d44c26bad8b874fec9cc0e a29d845eb696495abc813de3b6de732a - - default default] 10.0.0.119 "POST /v2.0/networks HTTP/1.1" status: 201 len: 830 time: 0.5624568 /var/lib/openstack/lib/python3.12/site-packages/pycadf/identifier.py:71: UserWarning: Invalid uuid: neutron. To ensure interoperability, identifiers should be a valid uuid. warnings.warn(('Invalid uuid: %s. To ensure interoperability, '
2026-05-29 03:23:39.385 10 WARNING neutron_lib.context [None req-9e05febf-b5cd-49be-95b0-d9fe78e2e893 975a383508d44c26bad8b874fec9cc0e a29d845eb696495abc813de3b6de732a - - default default] Method 'is_advsvc' is deprecated since 2023.2 release (neutron-lib 3.8.0) and will be removed once support for the old RBAC API policies will be removed from Neutron. Please use method 'is_service_role' instead.
2026-05-29 03:23:39.405 9 INFO neutron.api.wsgi [req-c2331e10-e336-4a4b-a5ab-88f203bdff46 req-a950cb67-dcd0-4081-9970-bf88f6394cef b96ab8d083d84725aa26f57dfaaf09b1 c2935d73ef72463894a5d704e20419fe - - default default] 10.0.0.246 "GET /v2.0/ports?device_id=39e91897-1f12-4709-85b9-5ddde745bdc5 HTTP/1.1" status: 200 len: 1170 time: 0.0257051
2026-05-29 03:23:39.444 9 INFO neutron.api.wsgi [None req-17bca2f7-f332-4e29-a4d8-a8634bbe2a4f f0e1f8efade7448081d82c29b61a8a12 3c024b1a467c440e864b9c22ef77155b - - default default] 10.0.0.119 "GET /v2.0/security-groups?tenant_id=44d9f2314b2f4a0a9ad064af9f303fbc&name=default HTTP/1.1" status: 200 len: 3120 time: 0.1253016
2026-05-29 03:23:39.446 9 INFO neutron.api.wsgi [req-c2331e10-e336-4a4b-a5ab-88f203bdff46 req-9940b3de-5859-49c5-b449-cb44d69a3db2 b96ab8d083d84725aa26f57dfaaf09b1 c2935d73ef72463894a5d704e20419fe - - default default] 10.0.0.246 "GET /v2.0/security-groups?id=0cb1b9f5-cb58-460f-b414-5b4340a65793&fields=id&fields=name HTTP/1.1" status: 200 len: 313 time: 0.0356865
2026-05-29 03:23:39.624 9 INFO neutron.api.wsgi [None req-79c5be79-5f2d-475b-ba4a-6e7e225c337f f0e1f8efade7448081d82c29b61a8a12 3c024b1a467c440e864b9c22ef77155b - - default default] 10.0.0.119 "DELETE /v2.0/security-groups/6de1c528-55f1-4a8e-b0e9-45e5a4e51147 HTTP/1.1" status: 204 len: 168 time: 0.1740890
2026-05-29 03:23:39.626 10 WARNING neutron.scheduler.dhcp_agent_scheduler [None req-9e05febf-b5cd-49be-95b0-d9fe78e2e893 975a383508d44c26bad8b874fec9cc0e a29d845eb696495abc813de3b6de732a - - default default] No more DHCP agents
2026-05-29 03:23:39.629 10 WARNING neutron.api.rpc.agentnotifiers.dhcp_rpc_agent_api [None req-9e05febf-b5cd-49be-95b0-d9fe78e2e893 975a383508d44c26bad8b874fec9cc0e a29d845eb696495abc813de3b6de732a - - default default] Unable to schedule network 9400380c-e6f1-45d2-8ac4-c32e7da84b67: no agents available; will retry on subsequent port and subnet creation events.
2026-05-29 03:23:39.706 10 INFO neutron.db.ovn_revision_numbers_db [None req-9e05febf-b5cd-49be-95b0-d9fe78e2e893 975a383508d44c26bad8b874fec9cc0e a29d845eb696495abc813de3b6de732a - - default default] Successfully bumped revision number for resource 888e86e5-18ad-46f4-8c7e-2f85d4182a03 (type: ports) to 1
2026-05-29 03:23:39.733 10 INFO neutron.api.wsgi [None req-9e05febf-b5cd-49be-95b0-d9fe78e2e893 975a383508d44c26bad8b874fec9cc0e a29d845eb696495abc813de3b6de732a - - default default] 10.0.0.119 "POST /v2.0/ports HTTP/1.1" status: 201 len: 942 time: 0.3520253 /var/lib/openstack/lib/python3.12/site-packages/pycadf/identifier.py:71: UserWarning: Invalid uuid: neutron. To ensure interoperability, identifiers should be a valid uuid. warnings.warn(('Invalid uuid: %s. To ensure interoperability, '
2026-05-29 03:23:39.743 10 WARNING neutron_lib.context [None req-7cce7b42-83a7-40c9-8041-91cf2c9b5fda 975a383508d44c26bad8b874fec9cc0e a29d845eb696495abc813de3b6de732a - - default default] Method 'is_advsvc' is deprecated since 2023.2 release (neutron-lib 3.8.0) and will be removed once support for the old RBAC API policies will be removed from Neutron. Please use method 'is_service_role' instead.
2026-05-29 03:23:39.821 10 INFO neutron.db.segments_db [None req-7cce7b42-83a7-40c9-8041-91cf2c9b5fda 975a383508d44c26bad8b874fec9cc0e a29d845eb696495abc813de3b6de732a - - default default] Added segment fe901cf2-c29c-4559-8488-f26c49349907 of type geneve for network dd364f3a-596b-4d03-a635-8254f1f3aec6
2026-05-29 03:23:39.933 10 INFO neutron.db.ovn_revision_numbers_db [None req-7cce7b42-83a7-40c9-8041-91cf2c9b5fda 975a383508d44c26bad8b874fec9cc0e a29d845eb696495abc813de3b6de732a - - default default] Successfully bumped revision number for resource dd364f3a-596b-4d03-a635-8254f1f3aec6 (type: networks) to 1
2026-05-29 03:23:40.094 10 WARNING neutron.scheduler.dhcp_agent_scheduler [None req-7cce7b42-83a7-40c9-8041-91cf2c9b5fda 975a383508d44c26bad8b874fec9cc0e a29d845eb696495abc813de3b6de732a - - default default] No more DHCP agents
2026-05-29 03:23:40.095 10 WARNING neutron.api.rpc.agentnotifiers.dhcp_rpc_agent_api [None req-7cce7b42-83a7-40c9-8041-91cf2c9b5fda 975a383508d44c26bad8b874fec9cc0e a29d845eb696495abc813de3b6de732a - - default default] Unable to schedule network dd364f3a-596b-4d03-a635-8254f1f3aec6: no agents available; will retry on subsequent port and subnet creation events.
2026-05-29 03:23:40.158 10 INFO neutron.db.ovn_revision_numbers_db [None req-7cce7b42-83a7-40c9-8041-91cf2c9b5fda 975a383508d44c26bad8b874fec9cc0e a29d845eb696495abc813de3b6de732a - - default default] Successfully bumped revision number for resource 60e8b731-3fb5-4d7a-98ff-120b2bed25be (type: ports) to 1
2026-05-29 03:23:40.186 10 INFO neutron.api.wsgi [None req-7cce7b42-83a7-40c9-8041-91cf2c9b5fda 975a383508d44c26bad8b874fec9cc0e a29d845eb696495abc813de3b6de732a - - default default] 10.0.0.119 "POST /v2.0/networks HTTP/1.1" status: 201 len: 831 time: 0.4485037
2026-05-29 03:23:40.195 10 WARNING neutron_lib.context [None req-04c17583-81f3-4d5d-aa21-ba18c6044ee3 975a383508d44c26bad8b874fec9cc0e a29d845eb696495abc813de3b6de732a - - default default] Method 'is_advsvc' is deprecated since 2023.2 release (neutron-lib 3.8.0) and will be removed once support for the old RBAC API policies will be removed from Neutron. Please use method 'is_service_role' instead.
2026-05-29 03:23:40.337 10 INFO neutron.api.wsgi [req-2505d0fd-42af-4e00-bd19-feea6c9e78f5 req-e69a82bb-705a-44fd-8c73-29ac95503b31 dbcaff5c78634c0982ffa7de74df9cea da6d2bb6979240eb8fd7b0afb97bbc86 - - default default] 10.0.0.246 "GET /v2.0/ports?device_id=252a3207-a840-4cf3-b5fd-d89d563cad18 HTTP/1.1" status: 200 len: 1174 time: 0.1216960
2026-05-29 03:23:40.387 10 INFO neutron.api.wsgi [req-2505d0fd-42af-4e00-bd19-feea6c9e78f5 req-924faff1-cf6f-4c8b-9be5-3fb91ca2fa2f dbcaff5c78634c0982ffa7de74df9cea da6d2bb6979240eb8fd7b0afb97bbc86 - - default default] 10.0.0.246 "GET /v2.0/security-groups?id=a55b1bc4-b185-487f-aa48-9eae15a7da7c&fields=id&fields=name HTTP/1.1" status: 200 len: 312 time: 0.0444908
2026-05-29 03:23:40.474 10 WARNING neutron.scheduler.dhcp_agent_scheduler [None req-04c17583-81f3-4d5d-aa21-ba18c6044ee3 975a383508d44c26bad8b874fec9cc0e a29d845eb696495abc813de3b6de732a - - default default] No more DHCP agents
2026-05-29 03:23:40.475 10 WARNING neutron.api.rpc.agentnotifiers.dhcp_rpc_agent_api [None req-04c17583-81f3-4d5d-aa21-ba18c6044ee3 975a383508d44c26bad8b874fec9cc0e a29d845eb696495abc813de3b6de732a - - default default] Unable to schedule network dd364f3a-596b-4d03-a635-8254f1f3aec6: no agents available; will retry on subsequent port and subnet creation events.
2026-05-29 03:23:40.560 9 INFO neutron.api.wsgi [req-6b3190ba-7228-4492-8abb-c7d793cf4154 req-d666e8e4-b1c4-4912-a2c9-53481f4975f7 b96ab8d083d84725aa26f57dfaaf09b1 c2935d73ef72463894a5d704e20419fe - - default default] 10.0.0.246 "GET /v2.0/ports?device_id=39e91897-1f12-4709-85b9-5ddde745bdc5 HTTP/1.1" status: 200 len: 1170 time: 0.0408111
2026-05-29 03:23:40.567 10 INFO neutron.db.ovn_revision_numbers_db [None req-04c17583-81f3-4d5d-aa21-ba18c6044ee3 975a383508d44c26bad8b874fec9cc0e a29d845eb696495abc813de3b6de732a - - default default] Successfully bumped revision number for resource 8394911b-110e-442c-a37b-302dcc5c2673 (type: ports) to 1
2026-05-29 03:23:40.597 9 INFO neutron.api.wsgi [req-6b3190ba-7228-4492-8abb-c7d793cf4154 req-40b2555a-ee58-48c9-a24b-53fa58985250 b96ab8d083d84725aa26f57dfaaf09b1 c2935d73ef72463894a5d704e20419fe - - default default] 10.0.0.246 "GET /v2.0/security-groups?id=0cb1b9f5-cb58-460f-b414-5b4340a65793&fields=id&fields=name HTTP/1.1" status: 200 len: 313 time: 0.0301805
2026-05-29 03:23:40.608 10 INFO neutron.api.wsgi [None req-04c17583-81f3-4d5d-aa21-ba18c6044ee3 975a383508d44c26bad8b874fec9cc0e a29d845eb696495abc813de3b6de732a - - default default] 10.0.0.119 "POST /v2.0/ports HTTP/1.1" status: 201 len: 942 time: 0.4173422
2026-05-29 03:23:40.620 9 WARNING neutron_lib.context [None req-f770a051-b63a-4161-a516-af4b13fd7637 975a383508d44c26bad8b874fec9cc0e a29d845eb696495abc813de3b6de732a - - default default] Method 'is_advsvc' is deprecated since 2023.2 release (neutron-lib 3.8.0) and will be removed once support for the old RBAC API policies will be removed from Neutron. Please use method 'is_service_role' instead.
2026-05-29 03:23:40.723 9 INFO neutron.db.segments_db [None req-f770a051-b63a-4161-a516-af4b13fd7637 975a383508d44c26bad8b874fec9cc0e a29d845eb696495abc813de3b6de732a - - default default] Added segment 4970179d-7cb7-4249-8a97-8cf3aa09a1af of type geneve for network 6d2283f3-6d19-48e2-893a-1f6a3f57b912
2026-05-29 03:23:40.839 9 INFO neutron.db.ovn_revision_numbers_db [None req-f770a051-b63a-4161-a516-af4b13fd7637 975a383508d44c26bad8b874fec9cc0e a29d845eb696495abc813de3b6de732a - - default default] Successfully bumped revision number for resource 6d2283f3-6d19-48e2-893a-1f6a3f57b912 (type: networks) to 1
2026-05-29 03:23:40.926 9 INFO neutron.api.wsgi [req-af8b3e4d-295f-469a-a47a-d7f3fbe7e1ff req-fed7aa09-a6b8-433a-a9f1-3e95aa44d6d3 cfd06e397f6f41e6ba3396505ce03daa 5551deca0bc643bdaa9d1fa00c6422b1 - - 0183fc77d5d24c26bd727dbfe351f1ba 0183fc77d5d24c26bd727dbfe351f1ba] 199.204.45.72 "GET /v2.0/ports?tenant_id=c2935d73ef72463894a5d704e20419fe&device_id=39e91897-1f12-4709-85b9-5ddde745bdc5 HTTP/1.1" status: 200 len: 1409 time: 0.0390706
2026-05-29 03:23:40.948 10 INFO neutron.notifiers.nova [-] Nova event matching ['req-04611773-07e5-4728-8dce-3b6d4e4c0b84'] response: {'server_uuid': '252a3207-a840-4cf3-b5fd-d89d563cad18', 'name': 'network-vif-plugged', 'status': 'completed', 'tag': 'b3670bd8-7499-4874-9cb7-82e658f2e27f', 'code': 200}
2026-05-29 03:23:40.975 9 INFO neutron.api.wsgi [req-af8b3e4d-295f-469a-a47a-d7f3fbe7e1ff req-30780a01-666f-4434-b445-4934d0b20294 cfd06e397f6f41e6ba3396505ce03daa 5551deca0bc643bdaa9d1fa00c6422b1 - - 0183fc77d5d24c26bd727dbfe351f1ba 0183fc77d5d24c26bd727dbfe351f1ba] 199.204.45.72 "GET /v2.0/networks?id=3faf7dae-fd42-42b6-a631-59ec7830bf51 HTTP/1.1" status: 200 len: 974 time: 0.0453978
2026-05-29 03:23:41.027 9 WARNING neutron.scheduler.dhcp_agent_scheduler [None req-f770a051-b63a-4161-a516-af4b13fd7637 975a383508d44c26bad8b874fec9cc0e a29d845eb696495abc813de3b6de732a - - default default] No more DHCP agents
2026-05-29 03:23:41.030 9 INFO neutron.api.wsgi [req-af8b3e4d-295f-469a-a47a-d7f3fbe7e1ff req-29d7ade6-8d4c-4100-8ef5-a6cc12d029c7 cfd06e397f6f41e6ba3396505ce03daa 5551deca0bc643bdaa9d1fa00c6422b1 - - 0183fc77d5d24c26bd727dbfe351f1ba 0183fc77d5d24c26bd727dbfe351f1ba] 199.204.45.72 "GET /v2.0/floatingips?fixed_ip_address=10.100.0.7&port_id=bfe5dfc0-40e1-458e-82f2-fdad64ff18f6 HTTP/1.1" status: 200 len: 1059 time: 0.0514746
2026-05-29 03:23:41.031 9 WARNING neutron.api.rpc.agentnotifiers.dhcp_rpc_agent_api [None req-f770a051-b63a-4161-a516-af4b13fd7637 975a383508d44c26bad8b874fec9cc0e a29d845eb696495abc813de3b6de732a - - default default] Unable to schedule network 6d2283f3-6d19-48e2-893a-1f6a3f57b912: no agents available; will retry on subsequent port and subnet creation events.
2026-05-29 03:23:41.058 9 INFO neutron.api.wsgi [req-af8b3e4d-295f-469a-a47a-d7f3fbe7e1ff req-ebdc3168-8419-4d1e-9380-2b5f17095cee cfd06e397f6f41e6ba3396505ce03daa 5551deca0bc643bdaa9d1fa00c6422b1 - - 0183fc77d5d24c26bd727dbfe351f1ba 0183fc77d5d24c26bd727dbfe351f1ba] 199.204.45.72 "GET /v2.0/subnets?id=397c7b91-a62e-46de-8f85-77c0a85fae88 HTTP/1.1" status: 200 len: 893 time: 0.0226717
2026-05-29 03:23:41.081 9 INFO neutron.api.wsgi [req-af8b3e4d-295f-469a-a47a-d7f3fbe7e1ff req-72386952-0dc9-48d9-aee1-1a7343310412 cfd06e397f6f41e6ba3396505ce03daa 5551deca0bc643bdaa9d1fa00c6422b1 - - 0183fc77d5d24c26bd727dbfe351f1ba 0183fc77d5d24c26bd727dbfe351f1ba] 199.204.45.72 "GET /v2.0/ports?network_id=3faf7dae-fd42-42b6-a631-59ec7830bf51&device_owner=network%3Adhcp HTTP/1.1" status: 200 len: 210 time: 0.0143948
2026-05-29 03:23:41.114 9 INFO neutron.db.ovn_revision_numbers_db [None req-f770a051-b63a-4161-a516-af4b13fd7637 975a383508d44c26bad8b874fec9cc0e a29d845eb696495abc813de3b6de732a - - default default] Successfully bumped revision number for resource d9e8635d-9ba7-4db6-abe7-0949f743f87d (type: ports) to 1
2026-05-29 03:23:41.125 9 INFO neutron.api.wsgi [req-af8b3e4d-295f-469a-a47a-d7f3fbe7e1ff req-5993e2c7-6157-4a4f-b45b-896ac7c0557a cfd06e397f6f41e6ba3396505ce03daa 5551deca0bc643bdaa9d1fa00c6422b1 - - 0183fc77d5d24c26bd727dbfe351f1ba 0183fc77d5d24c26bd727dbfe351f1ba] 199.204.45.72 "GET /v2.0/networks/3faf7dae-fd42-42b6-a631-59ec7830bf51?fields=segments HTTP/1.1" status: 200 len: 212 time: 0.0400674
2026-05-29 03:23:41.134 9 INFO neutron.api.wsgi [None req-f770a051-b63a-4161-a516-af4b13fd7637 975a383508d44c26bad8b874fec9cc0e a29d845eb696495abc813de3b6de732a - - default default] 10.0.0.119 "POST /v2.0/networks HTTP/1.1" status: 201 len: 831 time: 0.5185378 /var/lib/openstack/lib/python3.12/site-packages/pycadf/identifier.py:71: UserWarning: Invalid uuid: neutron. To ensure interoperability, identifiers should be a valid uuid. warnings.warn(('Invalid uuid: %s. To ensure interoperability, '
2026-05-29 03:23:41.148 10 WARNING neutron_lib.context [None req-4771b910-5ce2-4142-838d-51fa72f88b1f 975a383508d44c26bad8b874fec9cc0e a29d845eb696495abc813de3b6de732a - - default default] Method 'is_advsvc' is deprecated since 2023.2 release (neutron-lib 3.8.0) and will be removed once support for the old RBAC API policies will be removed from Neutron. Please use method 'is_service_role' instead.
2026-05-29 03:23:41.173 9 INFO neutron.api.wsgi [req-af8b3e4d-295f-469a-a47a-d7f3fbe7e1ff req-4bd2e17e-7439-4b91-a60e-1416882bf6a9 cfd06e397f6f41e6ba3396505ce03daa 5551deca0bc643bdaa9d1fa00c6422b1 - - 0183fc77d5d24c26bd727dbfe351f1ba 0183fc77d5d24c26bd727dbfe351f1ba] 199.204.45.72 "GET /v2.0/networks/3faf7dae-fd42-42b6-a631-59ec7830bf51?fields=provider%3Aphysical_network&fields=provider%3Anetwork_type HTTP/1.1" status: 200 len: 277 time: 0.0418582
2026-05-29 03:23:41.381 10 WARNING neutron.scheduler.dhcp_agent_scheduler [None req-4771b910-5ce2-4142-838d-51fa72f88b1f 975a383508d44c26bad8b874fec9cc0e a29d845eb696495abc813de3b6de732a - - default default] No more DHCP agents
2026-05-29 03:23:41.383 10 WARNING neutron.api.rpc.agentnotifiers.dhcp_rpc_agent_api [None req-4771b910-5ce2-4142-838d-51fa72f88b1f 975a383508d44c26bad8b874fec9cc0e a29d845eb696495abc813de3b6de732a - - default default] Unable to schedule network 6d2283f3-6d19-48e2-893a-1f6a3f57b912: no agents available; will retry on subsequent port and subnet creation events.
2026-05-29 03:23:41.453 10 INFO neutron.db.ovn_revision_numbers_db [None req-4771b910-5ce2-4142-838d-51fa72f88b1f 975a383508d44c26bad8b874fec9cc0e a29d845eb696495abc813de3b6de732a - - default default] Successfully bumped revision number for resource c6f5c39c-0e13-4bbe-82af-1930f8814ff5 (type: ports) to 1
2026-05-29 03:23:41.475 10 INFO neutron.api.wsgi [None req-4771b910-5ce2-4142-838d-51fa72f88b1f 975a383508d44c26bad8b874fec9cc0e a29d845eb696495abc813de3b6de732a - - default default] 10.0.0.119 "POST /v2.0/ports HTTP/1.1" status: 201 len: 942 time: 0.3346305
2026-05-29 03:23:41.478 9 INFO neutron.api.wsgi [req-d27f3fad-4f1d-4b1f-9287-3b8b03c041f5 req-a6b8f325-74ae-49c0-84f1-ee20e475c4d7 dbcaff5c78634c0982ffa7de74df9cea da6d2bb6979240eb8fd7b0afb97bbc86 - - default default] 10.0.0.246 "GET /v2.0/ports?device_id=252a3207-a840-4cf3-b5fd-d89d563cad18 HTTP/1.1" status: 200 len: 1174 time: 0.0363002
2026-05-29 03:23:41.531 9 INFO neutron.api.wsgi [None req-92616a1a-8e84-4609-94b6-381733117553 975a383508d44c26bad8b874fec9cc0e a29d845eb696495abc813de3b6de732a - - default default] 10.0.0.119 "PUT /v2.0/ports/5700a14c-3a72-4b63-a0ec-1f2498b98d13/tags HTTP/1.1" status: 200 len: 210 time: 0.0509593
2026-05-29 03:23:41.536 9 INFO neutron.api.wsgi [req-d27f3fad-4f1d-4b1f-9287-3b8b03c041f5 req-216455a5-ce64-4f8c-9b8a-a2d4e31c2dde dbcaff5c78634c0982ffa7de74df9cea da6d2bb6979240eb8fd7b0afb97bbc86 - - default default] 10.0.0.246 "GET /v2.0/security-groups?id=a55b1bc4-b185-487f-aa48-9eae15a7da7c&fields=id&fields=name HTTP/1.1" status: 200 len: 312 time: 0.0511687 /var/lib/openstack/lib/python3.12/site-packages/pycadf/identifier.py:71: UserWarning: Invalid uuid: neutron. To ensure interoperability, identifiers should be a valid uuid. warnings.warn(('Invalid uuid: %s. To ensure interoperability, '
