2026-05-29 03:22:50.088 9 INFO neutron.api.wsgi [req-b2c6d95a-ecc9-4581-9660-16c3ec60cc16 req-098dc005-193c-4658-b1c1-9fb5ead49400 cfd06e397f6f41e6ba3396505ce03daa 5551deca0bc643bdaa9d1fa00c6422b1 - - 0183fc77d5d24c26bd727dbfe351f1ba 0183fc77d5d24c26bd727dbfe351f1ba] 199.204.45.72 "GET /v2.0/networks/f41d0059-654a-4410-baeb-920201c7c919?fields=provider%3Aphysical_network&fields=provider%3Anetwork_type HTTP/1.1" status: 200 len: 277 time: 0.0631218
2026-05-29 03:22:50.089 9 INFO neutron.db.ovn_revision_numbers_db [None req-55b52686-ccb2-44e8-a1fa-0e7ef8f260a2 f0e1f8efade7448081d82c29b61a8a12 3c024b1a467c440e864b9c22ef77155b - - default default] Successfully bumped revision number for resource bebec935-9051-42fe-9da2-c51609abddfa (type: security_group_rules) to 0
2026-05-29 03:22:50.101 10 INFO neutron.db.ovn_revision_numbers_db [None req-36232d07-57f0-4a89-ac8d-aa97052fb2ee f0e1f8efade7448081d82c29b61a8a12 3c024b1a467c440e864b9c22ef77155b - - default default] Successfully bumped revision number for resource 7037376b-47a2-4034-9248-392332275594 (type: ports) to 1
2026-05-29 03:22:50.104 9 INFO neutron.db.ovn_revision_numbers_db [None req-55b52686-ccb2-44e8-a1fa-0e7ef8f260a2 f0e1f8efade7448081d82c29b61a8a12 3c024b1a467c440e864b9c22ef77155b - - default default] Successfully bumped revision number for resource f27c1b6f-3679-43d7-9ac2-bf1d206f77d4 (type: security_group_rules) to 0
2026-05-29 03:22:50.119 9 INFO neutron.db.ovn_revision_numbers_db [None req-55b52686-ccb2-44e8-a1fa-0e7ef8f260a2 f0e1f8efade7448081d82c29b61a8a12 3c024b1a467c440e864b9c22ef77155b - - default default] Successfully bumped revision number for resource f78875b2-007d-405a-ad80-5657e03012f9 (type: security_group_rules) to 0
2026-05-29 03:22:50.175 9 INFO neutron.api.wsgi [None req-55b52686-ccb2-44e8-a1fa-0e7ef8f260a2 f0e1f8efade7448081d82c29b61a8a12 3c024b1a467c440e864b9c22ef77155b - - default default] 10.0.0.119 "GET /v2.0/security-groups?tenant_id=efd48011e47f48e4a437a2d1c80d55fe&name=default HTTP/1.1" status: 200 len: 3120 time: 0.4706445
2026-05-29 03:22:50.246 10 INFO neutron.db.ovn_revision_numbers_db [None req-ddb5f2ba-e624-4831-9d6b-fe3325b813e1 - - - - - -] Successfully bumped revision number for resource 438f67e5-cd2d-4c31-afea-f3e169a6de65 (type: ports) to 4
2026-05-29 03:22:50.403 9 INFO neutron.api.wsgi [None req-8e52d625-ad84-4b61-9d13-e00e92c3e423 f0e1f8efade7448081d82c29b61a8a12 3c024b1a467c440e864b9c22ef77155b - - default default] 10.0.0.119 "DELETE /v2.0/security-groups/b7227bc2-5930-4e27-87d7-05fe4541d3eb HTTP/1.1" status: 204 len: 168 time: 0.2208643
2026-05-29 03:22:50.599 10 INFO neutron.db.ovn_revision_numbers_db [None req-ddb5f2ba-e624-4831-9d6b-fe3325b813e1 - - - - - -] Successfully bumped revision number for resource 438f67e5-cd2d-4c31-afea-f3e169a6de65 (type: ports) to 5
2026-05-29 03:22:50.705 10 INFO neutron.plugins.ml2.drivers.ovn.mech_driver.mech_driver [None req-8b3d0267-c203-4a56-b35c-de09838c34a1 - - - - - -] OVN reports status up for port: 7037376b-47a2-4034-9248-392332275594
2026-05-29 03:22:50.719 10 INFO neutron.plugins.ml2.plugin [None req-8b3d0267-c203-4a56-b35c-de09838c34a1 - - - - - -] Attempt 1 to provision port 7037376b-47a2-4034-9248-392332275594
2026-05-29 03:22:50.732 10 INFO neutron.db.ovn_revision_numbers_db [None req-36232d07-57f0-4a89-ac8d-aa97052fb2ee f0e1f8efade7448081d82c29b61a8a12 3c024b1a467c440e864b9c22ef77155b - - default default] Successfully bumped revision number for resource 7037376b-47a2-4034-9248-392332275594 (type: ports) to 1
2026-05-29 03:22:50.791 10 WARNING neutron.scheduler.dhcp_agent_scheduler [None req-36232d07-57f0-4a89-ac8d-aa97052fb2ee f0e1f8efade7448081d82c29b61a8a12 3c024b1a467c440e864b9c22ef77155b - - default default] No more DHCP agents
2026-05-29 03:22:50.794 10 WARNING neutron.api.rpc.agentnotifiers.dhcp_rpc_agent_api [None req-36232d07-57f0-4a89-ac8d-aa97052fb2ee f0e1f8efade7448081d82c29b61a8a12 3c024b1a467c440e864b9c22ef77155b - - default default] Unable to schedule network c6373545-413b-4238-8523-5b48c8f9e5f5: no agents available; will retry on subsequent port and subnet creation events.
2026-05-29 03:22:51.045 10 INFO neutron.api.wsgi [req-afc83af9-0147-4e2c-9777-125ceb4f9ea3 req-70145ac4-7953-4663-aa17-815e559637e4 215d78be13844a7783bb6f8c2ce6d443 f664567e7008489cada23789cec6206c - - default default] 10.0.0.246 "GET /v2.0/ports?device_id=005bf510-94dd-4e73-abdc-b3133476f51d HTTP/1.1" status: 200 len: 1352 time: 0.0516059
2026-05-29 03:22:51.119 10 INFO neutron.api.wsgi [req-afc83af9-0147-4e2c-9777-125ceb4f9ea3 req-82e48f6e-4db2-4f8a-abbe-bc3c04a3fbd4 215d78be13844a7783bb6f8c2ce6d443 f664567e7008489cada23789cec6206c - - default default] 10.0.0.246 "GET /v2.0/security-groups?id=e4859fbb-e3ea-4269-a315-1a64ff89e8e1&fields=id&fields=name HTTP/1.1" status: 200 len: 313 time: 0.0661848
2026-05-29 03:22:51.159 9 INFO neutron.api.wsgi [req-3a64ef58-e921-43f8-a2fa-6c113426a0d1 req-52d78e23-59f2-406d-86e8-8b44f7cb83c3 cfd06e397f6f41e6ba3396505ce03daa 5551deca0bc643bdaa9d1fa00c6422b1 - - 0183fc77d5d24c26bd727dbfe351f1ba 0183fc77d5d24c26bd727dbfe351f1ba] 199.204.45.72 "GET /v2.0/ports?tenant_id=f664567e7008489cada23789cec6206c&device_id=005bf510-94dd-4e73-abdc-b3133476f51d HTTP/1.1" status: 200 len: 1590 time: 0.0500841
2026-05-29 03:22:51.173 10 INFO neutron.db.ovn_revision_numbers_db [None req-8b3d0267-c203-4a56-b35c-de09838c34a1 - - - - - -] Successfully bumped revision number for resource 7037376b-47a2-4034-9248-392332275594 (type: ports) to 2
2026-05-29 03:22:51.227 9 INFO neutron.api.wsgi [req-3a64ef58-e921-43f8-a2fa-6c113426a0d1 req-242e4ce3-1f6a-498d-b603-1ef1581485cf cfd06e397f6f41e6ba3396505ce03daa 5551deca0bc643bdaa9d1fa00c6422b1 - - 0183fc77d5d24c26bd727dbfe351f1ba 0183fc77d5d24c26bd727dbfe351f1ba] 199.204.45.72 "GET /v2.0/networks?id=f41d0059-654a-4410-baeb-920201c7c919 HTTP/1.1" status: 200 len: 982 time: 0.0613968
2026-05-29 03:22:51.250 9 INFO neutron.api.wsgi [req-3a64ef58-e921-43f8-a2fa-6c113426a0d1 req-46f42755-7c89-4e24-ab29-ea34babbd828 cfd06e397f6f41e6ba3396505ce03daa 5551deca0bc643bdaa9d1fa00c6422b1 - - 0183fc77d5d24c26bd727dbfe351f1ba 0183fc77d5d24c26bd727dbfe351f1ba] 199.204.45.72 "GET /v2.0/floatingips?fixed_ip_address=10.100.0.14&port_id=1e256f21-19a8-4f51-a497-07b08f8b2562 HTTP/1.1" status: 200 len: 217 time: 0.0163326
2026-05-29 03:22:51.293 9 INFO neutron.api.wsgi [req-3a64ef58-e921-43f8-a2fa-6c113426a0d1 req-73335f91-57e4-45c1-9dff-1f52e19a26b3 cfd06e397f6f41e6ba3396505ce03daa 5551deca0bc643bdaa9d1fa00c6422b1 - - 0183fc77d5d24c26bd727dbfe351f1ba 0183fc77d5d24c26bd727dbfe351f1ba] 199.204.45.72 "GET /v2.0/floatingips?fixed_ip_address=10.100.0.9&port_id=1e256f21-19a8-4f51-a497-07b08f8b2562 HTTP/1.1" status: 200 len: 1059 time: 0.0368631
2026-05-29 03:22:51.337 9 INFO neutron.api.wsgi [req-3a64ef58-e921-43f8-a2fa-6c113426a0d1 req-1721bc99-d0df-4269-a1a5-6ed6aa2b6800 cfd06e397f6f41e6ba3396505ce03daa 5551deca0bc643bdaa9d1fa00c6422b1 - - 0183fc77d5d24c26bd727dbfe351f1ba 0183fc77d5d24c26bd727dbfe351f1ba] 199.204.45.72 "GET /v2.0/subnets?id=c583ea9a-daf3-49f9-81de-ec1116dc46f8 HTTP/1.1" status: 200 len: 901 time: 0.0373273
2026-05-29 03:22:51.370 9 INFO neutron.api.wsgi [req-3a64ef58-e921-43f8-a2fa-6c113426a0d1 req-97442bfa-f8e7-4ac1-b27f-83ab10fe4d09 cfd06e397f6f41e6ba3396505ce03daa 5551deca0bc643bdaa9d1fa00c6422b1 - - 0183fc77d5d24c26bd727dbfe351f1ba 0183fc77d5d24c26bd727dbfe351f1ba] 199.204.45.72 "GET /v2.0/ports?network_id=f41d0059-654a-4410-baeb-920201c7c919&device_owner=network%3Adhcp HTTP/1.1" status: 200 len: 210 time: 0.0267191
2026-05-29 03:22:51.436 9 INFO neutron.api.wsgi [req-3a64ef58-e921-43f8-a2fa-6c113426a0d1 req-d0105ea8-382f-4c77-8071-348c485659f0 cfd06e397f6f41e6ba3396505ce03daa 5551deca0bc643bdaa9d1fa00c6422b1 - - 0183fc77d5d24c26bd727dbfe351f1ba 0183fc77d5d24c26bd727dbfe351f1ba] 199.204.45.72 "GET /v2.0/networks/f41d0059-654a-4410-baeb-920201c7c919?fields=segments HTTP/1.1" status: 200 len: 212 time: 0.0609176
2026-05-29 03:22:51.462 10 INFO neutron.db.ovn_revision_numbers_db [None req-36232d07-57f0-4a89-ac8d-aa97052fb2ee f0e1f8efade7448081d82c29b61a8a12 3c024b1a467c440e864b9c22ef77155b - - default default] Successfully bumped revision number for resource 7037376b-47a2-4034-9248-392332275594 (type: router_ports) to 1
2026-05-29 03:22:51.467 10 INFO neutron.api.wsgi [None req-36232d07-57f0-4a89-ac8d-aa97052fb2ee f0e1f8efade7448081d82c29b61a8a12 3c024b1a467c440e864b9c22ef77155b - - default default] 10.0.0.119 "PUT /v2.0/routers/3a64d4af-f1a6-4c3d-b359-a621b4332ba9/add_router_interface HTTP/1.1" status: 200 len: 503 time: 2.4050782
2026-05-29 03:22:51.489 9 INFO neutron.api.wsgi [req-3a64ef58-e921-43f8-a2fa-6c113426a0d1 req-4e29c6aa-b77c-4ece-a8be-cd96c0b15a6c cfd06e397f6f41e6ba3396505ce03daa 5551deca0bc643bdaa9d1fa00c6422b1 - - 0183fc77d5d24c26bd727dbfe351f1ba 0183fc77d5d24c26bd727dbfe351f1ba] 199.204.45.72 "GET /v2.0/networks/f41d0059-654a-4410-baeb-920201c7c919?fields=provider%3Aphysical_network&fields=provider%3Anetwork_type HTTP/1.1" status: 200 len: 277 time: 0.0481808
2026-05-29 03:22:51.738 10 INFO neutron.db.ovn_revision_numbers_db [None req-632352a7-b7a2-4cac-b0e1-795464dce7dc f0e1f8efade7448081d82c29b61a8a12 3c024b1a467c440e864b9c22ef77155b - - default default] Successfully bumped revision number for resource ef7d1e8e-10f1-47c3-8506-05e7215d7690 (type: security_groups) to 1
2026-05-29 03:22:51.751 10 INFO neutron.db.ovn_revision_numbers_db [None req-632352a7-b7a2-4cac-b0e1-795464dce7dc f0e1f8efade7448081d82c29b61a8a12 3c024b1a467c440e864b9c22ef77155b - - default default] Successfully bumped revision number for resource 34f7cc68-444e-4b44-8645-745ff0ab8c52 (type: security_group_rules) to 0
2026-05-29 03:22:51.768 10 INFO neutron.db.ovn_revision_numbers_db [None req-632352a7-b7a2-4cac-b0e1-795464dce7dc f0e1f8efade7448081d82c29b61a8a12 3c024b1a467c440e864b9c22ef77155b - - default default] Successfully bumped revision number for resource 865e63b0-f0d3-4dc0-868c-2e8f6af422aa (type: security_group_rules) to 0
2026-05-29 03:22:51.783 10 INFO neutron.db.ovn_revision_numbers_db [None req-632352a7-b7a2-4cac-b0e1-795464dce7dc f0e1f8efade7448081d82c29b61a8a12 3c024b1a467c440e864b9c22ef77155b - - default default] Successfully bumped revision number for resource 8a4eee09-8c2c-46f0-a5df-a485d5921adc (type: security_group_rules) to 0
2026-05-29 03:22:51.795 10 INFO neutron.db.ovn_revision_numbers_db [None req-632352a7-b7a2-4cac-b0e1-795464dce7dc f0e1f8efade7448081d82c29b61a8a12 3c024b1a467c440e864b9c22ef77155b - - default default] Successfully bumped revision number for resource fdd87afe-bbce-4891-88ef-b12c4744db1a (type: security_group_rules) to 0
2026-05-29 03:22:51.832 10 INFO neutron.api.wsgi [None req-632352a7-b7a2-4cac-b0e1-795464dce7dc f0e1f8efade7448081d82c29b61a8a12 3c024b1a467c440e864b9c22ef77155b - - default default] 10.0.0.119 "GET /v2.0/security-groups?tenant_id=f2d6f625872f4d6caf37f3860d89dea3&name=default HTTP/1.1" status: 200 len: 3120 time: 0.3038614
2026-05-29 03:22:52.035 10 INFO neutron.api.wsgi [None req-af003612-9c7f-4451-a4ff-c4dc04ae4496 f0e1f8efade7448081d82c29b61a8a12 3c024b1a467c440e864b9c22ef77155b - - default default] 10.0.0.119 "DELETE /v2.0/security-groups/ef7d1e8e-10f1-47c3-8506-05e7215d7690 HTTP/1.1" status: 204 len: 168 time: 0.1991320
2026-05-29 03:22:52.090 9 INFO neutron.api.wsgi [req-764b8e13-0bf5-4a08-827e-9c1c1b76cef8 req-0436bd99-7146-4b1a-9ede-097c77cdf08f 215d78be13844a7783bb6f8c2ce6d443 f664567e7008489cada23789cec6206c - - default default] 199.204.45.72 "GET /v2.0/ports?device_id=005bf510-94dd-4e73-abdc-b3133476f51d&device_owner=compute%3Anova&fixed_ips=ip_address%3D10.100.0.14 HTTP/1.1" status: 200 len: 1352 time: 0.0845537
2026-05-29 03:22:52.157 10 WARNING neutron_lib.context [None req-b4ac0609-adfd-444a-a32c-208d0c035752 288e5822162d49d88c52d326f396c046 181c6af7e8144429963752cbe489248c - - default default] Method 'is_advsvc' is deprecated since 2023.2 release (neutron-lib 3.8.0) and will be removed once support for the old RBAC API policies will be removed from Neutron. Please use method 'is_service_role' instead.
2026-05-29 03:22:52.309 10 INFO neutron.db.ovn_revision_numbers_db [None req-b4ac0609-adfd-444a-a32c-208d0c035752 288e5822162d49d88c52d326f396c046 181c6af7e8144429963752cbe489248c - - default default] Successfully bumped revision number for resource 0c37d038-9124-4fa3-9065-1f216b39e149 (type: security_groups) to 1
2026-05-29 03:22:52.311 9 INFO neutron.db.ovn_revision_numbers_db [None req-a1609ffd-b304-4d52-853b-70423848fd28 f0e1f8efade7448081d82c29b61a8a12 3c024b1a467c440e864b9c22ef77155b - - default default] Successfully bumped revision number for resource 0cd41d8d-76cf-41c4-b8f1-0ff62844e5a3 (type: security_groups) to 1
2026-05-29 03:22:52.327 10 INFO neutron.db.ovn_revision_numbers_db [None req-b4ac0609-adfd-444a-a32c-208d0c035752 288e5822162d49d88c52d326f396c046 181c6af7e8144429963752cbe489248c - - default default] Successfully bumped revision number for resource 8ddca74c-701f-45bf-a57d-c26d2eef14ac (type: security_group_rules) to 0
2026-05-29 03:22:52.331 9 INFO neutron.db.ovn_revision_numbers_db [None req-a1609ffd-b304-4d52-853b-70423848fd28 f0e1f8efade7448081d82c29b61a8a12 3c024b1a467c440e864b9c22ef77155b - - default default] Successfully bumped revision number for resource 277963c4-39c2-411f-9eb9-673c556d3b02 (type: security_group_rules) to 0
2026-05-29 03:22:52.342 10 INFO neutron.db.ovn_revision_numbers_db [None req-b4ac0609-adfd-444a-a32c-208d0c035752 288e5822162d49d88c52d326f396c046 181c6af7e8144429963752cbe489248c - - default default] Successfully bumped revision number for resource a40f90c7-f5ac-4969-910e-c3f8ab66edaf (type: security_group_rules) to 0
2026-05-29 03:22:52.347 9 INFO neutron.db.ovn_revision_numbers_db [None req-a1609ffd-b304-4d52-853b-70423848fd28 f0e1f8efade7448081d82c29b61a8a12 3c024b1a467c440e864b9c22ef77155b - - default default] Successfully bumped revision number for resource 67cd5ac0-926f-435c-940c-73e227636227 (type: security_group_rules) to 0
2026-05-29 03:22:52.360 9 INFO neutron.db.ovn_revision_numbers_db [None req-a1609ffd-b304-4d52-853b-70423848fd28 f0e1f8efade7448081d82c29b61a8a12 3c024b1a467c440e864b9c22ef77155b - - default default] Successfully bumped revision number for resource b0506f29-b917-4d90-b58c-cc18e4caecff (type: security_group_rules) to 0
2026-05-29 03:22:52.375 9 INFO neutron.db.ovn_revision_numbers_db [None req-a1609ffd-b304-4d52-853b-70423848fd28 f0e1f8efade7448081d82c29b61a8a12 3c024b1a467c440e864b9c22ef77155b - - default default] Successfully bumped revision number for resource f4857e36-cb39-4d57-afdf-844abe439fcc (type: security_group_rules) to 0
2026-05-29 03:22:52.378 10 INFO neutron.api.wsgi [None req-b4ac0609-adfd-444a-a32c-208d0c035752 288e5822162d49d88c52d326f396c046 181c6af7e8144429963752cbe489248c - - default default] 10.0.0.119 "POST /v2.0/security-groups HTTP/1.1" status: 201 len: 1859 time: 0.2255909
2026-05-29 03:22:52.395 10 WARNING neutron_lib.context [None req-2de75ea3-3f5e-4324-be74-0de21aa2f77b 288e5822162d49d88c52d326f396c046 181c6af7e8144429963752cbe489248c - - default default] Method 'is_advsvc' is deprecated since 2023.2 release (neutron-lib 3.8.0) and will be removed once support for the old RBAC API policies will be removed from Neutron. Please use method 'is_service_role' instead.
2026-05-29 03:22:52.408 9 INFO neutron.api.wsgi [None req-a1609ffd-b304-4d52-853b-70423848fd28 f0e1f8efade7448081d82c29b61a8a12 3c024b1a467c440e864b9c22ef77155b - - default default] 10.0.0.119 "GET /v2.0/security-groups?tenant_id=ba4ef55081fa42e2aca9a345349827a4&name=default HTTP/1.1" status: 200 len: 3120 time: 0.1999364
2026-05-29 03:22:52.551 10 INFO neutron.db.ovn_revision_numbers_db [None req-2de75ea3-3f5e-4324-be74-0de21aa2f77b 288e5822162d49d88c52d326f396c046 181c6af7e8144429963752cbe489248c - - default default] Successfully bumped revision number for resource f5a96b33-028e-43ff-966a-3fb3cbdf23ae (type: security_group_rules) to 0
2026-05-29 03:22:52.607 10 INFO neutron.api.wsgi [None req-2de75ea3-3f5e-4324-be74-0de21aa2f77b 288e5822162d49d88c52d326f396c046 181c6af7e8144429963752cbe489248c - - default default] 10.0.0.119 "POST /v2.0/security-group-rules HTTP/1.1" status: 201 len: 796 time: 0.2221320
2026-05-29 03:22:52.626 9 WARNING neutron_lib.context [None req-08454f56-f5e5-405d-8dc1-e394de202457 288e5822162d49d88c52d326f396c046 181c6af7e8144429963752cbe489248c - - default default] Method 'is_advsvc' is deprecated since 2023.2 release (neutron-lib 3.8.0) and will be removed once support for the old RBAC API policies will be removed from Neutron. Please use method 'is_service_role' instead.
2026-05-29 03:22:52.753 9 INFO neutron.api.wsgi [None req-2b53000c-7fbe-42ca-a236-353ba7707b5b f0e1f8efade7448081d82c29b61a8a12 3c024b1a467c440e864b9c22ef77155b - - default default] 10.0.0.119 "DELETE /v2.0/security-groups/0cd41d8d-76cf-41c4-b8f1-0ff62844e5a3 HTTP/1.1" status: 204 len: 168 time: 0.3402026
2026-05-29 03:22:52.797 9 INFO neutron.db.ovn_revision_numbers_db [None req-08454f56-f5e5-405d-8dc1-e394de202457 288e5822162d49d88c52d326f396c046 181c6af7e8144429963752cbe489248c - - default default] Successfully bumped revision number for resource 6348d193-a0f9-4041-ad77-678b94e89499 (type: security_group_rules) to 0
2026-05-29 03:22:52.833 9 INFO neutron.api.wsgi [None req-08454f56-f5e5-405d-8dc1-e394de202457 288e5822162d49d88c52d326f396c046 181c6af7e8144429963752cbe489248c - - default default] 10.0.0.119 "POST /v2.0/security-group-rules HTTP/1.1" status: 201 len: 801 time: 0.2169454
2026-05-29 03:22:52.843 10 WARNING neutron_lib.context [None req-825f4c02-b4c9-4244-9cb8-65905139ae8f 288e5822162d49d88c52d326f396c046 181c6af7e8144429963752cbe489248c - - default default] Method 'is_advsvc' is deprecated since 2023.2 release (neutron-lib 3.8.0) and will be removed once support for the old RBAC API policies will be removed from Neutron. Please use method 'is_service_role' instead.
2026-05-29 03:22:52.923 9 INFO neutron.db.ovn_revision_numbers_db [req-764b8e13-0bf5-4a08-827e-9c1c1b76cef8 req-a41316b7-4dcd-41e3-ba02-3ae9e16bd361 215d78be13844a7783bb6f8c2ce6d443 f664567e7008489cada23789cec6206c - - default default] Successfully bumped revision number for resource 1e256f21-19a8-4f51-a497-07b08f8b2562 (type: ports) to 7
2026-05-29 03:22:52.934 9 INFO neutron.api.wsgi [req-764b8e13-0bf5-4a08-827e-9c1c1b76cef8 req-a41316b7-4dcd-41e3-ba02-3ae9e16bd361 215d78be13844a7783bb6f8c2ce6d443 f664567e7008489cada23789cec6206c - - default default] 199.204.45.72 "PUT /v2.0/ports/1e256f21-19a8-4f51-a497-07b08f8b2562 HTTP/1.1" status: 200 len: 1167 time: 0.8404109
2026-05-29 03:22:52.967 9 INFO neutron.notifiers.nova [-] Nova event matching ['req-68005d79-6411-423b-b2bf-cb16fa1acae4'] response: {'name': 'network-changed', 'server_uuid': '005bf510-94dd-4e73-abdc-b3133476f51d', 'tag': '1e256f21-19a8-4f51-a497-07b08f8b2562', 'status': 'completed', 'code': 200}
2026-05-29 03:22:53.052 10 WARNING neutron.scheduler.dhcp_agent_scheduler [None req-825f4c02-b4c9-4244-9cb8-65905139ae8f 288e5822162d49d88c52d326f396c046 181c6af7e8144429963752cbe489248c - - default default] No more DHCP agents
2026-05-29 03:22:53.054 10 WARNING neutron.api.rpc.agentnotifiers.dhcp_rpc_agent_api [None req-825f4c02-b4c9-4244-9cb8-65905139ae8f 288e5822162d49d88c52d326f396c046 181c6af7e8144429963752cbe489248c - - default default] Unable to schedule network d7eb82ce-76d8-4868-a005-bb4c2517cb9a: no agents available; will retry on subsequent port and subnet creation events.
2026-05-29 03:22:53.346 10 INFO neutron.api.wsgi [None req-825f4c02-b4c9-4244-9cb8-65905139ae8f 288e5822162d49d88c52d326f396c046 181c6af7e8144429963752cbe489248c - - default default] 10.0.0.119 "POST /v2.0/floatingips HTTP/1.1" status: 201 len: 751 time: 0.5072622 /var/lib/openstack/lib/python3.12/site-packages/pycadf/identifier.py:71: UserWarning: Invalid uuid: neutron. To ensure interoperability, identifiers should be a valid uuid. warnings.warn(('Invalid uuid: %s. To ensure interoperability, '
2026-05-29 03:22:53.483 9 INFO neutron.api.wsgi [req-764b8e13-0bf5-4a08-827e-9c1c1b76cef8 req-ec44385e-a30a-4a35-bb77-187c41369970 cfd06e397f6f41e6ba3396505ce03daa 5551deca0bc643bdaa9d1fa00c6422b1 - - 0183fc77d5d24c26bd727dbfe351f1ba 0183fc77d5d24c26bd727dbfe351f1ba] 199.204.45.72 "GET /v2.0/ports?tenant_id=f664567e7008489cada23789cec6206c&device_id=005bf510-94dd-4e73-abdc-b3133476f51d HTTP/1.1" status: 200 len: 1409 time: 0.0395365
2026-05-29 03:22:53.543 9 INFO neutron.api.wsgi [req-764b8e13-0bf5-4a08-827e-9c1c1b76cef8 req-7ece329c-0fb1-4303-8ce8-f26be5174b49 cfd06e397f6f41e6ba3396505ce03daa 5551deca0bc643bdaa9d1fa00c6422b1 - - 0183fc77d5d24c26bd727dbfe351f1ba 0183fc77d5d24c26bd727dbfe351f1ba] 199.204.45.72 "GET /v2.0/networks?id=f41d0059-654a-4410-baeb-920201c7c919 HTTP/1.1" status: 200 len: 982 time: 0.0512896
2026-05-29 03:22:53.588 9 INFO neutron.api.wsgi [req-764b8e13-0bf5-4a08-827e-9c1c1b76cef8 req-20f524fb-2d79-4de3-88a9-24b971a177c5 cfd06e397f6f41e6ba3396505ce03daa 5551deca0bc643bdaa9d1fa00c6422b1 - - 0183fc77d5d24c26bd727dbfe351f1ba 0183fc77d5d24c26bd727dbfe351f1ba] 199.204.45.72 "GET /v2.0/floatingips?fixed_ip_address=10.100.0.9&port_id=1e256f21-19a8-4f51-a497-07b08f8b2562 HTTP/1.1" status: 200 len: 1059 time: 0.0392232
2026-05-29 03:22:53.626 9 INFO neutron.api.wsgi [req-764b8e13-0bf5-4a08-827e-9c1c1b76cef8 req-19061b7e-0aff-4d91-8dbb-7da8d5beb16e cfd06e397f6f41e6ba3396505ce03daa 5551deca0bc643bdaa9d1fa00c6422b1 - - 0183fc77d5d24c26bd727dbfe351f1ba 0183fc77d5d24c26bd727dbfe351f1ba] 199.204.45.72 "GET /v2.0/subnets?id=c583ea9a-daf3-49f9-81de-ec1116dc46f8 HTTP/1.1" status: 200 len: 901 time: 0.0335250
2026-05-29 03:22:53.648 9 INFO neutron.api.wsgi [req-764b8e13-0bf5-4a08-827e-9c1c1b76cef8 req-27fd3a2d-be51-4faf-95e6-10847194885c cfd06e397f6f41e6ba3396505ce03daa 5551deca0bc643bdaa9d1fa00c6422b1 - - 0183fc77d5d24c26bd727dbfe351f1ba 0183fc77d5d24c26bd727dbfe351f1ba] 199.204.45.72 "GET /v2.0/ports?network_id=f41d0059-654a-4410-baeb-920201c7c919&device_owner=network%3Adhcp HTTP/1.1" status: 200 len: 210 time: 0.0180619
2026-05-29 03:22:53.692 9 INFO neutron.api.wsgi [req-764b8e13-0bf5-4a08-827e-9c1c1b76cef8 req-751dabc9-28a7-4b34-b5e2-2ef1a85eb558 cfd06e397f6f41e6ba3396505ce03daa 5551deca0bc643bdaa9d1fa00c6422b1 - - 0183fc77d5d24c26bd727dbfe351f1ba 0183fc77d5d24c26bd727dbfe351f1ba] 199.204.45.72 "GET /v2.0/networks/f41d0059-654a-4410-baeb-920201c7c919?fields=segments HTTP/1.1" status: 200 len: 212 time: 0.0382335
2026-05-29 03:22:53.746 9 INFO neutron.api.wsgi [req-764b8e13-0bf5-4a08-827e-9c1c1b76cef8 req-0f80e514-5018-4f75-a57c-680214c44b6d cfd06e397f6f41e6ba3396505ce03daa 5551deca0bc643bdaa9d1fa00c6422b1 - - 0183fc77d5d24c26bd727dbfe351f1ba 0183fc77d5d24c26bd727dbfe351f1ba] 199.204.45.72 "GET /v2.0/networks/f41d0059-654a-4410-baeb-920201c7c919?fields=provider%3Aphysical_network&fields=provider%3Anetwork_type HTTP/1.1" status: 200 len: 277 time: 0.0488582
2026-05-29 03:22:53.803 9 INFO neutron.api.wsgi [req-8ee83dc4-7001-4f40-a393-4cff5354e47b req-5bb7377c-db02-433a-af6e-76e3ea503dd7 288e5822162d49d88c52d326f396c046 181c6af7e8144429963752cbe489248c - - default default] 10.0.0.246 "GET /v2.0/security-groups?name=tempest-securitygroup--795495844&fields=id&tenant_id=181c6af7e8144429963752cbe489248c HTTP/1.1" status: 200 len: 267 time: 0.0326662
2026-05-29 03:22:53.854 9 INFO neutron.api.wsgi [req-8ee83dc4-7001-4f40-a393-4cff5354e47b req-f222a590-5b56-47ad-afba-95b63a4881cd 288e5822162d49d88c52d326f396c046 181c6af7e8144429963752cbe489248c - - default default] 10.0.0.246 "GET /v2.0/networks?id=c6373545-413b-4238-8523-5b48c8f9e5f5 HTTP/1.1" status: 200 len: 868 time: 0.0445821
2026-05-29 03:22:53.869 9 INFO neutron.api.wsgi [req-8ee83dc4-7001-4f40-a393-4cff5354e47b req-07e5742e-9f55-4172-b136-983d980623f7 288e5822162d49d88c52d326f396c046 181c6af7e8144429963752cbe489248c - - default default] 10.0.0.246 "GET /v2.0/quotas/181c6af7e8144429963752cbe489248c HTTP/1.1" status: 200 len: 491 time: 0.0093279
2026-05-29 03:22:53.934 9 INFO neutron.api.wsgi [req-8ee83dc4-7001-4f40-a393-4cff5354e47b req-5d6b0a58-2687-4c32-9ba3-288e491a468e 288e5822162d49d88c52d326f396c046 181c6af7e8144429963752cbe489248c - - default default] 10.0.0.246 "GET /v2.0/ports?tenant_id=181c6af7e8144429963752cbe489248c&fields=id HTTP/1.1" status: 200 len: 302 time: 0.0606260
2026-05-29 03:22:53.988 9 INFO neutron.api.wsgi [req-8ee83dc4-7001-4f40-a393-4cff5354e47b req-5e343288-a110-4708-9628-e41a10324871 cfd06e397f6f41e6ba3396505ce03daa 5551deca0bc643bdaa9d1fa00c6422b1 - - 0183fc77d5d24c26bd727dbfe351f1ba 0183fc77d5d24c26bd727dbfe351f1ba] 10.0.0.246 "GET /v2.0/networks/c6373545-413b-4238-8523-5b48c8f9e5f5?fields=segments HTTP/1.1" status: 200 len: 212 time: 0.0413918
2026-05-29 03:22:54.039 9 INFO neutron.api.wsgi [req-8ee83dc4-7001-4f40-a393-4cff5354e47b req-8ce6f9b0-ae07-4c02-96f9-6070b94adc55 cfd06e397f6f41e6ba3396505ce03daa 5551deca0bc643bdaa9d1fa00c6422b1 - - 0183fc77d5d24c26bd727dbfe351f1ba 0183fc77d5d24c26bd727dbfe351f1ba] 10.0.0.246 "GET /v2.0/networks/c6373545-413b-4238-8523-5b48c8f9e5f5?fields=provider%3Aphysical_network&fields=provider%3Anetwork_type HTTP/1.1" status: 200 len: 277 time: 0.0418911
2026-05-29 03:22:54.187 10 INFO neutron.api.wsgi [req-feb1059d-a348-4f86-bfd1-5c8918e9baf7 req-9a90a8a8-badf-4ebb-8c34-e5725ff8e34f 288e5822162d49d88c52d326f396c046 181c6af7e8144429963752cbe489248c - - default default] 10.0.0.246 "GET /v2.0/ports?device_id=1705a3ff-7f2b-4ae4-b000-43395efe7c5c HTTP/1.1" status: 200 len: 210 time: 0.0241065
2026-05-29 03:22:54.503 9 INFO neutron.api.wsgi [req-6c060155-6b86-4579-bead-c79ac889b943 req-c1872486-7b6a-4a34-879a-6415a986a174 215d78be13844a7783bb6f8c2ce6d443 f664567e7008489cada23789cec6206c - - default default] 10.0.0.246 "GET /v2.0/ports?device_id=005bf510-94dd-4e73-abdc-b3133476f51d HTTP/1.1" status: 200 len: 1170 time: 0.0386577
2026-05-29 03:22:54.545 9 INFO neutron.api.wsgi [req-6c060155-6b86-4579-bead-c79ac889b943 req-634ec037-23cf-4e11-879c-6497e10aa0d1 215d78be13844a7783bb6f8c2ce6d443 f664567e7008489cada23789cec6206c - - default default] 10.0.0.246 "GET /v2.0/security-groups?id=e4859fbb-e3ea-4269-a315-1a64ff89e8e1&fields=id&fields=name HTTP/1.1" status: 200 len: 313 time: 0.0351932
2026-05-29 03:22:54.794 9 INFO neutron.api.wsgi [req-a145bf2b-fc29-455f-b7d8-01e347f5e0a9 req-a55675c6-0d5e-42cb-b57c-16116222d937 cfd06e397f6f41e6ba3396505ce03daa 5551deca0bc643bdaa9d1fa00c6422b1 - - 0183fc77d5d24c26bd727dbfe351f1ba 0183fc77d5d24c26bd727dbfe351f1ba] 199.204.45.72 "GET /v2.0/ports?tenant_id=f664567e7008489cada23789cec6206c&device_id=005bf510-94dd-4e73-abdc-b3133476f51d HTTP/1.1" status: 200 len: 1409 time: 0.0301313
2026-05-29 03:22:54.844 9 INFO neutron.api.wsgi [req-a145bf2b-fc29-455f-b7d8-01e347f5e0a9 req-50069b87-4921-489b-81ec-76b0a50f41e2 cfd06e397f6f41e6ba3396505ce03daa 5551deca0bc643bdaa9d1fa00c6422b1 - - 0183fc77d5d24c26bd727dbfe351f1ba 0183fc77d5d24c26bd727dbfe351f1ba] 199.204.45.72 "GET /v2.0/networks?id=f41d0059-654a-4410-baeb-920201c7c919 HTTP/1.1" status: 200 len: 982 time: 0.0452752
2026-05-29 03:22:54.881 9 INFO neutron.api.wsgi [req-a145bf2b-fc29-455f-b7d8-01e347f5e0a9 req-d99f51a5-7a0d-42ce-b310-5037fe11d19a cfd06e397f6f41e6ba3396505ce03daa 5551deca0bc643bdaa9d1fa00c6422b1 - - 0183fc77d5d24c26bd727dbfe351f1ba 0183fc77d5d24c26bd727dbfe351f1ba] 199.204.45.72 "GET /v2.0/floatingips?fixed_ip_address=10.100.0.9&port_id=1e256f21-19a8-4f51-a497-07b08f8b2562 HTTP/1.1" status: 200 len: 1059 time: 0.0337000
2026-05-29 03:22:54.914 9 INFO neutron.api.wsgi [req-a145bf2b-fc29-455f-b7d8-01e347f5e0a9 req-3abeac88-826d-433f-ad7d-c4c4f960cf85 cfd06e397f6f41e6ba3396505ce03daa 5551deca0bc643bdaa9d1fa00c6422b1 - - 0183fc77d5d24c26bd727dbfe351f1ba 0183fc77d5d24c26bd727dbfe351f1ba] 199.204.45.72 "GET /v2.0/subnets?id=c583ea9a-daf3-49f9-81de-ec1116dc46f8 HTTP/1.1" status: 200 len: 901 time: 0.0266759
2026-05-29 03:22:54.946 9 INFO neutron.api.wsgi [req-a145bf2b-fc29-455f-b7d8-01e347f5e0a9 req-e1130dba-1ff4-406a-b631-ee3973eb84a2 cfd06e397f6f41e6ba3396505ce03daa 5551deca0bc643bdaa9d1fa00c6422b1 - - 0183fc77d5d24c26bd727dbfe351f1ba 0183fc77d5d24c26bd727dbfe351f1ba] 199.204.45.72 "GET /v2.0/ports?network_id=f41d0059-654a-4410-baeb-920201c7c919&device_owner=network%3Adhcp HTTP/1.1" status: 200 len: 210 time: 0.0218995
2026-05-29 03:22:54.999 9 INFO neutron.api.wsgi [req-a145bf2b-fc29-455f-b7d8-01e347f5e0a9 req-734b6bd8-695c-4f8e-bccf-15e1417d4f61 cfd06e397f6f41e6ba3396505ce03daa 5551deca0bc643bdaa9d1fa00c6422b1 - - 0183fc77d5d24c26bd727dbfe351f1ba 0183fc77d5d24c26bd727dbfe351f1ba] 199.204.45.72 "GET /v2.0/networks/f41d0059-654a-4410-baeb-920201c7c919?fields=segments HTTP/1.1" status: 200 len: 212 time: 0.0457380
2026-05-29 03:22:55.026 9 INFO neutron.plugins.ml2.drivers.ovn.mech_driver.mech_driver [None req-5ef51f40-ab4f-4158-9d28-2607d25895d1 - - - - - -] OVN reports status down for port: 1e256f21-19a8-4f51-a497-07b08f8b2562
2026-05-29 03:22:55.061 9 INFO neutron.api.wsgi [req-a145bf2b-fc29-455f-b7d8-01e347f5e0a9 req-f741f4a2-3a11-4258-90b7-4486af2680ec cfd06e397f6f41e6ba3396505ce03daa 5551deca0bc643bdaa9d1fa00c6422b1 - - 0183fc77d5d24c26bd727dbfe351f1ba 0183fc77d5d24c26bd727dbfe351f1ba] 199.204.45.72 "GET /v2.0/networks/f41d0059-654a-4410-baeb-920201c7c919?fields=provider%3Aphysical_network&fields=provider%3Anetwork_type HTTP/1.1" status: 200 len: 277 time: 0.0559747
2026-05-29 03:22:55.190 9 INFO neutron.notifiers.nova [-] Nova event matching ['req-10d9025d-6263-4625-8c57-b7935759fb4a'] response: {'server_uuid': '005bf510-94dd-4e73-abdc-b3133476f51d', 'name': 'network-vif-unplugged', 'status': 'completed', 'tag': '1e256f21-19a8-4f51-a497-07b08f8b2562', 'code': 200}
2026-05-29 03:22:55.228 10 INFO neutron.db.ovn_revision_numbers_db [None req-3fbac4c2-1748-43de-b285-a9f735717dfe f0e1f8efade7448081d82c29b61a8a12 3c024b1a467c440e864b9c22ef77155b - - default default] Successfully bumped revision number for resource 5e7e3538-bf54-4340-893e-f85308d847d0 (type: security_groups) to 1
2026-05-29 03:22:55.244 10 INFO neutron.db.ovn_revision_numbers_db [None req-3fbac4c2-1748-43de-b285-a9f735717dfe f0e1f8efade7448081d82c29b61a8a12 3c024b1a467c440e864b9c22ef77155b - - default default] Successfully bumped revision number for resource 2e79c1e2-f2b5-4c64-941e-ce2005920b1c (type: security_group_rules) to 0
2026-05-29 03:22:55.257 10 INFO neutron.db.ovn_revision_numbers_db [None req-3fbac4c2-1748-43de-b285-a9f735717dfe f0e1f8efade7448081d82c29b61a8a12 3c024b1a467c440e864b9c22ef77155b - - default default] Successfully bumped revision number for resource 54b36945-99f2-4f55-bb60-ee926868319f (type: security_group_rules) to 0
2026-05-29 03:22:55.269 9 INFO neutron.api.wsgi [req-437440b4-949d-49f5-8d45-a324f794e7f5 req-1a66c9c4-2375-4a22-99ab-69bb62b8b364 288e5822162d49d88c52d326f396c046 181c6af7e8144429963752cbe489248c - - default default] 10.0.0.246 "GET /v2.0/ports?device_id=1705a3ff-7f2b-4ae4-b000-43395efe7c5c HTTP/1.1" status: 200 len: 210 time: 0.0231681
2026-05-29 03:22:55.273 10 INFO neutron.db.ovn_revision_numbers_db [None req-3fbac4c2-1748-43de-b285-a9f735717dfe f0e1f8efade7448081d82c29b61a8a12 3c024b1a467c440e864b9c22ef77155b - - default default] Successfully bumped revision number for resource 62310250-6ff8-4600-a3eb-4c5c97ce00a8 (type: security_group_rules) to 0
2026-05-29 03:22:55.283 10 INFO neutron.db.ovn_revision_numbers_db [None req-53bd7c2f-20d5-473e-b908-b3f179377c0b f0e1f8efade7448081d82c29b61a8a12 3c024b1a467c440e864b9c22ef77155b - - default default] Successfully bumped revision number for resource 14850dc6-4396-4e99-9b25-9f2762506fc3 (type: security_groups) to 1
2026-05-29 03:22:55.285 10 INFO neutron.db.ovn_revision_numbers_db [None req-3fbac4c2-1748-43de-b285-a9f735717dfe f0e1f8efade7448081d82c29b61a8a12 3c024b1a467c440e864b9c22ef77155b - - default default] Successfully bumped revision number for resource 9968d8fd-8143-4108-a92d-562062bdf8e6 (type: security_group_rules) to 0
2026-05-29 03:22:55.292 9 INFO neutron.db.ovn_revision_numbers_db [None req-5ef51f40-ab4f-4158-9d28-2607d25895d1 - - - - - -] Successfully bumped revision number for resource 1e256f21-19a8-4f51-a497-07b08f8b2562 (type: ports) to 8
2026-05-29 03:22:55.301 10 INFO neutron.db.ovn_revision_numbers_db [None req-53bd7c2f-20d5-473e-b908-b3f179377c0b f0e1f8efade7448081d82c29b61a8a12 3c024b1a467c440e864b9c22ef77155b - - default default] Successfully bumped revision number for resource 11609620-c75c-46c2-8140-9bcced15ef42 (type: security_group_rules) to 0
2026-05-29 03:22:55.317 10 INFO neutron.db.ovn_revision_numbers_db [None req-53bd7c2f-20d5-473e-b908-b3f179377c0b f0e1f8efade7448081d82c29b61a8a12 3c024b1a467c440e864b9c22ef77155b - - default default] Successfully bumped revision number for resource 117ac7a1-9ab9-410d-8eac-15b55095fed6 (type: security_group_rules) to 0
2026-05-29 03:22:55.324 10 INFO neutron.api.wsgi [None req-3fbac4c2-1748-43de-b285-a9f735717dfe f0e1f8efade7448081d82c29b61a8a12 3c024b1a467c440e864b9c22ef77155b - - default default] 10.0.0.119 "GET /v2.0/security-groups?tenant_id=d94f011c89ba445ead5daeb6953f7340&name=default HTTP/1.1" status: 200 len: 3120 time: 0.3403957
2026-05-29 03:22:55.333 10 INFO neutron.db.ovn_revision_numbers_db [None req-53bd7c2f-20d5-473e-b908-b3f179377c0b f0e1f8efade7448081d82c29b61a8a12 3c024b1a467c440e864b9c22ef77155b - - default default] Successfully bumped revision number for resource 337ee943-3147-4c5a-bde0-71f777783c6f (type: security_group_rules) to 0
2026-05-29 03:22:55.353 10 INFO neutron.db.ovn_revision_numbers_db [None req-53bd7c2f-20d5-473e-b908-b3f179377c0b f0e1f8efade7448081d82c29b61a8a12 3c024b1a467c440e864b9c22ef77155b - - default default] Successfully bumped revision number for resource 7462cf5c-e31f-4c11-bafc-5bb152b87e36 (type: security_group_rules) to 0
2026-05-29 03:22:55.399 10 INFO neutron.api.wsgi [None req-53bd7c2f-20d5-473e-b908-b3f179377c0b f0e1f8efade7448081d82c29b61a8a12 3c024b1a467c440e864b9c22ef77155b - - default default] 10.0.0.119 "GET /v2.0/security-groups?tenant_id=2b39773037214fa9b89cea4e79a1940c&name=default HTTP/1.1" status: 200 len: 3120 time: 0.4290624 /var/lib/openstack/lib/python3.12/site-packages/pycadf/identifier.py:71: UserWarning: Invalid uuid: neutron. To ensure interoperability, identifiers should be a valid uuid. warnings.warn(('Invalid uuid: %s. To ensure interoperability, '
2026-05-29 03:22:55.521 10 INFO neutron.api.wsgi [None req-3c5159a6-30b2-4f6b-bac1-dedd4e3c67d5 f0e1f8efade7448081d82c29b61a8a12 3c024b1a467c440e864b9c22ef77155b - - default default] 10.0.0.119 "DELETE /v2.0/security-groups/5e7e3538-bf54-4340-893e-f85308d847d0 HTTP/1.1" status: 204 len: 168 time: 0.1927004
2026-05-29 03:22:55.617 9 INFO neutron.api.wsgi [None req-f2b98fd0-21fb-4481-abbe-1484a5704343 f0e1f8efade7448081d82c29b61a8a12 3c024b1a467c440e864b9c22ef77155b - - default default] 10.0.0.119 "DELETE /v2.0/security-groups/14850dc6-4396-4e99-9b25-9f2762506fc3 HTTP/1.1" status: 204 len: 168 time: 0.2094922
2026-05-29 03:22:55.677 10 INFO neutron.api.wsgi [req-ec239302-4669-40d5-98ae-7d812eec0017 req-a48243c2-29d3-47f2-ab15-4825f0bb1696 215d78be13844a7783bb6f8c2ce6d443 f664567e7008489cada23789cec6206c - - default default] 10.0.0.246 "GET /v2.0/ports?device_id=005bf510-94dd-4e73-abdc-b3133476f51d HTTP/1.1" status: 200 len: 1168 time: 0.0692799
2026-05-29 03:22:55.716 10 INFO neutron.api.wsgi [req-ec239302-4669-40d5-98ae-7d812eec0017 req-d847d5fd-965e-4272-8222-8960f3a415a0 215d78be13844a7783bb6f8c2ce6d443 f664567e7008489cada23789cec6206c - - default default] 10.0.0.246 "GET /v2.0/security-groups?id=e4859fbb-e3ea-4269-a315-1a64ff89e8e1&fields=id&fields=name HTTP/1.1" status: 200 len: 313 time: 0.0339384
2026-05-29 03:22:56.242 9 INFO neutron.api.wsgi [req-0ecf9772-fd91-4ae7-8ac3-20d5293279fd req-0da248a5-8a05-4f36-8406-49181d237148 215d78be13844a7783bb6f8c2ce6d443 f664567e7008489cada23789cec6206c - - default default] 199.204.45.72 "GET /v2.0/ports?device_id=005bf510-94dd-4e73-abdc-b3133476f51d HTTP/1.1" status: 200 len: 1168 time: 0.0367441
2026-05-29 03:22:56.358 9 INFO neutron.api.wsgi [req-38bf2b67-8316-4aa1-9a3e-f49b79fbebb5 req-73a1a593-2781-4776-83f3-e75ea561e5cb 288e5822162d49d88c52d326f396c046 181c6af7e8144429963752cbe489248c - - default default] 10.0.0.246 "GET /v2.0/ports?device_id=1705a3ff-7f2b-4ae4-b000-43395efe7c5c HTTP/1.1" status: 200 len: 210 time: 0.0183775
2026-05-29 03:22:56.564 9 INFO neutron.db.l3_db [req-0ecf9772-fd91-4ae7-8ac3-20d5293279fd req-39cc4faf-14ae-4ab1-808a-a6e5a8936fb2 215d78be13844a7783bb6f8c2ce6d443 f664567e7008489cada23789cec6206c - - default default] Floating IP a30225cc-8900-427f-b8b1-98d3629f715e disassociated. External IP: 10.96.250.202, port: 1e256f21-19a8-4f51-a497-07b08f8b2562.
2026-05-29 03:22:56.694 9 INFO neutron.api.wsgi [req-0ecf9772-fd91-4ae7-8ac3-20d5293279fd req-39cc4faf-14ae-4ab1-808a-a6e5a8936fb2 215d78be13844a7783bb6f8c2ce6d443 f664567e7008489cada23789cec6206c - - default default] 199.204.45.72 "DELETE /v2.0/ports/1e256f21-19a8-4f51-a497-07b08f8b2562 HTTP/1.1" status: 204 len: 173 time: 0.4484344
2026-05-29 03:22:56.787 10 INFO neutron.api.wsgi [req-262a7181-2773-4f8e-b7eb-2cb0a2bcdb95 req-765431fd-417e-4347-881c-02ba28b460b6 215d78be13844a7783bb6f8c2ce6d443 f664567e7008489cada23789cec6206c - - default default] 10.0.0.246 "GET /v2.0/ports?device_id=005bf510-94dd-4e73-abdc-b3133476f51d HTTP/1.1" status: 200 len: 210 time: 0.0159147
2026-05-29 03:22:57.153 10 WARNING neutron.plugins.ml2.drivers.ovn.mech_driver.ovsdb.ovn_client [None req-1b6307c1-16de-4754-8065-d1542c78eaf8 - - - - - -] No hosting information found for port 7037376b-47a2-4034-9248-392332275594: RuntimeError: No hosting information found for port 7037376b-47a2-4034-9248-392332275594
2026-05-29 03:22:57.233 9 INFO neutron.notifiers.nova [-] Nova event matching ['req-e147721e-2cfd-4d03-8583-5b35f45abef6'] response: {'server_uuid': '005bf510-94dd-4e73-abdc-b3133476f51d', 'name': 'network-vif-unplugged', 'status': 'completed', 'tag': '1e256f21-19a8-4f51-a497-07b08f8b2562', 'code': 200}
2026-05-29 03:22:57.233 9 INFO neutron.notifiers.nova [-] Nova event matching ['req-e147721e-2cfd-4d03-8583-5b35f45abef6'] response: {'server_uuid': '005bf510-94dd-4e73-abdc-b3133476f51d', 'name': 'network-vif-deleted', 'tag': '1e256f21-19a8-4f51-a497-07b08f8b2562', 'status': 'completed', 'code': 200}
2026-05-29 03:22:57.288 10 INFO neutron.db.ovn_revision_numbers_db [None req-1b6307c1-16de-4754-8065-d1542c78eaf8 - - - - - -] Successfully bumped revision number for resource 7037376b-47a2-4034-9248-392332275594 (type: router_ports) to 2 /var/lib/openstack/lib/python3.12/site-packages/pycadf/identifier.py:71: UserWarning: Invalid uuid: neutron. To ensure interoperability, identifiers should be a valid uuid. warnings.warn(('Invalid uuid: %s. To ensure interoperability, '
2026-05-29 03:22:57.399 10 INFO neutron.api.wsgi [None req-eb19ab99-a507-4147-bc8a-8b23c0b6abe9 6632fd2abaee405f838ea1af6003d2df f9617f8a5ad7415a9991bc90a053a6df - - default default] 10.0.0.119 "GET /v2.0/extensions HTTP/1.1" status: 200 len: 19293 time: 0.1467826
2026-05-29 03:22:57.417 10 INFO neutron.api.wsgi [None req-7ebd1cce-516e-41ae-8a14-a8430f50beaf 6632fd2abaee405f838ea1af6003d2df f9617f8a5ad7415a9991bc90a053a6df - - default default] 10.0.0.119 "GET /v2.0/extensions/address-group HTTP/1.1" status: 200 len: 353 time: 0.0081623
2026-05-29 03:22:57.420 10 WARNING neutron_lib.context [None req-5daabc82-a10c-4d6e-bcfa-3a7abc9a87f6 64fbab3ba96f4024915e0356e90ec10e b629349c1b2e43faaef29721413f7f42 - - default default] Method 'is_advsvc' is deprecated since 2023.2 release (neutron-lib 3.8.0) and will be removed once support for the old RBAC API policies will be removed from Neutron. Please use method 'is_service_role' instead.
2026-05-29 03:22:57.421 10 WARNING neutron_lib.context [None req-5daabc82-a10c-4d6e-bcfa-3a7abc9a87f6 64fbab3ba96f4024915e0356e90ec10e b629349c1b2e43faaef29721413f7f42 - - default default] Method 'is_advsvc' is deprecated since 2023.2 release (neutron-lib 3.8.0) and will be removed once support for the old RBAC API policies will be removed from Neutron. Please use method 'is_service_role' instead.
2026-05-29 03:22:57.426 9 INFO neutron.api.wsgi [None req-5b2f7f10-e24d-475b-b877-93760c865a68 6632fd2abaee405f838ea1af6003d2df f9617f8a5ad7415a9991bc90a053a6df - - default default] 10.0.0.119 "GET /v2.0/extensions/address-scope HTTP/1.1" status: 200 len: 357 time: 0.0040603
2026-05-29 03:22:57.433 9 INFO neutron.api.wsgi [None req-03ec8b32-7d63-4bf7-ace7-58621993e0f2 6632fd2abaee405f838ea1af6003d2df f9617f8a5ad7415a9991bc90a053a6df - - default default] 10.0.0.119 "GET /v2.0/extensions/agent HTTP/1.1" status: 200 len: 347 time: 0.0034966
2026-05-29 03:22:57.441 9 INFO neutron.api.wsgi [None req-3a0a739e-58ed-4070-bc6a-c3f8eeb686e3 6632fd2abaee405f838ea1af6003d2df f9617f8a5ad7415a9991bc90a053a6df - - default default] 10.0.0.119 "GET /v2.0/extensions/allowed-address-pairs HTTP/1.1" status: 200 len: 378 time: 0.0035665
2026-05-29 03:22:57.446 10 INFO neutron.api.wsgi [req-83a6bdb8-abc0-4644-a243-cbd248be5750 req-045b0e69-abaf-449d-b527-1288f73cc6d0 288e5822162d49d88c52d326f396c046 181c6af7e8144429963752cbe489248c - - default default] 10.0.0.246 "GET /v2.0/ports?device_id=1705a3ff-7f2b-4ae4-b000-43395efe7c5c HTTP/1.1" status: 200 len: 210 time: 0.0221081
2026-05-29 03:22:57.448 9 INFO neutron.api.wsgi [None req-2d22f541-e2ce-4b26-93bc-200d8ffdf047 6632fd2abaee405f838ea1af6003d2df f9617f8a5ad7415a9991bc90a053a6df - - default default] 10.0.0.119 "GET /v2.0/extensions/auto-allocated-topology HTTP/1.1" status: 200 len: 394 time: 0.0042512
2026-05-29 03:22:57.455 10 INFO neutron.api.wsgi [None req-2c58f99a-efc2-4e9a-8045-0a6a4712c0a9 6632fd2abaee405f838ea1af6003d2df f9617f8a5ad7415a9991bc90a053a6df - - default default] 10.0.0.119 "GET /v2.0/extensions/availability_zone HTTP/1.1" status: 200 len: 372 time: 0.0034959
2026-05-29 03:22:57.466 9 INFO neutron.api.wsgi [None req-19a23c3c-b5db-4882-a3e0-eee4ec8e63a1 6632fd2abaee405f838ea1af6003d2df f9617f8a5ad7415a9991bc90a053a6df - - default default] 10.0.0.119 "GET /v2.0/extensions/default-subnetpools HTTP/1.1" status: 200 len: 405 time: 0.0062687
2026-05-29 03:22:57.473 9 INFO neutron.api.wsgi [None req-ad3fec77-b0af-4341-9a83-deb15cd8f5a9 6632fd2abaee405f838ea1af6003d2df f9617f8a5ad7415a9991bc90a053a6df - - default default] 10.0.0.119 "GET /v2.0/extensions/dhcp_agent_scheduler HTTP/1.1" status: 200 len: 381 time: 0.0027540
2026-05-29 03:22:57.479 9 INFO neutron.api.wsgi [None req-0cee3d77-5049-4586-8ece-5812c96a6008 6632fd2abaee405f838ea1af6003d2df f9617f8a5ad7415a9991bc90a053a6df - - default default] 10.0.0.119 "GET /v2.0/extensions/dns-integration HTTP/1.1" status: 200 len: 366 time: 0.0031552
2026-05-29 03:22:57.485 9 INFO neutron.api.wsgi [None req-bbca60be-64c4-406c-9e2a-29cfdec49c00 6632fd2abaee405f838ea1af6003d2df f9617f8a5ad7415a9991bc90a053a6df - - default default] 10.0.0.119 "GET /v2.0/extensions/dns-domain-ports HTTP/1.1" status: 200 len: 399 time: 0.0038416
2026-05-29 03:22:57.491 9 INFO neutron.api.wsgi [None req-067154d5-a007-4b05-a603-7c262371dcd0 6632fd2abaee405f838ea1af6003d2df f9617f8a5ad7415a9991bc90a053a6df - - default default] 10.0.0.119 "GET /v2.0/extensions/dns-integration-domain-keywords HTTP/1.1" status: 200 len: 477 time: 0.0032783
2026-05-29 03:22:57.498 9 INFO neutron.api.wsgi [None req-ab4c5082-2f49-4370-a6d6-759743581764 6632fd2abaee405f838ea1af6003d2df f9617f8a5ad7415a9991bc90a053a6df - - default default] 10.0.0.119 "GET /v2.0/extensions/empty-string-filtering HTTP/1.1" status: 200 len: 413 time: 0.0032804
2026-05-29 03:22:57.505 9 INFO neutron.api.wsgi [None req-631f0599-5bc5-4238-b07c-86d86620f14f 6632fd2abaee405f838ea1af6003d2df f9617f8a5ad7415a9991bc90a053a6df - - default default] 10.0.0.119 "GET /v2.0/extensions/external-net HTTP/1.1" status: 200 len: 394 time: 0.0032661
2026-05-29 03:22:57.511 9 INFO neutron.api.wsgi [None req-528591cd-49b6-46d0-938a-83bed9e66440 6632fd2abaee405f838ea1af6003d2df f9617f8a5ad7415a9991bc90a053a6df - - default default] 10.0.0.119 "GET /v2.0/extensions/extra_dhcp_opt HTTP/1.1" status: 200 len: 498 time: 0.0036638
2026-05-29 03:22:57.523 10 INFO neutron.api.wsgi [None req-323dcc8c-6858-4dc3-9bac-03d1317e8daf 6632fd2abaee405f838ea1af6003d2df f9617f8a5ad7415a9991bc90a053a6df - - default default] 10.0.0.119 "GET /v2.0/extensions/extraroute HTTP/1.1" status: 200 len: 375 time: 0.0060117
2026-05-29 03:22:57.532 10 INFO neutron.api.wsgi [None req-f2050e50-11b1-433a-bc20-0112e2d101ca 6632fd2abaee405f838ea1af6003d2df f9617f8a5ad7415a9991bc90a053a6df - - default default] 10.0.0.119 "GET /v2.0/extensions/floating-ip-port-forwarding-detail HTTP/1.1" status: 200 len: 465 time: 0.0029376
2026-05-29 03:22:57.542 10 INFO neutron.api.wsgi [None req-8dd09c4c-d011-4af8-bc5d-e81e3a39ff5a 6632fd2abaee405f838ea1af6003d2df f9617f8a5ad7415a9991bc90a053a6df - - default default] 10.0.0.119 "GET /v2.0/extensions/fip-port-details HTTP/1.1" status: 200 len: 406 time: 0.0037427
2026-05-29 03:22:57.551 9 INFO neutron.api.wsgi [None req-9ab0e05a-93a7-4d0b-ae63-db3449942102 6632fd2abaee405f838ea1af6003d2df f9617f8a5ad7415a9991bc90a053a6df - - default default] 10.0.0.119 "GET /v2.0/extensions/flavors HTTP/1.1" status: 200 len: 387 time: 0.0047221
2026-05-29 03:22:57.558 9 INFO neutron.api.wsgi [None req-a533f7c0-ca86-4007-b975-f2f357ca3d2d 6632fd2abaee405f838ea1af6003d2df f9617f8a5ad7415a9991bc90a053a6df - - default default] 10.0.0.119 "GET /v2.0/extensions/floatingip-pools HTTP/1.1" status: 200 len: 382 time: 0.0034029
2026-05-29 03:22:57.565 9 INFO neutron.api.wsgi [None req-7a7d9f30-cd6f-45a3-b801-2b4834da59be 6632fd2abaee405f838ea1af6003d2df f9617f8a5ad7415a9991bc90a053a6df - - default default] 10.0.0.119 "GET /v2.0/extensions/ip_allocation HTTP/1.1" status: 200 len: 356 time: 0.0036771
2026-05-29 03:22:57.571 9 INFO neutron.api.wsgi [None req-053aaadc-04be-4bc1-a1c7-039f18782c29 6632fd2abaee405f838ea1af6003d2df f9617f8a5ad7415a9991bc90a053a6df - - default default] 10.0.0.119 "GET /v2.0/extensions/l2_adjacency HTTP/1.1" status: 200 len: 372 time: 0.0024250
2026-05-29 03:22:57.576 9 INFO neutron.api.wsgi [None req-e7558c66-e4ac-4198-b3c4-660624891c53 6632fd2abaee405f838ea1af6003d2df f9617f8a5ad7415a9991bc90a053a6df - - default default] 10.0.0.119 "GET /v2.0/extensions/router HTTP/1.1" status: 200 len: 450 time: 0.0025394
2026-05-29 03:22:57.580 10 INFO neutron.db.ovn_revision_numbers_db [None req-5daabc82-a10c-4d6e-bcfa-3a7abc9a87f6 64fbab3ba96f4024915e0356e90ec10e b629349c1b2e43faaef29721413f7f42 - - default default] Successfully bumped revision number for resource da51254b-4250-429c-824b-73189b0fc118 (type: security_groups) to 1
2026-05-29 03:22:57.582 9 INFO neutron.api.wsgi [None req-4063ec4e-d385-4194-9bf7-4683241c2d50 6632fd2abaee405f838ea1af6003d2df f9617f8a5ad7415a9991bc90a053a6df - - default default] 10.0.0.119 "GET /v2.0/extensions/enable-default-route-bfd HTTP/1.1" status: 200 len: 406 time: 0.0032670
2026-05-29 03:22:57.588 9 INFO neutron.api.wsgi [None req-de226919-b68e-4f68-bce1-33ceb7d21bf7 6632fd2abaee405f838ea1af6003d2df f9617f8a5ad7415a9991bc90a053a6df - - default default] 10.0.0.119 "GET /v2.0/extensions/enable-default-route-ecmp HTTP/1.1" status: 200 len: 409 time: 0.0035193
2026-05-29 03:22:57.592 10 INFO neutron.db.ovn_revision_numbers_db [None req-5daabc82-a10c-4d6e-bcfa-3a7abc9a87f6 64fbab3ba96f4024915e0356e90ec10e b629349c1b2e43faaef29721413f7f42 - - default default] Successfully bumped revision number for resource 12bf7a6c-f22c-4e8b-8d14-efed5a83f775 (type: security_group_rules) to 0
2026-05-29 03:22:57.594 9 INFO neutron.api.wsgi [None req-2e6af57b-c123-4d10-90a1-8a9f8b6df98d 6632fd2abaee405f838ea1af6003d2df f9617f8a5ad7415a9991bc90a053a6df - - default default] 10.0.0.119 "GET /v2.0/extensions/ext-gw-mode HTTP/1.1" status: 200 len: 462 time: 0.0032663
2026-05-29 03:22:57.601 9 INFO neutron.api.wsgi [None req-511bb62c-7ddb-4711-bc5a-1f63d1742086 6632fd2abaee405f838ea1af6003d2df f9617f8a5ad7415a9991bc90a053a6df - - default default] 10.0.0.119 "GET /v2.0/extensions/l3-ha HTTP/1.1" status: 200 len: 360 time: 0.0033524
2026-05-29 03:22:57.603 10 INFO neutron.db.ovn_revision_numbers_db [None req-5daabc82-a10c-4d6e-bcfa-3a7abc9a87f6 64fbab3ba96f4024915e0356e90ec10e b629349c1b2e43faaef29721413f7f42 - - default default] Successfully bumped revision number for resource 302630f5-0b28-4e19-97a7-8798ee2ef8b6 (type: security_group_rules) to 0
2026-05-29 03:22:57.607 9 INFO neutron.api.wsgi [None req-e6c3f4bc-c328-421d-adaf-505b3ec68383 6632fd2abaee405f838ea1af6003d2df f9617f8a5ad7415a9991bc90a053a6df - - default default] 10.0.0.119 "GET /v2.0/extensions/external-gateway-multihoming HTTP/1.1" status: 200 len: 421 time: 0.0033560
2026-05-29 03:22:57.614 9 INFO neutron.api.wsgi [None req-e38fbf83-83cb-4267-8b45-a8c2026acd1d 6632fd2abaee405f838ea1af6003d2df f9617f8a5ad7415a9991bc90a053a6df - - default default] 10.0.0.119 "GET /v2.0/extensions/l3-flavors HTTP/1.1" status: 200 len: 366 time: 0.0035429
2026-05-29 03:22:57.615 10 INFO neutron.db.ovn_revision_numbers_db [None req-5daabc82-a10c-4d6e-bcfa-3a7abc9a87f6 64fbab3ba96f4024915e0356e90ec10e b629349c1b2e43faaef29721413f7f42 - - default default] Successfully bumped revision number for resource 4a4c9c0e-dfcb-4c03-8270-d7e7760c37e1 (type: security_group_rules) to 0
2026-05-29 03:22:57.620 9 INFO neutron.api.wsgi [None req-794da568-c80d-4fda-97aa-b2ba7d868b35 6632fd2abaee405f838ea1af6003d2df f9617f8a5ad7415a9991bc90a053a6df - - default default] 10.0.0.119 "GET /v2.0/extensions/logging HTTP/1.1" status: 200 len: 407 time: 0.0033555
2026-05-29 03:22:57.626 10 INFO neutron.db.ovn_revision_numbers_db [None req-5daabc82-a10c-4d6e-bcfa-3a7abc9a87f6 64fbab3ba96f4024915e0356e90ec10e b629349c1b2e43faaef29721413f7f42 - - default default] Successfully bumped revision number for resource e1949e39-38c2-437c-8ece-4c79cc5382fe (type: security_group_rules) to 0
