2026-05-29 03:24:42.267 9 WARNING neutron_lib.context [None req-da68c8d2-57ec-4a95-8dca-2c0cf4bb359f 2da55bc6ab524a769d391a82c7c6464b 1f3a548309754744b49aded604371595 - - default default] Method 'is_advsvc' is deprecated since 2023.2 release (neutron-lib 3.8.0) and will be removed once support for the old RBAC API policies will be removed from Neutron. Please use method 'is_service_role' instead.
2026-05-29 03:24:42.310 9 INFO neutron.api.wsgi [None req-da68c8d2-57ec-4a95-8dca-2c0cf4bb359f 2da55bc6ab524a769d391a82c7c6464b 1f3a548309754744b49aded604371595 - - default default] 10.0.0.119 "POST /v2.0/vpn/endpoint-groups HTTP/1.1" status: 201 len: 518 time: 0.0474353
2026-05-29 03:24:42.320 9 WARNING neutron_lib.context [None req-4a4a2994-3d9a-44f9-96f5-959330c8ea90 2da55bc6ab524a769d391a82c7c6464b 1f3a548309754744b49aded604371595 - - default default] Method 'is_advsvc' is deprecated since 2023.2 release (neutron-lib 3.8.0) and will be removed once support for the old RBAC API policies will be removed from Neutron. Please use method 'is_service_role' instead.
2026-05-29 03:24:42.490 10 INFO neutron.db.ovn_revision_numbers_db [None req-6a6d6381-7134-43e6-a15f-4020aa324a42 6277a9cd3c92435aba87720388efb4dd 7d0eea829de84e9ab6fcf152402874c9 - - default default] Successfully bumped revision number for resource 9619cf64-403e-4bed-a215-aeefe9ac3013 (type: floatingips) to -1
2026-05-29 03:24:42.628 10 INFO neutron.db.ovn_revision_numbers_db [None req-6a6d6381-7134-43e6-a15f-4020aa324a42 6277a9cd3c92435aba87720388efb4dd 7d0eea829de84e9ab6fcf152402874c9 - - default default] Successfully bumped revision number for resource 9619cf64-403e-4bed-a215-aeefe9ac3013 (type: floatingips) to 1
2026-05-29 03:24:42.628 10 INFO neutron.db.l3_db [None req-6a6d6381-7134-43e6-a15f-4020aa324a42 6277a9cd3c92435aba87720388efb4dd 7d0eea829de84e9ab6fcf152402874c9 - - default default] Floating IP 9619cf64-403e-4bed-a215-aeefe9ac3013 associated. External IP: 10.96.250.220, port: e52441eb-5eda-4ad6-b95d-5e0b1d381cb6.
2026-05-29 03:24:42.666 10 INFO neutron.api.wsgi [None req-6a6d6381-7134-43e6-a15f-4020aa324a42 6277a9cd3c92435aba87720388efb4dd 7d0eea829de84e9ab6fcf152402874c9 - - default default] 10.0.0.119 "POST /v2.0/floatingips HTTP/1.1" status: 201 len: 1041 time: 1.0230978
2026-05-29 03:24:42.712 9 WARNING neutron.plugins.ml2.drivers.ovn.mech_driver.ovsdb.ovn_client [None req-2792568e-cf61-45f1-a97e-6aa75e89ba92 - - - - - -] No hosting information found for port acebd7c9-c6f1-46c6-ad28-6210162ea78b: RuntimeError: No hosting information found for port acebd7c9-c6f1-46c6-ad28-6210162ea78b
2026-05-29 03:24:42.712 9 INFO neutron.plugins.ml2.drivers.ovn.mech_driver.mech_driver [None req-2792568e-cf61-45f1-a97e-6aa75e89ba92 - - - - - -] OVN reports status up for port: 15441a7f-68af-4006-8779-eb9e294d1340
2026-05-29 03:24:42.724 9 INFO neutron.plugins.ml2.plugin [None req-2792568e-cf61-45f1-a97e-6aa75e89ba92 - - - - - -] Attempt 1 to provision port 15441a7f-68af-4006-8779-eb9e294d1340
2026-05-29 03:24:42.804 10 INFO neutron.db.ovn_revision_numbers_db [None req-f0d8ff42-9412-4913-b542-1573f151d5bc 6277a9cd3c92435aba87720388efb4dd 7d0eea829de84e9ab6fcf152402874c9 - - default default] Successfully bumped revision number for resource 9619cf64-403e-4bed-a215-aeefe9ac3013 (type: floatingips) to 2
2026-05-29 03:24:42.844 10 INFO neutron.db.l3_db [None req-f0d8ff42-9412-4913-b542-1573f151d5bc 6277a9cd3c92435aba87720388efb4dd 7d0eea829de84e9ab6fcf152402874c9 - - default default] Floating IP 9619cf64-403e-4bed-a215-aeefe9ac3013 disassociated. External IP: 10.96.250.220, port: e52441eb-5eda-4ad6-b95d-5e0b1d381cb6.
2026-05-29 03:24:42.867 10 INFO neutron.api.wsgi [None req-f0d8ff42-9412-4913-b542-1573f151d5bc 6277a9cd3c92435aba87720388efb4dd 7d0eea829de84e9ab6fcf152402874c9 - - default default] 10.0.0.119 "PUT /v2.0/floatingips/9619cf64-403e-4bed-a215-aeefe9ac3013 HTTP/1.1" status: 200 len: 748 time: 0.1948500
2026-05-29 03:24:42.941 9 INFO neutron.db.ovn_revision_numbers_db [None req-4a4a2994-3d9a-44f9-96f5-959330c8ea90 2da55bc6ab524a769d391a82c7c6464b 1f3a548309754744b49aded604371595 - - default default] Successfully bumped revision number for resource d9f6cf47-39e3-40fe-b13a-cf039a02bcf4 (type: routers) to 5
2026-05-29 03:24:42.994 9 INFO neutron.api.wsgi [None req-4a4a2994-3d9a-44f9-96f5-959330c8ea90 2da55bc6ab524a769d391a82c7c6464b 1f3a548309754744b49aded604371595 - - default default] 10.0.0.119 "POST /v2.0/vpn/ipsec-site-connections HTTP/1.1" status: 201 len: 1001 time: 0.6779985
2026-05-29 03:24:43.004 9 WARNING neutron_lib.context [None req-1ff68d5d-a097-40d2-a752-f1b31c92d0f9 2da55bc6ab524a769d391a82c7c6464b 1f3a548309754744b49aded604371595 - - default default] Method 'is_advsvc' is deprecated since 2023.2 release (neutron-lib 3.8.0) and will be removed once support for the old RBAC API policies will be removed from Neutron. Please use method 'is_service_role' instead.
2026-05-29 03:24:43.063 9 INFO neutron.api.wsgi [None req-1ff68d5d-a097-40d2-a752-f1b31c92d0f9 2da55bc6ab524a769d391a82c7c6464b 1f3a548309754744b49aded604371595 - - default default] 10.0.0.119 "POST /v2.0/vpn/endpoint-groups HTTP/1.1" status: 201 len: 488 time: 0.0628033
2026-05-29 03:24:43.112 9 INFO neutron.api.wsgi [None req-33df2de5-b416-41cf-9a86-7299913c7423 2da55bc6ab524a769d391a82c7c6464b 1f3a548309754744b49aded604371595 - - default default] 10.0.0.119 "DELETE /v2.0/vpn/endpoint-groups/44278385-5c37-49fe-93a8-384fe782f435 HTTP/1.1" status: 204 len: 168 time: 0.0390987
2026-05-29 03:24:43.129 10 INFO neutron.api.wsgi [None req-9b64db4c-518e-4f5f-95cc-8acbe22a195c 2da55bc6ab524a769d391a82c7c6464b 1f3a548309754744b49aded604371595 - - default default] 10.0.0.119 "GET /v2.0/vpn/endpoint-groups HTTP/1.1" status: 200 len: 826 time: 0.0115993
2026-05-29 03:24:43.141 10 INFO neutron.api.wsgi [None req-13cad5e8-7f64-4c8e-953b-c60a7c4a432e 6277a9cd3c92435aba87720388efb4dd 7d0eea829de84e9ab6fcf152402874c9 - - default default] 10.0.0.119 "DELETE /v2.0/floatingips/9619cf64-403e-4bed-a215-aeefe9ac3013 HTTP/1.1" status: 204 len: 168 time: 0.2693131
2026-05-29 03:24:43.145 9 INFO neutron.api.wsgi [None req-4329cc3a-7bc4-4389-b2e3-eaa35041e3e3 2da55bc6ab524a769d391a82c7c6464b 1f3a548309754744b49aded604371595 - - default default] 10.0.0.119 "GET /v2.0/vpn/endpoint-groups HTTP/1.1" status: 200 len: 826 time: 0.0109191
2026-05-29 03:24:43.155 10 WARNING neutron_lib.context [None req-462d390a-8787-4691-b16b-be6266e8af1e 6277a9cd3c92435aba87720388efb4dd 7d0eea829de84e9ab6fcf152402874c9 - - default default] Method 'is_advsvc' is deprecated since 2023.2 release (neutron-lib 3.8.0) and will be removed once support for the old RBAC API policies will be removed from Neutron. Please use method 'is_service_role' instead.
2026-05-29 03:24:43.177 9 INFO neutron.db.ovn_revision_numbers_db [None req-2792568e-cf61-45f1-a97e-6aa75e89ba92 - - - - - -] Successfully bumped revision number for resource 15441a7f-68af-4006-8779-eb9e294d1340 (type: ports) to 2
2026-05-29 03:24:43.367 10 WARNING neutron.scheduler.dhcp_agent_scheduler [None req-462d390a-8787-4691-b16b-be6266e8af1e 6277a9cd3c92435aba87720388efb4dd 7d0eea829de84e9ab6fcf152402874c9 - - default default] No more DHCP agents
2026-05-29 03:24:43.369 10 WARNING neutron.api.rpc.agentnotifiers.dhcp_rpc_agent_api [None req-462d390a-8787-4691-b16b-be6266e8af1e 6277a9cd3c92435aba87720388efb4dd 7d0eea829de84e9ab6fcf152402874c9 - - default default] Unable to schedule network d7eb82ce-76d8-4868-a005-bb4c2517cb9a: no agents available; will retry on subsequent port and subnet creation events.
2026-05-29 03:24:43.706 10 INFO neutron.api.wsgi [None req-25b55dee-bee3-40a8-96b9-45e3b1d370c3 a3bf70f8fcd84d9c9cfbf59d83c623e5 bf9847689f524769bac5acc9645893c5 - - default default] 10.0.0.119 "POST /v2.0/vpn/ikepolicies HTTP/1.1" status: 201 len: 601 time: 0.1466806
2026-05-29 03:24:43.722 9 INFO neutron.api.wsgi [None req-12188953-4940-4d80-9f53-4c312ff65671 2da55bc6ab524a769d391a82c7c6464b 1f3a548309754744b49aded604371595 - - default default] 10.0.0.119 "GET /v2.0/vpn/ikepolicies HTTP/1.1" status: 200 len: 991 time: 0.0101485
2026-05-29 03:24:43.777 10 INFO neutron.api.wsgi [None req-f3b8f99f-4d09-4cf8-8870-146a05ff8b50 a3bf70f8fcd84d9c9cfbf59d83c623e5 bf9847689f524769bac5acc9645893c5 - - default default] 10.0.0.119 "DELETE /v2.0/vpn/ikepolicies/96310e24-768e-4820-bb5f-1078f829f555 HTTP/1.1" status: 204 len: 168 time: 0.0504601
2026-05-29 03:24:43.835 9 INFO neutron.api.wsgi [None req-132ae741-a2e3-4d7a-987d-6b8c409cbb84 a3bf70f8fcd84d9c9cfbf59d83c623e5 bf9847689f524769bac5acc9645893c5 - - default default] 10.0.0.119 "POST /v2.0/vpn/ipsecpolicies HTTP/1.1" status: 201 len: 610 time: 0.0473080
2026-05-29 03:24:43.836 10 INFO neutron.db.ovn_revision_numbers_db [None req-8e4804c0-54ec-4f8f-bd67-f8b5ce32360e f0e1f8efade7448081d82c29b61a8a12 3c024b1a467c440e864b9c22ef77155b - - default default] Successfully bumped revision number for resource 6b8ec2a9-5ea8-4c62-b084-f96a4dd746b0 (type: security_groups) to 1
2026-05-29 03:24:43.851 10 INFO neutron.api.wsgi [None req-0f589e4e-7831-4e95-b6dc-7920148b1e71 2da55bc6ab524a769d391a82c7c6464b 1f3a548309754744b49aded604371595 - - default default] 10.0.0.119 "GET /v2.0/vpn/ipsecpolicies HTTP/1.1" status: 200 len: 1007 time: 0.0107515
2026-05-29 03:24:43.859 10 INFO neutron.db.ovn_revision_numbers_db [None req-8e4804c0-54ec-4f8f-bd67-f8b5ce32360e f0e1f8efade7448081d82c29b61a8a12 3c024b1a467c440e864b9c22ef77155b - - default default] Successfully bumped revision number for resource 175f986f-1cb5-41e1-ac84-575647edfade (type: security_group_rules) to 0
2026-05-29 03:24:43.893 10 INFO neutron.api.wsgi [None req-194a1ea4-1199-40b5-930d-560345f42a2a a3bf70f8fcd84d9c9cfbf59d83c623e5 bf9847689f524769bac5acc9645893c5 - - default default] 10.0.0.119 "DELETE /v2.0/vpn/ipsecpolicies/0ee07477-c810-47f4-9366-7f8248da0452 HTTP/1.1" status: 204 len: 168 time: 0.0372865
2026-05-29 03:24:43.895 10 INFO neutron.db.ovn_revision_numbers_db [None req-8e4804c0-54ec-4f8f-bd67-f8b5ce32360e f0e1f8efade7448081d82c29b61a8a12 3c024b1a467c440e864b9c22ef77155b - - default default] Successfully bumped revision number for resource 4f84a8f9-88ad-4e4f-ba34-4c3a70bd871b (type: security_group_rules) to 0
2026-05-29 03:24:43.906 9 WARNING neutron_lib.context [None req-0bbce4b4-89ca-455b-b5ba-a1254b658512 2da55bc6ab524a769d391a82c7c6464b 1f3a548309754744b49aded604371595 - - default default] Method 'is_advsvc' is deprecated since 2023.2 release (neutron-lib 3.8.0) and will be removed once support for the old RBAC API policies will be removed from Neutron. Please use method 'is_service_role' instead.
2026-05-29 03:24:43.914 10 INFO neutron.db.ovn_revision_numbers_db [None req-8e4804c0-54ec-4f8f-bd67-f8b5ce32360e f0e1f8efade7448081d82c29b61a8a12 3c024b1a467c440e864b9c22ef77155b - - default default] Successfully bumped revision number for resource d808910d-3996-4968-abe9-f62692918947 (type: security_group_rules) to 0
2026-05-29 03:24:43.929 10 INFO neutron.db.ovn_revision_numbers_db [None req-8e4804c0-54ec-4f8f-bd67-f8b5ce32360e f0e1f8efade7448081d82c29b61a8a12 3c024b1a467c440e864b9c22ef77155b - - default default] Successfully bumped revision number for resource d9177a35-076d-424b-88a2-5e592a5deaae (type: security_group_rules) to 0
2026-05-29 03:24:43.977 10 INFO neutron.api.wsgi [None req-8e4804c0-54ec-4f8f-bd67-f8b5ce32360e f0e1f8efade7448081d82c29b61a8a12 3c024b1a467c440e864b9c22ef77155b - - default default] 10.0.0.119 "GET /v2.0/security-groups?tenant_id=8fd1080b8aa949dc904e10aab06c9fc9&name=default HTTP/1.1" status: 200 len: 3120 time: 0.3982251
2026-05-29 03:24:44.001 9 INFO neutron.db.segments_db [None req-0bbce4b4-89ca-455b-b5ba-a1254b658512 2da55bc6ab524a769d391a82c7c6464b 1f3a548309754744b49aded604371595 - - default default] Added segment 4a7fae33-0bff-4742-aedd-ee7fe42e55d3 of type geneve for network 54cece4b-7c75-45e6-aa16-40ffc6eac481
2026-05-29 03:24:44.155 9 INFO neutron.db.ovn_revision_numbers_db [None req-0bbce4b4-89ca-455b-b5ba-a1254b658512 2da55bc6ab524a769d391a82c7c6464b 1f3a548309754744b49aded604371595 - - default default] Successfully bumped revision number for resource 54cece4b-7c75-45e6-aa16-40ffc6eac481 (type: networks) to 1
2026-05-29 03:24:44.164 10 INFO neutron.db.ovn_revision_numbers_db [None req-462d390a-8787-4691-b16b-be6266e8af1e 6277a9cd3c92435aba87720388efb4dd 7d0eea829de84e9ab6fcf152402874c9 - - default default] Successfully bumped revision number for resource a8c0ad8e-edf5-4436-a7ad-86f8ad97904b (type: floatingips) to -1
2026-05-29 03:24:44.259 10 INFO neutron.api.wsgi [None req-7d9fd808-4c89-4835-b974-c9de69e191e6 f0e1f8efade7448081d82c29b61a8a12 3c024b1a467c440e864b9c22ef77155b - - default default] 10.0.0.119 "DELETE /v2.0/security-groups/6b8ec2a9-5ea8-4c62-b084-f96a4dd746b0 HTTP/1.1" status: 204 len: 168 time: 0.2743335
2026-05-29 03:24:44.270 10 INFO neutron.db.ovn_revision_numbers_db [None req-462d390a-8787-4691-b16b-be6266e8af1e 6277a9cd3c92435aba87720388efb4dd 7d0eea829de84e9ab6fcf152402874c9 - - default default] Successfully bumped revision number for resource a8c0ad8e-edf5-4436-a7ad-86f8ad97904b (type: floatingips) to 1
2026-05-29 03:24:44.270 10 INFO neutron.db.l3_db [None req-462d390a-8787-4691-b16b-be6266e8af1e 6277a9cd3c92435aba87720388efb4dd 7d0eea829de84e9ab6fcf152402874c9 - - default default] Floating IP a8c0ad8e-edf5-4436-a7ad-86f8ad97904b associated. External IP: 10.96.250.207, port: 42875f5f-812e-4c48-ade9-a0ddf68736bf.
2026-05-29 03:24:44.299 10 INFO neutron.api.wsgi [None req-462d390a-8787-4691-b16b-be6266e8af1e 6277a9cd3c92435aba87720388efb4dd 7d0eea829de84e9ab6fcf152402874c9 - - default default] 10.0.0.119 "POST /v2.0/floatingips HTTP/1.1" status: 201 len: 1041 time: 1.1490185
2026-05-29 03:24:44.333 10 INFO neutron.api.wsgi [None req-b1bbf5c3-f9f0-4051-a902-54adb53ed805 6277a9cd3c92435aba87720388efb4dd 7d0eea829de84e9ab6fcf152402874c9 - - default default] 10.0.0.119 "GET /v2.0/floatingips/a8c0ad8e-edf5-4436-a7ad-86f8ad97904b HTTP/1.1" status: 200 len: 1038 time: 0.0284529
2026-05-29 03:24:44.361 9 WARNING neutron.scheduler.dhcp_agent_scheduler [None req-0bbce4b4-89ca-455b-b5ba-a1254b658512 2da55bc6ab524a769d391a82c7c6464b 1f3a548309754744b49aded604371595 - - default default] No more DHCP agents
2026-05-29 03:24:44.363 9 WARNING neutron.api.rpc.agentnotifiers.dhcp_rpc_agent_api [None req-0bbce4b4-89ca-455b-b5ba-a1254b658512 2da55bc6ab524a769d391a82c7c6464b 1f3a548309754744b49aded604371595 - - default default] Unable to schedule network 54cece4b-7c75-45e6-aa16-40ffc6eac481: no agents available; will retry on subsequent port and subnet creation events.
2026-05-29 03:24:44.411 10 INFO neutron.api.wsgi [None req-f79da2e8-714c-41ec-bbf7-3a7a12075a11 6277a9cd3c92435aba87720388efb4dd 7d0eea829de84e9ab6fcf152402874c9 - - default default] 10.0.0.119 "GET /v2.0/floatingips HTTP/1.1" status: 200 len: 1041 time: 0.0733986
2026-05-29 03:24:44.436 9 INFO neutron.db.ovn_revision_numbers_db [None req-0bbce4b4-89ca-455b-b5ba-a1254b658512 2da55bc6ab524a769d391a82c7c6464b 1f3a548309754744b49aded604371595 - - default default] Successfully bumped revision number for resource df952878-aedd-4ebe-858d-6963c789e983 (type: ports) to 1
2026-05-29 03:24:44.465 9 INFO neutron.api.wsgi [None req-0bbce4b4-89ca-455b-b5ba-a1254b658512 2da55bc6ab524a769d391a82c7c6464b 1f3a548309754744b49aded604371595 - - default default] 10.0.0.119 "POST /v2.0/networks HTTP/1.1" status: 201 len: 830 time: 0.5649960
2026-05-29 03:24:44.475 9 WARNING neutron_lib.context [None req-fa6ff9f3-472c-4d74-a7df-aedae4a5f6c3 2da55bc6ab524a769d391a82c7c6464b 1f3a548309754744b49aded604371595 - - default default] Method 'is_advsvc' is deprecated since 2023.2 release (neutron-lib 3.8.0) and will be removed once support for the old RBAC API policies will be removed from Neutron. Please use method 'is_service_role' instead.
2026-05-29 03:24:44.687 9 WARNING neutron.scheduler.dhcp_agent_scheduler [None req-fa6ff9f3-472c-4d74-a7df-aedae4a5f6c3 2da55bc6ab524a769d391a82c7c6464b 1f3a548309754744b49aded604371595 - - default default] No more DHCP agents
2026-05-29 03:24:44.688 9 WARNING neutron.api.rpc.agentnotifiers.dhcp_rpc_agent_api [None req-fa6ff9f3-472c-4d74-a7df-aedae4a5f6c3 2da55bc6ab524a769d391a82c7c6464b 1f3a548309754744b49aded604371595 - - default default] Unable to schedule network 54cece4b-7c75-45e6-aa16-40ffc6eac481: no agents available; will retry on subsequent port and subnet creation events.
2026-05-29 03:24:44.767 9 INFO neutron.api.wsgi [None req-f7cac56b-faf4-41ff-a953-9e73dce5d042 f0e1f8efade7448081d82c29b61a8a12 3c024b1a467c440e864b9c22ef77155b - - default default] 10.0.0.119 "PUT /v2.0/routers/a02dc042-13e3-4a2d-b4da-191f6f5587a5/remove_router_interface HTTP/1.1" status: 200 len: 503 time: 1.2108586 /var/lib/openstack/lib/python3.12/site-packages/pycadf/identifier.py:71: UserWarning: Invalid uuid: neutron. To ensure interoperability, identifiers should be a valid uuid. warnings.warn(('Invalid uuid: %s. To ensure interoperability, '
2026-05-29 03:24:44.913 10 INFO neutron.db.ovn_revision_numbers_db [None req-c5df2a6e-7627-4699-8516-35a899dfbcca 6277a9cd3c92435aba87720388efb4dd 7d0eea829de84e9ab6fcf152402874c9 - - default default] Successfully bumped revision number for resource a8c0ad8e-edf5-4436-a7ad-86f8ad97904b (type: floatingips) to 2
2026-05-29 03:24:45.055 10 INFO neutron.db.ovn_revision_numbers_db [None req-c5df2a6e-7627-4699-8516-35a899dfbcca 6277a9cd3c92435aba87720388efb4dd 7d0eea829de84e9ab6fcf152402874c9 - - default default] Successfully bumped revision number for resource a8c0ad8e-edf5-4436-a7ad-86f8ad97904b (type: floatingips) to 2
2026-05-29 03:24:45.055 10 INFO neutron.db.l3_db [None req-c5df2a6e-7627-4699-8516-35a899dfbcca 6277a9cd3c92435aba87720388efb4dd 7d0eea829de84e9ab6fcf152402874c9 - - default default] Floating IP a8c0ad8e-edf5-4436-a7ad-86f8ad97904b associated. External IP: 10.96.250.207, port: 42875f5f-812e-4c48-ade9-a0ddf68736bf.
2026-05-29 03:24:45.124 10 INFO neutron.api.wsgi [None req-c5df2a6e-7627-4699-8516-35a899dfbcca 6277a9cd3c92435aba87720388efb4dd 7d0eea829de84e9ab6fcf152402874c9 - - default default] 10.0.0.119 "PUT /v2.0/floatingips/a8c0ad8e-edf5-4436-a7ad-86f8ad97904b HTTP/1.1" status: 200 len: 1038 time: 0.7076349
2026-05-29 03:24:45.568 9 INFO neutron.db.ovn_revision_numbers_db [None req-3319d895-c44f-4094-9264-e27868cf44b3 - - - - - -] Successfully bumped revision number for resource df952878-aedd-4ebe-858d-6963c789e983 (type: ports) to 2
2026-05-29 03:24:45.602 9 INFO neutron.db.ovn_revision_numbers_db [None req-3319d895-c44f-4094-9264-e27868cf44b3 - - - - - -] Successfully bumped revision number for resource 15c6d625-4a59-4b5f-a0dd-6de894fb80a7 (type: subnets) to 0
2026-05-29 03:24:45.617 9 INFO neutron.api.wsgi [None req-fa6ff9f3-472c-4d74-a7df-aedae4a5f6c3 2da55bc6ab524a769d391a82c7c6464b 1f3a548309754744b49aded604371595 - - default default] 10.0.0.119 "POST /v2.0/subnets HTTP/1.1" status: 201 len: 828 time: 1.1459005
2026-05-29 03:24:45.627 9 WARNING neutron_lib.context [None req-5db575e9-76bc-4733-bb1f-e707a81812f2 2da55bc6ab524a769d391a82c7c6464b 1f3a548309754744b49aded604371595 - - default default] Method 'is_advsvc' is deprecated since 2023.2 release (neutron-lib 3.8.0) and will be removed once support for the old RBAC API policies will be removed from Neutron. Please use method 'is_service_role' instead.
2026-05-29 03:24:45.669 10 INFO neutron.db.ovn_revision_numbers_db [None req-fe06b6a6-27aa-4751-83a1-9dac51658c2f 6277a9cd3c92435aba87720388efb4dd 7d0eea829de84e9ab6fcf152402874c9 - - default default] Successfully bumped revision number for resource a8c0ad8e-edf5-4436-a7ad-86f8ad97904b (type: floatingips) to 3
2026-05-29 03:24:45.727 10 INFO neutron.db.l3_db [None req-fe06b6a6-27aa-4751-83a1-9dac51658c2f 6277a9cd3c92435aba87720388efb4dd 7d0eea829de84e9ab6fcf152402874c9 - - default default] Floating IP a8c0ad8e-edf5-4436-a7ad-86f8ad97904b disassociated. External IP: 10.96.250.207, port: e52441eb-5eda-4ad6-b95d-5e0b1d381cb6.
2026-05-29 03:24:45.773 10 INFO neutron.api.wsgi [None req-fe06b6a6-27aa-4751-83a1-9dac51658c2f 6277a9cd3c92435aba87720388efb4dd 7d0eea829de84e9ab6fcf152402874c9 - - default default] 10.0.0.119 "PUT /v2.0/floatingips/a8c0ad8e-edf5-4436-a7ad-86f8ad97904b HTTP/1.1" status: 200 len: 748 time: 0.6435199
2026-05-29 03:24:45.903 9 INFO neutron.api.wsgi [None req-2eec6085-ba33-4823-b4b8-858f9b512abb f0e1f8efade7448081d82c29b61a8a12 3c024b1a467c440e864b9c22ef77155b - - default default] 10.0.0.119 "DELETE /v2.0/routers/a02dc042-13e3-4a2d-b4da-191f6f5587a5 HTTP/1.1" status: 204 len: 168 time: 1.1259272
2026-05-29 03:24:46.076 10 INFO neutron.api.wsgi [None req-0daf9f48-7f8d-499c-9cfc-aac5390621ba 6277a9cd3c92435aba87720388efb4dd 7d0eea829de84e9ab6fcf152402874c9 - - default default] 10.0.0.119 "DELETE /v2.0/floatingips/a8c0ad8e-edf5-4436-a7ad-86f8ad97904b HTTP/1.1" status: 204 len: 168 time: 0.2948420
2026-05-29 03:24:46.097 10 INFO neutron.api.v2.resource [None req-2d2bf094-9cc0-483b-a56c-eed0b05d080b 6277a9cd3c92435aba87720388efb4dd 7d0eea829de84e9ab6fcf152402874c9 - - default default] delete failed (client error): The resource could not be found.
2026-05-29 03:24:46.097 10 INFO neutron.api.wsgi [None req-2d2bf094-9cc0-483b-a56c-eed0b05d080b 6277a9cd3c92435aba87720388efb4dd 7d0eea829de84e9ab6fcf152402874c9 - - default default] 10.0.0.119 "DELETE /v2.0/floatingips/a8c0ad8e-edf5-4436-a7ad-86f8ad97904b HTTP/1.1" status: 404 len: 345 time: 0.0152657
2026-05-29 03:24:46.108 9 INFO neutron.api.wsgi [None req-e02c761a-d6ca-469b-9478-9a7093055abb f0e1f8efade7448081d82c29b61a8a12 3c024b1a467c440e864b9c22ef77155b - - default default] 10.0.0.119 "DELETE /v2.0/subnets/a3de0ba3-0b90-4b3a-bc95-010431c2e93e HTTP/1.1" status: 204 len: 168 time: 0.1981442
2026-05-29 03:24:46.179 9 WARNING neutron.scheduler.dhcp_agent_scheduler [None req-5db575e9-76bc-4733-bb1f-e707a81812f2 2da55bc6ab524a769d391a82c7c6464b 1f3a548309754744b49aded604371595 - - default default] No more DHCP agents
2026-05-29 03:24:46.184 9 WARNING neutron.api.rpc.agentnotifiers.dhcp_rpc_agent_api [None req-5db575e9-76bc-4733-bb1f-e707a81812f2 2da55bc6ab524a769d391a82c7c6464b 1f3a548309754744b49aded604371595 - - default default] Unable to schedule network d7eb82ce-76d8-4868-a005-bb4c2517cb9a: no agents available; will retry on subsequent port and subnet creation events.
2026-05-29 03:24:46.191 10 WARNING neutron.plugins.ml2.drivers.ovn.mech_driver.ovsdb.ovn_client [None req-478af2ed-c595-4d88-ac7f-00536ab2d839 - - - - - -] No hosting information found for port 14f7b342-150b-46f6-a216-c8922f70a2ec: RuntimeError: No hosting information found for port 14f7b342-150b-46f6-a216-c8922f70a2ec
2026-05-29 03:24:46.275 10 INFO neutron.db.ovn_revision_numbers_db [None req-478af2ed-c595-4d88-ac7f-00536ab2d839 - - - - - -] Successfully bumped revision number for resource 14f7b342-150b-46f6-a216-c8922f70a2ec (type: router_ports) to 2
2026-05-29 03:24:46.276 10 INFO neutron.plugins.ml2.drivers.ovn.mech_driver.mech_driver [None req-478af2ed-c595-4d88-ac7f-00536ab2d839 - - - - - -] OVN reports status down for port: f89355e8-765e-4982-89cb-e6e3d856b51b
2026-05-29 03:24:46.286 10 INFO neutron.plugins.ml2.drivers.ovn.mech_driver.mech_driver [None req-478af2ed-c595-4d88-ac7f-00536ab2d839 - - - - - -] OVN reports status up for port: ec098400-2372-4764-9540-c749aec935e2
2026-05-29 03:24:46.301 10 INFO neutron.plugins.ml2.plugin [None req-478af2ed-c595-4d88-ac7f-00536ab2d839 - - - - - -] Attempt 1 to provision port ec098400-2372-4764-9540-c749aec935e2
2026-05-29 03:24:46.332 9 INFO neutron.db.ovn_revision_numbers_db [None req-5db575e9-76bc-4733-bb1f-e707a81812f2 2da55bc6ab524a769d391a82c7c6464b 1f3a548309754744b49aded604371595 - - default default] Successfully bumped revision number for resource 6779042b-1228-4ead-b8ae-31cbc2d7456e (type: ports) to 1
2026-05-29 03:24:46.498 9 INFO neutron.services.segments.plugin [-] Segment 0905e87c-40f6-4886-ae8a-f743f058cd76 resource provider aggregate not found
2026-05-29 03:24:46.503 9 INFO neutron.services.segments.plugin [-] Segment 0905e87c-40f6-4886-ae8a-f743f058cd76 resource provider aggregate not found
2026-05-29 03:24:46.506 10 INFO neutron.api.wsgi [None req-7781d145-88d7-435f-8f46-2dab4c08f519 6277a9cd3c92435aba87720388efb4dd 7d0eea829de84e9ab6fcf152402874c9 - - default default] 10.0.0.119 "DELETE /v2.0/ports/e52441eb-5eda-4ad6-b95d-5e0b1d381cb6 HTTP/1.1" status: 204 len: 168 time: 0.4017255
2026-05-29 03:24:46.518 9 INFO neutron.services.segments.plugin [-] Segment 0905e87c-40f6-4886-ae8a-f743f058cd76 resource provider not found; error: Placement Client Error (4xx): {"errors": [{"status": 404, "title": "Not Found", "detail": "The resource could not be found.\n\n No resource provider with uuid 0905e87c-40f6-4886-ae8a-f743f058cd76 found for delete ", "request_id": "req-a773b937-7daa-4149-a4f5-bc26c9ad9051"}]}
2026-05-29 03:24:46.527 9 INFO neutron.services.segments.plugin [-] Segment 0905e87c-40f6-4886-ae8a-f743f058cd76 resource provider not found; error: Placement Client Error (4xx): {"errors": [{"status": 404, "title": "Not Found", "detail": "The resource could not be found.\n\n No resource provider with uuid 0905e87c-40f6-4886-ae8a-f743f058cd76 found for delete ", "request_id": "req-05699a6f-a240-482b-af07-c67def59c866"}]}
2026-05-29 03:24:46.546 9 INFO neutron.api.wsgi [None req-cbd2fd8f-68e0-40d3-a797-9a39cf21df62 f0e1f8efade7448081d82c29b61a8a12 3c024b1a467c440e864b9c22ef77155b - - default default] 10.0.0.119 "DELETE /v2.0/networks/c8007b39-840d-460f-8801-64104ced9d75 HTTP/1.1" status: 204 len: 168 time: 0.4300725
2026-05-29 03:24:46.699 10 INFO neutron.api.wsgi [None req-5a89f89b-24ac-4ddf-b162-1bf9b829a6be f0e1f8efade7448081d82c29b61a8a12 3c024b1a467c440e864b9c22ef77155b - - default default] 10.0.0.119 "GET /v2.0/security-groups?tenant_id=245a07b1d3f549f0a61d9571200f5cb2&name=default HTTP/1.1" status: 200 len: 3120 time: 0.0416002
2026-05-29 03:24:46.800 10 INFO neutron.db.ovn_revision_numbers_db [None req-478af2ed-c595-4d88-ac7f-00536ab2d839 - - - - - -] Successfully bumped revision number for resource ec098400-2372-4764-9540-c749aec935e2 (type: ports) to 2
2026-05-29 03:24:46.967 9 INFO neutron.plugins.ml2.drivers.ovn.mech_driver.ovsdb.commands [None req-c39465bc-33eb-4dbf-8fc2-df63f79f9087 - - - - - -] Schedule LRP lrp-6779042b-1228-4ead-b8ae-31cbc2d7456e on gateway 4ac36ee7-285c-40d1-9040-302a60b33973 with priority 1
2026-05-29 03:24:46.968 10 INFO neutron.api.wsgi [None req-36d58353-a7b9-4307-8108-d11b9e84adbf f0e1f8efade7448081d82c29b61a8a12 3c024b1a467c440e864b9c22ef77155b - - default default] 10.0.0.119 "DELETE /v2.0/security-groups/79e0d5ad-32df-4f59-92b4-c8ea5734762d HTTP/1.1" status: 204 len: 168 time: 0.2653203
2026-05-29 03:24:46.974 10 INFO neutron.api.wsgi [None req-a8d8d0df-6e17-4e9f-ba6c-c5229a7b639e 6277a9cd3c92435aba87720388efb4dd 7d0eea829de84e9ab6fcf152402874c9 - - default default] 10.0.0.119 "DELETE /v2.0/ports/42875f5f-812e-4c48-ade9-a0ddf68736bf HTTP/1.1" status: 204 len: 168 time: 0.4637253
2026-05-29 03:24:47.008 9 INFO neutron.db.ovn_revision_numbers_db [None req-5db575e9-76bc-4733-bb1f-e707a81812f2 2da55bc6ab524a769d391a82c7c6464b 1f3a548309754744b49aded604371595 - - default default] Successfully bumped revision number for resource 6779042b-1228-4ead-b8ae-31cbc2d7456e (type: router_ports) to 1
2026-05-29 03:24:47.010 10 INFO neutron.api.wsgi [None req-5226d28e-0837-4b48-ab85-ff1858382c6e 6277a9cd3c92435aba87720388efb4dd 7d0eea829de84e9ab6fcf152402874c9 - - default default] 10.0.0.119 "GET /v2.0/ports?device_id=b3c77cec-a7aa-4559-a137-83703758042f HTTP/1.1" status: 200 len: 1140 time: 0.0307758
2026-05-29 03:24:47.069 9 INFO neutron.db.ovn_revision_numbers_db [None req-5db575e9-76bc-4733-bb1f-e707a81812f2 2da55bc6ab524a769d391a82c7c6464b 1f3a548309754744b49aded604371595 - - default default] Successfully bumped revision number for resource 1168553b-ba1c-4ff4-b911-0717a7b5077b (type: routers) to 2
2026-05-29 03:24:47.097 9 INFO neutron.api.wsgi [None req-5db575e9-76bc-4733-bb1f-e707a81812f2 2da55bc6ab524a769d391a82c7c6464b 1f3a548309754744b49aded604371595 - - default default] 10.0.0.119 "POST /v2.0/routers HTTP/1.1" status: 201 len: 1136 time: 1.4749846
2026-05-29 03:24:47.587 9 WARNING neutron.scheduler.dhcp_agent_scheduler [None req-4d8fa6cb-0156-4a48-b8c7-7e92c343d2d1 2da55bc6ab524a769d391a82c7c6464b 1f3a548309754744b49aded604371595 - - default default] No more DHCP agents
2026-05-29 03:24:47.588 9 WARNING neutron.api.rpc.agentnotifiers.dhcp_rpc_agent_api [None req-4d8fa6cb-0156-4a48-b8c7-7e92c343d2d1 2da55bc6ab524a769d391a82c7c6464b 1f3a548309754744b49aded604371595 - - default default] Unable to schedule network 54cece4b-7c75-45e6-aa16-40ffc6eac481: no agents available; will retry on subsequent port and subnet creation events.
2026-05-29 03:24:47.731 9 INFO neutron.db.ovn_revision_numbers_db [None req-4d8fa6cb-0156-4a48-b8c7-7e92c343d2d1 2da55bc6ab524a769d391a82c7c6464b 1f3a548309754744b49aded604371595 - - default default] Successfully bumped revision number for resource 68fc0f9e-5fff-45de-a714-a892f6f28705 (type: ports) to 1
2026-05-29 03:24:47.793 10 INFO neutron.api.wsgi [None req-fe6fb999-b82f-4cf2-907e-678e2c1ad35a 6277a9cd3c92435aba87720388efb4dd 7d0eea829de84e9ab6fcf152402874c9 - - default default] 10.0.0.119 "PUT /v2.0/routers/b3c77cec-a7aa-4559-a137-83703758042f/remove_router_interface HTTP/1.1" status: 200 len: 503 time: 0.7790098 /var/lib/openstack/lib/python3.12/site-packages/pycadf/identifier.py:71: UserWarning: Invalid uuid: neutron. To ensure interoperability, identifiers should be a valid uuid. warnings.warn(('Invalid uuid: %s. To ensure interoperability, '
2026-05-29 03:24:48.067 9 WARNING neutron.plugins.ml2.drivers.ovn.mech_driver.ovsdb.ovn_client [None req-625bbb29-271d-42b1-9108-fcd0a2147ad6 - - - - - -] No port found with ID 15441a7f-68af-4006-8779-eb9e294d1340: RuntimeError: No port found with ID 15441a7f-68af-4006-8779-eb9e294d1340
2026-05-29 03:24:48.083 9 INFO neutron.plugins.ml2.drivers.ovn.mech_driver.mech_driver [None req-625bbb29-271d-42b1-9108-fcd0a2147ad6 - - - - - -] OVN reports status up for port: 6779042b-1228-4ead-b8ae-31cbc2d7456e
2026-05-29 03:24:48.092 9 INFO neutron.plugins.ml2.plugin [None req-625bbb29-271d-42b1-9108-fcd0a2147ad6 - - - - - -] Attempt 1 to provision port 6779042b-1228-4ead-b8ae-31cbc2d7456e
2026-05-29 03:24:48.413 9 INFO neutron.db.ovn_revision_numbers_db [None req-4d8fa6cb-0156-4a48-b8c7-7e92c343d2d1 2da55bc6ab524a769d391a82c7c6464b 1f3a548309754744b49aded604371595 - - default default] Successfully bumped revision number for resource 68fc0f9e-5fff-45de-a714-a892f6f28705 (type: ports) to 1
2026-05-29 03:24:48.434 10 INFO neutron.api.wsgi [None req-3ff6e620-99dd-4b3c-9966-20793c514f3c 6277a9cd3c92435aba87720388efb4dd 7d0eea829de84e9ab6fcf152402874c9 - - default default] 10.0.0.119 "DELETE /v2.0/routers/b3c77cec-a7aa-4559-a137-83703758042f HTTP/1.1" status: 204 len: 168 time: 0.6314268
2026-05-29 03:24:48.486 9 WARNING neutron.scheduler.dhcp_agent_scheduler [None req-4d8fa6cb-0156-4a48-b8c7-7e92c343d2d1 2da55bc6ab524a769d391a82c7c6464b 1f3a548309754744b49aded604371595 - - default default] No more DHCP agents
2026-05-29 03:24:48.488 9 WARNING neutron.api.rpc.agentnotifiers.dhcp_rpc_agent_api [None req-4d8fa6cb-0156-4a48-b8c7-7e92c343d2d1 2da55bc6ab524a769d391a82c7c6464b 1f3a548309754744b49aded604371595 - - default default] Unable to schedule network 54cece4b-7c75-45e6-aa16-40ffc6eac481: no agents available; will retry on subsequent port and subnet creation events.
2026-05-29 03:24:48.578 10 INFO neutron.api.wsgi [None req-f5b781ce-0574-4678-bf55-8aa83261e542 6277a9cd3c92435aba87720388efb4dd 7d0eea829de84e9ab6fcf152402874c9 - - default default] 10.0.0.119 "DELETE /v2.0/subnets/17c71a62-e5a1-4f95-bf33-3e65af7b3f7f HTTP/1.1" status: 204 len: 168 time: 0.1372287
2026-05-29 03:24:48.761 10 INFO neutron.api.wsgi [-] 10.0.0.231 "GET / HTTP/1.1" status: 200 len: 247 time: 0.0017242
2026-05-29 03:24:48.761 9 INFO neutron.api.wsgi [-] 10.0.0.231 "GET / HTTP/1.1" status: 200 len: 247 time: 0.0012248
2026-05-29 03:24:48.893 9 INFO neutron.db.ovn_revision_numbers_db [None req-4d8fa6cb-0156-4a48-b8c7-7e92c343d2d1 2da55bc6ab524a769d391a82c7c6464b 1f3a548309754744b49aded604371595 - - default default] Successfully bumped revision number for resource 68fc0f9e-5fff-45de-a714-a892f6f28705 (type: router_ports) to 1
2026-05-29 03:24:48.899 9 INFO neutron.api.wsgi [None req-4d8fa6cb-0156-4a48-b8c7-7e92c343d2d1 2da55bc6ab524a769d391a82c7c6464b 1f3a548309754744b49aded604371595 - - default default] 10.0.0.119 "PUT /v2.0/routers/1168553b-ba1c-4ff4-b911-0717a7b5077b/add_router_interface HTTP/1.1" status: 200 len: 503 time: 1.7968338
2026-05-29 03:24:48.912 10 INFO neutron.services.segments.plugin [-] Segment 67194928-be68-4b31-93ef-5c8d6b369e6e resource provider aggregate not found
2026-05-29 03:24:48.916 10 INFO neutron.services.segments.plugin [-] Segment 67194928-be68-4b31-93ef-5c8d6b369e6e resource provider aggregate not found
2026-05-29 03:24:48.928 10 INFO neutron.services.segments.plugin [-] Segment 67194928-be68-4b31-93ef-5c8d6b369e6e resource provider not found; error: Placement Client Error (4xx): {"errors": [{"status": 404, "title": "Not Found", "detail": "The resource could not be found.\n\n No resource provider with uuid 67194928-be68-4b31-93ef-5c8d6b369e6e found for delete ", "request_id": "req-79a56522-602c-4f73-83d4-9fa729b90e2a"}]}
2026-05-29 03:24:48.931 10 INFO neutron.services.segments.plugin [-] Segment 67194928-be68-4b31-93ef-5c8d6b369e6e resource provider not found; error: Placement Client Error (4xx): {"errors": [{"status": 404, "title": "Not Found", "detail": "The resource could not be found.\n\n No resource provider with uuid 67194928-be68-4b31-93ef-5c8d6b369e6e found for delete ", "request_id": "req-057367dc-0992-49f8-83e6-dca96db006d6"}]}
2026-05-29 03:24:49.009 10 INFO neutron.api.wsgi [None req-bdadd1e4-90cb-4c53-974d-1deb81875f27 6277a9cd3c92435aba87720388efb4dd 7d0eea829de84e9ab6fcf152402874c9 - - default default] 10.0.0.119 "DELETE /v2.0/networks/9367f9a8-49d5-4f63-a92b-bb6e073a3056 HTTP/1.1" status: 204 len: 168 time: 0.4270427
2026-05-29 03:24:49.513 10 WARNING neutron.scheduler.dhcp_agent_scheduler [None req-ab70cd3e-87ac-4b8a-b9ce-245f2d2c9530 - - - - - -] No more DHCP agents
2026-05-29 03:24:49.515 10 WARNING neutron.api.rpc.agentnotifiers.dhcp_rpc_agent_api [None req-ab70cd3e-87ac-4b8a-b9ce-245f2d2c9530 - - - - - -] Unable to schedule network d7eb82ce-76d8-4868-a005-bb4c2517cb9a: no agents available; will retry on subsequent port and subnet creation events.
2026-05-29 03:24:49.650 10 INFO neutron.db.ovn_revision_numbers_db [None req-ab70cd3e-87ac-4b8a-b9ce-245f2d2c9530 - - - - - -] Successfully bumped revision number for resource 53ad2fa4-40e2-427a-9a4e-606a4aca7461 (type: ports) to 1
2026-05-29 03:24:49.798 10 INFO neutron.api.wsgi [None req-fe26628d-0277-4914-a2f2-6b378e428d27 f0e1f8efade7448081d82c29b61a8a12 3c024b1a467c440e864b9c22ef77155b - - default default] 10.0.0.119 "GET /v2.0/security-groups?tenant_id=7d0eea829de84e9ab6fcf152402874c9&name=default HTTP/1.1" status: 200 len: 3120 time: 0.3032939
2026-05-29 03:24:49.906 10 INFO neutron.db.ovn_revision_numbers_db [None req-ab70cd3e-87ac-4b8a-b9ce-245f2d2c9530 - - - - - -] Successfully bumped revision number for resource 53ad2fa4-40e2-427a-9a4e-606a4aca7461 (type: ports) to 3
2026-05-29 03:24:49.971 10 INFO neutron.db.segments_db [None req-ab70cd3e-87ac-4b8a-b9ce-245f2d2c9530 - - - - - -] Added segment 01383233-9a16-4128-936b-28829c5e0086 of type geneve for network a347a7dc-2a5d-4889-8f94-a4edb32bb0de
2026-05-29 03:24:49.996 9 INFO neutron.api.wsgi [None req-41463786-9f96-4c93-9316-5a216e64faef f0e1f8efade7448081d82c29b61a8a12 3c024b1a467c440e864b9c22ef77155b - - default default] 10.0.0.119 "DELETE /v2.0/security-groups/c3418353-2c35-4b93-aa5e-ccfc2c2b34ce HTTP/1.1" status: 204 len: 168 time: 0.1918869
2026-05-29 03:24:50.057 10 WARNING neutron_lib.context [None req-d96ed467-50bd-40f0-9c20-f8d87a75743c 271c97249b8e4d0cb053720be501901a 8ef286eabf114d44bc8a0098dd8b264d - - default default] Method 'is_advsvc' is deprecated since 2023.2 release (neutron-lib 3.8.0) and will be removed once support for the old RBAC API policies will be removed from Neutron. Please use method 'is_service_role' instead.
2026-05-29 03:24:50.082 10 INFO neutron.db.ovn_revision_numbers_db [None req-5c4dc082-83a1-4af4-91d5-618548ad519c - - - - - -] Successfully bumped revision number for resource a347a7dc-2a5d-4889-8f94-a4edb32bb0de (type: networks) to 1
2026-05-29 03:24:50.206 10 INFO neutron.db.ovn_revision_numbers_db [None req-d96ed467-50bd-40f0-9c20-f8d87a75743c 271c97249b8e4d0cb053720be501901a 8ef286eabf114d44bc8a0098dd8b264d - - default default] Successfully bumped revision number for resource 63267f47-9789-45e2-ba2a-b9eefdf4ae37 (type: security_groups) to 1
2026-05-29 03:24:50.223 10 INFO neutron.db.ovn_revision_numbers_db [None req-d96ed467-50bd-40f0-9c20-f8d87a75743c 271c97249b8e4d0cb053720be501901a 8ef286eabf114d44bc8a0098dd8b264d - - default default] Successfully bumped revision number for resource 094d5a0d-d473-48d3-b9ec-a7fc2f2213b1 (type: security_group_rules) to 0
2026-05-29 03:24:50.236 10 WARNING neutron.scheduler.dhcp_agent_scheduler [None req-5c4dc082-83a1-4af4-91d5-618548ad519c - - - - - -] No more DHCP agents
2026-05-29 03:24:50.236 10 INFO neutron.db.ovn_revision_numbers_db [None req-d96ed467-50bd-40f0-9c20-f8d87a75743c 271c97249b8e4d0cb053720be501901a 8ef286eabf114d44bc8a0098dd8b264d - - default default] Successfully bumped revision number for resource 1a893397-6163-4262-b796-ce5c7a3a6c33 (type: security_group_rules) to 0
2026-05-29 03:24:50.238 10 WARNING neutron.api.rpc.agentnotifiers.dhcp_rpc_agent_api [None req-5c4dc082-83a1-4af4-91d5-618548ad519c - - - - - -] Unable to schedule network a347a7dc-2a5d-4889-8f94-a4edb32bb0de: no agents available; will retry on subsequent port and subnet creation events.
2026-05-29 03:24:50.250 10 INFO neutron.db.ovn_revision_numbers_db [None req-d96ed467-50bd-40f0-9c20-f8d87a75743c 271c97249b8e4d0cb053720be501901a 8ef286eabf114d44bc8a0098dd8b264d - - default default] Successfully bumped revision number for resource 296983a2-3e08-48f9-ba03-ebbbab1dbf9f (type: security_group_rules) to 0
2026-05-29 03:24:50.266 10 INFO neutron.db.ovn_revision_numbers_db [None req-d96ed467-50bd-40f0-9c20-f8d87a75743c 271c97249b8e4d0cb053720be501901a 8ef286eabf114d44bc8a0098dd8b264d - - default default] Successfully bumped revision number for resource d45bad4c-d62d-4d53-8527-0181aea3a5db (type: security_group_rules) to 0
2026-05-29 03:24:50.308 10 INFO neutron.db.ovn_revision_numbers_db [None req-5c4dc082-83a1-4af4-91d5-618548ad519c - - - - - -] Successfully bumped revision number for resource 717e2bea-4427-411b-a279-50c06e9e8b0d (type: ports) to 1
2026-05-29 03:24:50.347 10 INFO neutron.db.segments_db [None req-d96ed467-50bd-40f0-9c20-f8d87a75743c 271c97249b8e4d0cb053720be501901a 8ef286eabf114d44bc8a0098dd8b264d - - default default] Added segment b08b5996-891a-46de-ad9f-1d4472779671 of type geneve for network 96a06038-7b7f-4244-8e3c-53ef7505631b
2026-05-29 03:24:50.454 10 WARNING neutron.scheduler.dhcp_agent_scheduler [None req-5c4dc082-83a1-4af4-91d5-618548ad519c - - - - - -] No more DHCP agents
2026-05-29 03:24:50.456 10 WARNING neutron.api.rpc.agentnotifiers.dhcp_rpc_agent_api [None req-5c4dc082-83a1-4af4-91d5-618548ad519c - - - - - -] Unable to schedule network a347a7dc-2a5d-4889-8f94-a4edb32bb0de: no agents available; will retry on subsequent port and subnet creation events.
2026-05-29 03:24:50.463 10 INFO neutron.db.ovn_revision_numbers_db [None req-d96ed467-50bd-40f0-9c20-f8d87a75743c 271c97249b8e4d0cb053720be501901a 8ef286eabf114d44bc8a0098dd8b264d - - default default] Successfully bumped revision number for resource 96a06038-7b7f-4244-8e3c-53ef7505631b (type: networks) to 1
2026-05-29 03:24:50.487 10 INFO neutron.db.ovn_revision_numbers_db [None req-5c4dc082-83a1-4af4-91d5-618548ad519c - - - - - -] Successfully bumped revision number for resource a920d1b0-de4d-401b-b69e-e4dbcbde27fc (type: subnets) to 0
2026-05-29 03:24:50.659 10 WARNING neutron.scheduler.dhcp_agent_scheduler [None req-d96ed467-50bd-40f0-9c20-f8d87a75743c 271c97249b8e4d0cb053720be501901a 8ef286eabf114d44bc8a0098dd8b264d - - default default] No more DHCP agents
2026-05-29 03:24:50.661 10 WARNING neutron.api.rpc.agentnotifiers.dhcp_rpc_agent_api [None req-d96ed467-50bd-40f0-9c20-f8d87a75743c 271c97249b8e4d0cb053720be501901a 8ef286eabf114d44bc8a0098dd8b264d - - default default] Unable to schedule network 96a06038-7b7f-4244-8e3c-53ef7505631b: no agents available; will retry on subsequent port and subnet creation events.
2026-05-29 03:24:50.733 10 INFO neutron.db.ovn_revision_numbers_db [None req-d96ed467-50bd-40f0-9c20-f8d87a75743c 271c97249b8e4d0cb053720be501901a 8ef286eabf114d44bc8a0098dd8b264d - - default default] Successfully bumped revision number for resource dce1f06b-b198-431f-8dc0-8acf50ce01ea (type: ports) to 1
2026-05-29 03:24:50.758 10 INFO neutron.api.wsgi [None req-d96ed467-50bd-40f0-9c20-f8d87a75743c 271c97249b8e4d0cb053720be501901a 8ef286eabf114d44bc8a0098dd8b264d - - default default] 10.0.0.119 "POST /v2.0/networks HTTP/1.1" status: 201 len: 831 time: 0.8385787
2026-05-29 03:24:50.770 9 WARNING neutron_lib.context [None req-27d39f1c-0656-46ca-8c8d-16220770db17 271c97249b8e4d0cb053720be501901a 8ef286eabf114d44bc8a0098dd8b264d - - default default] Method 'is_advsvc' is deprecated since 2023.2 release (neutron-lib 3.8.0) and will be removed once support for the old RBAC API policies will be removed from Neutron. Please use method 'is_service_role' instead.
2026-05-29 03:24:50.885 10 WARNING neutron.scheduler.dhcp_agent_scheduler [None req-5c4dc082-83a1-4af4-91d5-618548ad519c - - - - - -] No more DHCP agents
2026-05-29 03:24:50.886 10 WARNING neutron.api.rpc.agentnotifiers.dhcp_rpc_agent_api [None req-5c4dc082-83a1-4af4-91d5-618548ad519c - - - - - -] Unable to schedule network a347a7dc-2a5d-4889-8f94-a4edb32bb0de: no agents available; will retry on subsequent port and subnet creation events.
2026-05-29 03:24:51.011 10 INFO neutron.db.ovn_revision_numbers_db [None req-5c4dc082-83a1-4af4-91d5-618548ad519c - - - - - -] Successfully bumped revision number for resource b1587b27-acf1-4387-85a6-f839f2491cbf (type: ports) to 1
2026-05-29 03:24:51.237 9 WARNING neutron.scheduler.dhcp_agent_scheduler [None req-27d39f1c-0656-46ca-8c8d-16220770db17 271c97249b8e4d0cb053720be501901a 8ef286eabf114d44bc8a0098dd8b264d - - default default] No more DHCP agents
2026-05-29 03:24:51.239 9 WARNING neutron.api.rpc.agentnotifiers.dhcp_rpc_agent_api [None req-27d39f1c-0656-46ca-8c8d-16220770db17 271c97249b8e4d0cb053720be501901a 8ef286eabf114d44bc8a0098dd8b264d - - default default] Unable to schedule network d7eb82ce-76d8-4868-a005-bb4c2517cb9a: no agents available; will retry on subsequent port and subnet creation events.
2026-05-29 03:24:51.369 9 INFO neutron.db.ovn_revision_numbers_db [None req-27d39f1c-0656-46ca-8c8d-16220770db17 271c97249b8e4d0cb053720be501901a 8ef286eabf114d44bc8a0098dd8b264d - - default default] Successfully bumped revision number for resource 9fa85057-57ae-42b0-8ed9-5f5e20bb141a (type: ports) to 1
2026-05-29 03:24:51.583 10 WARNING neutron.plugins.ml2.drivers.ovn.mech_driver.ovsdb.ovn_client [None req-2e755361-9b5d-4ac3-90b2-c5458fdd7dd1 - - - - - -] No hosting information found for port ec098400-2372-4764-9540-c749aec935e2: RuntimeError: No hosting information found for port ec098400-2372-4764-9540-c749aec935e2
2026-05-29 03:24:51.643 10 INFO neutron.db.ovn_revision_numbers_db [None req-5c4dc082-83a1-4af4-91d5-618548ad519c - - - - - -] Successfully bumped revision number for resource b1587b27-acf1-4387-85a6-f839f2491cbf (type: ports) to 1
2026-05-29 03:24:51.695 10 WARNING neutron.scheduler.dhcp_agent_scheduler [None req-5c4dc082-83a1-4af4-91d5-618548ad519c - - - - - -] No more DHCP agents
2026-05-29 03:24:51.697 10 WARNING neutron.api.rpc.agentnotifiers.dhcp_rpc_agent_api [None req-5c4dc082-83a1-4af4-91d5-618548ad519c - - - - - -] Unable to schedule network a347a7dc-2a5d-4889-8f94-a4edb32bb0de: no agents available; will retry on subsequent port and subnet creation events.
2026-05-29 03:24:51.704 10 INFO neutron.db.ovn_revision_numbers_db [None req-2e755361-9b5d-4ac3-90b2-c5458fdd7dd1 - - - - - -] Successfully bumped revision number for resource ec098400-2372-4764-9540-c749aec935e2 (type: router_ports) to 2
2026-05-29 03:24:51.848 9 WARNING neutron_lib.context [None req-a19d822d-188b-4558-9acf-1ba83083e977 42e39a98c6ac4cb8ab829359fa64efda 24d95f8380ca4853bf98f72eedc16a90 - - default default] Method 'is_advsvc' is deprecated since 2023.2 release (neutron-lib 3.8.0) and will be removed once support for the old RBAC API policies will be removed from Neutron. Please use method 'is_service_role' instead.
2026-05-29 03:24:51.849 9 WARNING neutron_lib.context [None req-a19d822d-188b-4558-9acf-1ba83083e977 42e39a98c6ac4cb8ab829359fa64efda 24d95f8380ca4853bf98f72eedc16a90 - - default default] Method 'is_advsvc' is deprecated since 2023.2 release (neutron-lib 3.8.0) and will be removed once support for the old RBAC API policies will be removed from Neutron. Please use method 'is_service_role' instead.
2026-05-29 03:24:51.919 9 INFO neutron.plugins.ml2.drivers.ovn.mech_driver.ovsdb.commands [None req-c39465bc-33eb-4dbf-8fc2-df63f79f9087 - - - - - -] Schedule LRP lrp-9fa85057-57ae-42b0-8ed9-5f5e20bb141a on gateway 4ac36ee7-285c-40d1-9040-302a60b33973 with priority 1
2026-05-29 03:24:51.943 10 INFO neutron.plugins.ml2.drivers.ovn.mech_driver.ovsdb.ovsdb_monitor [None req-c77494c1-6725-4ceb-b431-c5afe23324bd - - - - - -] Router 42f172bc-cb9f-4ccd-a3c6-6d4ca22ff5f6 is bound to host instance
2026-05-29 03:24:51.958 9 INFO neutron.db.ovn_revision_numbers_db [None req-27d39f1c-0656-46ca-8c8d-16220770db17 271c97249b8e4d0cb053720be501901a 8ef286eabf114d44bc8a0098dd8b264d - - default default] Successfully bumped revision number for resource 9fa85057-57ae-42b0-8ed9-5f5e20bb141a (type: router_ports) to 1
2026-05-29 03:24:51.961 10 INFO neutron.plugins.ml2.drivers.ovn.mech_driver.mech_driver [None req-2e755361-9b5d-4ac3-90b2-c5458fdd7dd1 - - - - - -] OVN reports status up for port: 121a0e9c-ae77-444f-a75c-be0adbc61771
2026-05-29 03:24:51.981 10 INFO neutron.plugins.ml2.plugin [None req-2e755361-9b5d-4ac3-90b2-c5458fdd7dd1 - - - - - -] Attempt 1 to provision port 121a0e9c-ae77-444f-a75c-be0adbc61771
2026-05-29 03:24:52.029 9 INFO neutron.db.ovn_revision_numbers_db [None req-a19d822d-188b-4558-9acf-1ba83083e977 42e39a98c6ac4cb8ab829359fa64efda 24d95f8380ca4853bf98f72eedc16a90 - - default default] Successfully bumped revision number for resource e41df1ad-ecb3-4dfc-933b-177cac192b97 (type: security_groups) to 1
2026-05-29 03:24:52.040 9 INFO neutron.db.ovn_revision_numbers_db [None req-27d39f1c-0656-46ca-8c8d-16220770db17 271c97249b8e4d0cb053720be501901a 8ef286eabf114d44bc8a0098dd8b264d - - default default] Successfully bumped revision number for resource 42f172bc-cb9f-4ccd-a3c6-6d4ca22ff5f6 (type: routers) to 2
2026-05-29 03:24:52.041 9 INFO neutron.db.ovn_revision_numbers_db [None req-a19d822d-188b-4558-9acf-1ba83083e977 42e39a98c6ac4cb8ab829359fa64efda 24d95f8380ca4853bf98f72eedc16a90 - - default default] Successfully bumped revision number for resource 2cf70040-51b3-4f0c-939a-2b92e5bd1178 (type: security_group_rules) to 0
2026-05-29 03:24:52.057 9 INFO neutron.api.wsgi [None req-27d39f1c-0656-46ca-8c8d-16220770db17 271c97249b8e4d0cb053720be501901a 8ef286eabf114d44bc8a0098dd8b264d - - default default] 10.0.0.119 "POST /v2.0/routers HTTP/1.1" status: 201 len: 1154 time: 1.2926438
2026-05-29 03:24:52.058 9 INFO neutron.db.ovn_revision_numbers_db [None req-a19d822d-188b-4558-9acf-1ba83083e977 42e39a98c6ac4cb8ab829359fa64efda 24d95f8380ca4853bf98f72eedc16a90 - - default default] Successfully bumped revision number for resource 3212302f-183b-40b3-9d06-930072b0f17b (type: security_group_rules) to 0
2026-05-29 03:24:52.070 9 INFO neutron.db.ovn_revision_numbers_db [None req-a19d822d-188b-4558-9acf-1ba83083e977 42e39a98c6ac4cb8ab829359fa64efda 24d95f8380ca4853bf98f72eedc16a90 - - default default] Successfully bumped revision number for resource a060e1bc-3da0-488d-9986-1c51bcd1fd2a (type: security_group_rules) to 0
2026-05-29 03:24:52.083 9 INFO neutron.db.ovn_revision_numbers_db [None req-a19d822d-188b-4558-9acf-1ba83083e977 42e39a98c6ac4cb8ab829359fa64efda 24d95f8380ca4853bf98f72eedc16a90 - - default default] Successfully bumped revision number for resource d407be2d-4d73-45b1-b999-f03a0f007490 (type: security_group_rules) to 0
2026-05-29 03:24:52.184 9 INFO neutron.api.wsgi [None req-2369dcdd-241e-4a9a-adde-8e609c5e00b0 70cb5056eaf44eed8b2e587200bcff4c e305d97be5d04ca78267ea15fc160501 - - default default] 10.0.0.119 "GET /v2.0/subnets?project_id=8ef286eabf114d44bc8a0098dd8b264d&cidr=10.100.0.0%2F28 HTTP/1.1" status: 200 len: 207 time: 0.1201093
2026-05-29 03:24:52.217 9 INFO neutron.db.segments_db [None req-a19d822d-188b-4558-9acf-1ba83083e977 42e39a98c6ac4cb8ab829359fa64efda 24d95f8380ca4853bf98f72eedc16a90 - - default default] Added segment 9b7ede8a-6328-42b2-a863-ffe1e6910146 of type geneve for network 70886ec7-8460-485f-9779-4e451605ee43
2026-05-29 03:24:52.247 9 INFO neutron.api.wsgi [None req-1e509749-7709-498c-b30d-bb4e73649d79 70cb5056eaf44eed8b2e587200bcff4c e305d97be5d04ca78267ea15fc160501 - - default default] 10.0.0.119 "GET /v2.0/networks?router%3Aexternal=True HTTP/1.1" status: 200 len: 947 time: 0.0539718
2026-05-29 03:24:52.286 9 INFO neutron.api.wsgi [None req-bb7dcda8-9135-4ab3-928e-572c08d61d4e 70cb5056eaf44eed8b2e587200bcff4c e305d97be5d04ca78267ea15fc160501 - - default default] 10.0.0.119 "GET /v2.0/subnets?network_id=d7eb82ce-76d8-4868-a005-bb4c2517cb9a&cidr=10.100.0.0%2F28 HTTP/1.1" status: 200 len: 207 time: 0.0284927
