2026-05-29 03:24:57.823 9 WARNING neutron_lib.context [None req-57d91107-2862-4ae3-950e-63566c80d915 2df3078ee4864d13abf523c1ec19192b 71cdcd906cf342bcb6eecd6de12e8db3 - - default default] Method 'is_advsvc' is deprecated since 2023.2 release (neutron-lib 3.8.0) and will be removed once support for the old RBAC API policies will be removed from Neutron. Please use method 'is_service_role' instead.
2026-05-29 03:24:57.836 10 INFO neutron.api.wsgi [None req-60d28985-c782-494d-a1c6-158a8398eab3 2da55bc6ab524a769d391a82c7c6464b 1f3a548309754744b49aded604371595 - - default default] 10.0.0.119 "GET /v2.0/vpn/endpoint-groups HTTP/1.1" status: 200 len: 1110 time: 0.0139227
2026-05-29 03:24:57.838 10 INFO neutron.api.wsgi [req-d07019ac-4086-4998-a1fb-9fbe842ad5e8 req-f0721eba-2873-4a6e-b47c-c97f8336134d 271c97249b8e4d0cb053720be501901a 8ef286eabf114d44bc8a0098dd8b264d - - default default] 10.0.0.246 "GET /v2.0/quotas/8ef286eabf114d44bc8a0098dd8b264d HTTP/1.1" status: 200 len: 491 time: 0.0118885
2026-05-29 03:24:57.851 10 INFO neutron.db.ovn_revision_numbers_db [None req-76bb72f6-60be-4e16-8280-544166cd06c3 42e39a98c6ac4cb8ab829359fa64efda 24d95f8380ca4853bf98f72eedc16a90 - - default default] Successfully bumped revision number for resource 55ab74b1-6362-4504-85df-bcc50f577aba (type: networks) to 1
2026-05-29 03:24:57.860 10 INFO neutron.services.segments.plugin [-] Segment 01383233-9a16-4128-936b-28829c5e0086 resource provider aggregate not found
2026-05-29 03:24:57.863 10 INFO neutron.services.segments.plugin [-] Segment 01383233-9a16-4128-936b-28829c5e0086 resource provider aggregate not found
2026-05-29 03:24:57.872 10 INFO neutron.services.segments.plugin [-] Segment 01383233-9a16-4128-936b-28829c5e0086 resource provider not found; error: Placement Client Error (4xx): {"errors": [{"status": 404, "title": "Not Found", "detail": "The resource could not be found.\n\n No resource provider with uuid 01383233-9a16-4128-936b-28829c5e0086 found for delete ", "request_id": "req-2ef822fc-f350-40b8-b032-ea4d6b9cee47"}]}
2026-05-29 03:24:57.872 9 INFO neutron.api.wsgi [None req-984906d7-c979-473c-b8e6-287ef78b585a 2da55bc6ab524a769d391a82c7c6464b 1f3a548309754744b49aded604371595 - - default default] 10.0.0.119 "DELETE /v2.0/vpn/endpoint-groups/e592cc06-9cd0-4a9b-bf73-10674610aa5c HTTP/1.1" status: 204 len: 168 time: 0.0276258
2026-05-29 03:24:57.881 10 INFO neutron.services.segments.plugin [-] Segment 01383233-9a16-4128-936b-28829c5e0086 resource provider not found; error: Placement Client Error (4xx): {"errors": [{"status": 404, "title": "Not Found", "detail": "The resource could not be found.\n\n No resource provider with uuid 01383233-9a16-4128-936b-28829c5e0086 found for delete ", "request_id": "req-c4eb5cd9-301c-4f98-8bea-9a3b0672600c"}]}
2026-05-29 03:24:57.889 9 INFO neutron.api.wsgi [None req-95a32267-3d9b-4e1a-a092-445a8f8c9314 2da55bc6ab524a769d391a82c7c6464b 1f3a548309754744b49aded604371595 - - default default] 10.0.0.119 "GET /v2.0/vpn/endpoint-groups HTTP/1.1" status: 200 len: 826 time: 0.0122573
2026-05-29 03:24:57.904 9 WARNING neutron_lib.context [None req-0148bafe-058c-4ea1-a7a6-3dc8e9b942d9 2da55bc6ab524a769d391a82c7c6464b 1f3a548309754744b49aded604371595 - - default default] Method 'is_advsvc' is deprecated since 2023.2 release (neutron-lib 3.8.0) and will be removed once support for the old RBAC API policies will be removed from Neutron. Please use method 'is_service_role' instead.
2026-05-29 03:24:57.954 10 INFO neutron.api.wsgi [req-d07019ac-4086-4998-a1fb-9fbe842ad5e8 req-8b8e481f-8264-4042-b53f-39da224d48f4 271c97249b8e4d0cb053720be501901a 8ef286eabf114d44bc8a0098dd8b264d - - default default] 10.0.0.246 "GET /v2.0/ports?tenant_id=8ef286eabf114d44bc8a0098dd8b264d&fields=id HTTP/1.1" status: 200 len: 302 time: 0.1080828
2026-05-29 03:24:57.965 9 INFO neutron.api.wsgi [None req-0148bafe-058c-4ea1-a7a6-3dc8e9b942d9 2da55bc6ab524a769d391a82c7c6464b 1f3a548309754744b49aded604371595 - - default default] 10.0.0.119 "POST /v2.0/vpn/endpoint-groups HTTP/1.1" status: 201 len: 501 time: 0.0646410
2026-05-29 03:24:57.975 9 WARNING neutron_lib.context [None req-c0bb6cdb-c62e-4188-a313-ab3829b7e5d1 2da55bc6ab524a769d391a82c7c6464b 1f3a548309754744b49aded604371595 - - default default] Method 'is_advsvc' is deprecated since 2023.2 release (neutron-lib 3.8.0) and will be removed once support for the old RBAC API policies will be removed from Neutron. Please use method 'is_service_role' instead.
2026-05-29 03:24:58.012 9 INFO neutron.api.wsgi [None req-c0bb6cdb-c62e-4188-a313-ab3829b7e5d1 2da55bc6ab524a769d391a82c7c6464b 1f3a548309754744b49aded604371595 - - default default] 10.0.0.119 "POST /v2.0/vpn/endpoint-groups HTTP/1.1" status: 201 len: 492 time: 0.0401297
2026-05-29 03:24:58.018 10 INFO neutron.api.wsgi [req-d07019ac-4086-4998-a1fb-9fbe842ad5e8 req-4e9441d5-41bc-4405-9648-e88265de2e5f cfd06e397f6f41e6ba3396505ce03daa 5551deca0bc643bdaa9d1fa00c6422b1 - - 0183fc77d5d24c26bd727dbfe351f1ba 0183fc77d5d24c26bd727dbfe351f1ba] 10.0.0.246 "GET /v2.0/networks/96a06038-7b7f-4244-8e3c-53ef7505631b?fields=segments HTTP/1.1" status: 200 len: 212 time: 0.0546587
2026-05-29 03:24:58.021 9 WARNING neutron_lib.context [None req-37f9f680-02bb-42b1-b013-7dad0aab0eb2 2da55bc6ab524a769d391a82c7c6464b 1f3a548309754744b49aded604371595 - - default default] Method 'is_advsvc' is deprecated since 2023.2 release (neutron-lib 3.8.0) and will be removed once support for the old RBAC API policies will be removed from Neutron. Please use method 'is_service_role' instead.
2026-05-29 03:24:58.031 9 WARNING neutron.scheduler.dhcp_agent_scheduler [None req-57d91107-2862-4ae3-950e-63566c80d915 2df3078ee4864d13abf523c1ec19192b 71cdcd906cf342bcb6eecd6de12e8db3 - - default default] No more DHCP agents
2026-05-29 03:24:58.032 9 WARNING neutron.api.rpc.agentnotifiers.dhcp_rpc_agent_api [None req-57d91107-2862-4ae3-950e-63566c80d915 2df3078ee4864d13abf523c1ec19192b 71cdcd906cf342bcb6eecd6de12e8db3 - - default default] Unable to schedule network 1291c168-5d69-4016-900f-71b9bd731bfa: no agents available; will retry on subsequent port and subnet creation events.
2026-05-29 03:24:58.048 10 WARNING neutron.scheduler.dhcp_agent_scheduler [None req-76bb72f6-60be-4e16-8280-544166cd06c3 42e39a98c6ac4cb8ab829359fa64efda 24d95f8380ca4853bf98f72eedc16a90 - - default default] No more DHCP agents
2026-05-29 03:24:58.050 10 WARNING neutron.api.rpc.agentnotifiers.dhcp_rpc_agent_api [None req-76bb72f6-60be-4e16-8280-544166cd06c3 42e39a98c6ac4cb8ab829359fa64efda 24d95f8380ca4853bf98f72eedc16a90 - - default default] Unable to schedule network 55ab74b1-6362-4504-85df-bcc50f577aba: no agents available; will retry on subsequent port and subnet creation events.
2026-05-29 03:24:58.063 9 INFO neutron.db.ovn_revision_numbers_db [None req-57d91107-2862-4ae3-950e-63566c80d915 2df3078ee4864d13abf523c1ec19192b 71cdcd906cf342bcb6eecd6de12e8db3 - - default default] Successfully bumped revision number for resource c97ac7ed-5393-4ba1-b30c-7981a3bb1b92 (type: subnets) to 0
2026-05-29 03:24:58.067 9 INFO neutron.api.v2.resource [None req-37f9f680-02bb-42b1-b013-7dad0aab0eb2 2da55bc6ab524a769d391a82c7c6464b 1f3a548309754744b49aded604371595 - - default default] create failed (client error): The server could not comply with the request since it is either malformed or otherwise incorrect.
2026-05-29 03:24:58.067 10 INFO neutron.api.wsgi [req-d07019ac-4086-4998-a1fb-9fbe842ad5e8 req-0b25c565-8a9a-4f37-b879-2bf788e33f0b cfd06e397f6f41e6ba3396505ce03daa 5551deca0bc643bdaa9d1fa00c6422b1 - - 0183fc77d5d24c26bd727dbfe351f1ba 0183fc77d5d24c26bd727dbfe351f1ba] 10.0.0.246 "GET /v2.0/networks/96a06038-7b7f-4244-8e3c-53ef7505631b?fields=provider%3Aphysical_network&fields=provider%3Anetwork_type HTTP/1.1" status: 200 len: 277 time: 0.0431402
2026-05-29 03:24:58.068 9 INFO neutron.api.wsgi [None req-37f9f680-02bb-42b1-b013-7dad0aab0eb2 2da55bc6ab524a769d391a82c7c6464b 1f3a548309754744b49aded604371595 - - default default] 10.0.0.119 "POST /v2.0/vpn/ipsec-site-connections HTTP/1.1" status: 400 len: 373 time: 0.0508599
2026-05-29 03:24:58.080 9 INFO neutron.api.wsgi [None req-57d91107-2862-4ae3-950e-63566c80d915 2df3078ee4864d13abf523c1ec19192b 71cdcd906cf342bcb6eecd6de12e8db3 - - default default] 10.0.0.119 "POST /v2.0/subnets HTTP/1.1" status: 201 len: 925 time: 0.2607634
2026-05-29 03:24:58.087 9 WARNING neutron_lib.context [None req-c3b69cf0-5527-43d6-881a-87cb419fb016 2df3078ee4864d13abf523c1ec19192b 71cdcd906cf342bcb6eecd6de12e8db3 - - default default] Method 'is_advsvc' is deprecated since 2023.2 release (neutron-lib 3.8.0) and will be removed once support for the old RBAC API policies will be removed from Neutron. Please use method 'is_service_role' instead.
2026-05-29 03:24:58.093 9 INFO neutron.api.wsgi [None req-bd7382b3-d312-4440-9392-94728c2ecff9 2da55bc6ab524a769d391a82c7c6464b 1f3a548309754744b49aded604371595 - - default default] 10.0.0.119 "GET /v2.0/vpn/endpoint-groups HTTP/1.1" status: 200 len: 1386 time: 0.0203149
2026-05-29 03:24:58.128 10 INFO neutron.api.wsgi [None req-82885766-cae5-4138-8b3b-88842a15f234 2da55bc6ab524a769d391a82c7c6464b 1f3a548309754744b49aded604371595 - - default default] 10.0.0.119 "DELETE /v2.0/vpn/endpoint-groups/b1286319-5c7c-4bd8-a411-85db2d512aa2 HTTP/1.1" status: 204 len: 168 time: 0.0299425
2026-05-29 03:24:58.129 10 INFO neutron.db.ovn_revision_numbers_db [None req-76bb72f6-60be-4e16-8280-544166cd06c3 42e39a98c6ac4cb8ab829359fa64efda 24d95f8380ca4853bf98f72eedc16a90 - - default default] Successfully bumped revision number for resource 8e2e3117-7296-4a02-bec3-5b4b7b2744ed (type: ports) to 1
2026-05-29 03:24:58.143 10 INFO neutron.api.wsgi [None req-baed2bad-ffb0-4ab9-9c26-eaa2e32f9039 2da55bc6ab524a769d391a82c7c6464b 1f3a548309754744b49aded604371595 - - default default] 10.0.0.119 "GET /v2.0/vpn/endpoint-groups HTTP/1.1" status: 200 len: 1110 time: 0.0098126
2026-05-29 03:24:58.151 10 INFO neutron.api.wsgi [None req-76bb72f6-60be-4e16-8280-544166cd06c3 42e39a98c6ac4cb8ab829359fa64efda 24d95f8380ca4853bf98f72eedc16a90 - - default default] 10.0.0.119 "POST /v2.0/networks HTTP/1.1" status: 201 len: 849 time: 0.5741780
2026-05-29 03:24:58.154 10 INFO neutron.api.wsgi [None req-94bd0abe-4789-4c04-a63e-728354421acb 2da55bc6ab524a769d391a82c7c6464b 1f3a548309754744b49aded604371595 - - default default] 10.0.0.119 "GET /v2.0/vpn/endpoint-groups HTTP/1.1" status: 200 len: 1110 time: 0.0075436
2026-05-29 03:24:58.163 10 WARNING neutron_lib.context [None req-7c1d6614-4989-48a1-982a-dae7c4ed1fea 42e39a98c6ac4cb8ab829359fa64efda 24d95f8380ca4853bf98f72eedc16a90 - - default default] Method 'is_advsvc' is deprecated since 2023.2 release (neutron-lib 3.8.0) and will be removed once support for the old RBAC API policies will be removed from Neutron. Please use method 'is_service_role' instead.
2026-05-29 03:24:58.179 9 INFO neutron.db.segments_db [None req-c3b69cf0-5527-43d6-881a-87cb419fb016 2df3078ee4864d13abf523c1ec19192b 71cdcd906cf342bcb6eecd6de12e8db3 - - default default] Added segment 7efbbeb0-0b02-4510-b0df-cdeb151c0964 of type geneve for network 3f4bd2e6-656e-405b-870a-65056de22a74
2026-05-29 03:24:58.202 9 INFO neutron.api.wsgi [None req-e4f24931-c0e8-456b-a004-301a61cb5a77 2da55bc6ab524a769d391a82c7c6464b 1f3a548309754744b49aded604371595 - - default default] 10.0.0.119 "DELETE /v2.0/vpn/endpoint-groups/1553a512-1757-4dc5-b2fc-6e43a2c9b08f HTTP/1.1" status: 204 len: 168 time: 0.0418866
2026-05-29 03:24:58.208 9 INFO neutron.api.wsgi [req-8f10f3c8-8e14-4420-a679-5d7f22f90784 req-24e10e71-e8de-4cb9-b5fd-eb5f5bb44a55 271c97249b8e4d0cb053720be501901a 8ef286eabf114d44bc8a0098dd8b264d - - default default] 10.0.0.246 "GET /v2.0/ports?device_id=7942cf48-8bb3-4321-8aca-866912d7dfd5 HTTP/1.1" status: 200 len: 210 time: 0.0183694
2026-05-29 03:24:58.244 10 INFO neutron.db.segments_db [None req-7c1d6614-4989-48a1-982a-dae7c4ed1fea 42e39a98c6ac4cb8ab829359fa64efda 24d95f8380ca4853bf98f72eedc16a90 - - default default] Added segment 720a6e5d-9d37-40d3-b8f9-b6245c2337c2 of type geneve for network 7ce21482-6f50-497e-aa49-81493e71dc9b
2026-05-29 03:24:58.250 9 INFO neutron.api.wsgi [None req-8ca55eba-719d-4699-9a1c-c53334a3315a 2da55bc6ab524a769d391a82c7c6464b 1f3a548309754744b49aded604371595 - - default default] 10.0.0.119 "GET /v2.0/vpn/endpoint-groups HTTP/1.1" status: 200 len: 826 time: 0.0151920
2026-05-29 03:24:58.263 9 WARNING neutron_lib.context [None req-3a07b052-6ba9-44aa-a109-a3151e0eaa70 2da55bc6ab524a769d391a82c7c6464b 1f3a548309754744b49aded604371595 - - default default] Method 'is_advsvc' is deprecated since 2023.2 release (neutron-lib 3.8.0) and will be removed once support for the old RBAC API policies will be removed from Neutron. Please use method 'is_service_role' instead.
2026-05-29 03:24:58.305 9 INFO neutron.db.ovn_revision_numbers_db [None req-c3b69cf0-5527-43d6-881a-87cb419fb016 2df3078ee4864d13abf523c1ec19192b 71cdcd906cf342bcb6eecd6de12e8db3 - - default default] Successfully bumped revision number for resource 3f4bd2e6-656e-405b-870a-65056de22a74 (type: networks) to 1
2026-05-29 03:24:58.329 9 INFO neutron.api.wsgi [None req-3a07b052-6ba9-44aa-a109-a3151e0eaa70 2da55bc6ab524a769d391a82c7c6464b 1f3a548309754744b49aded604371595 - - default default] 10.0.0.119 "POST /v2.0/vpn/endpoint-groups HTTP/1.1" status: 201 len: 501 time: 0.0699465
2026-05-29 03:24:58.346 10 WARNING neutron.api.v2.base [None req-cf101e82-41df-480d-be44-8a53dfc5a6c2 2da55bc6ab524a769d391a82c7c6464b 1f3a548309754744b49aded604371595 - - default default] An exception happened while processing the request body. The exception message is [Failed to parse request. Required attribute 'peer_id' not specified].: webob.exc.HTTPBadRequest: Failed to parse request. Required attribute 'peer_id' not specified
2026-05-29 03:24:58.347 10 INFO neutron.api.v2.resource [None req-cf101e82-41df-480d-be44-8a53dfc5a6c2 2da55bc6ab524a769d391a82c7c6464b 1f3a548309754744b49aded604371595 - - default default] create failed (client error): Failed to parse request. Required attribute 'peer_id' not specified
2026-05-29 03:24:58.348 10 INFO neutron.api.wsgi [None req-cf101e82-41df-480d-be44-8a53dfc5a6c2 2da55bc6ab524a769d391a82c7c6464b 1f3a548309754744b49aded604371595 - - default default] 10.0.0.119 "POST /v2.0/vpn/ipsec-site-connections HTTP/1.1" status: 400 len: 343 time: 0.0083039
2026-05-29 03:24:58.377 10 INFO neutron.api.wsgi [None req-1bad40df-1807-4565-83f9-66639c314ef1 2da55bc6ab524a769d391a82c7c6464b 1f3a548309754744b49aded604371595 - - default default] 10.0.0.119 "GET /v2.0/vpn/endpoint-groups HTTP/1.1" status: 200 len: 1110 time: 0.0216982
2026-05-29 03:24:58.400 10 INFO neutron.db.ovn_revision_numbers_db [None req-7c1d6614-4989-48a1-982a-dae7c4ed1fea 42e39a98c6ac4cb8ab829359fa64efda 24d95f8380ca4853bf98f72eedc16a90 - - default default] Successfully bumped revision number for resource 7ce21482-6f50-497e-aa49-81493e71dc9b (type: networks) to 1
2026-05-29 03:24:58.415 9 INFO neutron.api.wsgi [None req-2ef1cd47-33eb-49b2-be3f-c7d4e1349d19 2da55bc6ab524a769d391a82c7c6464b 1f3a548309754744b49aded604371595 - - default default] 10.0.0.119 "DELETE /v2.0/vpn/endpoint-groups/57e8fbdc-3698-4297-8a2a-dde6ec1a76ca HTTP/1.1" status: 204 len: 168 time: 0.0261164
2026-05-29 03:24:58.433 10 INFO neutron.api.wsgi [None req-e751e804-235b-4eb5-8cce-f8564a47b674 2da55bc6ab524a769d391a82c7c6464b 1f3a548309754744b49aded604371595 - - default default] 10.0.0.119 "GET /v2.0/vpn/endpoint-groups HTTP/1.1" status: 200 len: 826 time: 0.0106878
2026-05-29 03:24:58.444 9 WARNING neutron_lib.context [None req-450642f3-8e5d-4aeb-a678-fec9613fddf1 2da55bc6ab524a769d391a82c7c6464b 1f3a548309754744b49aded604371595 - - default default] Method 'is_advsvc' is deprecated since 2023.2 release (neutron-lib 3.8.0) and will be removed once support for the old RBAC API policies will be removed from Neutron. Please use method 'is_service_role' instead.
2026-05-29 03:24:58.478 9 WARNING neutron.scheduler.dhcp_agent_scheduler [None req-c3b69cf0-5527-43d6-881a-87cb419fb016 2df3078ee4864d13abf523c1ec19192b 71cdcd906cf342bcb6eecd6de12e8db3 - - default default] No more DHCP agents
2026-05-29 03:24:58.479 9 WARNING neutron.api.rpc.agentnotifiers.dhcp_rpc_agent_api [None req-c3b69cf0-5527-43d6-881a-87cb419fb016 2df3078ee4864d13abf523c1ec19192b 71cdcd906cf342bcb6eecd6de12e8db3 - - default default] Unable to schedule network 3f4bd2e6-656e-405b-870a-65056de22a74: no agents available; will retry on subsequent port and subnet creation events.
2026-05-29 03:24:58.484 9 INFO neutron.api.wsgi [None req-450642f3-8e5d-4aeb-a678-fec9613fddf1 2da55bc6ab524a769d391a82c7c6464b 1f3a548309754744b49aded604371595 - - default default] 10.0.0.119 "POST /v2.0/vpn/endpoint-groups HTTP/1.1" status: 201 len: 493 time: 0.0444498
2026-05-29 03:24:58.496 10 WARNING neutron.api.v2.base [None req-28259166-8422-4fb5-8a96-5c889cafcc0a 2da55bc6ab524a769d391a82c7c6464b 1f3a548309754744b49aded604371595 - - default default] An exception happened while processing the request body. The exception message is [Failed to parse request. Required attribute 'peer_id' not specified].: webob.exc.HTTPBadRequest: Failed to parse request. Required attribute 'peer_id' not specified
2026-05-29 03:24:58.497 10 INFO neutron.api.v2.resource [None req-28259166-8422-4fb5-8a96-5c889cafcc0a 2da55bc6ab524a769d391a82c7c6464b 1f3a548309754744b49aded604371595 - - default default] create failed (client error): Failed to parse request. Required attribute 'peer_id' not specified
2026-05-29 03:24:58.498 10 INFO neutron.api.wsgi [None req-28259166-8422-4fb5-8a96-5c889cafcc0a 2da55bc6ab524a769d391a82c7c6464b 1f3a548309754744b49aded604371595 - - default default] 10.0.0.119 "POST /v2.0/vpn/ipsec-site-connections HTTP/1.1" status: 400 len: 343 time: 0.0077193
2026-05-29 03:24:58.513 9 INFO neutron.api.wsgi [None req-3fb2fdaa-bb14-4536-ac50-2fb35e613231 2da55bc6ab524a769d391a82c7c6464b 1f3a548309754744b49aded604371595 - - default default] 10.0.0.119 "GET /v2.0/vpn/endpoint-groups HTTP/1.1" status: 200 len: 1102 time: 0.0102091
2026-05-29 03:24:58.547 9 INFO neutron.api.wsgi [None req-5344d07f-3c77-4c27-a13a-b236c98142a5 2da55bc6ab524a769d391a82c7c6464b 1f3a548309754744b49aded604371595 - - default default] 10.0.0.119 "DELETE /v2.0/vpn/endpoint-groups/082268b9-6fb6-4dfb-93a0-996a681888f5 HTTP/1.1" status: 204 len: 168 time: 0.0287299
2026-05-29 03:24:58.559 9 INFO neutron.api.wsgi [None req-af084a7c-ab18-4e0c-ac8c-f7c59d083284 2da55bc6ab524a769d391a82c7c6464b 1f3a548309754744b49aded604371595 - - default default] 10.0.0.119 "GET /v2.0/vpn/endpoint-groups HTTP/1.1" status: 200 len: 826 time: 0.0080211
2026-05-29 03:24:58.561 9 INFO neutron.db.ovn_revision_numbers_db [None req-c3b69cf0-5527-43d6-881a-87cb419fb016 2df3078ee4864d13abf523c1ec19192b 71cdcd906cf342bcb6eecd6de12e8db3 - - default default] Successfully bumped revision number for resource 461679bf-420e-4888-ba5e-724846f2fdf0 (type: ports) to 1
2026-05-29 03:24:58.573 10 WARNING neutron_lib.context [None req-c1916b48-b53c-4e36-b2f8-c06fd76b422a 2da55bc6ab524a769d391a82c7c6464b 1f3a548309754744b49aded604371595 - - default default] Method 'is_advsvc' is deprecated since 2023.2 release (neutron-lib 3.8.0) and will be removed once support for the old RBAC API policies will be removed from Neutron. Please use method 'is_service_role' instead.
2026-05-29 03:24:58.579 9 INFO neutron.api.wsgi [None req-c3b69cf0-5527-43d6-881a-87cb419fb016 2df3078ee4864d13abf523c1ec19192b 71cdcd906cf342bcb6eecd6de12e8db3 - - default default] 10.0.0.119 "POST /v2.0/networks HTTP/1.1" status: 201 len: 837 time: 0.4945030
2026-05-29 03:24:58.584 10 WARNING neutron.scheduler.dhcp_agent_scheduler [None req-7c1d6614-4989-48a1-982a-dae7c4ed1fea 42e39a98c6ac4cb8ab829359fa64efda 24d95f8380ca4853bf98f72eedc16a90 - - default default] No more DHCP agents
2026-05-29 03:24:58.587 10 WARNING neutron.api.rpc.agentnotifiers.dhcp_rpc_agent_api [None req-7c1d6614-4989-48a1-982a-dae7c4ed1fea 42e39a98c6ac4cb8ab829359fa64efda 24d95f8380ca4853bf98f72eedc16a90 - - default default] Unable to schedule network 7ce21482-6f50-497e-aa49-81493e71dc9b: no agents available; will retry on subsequent port and subnet creation events.
2026-05-29 03:24:58.588 9 WARNING neutron_lib.context [None req-f9c21b34-059d-4369-bd49-138c50e7375c 2df3078ee4864d13abf523c1ec19192b 71cdcd906cf342bcb6eecd6de12e8db3 - - default default] Method 'is_advsvc' is deprecated since 2023.2 release (neutron-lib 3.8.0) and will be removed once support for the old RBAC API policies will be removed from Neutron. Please use method 'is_service_role' instead.
2026-05-29 03:24:58.614 10 INFO neutron.api.wsgi [None req-c1916b48-b53c-4e36-b2f8-c06fd76b422a 2da55bc6ab524a769d391a82c7c6464b 1f3a548309754744b49aded604371595 - - default default] 10.0.0.119 "POST /v2.0/vpn/endpoint-groups HTTP/1.1" status: 201 len: 487 time: 0.0442498
2026-05-29 03:24:58.624 9 WARNING neutron_lib.context [None req-664d94ce-228e-4adf-87f2-922a6ddc3f4d 2da55bc6ab524a769d391a82c7c6464b 1f3a548309754744b49aded604371595 - - default default] Method 'is_advsvc' is deprecated since 2023.2 release (neutron-lib 3.8.0) and will be removed once support for the old RBAC API policies will be removed from Neutron. Please use method 'is_service_role' instead.
2026-05-29 03:24:58.638 10 WARNING neutron.plugins.ml2.drivers.ovn.mech_driver.ovsdb.ovn_client [None req-c000b16c-bda6-4c4e-8476-7e4e1e50dd9d - - - - - -] No port found with ID b1587b27-acf1-4387-85a6-f839f2491cbf: RuntimeError: No port found with ID b1587b27-acf1-4387-85a6-f839f2491cbf
2026-05-29 03:24:58.653 10 INFO neutron.plugins.ml2.drivers.ovn.mech_driver.mech_driver [None req-c000b16c-bda6-4c4e-8476-7e4e1e50dd9d - - - - - -] OVN reports status up for port: 14cb7ae1-eadb-4232-9a96-46d38ad78f95
2026-05-29 03:24:58.661 10 INFO neutron.plugins.ml2.plugin [None req-c000b16c-bda6-4c4e-8476-7e4e1e50dd9d - - - - - -] Attempt 1 to provision port 14cb7ae1-eadb-4232-9a96-46d38ad78f95
2026-05-29 03:24:58.667 10 INFO neutron.db.ovn_revision_numbers_db [None req-7c1d6614-4989-48a1-982a-dae7c4ed1fea 42e39a98c6ac4cb8ab829359fa64efda 24d95f8380ca4853bf98f72eedc16a90 - - default default] Successfully bumped revision number for resource cabe396b-5653-4bd1-9d2b-e97c30fa1b00 (type: ports) to 1
2026-05-29 03:24:58.680 9 INFO neutron.api.wsgi [None req-664d94ce-228e-4adf-87f2-922a6ddc3f4d 2da55bc6ab524a769d391a82c7c6464b 1f3a548309754744b49aded604371595 - - default default] 10.0.0.119 "POST /v2.0/vpn/endpoint-groups HTTP/1.1" status: 201 len: 500 time: 0.0596621
2026-05-29 03:24:58.692 10 WARNING neutron_lib.context [None req-a0516974-61e3-47ef-bbe7-7a562e2a9f11 2da55bc6ab524a769d391a82c7c6464b 1f3a548309754744b49aded604371595 - - default default] Method 'is_advsvc' is deprecated since 2023.2 release (neutron-lib 3.8.0) and will be removed once support for the old RBAC API policies will be removed from Neutron. Please use method 'is_service_role' instead.
2026-05-29 03:24:58.698 10 INFO neutron.api.wsgi [None req-7c1d6614-4989-48a1-982a-dae7c4ed1fea 42e39a98c6ac4cb8ab829359fa64efda 24d95f8380ca4853bf98f72eedc16a90 - - default default] 10.0.0.119 "POST /v2.0/networks HTTP/1.1" status: 201 len: 849 time: 0.5388110
2026-05-29 03:24:58.740 9 WARNING neutron_lib.context [None req-8294125d-182d-4cb8-8319-1b0a92c98f10 42e39a98c6ac4cb8ab829359fa64efda 24d95f8380ca4853bf98f72eedc16a90 - - default default] Method 'is_advsvc' is deprecated since 2023.2 release (neutron-lib 3.8.0) and will be removed once support for the old RBAC API policies will be removed from Neutron. Please use method 'is_service_role' instead.
2026-05-29 03:24:58.795 9 WARNING neutron_lib.context [None req-8294125d-182d-4cb8-8319-1b0a92c98f10 42e39a98c6ac4cb8ab829359fa64efda 24d95f8380ca4853bf98f72eedc16a90 - - default default] Method 'is_advsvc' is deprecated since 2023.2 release (neutron-lib 3.8.0) and will be removed once support for the old RBAC API policies will be removed from Neutron. Please use method 'is_service_role' instead.
2026-05-29 03:24:58.805 9 WARNING neutron.scheduler.dhcp_agent_scheduler [None req-f9c21b34-059d-4369-bd49-138c50e7375c 2df3078ee4864d13abf523c1ec19192b 71cdcd906cf342bcb6eecd6de12e8db3 - - default default] No more DHCP agents
2026-05-29 03:24:58.806 9 WARNING neutron.api.rpc.agentnotifiers.dhcp_rpc_agent_api [None req-f9c21b34-059d-4369-bd49-138c50e7375c 2df3078ee4864d13abf523c1ec19192b 71cdcd906cf342bcb6eecd6de12e8db3 - - default default] Unable to schedule network 3f4bd2e6-656e-405b-870a-65056de22a74: no agents available; will retry on subsequent port and subnet creation events.
2026-05-29 03:24:59.139 9 WARNING neutron.scheduler.dhcp_agent_scheduler [None req-8294125d-182d-4cb8-8319-1b0a92c98f10 42e39a98c6ac4cb8ab829359fa64efda 24d95f8380ca4853bf98f72eedc16a90 - - default default] No more DHCP agents
2026-05-29 03:24:59.140 9 WARNING neutron.api.rpc.agentnotifiers.dhcp_rpc_agent_api [None req-8294125d-182d-4cb8-8319-1b0a92c98f10 42e39a98c6ac4cb8ab829359fa64efda 24d95f8380ca4853bf98f72eedc16a90 - - default default] Unable to schedule network 55ab74b1-6362-4504-85df-bcc50f577aba: no agents available; will retry on subsequent port and subnet creation events.
2026-05-29 03:24:59.152 10 INFO neutron.db.ovn_revision_numbers_db [None req-c000b16c-bda6-4c4e-8476-7e4e1e50dd9d - - - - - -] Successfully bumped revision number for resource 14cb7ae1-eadb-4232-9a96-46d38ad78f95 (type: ports) to 2
2026-05-29 03:24:59.322 10 INFO neutron.api.wsgi [req-97cbd320-3f45-4b43-9c33-e032d11abb22 req-03d1427a-e35f-4abb-92f9-378f0f500706 271c97249b8e4d0cb053720be501901a 8ef286eabf114d44bc8a0098dd8b264d - - default default] 10.0.0.246 "GET /v2.0/ports?device_id=7942cf48-8bb3-4321-8aca-866912d7dfd5 HTTP/1.1" status: 200 len: 210 time: 0.0178330
2026-05-29 03:24:59.374 9 INFO neutron.db.ovn_revision_numbers_db [None req-6c887a72-9c06-437e-96b9-5af2e664ef26 - - - - - -] Successfully bumped revision number for resource 461679bf-420e-4888-ba5e-724846f2fdf0 (type: ports) to 2
2026-05-29 03:24:59.413 9 INFO neutron.db.ovn_revision_numbers_db [None req-6c887a72-9c06-437e-96b9-5af2e664ef26 - - - - - -] Successfully bumped revision number for resource 366379e9-1d74-423d-99d4-a911f3ba6897 (type: subnets) to 0
2026-05-29 03:24:59.430 9 INFO neutron.api.wsgi [None req-f9c21b34-059d-4369-bd49-138c50e7375c 2df3078ee4864d13abf523c1ec19192b 71cdcd906cf342bcb6eecd6de12e8db3 - - default default] 10.0.0.119 "POST /v2.0/subnets HTTP/1.1" status: 201 len: 854 time: 0.8458011
2026-05-29 03:24:59.448 10 INFO neutron.db.ovn_revision_numbers_db [None req-a0516974-61e3-47ef-bbe7-7a562e2a9f11 2da55bc6ab524a769d391a82c7c6464b 1f3a548309754744b49aded604371595 - - default default] Successfully bumped revision number for resource d9f6cf47-39e3-40fe-b13a-cf039a02bcf4 (type: routers) to 6
2026-05-29 03:24:59.450 9 WARNING neutron_lib.context [None req-aa2005f2-2d9b-421f-9dab-ce78a096c03b 2df3078ee4864d13abf523c1ec19192b 71cdcd906cf342bcb6eecd6de12e8db3 - - default default] Method 'is_advsvc' is deprecated since 2023.2 release (neutron-lib 3.8.0) and will be removed once support for the old RBAC API policies will be removed from Neutron. Please use method 'is_service_role' instead.
2026-05-29 03:24:59.499 10 INFO neutron.api.wsgi [None req-a0516974-61e3-47ef-bbe7-7a562e2a9f11 2da55bc6ab524a769d391a82c7c6464b 1f3a548309754744b49aded604371595 - - default default] 10.0.0.119 "POST /v2.0/vpn/ipsec-site-connections HTTP/1.1" status: 201 len: 1044 time: 0.8134084
2026-05-29 03:24:59.570 9 WARNING neutron.plugins.ml2.drivers.ovn.mech_driver.ovsdb.ovn_client [None req-e80c1b47-3991-435e-b86e-f46ca6726a15 - - - - - -] No hosting information found for port 68fc0f9e-5fff-45de-a714-a892f6f28705: RuntimeError: No hosting information found for port 68fc0f9e-5fff-45de-a714-a892f6f28705
2026-05-29 03:24:59.701 9 INFO neutron.db.ovn_revision_numbers_db [None req-e80c1b47-3991-435e-b86e-f46ca6726a15 - - - - - -] Successfully bumped revision number for resource 68fc0f9e-5fff-45de-a714-a892f6f28705 (type: router_ports) to 2
2026-05-29 03:24:59.702 9 INFO neutron.plugins.ml2.drivers.ovn.mech_driver.mech_driver [None req-e80c1b47-3991-435e-b86e-f46ca6726a15 - - - - - -] OVN reports status up for port: 9fa85057-57ae-42b0-8ed9-5f5e20bb141a
2026-05-29 03:24:59.724 9 INFO neutron.plugins.ml2.plugin [None req-e80c1b47-3991-435e-b86e-f46ca6726a15 - - - - - -] Attempt 1 to provision port 9fa85057-57ae-42b0-8ed9-5f5e20bb141a
2026-05-29 03:24:59.781 9 WARNING neutron.scheduler.dhcp_agent_scheduler [None req-aa2005f2-2d9b-421f-9dab-ce78a096c03b 2df3078ee4864d13abf523c1ec19192b 71cdcd906cf342bcb6eecd6de12e8db3 - - default default] No more DHCP agents
2026-05-29 03:24:59.782 9 WARNING neutron.api.rpc.agentnotifiers.dhcp_rpc_agent_api [None req-aa2005f2-2d9b-421f-9dab-ce78a096c03b 2df3078ee4864d13abf523c1ec19192b 71cdcd906cf342bcb6eecd6de12e8db3 - - default default] Unable to schedule network 3f4bd2e6-656e-405b-870a-65056de22a74: no agents available; will retry on subsequent port and subnet creation events.
2026-05-29 03:24:59.784 9 INFO neutron.db.ovn_revision_numbers_db [None req-306f7e80-b729-4225-8cec-c18d1e6e3f0b - - - - - -] Successfully bumped revision number for resource 8e2e3117-7296-4a02-bec3-5b4b7b2744ed (type: ports) to 2
2026-05-29 03:24:59.825 9 INFO neutron.db.ovn_revision_numbers_db [None req-306f7e80-b729-4225-8cec-c18d1e6e3f0b - - - - - -] Successfully bumped revision number for resource 5dbe9dd0-4c52-43e5-b845-6f3d3445268c (type: subnets) to 0
2026-05-29 03:24:59.829 9 INFO neutron.db.ovn_revision_numbers_db [None req-aa2005f2-2d9b-421f-9dab-ce78a096c03b 2df3078ee4864d13abf523c1ec19192b 71cdcd906cf342bcb6eecd6de12e8db3 - - default default] Successfully bumped revision number for resource e3281023-e64e-4749-88fa-5a4ec743f70e (type: subnets) to 0
2026-05-29 03:24:59.853 9 INFO neutron.api.wsgi [None req-aa2005f2-2d9b-421f-9dab-ce78a096c03b 2df3078ee4864d13abf523c1ec19192b 71cdcd906cf342bcb6eecd6de12e8db3 - - default default] 10.0.0.119 "POST /v2.0/subnets HTTP/1.1" status: 201 len: 929 time: 0.4080210
2026-05-29 03:24:59.866 9 WARNING neutron_lib.context [None req-c17031a4-487e-49e1-bace-7d96d2542afa 2df3078ee4864d13abf523c1ec19192b 71cdcd906cf342bcb6eecd6de12e8db3 - - default default] Method 'is_advsvc' is deprecated since 2023.2 release (neutron-lib 3.8.0) and will be removed once support for the old RBAC API policies will be removed from Neutron. Please use method 'is_service_role' instead.
2026-05-29 03:24:59.877 9 WARNING neutron.scheduler.dhcp_agent_scheduler [None req-8294125d-182d-4cb8-8319-1b0a92c98f10 42e39a98c6ac4cb8ab829359fa64efda 24d95f8380ca4853bf98f72eedc16a90 - - default default] No more DHCP agents
2026-05-29 03:24:59.882 9 WARNING neutron.api.rpc.agentnotifiers.dhcp_rpc_agent_api [None req-8294125d-182d-4cb8-8319-1b0a92c98f10 42e39a98c6ac4cb8ab829359fa64efda 24d95f8380ca4853bf98f72eedc16a90 - - default default] Unable to schedule network 7ce21482-6f50-497e-aa49-81493e71dc9b: no agents available; will retry on subsequent port and subnet creation events.
2026-05-29 03:25:00.037 10 INFO neutron.db.ovn_revision_numbers_db [None req-d1d1d43e-8be7-4229-bc76-be56508aaed9 2da55bc6ab524a769d391a82c7c6464b 1f3a548309754744b49aded604371595 - - default default] Successfully bumped revision number for resource d9f6cf47-39e3-40fe-b13a-cf039a02bcf4 (type: routers) to 7
2026-05-29 03:25:00.065 10 INFO neutron.api.wsgi [None req-d1d1d43e-8be7-4229-bc76-be56508aaed9 2da55bc6ab524a769d391a82c7c6464b 1f3a548309754744b49aded604371595 - - default default] 10.0.0.119 "DELETE /v2.0/vpn/ipsec-site-connections/b72721e2-8f32-4b28-8008-5be8176a1a08 HTTP/1.1" status: 204 len: 168 time: 0.5610754
2026-05-29 03:25:00.083 10 INFO neutron.api.wsgi [None req-9072065a-9b4e-438f-be00-d36527da669e 2da55bc6ab524a769d391a82c7c6464b 1f3a548309754744b49aded604371595 - - default default] 10.0.0.119 "GET /v2.0/vpn/ipsec-site-connections HTTP/1.1" status: 200 len: 989 time: 0.0128467
2026-05-29 03:25:00.101 10 INFO neutron.api.v2.resource [None req-39539183-d45e-4cef-83bd-6cd4a1a99b6d 2da55bc6ab524a769d391a82c7c6464b 1f3a548309754744b49aded604371595 - - default default] delete failed (client error): The resource could not be found.
2026-05-29 03:25:00.102 10 INFO neutron.api.wsgi [None req-39539183-d45e-4cef-83bd-6cd4a1a99b6d 2da55bc6ab524a769d391a82c7c6464b 1f3a548309754744b49aded604371595 - - default default] 10.0.0.119 "DELETE /v2.0/vpn/ipsec-site-connections/b72721e2-8f32-4b28-8008-5be8176a1a08 HTTP/1.1" status: 404 len: 355 time: 0.0091991
2026-05-29 03:25:00.126 10 INFO neutron.api.wsgi [None req-31376873-57f7-4201-a976-76145ebd0990 2da55bc6ab524a769d391a82c7c6464b 1f3a548309754744b49aded604371595 - - default default] 10.0.0.119 "GET /v2.0/vpn/endpoint-groups HTTP/1.1" status: 200 len: 1380 time: 0.0166078
2026-05-29 03:25:00.164 10 INFO neutron.api.wsgi [None req-2a87591f-d320-49f7-86d1-70a5f9789116 2da55bc6ab524a769d391a82c7c6464b 1f3a548309754744b49aded604371595 - - default default] 10.0.0.119 "DELETE /v2.0/vpn/endpoint-groups/9b51a5e7-9145-4146-a8e5-cbb9c0d64bdc HTTP/1.1" status: 204 len: 168 time: 0.0334542
2026-05-29 03:25:00.192 10 INFO neutron.api.wsgi [None req-cd3200d1-0db9-497c-802c-05a60319ae34 2da55bc6ab524a769d391a82c7c6464b 1f3a548309754744b49aded604371595 - - default default] 10.0.0.119 "GET /v2.0/vpn/endpoint-groups HTTP/1.1" status: 200 len: 1096 time: 0.0173323
2026-05-29 03:25:00.208 10 INFO neutron.api.wsgi [None req-97eec607-1ecd-47cc-9bbb-a4be2b82e1cb 2da55bc6ab524a769d391a82c7c6464b 1f3a548309754744b49aded604371595 - - default default] 10.0.0.119 "GET /v2.0/vpn/endpoint-groups HTTP/1.1" status: 200 len: 1096 time: 0.0099759
2026-05-29 03:25:00.235 10 INFO neutron.api.wsgi [None req-fe3d3e47-d667-4c49-a9da-52ef0f632135 2da55bc6ab524a769d391a82c7c6464b 1f3a548309754744b49aded604371595 - - default default] 10.0.0.119 "DELETE /v2.0/vpn/endpoint-groups/6d03ad1c-9e56-4dd5-b5d4-8bb9a7dfc7db HTTP/1.1" status: 204 len: 168 time: 0.0232413
2026-05-29 03:25:00.250 10 INFO neutron.api.wsgi [None req-51f6fa70-19b1-4ed1-8300-bc173abb918e 2da55bc6ab524a769d391a82c7c6464b 1f3a548309754744b49aded604371595 - - default default] 10.0.0.119 "GET /v2.0/vpn/endpoint-groups HTTP/1.1" status: 200 len: 826 time: 0.0103335
2026-05-29 03:25:00.259 10 WARNING neutron_lib.context [None req-bec18e9e-a02b-4f3f-9c33-b8f10ed5ba35 2da55bc6ab524a769d391a82c7c6464b 1f3a548309754744b49aded604371595 - - default default] Method 'is_advsvc' is deprecated since 2023.2 release (neutron-lib 3.8.0) and will be removed once support for the old RBAC API policies will be removed from Neutron. Please use method 'is_service_role' instead.
2026-05-29 03:25:00.366 9 WARNING neutron.scheduler.dhcp_agent_scheduler [None req-c17031a4-487e-49e1-bace-7d96d2542afa 2df3078ee4864d13abf523c1ec19192b 71cdcd906cf342bcb6eecd6de12e8db3 - - default default] No more DHCP agents
2026-05-29 03:25:00.368 9 WARNING neutron.api.rpc.agentnotifiers.dhcp_rpc_agent_api [None req-c17031a4-487e-49e1-bace-7d96d2542afa 2df3078ee4864d13abf523c1ec19192b 71cdcd906cf342bcb6eecd6de12e8db3 - - default default] Unable to schedule network d7eb82ce-76d8-4868-a005-bb4c2517cb9a: no agents available; will retry on subsequent port and subnet creation events.
2026-05-29 03:25:00.441 9 INFO neutron.api.wsgi [req-68212efd-918d-411a-833e-e61588e6937d req-85f791d3-850e-4b4f-8e86-22de15efbde6 271c97249b8e4d0cb053720be501901a 8ef286eabf114d44bc8a0098dd8b264d - - default default] 10.0.0.246 "GET /v2.0/ports?device_id=7942cf48-8bb3-4321-8aca-866912d7dfd5 HTTP/1.1" status: 200 len: 210 time: 0.0331354
2026-05-29 03:25:00.499 9 INFO neutron.db.ovn_revision_numbers_db [None req-4d5974a1-9338-4324-be4a-7092e1ba7cc6 - - - - - -] Successfully bumped revision number for resource cabe396b-5653-4bd1-9d2b-e97c30fa1b00 (type: ports) to 2
2026-05-29 03:25:00.535 9 INFO neutron.db.ovn_revision_numbers_db [None req-c17031a4-487e-49e1-bace-7d96d2542afa 2df3078ee4864d13abf523c1ec19192b 71cdcd906cf342bcb6eecd6de12e8db3 - - default default] Successfully bumped revision number for resource b6a871bb-0e1a-47ad-994a-cef23e888fd9 (type: ports) to 1
2026-05-29 03:25:00.537 9 INFO neutron.db.ovn_revision_numbers_db [None req-4d5974a1-9338-4324-be4a-7092e1ba7cc6 - - - - - -] Successfully bumped revision number for resource aa6d9a8b-554c-4c12-84a2-4284d9e03173 (type: subnets) to 0
2026-05-29 03:25:00.567 9 INFO neutron.api.wsgi [None req-8294125d-182d-4cb8-8319-1b0a92c98f10 42e39a98c6ac4cb8ab829359fa64efda 24d95f8380ca4853bf98f72eedc16a90 - - default default] 10.0.0.119 "POST /v2.0/subnets HTTP/1.1" status: 201 len: 1474 time: 1.8335941
2026-05-29 03:25:00.650 10 INFO neutron.api.wsgi [None req-37558094-3a37-491a-ace3-3c90c0c6c1e8 42e39a98c6ac4cb8ab829359fa64efda 24d95f8380ca4853bf98f72eedc16a90 - - default default] 10.0.0.119 "GET /v2.0/subnets HTTP/1.1" status: 200 len: 2105 time: 0.0746953
2026-05-29 03:25:00.854 9 INFO neutron.api.wsgi [None req-3d9578d7-809c-4636-ba58-d40e73f563a0 42e39a98c6ac4cb8ab829359fa64efda 24d95f8380ca4853bf98f72eedc16a90 - - default default] 10.0.0.119 "DELETE /v2.0/subnets/5dbe9dd0-4c52-43e5-b845-6f3d3445268c HTTP/1.1" status: 204 len: 168 time: 0.1935849
2026-05-29 03:25:01.048 10 INFO neutron.db.ovn_revision_numbers_db [None req-bec18e9e-a02b-4f3f-9c33-b8f10ed5ba35 2da55bc6ab524a769d391a82c7c6464b 1f3a548309754744b49aded604371595 - - default default] Successfully bumped revision number for resource d9f6cf47-39e3-40fe-b13a-cf039a02bcf4 (type: routers) to 8
2026-05-29 03:25:01.078 10 INFO neutron.api.wsgi [None req-bd1ccf71-a312-4790-9621-909ed5aa23b5 42e39a98c6ac4cb8ab829359fa64efda 24d95f8380ca4853bf98f72eedc16a90 - - default default] 10.0.0.119 "DELETE /v2.0/subnets/aa6d9a8b-554c-4c12-84a2-4284d9e03173 HTTP/1.1" status: 204 len: 168 time: 0.2184138
2026-05-29 03:25:01.092 10 INFO neutron.api.wsgi [None req-bec18e9e-a02b-4f3f-9c33-b8f10ed5ba35 2da55bc6ab524a769d391a82c7c6464b 1f3a548309754744b49aded604371595 - - default default] 10.0.0.119 "POST /v2.0/vpn/ipsec-site-connections HTTP/1.1" status: 201 len: 1004 time: 0.8353388
2026-05-29 03:25:01.129 10 INFO neutron.api.wsgi [None req-0e7e5402-28ea-430c-bac5-5529761b5440 42e39a98c6ac4cb8ab829359fa64efda 24d95f8380ca4853bf98f72eedc16a90 - - default default] 10.0.0.119 "GET /v2.0/subnets HTTP/1.1" status: 200 len: 843 time: 0.0454640
2026-05-29 03:25:01.139 9 INFO neutron.plugins.ml2.drivers.ovn.mech_driver.ovsdb.commands [None req-c39465bc-33eb-4dbf-8fc2-df63f79f9087 - - - - - -] Schedule LRP lrp-b6a871bb-0e1a-47ad-994a-cef23e888fd9 on gateway 4ac36ee7-285c-40d1-9040-302a60b33973 with priority 1
2026-05-29 03:25:01.172 9 INFO neutron.plugins.ml2.drivers.ovn.mech_driver.mech_driver [None req-e80c1b47-3991-435e-b86e-f46ca6726a15 - - - - - -] OVN reports status up for port: b6a871bb-0e1a-47ad-994a-cef23e888fd9
2026-05-29 03:25:01.184 9 INFO neutron.plugins.ml2.plugin [None req-e80c1b47-3991-435e-b86e-f46ca6726a15 - - - - - -] Attempt 1 to provision port b6a871bb-0e1a-47ad-994a-cef23e888fd9
2026-05-29 03:25:01.185 10 INFO neutron.plugins.ml2.drivers.ovn.mech_driver.ovsdb.ovsdb_monitor [None req-5370d016-45e0-4a55-b257-e77dafb4bcd5 - - - - - -] Router 12509ea9-bbc6-40e2-9760-977f8d4d31f0 is bound to host instance
2026-05-29 03:25:01.206 9 INFO neutron.db.ovn_revision_numbers_db [None req-c17031a4-487e-49e1-bace-7d96d2542afa 2df3078ee4864d13abf523c1ec19192b 71cdcd906cf342bcb6eecd6de12e8db3 - - default default] Successfully bumped revision number for resource b6a871bb-0e1a-47ad-994a-cef23e888fd9 (type: router_ports) to 1
2026-05-29 03:25:01.275 9 INFO neutron.db.ovn_revision_numbers_db [None req-c17031a4-487e-49e1-bace-7d96d2542afa 2df3078ee4864d13abf523c1ec19192b 71cdcd906cf342bcb6eecd6de12e8db3 - - default default] Successfully bumped revision number for resource 12509ea9-bbc6-40e2-9760-977f8d4d31f0 (type: routers) to 2
2026-05-29 03:25:01.297 9 INFO neutron.api.wsgi [None req-c17031a4-487e-49e1-bace-7d96d2542afa 2df3078ee4864d13abf523c1ec19192b 71cdcd906cf342bcb6eecd6de12e8db3 - - default default] 10.0.0.119 "POST /v2.0/routers HTTP/1.1" status: 201 len: 1144 time: 1.4336276
2026-05-29 03:25:01.524 10 INFO neutron.api.wsgi [req-9c2c12ab-720d-48b7-a58f-badcf3170db7 req-d1cf784f-d205-4d9b-b116-aab22ff3065f 271c97249b8e4d0cb053720be501901a 8ef286eabf114d44bc8a0098dd8b264d - - default default] 10.0.0.246 "GET /v2.0/ports?device_id=7942cf48-8bb3-4321-8aca-866912d7dfd5 HTTP/1.1" status: 200 len: 210 time: 0.0227201
2026-05-29 03:25:01.594 10 INFO neutron.services.segments.plugin [-] Segment 720a6e5d-9d37-40d3-b8f9-b6245c2337c2 resource provider aggregate not found
2026-05-29 03:25:01.598 10 INFO neutron.services.segments.plugin [-] Segment 720a6e5d-9d37-40d3-b8f9-b6245c2337c2 resource provider aggregate not found
2026-05-29 03:25:01.621 10 INFO neutron.services.segments.plugin [-] Segment 720a6e5d-9d37-40d3-b8f9-b6245c2337c2 resource provider not found; error: Placement Client Error (4xx): {"errors": [{"status": 404, "title": "Not Found", "detail": "The resource could not be found.\n\n No resource provider with uuid 720a6e5d-9d37-40d3-b8f9-b6245c2337c2 found for delete ", "request_id": "req-216a1739-5107-48bb-85cc-53a046829b82"}]}
2026-05-29 03:25:01.623 10 INFO neutron.services.segments.plugin [-] Segment 720a6e5d-9d37-40d3-b8f9-b6245c2337c2 resource provider not found; error: Placement Client Error (4xx): {"errors": [{"status": 404, "title": "Not Found", "detail": "The resource could not be found.\n\n No resource provider with uuid 720a6e5d-9d37-40d3-b8f9-b6245c2337c2 found for delete ", "request_id": "req-4fafc410-a4d5-45f3-aa0a-6db3f9ed629e"}]}
2026-05-29 03:25:01.667 10 INFO neutron.api.wsgi [None req-a79a5d43-0518-4565-b492-974cc1d84874 42e39a98c6ac4cb8ab829359fa64efda 24d95f8380ca4853bf98f72eedc16a90 - - default default] 10.0.0.119 "DELETE /v2.0/networks/7ce21482-6f50-497e-aa49-81493e71dc9b HTTP/1.1" status: 204 len: 168 time: 0.5267584
2026-05-29 03:25:01.818 9 WARNING neutron.scheduler.dhcp_agent_scheduler [None req-a10569aa-86b5-4d02-b929-1502c8c4bf73 2df3078ee4864d13abf523c1ec19192b 71cdcd906cf342bcb6eecd6de12e8db3 - - default default] No more DHCP agents
2026-05-29 03:25:01.820 9 WARNING neutron.api.rpc.agentnotifiers.dhcp_rpc_agent_api [None req-a10569aa-86b5-4d02-b929-1502c8c4bf73 2df3078ee4864d13abf523c1ec19192b 71cdcd906cf342bcb6eecd6de12e8db3 - - default default] Unable to schedule network e0f9d57b-d9d6-4a53-aee4-3fbf40c000e7: no agents available; will retry on subsequent port and subnet creation events.
2026-05-29 03:25:01.821 10 INFO neutron.db.ovn_revision_numbers_db [None req-9b2da076-f6d5-40ba-9517-cef5a7766f09 - - - - - -] Successfully bumped revision number for resource b6a871bb-0e1a-47ad-994a-cef23e888fd9 (type: ports) to 1
2026-05-29 03:25:01.864 10 INFO neutron.db.ovn_revision_numbers_db [None req-82dc4f30-dc4c-4485-a535-22fac3a71643 2da55bc6ab524a769d391a82c7c6464b 1f3a548309754744b49aded604371595 - - default default] Successfully bumped revision number for resource d9f6cf47-39e3-40fe-b13a-cf039a02bcf4 (type: routers) to 9
2026-05-29 03:25:01.886 10 INFO neutron.api.wsgi [None req-82dc4f30-dc4c-4485-a535-22fac3a71643 2da55bc6ab524a769d391a82c7c6464b 1f3a548309754744b49aded604371595 - - default default] 10.0.0.119 "DELETE /v2.0/vpn/ipsec-site-connections/3d4529b7-c368-443c-a10c-aee772669431 HTTP/1.1" status: 204 len: 168 time: 0.7843368
2026-05-29 03:25:01.912 9 INFO neutron.api.wsgi [None req-43e285e7-bad1-4ec4-bf68-2e98b5183bb0 2da55bc6ab524a769d391a82c7c6464b 1f3a548309754744b49aded604371595 - - default default] 10.0.0.119 "GET /v2.0/vpn/ipsec-site-connections HTTP/1.1" status: 200 len: 989 time: 0.0214224
2026-05-29 03:25:01.931 10 INFO neutron.api.v2.resource [None req-609abacb-860e-4454-bbfe-4ce38d92b196 2da55bc6ab524a769d391a82c7c6464b 1f3a548309754744b49aded604371595 - - default default] delete failed (client error): The resource could not be found.
2026-05-29 03:25:01.932 10 INFO neutron.api.wsgi [None req-609abacb-860e-4454-bbfe-4ce38d92b196 2da55bc6ab524a769d391a82c7c6464b 1f3a548309754744b49aded604371595 - - default default] 10.0.0.119 "DELETE /v2.0/vpn/ipsec-site-connections/3d4529b7-c368-443c-a10c-aee772669431 HTTP/1.1" status: 404 len: 355 time: 0.0146339
2026-05-29 03:25:01.940 10 WARNING neutron_lib.context [None req-3c045df4-94ff-42fe-a50b-45c2d413e890 2da55bc6ab524a769d391a82c7c6464b 1f3a548309754744b49aded604371595 - - default default] Method 'is_advsvc' is deprecated since 2023.2 release (neutron-lib 3.8.0) and will be removed once support for the old RBAC API policies will be removed from Neutron. Please use method 'is_service_role' instead.
2026-05-29 03:25:01.977 9 INFO neutron.db.ovn_revision_numbers_db [None req-a10569aa-86b5-4d02-b929-1502c8c4bf73 2df3078ee4864d13abf523c1ec19192b 71cdcd906cf342bcb6eecd6de12e8db3 - - default default] Successfully bumped revision number for resource baf9cd9b-b4e2-4ab5-9022-10d9d3be0ef7 (type: ports) to 1
2026-05-29 03:25:01.978 10 INFO neutron.api.wsgi [None req-3c045df4-94ff-42fe-a50b-45c2d413e890 2da55bc6ab524a769d391a82c7c6464b 1f3a548309754744b49aded604371595 - - default default] 10.0.0.119 "POST /v2.0/vpn/endpoint-groups HTTP/1.1" status: 201 len: 489 time: 0.0410900
2026-05-29 03:25:01.997 10 INFO neutron.api.wsgi [None req-9c335059-a12c-44c8-ba1e-e17c4cbbb391 2da55bc6ab524a769d391a82c7c6464b 1f3a548309754744b49aded604371595 - - default default] 10.0.0.119 "PUT /v2.0/vpn/endpoint-groups/0f1db5be-b01d-4977-9881-0deb8837f8d2 HTTP/1.1" status: 200 len: 484 time: 0.0136776
2026-05-29 03:25:02.015 10 INFO neutron.api.wsgi [None req-70efc0e0-c2c2-4aaa-ac4c-3c1ad2103c47 2da55bc6ab524a769d391a82c7c6464b 1f3a548309754744b49aded604371595 - - default default] 10.0.0.119 "GET /v2.0/vpn/endpoint-groups/0f1db5be-b01d-4977-9881-0deb8837f8d2 HTTP/1.1" status: 200 len: 484 time: 0.0117350
2026-05-29 03:25:02.044 10 INFO neutron.api.wsgi [None req-9ed2daa5-81dd-4ad5-8eac-2f6651687c10 2da55bc6ab524a769d391a82c7c6464b 1f3a548309754744b49aded604371595 - - default default] 10.0.0.119 "DELETE /v2.0/vpn/endpoint-groups/0f1db5be-b01d-4977-9881-0deb8837f8d2 HTTP/1.1" status: 204 len: 168 time: 0.0237210
2026-05-29 03:25:02.055 9 INFO neutron.services.segments.plugin [-] Segment 74f68d3b-07af-469d-a33a-86fb208cfd6d resource provider aggregate not found
2026-05-29 03:25:02.059 9 INFO neutron.services.segments.plugin [-] Segment 74f68d3b-07af-469d-a33a-86fb208cfd6d resource provider aggregate not found
2026-05-29 03:25:02.066 10 INFO neutron.api.wsgi [None req-30f5a862-1bab-4805-8705-a13577eaf28c 2da55bc6ab524a769d391a82c7c6464b 1f3a548309754744b49aded604371595 - - default default] 10.0.0.119 "GET /v2.0/vpn/endpoint-groups HTTP/1.1" status: 200 len: 826 time: 0.0157590
2026-05-29 03:25:02.074 9 INFO neutron.services.segments.plugin [-] Segment 74f68d3b-07af-469d-a33a-86fb208cfd6d resource provider not found; error: Placement Client Error (4xx): {"errors": [{"status": 404, "title": "Not Found", "detail": "The resource could not be found.\n\n No resource provider with uuid 74f68d3b-07af-469d-a33a-86fb208cfd6d found for delete ", "request_id": "req-3c78f6f8-3960-4ffd-9f51-b54b42932172"}]}
2026-05-29 03:25:02.081 9 INFO neutron.api.wsgi [None req-d8f74dd4-6ade-45a9-a268-fa5bdf994271 42e39a98c6ac4cb8ab829359fa64efda 24d95f8380ca4853bf98f72eedc16a90 - - default default] 10.0.0.119 "DELETE /v2.0/networks/55ab74b1-6362-4504-85df-bcc50f577aba HTTP/1.1" status: 204 len: 168 time: 0.4070807
2026-05-29 03:25:02.082 9 INFO neutron.services.segments.plugin [-] Segment 74f68d3b-07af-469d-a33a-86fb208cfd6d resource provider not found; error: Placement Client Error (4xx): {"errors": [{"status": 404, "title": "Not Found", "detail": "The resource could not be found.\n\n No resource provider with uuid 74f68d3b-07af-469d-a33a-86fb208cfd6d found for delete ", "request_id": "req-230eb4f1-3542-4476-8b66-1e2e498748d8"}]}
2026-05-29 03:25:02.098 9 INFO neutron.api.wsgi [None req-8765c358-0b7d-4baa-aa54-cd3055921bc7 2da55bc6ab524a769d391a82c7c6464b 1f3a548309754744b49aded604371595 - - default default] 10.0.0.119 "GET /v2.0/vpn/endpoint-groups HTTP/1.1" status: 200 len: 826 time: 0.0143573
2026-05-29 03:25:02.108 9 WARNING neutron_lib.context [None req-3206d701-afbf-47b0-a35f-5742d469fbce 2da55bc6ab524a769d391a82c7c6464b 1f3a548309754744b49aded604371595 - - default default] Method 'is_advsvc' is deprecated since 2023.2 release (neutron-lib 3.8.0) and will be removed once support for the old RBAC API policies will be removed from Neutron. Please use method 'is_service_role' instead.
2026-05-29 03:25:02.150 9 INFO neutron.api.wsgi [None req-3206d701-afbf-47b0-a35f-5742d469fbce 2da55bc6ab524a769d391a82c7c6464b 1f3a548309754744b49aded604371595 - - default default] 10.0.0.119 "POST /v2.0/vpn/ikepolicies HTTP/1.1" status: 201 len: 601 time: 0.0460134
2026-05-29 03:25:02.181 10 INFO neutron.db.ovn_revision_numbers_db [None req-9b2da076-f6d5-40ba-9517-cef5a7766f09 - - - - - -] Successfully bumped revision number for resource b6a871bb-0e1a-47ad-994a-cef23e888fd9 (type: ports) to 4
2026-05-29 03:25:02.198 9 INFO neutron.api.wsgi [None req-859fca7f-297e-44e4-8dbc-2f9391968339 2da55bc6ab524a769d391a82c7c6464b 1f3a548309754744b49aded604371595 - - default default] 10.0.0.119 "PUT /v2.0/vpn/ikepolicies/f995acd9-5116-4778-942b-eaa861b4906e HTTP/1.1" status: 200 len: 613 time: 0.0407479
2026-05-29 03:25:02.213 10 INFO neutron.api.wsgi [None req-9a72975f-f87b-4698-b953-2b0446bafe15 2da55bc6ab524a769d391a82c7c6464b 1f3a548309754744b49aded604371595 - - default default] 10.0.0.119 "GET /v2.0/vpn/ikepolicies/f995acd9-5116-4778-942b-eaa861b4906e HTTP/1.1" status: 200 len: 613 time: 0.0094659
2026-05-29 03:25:02.255 10 INFO neutron.api.wsgi [None req-db516e22-746c-4d9b-874f-7bd2a5925cad 2da55bc6ab524a769d391a82c7c6464b 1f3a548309754744b49aded604371595 - - default default] 10.0.0.119 "DELETE /v2.0/vpn/ikepolicies/f995acd9-5116-4778-942b-eaa861b4906e HTTP/1.1" status: 204 len: 168 time: 0.0373459
