2026-05-29 03:22:16.901 9 WARNING neutron.scheduler.dhcp_agent_scheduler [None req-51acc286-47ed-4b48-94d4-8cb48e11a008 f0e1f8efade7448081d82c29b61a8a12 3c024b1a467c440e864b9c22ef77155b - - default default] No more DHCP agents
2026-05-29 03:22:16.902 10 INFO neutron.api.wsgi [req-a53a9b46-7ca8-4761-bbd6-e1b5284e2103 req-76d7a574-03fb-4e80-9382-7aa94ab162e0 44dcc57a7b5c47dda0cb81f986489aec fdb514512ff84acab125a68830e0f95e - - default default] 10.0.0.246 "GET /v2.0/quotas/fdb514512ff84acab125a68830e0f95e HTTP/1.1" status: 200 len: 491 time: 0.0115495
2026-05-29 03:22:16.902 9 WARNING neutron.api.rpc.agentnotifiers.dhcp_rpc_agent_api [None req-51acc286-47ed-4b48-94d4-8cb48e11a008 f0e1f8efade7448081d82c29b61a8a12 3c024b1a467c440e864b9c22ef77155b - - default default] Unable to schedule network 29a04f17-30d5-4d56-afc3-6e7a7524a2ce: no agents available; will retry on subsequent port and subnet creation events.
2026-05-29 03:22:16.999 10 INFO neutron.db.ovn_revision_numbers_db [req-c38a9ccb-72ef-4082-a260-d02776bfab04 req-5af27d22-5186-4761-b010-fed27cd15b63 cfd06e397f6f41e6ba3396505ce03daa 5551deca0bc643bdaa9d1fa00c6422b1 - - 0183fc77d5d24c26bd727dbfe351f1ba 0183fc77d5d24c26bd727dbfe351f1ba] Successfully bumped revision number for resource 78a324c5-4e9a-426a-af32-7b934364787c (type: ports) to 2
2026-05-29 03:22:17.005 10 INFO neutron.api.wsgi [req-a53a9b46-7ca8-4761-bbd6-e1b5284e2103 req-51d45df3-60ea-450a-ae1f-d82a7affb42e 44dcc57a7b5c47dda0cb81f986489aec fdb514512ff84acab125a68830e0f95e - - default default] 10.0.0.246 "GET /v2.0/ports?tenant_id=fdb514512ff84acab125a68830e0f95e&fields=id HTTP/1.1" status: 200 len: 302 time: 0.0982080
2026-05-29 03:22:17.059 10 INFO neutron.api.wsgi [req-a53a9b46-7ca8-4761-bbd6-e1b5284e2103 req-40177b5c-6b8d-4374-bb3a-b4f65adeafe5 cfd06e397f6f41e6ba3396505ce03daa 5551deca0bc643bdaa9d1fa00c6422b1 - - 0183fc77d5d24c26bd727dbfe351f1ba 0183fc77d5d24c26bd727dbfe351f1ba] 10.0.0.246 "GET /v2.0/networks/01571333-d932-4d89-a1ed-d78c3c6599b7?fields=segments HTTP/1.1" status: 200 len: 212 time: 0.0432372
2026-05-29 03:22:17.115 10 INFO neutron.api.wsgi [req-a53a9b46-7ca8-4761-bbd6-e1b5284e2103 req-14f9d575-0fab-4049-9463-7455de25dce8 cfd06e397f6f41e6ba3396505ce03daa 5551deca0bc643bdaa9d1fa00c6422b1 - - 0183fc77d5d24c26bd727dbfe351f1ba 0183fc77d5d24c26bd727dbfe351f1ba] 10.0.0.246 "GET /v2.0/networks/01571333-d932-4d89-a1ed-d78c3c6599b7?fields=provider%3Aphysical_network&fields=provider%3Anetwork_type HTTP/1.1" status: 200 len: 277 time: 0.0507538
2026-05-29 03:22:17.140 9 INFO neutron.db.ovn_revision_numbers_db [None req-51acc286-47ed-4b48-94d4-8cb48e11a008 f0e1f8efade7448081d82c29b61a8a12 3c024b1a467c440e864b9c22ef77155b - - default default] Successfully bumped revision number for resource d72a528b-a1a5-424a-ab93-0c89b3bff103 (type: ports) to 1
2026-05-29 03:22:17.143 9 INFO neutron.api.wsgi [req-52270b77-3068-4f96-bc61-9f1f4cb75fac req-96aa25b1-5d88-4b7e-8808-f3d847c79402 215d78be13844a7783bb6f8c2ce6d443 f664567e7008489cada23789cec6206c - - default default] 10.0.0.246 "GET /v2.0/ports?device_id=005bf510-94dd-4e73-abdc-b3133476f51d HTTP/1.1" status: 200 len: 210 time: 0.1765690
2026-05-29 03:22:17.173 9 INFO neutron.api.wsgi [None req-51acc286-47ed-4b48-94d4-8cb48e11a008 f0e1f8efade7448081d82c29b61a8a12 3c024b1a467c440e864b9c22ef77155b - - default default] 10.0.0.119 "POST /v2.0/networks HTTP/1.1" status: 201 len: 947 time: 0.8849258
2026-05-29 03:22:17.276 10 INFO neutron.db.ovn_revision_numbers_db [req-c38a9ccb-72ef-4082-a260-d02776bfab04 req-5af27d22-5186-4761-b010-fed27cd15b63 cfd06e397f6f41e6ba3396505ce03daa 5551deca0bc643bdaa9d1fa00c6422b1 - - 0183fc77d5d24c26bd727dbfe351f1ba 0183fc77d5d24c26bd727dbfe351f1ba] Successfully bumped revision number for resource 78a324c5-4e9a-426a-af32-7b934364787c (type: ports) to 4
2026-05-29 03:22:17.307 10 INFO neutron.api.wsgi [req-c38a9ccb-72ef-4082-a260-d02776bfab04 req-5af27d22-5186-4761-b010-fed27cd15b63 cfd06e397f6f41e6ba3396505ce03daa 5551deca0bc643bdaa9d1fa00c6422b1 - - 0183fc77d5d24c26bd727dbfe351f1ba 0183fc77d5d24c26bd727dbfe351f1ba] 199.204.45.72 "PUT /v2.0/ports/78a324c5-4e9a-426a-af32-7b934364787c HTTP/1.1" status: 200 len: 1408 time: 0.7527723
2026-05-29 03:22:17.343 9 WARNING neutron.scheduler.dhcp_agent_scheduler [None req-ed7865e6-559f-4d08-9375-6b68d9db3f8e f0e1f8efade7448081d82c29b61a8a12 3c024b1a467c440e864b9c22ef77155b - - default default] No more DHCP agents
2026-05-29 03:22:17.353 9 INFO neutron.api.wsgi [req-62aeeb8d-f010-449f-aa55-e2cdf9df551f req-61c1e292-a8bf-433c-8041-65708b2b62b6 712c66e93b4f4cf0be86de33f5e47579 be2cde5bff23419c9fa4cdf831975507 - - default default] 10.0.0.246 "GET /v2.0/ports?device_id=f49f8c87-e76b-42d8-b8f1-4099535767c3 HTTP/1.1" status: 200 len: 1172 time: 0.0387223
2026-05-29 03:22:17.356 9 WARNING neutron.api.rpc.agentnotifiers.dhcp_rpc_agent_api [None req-ed7865e6-559f-4d08-9375-6b68d9db3f8e f0e1f8efade7448081d82c29b61a8a12 3c024b1a467c440e864b9c22ef77155b - - default default] Unable to schedule network 29a04f17-30d5-4d56-afc3-6e7a7524a2ce: no agents available; will retry on subsequent port and subnet creation events.
2026-05-29 03:22:17.383 9 INFO neutron.api.wsgi [req-bd1cb80c-f206-43c4-9890-c16433e7cb36 req-5fccee3d-cd46-47be-928f-0df2f038da22 215d78be13844a7783bb6f8c2ce6d443 f664567e7008489cada23789cec6206c - - default default] 199.204.45.72 "GET /v2.0/networks?id=f41d0059-654a-4410-baeb-920201c7c919 HTTP/1.1" status: 200 len: 883 time: 0.0846503 /var/lib/openstack/lib/python3.12/site-packages/pycadf/identifier.py:71: UserWarning: Invalid uuid: neutron. To ensure interoperability, identifiers should be a valid uuid. warnings.warn(('Invalid uuid: %s. To ensure interoperability, '
2026-05-29 03:22:17.414 10 INFO neutron.api.wsgi [req-34901b0c-dbef-4290-8bc6-dae01c90edf4 req-80181de1-2770-4d8f-a35e-c876c3c6161b 44dcc57a7b5c47dda0cb81f986489aec fdb514512ff84acab125a68830e0f95e - - default default] 10.0.0.246 "GET /v2.0/ports?device_id=50c5c2c8-a870-4049-8a06-3d0dbefe0115 HTTP/1.1" status: 200 len: 210 time: 0.0251725
2026-05-29 03:22:17.418 9 INFO neutron.api.wsgi [req-62aeeb8d-f010-449f-aa55-e2cdf9df551f req-feb77263-d9f4-4ce1-a5a5-5f30839c3bc7 712c66e93b4f4cf0be86de33f5e47579 be2cde5bff23419c9fa4cdf831975507 - - default default] 10.0.0.246 "GET /v2.0/security-groups?id=5c4f7762-0969-46e7-9e6d-1bd03ea0dd7a&fields=id&fields=name HTTP/1.1" status: 200 len: 286 time: 0.0569308
2026-05-29 03:22:17.446 9 INFO neutron.api.wsgi [req-bd1cb80c-f206-43c4-9890-c16433e7cb36 req-da6cb290-5be2-4da9-8397-d10dcf1f8d32 215d78be13844a7783bb6f8c2ce6d443 f664567e7008489cada23789cec6206c - - default default] 199.204.45.72 "GET /v2.0/security-groups?fields=id&fields=name&tenant_id=f664567e7008489cada23789cec6206c HTTP/1.1" status: 200 len: 380 time: 0.0525937
2026-05-29 03:22:17.457 9 WARNING neutron_lib.context [req-bd1cb80c-f206-43c4-9890-c16433e7cb36 req-a2c298d6-472e-4634-bc31-83a5175d0df3 215d78be13844a7783bb6f8c2ce6d443 f664567e7008489cada23789cec6206c - - default default] Method 'is_advsvc' is deprecated since 2023.2 release (neutron-lib 3.8.0) and will be removed once support for the old RBAC API policies will be removed from Neutron. Please use method 'is_service_role' instead.
2026-05-29 03:22:17.714 10 INFO neutron.api.wsgi [None req-7285ac7f-249e-4d52-84f3-aeeae4c34948 f0e1f8efade7448081d82c29b61a8a12 3c024b1a467c440e864b9c22ef77155b - - default default] 10.0.0.210 "GET /v2.0/networks HTTP/1.1" status: 200 len: 5407 time: 0.0944092
2026-05-29 03:22:17.754 10 INFO neutron.api.wsgi [None req-f5fbd8b5-6b3c-47f8-97bd-841a40c0ee85 f0e1f8efade7448081d82c29b61a8a12 3c024b1a467c440e864b9c22ef77155b - - default default] 10.0.0.210 "GET /v2.0/subnets HTTP/1.1" status: 200 len: 4221 time: 0.0357945
2026-05-29 03:22:17.814 9 WARNING neutron.scheduler.dhcp_agent_scheduler [req-bd1cb80c-f206-43c4-9890-c16433e7cb36 req-a2c298d6-472e-4634-bc31-83a5175d0df3 215d78be13844a7783bb6f8c2ce6d443 f664567e7008489cada23789cec6206c - - default default] No more DHCP agents
2026-05-29 03:22:17.816 9 WARNING neutron.api.rpc.agentnotifiers.dhcp_rpc_agent_api [req-bd1cb80c-f206-43c4-9890-c16433e7cb36 req-a2c298d6-472e-4634-bc31-83a5175d0df3 215d78be13844a7783bb6f8c2ce6d443 f664567e7008489cada23789cec6206c - - default default] Unable to schedule network f41d0059-654a-4410-baeb-920201c7c919: no agents available; will retry on subsequent port and subnet creation events.
2026-05-29 03:22:17.841 10 INFO neutron.api.wsgi [None req-03bb8564-cfdb-4dd4-a66b-6c4cb1dadfb2 f0e1f8efade7448081d82c29b61a8a12 3c024b1a467c440e864b9c22ef77155b - - default default] 10.0.0.210 "GET /v2.0/ports HTTP/1.1" status: 200 len: 19260 time: 0.0841205
2026-05-29 03:22:17.842 10 INFO neutron.notifiers.nova [-] Nova event matching ['req-ff2c43ce-7746-4360-9a2a-d3ec498f7f9c'] response: {'name': 'network-changed', 'server_uuid': 'f49f8c87-e76b-42d8-b8f1-4099535767c3', 'tag': '78a324c5-4e9a-426a-af32-7b934364787c', 'status': 'completed', 'code': 200}
2026-05-29 03:22:17.906 10 INFO neutron.api.wsgi [None req-ab5b6b5c-c342-4c8e-9ffa-67d823ea0295 f0e1f8efade7448081d82c29b61a8a12 3c024b1a467c440e864b9c22ef77155b - - default default] 10.0.0.210 "GET /v2.0/subnets HTTP/1.1" status: 200 len: 4221 time: 0.0536668
2026-05-29 03:22:17.919 10 INFO neutron.api.wsgi [None req-9e052cb6-a204-490b-96da-f173af9e84e8 f0e1f8efade7448081d82c29b61a8a12 3c024b1a467c440e864b9c22ef77155b - - default default] 10.0.0.210 "GET /v2.0/subnetpools HTTP/1.1" status: 200 len: 193 time: 0.0099561
2026-05-29 03:22:17.930 9 INFO neutron.db.ovn_revision_numbers_db [req-bd1cb80c-f206-43c4-9890-c16433e7cb36 req-a2c298d6-472e-4634-bc31-83a5175d0df3 215d78be13844a7783bb6f8c2ce6d443 f664567e7008489cada23789cec6206c - - default default] Successfully bumped revision number for resource 1e256f21-19a8-4f51-a497-07b08f8b2562 (type: ports) to 1
2026-05-29 03:22:17.949 10 INFO neutron.api.wsgi [None req-e545022f-88d7-4b5d-8b4b-d462db0c86a1 f0e1f8efade7448081d82c29b61a8a12 3c024b1a467c440e864b9c22ef77155b - - default default] 10.0.0.210 "GET /v2.0/floatingips HTTP/1.1" status: 200 len: 1269 time: 0.0293090
2026-05-29 03:22:17.949 9 INFO neutron.api.wsgi [req-bd1cb80c-f206-43c4-9890-c16433e7cb36 req-a2c298d6-472e-4634-bc31-83a5175d0df3 215d78be13844a7783bb6f8c2ce6d443 f664567e7008489cada23789cec6206c - - default default] 199.204.45.72 "POST /v2.0/ports HTTP/1.1" status: 201 len: 1158 time: 0.4973409
2026-05-29 03:22:17.951 9 INFO neutron.db.ovn_revision_numbers_db [None req-675a9b44-7f1e-44f8-9e94-ec6507ae3856 - - - - - -] Successfully bumped revision number for resource d72a528b-a1a5-424a-ab93-0c89b3bff103 (type: ports) to 2 /var/lib/openstack/lib/python3.12/site-packages/pycadf/identifier.py:71: UserWarning: Invalid uuid: neutron. To ensure interoperability, identifiers should be a valid uuid. warnings.warn(('Invalid uuid: %s. To ensure interoperability, '
2026-05-29 03:22:17.959 10 INFO neutron.api.wsgi [None req-e0c140e0-133e-4f6c-8ed5-be71f4fe422d f0e1f8efade7448081d82c29b61a8a12 3c024b1a467c440e864b9c22ef77155b - - default default] 10.0.0.210 "GET /v2.0/agents HTTP/1.1" status: 200 len: 1390 time: 0.0089755
2026-05-29 03:22:17.977 10 INFO neutron.api.wsgi [None req-477c2b80-40e6-4a58-8d4c-cbb0daa096f1 f0e1f8efade7448081d82c29b61a8a12 3c024b1a467c440e864b9c22ef77155b - - default default] 10.0.0.210 "GET /v2.0/network-ip-availabilities HTTP/1.1" status: 200 len: 3218 time: 0.0161760
2026-05-29 03:22:17.990 9 INFO neutron.db.ovn_revision_numbers_db [None req-675a9b44-7f1e-44f8-9e94-ec6507ae3856 - - - - - -] Successfully bumped revision number for resource 378cf9d3-0feb-420f-81b8-fbb9c2080a25 (type: subnets) to 0
2026-05-29 03:22:18.010 9 INFO neutron.api.wsgi [None req-ed7865e6-559f-4d08-9375-6b68d9db3f8e f0e1f8efade7448081d82c29b61a8a12 3c024b1a467c440e864b9c22ef77155b - - default default] 10.0.0.119 "POST /v2.0/subnets HTTP/1.1" status: 201 len: 891 time: 0.8319020
2026-05-29 03:22:18.028 10 INFO neutron.api.wsgi [None req-aa6d50dc-eda7-4904-9558-85f09566cb2e f0e1f8efade7448081d82c29b61a8a12 3c024b1a467c440e864b9c22ef77155b - - default default] 10.0.0.210 "GET /v2.0/security-groups HTTP/1.1" status: 200 len: 34909 time: 0.0503988
2026-05-29 03:22:18.109 10 INFO neutron.api.wsgi [None req-e29d6528-1264-42e1-9291-a6cae5720205 f0e1f8efade7448081d82c29b61a8a12 3c024b1a467c440e864b9c22ef77155b - - default default] 10.0.0.210 "GET /v2.0/routers HTTP/1.1" status: 200 len: 3096 time: 0.0711012
2026-05-29 03:22:18.128 10 INFO neutron.api.wsgi [None req-a3cdd8bc-5d86-4057-b6dc-a3380823c2a0 f0e1f8efade7448081d82c29b61a8a12 3c024b1a467c440e864b9c22ef77155b - - default default] 10.0.0.210 "GET /v2.0/agents?binary=ovn-controller HTTP/1.1" status: 200 len: 591 time: 0.0110810
2026-05-29 03:22:18.300 9 INFO neutron.api.wsgi [req-43cb58ca-13d3-449d-8c46-a426a592120e req-0bed69cc-cd7c-432e-b3a6-7093fa6c7323 215d78be13844a7783bb6f8c2ce6d443 f664567e7008489cada23789cec6206c - - default default] 10.0.0.246 "GET /v2.0/ports?device_id=005bf510-94dd-4e73-abdc-b3133476f51d HTTP/1.1" status: 200 len: 1168 time: 0.0991995 /var/lib/openstack/lib/python3.12/site-packages/pycadf/identifier.py:71: UserWarning: Invalid uuid: neutron. To ensure interoperability, identifiers should be a valid uuid. warnings.warn(('Invalid uuid: %s. To ensure interoperability, '
2026-05-29 03:22:18.354 9 INFO neutron.api.wsgi [req-43cb58ca-13d3-449d-8c46-a426a592120e req-fc00827b-8d73-4472-9b33-0d840306d82e 215d78be13844a7783bb6f8c2ce6d443 f664567e7008489cada23789cec6206c - - default default] 10.0.0.246 "GET /v2.0/security-groups?id=e4859fbb-e3ea-4269-a315-1a64ff89e8e1&fields=id&fields=name HTTP/1.1" status: 200 len: 313 time: 0.0466785
2026-05-29 03:22:18.406 10 INFO neutron.api.wsgi [req-9eb42303-4ccd-4396-81d3-a04337d488b2 req-35e81a81-dc57-40b5-830a-c60e7498919e cfd06e397f6f41e6ba3396505ce03daa 5551deca0bc643bdaa9d1fa00c6422b1 - - 0183fc77d5d24c26bd727dbfe351f1ba 0183fc77d5d24c26bd727dbfe351f1ba] 199.204.45.72 "GET /v2.0/ports?tenant_id=be2cde5bff23419c9fa4cdf831975507&device_id=f49f8c87-e76b-42d8-b8f1-4099535767c3 HTTP/1.1" status: 200 len: 1411 time: 0.0869298
2026-05-29 03:22:18.407 9 INFO neutron.db.ovn_revision_numbers_db [req-bd1cb80c-f206-43c4-9890-c16433e7cb36 req-f0884a2c-7676-467a-9acd-1d59edb759c3 cfd06e397f6f41e6ba3396505ce03daa 5551deca0bc643bdaa9d1fa00c6422b1 - - 0183fc77d5d24c26bd727dbfe351f1ba 0183fc77d5d24c26bd727dbfe351f1ba] Successfully bumped revision number for resource 1e256f21-19a8-4f51-a497-07b08f8b2562 (type: ports) to 2
2026-05-29 03:22:18.450 9 WARNING neutron.scheduler.dhcp_agent_scheduler [None req-052f46fd-5a05-4b60-bb0c-de3748706805 f0e1f8efade7448081d82c29b61a8a12 3c024b1a467c440e864b9c22ef77155b - - default default] No more DHCP agents
2026-05-29 03:22:18.451 9 WARNING neutron.api.rpc.agentnotifiers.dhcp_rpc_agent_api [None req-052f46fd-5a05-4b60-bb0c-de3748706805 f0e1f8efade7448081d82c29b61a8a12 3c024b1a467c440e864b9c22ef77155b - - default default] Unable to schedule network d7eb82ce-76d8-4868-a005-bb4c2517cb9a: no agents available; will retry on subsequent port and subnet creation events.
2026-05-29 03:22:18.470 10 INFO neutron.api.wsgi [req-9eb42303-4ccd-4396-81d3-a04337d488b2 req-629e5a63-8df9-497f-8e15-f7c576a92963 cfd06e397f6f41e6ba3396505ce03daa 5551deca0bc643bdaa9d1fa00c6422b1 - - 0183fc77d5d24c26bd727dbfe351f1ba 0183fc77d5d24c26bd727dbfe351f1ba] 199.204.45.72 "GET /v2.0/networks?tenant_id=be2cde5bff23419c9fa4cdf831975507&shared=False HTTP/1.1" status: 200 len: 975 time: 0.0605338
2026-05-29 03:22:18.512 10 INFO neutron.api.wsgi [req-4edbbdf1-4f2e-4d80-ac50-0a6f0983a5d0 req-33e2dedf-70af-4833-8245-d4930d9a88be 44dcc57a7b5c47dda0cb81f986489aec fdb514512ff84acab125a68830e0f95e - - default default] 10.0.0.246 "GET /v2.0/ports?device_id=50c5c2c8-a870-4049-8a06-3d0dbefe0115 HTTP/1.1" status: 200 len: 210 time: 0.0292375
2026-05-29 03:22:18.534 10 INFO neutron.api.wsgi [req-9eb42303-4ccd-4396-81d3-a04337d488b2 req-e342b71f-42f6-4456-8a46-dd2380e3ed57 cfd06e397f6f41e6ba3396505ce03daa 5551deca0bc643bdaa9d1fa00c6422b1 - - 0183fc77d5d24c26bd727dbfe351f1ba 0183fc77d5d24c26bd727dbfe351f1ba] 199.204.45.72 "GET /v2.0/networks?shared=True HTTP/1.1" status: 200 len: 952 time: 0.0599694
2026-05-29 03:22:18.542 9 INFO neutron.api.wsgi [req-7aa55c67-82c6-4506-8e36-8802e6f1db0c req-929d9ee9-e68e-41db-a958-5667df753d03 712c66e93b4f4cf0be86de33f5e47579 be2cde5bff23419c9fa4cdf831975507 - - default default] 10.0.0.246 "GET /v2.0/ports?device_id=f49f8c87-e76b-42d8-b8f1-4099535767c3 HTTP/1.1" status: 200 len: 1172 time: 0.0514364 /var/lib/openstack/lib/python3.12/site-packages/pycadf/identifier.py:71: UserWarning: Invalid uuid: neutron. To ensure interoperability, identifiers should be a valid uuid. warnings.warn(('Invalid uuid: %s. To ensure interoperability, '
2026-05-29 03:22:18.597 9 INFO neutron.api.wsgi [req-7aa55c67-82c6-4506-8e36-8802e6f1db0c req-6e2b5002-d402-4738-87b2-0d0cbafe9b88 712c66e93b4f4cf0be86de33f5e47579 be2cde5bff23419c9fa4cdf831975507 - - default default] 10.0.0.246 "GET /v2.0/security-groups?id=5c4f7762-0969-46e7-9e6d-1bd03ea0dd7a&fields=id&fields=name HTTP/1.1" status: 200 len: 286 time: 0.0459561
2026-05-29 03:22:18.599 9 INFO neutron.db.ovn_revision_numbers_db [None req-052f46fd-5a05-4b60-bb0c-de3748706805 f0e1f8efade7448081d82c29b61a8a12 3c024b1a467c440e864b9c22ef77155b - - default default] Successfully bumped revision number for resource 64f3009d-27a3-4beb-9683-7adc9ea10d4b (type: ports) to 1
2026-05-29 03:22:18.694 9 INFO neutron.db.ovn_revision_numbers_db [req-bd1cb80c-f206-43c4-9890-c16433e7cb36 req-f0884a2c-7676-467a-9acd-1d59edb759c3 cfd06e397f6f41e6ba3396505ce03daa 5551deca0bc643bdaa9d1fa00c6422b1 - - 0183fc77d5d24c26bd727dbfe351f1ba 0183fc77d5d24c26bd727dbfe351f1ba] Successfully bumped revision number for resource 1e256f21-19a8-4f51-a497-07b08f8b2562 (type: ports) to 4
2026-05-29 03:22:18.713 9 INFO neutron.api.wsgi [req-bd1cb80c-f206-43c4-9890-c16433e7cb36 req-f0884a2c-7676-467a-9acd-1d59edb759c3 cfd06e397f6f41e6ba3396505ce03daa 5551deca0bc643bdaa9d1fa00c6422b1 - - 0183fc77d5d24c26bd727dbfe351f1ba 0183fc77d5d24c26bd727dbfe351f1ba] 199.204.45.72 "PUT /v2.0/ports/1e256f21-19a8-4f51-a497-07b08f8b2562 HTTP/1.1" status: 200 len: 1404 time: 0.7591405
2026-05-29 03:22:18.762 9 INFO neutron.api.wsgi [-] 10.0.0.231 "GET / HTTP/1.1" status: 200 len: 247 time: 0.0016406
2026-05-29 03:22:18.764 10 INFO neutron.api.wsgi [-] 10.0.0.231 "GET / HTTP/1.1" status: 200 len: 247 time: 0.0032222
2026-05-29 03:22:19.144 9 INFO neutron.notifiers.nova [-] Nova event matching ['req-25e3ca84-48f6-451a-ab1a-7e474c32bcf3'] response: {'name': 'network-changed', 'server_uuid': '005bf510-94dd-4e73-abdc-b3133476f51d', 'tag': '1e256f21-19a8-4f51-a497-07b08f8b2562', 'status': 'completed', 'code': 200}
2026-05-29 03:22:19.194 9 INFO neutron.plugins.ml2.drivers.ovn.mech_driver.ovsdb.commands [None req-c39465bc-33eb-4dbf-8fc2-df63f79f9087 - - - - - -] Schedule LRP lrp-64f3009d-27a3-4beb-9683-7adc9ea10d4b on gateway 4ac36ee7-285c-40d1-9040-302a60b33973 with priority 1
2026-05-29 03:22:19.219 10 INFO neutron.plugins.ml2.drivers.ovn.mech_driver.ovsdb.ovsdb_monitor [None req-cd1a8ea6-3c16-49f8-93e2-d17dba1cd0a4 - - - - - -] Router 6f03952d-06c5-4a5d-9276-3dddfc464423 is bound to host instance
2026-05-29 03:22:19.250 9 INFO neutron.db.ovn_revision_numbers_db [None req-052f46fd-5a05-4b60-bb0c-de3748706805 f0e1f8efade7448081d82c29b61a8a12 3c024b1a467c440e864b9c22ef77155b - - default default] Successfully bumped revision number for resource 64f3009d-27a3-4beb-9683-7adc9ea10d4b (type: router_ports) to 1
2026-05-29 03:22:19.314 9 INFO neutron.db.ovn_revision_numbers_db [None req-052f46fd-5a05-4b60-bb0c-de3748706805 f0e1f8efade7448081d82c29b61a8a12 3c024b1a467c440e864b9c22ef77155b - - default default] Successfully bumped revision number for resource 6f03952d-06c5-4a5d-9276-3dddfc464423 (type: routers) to 2
2026-05-29 03:22:19.336 9 INFO neutron.api.wsgi [None req-052f46fd-5a05-4b60-bb0c-de3748706805 f0e1f8efade7448081d82c29b61a8a12 3c024b1a467c440e864b9c22ef77155b - - default default] 10.0.0.119 "POST /v2.0/routers HTTP/1.1" status: 201 len: 1169 time: 1.3214912
2026-05-29 03:22:19.461 9 INFO neutron.api.wsgi [req-7d5c10cc-efd4-40d9-91f6-7dbf2a26e8a3 req-3a3ea99e-6327-4075-8cbd-5fff40f81a5b 215d78be13844a7783bb6f8c2ce6d443 f664567e7008489cada23789cec6206c - - default default] 10.0.0.246 "GET /v2.0/ports?device_id=005bf510-94dd-4e73-abdc-b3133476f51d HTTP/1.1" status: 200 len: 1168 time: 0.0290847
2026-05-29 03:22:19.528 9 INFO neutron.api.wsgi [req-7d5c10cc-efd4-40d9-91f6-7dbf2a26e8a3 req-bb172b5b-d821-4766-abae-dd3f3e575ec1 215d78be13844a7783bb6f8c2ce6d443 f664567e7008489cada23789cec6206c - - default default] 10.0.0.246 "GET /v2.0/security-groups?id=e4859fbb-e3ea-4269-a315-1a64ff89e8e1&fields=id&fields=name HTTP/1.1" status: 200 len: 313 time: 0.0602534
2026-05-29 03:22:19.602 9 INFO neutron.api.wsgi [req-c38a9ccb-72ef-4082-a260-d02776bfab04 req-a3822652-556a-4e5c-872e-b5e4b47f3af2 cfd06e397f6f41e6ba3396505ce03daa 5551deca0bc643bdaa9d1fa00c6422b1 - - 0183fc77d5d24c26bd727dbfe351f1ba 0183fc77d5d24c26bd727dbfe351f1ba] 199.204.45.72 "GET /v2.0/ports?tenant_id=be2cde5bff23419c9fa4cdf831975507&device_id=f49f8c87-e76b-42d8-b8f1-4099535767c3 HTTP/1.1" status: 200 len: 1411 time: 0.0533073
2026-05-29 03:22:19.636 10 INFO neutron.api.wsgi [req-301b29d0-3500-4e2b-8f91-44aae8053f85 req-9fd747f5-5014-4cda-a27d-706d0210b040 44dcc57a7b5c47dda0cb81f986489aec fdb514512ff84acab125a68830e0f95e - - default default] 10.0.0.246 "GET /v2.0/ports?device_id=50c5c2c8-a870-4049-8a06-3d0dbefe0115 HTTP/1.1" status: 200 len: 210 time: 0.0180819
2026-05-29 03:22:19.652 9 INFO neutron.api.wsgi [req-c38a9ccb-72ef-4082-a260-d02776bfab04 req-4aa4fadc-ac83-4527-8228-ed9a469325b1 cfd06e397f6f41e6ba3396505ce03daa 5551deca0bc643bdaa9d1fa00c6422b1 - - 0183fc77d5d24c26bd727dbfe351f1ba 0183fc77d5d24c26bd727dbfe351f1ba] 199.204.45.72 "GET /v2.0/floatingips?fixed_ip_address=10.100.0.11&port_id=78a324c5-4e9a-426a-af32-7b934364787c HTTP/1.1" status: 200 len: 217 time: 0.0432284
2026-05-29 03:22:19.705 10 INFO neutron.api.wsgi [req-452c2475-f305-484e-838b-7565706c7fde req-4ae52bf2-1e21-4615-a020-cb97ff892ab7 cfd06e397f6f41e6ba3396505ce03daa 5551deca0bc643bdaa9d1fa00c6422b1 - - 0183fc77d5d24c26bd727dbfe351f1ba 0183fc77d5d24c26bd727dbfe351f1ba] 199.204.45.72 "GET /v2.0/ports?tenant_id=f664567e7008489cada23789cec6206c&device_id=005bf510-94dd-4e73-abdc-b3133476f51d HTTP/1.1" status: 200 len: 1407 time: 0.0540402
2026-05-29 03:22:19.772 10 INFO neutron.api.wsgi [req-452c2475-f305-484e-838b-7565706c7fde req-3b03e08c-2273-4f7d-82cc-d1e169e92cb3 cfd06e397f6f41e6ba3396505ce03daa 5551deca0bc643bdaa9d1fa00c6422b1 - - 0183fc77d5d24c26bd727dbfe351f1ba 0183fc77d5d24c26bd727dbfe351f1ba] 199.204.45.72 "GET /v2.0/networks?tenant_id=f664567e7008489cada23789cec6206c&shared=False HTTP/1.1" status: 200 len: 982 time: 0.0584207
2026-05-29 03:22:19.823 10 INFO neutron.api.wsgi [req-452c2475-f305-484e-838b-7565706c7fde req-8eb84f2d-d47f-4684-8486-e6e3e230b44f cfd06e397f6f41e6ba3396505ce03daa 5551deca0bc643bdaa9d1fa00c6422b1 - - 0183fc77d5d24c26bd727dbfe351f1ba 0183fc77d5d24c26bd727dbfe351f1ba] 199.204.45.72 "GET /v2.0/networks?shared=True HTTP/1.1" status: 200 len: 952 time: 0.0468953
2026-05-29 03:22:19.846 10 INFO neutron.db.ovn_revision_numbers_db [None req-83380cb6-6ad2-4aaf-be03-f534fa68597a - - - - - -] Successfully bumped revision number for resource 64f3009d-27a3-4beb-9683-7adc9ea10d4b (type: ports) to 1
2026-05-29 03:22:19.848 9 INFO neutron.api.wsgi [req-c38a9ccb-72ef-4082-a260-d02776bfab04 req-3ff22f41-30ae-4d08-9cf8-9c07e4774715 cfd06e397f6f41e6ba3396505ce03daa 5551deca0bc643bdaa9d1fa00c6422b1 - - 0183fc77d5d24c26bd727dbfe351f1ba 0183fc77d5d24c26bd727dbfe351f1ba] 199.204.45.72 "GET /v2.0/subnets?id=f2eab3db-5887-40ff-91f0-58c2f3753616 HTTP/1.1" status: 200 len: 894 time: 0.1923170
2026-05-29 03:22:19.857 9 INFO neutron.api.wsgi [req-610f0296-c7e1-465a-a194-13790cb27d63 req-299ee29c-a64c-424c-9b67-e89495a66edf 712c66e93b4f4cf0be86de33f5e47579 be2cde5bff23419c9fa4cdf831975507 - - default default] 10.0.0.246 "GET /v2.0/ports?device_id=f49f8c87-e76b-42d8-b8f1-4099535767c3 HTTP/1.1" status: 200 len: 1172 time: 0.1922147
2026-05-29 03:22:19.889 9 INFO neutron.api.wsgi [req-c38a9ccb-72ef-4082-a260-d02776bfab04 req-7d31052e-cf3a-40df-b51f-775710e71243 cfd06e397f6f41e6ba3396505ce03daa 5551deca0bc643bdaa9d1fa00c6422b1 - - 0183fc77d5d24c26bd727dbfe351f1ba 0183fc77d5d24c26bd727dbfe351f1ba] 199.204.45.72 "GET /v2.0/ports?network_id=cf5cf0d0-4713-4431-a505-f39f091daf07&device_owner=network%3Adhcp HTTP/1.1" status: 200 len: 210 time: 0.0310414
2026-05-29 03:22:19.937 9 INFO neutron.api.wsgi [req-610f0296-c7e1-465a-a194-13790cb27d63 req-6b5e5e48-f8e1-4424-8d0c-7174d9125862 712c66e93b4f4cf0be86de33f5e47579 be2cde5bff23419c9fa4cdf831975507 - - default default] 10.0.0.246 "GET /v2.0/security-groups?id=5c4f7762-0969-46e7-9e6d-1bd03ea0dd7a&fields=id&fields=name HTTP/1.1" status: 200 len: 286 time: 0.0728457
2026-05-29 03:22:19.949 9 INFO neutron.api.wsgi [req-c38a9ccb-72ef-4082-a260-d02776bfab04 req-0685c328-a032-48a7-ae01-eec6438d37d2 cfd06e397f6f41e6ba3396505ce03daa 5551deca0bc643bdaa9d1fa00c6422b1 - - 0183fc77d5d24c26bd727dbfe351f1ba 0183fc77d5d24c26bd727dbfe351f1ba] 199.204.45.72 "GET /v2.0/networks/cf5cf0d0-4713-4431-a505-f39f091daf07?fields=segments HTTP/1.1" status: 200 len: 212 time: 0.0525925
2026-05-29 03:22:20.016 9 INFO neutron.api.wsgi [req-c38a9ccb-72ef-4082-a260-d02776bfab04 req-305de7e7-b440-4a21-bb15-b32155f69811 cfd06e397f6f41e6ba3396505ce03daa 5551deca0bc643bdaa9d1fa00c6422b1 - - 0183fc77d5d24c26bd727dbfe351f1ba 0183fc77d5d24c26bd727dbfe351f1ba] 199.204.45.72 "GET /v2.0/networks/cf5cf0d0-4713-4431-a505-f39f091daf07?fields=provider%3Aphysical_network&fields=provider%3Anetwork_type HTTP/1.1" status: 200 len: 277 time: 0.0562634
2026-05-29 03:22:20.079 9 WARNING neutron.scheduler.dhcp_agent_scheduler [None req-4bc62ca0-0141-4173-b80c-0fac9cb00b21 f0e1f8efade7448081d82c29b61a8a12 3c024b1a467c440e864b9c22ef77155b - - default default] No more DHCP agents
2026-05-29 03:22:20.080 9 WARNING neutron.api.rpc.agentnotifiers.dhcp_rpc_agent_api [None req-4bc62ca0-0141-4173-b80c-0fac9cb00b21 f0e1f8efade7448081d82c29b61a8a12 3c024b1a467c440e864b9c22ef77155b - - default default] Unable to schedule network 29a04f17-30d5-4d56-afc3-6e7a7524a2ce: no agents available; will retry on subsequent port and subnet creation events.
2026-05-29 03:22:20.148 10 INFO neutron.db.ovn_revision_numbers_db [None req-83380cb6-6ad2-4aaf-be03-f534fa68597a - - - - - -] Successfully bumped revision number for resource 64f3009d-27a3-4beb-9683-7adc9ea10d4b (type: ports) to 4
2026-05-29 03:22:20.175 9 INFO neutron.db.ovn_revision_numbers_db [None req-4bc62ca0-0141-4173-b80c-0fac9cb00b21 f0e1f8efade7448081d82c29b61a8a12 3c024b1a467c440e864b9c22ef77155b - - default default] Successfully bumped revision number for resource e75aba7e-5d55-45d3-98d8-5a912bfe2ebd (type: ports) to 1
2026-05-29 03:22:20.380 10 INFO neutron.db.ovn_revision_numbers_db [None req-83380cb6-6ad2-4aaf-be03-f534fa68597a - - - - - -] Successfully bumped revision number for resource 64f3009d-27a3-4beb-9683-7adc9ea10d4b (type: ports) to 5
2026-05-29 03:22:20.665 9 INFO neutron.db.ovn_revision_numbers_db [None req-4bc62ca0-0141-4173-b80c-0fac9cb00b21 f0e1f8efade7448081d82c29b61a8a12 3c024b1a467c440e864b9c22ef77155b - - default default] Successfully bumped revision number for resource e75aba7e-5d55-45d3-98d8-5a912bfe2ebd (type: ports) to 1
2026-05-29 03:22:20.679 10 INFO neutron.api.wsgi [req-6641dda6-6cd4-4416-a964-04f3d2bd0268 req-66b07ab5-3d9a-4b77-b60c-531f8b71af53 215d78be13844a7783bb6f8c2ce6d443 f664567e7008489cada23789cec6206c - - default default] 10.0.0.246 "GET /v2.0/ports?device_id=005bf510-94dd-4e73-abdc-b3133476f51d HTTP/1.1" status: 200 len: 1168 time: 0.0803828
2026-05-29 03:22:20.716 9 INFO neutron.api.wsgi [req-3c7d764f-1d73-4ae8-9db8-eb2ad88ebea3 req-3701a04f-d55f-42a8-b189-baa01bdede14 44dcc57a7b5c47dda0cb81f986489aec fdb514512ff84acab125a68830e0f95e - - default default] 10.0.0.246 "GET /v2.0/ports?device_id=50c5c2c8-a870-4049-8a06-3d0dbefe0115 HTTP/1.1" status: 200 len: 210 time: 0.0170083
2026-05-29 03:22:20.720 9 WARNING neutron.scheduler.dhcp_agent_scheduler [None req-4bc62ca0-0141-4173-b80c-0fac9cb00b21 f0e1f8efade7448081d82c29b61a8a12 3c024b1a467c440e864b9c22ef77155b - - default default] No more DHCP agents
2026-05-29 03:22:20.721 9 WARNING neutron.api.rpc.agentnotifiers.dhcp_rpc_agent_api [None req-4bc62ca0-0141-4173-b80c-0fac9cb00b21 f0e1f8efade7448081d82c29b61a8a12 3c024b1a467c440e864b9c22ef77155b - - default default] Unable to schedule network 29a04f17-30d5-4d56-afc3-6e7a7524a2ce: no agents available; will retry on subsequent port and subnet creation events.
2026-05-29 03:22:20.724 10 INFO neutron.api.wsgi [req-6641dda6-6cd4-4416-a964-04f3d2bd0268 req-c69c1dea-43df-4b8d-bc4d-0278b34af5aa 215d78be13844a7783bb6f8c2ce6d443 f664567e7008489cada23789cec6206c - - default default] 10.0.0.246 "GET /v2.0/security-groups?id=e4859fbb-e3ea-4269-a315-1a64ff89e8e1&fields=id&fields=name HTTP/1.1" status: 200 len: 313 time: 0.0388095
2026-05-29 03:22:20.873 9 INFO neutron.api.wsgi [req-bd1cb80c-f206-43c4-9890-c16433e7cb36 req-5aefa4fd-3a30-4392-8b6a-86e103a7aa2d cfd06e397f6f41e6ba3396505ce03daa 5551deca0bc643bdaa9d1fa00c6422b1 - - 0183fc77d5d24c26bd727dbfe351f1ba 0183fc77d5d24c26bd727dbfe351f1ba] 199.204.45.72 "GET /v2.0/ports?tenant_id=f664567e7008489cada23789cec6206c&device_id=005bf510-94dd-4e73-abdc-b3133476f51d HTTP/1.1" status: 200 len: 1407 time: 0.0356252
2026-05-29 03:22:20.892 9 INFO neutron.api.wsgi [req-bd1cb80c-f206-43c4-9890-c16433e7cb36 req-cd7021f0-fb61-44c5-ac38-ba8dd2ff3b7c cfd06e397f6f41e6ba3396505ce03daa 5551deca0bc643bdaa9d1fa00c6422b1 - - 0183fc77d5d24c26bd727dbfe351f1ba 0183fc77d5d24c26bd727dbfe351f1ba] 199.204.45.72 "GET /v2.0/floatingips?fixed_ip_address=10.100.0.9&port_id=1e256f21-19a8-4f51-a497-07b08f8b2562 HTTP/1.1" status: 200 len: 217 time: 0.0137889
2026-05-29 03:22:20.920 9 INFO neutron.api.wsgi [req-bd1cb80c-f206-43c4-9890-c16433e7cb36 req-501036e8-4850-4f2c-8970-b703bdad8420 cfd06e397f6f41e6ba3396505ce03daa 5551deca0bc643bdaa9d1fa00c6422b1 - - 0183fc77d5d24c26bd727dbfe351f1ba 0183fc77d5d24c26bd727dbfe351f1ba] 199.204.45.72 "GET /v2.0/subnets?id=c583ea9a-daf3-49f9-81de-ec1116dc46f8 HTTP/1.1" status: 200 len: 901 time: 0.0225642
2026-05-29 03:22:20.948 9 INFO neutron.api.wsgi [req-bd1cb80c-f206-43c4-9890-c16433e7cb36 req-237e0cf1-598d-41c2-927d-c0a1c426d1f8 cfd06e397f6f41e6ba3396505ce03daa 5551deca0bc643bdaa9d1fa00c6422b1 - - 0183fc77d5d24c26bd727dbfe351f1ba 0183fc77d5d24c26bd727dbfe351f1ba] 199.204.45.72 "GET /v2.0/ports?network_id=f41d0059-654a-4410-baeb-920201c7c919&device_owner=network%3Adhcp HTTP/1.1" status: 200 len: 210 time: 0.0192235
2026-05-29 03:22:21.014 9 INFO neutron.api.wsgi [req-bd1cb80c-f206-43c4-9890-c16433e7cb36 req-185794a9-0e78-42bd-9528-b72ab70f3053 cfd06e397f6f41e6ba3396505ce03daa 5551deca0bc643bdaa9d1fa00c6422b1 - - 0183fc77d5d24c26bd727dbfe351f1ba 0183fc77d5d24c26bd727dbfe351f1ba] 199.204.45.72 "GET /v2.0/networks/f41d0059-654a-4410-baeb-920201c7c919?fields=segments HTTP/1.1" status: 200 len: 212 time: 0.0544205
2026-05-29 03:22:21.024 9 INFO neutron.api.wsgi [req-0091640e-2876-408b-9e06-e168f32f018c req-d3b945e9-253f-469d-9634-eff6a6bce6cc 712c66e93b4f4cf0be86de33f5e47579 be2cde5bff23419c9fa4cdf831975507 - - default default] 10.0.0.246 "GET /v2.0/ports?device_id=f49f8c87-e76b-42d8-b8f1-4099535767c3 HTTP/1.1" status: 200 len: 1172 time: 0.0349319
2026-05-29 03:22:21.076 9 INFO neutron.api.wsgi [req-0091640e-2876-408b-9e06-e168f32f018c req-76366a10-a519-47c2-a317-39a35cb97c1e 712c66e93b4f4cf0be86de33f5e47579 be2cde5bff23419c9fa4cdf831975507 - - default default] 10.0.0.246 "GET /v2.0/security-groups?id=5c4f7762-0969-46e7-9e6d-1bd03ea0dd7a&fields=id&fields=name HTTP/1.1" status: 200 len: 286 time: 0.0447886
2026-05-29 03:22:21.081 9 INFO neutron.api.wsgi [req-bd1cb80c-f206-43c4-9890-c16433e7cb36 req-84563ed2-06b1-46a6-a970-e6693184efb3 cfd06e397f6f41e6ba3396505ce03daa 5551deca0bc643bdaa9d1fa00c6422b1 - - 0183fc77d5d24c26bd727dbfe351f1ba 0183fc77d5d24c26bd727dbfe351f1ba] 199.204.45.72 "GET /v2.0/networks/f41d0059-654a-4410-baeb-920201c7c919?fields=provider%3Aphysical_network&fields=provider%3Anetwork_type HTTP/1.1" status: 200 len: 277 time: 0.0567694
2026-05-29 03:22:21.485 9 INFO neutron.db.ovn_revision_numbers_db [None req-4bc62ca0-0141-4173-b80c-0fac9cb00b21 f0e1f8efade7448081d82c29b61a8a12 3c024b1a467c440e864b9c22ef77155b - - default default] Successfully bumped revision number for resource e75aba7e-5d55-45d3-98d8-5a912bfe2ebd (type: router_ports) to 1
2026-05-29 03:22:21.491 9 INFO neutron.api.wsgi [None req-4bc62ca0-0141-4173-b80c-0fac9cb00b21 f0e1f8efade7448081d82c29b61a8a12 3c024b1a467c440e864b9c22ef77155b - - default default] 10.0.0.119 "PUT /v2.0/routers/6f03952d-06c5-4a5d-9276-3dddfc464423/add_router_interface HTTP/1.1" status: 200 len: 503 time: 2.1497736
2026-05-29 03:22:21.580 9 WARNING neutron.plugins.ml2.drivers.ovn.mech_driver.ovsdb.ovn_client [None req-9d92ab4b-bb9c-4510-854d-4210a8811baa - - - - - -] No hosting information found for port f07461a6-ef4f-40c2-8cf4-75619a909cbe: RuntimeError: No hosting information found for port f07461a6-ef4f-40c2-8cf4-75619a909cbe
2026-05-29 03:22:21.657 9 INFO neutron.db.ovn_revision_numbers_db [None req-9d92ab4b-bb9c-4510-854d-4210a8811baa - - - - - -] Successfully bumped revision number for resource cf163ca1-e14a-4696-af9a-687954cb2152 (type: router_ports) to 2
2026-05-29 03:22:21.657 9 INFO neutron.plugins.ml2.drivers.ovn.mech_driver.mech_driver [None req-9d92ab4b-bb9c-4510-854d-4210a8811baa - - - - - -] OVN reports status up for port: 9b257deb-fe11-482c-befe-49dcd52d2d5a
2026-05-29 03:22:21.669 9 INFO neutron.plugins.ml2.plugin [None req-9d92ab4b-bb9c-4510-854d-4210a8811baa - - - - - -] Attempt 1 to provision port 9b257deb-fe11-482c-befe-49dcd52d2d5a
2026-05-29 03:22:21.811 10 INFO neutron.api.wsgi [req-1a28f053-0536-4831-b958-c4957ea3ff0d req-261d4fc0-f28c-4b13-ad20-cfe0d9e80ffc 44dcc57a7b5c47dda0cb81f986489aec fdb514512ff84acab125a68830e0f95e - - default default] 10.0.0.246 "GET /v2.0/ports?device_id=50c5c2c8-a870-4049-8a06-3d0dbefe0115 HTTP/1.1" status: 200 len: 210 time: 0.0211494
2026-05-29 03:22:21.843 9 INFO neutron.db.ovn_revision_numbers_db [None req-9d92ab4b-bb9c-4510-854d-4210a8811baa - - - - - -] Successfully bumped revision number for resource f07461a6-ef4f-40c2-8cf4-75619a909cbe (type: router_ports) to 2
2026-05-29 03:22:21.843 9 INFO neutron.plugins.ml2.drivers.ovn.mech_driver.mech_driver [None req-9d92ab4b-bb9c-4510-854d-4210a8811baa - - - - - -] OVN reports status up for port: 24fc9ef8-5470-480b-8b3c-d9352892cfb0
2026-05-29 03:22:21.848 9 INFO neutron.api.wsgi [req-58e654a9-60bd-4132-b3ea-c0e797f8b8e8 req-9698732d-3565-4a6b-bbbc-155bb3b75d23 215d78be13844a7783bb6f8c2ce6d443 f664567e7008489cada23789cec6206c - - default default] 10.0.0.246 "GET /v2.0/ports?device_id=005bf510-94dd-4e73-abdc-b3133476f51d HTTP/1.1" status: 200 len: 1168 time: 0.0538981
2026-05-29 03:22:21.853 9 INFO neutron.plugins.ml2.plugin [None req-9d92ab4b-bb9c-4510-854d-4210a8811baa - - - - - -] Attempt 1 to provision port 24fc9ef8-5470-480b-8b3c-d9352892cfb0
2026-05-29 03:22:21.878 9 INFO neutron.api.wsgi [req-a53a9b46-7ca8-4761-bbd6-e1b5284e2103 req-f0a4d81e-3bb7-432c-ac5f-d5bcf889ed9a 44dcc57a7b5c47dda0cb81f986489aec fdb514512ff84acab125a68830e0f95e - - default default] 199.204.45.72 "GET /v2.0/networks?id=01571333-d932-4d89-a1ed-d78c3c6599b7 HTTP/1.1" status: 200 len: 878 time: 0.0935414
2026-05-29 03:22:21.900 9 INFO neutron.api.wsgi [req-58e654a9-60bd-4132-b3ea-c0e797f8b8e8 req-d1960341-d078-4753-b575-940287c2f664 215d78be13844a7783bb6f8c2ce6d443 f664567e7008489cada23789cec6206c - - default default] 10.0.0.246 "GET /v2.0/security-groups?id=e4859fbb-e3ea-4269-a315-1a64ff89e8e1&fields=id&fields=name HTTP/1.1" status: 200 len: 313 time: 0.0462375
2026-05-29 03:22:21.929 9 INFO neutron.api.wsgi [req-a53a9b46-7ca8-4761-bbd6-e1b5284e2103 req-afdbf537-ee59-4bd6-bb86-b88acaa9345a 44dcc57a7b5c47dda0cb81f986489aec fdb514512ff84acab125a68830e0f95e - - default default] 199.204.45.72 "GET /v2.0/security-groups?fields=id&fields=name&tenant_id=fdb514512ff84acab125a68830e0f95e HTTP/1.1" status: 200 len: 380 time: 0.0425897
2026-05-29 03:22:21.937 9 WARNING neutron_lib.context [req-a53a9b46-7ca8-4761-bbd6-e1b5284e2103 req-3086a08c-3b47-4eea-90a8-d5cbfdf523ba 44dcc57a7b5c47dda0cb81f986489aec fdb514512ff84acab125a68830e0f95e - - default default] Method 'is_advsvc' is deprecated since 2023.2 release (neutron-lib 3.8.0) and will be removed once support for the old RBAC API policies will be removed from Neutron. Please use method 'is_service_role' instead.
2026-05-29 03:22:21.953 10 WARNING neutron_lib.context [req-65be1966-f9d5-485d-b64b-5f177e3e4e04 req-a902165a-0248-4068-a0ad-641ab018bfa5 4145f5ac99814079a20923c19ef01268 fb2a0556926e4c9f98fef1e86efb8a20 - - default default] Method 'is_advsvc' is deprecated since 2023.2 release (neutron-lib 3.8.0) and will be removed once support for the old RBAC API policies will be removed from Neutron. Please use method 'is_service_role' instead.
2026-05-29 03:22:22.067 10 INFO neutron.db.ovn_revision_numbers_db [req-65be1966-f9d5-485d-b64b-5f177e3e4e04 req-a902165a-0248-4068-a0ad-641ab018bfa5 4145f5ac99814079a20923c19ef01268 fb2a0556926e4c9f98fef1e86efb8a20 - - default default] Successfully bumped revision number for resource 3f975980-a9c8-4066-9865-ae575fa6ba34 (type: security_groups) to 1
2026-05-29 03:22:22.077 10 INFO neutron.db.ovn_revision_numbers_db [req-65be1966-f9d5-485d-b64b-5f177e3e4e04 req-a902165a-0248-4068-a0ad-641ab018bfa5 4145f5ac99814079a20923c19ef01268 fb2a0556926e4c9f98fef1e86efb8a20 - - default default] Successfully bumped revision number for resource 87a87436-8f33-44ad-a874-96e829c86126 (type: security_group_rules) to 0
2026-05-29 03:22:22.091 10 INFO neutron.db.ovn_revision_numbers_db [req-65be1966-f9d5-485d-b64b-5f177e3e4e04 req-a902165a-0248-4068-a0ad-641ab018bfa5 4145f5ac99814079a20923c19ef01268 fb2a0556926e4c9f98fef1e86efb8a20 - - default default] Successfully bumped revision number for resource b09ee6ae-0347-4ce0-a2de-380b32b1814e (type: security_group_rules) to 0
2026-05-29 03:22:22.143 10 INFO neutron.api.wsgi [req-65be1966-f9d5-485d-b64b-5f177e3e4e04 req-a902165a-0248-4068-a0ad-641ab018bfa5 4145f5ac99814079a20923c19ef01268 fb2a0556926e4c9f98fef1e86efb8a20 - - default default] 10.0.0.246 "POST /v2.0/security-groups HTTP/1.1" status: 201 len: 1884 time: 0.1973066
2026-05-29 03:22:22.176 10 WARNING neutron_lib.context [req-5775ff5a-5688-4143-9147-000aebc82da0 req-f7b81f2f-40af-4a7f-8898-73243a3ad954 4145f5ac99814079a20923c19ef01268 fb2a0556926e4c9f98fef1e86efb8a20 - - default default] Method 'is_advsvc' is deprecated since 2023.2 release (neutron-lib 3.8.0) and will be removed once support for the old RBAC API policies will be removed from Neutron. Please use method 'is_service_role' instead.
2026-05-29 03:22:22.248 9 WARNING neutron.scheduler.dhcp_agent_scheduler [req-a53a9b46-7ca8-4761-bbd6-e1b5284e2103 req-3086a08c-3b47-4eea-90a8-d5cbfdf523ba 44dcc57a7b5c47dda0cb81f986489aec fdb514512ff84acab125a68830e0f95e - - default default] No more DHCP agents
2026-05-29 03:22:22.249 9 WARNING neutron.api.rpc.agentnotifiers.dhcp_rpc_agent_api [req-a53a9b46-7ca8-4761-bbd6-e1b5284e2103 req-3086a08c-3b47-4eea-90a8-d5cbfdf523ba 44dcc57a7b5c47dda0cb81f986489aec fdb514512ff84acab125a68830e0f95e - - default default] Unable to schedule network 01571333-d932-4d89-a1ed-d78c3c6599b7: no agents available; will retry on subsequent port and subnet creation events.
2026-05-29 03:22:22.281 10 INFO neutron.db.ovn_revision_numbers_db [req-5775ff5a-5688-4143-9147-000aebc82da0 req-f7b81f2f-40af-4a7f-8898-73243a3ad954 4145f5ac99814079a20923c19ef01268 fb2a0556926e4c9f98fef1e86efb8a20 - - default default] Successfully bumped revision number for resource 85f51852-491f-4a5a-a597-425b4b4c642d (type: security_groups) to 1
2026-05-29 03:22:22.292 10 INFO neutron.db.ovn_revision_numbers_db [req-5775ff5a-5688-4143-9147-000aebc82da0 req-f7b81f2f-40af-4a7f-8898-73243a3ad954 4145f5ac99814079a20923c19ef01268 fb2a0556926e4c9f98fef1e86efb8a20 - - default default] Successfully bumped revision number for resource 4148c3a9-9671-4f2f-9fcd-45bc18d901bd (type: security_group_rules) to 0
2026-05-29 03:22:22.304 9 INFO neutron.api.wsgi [req-d7ce3b54-7a6e-4879-8ce7-2c4da6a0d3be req-6e5124aa-f626-4bc6-8297-a4d08b220bc0 712c66e93b4f4cf0be86de33f5e47579 be2cde5bff23419c9fa4cdf831975507 - - default default] 10.0.0.246 "GET /v2.0/ports?device_id=f49f8c87-e76b-42d8-b8f1-4099535767c3 HTTP/1.1" status: 200 len: 1172 time: 0.1465659 /var/lib/openstack/lib/python3.12/site-packages/pycadf/identifier.py:71: UserWarning: Invalid uuid: neutron. To ensure interoperability, identifiers should be a valid uuid. warnings.warn(('Invalid uuid: %s. To ensure interoperability, '
2026-05-29 03:22:22.314 10 INFO neutron.db.ovn_revision_numbers_db [req-5775ff5a-5688-4143-9147-000aebc82da0 req-f7b81f2f-40af-4a7f-8898-73243a3ad954 4145f5ac99814079a20923c19ef01268 fb2a0556926e4c9f98fef1e86efb8a20 - - default default] Successfully bumped revision number for resource 8d27fe57-2c27-4f8e-9722-988ced832d2c (type: security_group_rules) to 0
2026-05-29 03:22:22.318 9 INFO neutron.db.ovn_revision_numbers_db [None req-9d92ab4b-bb9c-4510-854d-4210a8811baa - - - - - -] Successfully bumped revision number for resource 24fc9ef8-5470-480b-8b3c-d9352892cfb0 (type: ports) to 2
2026-05-29 03:22:22.347 10 INFO neutron.api.wsgi [req-5775ff5a-5688-4143-9147-000aebc82da0 req-f7b81f2f-40af-4a7f-8898-73243a3ad954 4145f5ac99814079a20923c19ef01268 fb2a0556926e4c9f98fef1e86efb8a20 - - default default] 10.0.0.246 "POST /v2.0/security-groups HTTP/1.1" status: 201 len: 1886 time: 0.1809218
2026-05-29 03:22:22.359 9 INFO neutron.api.wsgi [req-d7ce3b54-7a6e-4879-8ce7-2c4da6a0d3be req-91daee10-27a7-4a32-829b-dfc3dcf88a3a 712c66e93b4f4cf0be86de33f5e47579 be2cde5bff23419c9fa4cdf831975507 - - default default] 10.0.0.246 "GET /v2.0/security-groups?id=5c4f7762-0969-46e7-9e6d-1bd03ea0dd7a&fields=id&fields=name HTTP/1.1" status: 200 len: 286 time: 0.0488641
2026-05-29 03:22:22.376 9 INFO neutron.db.ovn_revision_numbers_db [req-a53a9b46-7ca8-4761-bbd6-e1b5284e2103 req-3086a08c-3b47-4eea-90a8-d5cbfdf523ba 44dcc57a7b5c47dda0cb81f986489aec fdb514512ff84acab125a68830e0f95e - - default default] Successfully bumped revision number for resource f331fe7d-04fe-4f1c-8960-a13d39a1cf1f (type: ports) to 1
2026-05-29 03:22:22.377 10 WARNING neutron_lib.context [req-48f6e843-f14f-4ff8-aaf8-098d3427732a req-ca87b9d2-dbe4-4c7a-9692-1998a27f8586 4145f5ac99814079a20923c19ef01268 fb2a0556926e4c9f98fef1e86efb8a20 - - default default] Method 'is_advsvc' is deprecated since 2023.2 release (neutron-lib 3.8.0) and will be removed once support for the old RBAC API policies will be removed from Neutron. Please use method 'is_service_role' instead.
2026-05-29 03:22:22.394 9 INFO neutron.api.wsgi [req-a53a9b46-7ca8-4761-bbd6-e1b5284e2103 req-3086a08c-3b47-4eea-90a8-d5cbfdf523ba 44dcc57a7b5c47dda0cb81f986489aec fdb514512ff84acab125a68830e0f95e - - default default] 199.204.45.72 "POST /v2.0/ports HTTP/1.1" status: 201 len: 1162 time: 0.4629254
2026-05-29 03:22:22.511 10 INFO neutron.db.ovn_revision_numbers_db [req-48f6e843-f14f-4ff8-aaf8-098d3427732a req-ca87b9d2-dbe4-4c7a-9692-1998a27f8586 4145f5ac99814079a20923c19ef01268 fb2a0556926e4c9f98fef1e86efb8a20 - - default default] Successfully bumped revision number for resource 6c4e8886-9fea-4e82-9b99-2fa28c9c03fa (type: security_groups) to 1
2026-05-29 03:22:22.536 10 INFO neutron.db.ovn_revision_numbers_db [req-48f6e843-f14f-4ff8-aaf8-098d3427732a req-ca87b9d2-dbe4-4c7a-9692-1998a27f8586 4145f5ac99814079a20923c19ef01268 fb2a0556926e4c9f98fef1e86efb8a20 - - default default] Successfully bumped revision number for resource 64d25de6-e8f7-4e1a-bfdc-2ac4f3f0d469 (type: security_group_rules) to 0
2026-05-29 03:22:22.556 10 INFO neutron.db.ovn_revision_numbers_db [req-48f6e843-f14f-4ff8-aaf8-098d3427732a req-ca87b9d2-dbe4-4c7a-9692-1998a27f8586 4145f5ac99814079a20923c19ef01268 fb2a0556926e4c9f98fef1e86efb8a20 - - default default] Successfully bumped revision number for resource 6f79f06c-f85d-4cc5-ba15-b0ec7cfc8a48 (type: security_group_rules) to 0
2026-05-29 03:22:22.589 10 INFO neutron.api.wsgi [req-48f6e843-f14f-4ff8-aaf8-098d3427732a req-ca87b9d2-dbe4-4c7a-9692-1998a27f8586 4145f5ac99814079a20923c19ef01268 fb2a0556926e4c9f98fef1e86efb8a20 - - default default] 10.0.0.246 "POST /v2.0/security-groups HTTP/1.1" status: 201 len: 1886 time: 0.2219989
2026-05-29 03:22:22.656 9 INFO neutron.api.wsgi [req-1b1e238b-e7fa-449b-af79-ba55b2b97b55 req-73843e9a-8bbd-4a7f-853f-30865a4f0588 4145f5ac99814079a20923c19ef01268 fb2a0556926e4c9f98fef1e86efb8a20 - - default default] 10.0.0.246 "GET /v2.0/security-groups?tenant_id=fb2a0556926e4c9f98fef1e86efb8a20 HTTP/1.1" status: 200 len: 8106 time: 0.0381877 /var/lib/openstack/lib/python3.12/site-packages/pycadf/identifier.py:71: UserWarning: Invalid uuid: neutron. To ensure interoperability, identifiers should be a valid uuid. warnings.warn(('Invalid uuid: %s. To ensure interoperability, '
2026-05-29 03:22:22.692 9 INFO neutron.api.wsgi [req-1b1e238b-e7fa-449b-af79-ba55b2b97b55 req-51c0a02b-eca9-45d1-94cd-45e32762ffa6 4145f5ac99814079a20923c19ef01268 fb2a0556926e4c9f98fef1e86efb8a20 - - default default] 10.0.0.246 "GET /v2.0/security-groups/b4e81957-302e-4e2c-8b0d-d24dcfb559a8 HTTP/1.1" status: 200 len: 3122 time: 0.0281570
2026-05-29 03:22:22.722 9 INFO neutron.api.wsgi [req-1b1e238b-e7fa-449b-af79-ba55b2b97b55 req-93406001-890b-41c3-8c03-c83b3f004d6b 4145f5ac99814079a20923c19ef01268 fb2a0556926e4c9f98fef1e86efb8a20 - - default default] 10.0.0.246 "GET /v2.0/security-groups/b4e81957-302e-4e2c-8b0d-d24dcfb559a8 HTTP/1.1" status: 200 len: 3122 time: 0.0244329
2026-05-29 03:22:22.749 9 INFO neutron.db.ovn_revision_numbers_db [req-a53a9b46-7ca8-4761-bbd6-e1b5284e2103 req-a18b9d44-0d98-42a7-8dc8-6f407e54d770 cfd06e397f6f41e6ba3396505ce03daa 5551deca0bc643bdaa9d1fa00c6422b1 - - 0183fc77d5d24c26bd727dbfe351f1ba 0183fc77d5d24c26bd727dbfe351f1ba] Successfully bumped revision number for resource f331fe7d-04fe-4f1c-8960-a13d39a1cf1f (type: ports) to 2
2026-05-29 03:22:22.771 10 INFO neutron.api.wsgi [req-53b4ebb8-7980-4e6b-a4b9-a7efdafcb794 req-92419f46-dd27-4eed-8bb0-9d4cf1190bd7 4145f5ac99814079a20923c19ef01268 fb2a0556926e4c9f98fef1e86efb8a20 - - default default] 10.0.0.246 "GET /v2.0/security-groups/3f975980-a9c8-4066-9865-ae575fa6ba34 HTTP/1.1" status: 200 len: 1879 time: 0.0246332
2026-05-29 03:22:22.887 10 INFO neutron.api.wsgi [req-53b4ebb8-7980-4e6b-a4b9-a7efdafcb794 req-f32558fc-b3d4-4188-a00c-e7d31fbbf936 4145f5ac99814079a20923c19ef01268 fb2a0556926e4c9f98fef1e86efb8a20 - - default default] 10.0.0.246 "DELETE /v2.0/security-groups/3f975980-a9c8-4066-9865-ae575fa6ba34 HTTP/1.1" status: 204 len: 173 time: 0.1097679
2026-05-29 03:22:22.913 10 INFO neutron.api.v2.resource [req-4f9fe000-bde0-4ccc-8bd5-65f26f756874 req-1187a80b-c620-467b-816f-035669d41b64 4145f5ac99814079a20923c19ef01268 fb2a0556926e4c9f98fef1e86efb8a20 - - default default] show failed (client error): The resource could not be found.
2026-05-29 03:22:22.914 10 INFO neutron.api.wsgi [req-4f9fe000-bde0-4ccc-8bd5-65f26f756874 req-1187a80b-c620-467b-816f-035669d41b64 4145f5ac99814079a20923c19ef01268 fb2a0556926e4c9f98fef1e86efb8a20 - - default default] 10.0.0.246 "GET /v2.0/security-groups/3f975980-a9c8-4066-9865-ae575fa6ba34 HTTP/1.1" status: 404 len: 352 time: 0.0087924
2026-05-29 03:22:22.947 9 INFO neutron.api.wsgi [req-1ee1fb65-7ab3-4f86-abcc-dfd9c2a818e7 req-f64ff28b-7848-4e37-a803-87590192f867 44dcc57a7b5c47dda0cb81f986489aec fdb514512ff84acab125a68830e0f95e - - default default] 10.0.0.246 "GET /v2.0/ports?device_id=50c5c2c8-a870-4049-8a06-3d0dbefe0115 HTTP/1.1" status: 200 len: 1172 time: 0.0786929
2026-05-29 03:22:22.951 10 INFO neutron.api.wsgi [req-adbce380-7af9-4239-873f-93154b58d796 req-16eea855-c175-47e3-80c8-763e821d59de 4145f5ac99814079a20923c19ef01268 fb2a0556926e4c9f98fef1e86efb8a20 - - default default] 10.0.0.246 "GET /v2.0/security-groups/85f51852-491f-4a5a-a597-425b4b4c642d HTTP/1.1" status: 200 len: 1881 time: 0.0226300 /var/lib/openstack/lib/python3.12/site-packages/pycadf/identifier.py:71: UserWarning: Invalid uuid: neutron. To ensure interoperability, identifiers should be a valid uuid. warnings.warn(('Invalid uuid: %s. To ensure interoperability, '
2026-05-29 03:22:22.983 9 INFO neutron.db.ovn_revision_numbers_db [req-a53a9b46-7ca8-4761-bbd6-e1b5284e2103 req-a18b9d44-0d98-42a7-8dc8-6f407e54d770 cfd06e397f6f41e6ba3396505ce03daa 5551deca0bc643bdaa9d1fa00c6422b1 - - 0183fc77d5d24c26bd727dbfe351f1ba 0183fc77d5d24c26bd727dbfe351f1ba] Successfully bumped revision number for resource f331fe7d-04fe-4f1c-8960-a13d39a1cf1f (type: ports) to 4
2026-05-29 03:22:22.986 9 INFO neutron.api.wsgi [req-1ee1fb65-7ab3-4f86-abcc-dfd9c2a818e7 req-90436075-e807-4aa1-8a24-5f5b101b0acd 44dcc57a7b5c47dda0cb81f986489aec fdb514512ff84acab125a68830e0f95e - - default default] 10.0.0.246 "GET /v2.0/security-groups?id=cbc28b24-066d-4e46-828c-7701c67c5336&fields=id&fields=name HTTP/1.1" status: 200 len: 313 time: 0.0297334
2026-05-29 03:22:23.001 9 INFO neutron.api.wsgi [req-a53a9b46-7ca8-4761-bbd6-e1b5284e2103 req-a18b9d44-0d98-42a7-8dc8-6f407e54d770 cfd06e397f6f41e6ba3396505ce03daa 5551deca0bc643bdaa9d1fa00c6422b1 - - 0183fc77d5d24c26bd727dbfe351f1ba 0183fc77d5d24c26bd727dbfe351f1ba] 199.204.45.72 "PUT /v2.0/ports/f331fe7d-04fe-4f1c-8960-a13d39a1cf1f HTTP/1.1" status: 200 len: 1408 time: 0.6006031
