2026-05-29 03:25:02.271 9 INFO neutron.api.wsgi [None req-ad4b6761-3fd2-4f9a-8feb-4fa139b955c9 2da55bc6ab524a769d391a82c7c6464b 1f3a548309754744b49aded604371595 - - default default] 10.0.0.119 "GET /v2.0/vpn/ikepolicies HTTP/1.1" status: 200 len: 602 time: 0.0095632
2026-05-29 03:25:02.305 10 INFO neutron.api.wsgi [None req-be978696-21e8-414c-854d-a1b7f0e16b86 2da55bc6ab524a769d391a82c7c6464b 1f3a548309754744b49aded604371595 - - default default] 10.0.0.119 "GET /v2.0/vpn/ikepolicies HTTP/1.1" status: 200 len: 602 time: 0.0188677
2026-05-29 03:25:02.317 9 WARNING neutron_lib.context [None req-845fd50d-6ad7-4416-ae6d-376c9d9859e5 2da55bc6ab524a769d391a82c7c6464b 1f3a548309754744b49aded604371595 - - default default] Method 'is_advsvc' is deprecated since 2023.2 release (neutron-lib 3.8.0) and will be removed once support for the old RBAC API policies will be removed from Neutron. Please use method 'is_service_role' instead.
2026-05-29 03:25:02.361 9 INFO neutron.api.wsgi [None req-845fd50d-6ad7-4416-ae6d-376c9d9859e5 2da55bc6ab524a769d391a82c7c6464b 1f3a548309754744b49aded604371595 - - default default] 10.0.0.119 "POST /v2.0/vpn/ipsecpolicies HTTP/1.1" status: 201 len: 611 time: 0.0500939
2026-05-29 03:25:02.398 10 INFO neutron.api.wsgi [None req-1c7db93c-8ec6-47c4-97c2-41bbe15dfabf 2da55bc6ab524a769d391a82c7c6464b 1f3a548309754744b49aded604371595 - - default default] 10.0.0.119 "PUT /v2.0/vpn/ipsecpolicies/c56964ad-0f34-4742-8911-2d82dcf1aafc HTTP/1.1" status: 200 len: 625 time: 0.0305047
2026-05-29 03:25:02.442 9 INFO neutron.api.wsgi [None req-d54793d9-9919-419b-961c-5ae36df172fe 2da55bc6ab524a769d391a82c7c6464b 1f3a548309754744b49aded604371595 - - default default] 10.0.0.119 "DELETE /v2.0/vpn/ipsecpolicies/c56964ad-0f34-4742-8911-2d82dcf1aafc HTTP/1.1" status: 204 len: 168 time: 0.0389884
2026-05-29 03:25:02.458 10 INFO neutron.api.v2.resource [None req-61ea1144-b606-440c-889c-e6711fd93793 2da55bc6ab524a769d391a82c7c6464b 1f3a548309754744b49aded604371595 - - default default] delete failed (client error): The resource could not be found.
2026-05-29 03:25:02.458 10 INFO neutron.api.wsgi [None req-61ea1144-b606-440c-889c-e6711fd93793 2da55bc6ab524a769d391a82c7c6464b 1f3a548309754744b49aded604371595 - - default default] 10.0.0.119 "DELETE /v2.0/vpn/ipsecpolicies/c56964ad-0f34-4742-8911-2d82dcf1aafc HTTP/1.1" status: 404 len: 346 time: 0.0104892
2026-05-29 03:25:02.472 9 INFO neutron.api.v2.resource [None req-3c8f1a84-1a58-4ac9-82c2-89232e98410e 2da55bc6ab524a769d391a82c7c6464b 1f3a548309754744b49aded604371595 - - default default] delete failed (client error): The resource could not be found.
2026-05-29 03:25:02.473 9 INFO neutron.api.wsgi [None req-3c8f1a84-1a58-4ac9-82c2-89232e98410e 2da55bc6ab524a769d391a82c7c6464b 1f3a548309754744b49aded604371595 - - default default] 10.0.0.119 "DELETE /v2.0/vpn/ipsecpolicies/c56964ad-0f34-4742-8911-2d82dcf1aafc HTTP/1.1" status: 404 len: 346 time: 0.0103583
2026-05-29 03:25:02.484 9 WARNING neutron_lib.context [None req-89a47018-9187-4db8-b9b3-ee1218a7741a 2da55bc6ab524a769d391a82c7c6464b 1f3a548309754744b49aded604371595 - - default default] Method 'is_advsvc' is deprecated since 2023.2 release (neutron-lib 3.8.0) and will be removed once support for the old RBAC API policies will be removed from Neutron. Please use method 'is_service_role' instead.
2026-05-29 03:25:02.520 10 INFO neutron.api.wsgi [None req-472b82e5-ebc6-4092-8d7e-0b91c46969b6 42e39a98c6ac4cb8ab829359fa64efda 24d95f8380ca4853bf98f72eedc16a90 - - default default] 10.0.0.119 "DELETE /v2.0/networks/555bcc43-ff3d-4b2a-bcaa-ba2b9d0d1ef7 HTTP/1.1" status: 204 len: 168 time: 0.4283671
2026-05-29 03:25:02.558 10 INFO neutron.db.ovn_revision_numbers_db [None req-9b2da076-f6d5-40ba-9517-cef5a7766f09 - - - - - -] Successfully bumped revision number for resource b6a871bb-0e1a-47ad-994a-cef23e888fd9 (type: ports) to 5
2026-05-29 03:25:02.573 9 INFO neutron.db.segments_db [None req-89a47018-9187-4db8-b9b3-ee1218a7741a 2da55bc6ab524a769d391a82c7c6464b 1f3a548309754744b49aded604371595 - - default default] Added segment 821046f1-6399-4664-ba79-1644b0e391ac of type geneve for network aaf3598a-862d-4b37-a54c-5c02395e8f04
2026-05-29 03:25:02.635 9 INFO neutron.api.wsgi [req-e8bcc3d1-aa6c-4803-9ac6-7885064c57ed req-c59a4b43-986f-4f73-a3bf-8c12a272fe24 271c97249b8e4d0cb053720be501901a 8ef286eabf114d44bc8a0098dd8b264d - - default default] 10.0.0.246 "GET /v2.0/ports?device_id=7942cf48-8bb3-4321-8aca-866912d7dfd5 HTTP/1.1" status: 200 len: 210 time: 0.0260265
2026-05-29 03:25:02.726 9 INFO neutron.api.wsgi [req-d07019ac-4086-4998-a1fb-9fbe842ad5e8 req-819d5575-5ef0-403a-b670-e8e888dba6ec 271c97249b8e4d0cb053720be501901a 8ef286eabf114d44bc8a0098dd8b264d - - default default] 199.204.45.72 "GET /v2.0/networks?id=96a06038-7b7f-4244-8e3c-53ef7505631b HTTP/1.1" status: 200 len: 859 time: 0.0573096
2026-05-29 03:25:02.727 9 INFO neutron.db.ovn_revision_numbers_db [None req-89a47018-9187-4db8-b9b3-ee1218a7741a 2da55bc6ab524a769d391a82c7c6464b 1f3a548309754744b49aded604371595 - - default default] Successfully bumped revision number for resource aaf3598a-862d-4b37-a54c-5c02395e8f04 (type: networks) to 1
2026-05-29 03:25:02.736 9 INFO neutron.db.ovn_revision_numbers_db [None req-a10569aa-86b5-4d02-b929-1502c8c4bf73 2df3078ee4864d13abf523c1ec19192b 71cdcd906cf342bcb6eecd6de12e8db3 - - default default] Successfully bumped revision number for resource baf9cd9b-b4e2-4ab5-9022-10d9d3be0ef7 (type: ports) to 1
2026-05-29 03:25:02.777 9 INFO neutron.api.wsgi [req-d07019ac-4086-4998-a1fb-9fbe842ad5e8 req-fb21be82-8a5c-4412-9d2c-e05c59ae4d76 271c97249b8e4d0cb053720be501901a 8ef286eabf114d44bc8a0098dd8b264d - - default default] 199.204.45.72 "GET /v2.0/security-groups?fields=id&fields=name&tenant_id=8ef286eabf114d44bc8a0098dd8b264d HTTP/1.1" status: 200 len: 379 time: 0.0453522
2026-05-29 03:25:02.785 9 WARNING neutron_lib.context [req-d07019ac-4086-4998-a1fb-9fbe842ad5e8 req-908f37f7-5538-42c2-8ba1-9d2e9c50edcc 271c97249b8e4d0cb053720be501901a 8ef286eabf114d44bc8a0098dd8b264d - - default default] Method 'is_advsvc' is deprecated since 2023.2 release (neutron-lib 3.8.0) and will be removed once support for the old RBAC API policies will be removed from Neutron. Please use method 'is_service_role' instead.
2026-05-29 03:25:02.827 9 WARNING neutron.scheduler.dhcp_agent_scheduler [None req-a10569aa-86b5-4d02-b929-1502c8c4bf73 2df3078ee4864d13abf523c1ec19192b 71cdcd906cf342bcb6eecd6de12e8db3 - - default default] No more DHCP agents
2026-05-29 03:25:02.831 9 WARNING neutron.api.rpc.agentnotifiers.dhcp_rpc_agent_api [None req-a10569aa-86b5-4d02-b929-1502c8c4bf73 2df3078ee4864d13abf523c1ec19192b 71cdcd906cf342bcb6eecd6de12e8db3 - - default default] Unable to schedule network e0f9d57b-d9d6-4a53-aee4-3fbf40c000e7: no agents available; will retry on subsequent port and subnet creation events.
2026-05-29 03:25:02.963 9 WARNING neutron.scheduler.dhcp_agent_scheduler [None req-89a47018-9187-4db8-b9b3-ee1218a7741a 2da55bc6ab524a769d391a82c7c6464b 1f3a548309754744b49aded604371595 - - default default] No more DHCP agents
2026-05-29 03:25:02.966 9 WARNING neutron.api.rpc.agentnotifiers.dhcp_rpc_agent_api [None req-89a47018-9187-4db8-b9b3-ee1218a7741a 2da55bc6ab524a769d391a82c7c6464b 1f3a548309754744b49aded604371595 - - default default] Unable to schedule network aaf3598a-862d-4b37-a54c-5c02395e8f04: no agents available; will retry on subsequent port and subnet creation events.
2026-05-29 03:25:03.079 9 INFO neutron.db.ovn_revision_numbers_db [None req-89a47018-9187-4db8-b9b3-ee1218a7741a 2da55bc6ab524a769d391a82c7c6464b 1f3a548309754744b49aded604371595 - - default default] Successfully bumped revision number for resource e0b3eb67-aee4-4eb4-aa30-d47e46511318 (type: ports) to 1
2026-05-29 03:25:03.115 9 INFO neutron.api.wsgi [None req-89a47018-9187-4db8-b9b3-ee1218a7741a 2da55bc6ab524a769d391a82c7c6464b 1f3a548309754744b49aded604371595 - - default default] 10.0.0.119 "POST /v2.0/networks HTTP/1.1" status: 201 len: 831 time: 0.6340559 /var/lib/openstack/lib/python3.12/site-packages/pycadf/identifier.py:71: UserWarning: Invalid uuid: neutron. To ensure interoperability, identifiers should be a valid uuid. warnings.warn(('Invalid uuid: %s. To ensure interoperability, '
2026-05-29 03:25:03.129 9 WARNING neutron_lib.context [None req-e1c6ff22-ded0-43df-97e5-2bdf4c1eb296 2da55bc6ab524a769d391a82c7c6464b 1f3a548309754744b49aded604371595 - - default default] Method 'is_advsvc' is deprecated since 2023.2 release (neutron-lib 3.8.0) and will be removed once support for the old RBAC API policies will be removed from Neutron. Please use method 'is_service_role' instead.
2026-05-29 03:25:03.171 9 WARNING neutron.scheduler.dhcp_agent_scheduler [req-d07019ac-4086-4998-a1fb-9fbe842ad5e8 req-908f37f7-5538-42c2-8ba1-9d2e9c50edcc 271c97249b8e4d0cb053720be501901a 8ef286eabf114d44bc8a0098dd8b264d - - default default] No more DHCP agents
2026-05-29 03:25:03.176 9 WARNING neutron.api.rpc.agentnotifiers.dhcp_rpc_agent_api [req-d07019ac-4086-4998-a1fb-9fbe842ad5e8 req-908f37f7-5538-42c2-8ba1-9d2e9c50edcc 271c97249b8e4d0cb053720be501901a 8ef286eabf114d44bc8a0098dd8b264d - - default default] Unable to schedule network 96a06038-7b7f-4244-8e3c-53ef7505631b: no agents available; will retry on subsequent port and subnet creation events.
2026-05-29 03:25:03.176 10 INFO neutron.api.wsgi [None req-edbda850-a8d9-4d06-a5ed-7b067289d7b6 42e39a98c6ac4cb8ab829359fa64efda 24d95f8380ca4853bf98f72eedc16a90 - - default default] 10.0.0.119 "DELETE /v2.0/networks/e3fc8e08-fdd1-4ab0-8252-c54237986434 HTTP/1.1" status: 204 len: 168 time: 0.6501586
2026-05-29 03:25:03.293 9 INFO neutron.db.ovn_revision_numbers_db [None req-a10569aa-86b5-4d02-b929-1502c8c4bf73 2df3078ee4864d13abf523c1ec19192b 71cdcd906cf342bcb6eecd6de12e8db3 - - default default] Successfully bumped revision number for resource baf9cd9b-b4e2-4ab5-9022-10d9d3be0ef7 (type: router_ports) to 1
2026-05-29 03:25:03.299 9 INFO neutron.api.wsgi [None req-a10569aa-86b5-4d02-b929-1502c8c4bf73 2df3078ee4864d13abf523c1ec19192b 71cdcd906cf342bcb6eecd6de12e8db3 - - default default] 10.0.0.119 "PUT /v2.0/routers/12509ea9-bbc6-40e2-9760-977f8d4d31f0/add_router_interface HTTP/1.1" status: 200 len: 503 time: 1.9920876
2026-05-29 03:25:03.367 9 INFO neutron.db.ovn_revision_numbers_db [req-d07019ac-4086-4998-a1fb-9fbe842ad5e8 req-908f37f7-5538-42c2-8ba1-9d2e9c50edcc 271c97249b8e4d0cb053720be501901a 8ef286eabf114d44bc8a0098dd8b264d - - default default] Successfully bumped revision number for resource fe9adb5a-2b2d-41fe-a198-bec062fa7bac (type: ports) to 1
2026-05-29 03:25:03.402 9 INFO neutron.api.wsgi [req-d07019ac-4086-4998-a1fb-9fbe842ad5e8 req-908f37f7-5538-42c2-8ba1-9d2e9c50edcc 271c97249b8e4d0cb053720be501901a 8ef286eabf114d44bc8a0098dd8b264d - - default default] 199.204.45.72 "POST /v2.0/ports HTTP/1.1" status: 201 len: 1162 time: 0.6210773 /var/lib/openstack/lib/python3.12/site-packages/pycadf/identifier.py:71: UserWarning: Invalid uuid: neutron. To ensure interoperability, identifiers should be a valid uuid. warnings.warn(('Invalid uuid: %s. To ensure interoperability, '
2026-05-29 03:25:03.431 9 WARNING neutron.scheduler.dhcp_agent_scheduler [None req-e1c6ff22-ded0-43df-97e5-2bdf4c1eb296 2da55bc6ab524a769d391a82c7c6464b 1f3a548309754744b49aded604371595 - - default default] No more DHCP agents
2026-05-29 03:25:03.435 9 WARNING neutron.api.rpc.agentnotifiers.dhcp_rpc_agent_api [None req-e1c6ff22-ded0-43df-97e5-2bdf4c1eb296 2da55bc6ab524a769d391a82c7c6464b 1f3a548309754744b49aded604371595 - - default default] Unable to schedule network aaf3598a-862d-4b37-a54c-5c02395e8f04: no agents available; will retry on subsequent port and subnet creation events.
2026-05-29 03:25:03.638 10 INFO neutron.services.segments.plugin [-] Segment 8b61485d-a478-4c55-88ce-9a433f997a66 resource provider aggregate not found
2026-05-29 03:25:03.642 10 INFO neutron.services.segments.plugin [-] Segment 8b61485d-a478-4c55-88ce-9a433f997a66 resource provider aggregate not found
2026-05-29 03:25:03.647 10 INFO neutron.services.segments.plugin [-] Segment 8b61485d-a478-4c55-88ce-9a433f997a66 resource provider not found; error: Placement Client Error (4xx): {"errors": [{"status": 404, "title": "Not Found", "detail": "The resource could not be found.\n\n No resource provider with uuid 8b61485d-a478-4c55-88ce-9a433f997a66 found for delete ", "request_id": "req-08efe7dc-4eae-4d58-8a4a-bc9d29de9b3a"}]}
2026-05-29 03:25:03.654 10 INFO neutron.services.segments.plugin [-] Segment 8b61485d-a478-4c55-88ce-9a433f997a66 resource provider not found; error: Placement Client Error (4xx): {"errors": [{"status": 404, "title": "Not Found", "detail": "The resource could not be found.\n\n No resource provider with uuid 8b61485d-a478-4c55-88ce-9a433f997a66 found for delete ", "request_id": "req-24dd9f0e-8c96-4145-9917-d33ef199a6a4"}]}
2026-05-29 03:25:03.663 10 INFO neutron.services.segments.plugin [-] Segment 0a073583-060a-4434-b041-ef8f24355d27 resource provider aggregate not found
2026-05-29 03:25:03.674 10 INFO neutron.services.segments.plugin [-] Segment 0a073583-060a-4434-b041-ef8f24355d27 resource provider aggregate not found
2026-05-29 03:25:03.679 10 INFO neutron.services.segments.plugin [-] Segment 0a073583-060a-4434-b041-ef8f24355d27 resource provider not found; error: Placement Client Error (4xx): {"errors": [{"status": 404, "title": "Not Found", "detail": "The resource could not be found.\n\n No resource provider with uuid 0a073583-060a-4434-b041-ef8f24355d27 found for delete ", "request_id": "req-e1c35266-7eda-4839-a7af-e1e68c95333b"}]}
2026-05-29 03:25:03.714 10 INFO neutron.services.segments.plugin [-] Segment 0a073583-060a-4434-b041-ef8f24355d27 resource provider not found; error: Placement Client Error (4xx): {"errors": [{"status": 404, "title": "Not Found", "detail": "The resource could not be found.\n\n No resource provider with uuid 0a073583-060a-4434-b041-ef8f24355d27 found for delete ", "request_id": "req-62ab3b96-34c7-4de3-ad4f-53482438b8ce"}]}
2026-05-29 03:25:03.761 10 INFO neutron.api.wsgi [-] 10.0.0.231 "GET / HTTP/1.1" status: 200 len: 247 time: 0.0014229
2026-05-29 03:25:03.763 10 INFO neutron.api.wsgi [-] 10.0.0.231 "GET / HTTP/1.1" status: 200 len: 247 time: 0.0008433
2026-05-29 03:25:03.815 10 INFO neutron.api.wsgi [req-2c0a61fe-8744-4141-a002-670402762271 req-0af9a5c9-2a2f-4cc3-9e6c-517734e079f6 271c97249b8e4d0cb053720be501901a 8ef286eabf114d44bc8a0098dd8b264d - - default default] 10.0.0.246 "GET /v2.0/ports?device_id=7942cf48-8bb3-4321-8aca-866912d7dfd5 HTTP/1.1" status: 200 len: 1172 time: 0.0904672
2026-05-29 03:25:03.863 10 INFO neutron.api.wsgi [req-2c0a61fe-8744-4141-a002-670402762271 req-97b6944e-1e6f-4bdf-8311-7df15bac4dc4 271c97249b8e4d0cb053720be501901a 8ef286eabf114d44bc8a0098dd8b264d - - default default] 10.0.0.246 "GET /v2.0/security-groups?id=932f1e04-c26e-4745-8a97-9ef82829e297&fields=id&fields=name HTTP/1.1" status: 200 len: 312 time: 0.0385556
2026-05-29 03:25:03.864 10 WARNING neutron.scheduler.dhcp_agent_scheduler [None req-c12b7679-e38f-4d1b-82c4-95fb240b31be 2df3078ee4864d13abf523c1ec19192b 71cdcd906cf342bcb6eecd6de12e8db3 - - default default] No more DHCP agents
2026-05-29 03:25:03.865 10 WARNING neutron.api.rpc.agentnotifiers.dhcp_rpc_agent_api [None req-c12b7679-e38f-4d1b-82c4-95fb240b31be 2df3078ee4864d13abf523c1ec19192b 71cdcd906cf342bcb6eecd6de12e8db3 - - default default] Unable to schedule network 1291c168-5d69-4016-900f-71b9bd731bfa: no agents available; will retry on subsequent port and subnet creation events. /var/lib/openstack/lib/python3.12/site-packages/pycadf/identifier.py:71: UserWarning: Invalid uuid: neutron. To ensure interoperability, identifiers should be a valid uuid. warnings.warn(('Invalid uuid: %s. To ensure interoperability, '
2026-05-29 03:25:03.950 9 INFO neutron.db.ovn_revision_numbers_db [req-d07019ac-4086-4998-a1fb-9fbe842ad5e8 req-88459ca1-6e8a-47b9-9d17-807280b15ae4 cfd06e397f6f41e6ba3396505ce03daa 5551deca0bc643bdaa9d1fa00c6422b1 - - 0183fc77d5d24c26bd727dbfe351f1ba 0183fc77d5d24c26bd727dbfe351f1ba] Successfully bumped revision number for resource fe9adb5a-2b2d-41fe-a198-bec062fa7bac (type: ports) to 2
2026-05-29 03:25:03.960 9 INFO neutron.api.wsgi [None req-6a712bad-7477-440a-b1a1-b5ee805e4f2f f0e1f8efade7448081d82c29b61a8a12 3c024b1a467c440e864b9c22ef77155b - - default default] 10.0.0.119 "GET /v2.0/security-groups?tenant_id=24d95f8380ca4853bf98f72eedc16a90&name=default HTTP/1.1" status: 200 len: 3120 time: 0.1693337
2026-05-29 03:25:03.984 10 INFO neutron.db.ovn_revision_numbers_db [None req-c12b7679-e38f-4d1b-82c4-95fb240b31be 2df3078ee4864d13abf523c1ec19192b 71cdcd906cf342bcb6eecd6de12e8db3 - - default default] Successfully bumped revision number for resource 8935e25c-0626-493f-a018-f09fc03fb710 (type: ports) to 1
2026-05-29 03:25:04.023 9 INFO neutron.db.ovn_revision_numbers_db [None req-cd8c8399-2a61-4149-9359-8d827cb666e2 - - - - - -] Successfully bumped revision number for resource e0b3eb67-aee4-4eb4-aa30-d47e46511318 (type: ports) to 2
2026-05-29 03:25:04.067 9 INFO neutron.db.ovn_revision_numbers_db [None req-cd8c8399-2a61-4149-9359-8d827cb666e2 - - - - - -] Successfully bumped revision number for resource fe3f2bef-182a-48db-b441-066abaebf2e0 (type: subnets) to 0
2026-05-29 03:25:04.092 9 INFO neutron.api.wsgi [None req-e1c6ff22-ded0-43df-97e5-2bdf4c1eb296 2da55bc6ab524a769d391a82c7c6464b 1f3a548309754744b49aded604371595 - - default default] 10.0.0.119 "POST /v2.0/subnets HTTP/1.1" status: 201 len: 828 time: 0.9684870
2026-05-29 03:25:04.104 9 WARNING neutron_lib.context [None req-7b63fd89-1c5c-4801-ba9a-d9a3220cdbb1 2da55bc6ab524a769d391a82c7c6464b 1f3a548309754744b49aded604371595 - - default default] Method 'is_advsvc' is deprecated since 2023.2 release (neutron-lib 3.8.0) and will be removed once support for the old RBAC API policies will be removed from Neutron. Please use method 'is_service_role' instead.
2026-05-29 03:25:04.137 10 WARNING neutron.plugins.ml2.drivers.ovn.mech_driver.ovsdb.ovn_client [None req-6d0bbfc0-cb1f-4375-bba6-f67380914773 - - - - - -] No hosting information found for port 14cb7ae1-eadb-4232-9a96-46d38ad78f95: RuntimeError: No hosting information found for port 14cb7ae1-eadb-4232-9a96-46d38ad78f95
2026-05-29 03:25:04.252 10 INFO neutron.db.ovn_revision_numbers_db [None req-6d0bbfc0-cb1f-4375-bba6-f67380914773 - - - - - -] Successfully bumped revision number for resource 14cb7ae1-eadb-4232-9a96-46d38ad78f95 (type: router_ports) to 2
2026-05-29 03:25:04.306 10 INFO neutron.plugins.ml2.drivers.ovn.mech_driver.mech_driver [None req-6d0bbfc0-cb1f-4375-bba6-f67380914773 - - - - - -] OVN reports status up for port: baf9cd9b-b4e2-4ab5-9022-10d9d3be0ef7
2026-05-29 03:25:04.314 10 INFO neutron.plugins.ml2.plugin [None req-6d0bbfc0-cb1f-4375-bba6-f67380914773 - - - - - -] Attempt 1 to provision port baf9cd9b-b4e2-4ab5-9022-10d9d3be0ef7
2026-05-29 03:25:04.315 9 INFO neutron.api.wsgi [None req-c6165b59-3ff9-41f5-895a-62ab53aab834 f0e1f8efade7448081d82c29b61a8a12 3c024b1a467c440e864b9c22ef77155b - - default default] 10.0.0.119 "DELETE /v2.0/security-groups/e41df1ad-ecb3-4dfc-933b-177cac192b97 HTTP/1.1" status: 204 len: 168 time: 0.3474042
2026-05-29 03:25:04.349 9 INFO neutron.db.ovn_revision_numbers_db [req-d07019ac-4086-4998-a1fb-9fbe842ad5e8 req-88459ca1-6e8a-47b9-9d17-807280b15ae4 cfd06e397f6f41e6ba3396505ce03daa 5551deca0bc643bdaa9d1fa00c6422b1 - - 0183fc77d5d24c26bd727dbfe351f1ba 0183fc77d5d24c26bd727dbfe351f1ba] Successfully bumped revision number for resource fe9adb5a-2b2d-41fe-a198-bec062fa7bac (type: ports) to 4
2026-05-29 03:25:04.367 9 INFO neutron.api.wsgi [req-d07019ac-4086-4998-a1fb-9fbe842ad5e8 req-88459ca1-6e8a-47b9-9d17-807280b15ae4 cfd06e397f6f41e6ba3396505ce03daa 5551deca0bc643bdaa9d1fa00c6422b1 - - 0183fc77d5d24c26bd727dbfe351f1ba 0183fc77d5d24c26bd727dbfe351f1ba] 199.204.45.72 "PUT /v2.0/ports/fe9adb5a-2b2d-41fe-a198-bec062fa7bac HTTP/1.1" status: 200 len: 1408 time: 0.9608929
2026-05-29 03:25:04.401 9 INFO neutron.notifiers.nova [-] Nova event matching ['req-e4633ac4-308a-46fa-b823-1bb1152d7cdd'] response: {'name': 'network-changed', 'server_uuid': '7942cf48-8bb3-4321-8aca-866912d7dfd5', 'tag': 'fe9adb5a-2b2d-41fe-a198-bec062fa7bac', 'status': 'completed', 'code': 200}
2026-05-29 03:25:04.555 9 WARNING neutron.scheduler.dhcp_agent_scheduler [None req-7b63fd89-1c5c-4801-ba9a-d9a3220cdbb1 2da55bc6ab524a769d391a82c7c6464b 1f3a548309754744b49aded604371595 - - default default] No more DHCP agents
2026-05-29 03:25:04.557 9 WARNING neutron.api.rpc.agentnotifiers.dhcp_rpc_agent_api [None req-7b63fd89-1c5c-4801-ba9a-d9a3220cdbb1 2da55bc6ab524a769d391a82c7c6464b 1f3a548309754744b49aded604371595 - - default default] Unable to schedule network d7eb82ce-76d8-4868-a005-bb4c2517cb9a: no agents available; will retry on subsequent port and subnet creation events.
2026-05-29 03:25:04.682 9 INFO neutron.db.ovn_revision_numbers_db [None req-7b63fd89-1c5c-4801-ba9a-d9a3220cdbb1 2da55bc6ab524a769d391a82c7c6464b 1f3a548309754744b49aded604371595 - - default default] Successfully bumped revision number for resource ceb23452-1723-4846-80a6-a2c4f300bf06 (type: ports) to 1
2026-05-29 03:25:04.833 9 INFO neutron.plugins.ml2.drivers.ovn.mech_driver.mech_driver [None req-e80c1b47-3991-435e-b86e-f46ca6726a15 - - - - - -] OVN reports status up for port: 8935e25c-0626-493f-a018-f09fc03fb710
2026-05-29 03:25:04.844 9 INFO neutron.plugins.ml2.plugin [None req-e80c1b47-3991-435e-b86e-f46ca6726a15 - - - - - -] Attempt 1 to provision port 8935e25c-0626-493f-a018-f09fc03fb710
2026-05-29 03:25:04.853 10 INFO neutron.db.ovn_revision_numbers_db [None req-c12b7679-e38f-4d1b-82c4-95fb240b31be 2df3078ee4864d13abf523c1ec19192b 71cdcd906cf342bcb6eecd6de12e8db3 - - default default] Successfully bumped revision number for resource 8935e25c-0626-493f-a018-f09fc03fb710 (type: ports) to 1
2026-05-29 03:25:04.878 10 INFO neutron.db.ovn_revision_numbers_db [None req-6d0bbfc0-cb1f-4375-bba6-f67380914773 - - - - - -] Successfully bumped revision number for resource baf9cd9b-b4e2-4ab5-9022-10d9d3be0ef7 (type: ports) to 2 /var/lib/openstack/lib/python3.12/site-packages/pycadf/identifier.py:71: UserWarning: Invalid uuid: neutron. To ensure interoperability, identifiers should be a valid uuid. warnings.warn(('Invalid uuid: %s. To ensure interoperability, '
2026-05-29 03:25:04.915 10 WARNING neutron.scheduler.dhcp_agent_scheduler [None req-c12b7679-e38f-4d1b-82c4-95fb240b31be 2df3078ee4864d13abf523c1ec19192b 71cdcd906cf342bcb6eecd6de12e8db3 - - default default] No more DHCP agents
2026-05-29 03:25:04.916 10 WARNING neutron.api.rpc.agentnotifiers.dhcp_rpc_agent_api [None req-c12b7679-e38f-4d1b-82c4-95fb240b31be 2df3078ee4864d13abf523c1ec19192b 71cdcd906cf342bcb6eecd6de12e8db3 - - default default] Unable to schedule network 1291c168-5d69-4016-900f-71b9bd731bfa: no agents available; will retry on subsequent port and subnet creation events.
2026-05-29 03:25:04.949 9 INFO neutron.api.wsgi [req-d7081560-da93-47e6-b866-5911178bde83 req-4a1f81fa-c433-45dd-8326-cb854cd4ecd7 cfd06e397f6f41e6ba3396505ce03daa 5551deca0bc643bdaa9d1fa00c6422b1 - - 0183fc77d5d24c26bd727dbfe351f1ba 0183fc77d5d24c26bd727dbfe351f1ba] 199.204.45.72 "GET /v2.0/ports?tenant_id=8ef286eabf114d44bc8a0098dd8b264d&device_id=7942cf48-8bb3-4321-8aca-866912d7dfd5 HTTP/1.1" status: 200 len: 1411 time: 0.0378115
2026-05-29 03:25:04.978 10 INFO neutron.api.wsgi [req-bc2e817d-7013-4eac-bb77-0e81e3ad50eb req-03a8ecfe-04a0-415d-bced-6edbcfe80c00 271c97249b8e4d0cb053720be501901a 8ef286eabf114d44bc8a0098dd8b264d - - default default] 10.0.0.246 "GET /v2.0/ports?device_id=7942cf48-8bb3-4321-8aca-866912d7dfd5 HTTP/1.1" status: 200 len: 1172 time: 0.0496769
2026-05-29 03:25:05.039 10 INFO neutron.api.wsgi [req-bc2e817d-7013-4eac-bb77-0e81e3ad50eb req-16713c31-2c81-40ba-8c04-5d355ed548da 271c97249b8e4d0cb053720be501901a 8ef286eabf114d44bc8a0098dd8b264d - - default default] 10.0.0.246 "GET /v2.0/security-groups?id=932f1e04-c26e-4745-8a97-9ef82829e297&fields=id&fields=name HTTP/1.1" status: 200 len: 312 time: 0.0512893
2026-05-29 03:25:05.271 10 INFO neutron.db.ovn_revision_numbers_db [None req-c12b7679-e38f-4d1b-82c4-95fb240b31be 2df3078ee4864d13abf523c1ec19192b 71cdcd906cf342bcb6eecd6de12e8db3 - - default default] Successfully bumped revision number for resource 8935e25c-0626-493f-a018-f09fc03fb710 (type: router_ports) to 1
2026-05-29 03:25:05.279 10 INFO neutron.api.wsgi [None req-c12b7679-e38f-4d1b-82c4-95fb240b31be 2df3078ee4864d13abf523c1ec19192b 71cdcd906cf342bcb6eecd6de12e8db3 - - default default] 10.0.0.119 "PUT /v2.0/routers/12509ea9-bbc6-40e2-9760-977f8d4d31f0/add_router_interface HTTP/1.1" status: 200 len: 503 time: 1.9740937
2026-05-29 03:25:05.405 9 INFO neutron.api.wsgi [req-d7081560-da93-47e6-b866-5911178bde83 req-a02a7ac1-5803-493f-8d41-a053eaafecdb cfd06e397f6f41e6ba3396505ce03daa 5551deca0bc643bdaa9d1fa00c6422b1 - - 0183fc77d5d24c26bd727dbfe351f1ba 0183fc77d5d24c26bd727dbfe351f1ba] 199.204.45.72 "GET /v2.0/networks?tenant_id=8ef286eabf114d44bc8a0098dd8b264d&shared=False HTTP/1.1" status: 200 len: 958 time: 0.1312139
2026-05-29 03:25:05.482 9 INFO neutron.api.wsgi [req-d7081560-da93-47e6-b866-5911178bde83 req-a361c3d3-b2f6-484d-aaf4-98b142817592 cfd06e397f6f41e6ba3396505ce03daa 5551deca0bc643bdaa9d1fa00c6422b1 - - 0183fc77d5d24c26bd727dbfe351f1ba 0183fc77d5d24c26bd727dbfe351f1ba] 199.204.45.72 "GET /v2.0/networks?shared=True HTTP/1.1" status: 200 len: 952 time: 0.0668247
2026-05-29 03:25:05.747 9 INFO neutron.db.ovn_revision_numbers_db [None req-e80c1b47-3991-435e-b86e-f46ca6726a15 - - - - - -] Successfully bumped revision number for resource 8935e25c-0626-493f-a018-f09fc03fb710 (type: ports) to 2
2026-05-29 03:25:05.761 9 INFO neutron.plugins.ml2.drivers.ovn.mech_driver.ovsdb.commands [None req-c39465bc-33eb-4dbf-8fc2-df63f79f9087 - - - - - -] Schedule LRP lrp-ceb23452-1723-4846-80a6-a2c4f300bf06 on gateway 4ac36ee7-285c-40d1-9040-302a60b33973 with priority 1
2026-05-29 03:25:05.796 9 INFO neutron.db.ovn_revision_numbers_db [None req-7b63fd89-1c5c-4801-ba9a-d9a3220cdbb1 2da55bc6ab524a769d391a82c7c6464b 1f3a548309754744b49aded604371595 - - default default] Successfully bumped revision number for resource ceb23452-1723-4846-80a6-a2c4f300bf06 (type: router_ports) to 1
2026-05-29 03:25:05.842 10 WARNING neutron.scheduler.dhcp_agent_scheduler [None req-5aa63f2d-6615-4899-8b34-d495f021eb3f 2df3078ee4864d13abf523c1ec19192b 71cdcd906cf342bcb6eecd6de12e8db3 - - default default] No more DHCP agents
2026-05-29 03:25:05.843 10 WARNING neutron.api.rpc.agentnotifiers.dhcp_rpc_agent_api [None req-5aa63f2d-6615-4899-8b34-d495f021eb3f 2df3078ee4864d13abf523c1ec19192b 71cdcd906cf342bcb6eecd6de12e8db3 - - default default] Unable to schedule network 3f4bd2e6-656e-405b-870a-65056de22a74: no agents available; will retry on subsequent port and subnet creation events.
2026-05-29 03:25:05.861 9 INFO neutron.db.ovn_revision_numbers_db [None req-7b63fd89-1c5c-4801-ba9a-d9a3220cdbb1 2da55bc6ab524a769d391a82c7c6464b 1f3a548309754744b49aded604371595 - - default default] Successfully bumped revision number for resource 1f463a55-33f3-460c-84b7-e45bdb51727d (type: routers) to 2
2026-05-29 03:25:05.874 9 INFO neutron.api.wsgi [None req-7b63fd89-1c5c-4801-ba9a-d9a3220cdbb1 2da55bc6ab524a769d391a82c7c6464b 1f3a548309754744b49aded604371595 - - default default] 10.0.0.119 "POST /v2.0/routers HTTP/1.1" status: 201 len: 1136 time: 1.7748532
2026-05-29 03:25:05.987 10 INFO neutron.db.ovn_revision_numbers_db [None req-5aa63f2d-6615-4899-8b34-d495f021eb3f 2df3078ee4864d13abf523c1ec19192b 71cdcd906cf342bcb6eecd6de12e8db3 - - default default] Successfully bumped revision number for resource ddb2b148-b043-492c-bafd-7a0168c3c23e (type: ports) to 1
2026-05-29 03:25:06.167 9 WARNING neutron_lib.context [None req-a0edab61-96c6-4138-a5c6-97d725ac7606 b9b44880b9304c78bae28e79fe80c4cc 454b4eaf58934d96a72780c50e68480c - - default default] Method 'is_advsvc' is deprecated since 2023.2 release (neutron-lib 3.8.0) and will be removed once support for the old RBAC API policies will be removed from Neutron. Please use method 'is_service_role' instead.
2026-05-29 03:25:06.175 9 INFO neutron.api.wsgi [req-b3b34420-0b81-4889-a709-eff1fb271e77 req-b4342014-a084-48c6-acf8-339f36eb5286 271c97249b8e4d0cb053720be501901a 8ef286eabf114d44bc8a0098dd8b264d - - default default] 10.0.0.246 "GET /v2.0/ports?device_id=7942cf48-8bb3-4321-8aca-866912d7dfd5 HTTP/1.1" status: 200 len: 1172 time: 0.0709240
2026-05-29 03:25:06.244 9 INFO neutron.api.wsgi [req-b3b34420-0b81-4889-a709-eff1fb271e77 req-1b3e131e-cbba-4b72-8c8e-bc3b4f990d65 271c97249b8e4d0cb053720be501901a 8ef286eabf114d44bc8a0098dd8b264d - - default default] 10.0.0.246 "GET /v2.0/security-groups?id=932f1e04-c26e-4745-8a97-9ef82829e297&fields=id&fields=name HTTP/1.1" status: 200 len: 312 time: 0.0619307
2026-05-29 03:25:06.343 9 INFO neutron.db.ovn_revision_numbers_db [None req-a0edab61-96c6-4138-a5c6-97d725ac7606 b9b44880b9304c78bae28e79fe80c4cc 454b4eaf58934d96a72780c50e68480c - - default default] Successfully bumped revision number for resource c78eafac-7a60-422e-a7df-82c0f934c00b (type: security_groups) to 1
2026-05-29 03:25:06.352 9 INFO neutron.db.ovn_revision_numbers_db [None req-a0edab61-96c6-4138-a5c6-97d725ac7606 b9b44880b9304c78bae28e79fe80c4cc 454b4eaf58934d96a72780c50e68480c - - default default] Successfully bumped revision number for resource 78d60c93-be24-4a70-9b7a-ae5f0ce474a4 (type: security_group_rules) to 0
2026-05-29 03:25:06.364 9 INFO neutron.db.ovn_revision_numbers_db [None req-a0edab61-96c6-4138-a5c6-97d725ac7606 b9b44880b9304c78bae28e79fe80c4cc 454b4eaf58934d96a72780c50e68480c - - default default] Successfully bumped revision number for resource 9214f48a-ae5c-4986-ba5c-d0f2b9290ce2 (type: security_group_rules) to 0
2026-05-29 03:25:06.376 9 INFO neutron.db.ovn_revision_numbers_db [None req-a0edab61-96c6-4138-a5c6-97d725ac7606 b9b44880b9304c78bae28e79fe80c4cc 454b4eaf58934d96a72780c50e68480c - - default default] Successfully bumped revision number for resource b06be346-8bef-4242-bb15-d4a3cfb54ed4 (type: security_group_rules) to 0
2026-05-29 03:25:06.389 9 INFO neutron.db.ovn_revision_numbers_db [None req-a0edab61-96c6-4138-a5c6-97d725ac7606 b9b44880b9304c78bae28e79fe80c4cc 454b4eaf58934d96a72780c50e68480c - - default default] Successfully bumped revision number for resource bcc6f795-35d1-47fc-9d8e-d61519ddd259 (type: security_group_rules) to 0
2026-05-29 03:25:06.455 9 INFO neutron.db.segments_db [None req-a0edab61-96c6-4138-a5c6-97d725ac7606 b9b44880b9304c78bae28e79fe80c4cc 454b4eaf58934d96a72780c50e68480c - - default default] Added segment 2b355604-7d18-469c-bd8c-2505d780aae3 of type geneve for network a285c9e6-7b24-450a-95c9-e2f4295661dd
2026-05-29 03:25:06.459 10 WARNING neutron.scheduler.dhcp_agent_scheduler [None req-627b8b2d-6f55-4c70-8513-849143de3be1 2da55bc6ab524a769d391a82c7c6464b 1f3a548309754744b49aded604371595 - - default default] No more DHCP agents
2026-05-29 03:25:06.463 10 WARNING neutron.api.rpc.agentnotifiers.dhcp_rpc_agent_api [None req-627b8b2d-6f55-4c70-8513-849143de3be1 2da55bc6ab524a769d391a82c7c6464b 1f3a548309754744b49aded604371595 - - default default] Unable to schedule network aaf3598a-862d-4b37-a54c-5c02395e8f04: no agents available; will retry on subsequent port and subnet creation events.
2026-05-29 03:25:06.543 9 INFO neutron.api.wsgi [req-d07019ac-4086-4998-a1fb-9fbe842ad5e8 req-d3780941-f5f8-48ae-949e-a50b82936061 cfd06e397f6f41e6ba3396505ce03daa 5551deca0bc643bdaa9d1fa00c6422b1 - - 0183fc77d5d24c26bd727dbfe351f1ba 0183fc77d5d24c26bd727dbfe351f1ba] 199.204.45.72 "GET /v2.0/ports?tenant_id=8ef286eabf114d44bc8a0098dd8b264d&device_id=7942cf48-8bb3-4321-8aca-866912d7dfd5 HTTP/1.1" status: 200 len: 1411 time: 0.0426362
2026-05-29 03:25:06.567 9 INFO neutron.api.wsgi [req-d07019ac-4086-4998-a1fb-9fbe842ad5e8 req-5e458830-3f9d-40cc-85b4-1a028ff41cef cfd06e397f6f41e6ba3396505ce03daa 5551deca0bc643bdaa9d1fa00c6422b1 - - 0183fc77d5d24c26bd727dbfe351f1ba 0183fc77d5d24c26bd727dbfe351f1ba] 199.204.45.72 "GET /v2.0/floatingips?fixed_ip_address=10.100.0.12&port_id=fe9adb5a-2b2d-41fe-a198-bec062fa7bac HTTP/1.1" status: 200 len: 217 time: 0.0167356
2026-05-29 03:25:06.589 9 INFO neutron.db.ovn_revision_numbers_db [None req-a0edab61-96c6-4138-a5c6-97d725ac7606 b9b44880b9304c78bae28e79fe80c4cc 454b4eaf58934d96a72780c50e68480c - - default default] Successfully bumped revision number for resource a285c9e6-7b24-450a-95c9-e2f4295661dd (type: networks) to 1
2026-05-29 03:25:06.602 9 INFO neutron.api.wsgi [req-d07019ac-4086-4998-a1fb-9fbe842ad5e8 req-6caadaf5-43bf-4776-a822-b8b67906ab4d cfd06e397f6f41e6ba3396505ce03daa 5551deca0bc643bdaa9d1fa00c6422b1 - - 0183fc77d5d24c26bd727dbfe351f1ba 0183fc77d5d24c26bd727dbfe351f1ba] 199.204.45.72 "GET /v2.0/subnets?id=8fdf3473-d741-4636-9a8b-f282345e32b0 HTTP/1.1" status: 200 len: 876 time: 0.0257909
2026-05-29 03:25:06.619 10 INFO neutron.db.ovn_revision_numbers_db [None req-627b8b2d-6f55-4c70-8513-849143de3be1 2da55bc6ab524a769d391a82c7c6464b 1f3a548309754744b49aded604371595 - - default default] Successfully bumped revision number for resource 72797452-2a6d-4a74-93e5-aa099e708c27 (type: ports) to 1
2026-05-29 03:25:06.625 9 INFO neutron.api.wsgi [req-d07019ac-4086-4998-a1fb-9fbe842ad5e8 req-ad553a48-6119-464e-8f11-a5d6bee77124 cfd06e397f6f41e6ba3396505ce03daa 5551deca0bc643bdaa9d1fa00c6422b1 - - 0183fc77d5d24c26bd727dbfe351f1ba 0183fc77d5d24c26bd727dbfe351f1ba] 199.204.45.72 "GET /v2.0/ports?network_id=96a06038-7b7f-4244-8e3c-53ef7505631b&device_owner=network%3Adhcp HTTP/1.1" status: 200 len: 210 time: 0.0148926
2026-05-29 03:25:06.675 9 INFO neutron.api.wsgi [req-d07019ac-4086-4998-a1fb-9fbe842ad5e8 req-02d18ad3-ceef-4b67-bafb-481879c0bb4e cfd06e397f6f41e6ba3396505ce03daa 5551deca0bc643bdaa9d1fa00c6422b1 - - 0183fc77d5d24c26bd727dbfe351f1ba 0183fc77d5d24c26bd727dbfe351f1ba] 199.204.45.72 "GET /v2.0/networks/96a06038-7b7f-4244-8e3c-53ef7505631b?fields=segments HTTP/1.1" status: 200 len: 212 time: 0.0430462
2026-05-29 03:25:06.727 9 INFO neutron.api.wsgi [req-d07019ac-4086-4998-a1fb-9fbe842ad5e8 req-739a706e-04c4-41eb-bf72-4e986f865e49 cfd06e397f6f41e6ba3396505ce03daa 5551deca0bc643bdaa9d1fa00c6422b1 - - 0183fc77d5d24c26bd727dbfe351f1ba 0183fc77d5d24c26bd727dbfe351f1ba] 199.204.45.72 "GET /v2.0/networks/96a06038-7b7f-4244-8e3c-53ef7505631b?fields=provider%3Aphysical_network&fields=provider%3Anetwork_type HTTP/1.1" status: 200 len: 277 time: 0.0459056
2026-05-29 03:25:06.756 9 WARNING neutron.scheduler.dhcp_agent_scheduler [None req-a0edab61-96c6-4138-a5c6-97d725ac7606 b9b44880b9304c78bae28e79fe80c4cc 454b4eaf58934d96a72780c50e68480c - - default default] No more DHCP agents
2026-05-29 03:25:06.758 9 WARNING neutron.api.rpc.agentnotifiers.dhcp_rpc_agent_api [None req-a0edab61-96c6-4138-a5c6-97d725ac7606 b9b44880b9304c78bae28e79fe80c4cc 454b4eaf58934d96a72780c50e68480c - - default default] Unable to schedule network a285c9e6-7b24-450a-95c9-e2f4295661dd: no agents available; will retry on subsequent port and subnet creation events.
2026-05-29 03:25:06.786 10 INFO neutron.db.ovn_revision_numbers_db [None req-5aa63f2d-6615-4899-8b34-d495f021eb3f 2df3078ee4864d13abf523c1ec19192b 71cdcd906cf342bcb6eecd6de12e8db3 - - default default] Successfully bumped revision number for resource ddb2b148-b043-492c-bafd-7a0168c3c23e (type: ports) to 1
2026-05-29 03:25:06.820 9 INFO neutron.db.ovn_revision_numbers_db [None req-a0edab61-96c6-4138-a5c6-97d725ac7606 b9b44880b9304c78bae28e79fe80c4cc 454b4eaf58934d96a72780c50e68480c - - default default] Successfully bumped revision number for resource 80c5a80c-1d9c-4220-aeb1-f2f340eb449c (type: ports) to 1
2026-05-29 03:25:06.840 9 INFO neutron.api.wsgi [None req-a0edab61-96c6-4138-a5c6-97d725ac7606 b9b44880b9304c78bae28e79fe80c4cc 454b4eaf58934d96a72780c50e68480c - - default default] 10.0.0.119 "POST /v2.0/networks HTTP/1.1" status: 201 len: 842 time: 0.8247426
2026-05-29 03:25:06.849 10 WARNING neutron.scheduler.dhcp_agent_scheduler [None req-5aa63f2d-6615-4899-8b34-d495f021eb3f 2df3078ee4864d13abf523c1ec19192b 71cdcd906cf342bcb6eecd6de12e8db3 - - default default] No more DHCP agents
2026-05-29 03:25:06.856 10 WARNING neutron.api.rpc.agentnotifiers.dhcp_rpc_agent_api [None req-5aa63f2d-6615-4899-8b34-d495f021eb3f 2df3078ee4864d13abf523c1ec19192b 71cdcd906cf342bcb6eecd6de12e8db3 - - default default] Unable to schedule network 3f4bd2e6-656e-405b-870a-65056de22a74: no agents available; will retry on subsequent port and subnet creation events.
2026-05-29 03:25:06.882 9 WARNING neutron_lib.context [None req-aedbbc65-3d7f-4121-be6d-840f3f3c3817 b9b44880b9304c78bae28e79fe80c4cc 454b4eaf58934d96a72780c50e68480c - - default default] Method 'is_advsvc' is deprecated since 2023.2 release (neutron-lib 3.8.0) and will be removed once support for the old RBAC API policies will be removed from Neutron. Please use method 'is_service_role' instead.
2026-05-29 03:25:07.040 9 WARNING neutron.scheduler.dhcp_agent_scheduler [None req-aedbbc65-3d7f-4121-be6d-840f3f3c3817 b9b44880b9304c78bae28e79fe80c4cc 454b4eaf58934d96a72780c50e68480c - - default default] No more DHCP agents
2026-05-29 03:25:07.041 9 WARNING neutron.api.rpc.agentnotifiers.dhcp_rpc_agent_api [None req-aedbbc65-3d7f-4121-be6d-840f3f3c3817 b9b44880b9304c78bae28e79fe80c4cc 454b4eaf58934d96a72780c50e68480c - - default default] Unable to schedule network a285c9e6-7b24-450a-95c9-e2f4295661dd: no agents available; will retry on subsequent port and subnet creation events.
2026-05-29 03:25:07.271 10 INFO neutron.db.ovn_revision_numbers_db [None req-5aa63f2d-6615-4899-8b34-d495f021eb3f 2df3078ee4864d13abf523c1ec19192b 71cdcd906cf342bcb6eecd6de12e8db3 - - default default] Successfully bumped revision number for resource ddb2b148-b043-492c-bafd-7a0168c3c23e (type: router_ports) to 1
2026-05-29 03:25:07.276 10 INFO neutron.api.wsgi [None req-5aa63f2d-6615-4899-8b34-d495f021eb3f 2df3078ee4864d13abf523c1ec19192b 71cdcd906cf342bcb6eecd6de12e8db3 - - default default] 10.0.0.119 "PUT /v2.0/routers/12509ea9-bbc6-40e2-9760-977f8d4d31f0/add_router_interface HTTP/1.1" status: 200 len: 503 time: 1.9906709
2026-05-29 03:25:07.352 10 WARNING neutron_lib.context [None req-f7dbeb28-fc9c-4dac-9786-510768ba1c20 2df3078ee4864d13abf523c1ec19192b 71cdcd906cf342bcb6eecd6de12e8db3 - - default default] Method 'is_advsvc' is deprecated since 2023.2 release (neutron-lib 3.8.0) and will be removed once support for the old RBAC API policies will be removed from Neutron. Please use method 'is_service_role' instead.
2026-05-29 03:25:07.387 10 INFO neutron.db.ovn_revision_numbers_db [None req-627b8b2d-6f55-4c70-8513-849143de3be1 2da55bc6ab524a769d391a82c7c6464b 1f3a548309754744b49aded604371595 - - default default] Successfully bumped revision number for resource 72797452-2a6d-4a74-93e5-aa099e708c27 (type: ports) to 1
2026-05-29 03:25:07.390 9 INFO neutron.api.wsgi [req-49705f17-aa59-48e0-8469-a6aabad2616c req-7aca181b-fa09-4ee4-8f81-b894a8ca0c1d 271c97249b8e4d0cb053720be501901a 8ef286eabf114d44bc8a0098dd8b264d - - default default] 10.0.0.246 "GET /v2.0/ports?device_id=7942cf48-8bb3-4321-8aca-866912d7dfd5 HTTP/1.1" status: 200 len: 1172 time: 0.0559402
2026-05-29 03:25:07.458 9 INFO neutron.api.wsgi [req-49705f17-aa59-48e0-8469-a6aabad2616c req-e4e072a9-50c8-4721-ab65-e634bb6ab2d1 271c97249b8e4d0cb053720be501901a 8ef286eabf114d44bc8a0098dd8b264d - - default default] 10.0.0.246 "GET /v2.0/security-groups?id=932f1e04-c26e-4745-8a97-9ef82829e297&fields=id&fields=name HTTP/1.1" status: 200 len: 312 time: 0.0607634
2026-05-29 03:25:07.514 9 INFO neutron.db.ovn_revision_numbers_db [None req-cb5fb7e1-4df4-407e-83c8-89a86feccf68 - - - - - -] Successfully bumped revision number for resource 80c5a80c-1d9c-4220-aeb1-f2f340eb449c (type: ports) to 2
2026-05-29 03:25:07.556 9 INFO neutron.db.ovn_revision_numbers_db [None req-cb5fb7e1-4df4-407e-83c8-89a86feccf68 - - - - - -] Successfully bumped revision number for resource 26530e42-1834-4aee-aea3-bd430b4865f6 (type: subnets) to 0
2026-05-29 03:25:07.571 9 INFO neutron.api.wsgi [None req-aedbbc65-3d7f-4121-be6d-840f3f3c3817 b9b44880b9304c78bae28e79fe80c4cc 454b4eaf58934d96a72780c50e68480c - - default default] 10.0.0.119 "POST /v2.0/subnets HTTP/1.1" status: 201 len: 840 time: 0.6950998
2026-05-29 03:25:07.582 9 WARNING neutron_lib.context [None req-8efecf7e-e9da-43ca-a0d9-b764b4e01a32 b9b44880b9304c78bae28e79fe80c4cc 454b4eaf58934d96a72780c50e68480c - - default default] Method 'is_advsvc' is deprecated since 2023.2 release (neutron-lib 3.8.0) and will be removed once support for the old RBAC API policies will be removed from Neutron. Please use method 'is_service_role' instead.
2026-05-29 03:25:07.659 9 INFO neutron.db.segments_db [None req-8efecf7e-e9da-43ca-a0d9-b764b4e01a32 b9b44880b9304c78bae28e79fe80c4cc 454b4eaf58934d96a72780c50e68480c - - default default] Added segment 6390c875-8afb-4840-9b77-31b8e27e0f55 of type geneve for network acd78586-0da1-49b5-bf79-8b267c15d4e8
2026-05-29 03:25:07.744 10 WARNING neutron.scheduler.dhcp_agent_scheduler [None req-627b8b2d-6f55-4c70-8513-849143de3be1 2da55bc6ab524a769d391a82c7c6464b 1f3a548309754744b49aded604371595 - - default default] No more DHCP agents
2026-05-29 03:25:07.749 10 WARNING neutron.api.rpc.agentnotifiers.dhcp_rpc_agent_api [None req-627b8b2d-6f55-4c70-8513-849143de3be1 2da55bc6ab524a769d391a82c7c6464b 1f3a548309754744b49aded604371595 - - default default] Unable to schedule network aaf3598a-862d-4b37-a54c-5c02395e8f04: no agents available; will retry on subsequent port and subnet creation events.
2026-05-29 03:25:07.774 9 INFO neutron.db.ovn_revision_numbers_db [None req-8efecf7e-e9da-43ca-a0d9-b764b4e01a32 b9b44880b9304c78bae28e79fe80c4cc 454b4eaf58934d96a72780c50e68480c - - default default] Successfully bumped revision number for resource acd78586-0da1-49b5-bf79-8b267c15d4e8 (type: networks) to 1
2026-05-29 03:25:07.812 10 INFO neutron.db.ovn_revision_numbers_db [None req-f7dbeb28-fc9c-4dac-9786-510768ba1c20 2df3078ee4864d13abf523c1ec19192b 71cdcd906cf342bcb6eecd6de12e8db3 - - default default] Successfully bumped revision number for resource 871436c7-9558-4e8a-82f3-c127f4bf9b69 (type: security_groups) to 1
2026-05-29 03:25:07.831 10 INFO neutron.db.ovn_revision_numbers_db [None req-f7dbeb28-fc9c-4dac-9786-510768ba1c20 2df3078ee4864d13abf523c1ec19192b 71cdcd906cf342bcb6eecd6de12e8db3 - - default default] Successfully bumped revision number for resource 0bae0959-f18c-43c2-9790-130139eb63ea (type: security_group_rules) to 0
2026-05-29 03:25:07.865 10 INFO neutron.db.ovn_revision_numbers_db [None req-f7dbeb28-fc9c-4dac-9786-510768ba1c20 2df3078ee4864d13abf523c1ec19192b 71cdcd906cf342bcb6eecd6de12e8db3 - - default default] Successfully bumped revision number for resource 3b109b7b-6928-4278-800d-ffba3e6358be (type: security_group_rules) to 0
2026-05-29 03:25:07.913 10 INFO neutron.api.wsgi [None req-f7dbeb28-fc9c-4dac-9786-510768ba1c20 2df3078ee4864d13abf523c1ec19192b 71cdcd906cf342bcb6eecd6de12e8db3 - - default default] 10.0.0.119 "POST /v2.0/security-groups HTTP/1.1" status: 201 len: 1827 time: 0.5648983
2026-05-29 03:25:07.925 10 WARNING neutron_lib.context [None req-cb230169-723d-4304-b271-0ea30086c033 2df3078ee4864d13abf523c1ec19192b 71cdcd906cf342bcb6eecd6de12e8db3 - - default default] Method 'is_advsvc' is deprecated since 2023.2 release (neutron-lib 3.8.0) and will be removed once support for the old RBAC API policies will be removed from Neutron. Please use method 'is_service_role' instead.
2026-05-29 03:25:07.949 9 WARNING neutron.scheduler.dhcp_agent_scheduler [None req-8efecf7e-e9da-43ca-a0d9-b764b4e01a32 b9b44880b9304c78bae28e79fe80c4cc 454b4eaf58934d96a72780c50e68480c - - default default] No more DHCP agents
2026-05-29 03:25:07.950 9 WARNING neutron.api.rpc.agentnotifiers.dhcp_rpc_agent_api [None req-8efecf7e-e9da-43ca-a0d9-b764b4e01a32 b9b44880b9304c78bae28e79fe80c4cc 454b4eaf58934d96a72780c50e68480c - - default default] Unable to schedule network acd78586-0da1-49b5-bf79-8b267c15d4e8: no agents available; will retry on subsequent port and subnet creation events.
2026-05-29 03:25:08.000 9 INFO neutron.db.ovn_revision_numbers_db [None req-8efecf7e-e9da-43ca-a0d9-b764b4e01a32 b9b44880b9304c78bae28e79fe80c4cc 454b4eaf58934d96a72780c50e68480c - - default default] Successfully bumped revision number for resource 6d29b747-98aa-40a3-b895-6c3c35eb988b (type: ports) to 1
2026-05-29 03:25:08.023 9 INFO neutron.api.wsgi [None req-8efecf7e-e9da-43ca-a0d9-b764b4e01a32 b9b44880b9304c78bae28e79fe80c4cc 454b4eaf58934d96a72780c50e68480c - - default default] 10.0.0.119 "POST /v2.0/networks HTTP/1.1" status: 201 len: 843 time: 0.4451106
2026-05-29 03:25:08.092 10 INFO neutron.db.ovn_revision_numbers_db [None req-cb230169-723d-4304-b271-0ea30086c033 2df3078ee4864d13abf523c1ec19192b 71cdcd906cf342bcb6eecd6de12e8db3 - - default default] Successfully bumped revision number for resource 2ab4b833-4498-43d6-9c7a-086378ebde58 (type: security_group_rules) to 0
2026-05-29 03:25:08.142 10 INFO neutron.api.wsgi [None req-cb230169-723d-4304-b271-0ea30086c033 2df3078ee4864d13abf523c1ec19192b 71cdcd906cf342bcb6eecd6de12e8db3 - - default default] 10.0.0.119 "POST /v2.0/security-group-rules HTTP/1.1" status: 201 len: 796 time: 0.2213655
2026-05-29 03:25:08.151 9 WARNING neutron_lib.context [None req-4f1251bc-fc9d-477a-afa4-a191153a3a19 2df3078ee4864d13abf523c1ec19192b 71cdcd906cf342bcb6eecd6de12e8db3 - - default default] Method 'is_advsvc' is deprecated since 2023.2 release (neutron-lib 3.8.0) and will be removed once support for the old RBAC API policies will be removed from Neutron. Please use method 'is_service_role' instead.
2026-05-29 03:25:08.153 9 INFO neutron.db.ovn_revision_numbers_db [None req-0d5e9022-2262-4e92-b130-7c82e48bafab b9b44880b9304c78bae28e79fe80c4cc 454b4eaf58934d96a72780c50e68480c - - default default] Successfully bumped revision number for resource acd78586-0da1-49b5-bf79-8b267c15d4e8 (type: networks) to 2
2026-05-29 03:25:08.156 9 INFO neutron.api.wsgi [None req-0d5e9022-2262-4e92-b130-7c82e48bafab b9b44880b9304c78bae28e79fe80c4cc 454b4eaf58934d96a72780c50e68480c - - default default] 10.0.0.119 "PUT /v2.0/networks/acd78586-0da1-49b5-bf79-8b267c15d4e8 HTTP/1.1" status: 200 len: 792 time: 0.1261857
2026-05-29 03:25:08.166 9 WARNING neutron_lib.context [None req-3b2ba55f-0f57-4e1b-a54f-3f9fb6ad4773 b9b44880b9304c78bae28e79fe80c4cc 454b4eaf58934d96a72780c50e68480c - - default default] Method 'is_advsvc' is deprecated since 2023.2 release (neutron-lib 3.8.0) and will be removed once support for the old RBAC API policies will be removed from Neutron. Please use method 'is_service_role' instead.
2026-05-29 03:25:08.177 10 INFO neutron.db.ovn_revision_numbers_db [None req-627b8b2d-6f55-4c70-8513-849143de3be1 2da55bc6ab524a769d391a82c7c6464b 1f3a548309754744b49aded604371595 - - default default] Successfully bumped revision number for resource 72797452-2a6d-4a74-93e5-aa099e708c27 (type: router_ports) to 1
2026-05-29 03:25:08.182 10 INFO neutron.api.wsgi [None req-627b8b2d-6f55-4c70-8513-849143de3be1 2da55bc6ab524a769d391a82c7c6464b 1f3a548309754744b49aded604371595 - - default default] 10.0.0.119 "PUT /v2.0/routers/1f463a55-33f3-460c-84b7-e45bdb51727d/add_router_interface HTTP/1.1" status: 200 len: 503 time: 2.3027334
2026-05-29 03:25:08.190 10 WARNING neutron_lib.context [None req-bc4a8095-fbff-40cb-b0eb-8daf68f50044 2da55bc6ab524a769d391a82c7c6464b 1f3a548309754744b49aded604371595 - - default default] Method 'is_advsvc' is deprecated since 2023.2 release (neutron-lib 3.8.0) and will be removed once support for the old RBAC API policies will be removed from Neutron. Please use method 'is_service_role' instead.
2026-05-29 03:25:08.306 9 INFO neutron.db.ovn_revision_numbers_db [None req-4f1251bc-fc9d-477a-afa4-a191153a3a19 2df3078ee4864d13abf523c1ec19192b 71cdcd906cf342bcb6eecd6de12e8db3 - - default default] Successfully bumped revision number for resource 6bf8b80e-a1cc-418b-ace1-788ef0f5b8a1 (type: security_group_rules) to 0
2026-05-29 03:25:08.352 9 INFO neutron.api.wsgi [None req-4f1251bc-fc9d-477a-afa4-a191153a3a19 2df3078ee4864d13abf523c1ec19192b 71cdcd906cf342bcb6eecd6de12e8db3 - - default default] 10.0.0.119 "POST /v2.0/security-group-rules HTTP/1.1" status: 201 len: 796 time: 0.2046080
2026-05-29 03:25:08.364 10 WARNING neutron_lib.context [None req-7efce4e1-0007-42c6-8dd7-d8753b38bd89 2df3078ee4864d13abf523c1ec19192b 71cdcd906cf342bcb6eecd6de12e8db3 - - default default] Method 'is_advsvc' is deprecated since 2023.2 release (neutron-lib 3.8.0) and will be removed once support for the old RBAC API policies will be removed from Neutron. Please use method 'is_service_role' instead.
2026-05-29 03:25:08.381 9 WARNING neutron.scheduler.dhcp_agent_scheduler [None req-3b2ba55f-0f57-4e1b-a54f-3f9fb6ad4773 b9b44880b9304c78bae28e79fe80c4cc 454b4eaf58934d96a72780c50e68480c - - default default] No more DHCP agents
2026-05-29 03:25:08.382 9 WARNING neutron.api.rpc.agentnotifiers.dhcp_rpc_agent_api [None req-3b2ba55f-0f57-4e1b-a54f-3f9fb6ad4773 b9b44880b9304c78bae28e79fe80c4cc 454b4eaf58934d96a72780c50e68480c - - default default] Unable to schedule network acd78586-0da1-49b5-bf79-8b267c15d4e8: no agents available; will retry on subsequent port and subnet creation events.
2026-05-29 03:25:08.511 10 INFO neutron.db.ovn_revision_numbers_db [None req-7efce4e1-0007-42c6-8dd7-d8753b38bd89 2df3078ee4864d13abf523c1ec19192b 71cdcd906cf342bcb6eecd6de12e8db3 - - default default] Successfully bumped revision number for resource d651db4c-2941-4f7c-bc8e-644a53a3c73b (type: security_group_rules) to 0
2026-05-29 03:25:08.565 10 INFO neutron.api.wsgi [None req-7efce4e1-0007-42c6-8dd7-d8753b38bd89 2df3078ee4864d13abf523c1ec19192b 71cdcd906cf342bcb6eecd6de12e8db3 - - default default] 10.0.0.119 "POST /v2.0/security-group-rules HTTP/1.1" status: 201 len: 798 time: 0.2057102
