2026-05-29 03:26:35.522 9 INFO neutron.api.wsgi [None req-37eefde6-15f8-4cb5-ab09-7ac88e5cb8cb 42be09ceba6d46c3a196c25e74de2f0d fa7519e281c14ead8ce7184b72f27100 - - default default] 10.0.0.119 "GET /v2.0/subnets?tags-any=blue HTTP/1.1" status: 200 len: 1478 time: 0.0401351
2026-05-29 03:26:35.562 9 INFO neutron.api.wsgi [None req-3b8e0c17-4bfe-49f1-83e3-269ffa8774f4 42be09ceba6d46c3a196c25e74de2f0d fa7519e281c14ead8ce7184b72f27100 - - default default] 10.0.0.119 "GET /v2.0/subnets?tags-any=red%2Cblue HTTP/1.1" status: 200 len: 2099 time: 0.0344462
2026-05-29 03:26:35.600 9 INFO neutron.api.wsgi [None req-b9206050-e2ab-46c2-a480-31cfc1bbb8b2 42be09ceba6d46c3a196c25e74de2f0d fa7519e281c14ead8ce7184b72f27100 - - default default] 10.0.0.119 "GET /v2.0/subnets?not-tags=red HTTP/1.1" status: 200 len: 2089 time: 0.0330482
2026-05-29 03:26:35.637 9 INFO neutron.api.wsgi [None req-f111f1d9-2452-4252-91ba-06f7d5d7b8d2 42be09ceba6d46c3a196c25e74de2f0d fa7519e281c14ead8ce7184b72f27100 - - default default] 10.0.0.119 "GET /v2.0/subnets?not-tags=red%2Cblue HTTP/1.1" status: 200 len: 2710 time: 0.0320003
2026-05-29 03:26:35.685 9 INFO neutron.api.wsgi [None req-d5345dea-a613-4d94-8f5f-6fd32e98972a 42be09ceba6d46c3a196c25e74de2f0d fa7519e281c14ead8ce7184b72f27100 - - default default] 10.0.0.119 "GET /v2.0/subnets?not-tags-any=blue HTTP/1.1" status: 200 len: 2710 time: 0.0417707
2026-05-29 03:26:35.715 9 INFO neutron.api.wsgi [None req-a765472f-0b49-4f2f-bae2-c5e2f2435f94 42be09ceba6d46c3a196c25e74de2f0d fa7519e281c14ead8ce7184b72f27100 - - default default] 10.0.0.119 "GET /v2.0/subnets?not-tags-any=red%2Cblue HTTP/1.1" status: 200 len: 2089 time: 0.0237997
2026-05-29 03:26:35.833 10 INFO neutron.api.wsgi [None req-9277ddc4-3ec8-40e4-9cde-f21f27bfe896 7688d0d72ff24f8ba55f7fdc81fdafb3 a11373a85aa54af29f0ff45b7e9c96cf - - default default] 10.0.0.119 "DELETE /v2.0/networks/f49bda48-4978-4d84-9bf2-ef6bb8e98a89 HTTP/1.1" status: 204 len: 168 time: 0.3136566
2026-05-29 03:26:35.869 9 INFO neutron.api.wsgi [None req-18f6e5a4-4bdd-41ae-9b90-9fa02dd38fca 42be09ceba6d46c3a196c25e74de2f0d fa7519e281c14ead8ce7184b72f27100 - - default default] 10.0.0.119 "DELETE /v2.0/subnets/b106e092-b49c-4b14-bd9a-668c51d20106 HTTP/1.1" status: 204 len: 168 time: 0.1453145
2026-05-29 03:26:36.049 10 INFO neutron.api.wsgi [None req-685ada74-93e7-4930-8693-98c8ae879adf 42be09ceba6d46c3a196c25e74de2f0d fa7519e281c14ead8ce7184b72f27100 - - default default] 10.0.0.119 "DELETE /v2.0/subnets/c6948d8e-8edf-4c35-afca-a4c4d281f768 HTTP/1.1" status: 204 len: 168 time: 0.1744156
2026-05-29 03:26:36.177 10 INFO neutron.api.wsgi [None req-3be3efef-94dc-482b-841f-bfcb76063248 7688d0d72ff24f8ba55f7fdc81fdafb3 a11373a85aa54af29f0ff45b7e9c96cf - - default default] 10.0.0.119 "DELETE /v2.0/networks/b4453227-39d8-4943-970d-bdc45402d3b0 HTTP/1.1" status: 204 len: 168 time: 0.3390720
2026-05-29 03:26:36.218 10 INFO neutron.api.wsgi [None req-6e651866-7f51-4ef4-8005-a4e45d664163 42be09ceba6d46c3a196c25e74de2f0d fa7519e281c14ead8ce7184b72f27100 - - default default] 10.0.0.119 "DELETE /v2.0/subnets/988eefc8-def1-4ca3-b544-c0e70f79f1f4 HTTP/1.1" status: 204 len: 168 time: 0.1616948
2026-05-29 03:26:36.375 10 INFO neutron.api.wsgi [None req-0666631a-2f42-4bbb-8b43-c4d8e81d3b5a 42be09ceba6d46c3a196c25e74de2f0d fa7519e281c14ead8ce7184b72f27100 - - default default] 10.0.0.119 "DELETE /v2.0/subnets/0970cbb4-8e08-4b3d-8e86-58df87cd5c19 HTTP/1.1" status: 204 len: 168 time: 0.1517103
2026-05-29 03:26:36.540 10 INFO neutron.api.wsgi [None req-42767beb-db64-457d-8738-0d206de50997 42be09ceba6d46c3a196c25e74de2f0d fa7519e281c14ead8ce7184b72f27100 - - default default] 10.0.0.119 "DELETE /v2.0/subnets/67c881f7-60fb-4118-b63f-fe11cb269ccf HTTP/1.1" status: 204 len: 168 time: 0.1599956
2026-05-29 03:26:36.829 10 INFO neutron.api.wsgi [None req-ae6456e5-6e39-458c-acc1-0120d406766d 42be09ceba6d46c3a196c25e74de2f0d fa7519e281c14ead8ce7184b72f27100 - - default default] 10.0.0.119 "DELETE /v2.0/networks/a0009261-ba41-4d98-95f3-ba26fc98c892 HTTP/1.1" status: 204 len: 168 time: 0.2808108
2026-05-29 03:26:36.844 10 INFO neutron.services.segments.plugin [-] Segment 8e155589-fa06-4e96-9756-9f73c8b700fd resource provider aggregate not found
2026-05-29 03:26:36.857 10 INFO neutron.services.segments.plugin [-] Segment 8e155589-fa06-4e96-9756-9f73c8b700fd resource provider aggregate not found
2026-05-29 03:26:36.862 10 INFO neutron.services.segments.plugin [-] Segment 8e155589-fa06-4e96-9756-9f73c8b700fd resource provider not found; error: Placement Client Error (4xx): {"errors": [{"status": 404, "title": "Not Found", "detail": "The resource could not be found.\n\n No resource provider with uuid 8e155589-fa06-4e96-9756-9f73c8b700fd found for delete ", "request_id": "req-277e798a-afe7-4d1a-8adf-94cebcb015ea"}]}
2026-05-29 03:26:36.877 10 INFO neutron.services.segments.plugin [-] Segment 8e155589-fa06-4e96-9756-9f73c8b700fd resource provider not found; error: Placement Client Error (4xx): {"errors": [{"status": 404, "title": "Not Found", "detail": "The resource could not be found.\n\n No resource provider with uuid 8e155589-fa06-4e96-9756-9f73c8b700fd found for delete ", "request_id": "req-e9bb9589-f4d9-43fd-887e-cf985320bb4a"}]}
2026-05-29 03:26:36.881 10 INFO neutron.services.segments.plugin [-] Segment 89a222f9-b74e-4739-8c95-4804a2ece6fc resource provider aggregate not found
2026-05-29 03:26:36.891 10 INFO neutron.services.segments.plugin [-] Segment 89a222f9-b74e-4739-8c95-4804a2ece6fc resource provider aggregate not found
2026-05-29 03:26:36.896 10 INFO neutron.services.segments.plugin [-] Segment 89a222f9-b74e-4739-8c95-4804a2ece6fc resource provider not found; error: Placement Client Error (4xx): {"errors": [{"status": 404, "title": "Not Found", "detail": "The resource could not be found.\n\n No resource provider with uuid 89a222f9-b74e-4739-8c95-4804a2ece6fc found for delete ", "request_id": "req-69beeab0-229e-4d6c-bb5c-34378ccf4b22"}]}
2026-05-29 03:26:36.904 10 INFO neutron.services.segments.plugin [-] Segment 89a222f9-b74e-4739-8c95-4804a2ece6fc resource provider not found; error: Placement Client Error (4xx): {"errors": [{"status": 404, "title": "Not Found", "detail": "The resource could not be found.\n\n No resource provider with uuid 89a222f9-b74e-4739-8c95-4804a2ece6fc found for delete ", "request_id": "req-215d144c-236a-48f0-978b-1945cb2cf913"}]}
2026-05-29 03:26:36.909 10 INFO neutron.services.segments.plugin [-] Segment 860e0927-a6df-4eb4-a960-61c084bf11e1 resource provider aggregate not found
2026-05-29 03:26:36.915 10 INFO neutron.services.segments.plugin [-] Segment 860e0927-a6df-4eb4-a960-61c084bf11e1 resource provider aggregate not found
2026-05-29 03:26:36.921 10 INFO neutron.services.segments.plugin [-] Segment 860e0927-a6df-4eb4-a960-61c084bf11e1 resource provider not found; error: Placement Client Error (4xx): {"errors": [{"status": 404, "title": "Not Found", "detail": "The resource could not be found.\n\n No resource provider with uuid 860e0927-a6df-4eb4-a960-61c084bf11e1 found for delete ", "request_id": "req-706b8515-0154-4fdb-accc-1cf77a013ba2"}]}
2026-05-29 03:26:36.933 10 INFO neutron.services.segments.plugin [-] Segment 860e0927-a6df-4eb4-a960-61c084bf11e1 resource provider not found; error: Placement Client Error (4xx): {"errors": [{"status": 404, "title": "Not Found", "detail": "The resource could not be found.\n\n No resource provider with uuid 860e0927-a6df-4eb4-a960-61c084bf11e1 found for delete ", "request_id": "req-ace5f0f4-7565-47b1-aa0a-f508dd9441ef"}]}
2026-05-29 03:26:37.190 9 INFO neutron.services.segments.plugin [-] Segment 02b27d09-5d2c-4fc9-8aa1-1a98ff656f69 resource provider aggregate not found
2026-05-29 03:26:37.197 9 INFO neutron.services.segments.plugin [-] Segment 02b27d09-5d2c-4fc9-8aa1-1a98ff656f69 resource provider aggregate not found
2026-05-29 03:26:37.208 9 INFO neutron.services.segments.plugin [-] Segment 02b27d09-5d2c-4fc9-8aa1-1a98ff656f69 resource provider not found; error: Placement Client Error (4xx): {"errors": [{"status": 404, "title": "Not Found", "detail": "The resource could not be found.\n\n No resource provider with uuid 02b27d09-5d2c-4fc9-8aa1-1a98ff656f69 found for delete ", "request_id": "req-4b2635d3-6b88-4f97-bce2-a296dc3f6116"}]}
2026-05-29 03:26:37.213 9 INFO neutron.services.segments.plugin [-] Segment 02b27d09-5d2c-4fc9-8aa1-1a98ff656f69 resource provider not found; error: Placement Client Error (4xx): {"errors": [{"status": 404, "title": "Not Found", "detail": "The resource could not be found.\n\n No resource provider with uuid 02b27d09-5d2c-4fc9-8aa1-1a98ff656f69 found for delete ", "request_id": "req-0e49cb6a-fc4d-43f8-98ea-182180af7629"}]}
2026-05-29 03:26:37.222 10 INFO neutron.api.wsgi [None req-a4346a35-c904-4361-aa94-629ed34a90e0 42be09ceba6d46c3a196c25e74de2f0d fa7519e281c14ead8ce7184b72f27100 - - default default] 10.0.0.119 "DELETE /v2.0/networks/672a20c7-2f2c-4f48-a633-d7e07d3760c6 HTTP/1.1" status: 204 len: 168 time: 0.3880754
2026-05-29 03:26:37.288 10 INFO neutron.db.ovn_revision_numbers_db [None req-2969a967-2854-4ea6-8352-74b238130d14 f0e1f8efade7448081d82c29b61a8a12 3c024b1a467c440e864b9c22ef77155b - - default default] Successfully bumped revision number for resource b10ce49c-98cd-4dcc-829c-364f966244b3 (type: security_groups) to 1
2026-05-29 03:26:37.305 10 INFO neutron.db.ovn_revision_numbers_db [None req-2969a967-2854-4ea6-8352-74b238130d14 f0e1f8efade7448081d82c29b61a8a12 3c024b1a467c440e864b9c22ef77155b - - default default] Successfully bumped revision number for resource 2adba2cc-1e3a-49f1-bb97-cbfd736d1d60 (type: security_group_rules) to 0
2026-05-29 03:26:37.319 10 INFO neutron.db.ovn_revision_numbers_db [None req-2969a967-2854-4ea6-8352-74b238130d14 f0e1f8efade7448081d82c29b61a8a12 3c024b1a467c440e864b9c22ef77155b - - default default] Successfully bumped revision number for resource 6ae079b2-f9e8-407d-bbb7-2ab24be96e14 (type: security_group_rules) to 0
2026-05-29 03:26:37.334 10 INFO neutron.db.ovn_revision_numbers_db [None req-2969a967-2854-4ea6-8352-74b238130d14 f0e1f8efade7448081d82c29b61a8a12 3c024b1a467c440e864b9c22ef77155b - - default default] Successfully bumped revision number for resource a8ad4351-5069-4f51-bfc8-2b7b05502fdf (type: security_group_rules) to 0
2026-05-29 03:26:37.349 10 INFO neutron.db.ovn_revision_numbers_db [None req-2969a967-2854-4ea6-8352-74b238130d14 f0e1f8efade7448081d82c29b61a8a12 3c024b1a467c440e864b9c22ef77155b - - default default] Successfully bumped revision number for resource c3b66255-dc18-4ba0-9c95-fa1cb660c698 (type: security_group_rules) to 0
2026-05-29 03:26:37.385 10 INFO neutron.api.wsgi [None req-2969a967-2854-4ea6-8352-74b238130d14 f0e1f8efade7448081d82c29b61a8a12 3c024b1a467c440e864b9c22ef77155b - - default default] 10.0.0.119 "GET /v2.0/security-groups?tenant_id=2c83e9a602394401954a7798edaf4788&name=default HTTP/1.1" status: 200 len: 3124 time: 0.3981125
2026-05-29 03:26:37.632 10 INFO neutron.api.wsgi [None req-e0481b58-e2b7-41ce-8b7e-33482fafb991 f0e1f8efade7448081d82c29b61a8a12 3c024b1a467c440e864b9c22ef77155b - - default default] 10.0.0.119 "DELETE /v2.0/security-groups/b10ce49c-98cd-4dcc-829c-364f966244b3 HTTP/1.1" status: 204 len: 168 time: 0.2417424
2026-05-29 03:26:37.634 9 INFO neutron.api.wsgi [None req-0c6e14fb-000e-465a-a552-68ec14b372aa 42be09ceba6d46c3a196c25e74de2f0d fa7519e281c14ead8ce7184b72f27100 - - default default] 10.0.0.119 "DELETE /v2.0/networks/5f503ca4-96aa-42dd-8025-b7df4f620a1e HTTP/1.1" status: 204 len: 168 time: 0.4057820
2026-05-29 03:26:37.922 10 INFO neutron.db.ovn_revision_numbers_db [None req-5cb2d14a-0d8b-4286-8511-10d452b285fc f0e1f8efade7448081d82c29b61a8a12 3c024b1a467c440e864b9c22ef77155b - - default default] Successfully bumped revision number for resource 5d0e664c-6326-4c08-be35-8a1a51f53417 (type: security_groups) to 1
2026-05-29 03:26:37.939 10 INFO neutron.db.ovn_revision_numbers_db [None req-5cb2d14a-0d8b-4286-8511-10d452b285fc f0e1f8efade7448081d82c29b61a8a12 3c024b1a467c440e864b9c22ef77155b - - default default] Successfully bumped revision number for resource 21ca0d03-a84a-44db-8a61-41692d871bb1 (type: security_group_rules) to 0
2026-05-29 03:26:37.955 10 INFO neutron.db.ovn_revision_numbers_db [None req-5cb2d14a-0d8b-4286-8511-10d452b285fc f0e1f8efade7448081d82c29b61a8a12 3c024b1a467c440e864b9c22ef77155b - - default default] Successfully bumped revision number for resource 3a4b03dc-1303-4c6d-bb10-05267075a85d (type: security_group_rules) to 0
2026-05-29 03:26:37.971 10 INFO neutron.db.ovn_revision_numbers_db [None req-5cb2d14a-0d8b-4286-8511-10d452b285fc f0e1f8efade7448081d82c29b61a8a12 3c024b1a467c440e864b9c22ef77155b - - default default] Successfully bumped revision number for resource 9f12404c-1252-4d07-bf4e-9643dfdcb6fe (type: security_group_rules) to 0
2026-05-29 03:26:37.987 10 INFO neutron.db.ovn_revision_numbers_db [None req-5cb2d14a-0d8b-4286-8511-10d452b285fc f0e1f8efade7448081d82c29b61a8a12 3c024b1a467c440e864b9c22ef77155b - - default default] Successfully bumped revision number for resource ace8faf9-33de-45ee-b5a1-0133ac274943 (type: security_group_rules) to 0
2026-05-29 03:26:38.037 10 INFO neutron.api.wsgi [None req-5cb2d14a-0d8b-4286-8511-10d452b285fc f0e1f8efade7448081d82c29b61a8a12 3c024b1a467c440e864b9c22ef77155b - - default default] 10.0.0.119 "GET /v2.0/security-groups?tenant_id=60fccf44b2324ab6845de09f9503e958&name=default HTTP/1.1" status: 200 len: 3124 time: 0.2622087
2026-05-29 03:26:38.064 9 INFO neutron.api.wsgi [None req-7d0f5367-4ccf-4a12-8b3f-547d90d90da2 42be09ceba6d46c3a196c25e74de2f0d fa7519e281c14ead8ce7184b72f27100 - - default default] 10.0.0.119 "DELETE /v2.0/networks/3b818b80-1cee-4add-a17e-217e21f8a391 HTTP/1.1" status: 204 len: 168 time: 0.4221883
2026-05-29 03:26:38.310 10 INFO neutron.api.wsgi [None req-b243347f-56f8-45bd-8501-50e79e862f58 f0e1f8efade7448081d82c29b61a8a12 3c024b1a467c440e864b9c22ef77155b - - default default] 10.0.0.119 "DELETE /v2.0/security-groups/5d0e664c-6326-4c08-be35-8a1a51f53417 HTTP/1.1" status: 204 len: 168 time: 0.2674170
2026-05-29 03:26:38.443 9 INFO neutron.api.wsgi [None req-25402a89-a7cb-4663-9569-30ab619952ef 42be09ceba6d46c3a196c25e74de2f0d fa7519e281c14ead8ce7184b72f27100 - - default default] 10.0.0.119 "DELETE /v2.0/networks/adf4ce92-c406-44b7-96b3-4d5542acb09b HTTP/1.1" status: 204 len: 168 time: 0.3734686
2026-05-29 03:26:38.502 9 INFO neutron.api.wsgi [None req-122985a6-3e9e-4fdb-84a7-98a12f1be4e9 f0e1f8efade7448081d82c29b61a8a12 3c024b1a467c440e864b9c22ef77155b - - default default] 10.0.0.119 "GET /v2.0/security-groups?tenant_id=a11373a85aa54af29f0ff45b7e9c96cf&name=default HTTP/1.1" status: 200 len: 3120 time: 0.0282946
2026-05-29 03:26:38.731 9 INFO neutron.api.wsgi [None req-f55e880c-f7c5-43a7-8ef9-7ac5917bf30f f0e1f8efade7448081d82c29b61a8a12 3c024b1a467c440e864b9c22ef77155b - - default default] 10.0.0.119 "DELETE /v2.0/security-groups/a1528047-c153-4bfc-9994-3c6bbd590ca3 HTTP/1.1" status: 204 len: 168 time: 0.2238715
2026-05-29 03:26:38.942 10 INFO neutron.services.segments.plugin [-] Segment e66cfe6e-e889-4c8e-9e23-e1e089267e11 resource provider aggregate not found
2026-05-29 03:26:38.953 10 INFO neutron.services.segments.plugin [-] Segment e66cfe6e-e889-4c8e-9e23-e1e089267e11 resource provider not found; error: Placement Client Error (4xx): {"errors": [{"status": 404, "title": "Not Found", "detail": "The resource could not be found.\n\n No resource provider with uuid e66cfe6e-e889-4c8e-9e23-e1e089267e11 found for delete ", "request_id": "req-dd0d1f5b-37c9-4e3a-9390-088c6bdd330d"}]}
2026-05-29 03:26:38.955 10 INFO neutron.services.segments.plugin [-] Segment e66cfe6e-e889-4c8e-9e23-e1e089267e11 resource provider aggregate not found
2026-05-29 03:26:38.970 10 INFO neutron.services.segments.plugin [-] Segment e66cfe6e-e889-4c8e-9e23-e1e089267e11 resource provider not found; error: Placement Client Error (4xx): {"errors": [{"status": 404, "title": "Not Found", "detail": "The resource could not be found.\n\n No resource provider with uuid e66cfe6e-e889-4c8e-9e23-e1e089267e11 found for delete ", "request_id": "req-f94b1dd9-7bbb-40db-b1b8-5214e39e0b34"}]}
2026-05-29 03:26:39.225 9 INFO neutron.services.segments.plugin [-] Segment 019b68c8-4d53-44fa-8ebf-ce567215c9d5 resource provider aggregate not found
2026-05-29 03:26:39.234 9 INFO neutron.services.segments.plugin [-] Segment 019b68c8-4d53-44fa-8ebf-ce567215c9d5 resource provider not found; error: Placement Client Error (4xx): {"errors": [{"status": 404, "title": "Not Found", "detail": "The resource could not be found.\n\n No resource provider with uuid 019b68c8-4d53-44fa-8ebf-ce567215c9d5 found for delete ", "request_id": "req-ba7aa27a-5a9e-4687-b624-f4f4eebc7de2"}]}
2026-05-29 03:26:39.241 9 INFO neutron.services.segments.plugin [-] Segment 019b68c8-4d53-44fa-8ebf-ce567215c9d5 resource provider aggregate not found
2026-05-29 03:26:39.246 9 INFO neutron.services.segments.plugin [-] Segment 9ea11c0b-c3aa-4f4b-8d01-2c94a3f95331 resource provider aggregate not found
2026-05-29 03:26:39.259 9 INFO neutron.services.segments.plugin [-] Segment 9ea11c0b-c3aa-4f4b-8d01-2c94a3f95331 resource provider not found; error: Placement Client Error (4xx): {"errors": [{"status": 404, "title": "Not Found", "detail": "The resource could not be found.\n\n No resource provider with uuid 9ea11c0b-c3aa-4f4b-8d01-2c94a3f95331 found for delete ", "request_id": "req-a42d5fcf-042a-4cbe-b59b-59b1d73c8073"}]}
2026-05-29 03:26:39.263 9 INFO neutron.services.segments.plugin [-] Segment 019b68c8-4d53-44fa-8ebf-ce567215c9d5 resource provider not found; error: Placement Client Error (4xx): {"errors": [{"status": 404, "title": "Not Found", "detail": "The resource could not be found.\n\n No resource provider with uuid 019b68c8-4d53-44fa-8ebf-ce567215c9d5 found for delete ", "request_id": "req-4489fa5d-6594-49b7-bf09-d705ec5460de"}]}
2026-05-29 03:26:39.273 9 INFO neutron.services.segments.plugin [-] Segment 40d993be-0313-4465-96db-5eb300836fa5 resource provider aggregate not found
2026-05-29 03:26:39.283 9 INFO neutron.services.segments.plugin [-] Segment 40d993be-0313-4465-96db-5eb300836fa5 resource provider not found; error: Placement Client Error (4xx): {"errors": [{"status": 404, "title": "Not Found", "detail": "The resource could not be found.\n\n No resource provider with uuid 40d993be-0313-4465-96db-5eb300836fa5 found for delete ", "request_id": "req-a71a6a57-0e15-42c2-87bf-e52c03f7aa42"}]}
2026-05-29 03:26:39.288 9 INFO neutron.services.segments.plugin [-] Segment 9ea11c0b-c3aa-4f4b-8d01-2c94a3f95331 resource provider aggregate not found
2026-05-29 03:26:39.299 9 INFO neutron.services.segments.plugin [-] Segment 9ea11c0b-c3aa-4f4b-8d01-2c94a3f95331 resource provider not found; error: Placement Client Error (4xx): {"errors": [{"status": 404, "title": "Not Found", "detail": "The resource could not be found.\n\n No resource provider with uuid 9ea11c0b-c3aa-4f4b-8d01-2c94a3f95331 found for delete ", "request_id": "req-bc4170ec-c5a4-4f19-ac45-45829b6631c8"}]}
2026-05-29 03:26:39.315 9 INFO neutron.services.segments.plugin [-] Segment 40d993be-0313-4465-96db-5eb300836fa5 resource provider aggregate not found
2026-05-29 03:26:39.338 9 INFO neutron.services.segments.plugin [-] Segment 40d993be-0313-4465-96db-5eb300836fa5 resource provider not found; error: Placement Client Error (4xx): {"errors": [{"status": 404, "title": "Not Found", "detail": "The resource could not be found.\n\n No resource provider with uuid 40d993be-0313-4465-96db-5eb300836fa5 found for delete ", "request_id": "req-01a2b571-2b65-4685-a7a6-5a3a99463b67"}]}
2026-05-29 03:26:39.457 9 INFO neutron.api.wsgi [None req-04a56685-11a9-4a3d-a02e-e28120694b42 f0e1f8efade7448081d82c29b61a8a12 3c024b1a467c440e864b9c22ef77155b - - default default] 10.0.0.119 "GET /v2.0/security-groups?tenant_id=fa7519e281c14ead8ce7184b72f27100&name=default HTTP/1.1" status: 200 len: 3120 time: 0.1364453
2026-05-29 03:26:39.664 9 INFO neutron.api.wsgi [None req-5a466afd-6680-42d3-aa22-38f72eb68b9d f0e1f8efade7448081d82c29b61a8a12 3c024b1a467c440e864b9c22ef77155b - - default default] 10.0.0.119 "DELETE /v2.0/security-groups/7fd600be-53a0-48cd-a6f4-c7bf50914e10 HTTP/1.1" status: 204 len: 168 time: 0.2018049
2026-05-29 03:26:39.931 10 INFO neutron.db.ovn_revision_numbers_db [None req-fa088352-e586-4e1a-979d-fa78a4c7d154 f0e1f8efade7448081d82c29b61a8a12 3c024b1a467c440e864b9c22ef77155b - - default default] Successfully bumped revision number for resource 1cfec3a1-7e82-4b06-aaba-00c3fb05e14b (type: security_groups) to 1
2026-05-29 03:26:39.947 10 INFO neutron.db.ovn_revision_numbers_db [None req-fa088352-e586-4e1a-979d-fa78a4c7d154 f0e1f8efade7448081d82c29b61a8a12 3c024b1a467c440e864b9c22ef77155b - - default default] Successfully bumped revision number for resource 3a453718-1023-4962-93c5-91557f112df9 (type: security_group_rules) to 0
2026-05-29 03:26:39.963 10 INFO neutron.db.ovn_revision_numbers_db [None req-fa088352-e586-4e1a-979d-fa78a4c7d154 f0e1f8efade7448081d82c29b61a8a12 3c024b1a467c440e864b9c22ef77155b - - default default] Successfully bumped revision number for resource 3ac310b8-1460-4379-a05e-ee9c7ea7af06 (type: security_group_rules) to 0
2026-05-29 03:26:39.974 10 INFO neutron.db.ovn_revision_numbers_db [None req-fa088352-e586-4e1a-979d-fa78a4c7d154 f0e1f8efade7448081d82c29b61a8a12 3c024b1a467c440e864b9c22ef77155b - - default default] Successfully bumped revision number for resource 49770c95-1e9e-473c-8d58-39700dc88ddf (type: security_group_rules) to 0
2026-05-29 03:26:39.986 10 INFO neutron.db.ovn_revision_numbers_db [None req-fa088352-e586-4e1a-979d-fa78a4c7d154 f0e1f8efade7448081d82c29b61a8a12 3c024b1a467c440e864b9c22ef77155b - - default default] Successfully bumped revision number for resource b1590930-e8cf-4631-9611-ea31b8fdd723 (type: security_group_rules) to 0
2026-05-29 03:26:40.023 10 INFO neutron.api.wsgi [None req-fa088352-e586-4e1a-979d-fa78a4c7d154 f0e1f8efade7448081d82c29b61a8a12 3c024b1a467c440e864b9c22ef77155b - - default default] 10.0.0.119 "GET /v2.0/security-groups?tenant_id=db90c1ed8bd745c398f0004ce9be651f&name=default HTTP/1.1" status: 200 len: 3124 time: 0.2109842
2026-05-29 03:26:40.264 9 INFO neutron.api.wsgi [None req-10cb95a7-3756-4048-89fa-afebf438172e f0e1f8efade7448081d82c29b61a8a12 3c024b1a467c440e864b9c22ef77155b - - default default] 10.0.0.119 "DELETE /v2.0/security-groups/1cfec3a1-7e82-4b06-aaba-00c3fb05e14b HTTP/1.1" status: 204 len: 168 time: 0.2350969
2026-05-29 03:26:40.519 10 INFO neutron.db.ovn_revision_numbers_db [None req-4a7f1369-7cd6-44ff-b8b9-8a172eecb68d f0e1f8efade7448081d82c29b61a8a12 3c024b1a467c440e864b9c22ef77155b - - default default] Successfully bumped revision number for resource 1108f335-0022-481e-88ac-1e2cef73174f (type: security_groups) to 1
2026-05-29 03:26:40.555 10 INFO neutron.db.ovn_revision_numbers_db [None req-4a7f1369-7cd6-44ff-b8b9-8a172eecb68d f0e1f8efade7448081d82c29b61a8a12 3c024b1a467c440e864b9c22ef77155b - - default default] Successfully bumped revision number for resource 374fe96e-4b99-4ac2-92c4-5b6fd6fd454c (type: security_group_rules) to 0
2026-05-29 03:26:40.589 10 INFO neutron.db.ovn_revision_numbers_db [None req-4a7f1369-7cd6-44ff-b8b9-8a172eecb68d f0e1f8efade7448081d82c29b61a8a12 3c024b1a467c440e864b9c22ef77155b - - default default] Successfully bumped revision number for resource 44ba1f8a-8120-411d-a2b0-335dfb1c43e5 (type: security_group_rules) to 0
2026-05-29 03:26:40.617 10 INFO neutron.db.ovn_revision_numbers_db [None req-4a7f1369-7cd6-44ff-b8b9-8a172eecb68d f0e1f8efade7448081d82c29b61a8a12 3c024b1a467c440e864b9c22ef77155b - - default default] Successfully bumped revision number for resource 9ebf650d-fdcc-4d9a-bfde-400b49f43445 (type: security_group_rules) to 0
2026-05-29 03:26:40.641 10 INFO neutron.db.ovn_revision_numbers_db [None req-4a7f1369-7cd6-44ff-b8b9-8a172eecb68d f0e1f8efade7448081d82c29b61a8a12 3c024b1a467c440e864b9c22ef77155b - - default default] Successfully bumped revision number for resource e31b0332-ec8d-44a7-a06f-faf906cfaec3 (type: security_group_rules) to 0
2026-05-29 03:26:40.682 10 INFO neutron.api.wsgi [None req-4a7f1369-7cd6-44ff-b8b9-8a172eecb68d f0e1f8efade7448081d82c29b61a8a12 3c024b1a467c440e864b9c22ef77155b - - default default] 10.0.0.119 "GET /v2.0/security-groups?tenant_id=c96e471a59f143a0b1772baa10af1e36&name=default HTTP/1.1" status: 200 len: 3124 time: 0.2805679
2026-05-29 03:26:40.936 9 INFO neutron.api.wsgi [None req-cc58f66d-d460-4644-bf83-cb1b2bae956a f0e1f8efade7448081d82c29b61a8a12 3c024b1a467c440e864b9c22ef77155b - - default default] 10.0.0.119 "DELETE /v2.0/security-groups/1108f335-0022-481e-88ac-1e2cef73174f HTTP/1.1" status: 204 len: 168 time: 0.2483792
2026-05-29 03:26:43.124 10 WARNING neutron_lib.context [None req-c340e295-ca19-463a-a3a2-d9b38f140c04 9a5a6e3cf27140fc8c369f283d2f95d0 1b2266daef1e4ffd88a10dd194df65dd - - default default] Method 'is_advsvc' is deprecated since 2023.2 release (neutron-lib 3.8.0) and will be removed once support for the old RBAC API policies will be removed from Neutron. Please use method 'is_service_role' instead.
2026-05-29 03:26:43.168 10 INFO neutron.api.wsgi [None req-c340e295-ca19-463a-a3a2-d9b38f140c04 9a5a6e3cf27140fc8c369f283d2f95d0 1b2266daef1e4ffd88a10dd194df65dd - - default default] 10.0.0.119 "POST /v2.0/subnetpools HTTP/1.1" status: 201 len: 715 time: 0.1954818
2026-05-29 03:26:43.181 10 WARNING neutron_lib.context [None req-b7660e6a-0a39-4c4c-ab09-4976a832a461 9a5a6e3cf27140fc8c369f283d2f95d0 1b2266daef1e4ffd88a10dd194df65dd - - default default] Method 'is_advsvc' is deprecated since 2023.2 release (neutron-lib 3.8.0) and will be removed once support for the old RBAC API policies will be removed from Neutron. Please use method 'is_service_role' instead.
2026-05-29 03:26:43.233 10 INFO neutron.api.wsgi [None req-b7660e6a-0a39-4c4c-ab09-4976a832a461 9a5a6e3cf27140fc8c369f283d2f95d0 1b2266daef1e4ffd88a10dd194df65dd - - default default] 10.0.0.119 "POST /v2.0/subnetpools HTTP/1.1" status: 201 len: 715 time: 0.0559556
2026-05-29 03:26:43.243 10 WARNING neutron_lib.context [None req-ae46cbf7-3168-431e-82fa-503f90288f2f 9a5a6e3cf27140fc8c369f283d2f95d0 1b2266daef1e4ffd88a10dd194df65dd - - default default] Method 'is_advsvc' is deprecated since 2023.2 release (neutron-lib 3.8.0) and will be removed once support for the old RBAC API policies will be removed from Neutron. Please use method 'is_service_role' instead.
2026-05-29 03:26:43.289 10 INFO neutron.api.wsgi [None req-ae46cbf7-3168-431e-82fa-503f90288f2f 9a5a6e3cf27140fc8c369f283d2f95d0 1b2266daef1e4ffd88a10dd194df65dd - - default default] 10.0.0.119 "POST /v2.0/subnetpools HTTP/1.1" status: 201 len: 715 time: 0.0500159
2026-05-29 03:26:43.299 10 WARNING neutron_lib.context [None req-7a4d6934-d512-4097-bc36-0b5e8b522dc7 9a5a6e3cf27140fc8c369f283d2f95d0 1b2266daef1e4ffd88a10dd194df65dd - - default default] Method 'is_advsvc' is deprecated since 2023.2 release (neutron-lib 3.8.0) and will be removed once support for the old RBAC API policies will be removed from Neutron. Please use method 'is_service_role' instead.
2026-05-29 03:26:43.352 10 INFO neutron.api.wsgi [None req-7a4d6934-d512-4097-bc36-0b5e8b522dc7 9a5a6e3cf27140fc8c369f283d2f95d0 1b2266daef1e4ffd88a10dd194df65dd - - default default] 10.0.0.119 "POST /v2.0/subnetpools HTTP/1.1" status: 201 len: 715 time: 0.0565324
2026-05-29 03:26:43.362 10 WARNING neutron_lib.context [None req-8b2090d5-62e6-4eab-b1cc-a1eb1f6c2e44 9a5a6e3cf27140fc8c369f283d2f95d0 1b2266daef1e4ffd88a10dd194df65dd - - default default] Method 'is_advsvc' is deprecated since 2023.2 release (neutron-lib 3.8.0) and will be removed once support for the old RBAC API policies will be removed from Neutron. Please use method 'is_service_role' instead.
2026-05-29 03:26:43.403 10 INFO neutron.api.wsgi [None req-8b2090d5-62e6-4eab-b1cc-a1eb1f6c2e44 9a5a6e3cf27140fc8c369f283d2f95d0 1b2266daef1e4ffd88a10dd194df65dd - - default default] 10.0.0.119 "POST /v2.0/subnetpools HTTP/1.1" status: 201 len: 715 time: 0.0448399
2026-05-29 03:26:43.438 10 INFO neutron.api.wsgi [None req-0f6af437-f0fe-4fd8-a01d-45a697efbb5b 9a5a6e3cf27140fc8c369f283d2f95d0 1b2266daef1e4ffd88a10dd194df65dd - - default default] 10.0.0.119 "PUT /v2.0/subnetpools/f6f93264-6d60-4b24-beae-25165a7c2668/tags HTTP/1.1" status: 200 len: 210 time: 0.0251126
2026-05-29 03:26:43.485 9 INFO neutron.api.wsgi [None req-90237211-62d0-48ed-a9a1-981b65fa5d82 9a5a6e3cf27140fc8c369f283d2f95d0 1b2266daef1e4ffd88a10dd194df65dd - - default default] 10.0.0.119 "PUT /v2.0/subnetpools/109edfea-1bbe-4f79-a6d8-8cea95adf6e3/tags HTTP/1.1" status: 200 len: 218 time: 0.0377970
2026-05-29 03:26:43.521 9 INFO neutron.api.wsgi [None req-b05cf8ae-dc87-4414-8f69-4f3d47c44009 9a5a6e3cf27140fc8c369f283d2f95d0 1b2266daef1e4ffd88a10dd194df65dd - - default default] 10.0.0.119 "PUT /v2.0/subnetpools/8646dc55-86b4-4773-a590-e0afdcab83e4/tags HTTP/1.1" status: 200 len: 227 time: 0.0309219
2026-05-29 03:26:43.558 9 INFO neutron.api.wsgi [None req-9fcdf4fb-4f42-4369-aa8b-650456afc8c4 9a5a6e3cf27140fc8c369f283d2f95d0 1b2266daef1e4ffd88a10dd194df65dd - - default default] 10.0.0.119 "PUT /v2.0/subnetpools/70645381-7828-4a72-b70a-8642d49dcd9c/tags HTTP/1.1" status: 200 len: 212 time: 0.0313430
2026-05-29 03:26:43.584 9 INFO neutron.api.wsgi [None req-ab13780b-89bf-4c86-b65a-b8c8213a7b73 9a5a6e3cf27140fc8c369f283d2f95d0 1b2266daef1e4ffd88a10dd194df65dd - - default default] 10.0.0.119 "GET /v2.0/subnetpools?tags=red HTTP/1.1" status: 200 len: 1758 time: 0.0199699
2026-05-29 03:26:43.606 9 INFO neutron.api.wsgi [None req-0b99a9a5-36b1-49c6-8ad2-be0a1095b1c3 9a5a6e3cf27140fc8c369f283d2f95d0 1b2266daef1e4ffd88a10dd194df65dd - - default default] 10.0.0.119 "GET /v2.0/subnetpools?tags=red%2Cblue HTTP/1.1" status: 200 len: 1251 time: 0.0168171
2026-05-29 03:26:43.636 9 INFO neutron.api.wsgi [None req-4b18af94-907a-4577-8cfa-e6b7e2be61be 9a5a6e3cf27140fc8c369f283d2f95d0 1b2266daef1e4ffd88a10dd194df65dd - - default default] 10.0.0.119 "GET /v2.0/subnetpools?tags-any=blue HTTP/1.1" status: 200 len: 1251 time: 0.0178106
2026-05-29 03:26:43.671 10 INFO neutron.api.wsgi [None req-5fed1e3b-4adc-4b86-875c-292ee0bbffa9 9a5a6e3cf27140fc8c369f283d2f95d0 1b2266daef1e4ffd88a10dd194df65dd - - default default] 10.0.0.119 "GET /v2.0/subnetpools?tags-any=red%2Cblue HTTP/1.1" status: 200 len: 1758 time: 0.0271122
2026-05-29 03:26:43.698 10 INFO neutron.api.wsgi [None req-898a4f35-1325-4999-892a-c042188d1c6a 9a5a6e3cf27140fc8c369f283d2f95d0 1b2266daef1e4ffd88a10dd194df65dd - - default default] 10.0.0.119 "GET /v2.0/subnetpools?not-tags=red HTTP/1.1" status: 200 len: 1223 time: 0.0202549
2026-05-29 03:26:43.730 10 INFO neutron.api.wsgi [None req-3eda9250-ff5b-45ab-a7e2-1104a5885792 9a5a6e3cf27140fc8c369f283d2f95d0 1b2266daef1e4ffd88a10dd194df65dd - - default default] 10.0.0.119 "GET /v2.0/subnetpools?not-tags=red%2Cblue HTTP/1.1" status: 200 len: 1730 time: 0.0260782
2026-05-29 03:26:43.758 9 INFO neutron.api.wsgi [None req-ba3794b2-390f-47b3-bc75-37a988c64489 9a5a6e3cf27140fc8c369f283d2f95d0 1b2266daef1e4ffd88a10dd194df65dd - - default default] 10.0.0.119 "GET /v2.0/subnetpools?not-tags-any=blue HTTP/1.1" status: 200 len: 1730 time: 0.0224063
2026-05-29 03:26:43.780 9 INFO neutron.api.wsgi [None req-be9e2a91-2117-4283-90b6-47ae4952d5a4 9a5a6e3cf27140fc8c369f283d2f95d0 1b2266daef1e4ffd88a10dd194df65dd - - default default] 10.0.0.119 "GET /v2.0/subnetpools?not-tags-any=red%2Cblue HTTP/1.1" status: 200 len: 1223 time: 0.0169628
2026-05-29 03:26:43.828 9 INFO neutron.api.wsgi [None req-e02e9c61-9359-4600-9633-5cb88993f0d4 9a5a6e3cf27140fc8c369f283d2f95d0 1b2266daef1e4ffd88a10dd194df65dd - - default default] 10.0.0.119 "DELETE /v2.0/subnetpools/f6f93264-6d60-4b24-beae-25165a7c2668 HTTP/1.1" status: 204 len: 168 time: 0.0412779
2026-05-29 03:26:43.868 9 INFO neutron.api.wsgi [None req-c8dabfa0-cb23-4751-9260-883eb4aee0c4 9a5a6e3cf27140fc8c369f283d2f95d0 1b2266daef1e4ffd88a10dd194df65dd - - default default] 10.0.0.119 "DELETE /v2.0/subnetpools/109edfea-1bbe-4f79-a6d8-8cea95adf6e3 HTTP/1.1" status: 204 len: 168 time: 0.0358889
2026-05-29 03:26:43.924 9 INFO neutron.api.wsgi [None req-428ca564-f89f-4a70-b3bc-a84ee81feb56 9a5a6e3cf27140fc8c369f283d2f95d0 1b2266daef1e4ffd88a10dd194df65dd - - default default] 10.0.0.119 "DELETE /v2.0/subnetpools/8646dc55-86b4-4773-a590-e0afdcab83e4 HTTP/1.1" status: 204 len: 168 time: 0.0375595
2026-05-29 03:26:43.977 9 INFO neutron.api.wsgi [None req-28f1f6a1-967d-40db-a891-52b620755f05 9a5a6e3cf27140fc8c369f283d2f95d0 1b2266daef1e4ffd88a10dd194df65dd - - default default] 10.0.0.119 "DELETE /v2.0/subnetpools/70645381-7828-4a72-b70a-8642d49dcd9c HTTP/1.1" status: 204 len: 168 time: 0.0485516
2026-05-29 03:26:44.021 9 INFO neutron.api.wsgi [None req-fe7da221-6a6d-4ca6-9416-ea3ca76241de 9a5a6e3cf27140fc8c369f283d2f95d0 1b2266daef1e4ffd88a10dd194df65dd - - default default] 10.0.0.119 "DELETE /v2.0/subnetpools/e7516b77-e64d-4de5-a950-4e37a4735815 HTTP/1.1" status: 204 len: 168 time: 0.0394824
2026-05-29 03:26:45.061 10 INFO neutron.db.ovn_revision_numbers_db [None req-4c9bc84d-58ae-4112-9881-5ba45b47dd08 f0e1f8efade7448081d82c29b61a8a12 3c024b1a467c440e864b9c22ef77155b - - default default] Successfully bumped revision number for resource c1ff8816-0cff-4a29-8566-afd371ea575a (type: security_groups) to 1
2026-05-29 03:26:45.074 10 INFO neutron.db.ovn_revision_numbers_db [None req-4c9bc84d-58ae-4112-9881-5ba45b47dd08 f0e1f8efade7448081d82c29b61a8a12 3c024b1a467c440e864b9c22ef77155b - - default default] Successfully bumped revision number for resource 2d7aa792-8863-4d1c-a955-af82619a255b (type: security_group_rules) to 0
2026-05-29 03:26:45.087 10 INFO neutron.db.ovn_revision_numbers_db [None req-4c9bc84d-58ae-4112-9881-5ba45b47dd08 f0e1f8efade7448081d82c29b61a8a12 3c024b1a467c440e864b9c22ef77155b - - default default] Successfully bumped revision number for resource 2f931eda-f3c0-41e0-a389-441b0e20eb6a (type: security_group_rules) to 0
2026-05-29 03:26:45.099 10 INFO neutron.db.ovn_revision_numbers_db [None req-4c9bc84d-58ae-4112-9881-5ba45b47dd08 f0e1f8efade7448081d82c29b61a8a12 3c024b1a467c440e864b9c22ef77155b - - default default] Successfully bumped revision number for resource 9e9ec61c-3a89-49d1-b386-6c13d3b153ec (type: security_group_rules) to 0
2026-05-29 03:26:45.111 10 INFO neutron.db.ovn_revision_numbers_db [None req-4c9bc84d-58ae-4112-9881-5ba45b47dd08 f0e1f8efade7448081d82c29b61a8a12 3c024b1a467c440e864b9c22ef77155b - - default default] Successfully bumped revision number for resource c038ecd7-a87a-4223-9fc8-447b17527e35 (type: security_group_rules) to 0
2026-05-29 03:26:45.146 10 INFO neutron.api.wsgi [None req-4c9bc84d-58ae-4112-9881-5ba45b47dd08 f0e1f8efade7448081d82c29b61a8a12 3c024b1a467c440e864b9c22ef77155b - - default default] 10.0.0.119 "GET /v2.0/security-groups?tenant_id=eee36f4859e14c2a827cb1748057641c&name=default HTTP/1.1" status: 200 len: 3124 time: 0.3661537
2026-05-29 03:26:45.382 10 INFO neutron.api.wsgi [None req-1c2b4093-e274-41e0-81e6-fa9f97eef59b f0e1f8efade7448081d82c29b61a8a12 3c024b1a467c440e864b9c22ef77155b - - default default] 10.0.0.119 "DELETE /v2.0/security-groups/c1ff8816-0cff-4a29-8566-afd371ea575a HTTP/1.1" status: 204 len: 168 time: 0.2307565
2026-05-29 03:26:45.428 10 WARNING neutron_lib.context [None req-91a1bc08-62ee-408a-8d4f-8f85eab0ac96 e127bd21fe754801b4ff4e5b2dd7bd86 d0b62fdff1464e6babf864441ac6086d - - default default] Method 'is_advsvc' is deprecated since 2023.2 release (neutron-lib 3.8.0) and will be removed once support for the old RBAC API policies will be removed from Neutron. Please use method 'is_service_role' instead.
2026-05-29 03:26:45.608 10 INFO neutron.db.ovn_revision_numbers_db [None req-91a1bc08-62ee-408a-8d4f-8f85eab0ac96 e127bd21fe754801b4ff4e5b2dd7bd86 d0b62fdff1464e6babf864441ac6086d - - default default] Successfully bumped revision number for resource 3f2293d3-541c-4a19-8a82-6f0ae0cca91e (type: security_groups) to 1
2026-05-29 03:26:45.624 10 INFO neutron.db.ovn_revision_numbers_db [None req-91a1bc08-62ee-408a-8d4f-8f85eab0ac96 e127bd21fe754801b4ff4e5b2dd7bd86 d0b62fdff1464e6babf864441ac6086d - - default default] Successfully bumped revision number for resource 3bf3ca5b-6951-4f96-bb07-a864c46e1b01 (type: security_group_rules) to 0
2026-05-29 03:26:45.630 10 INFO neutron.db.ovn_revision_numbers_db [None req-de06a686-f034-4d31-abec-bf14bb59f0dd f0e1f8efade7448081d82c29b61a8a12 3c024b1a467c440e864b9c22ef77155b - - default default] Successfully bumped revision number for resource 2e8ee51f-29c1-447b-a55c-9463b76ee576 (type: security_groups) to 1
2026-05-29 03:26:45.636 10 INFO neutron.db.ovn_revision_numbers_db [None req-91a1bc08-62ee-408a-8d4f-8f85eab0ac96 e127bd21fe754801b4ff4e5b2dd7bd86 d0b62fdff1464e6babf864441ac6086d - - default default] Successfully bumped revision number for resource 92c067c9-8716-4fc3-b657-de7da7b37e19 (type: security_group_rules) to 0
2026-05-29 03:26:45.643 10 INFO neutron.db.ovn_revision_numbers_db [None req-de06a686-f034-4d31-abec-bf14bb59f0dd f0e1f8efade7448081d82c29b61a8a12 3c024b1a467c440e864b9c22ef77155b - - default default] Successfully bumped revision number for resource 0939c73e-fb36-4e97-ab83-5de6f94a4627 (type: security_group_rules) to 0
2026-05-29 03:26:45.652 10 INFO neutron.db.ovn_revision_numbers_db [None req-91a1bc08-62ee-408a-8d4f-8f85eab0ac96 e127bd21fe754801b4ff4e5b2dd7bd86 d0b62fdff1464e6babf864441ac6086d - - default default] Successfully bumped revision number for resource 97604c0f-2c50-4385-b1bc-de0a44870940 (type: security_group_rules) to 0
2026-05-29 03:26:45.657 10 INFO neutron.db.ovn_revision_numbers_db [None req-de06a686-f034-4d31-abec-bf14bb59f0dd f0e1f8efade7448081d82c29b61a8a12 3c024b1a467c440e864b9c22ef77155b - - default default] Successfully bumped revision number for resource 5ae58de5-f771-4922-8dc6-9c39704dea3c (type: security_group_rules) to 0
2026-05-29 03:26:45.664 10 INFO neutron.db.ovn_revision_numbers_db [None req-91a1bc08-62ee-408a-8d4f-8f85eab0ac96 e127bd21fe754801b4ff4e5b2dd7bd86 d0b62fdff1464e6babf864441ac6086d - - default default] Successfully bumped revision number for resource d1e93e13-e86f-4679-a0e8-7b91a3b33eae (type: security_group_rules) to 0
2026-05-29 03:26:45.677 10 INFO neutron.db.ovn_revision_numbers_db [None req-de06a686-f034-4d31-abec-bf14bb59f0dd f0e1f8efade7448081d82c29b61a8a12 3c024b1a467c440e864b9c22ef77155b - - default default] Successfully bumped revision number for resource b6ed9675-7add-4b0a-9704-0a69de2c4f6c (type: security_group_rules) to 0
2026-05-29 03:26:45.693 10 INFO neutron.db.ovn_revision_numbers_db [None req-de06a686-f034-4d31-abec-bf14bb59f0dd f0e1f8efade7448081d82c29b61a8a12 3c024b1a467c440e864b9c22ef77155b - - default default] Successfully bumped revision number for resource c62c6f59-2e34-4a4d-b991-281f4b8c7125 (type: security_group_rules) to 0
2026-05-29 03:26:45.734 10 INFO neutron.api.wsgi [None req-de06a686-f034-4d31-abec-bf14bb59f0dd f0e1f8efade7448081d82c29b61a8a12 3c024b1a467c440e864b9c22ef77155b - - default default] 10.0.0.119 "GET /v2.0/security-groups?tenant_id=1b2266daef1e4ffd88a10dd194df65dd&name=default HTTP/1.1" status: 200 len: 3124 time: 0.2600937
2026-05-29 03:26:45.739 10 INFO neutron.db.segments_db [None req-91a1bc08-62ee-408a-8d4f-8f85eab0ac96 e127bd21fe754801b4ff4e5b2dd7bd86 d0b62fdff1464e6babf864441ac6086d - - default default] Added segment 6e1194bb-722f-4e5d-baf1-b7fa02fef040 of type geneve for network 59f4ead2-fcba-4bf6-89c0-f7932d42e766
2026-05-29 03:26:45.850 10 INFO neutron.db.ovn_revision_numbers_db [None req-91a1bc08-62ee-408a-8d4f-8f85eab0ac96 e127bd21fe754801b4ff4e5b2dd7bd86 d0b62fdff1464e6babf864441ac6086d - - default default] Successfully bumped revision number for resource 59f4ead2-fcba-4bf6-89c0-f7932d42e766 (type: networks) to 1
2026-05-29 03:26:45.956 9 INFO neutron.api.wsgi [None req-d814566e-3f9f-47b7-aece-62dfc5686c92 f0e1f8efade7448081d82c29b61a8a12 3c024b1a467c440e864b9c22ef77155b - - default default] 10.0.0.119 "DELETE /v2.0/security-groups/2e8ee51f-29c1-447b-a55c-9463b76ee576 HTTP/1.1" status: 204 len: 168 time: 0.2161119
2026-05-29 03:26:46.015 10 WARNING neutron.scheduler.dhcp_agent_scheduler [None req-91a1bc08-62ee-408a-8d4f-8f85eab0ac96 e127bd21fe754801b4ff4e5b2dd7bd86 d0b62fdff1464e6babf864441ac6086d - - default default] No more DHCP agents
2026-05-29 03:26:46.017 10 WARNING neutron.api.rpc.agentnotifiers.dhcp_rpc_agent_api [None req-91a1bc08-62ee-408a-8d4f-8f85eab0ac96 e127bd21fe754801b4ff4e5b2dd7bd86 d0b62fdff1464e6babf864441ac6086d - - default default] Unable to schedule network 59f4ead2-fcba-4bf6-89c0-f7932d42e766: no agents available; will retry on subsequent port and subnet creation events.
2026-05-29 03:26:46.078 10 INFO neutron.db.ovn_revision_numbers_db [None req-91a1bc08-62ee-408a-8d4f-8f85eab0ac96 e127bd21fe754801b4ff4e5b2dd7bd86 d0b62fdff1464e6babf864441ac6086d - - default default] Successfully bumped revision number for resource 68bd13a6-5062-4c19-9af3-0d9d1ec83e68 (type: ports) to 1
2026-05-29 03:26:46.109 10 INFO neutron.api.wsgi [None req-91a1bc08-62ee-408a-8d4f-8f85eab0ac96 e127bd21fe754801b4ff4e5b2dd7bd86 d0b62fdff1464e6babf864441ac6086d - - default default] 10.0.0.119 "POST /v2.0/networks HTTP/1.1" status: 201 len: 831 time: 0.7174063
2026-05-29 03:26:46.122 10 WARNING neutron_lib.context [None req-beeeb250-f4d8-46a1-8381-1d9b21d440ef e127bd21fe754801b4ff4e5b2dd7bd86 d0b62fdff1464e6babf864441ac6086d - - default default] Method 'is_advsvc' is deprecated since 2023.2 release (neutron-lib 3.8.0) and will be removed once support for the old RBAC API policies will be removed from Neutron. Please use method 'is_service_role' instead.
2026-05-29 03:26:46.193 9 INFO neutron.db.ovn_revision_numbers_db [None req-7d85cb39-5e8f-4b8e-8902-ff6005b10308 f0e1f8efade7448081d82c29b61a8a12 3c024b1a467c440e864b9c22ef77155b - - default default] Successfully bumped revision number for resource 16d2210d-671f-44c8-9348-84b52db560b7 (type: security_groups) to 1
2026-05-29 03:26:46.207 9 INFO neutron.db.ovn_revision_numbers_db [None req-7d85cb39-5e8f-4b8e-8902-ff6005b10308 f0e1f8efade7448081d82c29b61a8a12 3c024b1a467c440e864b9c22ef77155b - - default default] Successfully bumped revision number for resource 0a0cacf6-4bed-47c2-8f5c-af8fb4a239a8 (type: security_group_rules) to 0
2026-05-29 03:26:46.219 9 INFO neutron.db.ovn_revision_numbers_db [None req-7d85cb39-5e8f-4b8e-8902-ff6005b10308 f0e1f8efade7448081d82c29b61a8a12 3c024b1a467c440e864b9c22ef77155b - - default default] Successfully bumped revision number for resource 26ce7587-4a53-4f0d-8876-c55cb3ad213a (type: security_group_rules) to 0
2026-05-29 03:26:46.231 9 INFO neutron.db.ovn_revision_numbers_db [None req-7d85cb39-5e8f-4b8e-8902-ff6005b10308 f0e1f8efade7448081d82c29b61a8a12 3c024b1a467c440e864b9c22ef77155b - - default default] Successfully bumped revision number for resource 86957705-6a22-4652-a389-8e6cf73387be (type: security_group_rules) to 0
2026-05-29 03:26:46.243 9 INFO neutron.db.ovn_revision_numbers_db [None req-7d85cb39-5e8f-4b8e-8902-ff6005b10308 f0e1f8efade7448081d82c29b61a8a12 3c024b1a467c440e864b9c22ef77155b - - default default] Successfully bumped revision number for resource d215ab97-6fb2-4631-872c-5ad147080905 (type: security_group_rules) to 0
2026-05-29 03:26:46.277 9 INFO neutron.api.wsgi [None req-7d85cb39-5e8f-4b8e-8902-ff6005b10308 f0e1f8efade7448081d82c29b61a8a12 3c024b1a467c440e864b9c22ef77155b - - default default] 10.0.0.119 "GET /v2.0/security-groups?tenant_id=0f49c02aa1e7405abfd44d054ace694a&name=default HTTP/1.1" status: 200 len: 3124 time: 0.1854775
2026-05-29 03:26:46.388 10 WARNING neutron.scheduler.dhcp_agent_scheduler [None req-beeeb250-f4d8-46a1-8381-1d9b21d440ef e127bd21fe754801b4ff4e5b2dd7bd86 d0b62fdff1464e6babf864441ac6086d - - default default] No more DHCP agents
2026-05-29 03:26:46.390 10 WARNING neutron.api.rpc.agentnotifiers.dhcp_rpc_agent_api [None req-beeeb250-f4d8-46a1-8381-1d9b21d440ef e127bd21fe754801b4ff4e5b2dd7bd86 d0b62fdff1464e6babf864441ac6086d - - default default] Unable to schedule network 59f4ead2-fcba-4bf6-89c0-f7932d42e766: no agents available; will retry on subsequent port and subnet creation events.
2026-05-29 03:26:46.448 9 INFO neutron.api.wsgi [None req-7e19f9d5-bb65-48bd-b0c5-390bad4254e9 f0e1f8efade7448081d82c29b61a8a12 3c024b1a467c440e864b9c22ef77155b - - default default] 10.0.0.119 "DELETE /v2.0/security-groups/16d2210d-671f-44c8-9348-84b52db560b7 HTTP/1.1" status: 204 len: 168 time: 0.1659639
2026-05-29 03:26:46.459 10 INFO neutron.db.ovn_revision_numbers_db [None req-beeeb250-f4d8-46a1-8381-1d9b21d440ef e127bd21fe754801b4ff4e5b2dd7bd86 d0b62fdff1464e6babf864441ac6086d - - default default] Successfully bumped revision number for resource a35a8626-afe2-43a4-852c-1d9cec5fa711 (type: ports) to 1
2026-05-29 03:26:46.482 10 INFO neutron.api.wsgi [None req-beeeb250-f4d8-46a1-8381-1d9b21d440ef e127bd21fe754801b4ff4e5b2dd7bd86 d0b62fdff1464e6babf864441ac6086d - - default default] 10.0.0.119 "POST /v2.0/ports HTTP/1.1" status: 201 len: 942 time: 0.3648617
2026-05-29 03:26:46.491 9 WARNING neutron_lib.context [None req-68597331-2784-47cb-b941-26705972477d e127bd21fe754801b4ff4e5b2dd7bd86 d0b62fdff1464e6babf864441ac6086d - - default default] Method 'is_advsvc' is deprecated since 2023.2 release (neutron-lib 3.8.0) and will be removed once support for the old RBAC API policies will be removed from Neutron. Please use method 'is_service_role' instead.
2026-05-29 03:26:46.714 9 INFO neutron.api.wsgi [None req-68597331-2784-47cb-b941-26705972477d e127bd21fe754801b4ff4e5b2dd7bd86 d0b62fdff1464e6babf864441ac6086d - - default default] 10.0.0.119 "POST /v2.0/trunks HTTP/1.1" status: 201 len: 608 time: 0.2265050
2026-05-29 03:26:46.723 9 WARNING neutron_lib.context [None req-59739dcb-774f-4036-a2db-db57ae5113f8 e127bd21fe754801b4ff4e5b2dd7bd86 d0b62fdff1464e6babf864441ac6086d - - default default] Method 'is_advsvc' is deprecated since 2023.2 release (neutron-lib 3.8.0) and will be removed once support for the old RBAC API policies will be removed from Neutron. Please use method 'is_service_role' instead.
2026-05-29 03:26:46.798 9 INFO neutron.db.segments_db [None req-59739dcb-774f-4036-a2db-db57ae5113f8 e127bd21fe754801b4ff4e5b2dd7bd86 d0b62fdff1464e6babf864441ac6086d - - default default] Added segment f2524158-4c86-49f6-8e66-e2e207a8797b of type geneve for network 9ff7eea9-becb-4caf-83ea-8fe0d86fc026
2026-05-29 03:26:46.902 9 INFO neutron.db.ovn_revision_numbers_db [None req-59739dcb-774f-4036-a2db-db57ae5113f8 e127bd21fe754801b4ff4e5b2dd7bd86 d0b62fdff1464e6babf864441ac6086d - - default default] Successfully bumped revision number for resource 9ff7eea9-becb-4caf-83ea-8fe0d86fc026 (type: networks) to 1
2026-05-29 03:26:47.054 9 WARNING neutron.scheduler.dhcp_agent_scheduler [None req-59739dcb-774f-4036-a2db-db57ae5113f8 e127bd21fe754801b4ff4e5b2dd7bd86 d0b62fdff1464e6babf864441ac6086d - - default default] No more DHCP agents
2026-05-29 03:26:47.055 9 WARNING neutron.api.rpc.agentnotifiers.dhcp_rpc_agent_api [None req-59739dcb-774f-4036-a2db-db57ae5113f8 e127bd21fe754801b4ff4e5b2dd7bd86 d0b62fdff1464e6babf864441ac6086d - - default default] Unable to schedule network 9ff7eea9-becb-4caf-83ea-8fe0d86fc026: no agents available; will retry on subsequent port and subnet creation events.
2026-05-29 03:26:47.122 9 INFO neutron.db.ovn_revision_numbers_db [None req-59739dcb-774f-4036-a2db-db57ae5113f8 e127bd21fe754801b4ff4e5b2dd7bd86 d0b62fdff1464e6babf864441ac6086d - - default default] Successfully bumped revision number for resource 6daaae9f-3b6a-46f3-8c2a-c67e3c878ec7 (type: ports) to 1
2026-05-29 03:26:47.144 9 INFO neutron.api.wsgi [None req-59739dcb-774f-4036-a2db-db57ae5113f8 e127bd21fe754801b4ff4e5b2dd7bd86 d0b62fdff1464e6babf864441ac6086d - - default default] 10.0.0.119 "POST /v2.0/networks HTTP/1.1" status: 201 len: 831 time: 0.4257228
2026-05-29 03:26:47.155 9 WARNING neutron_lib.context [None req-1106e154-0803-40b4-b609-3dae92dd2870 e127bd21fe754801b4ff4e5b2dd7bd86 d0b62fdff1464e6babf864441ac6086d - - default default] Method 'is_advsvc' is deprecated since 2023.2 release (neutron-lib 3.8.0) and will be removed once support for the old RBAC API policies will be removed from Neutron. Please use method 'is_service_role' instead.
2026-05-29 03:26:47.369 9 WARNING neutron.scheduler.dhcp_agent_scheduler [None req-1106e154-0803-40b4-b609-3dae92dd2870 e127bd21fe754801b4ff4e5b2dd7bd86 d0b62fdff1464e6babf864441ac6086d - - default default] No more DHCP agents
2026-05-29 03:26:47.370 9 WARNING neutron.api.rpc.agentnotifiers.dhcp_rpc_agent_api [None req-1106e154-0803-40b4-b609-3dae92dd2870 e127bd21fe754801b4ff4e5b2dd7bd86 d0b62fdff1464e6babf864441ac6086d - - default default] Unable to schedule network 9ff7eea9-becb-4caf-83ea-8fe0d86fc026: no agents available; will retry on subsequent port and subnet creation events.
2026-05-29 03:26:47.438 9 INFO neutron.db.ovn_revision_numbers_db [None req-1106e154-0803-40b4-b609-3dae92dd2870 e127bd21fe754801b4ff4e5b2dd7bd86 d0b62fdff1464e6babf864441ac6086d - - default default] Successfully bumped revision number for resource e6ca86f3-58d3-4301-a325-c17da39f19d7 (type: ports) to 1
2026-05-29 03:26:47.460 9 INFO neutron.api.wsgi [None req-1106e154-0803-40b4-b609-3dae92dd2870 e127bd21fe754801b4ff4e5b2dd7bd86 d0b62fdff1464e6babf864441ac6086d - - default default] 10.0.0.119 "POST /v2.0/ports HTTP/1.1" status: 201 len: 942 time: 0.3093894 /var/lib/openstack/lib/python3.12/site-packages/pycadf/identifier.py:71: UserWarning: Invalid uuid: neutron. To ensure interoperability, identifiers should be a valid uuid. warnings.warn(('Invalid uuid: %s. To ensure interoperability, '
