2026-05-10 02:03:08.941 8 INFO neutron.db.ovn_revision_numbers_db [None req-72727708-0b82-476c-9bdf-abc822f8f246 cba118bb758e4575b03f1b6abd6c76e4 e8a11b43d241431785bcb82c74a8169b - - default default] Successfully bumped revision number for resource f7225e9c-03cd-4fac-ae91-b0b969d47894 (type: security_group_rules) to 0 [pid: 8|app: 0|req: 688/1473] 10.0.0.229 () {32 vars in 774 bytes} [Sun May 10 02:03:08 2026] GET /v2.0/security-groups?tenant_id=04316ef36c684f16b30c46c31d277a00&name=default => generated 2925 bytes in 310 msecs (HTTP/1.1 200) 4 headers in 158 bytes (1 switches on core 0) [pid: 7|app: 0|req: 786/1474] 10.0.0.229 () {32 vars in 740 bytes} [Sun May 10 02:03:08 2026] DELETE /v2.0/security-groups/3bb015fd-1b07-49e1-b7b9-a1502eee95ab => generated 0 bytes in 314 msecs (HTTP/1.1 204) 2 headers in 112 bytes (1 switches on core 0)
2026-05-10 02:03:09.392 8 INFO neutron.plugins.ml2.drivers.ovn.mech_driver.mech_driver [None req-5aca0b1d-8020-4d20-bd75-5573db256d16 - - - - - -] OVN reports status down for port: a291ca49-e6a6-4cfc-837b-9971381270da [pid: 8|app: 0|req: 689/1475] 10.0.0.19 () {30 vars in 649 bytes} [Sun May 10 02:03:09 2026] GET /v2.0/extensions => generated 20118 bytes in 282 msecs (HTTP/1.1 200) 4 headers in 159 bytes (1 switches on core 0)
2026-05-10 02:03:09.575 8 INFO neutron.notifiers.nova [-] Nova event matching ['req-9765d8fa-f3c5-438b-9e2b-0a559ef111ab'] response: {'server_uuid': '33cf87e4-2935-4b75-ae3d-3ccd34f62dea', 'name': 'network-vif-unplugged', 'status': 'completed', 'tag': 'a291ca49-e6a6-4cfc-837b-9971381270da', 'code': 200} [pid: 8|app: 0|req: 690/1476] 10.0.0.96 () {34 vars in 989 bytes} [Sun May 10 02:03:09 2026] GET /v2.0/ports?device_id=33cf87e4-2935-4b75-ae3d-3ccd34f62dea => generated 969 bytes in 74 msecs (HTTP/1.1 200) 4 headers in 157 bytes (1 switches on core 0) [pid: 7|app: 0|req: 787/1477] 10.0.0.19 () {30 vars in 723 bytes} [Sun May 10 02:03:09 2026] GET /v2.0/quotas/05a12f3168214967bd38ea9b6a59ec0b/details => generated 847 bytes in 130 msecs (HTTP/1.1 200) 4 headers in 157 bytes (1 switches on core 0) [pid: 8|app: 0|req: 691/1478] 10.0.0.96 () {34 vars in 1039 bytes} [Sun May 10 02:03:09 2026] GET /v2.0/security-groups?id=80092e68-81bf-4cbd-a96f-fc725e7df09a&fields=id&fields=name => generated 113 bytes in 57 msecs (HTTP/1.1 200) 4 headers in 157 bytes (1 switches on core 0)
2026-05-10 02:03:09.755 8 INFO neutron.db.ovn_revision_numbers_db [None req-5aca0b1d-8020-4d20-bd75-5573db256d16 - - - - - -] Successfully bumped revision number for resource a291ca49-e6a6-4cfc-837b-9971381270da (type: ports) to 8 [pid: 7|app: 0|req: 788/1479] 199.204.45.44 () {34 vars in 993 bytes} [Sun May 10 02:03:10 2026] GET /v2.0/ports?device_id=33cf87e4-2935-4b75-ae3d-3ccd34f62dea => generated 969 bytes in 42 msecs (HTTP/1.1 200) 4 headers in 157 bytes (1 switches on core 0) /var/lib/openstack/lib/python3.12/site-packages/pycadf/identifier.py:70: UserWarning: Invalid uuid: neutron. To ensure interoperability, identifiers should be a valid uuid. warnings.warn(('Invalid uuid: %s. To ensure interoperability, '
2026-05-10 02:03:10.781 8 INFO neutron_taas.services.taas.taas_plugin [req-c9cb5d52-f041-48ed-a8f0-539ca777d9c7 req-6f05c02a-b4ac-4642-86fa-474ce56b20ed 4e6a0ad055ff40b988ea8dcfefd963c8 45b63afd8699422487750ae8e525752e - - default default] TaaS: Handle Delete Port: a291ca49-e6a6-4cfc-837b-9971381270da
2026-05-10 02:03:10.784 8 INFO neutron_taas.services.taas.tap_mirror_plugin [req-c9cb5d52-f041-48ed-a8f0-539ca777d9c7 req-6f05c02a-b4ac-4642-86fa-474ce56b20ed 4e6a0ad055ff40b988ea8dcfefd963c8 45b63afd8699422487750ae8e525752e - - default default] Tap Mirror: Handle Delete Port: a291ca49-e6a6-4cfc-837b-9971381270da [pid: 7|app: 0|req: 789/1480] 10.0.0.96 () {34 vars in 989 bytes} [Sun May 10 02:03:10 2026] GET /v2.0/ports?device_id=33cf87e4-2935-4b75-ae3d-3ccd34f62dea => generated 969 bytes in 57 msecs (HTTP/1.1 200) 4 headers in 157 bytes (1 switches on core 0) [pid: 7|app: 0|req: 790/1481] 10.0.0.96 () {34 vars in 1039 bytes} [Sun May 10 02:03:10 2026] GET /v2.0/security-groups?id=80092e68-81bf-4cbd-a96f-fc725e7df09a&fields=id&fields=name => generated 113 bytes in 31 msecs (HTTP/1.1 200) 4 headers in 157 bytes (1 switches on core 0)
2026-05-10 02:03:10.991 8 INFO neutron.db.l3_db [req-c9cb5d52-f041-48ed-a8f0-539ca777d9c7 req-6f05c02a-b4ac-4642-86fa-474ce56b20ed 4e6a0ad055ff40b988ea8dcfefd963c8 45b63afd8699422487750ae8e525752e - - default default] Floating IP 70364545-325d-4214-9880-e8ef81892dda disassociated. External IP: 10.96.250.214, port: a291ca49-e6a6-4cfc-837b-9971381270da. [pid: 8|app: 0|req: 692/1482] 199.204.45.44 () {36 vars in 996 bytes} [Sun May 10 02:03:10 2026] DELETE /v2.0/ports/a291ca49-e6a6-4cfc-837b-9971381270da => generated 0 bytes in 552 msecs (HTTP/1.1 204) 3 headers in 131 bytes (1 switches on core 0)
2026-05-10 02:03:11.619 8 INFO neutron.notifiers.nova [-] Nova event matching ['req-7357891e-9b7c-49b9-bbcb-9d93c163f313'] response: {'server_uuid': '33cf87e4-2935-4b75-ae3d-3ccd34f62dea', 'name': 'network-vif-unplugged', 'status': 'completed', 'tag': 'a291ca49-e6a6-4cfc-837b-9971381270da', 'code': 200}
2026-05-10 02:03:11.620 8 INFO neutron.notifiers.nova [-] Nova event matching ['req-7357891e-9b7c-49b9-bbcb-9d93c163f313'] response: {'server_uuid': '33cf87e4-2935-4b75-ae3d-3ccd34f62dea', 'name': 'network-vif-deleted', 'tag': 'a291ca49-e6a6-4cfc-837b-9971381270da', 'status': 'completed', 'code': 200} [pid: 7|app: 0|req: 791/1483] 10.0.0.96 () {34 vars in 989 bytes} [Sun May 10 02:03:11 2026] GET /v2.0/ports?device_id=33cf87e4-2935-4b75-ae3d-3ccd34f62dea => generated 12 bytes in 17 msecs (HTTP/1.1 200) 4 headers in 156 bytes (1 switches on core 0) /var/lib/openstack/lib/python3.12/site-packages/pycadf/identifier.py:70: UserWarning: Invalid uuid: neutron. To ensure interoperability, identifiers should be a valid uuid. warnings.warn(('Invalid uuid: %s. To ensure interoperability, ' [pid: 8|app: 0|req: 693/1484] 10.0.0.19 () {30 vars in 649 bytes} [Sun May 10 02:03:12 2026] GET /v2.0/extensions => generated 20118 bytes in 10 msecs (HTTP/1.1 200) 4 headers in 159 bytes (1 switches on core 0) [pid: 7|app: 0|req: 792/1485] 10.0.0.19 () {30 vars in 723 bytes} [Sun May 10 02:03:12 2026] GET /v2.0/quotas/05a12f3168214967bd38ea9b6a59ec0b/details => generated 847 bytes in 91 msecs (HTTP/1.1 200) 4 headers in 157 bytes (1 switches on core 0) [pid: 8|app: 0|req: 694/1486] 10.0.0.96 () {34 vars in 989 bytes} [Sun May 10 02:03:13 2026] GET /v2.0/ports?device_id=33cf87e4-2935-4b75-ae3d-3ccd34f62dea => generated 12 bytes in 24 msecs (HTTP/1.1 200) 4 headers in 156 bytes (1 switches on core 0) [pid: 8|app: 0|req: 695/1487] 10.0.0.96 () {34 vars in 989 bytes} [Sun May 10 02:03:14 2026] GET /v2.0/ports?device_id=33cf87e4-2935-4b75-ae3d-3ccd34f62dea => generated 12 bytes in 18 msecs (HTTP/1.1 200) 4 headers in 156 bytes (1 switches on core 0)
2026-05-10 02:03:14.169 7 INFO neutron.db.ovn_revision_numbers_db [None req-7bc78e22-1760-4d5a-ba34-c650a43e73b7 cba118bb758e4575b03f1b6abd6c76e4 e8a11b43d241431785bcb82c74a8169b - - default default] Successfully bumped revision number for resource 78d01f03-c03d-42f1-80cf-c00de9b3db4d (type: security_groups) to 1
2026-05-10 02:03:14.181 7 INFO neutron.db.ovn_revision_numbers_db [None req-7bc78e22-1760-4d5a-ba34-c650a43e73b7 cba118bb758e4575b03f1b6abd6c76e4 e8a11b43d241431785bcb82c74a8169b - - default default] Successfully bumped revision number for resource 5b6be4af-3e2c-4fcd-85e9-e30a47dfd19a (type: security_group_rules) to 0
2026-05-10 02:03:14.191 7 INFO neutron.db.ovn_revision_numbers_db [None req-7bc78e22-1760-4d5a-ba34-c650a43e73b7 cba118bb758e4575b03f1b6abd6c76e4 e8a11b43d241431785bcb82c74a8169b - - default default] Successfully bumped revision number for resource a3746a9d-2486-4b29-8da9-654db9c83109 (type: security_group_rules) to 0
2026-05-10 02:03:14.203 7 INFO neutron.db.ovn_revision_numbers_db [None req-7bc78e22-1760-4d5a-ba34-c650a43e73b7 cba118bb758e4575b03f1b6abd6c76e4 e8a11b43d241431785bcb82c74a8169b - - default default] Successfully bumped revision number for resource d8e538dd-924b-49f4-a4bc-3b4b375445fe (type: security_group_rules) to 0
2026-05-10 02:03:14.214 7 INFO neutron.db.ovn_revision_numbers_db [None req-7bc78e22-1760-4d5a-ba34-c650a43e73b7 cba118bb758e4575b03f1b6abd6c76e4 e8a11b43d241431785bcb82c74a8169b - - default default] Successfully bumped revision number for resource ff35a574-f279-4327-870f-d91cb066b0fe (type: security_group_rules) to 0 [pid: 7|app: 0|req: 793/1488] 10.0.0.229 () {32 vars in 774 bytes} [Sun May 10 02:03:13 2026] GET /v2.0/security-groups?tenant_id=5522684588024ec5a317c1813df6153a&name=default => generated 2925 bytes in 488 msecs (HTTP/1.1 200) 4 headers in 158 bytes (1 switches on core 0) [pid: 8|app: 0|req: 696/1489] 10.0.0.229 () {32 vars in 740 bytes} [Sun May 10 02:03:14 2026] DELETE /v2.0/security-groups/78d01f03-c03d-42f1-80cf-c00de9b3db4d => generated 0 bytes in 321 msecs (HTTP/1.1 204) 2 headers in 112 bytes (1 switches on core 0)
2026-05-10 02:03:14.684 7 INFO neutron.db.ovn_revision_numbers_db [None req-68ce9606-f65e-4193-bad1-deda178bd640 cba118bb758e4575b03f1b6abd6c76e4 e8a11b43d241431785bcb82c74a8169b - - default default] Successfully bumped revision number for resource 782f3c22-be0c-4570-80e1-bde1203f1d78 (type: security_groups) to 1
2026-05-10 02:03:14.696 7 INFO neutron.db.ovn_revision_numbers_db [None req-68ce9606-f65e-4193-bad1-deda178bd640 cba118bb758e4575b03f1b6abd6c76e4 e8a11b43d241431785bcb82c74a8169b - - default default] Successfully bumped revision number for resource 3b45f96f-b595-440f-a840-dad376ca5377 (type: security_group_rules) to 0
2026-05-10 02:03:14.709 7 INFO neutron.db.ovn_revision_numbers_db [None req-68ce9606-f65e-4193-bad1-deda178bd640 cba118bb758e4575b03f1b6abd6c76e4 e8a11b43d241431785bcb82c74a8169b - - default default] Successfully bumped revision number for resource 4ef4d137-6c15-460c-b8ec-542a84f0a4ef (type: security_group_rules) to 0
2026-05-10 02:03:14.743 7 INFO neutron.db.ovn_revision_numbers_db [None req-68ce9606-f65e-4193-bad1-deda178bd640 cba118bb758e4575b03f1b6abd6c76e4 e8a11b43d241431785bcb82c74a8169b - - default default] Successfully bumped revision number for resource dc4cad43-cffc-47d6-9418-861119e34382 (type: security_group_rules) to 0
2026-05-10 02:03:14.755 7 INFO neutron.db.ovn_revision_numbers_db [None req-68ce9606-f65e-4193-bad1-deda178bd640 cba118bb758e4575b03f1b6abd6c76e4 e8a11b43d241431785bcb82c74a8169b - - default default] Successfully bumped revision number for resource f5ad0690-dffe-4c69-bd01-dd205d820bd8 (type: security_group_rules) to 0 [pid: 7|app: 0|req: 794/1490] 10.0.0.229 () {32 vars in 774 bytes} [Sun May 10 02:03:14 2026] GET /v2.0/security-groups?tenant_id=05a12f3168214967bd38ea9b6a59ec0b&name=default => generated 2925 bytes in 418 msecs (HTTP/1.1 200) 4 headers in 158 bytes (1 switches on core 0)
2026-05-10 02:03:14.871 8 INFO neutron.db.ovn_revision_numbers_db [None req-3f863def-62f0-4491-a8fb-e32a391c6477 cba118bb758e4575b03f1b6abd6c76e4 e8a11b43d241431785bcb82c74a8169b - - default default] Successfully bumped revision number for resource caaef344-beae-4f06-9b09-5be15bc5711b (type: security_groups) to 1
2026-05-10 02:03:14.883 8 INFO neutron.db.ovn_revision_numbers_db [None req-3f863def-62f0-4491-a8fb-e32a391c6477 cba118bb758e4575b03f1b6abd6c76e4 e8a11b43d241431785bcb82c74a8169b - - default default] Successfully bumped revision number for resource 13b7bca5-b548-4f71-8ebf-beadd25c0b11 (type: security_group_rules) to 0
2026-05-10 02:03:14.894 8 INFO neutron.db.ovn_revision_numbers_db [None req-3f863def-62f0-4491-a8fb-e32a391c6477 cba118bb758e4575b03f1b6abd6c76e4 e8a11b43d241431785bcb82c74a8169b - - default default] Successfully bumped revision number for resource b7a4534c-6496-432f-916d-09f2482bfb39 (type: security_group_rules) to 0
2026-05-10 02:03:14.905 8 INFO neutron.db.ovn_revision_numbers_db [None req-3f863def-62f0-4491-a8fb-e32a391c6477 cba118bb758e4575b03f1b6abd6c76e4 e8a11b43d241431785bcb82c74a8169b - - default default] Successfully bumped revision number for resource c16835a0-53fc-4004-890a-5ec63cbd591e (type: security_group_rules) to 0
2026-05-10 02:03:14.917 8 INFO neutron.db.ovn_revision_numbers_db [None req-3f863def-62f0-4491-a8fb-e32a391c6477 cba118bb758e4575b03f1b6abd6c76e4 e8a11b43d241431785bcb82c74a8169b - - default default] Successfully bumped revision number for resource ef261cad-d27d-408d-a04c-b6233fd5e46a (type: security_group_rules) to 0 [pid: 8|app: 0|req: 697/1491] 10.0.0.229 () {32 vars in 774 bytes} [Sun May 10 02:03:14 2026] GET /v2.0/security-groups?tenant_id=e0f9b88b96a7437e970f115258c98ec8&name=default => generated 2925 bytes in 278 msecs (HTTP/1.1 200) 4 headers in 158 bytes (1 switches on core 0) [pid: 7|app: 0|req: 795/1492] 10.0.0.229 () {32 vars in 740 bytes} [Sun May 10 02:03:14 2026] DELETE /v2.0/security-groups/782f3c22-be0c-4570-80e1-bde1203f1d78 => generated 0 bytes in 305 msecs (HTTP/1.1 204) 2 headers in 112 bytes (1 switches on core 0) [pid: 8|app: 0|req: 698/1493] 10.0.0.229 () {32 vars in 740 bytes} [Sun May 10 02:03:14 2026] DELETE /v2.0/security-groups/caaef344-beae-4f06-9b09-5be15bc5711b => generated 0 bytes in 337 msecs (HTTP/1.1 204) 2 headers in 112 bytes (1 switches on core 0) [pid: 7|app: 0|req: 796/1494] 10.0.0.229 () {32 vars in 740 bytes} [Sun May 10 02:03:15 2026] DELETE /v2.0/security-groups/80092e68-81bf-4cbd-a96f-fc725e7df09a => generated 0 bytes in 219 msecs (HTTP/1.1 204) 2 headers in 112 bytes (1 switches on core 0)
2026-05-10 02:03:15.445 8 INFO neutron.api.v2.resource [None req-852170fd-03f6-4294-aacc-6323ef6bcf33 4e6a0ad055ff40b988ea8dcfefd963c8 45b63afd8699422487750ae8e525752e - - default default] show failed (client error): The resource could not be found. [pid: 8|app: 0|req: 699/1495] 10.0.0.229 () {32 vars in 737 bytes} [Sun May 10 02:03:15 2026] GET /v2.0/security-groups/80092e68-81bf-4cbd-a96f-fc725e7df09a => generated 146 bytes in 14 msecs (HTTP/1.1 404) 4 headers in 164 bytes (1 switches on core 0)
2026-05-10 02:03:16.165 7 INFO neutron_taas.services.taas.taas_plugin [None req-17239c31-d27b-4c32-8738-b742a582dd0e 4e6a0ad055ff40b988ea8dcfefd963c8 45b63afd8699422487750ae8e525752e - - default default] TaaS: Handle Delete Port: 6b679d7e-dda7-4f37-b1bf-a322804984bc
2026-05-10 02:03:16.168 7 INFO neutron_taas.services.taas.tap_mirror_plugin [None req-17239c31-d27b-4c32-8738-b742a582dd0e 4e6a0ad055ff40b988ea8dcfefd963c8 45b63afd8699422487750ae8e525752e - - default default] Tap Mirror: Handle Delete Port: 6b679d7e-dda7-4f37-b1bf-a322804984bc [pid: 7|app: 0|req: 797/1496] 10.0.0.229 () {32 vars in 732 bytes} [Sun May 10 02:03:15 2026] DELETE /v2.0/floatingips/70364545-325d-4214-9880-e8ef81892dda => generated 0 bytes in 872 msecs (HTTP/1.1 204) 2 headers in 112 bytes (1 switches on core 0)
2026-05-10 02:03:16.659 7 INFO neutron_taas.services.taas.taas_plugin [None req-1aa44f6f-9320-4f9d-ad5c-3510ad29e4d0 cba118bb758e4575b03f1b6abd6c76e4 e8a11b43d241431785bcb82c74a8169b - - default default] TaaS: Handle Delete Port: 8d0e3e05-b04b-4b84-9559-04f9e9fa5874
2026-05-10 02:03:16.662 7 INFO neutron_taas.services.taas.tap_mirror_plugin [None req-1aa44f6f-9320-4f9d-ad5c-3510ad29e4d0 cba118bb758e4575b03f1b6abd6c76e4 e8a11b43d241431785bcb82c74a8169b - - default default] Tap Mirror: Handle Delete Port: 8d0e3e05-b04b-4b84-9559-04f9e9fa5874
2026-05-10 02:03:16.666 8 INFO neutron.db.ovn_revision_numbers_db [None req-c225aaed-0341-4e66-9c3f-04474971ee66 cba118bb758e4575b03f1b6abd6c76e4 e8a11b43d241431785bcb82c74a8169b - - default default] Successfully bumped revision number for resource cddd8615-5adf-4b7c-bf69-6c3bb3ebc708 (type: security_groups) to 1
2026-05-10 02:03:16.677 8 INFO neutron.db.ovn_revision_numbers_db [None req-c225aaed-0341-4e66-9c3f-04474971ee66 cba118bb758e4575b03f1b6abd6c76e4 e8a11b43d241431785bcb82c74a8169b - - default default] Successfully bumped revision number for resource 2be9fe84-28d6-49f2-8119-b8204af3ceda (type: security_group_rules) to 0
2026-05-10 02:03:16.689 8 INFO neutron.db.ovn_revision_numbers_db [None req-c225aaed-0341-4e66-9c3f-04474971ee66 cba118bb758e4575b03f1b6abd6c76e4 e8a11b43d241431785bcb82c74a8169b - - default default] Successfully bumped revision number for resource 9fc699af-8c55-42e5-af8e-efc3d68ce2cb (type: security_group_rules) to 0
2026-05-10 02:03:16.700 8 INFO neutron.db.ovn_revision_numbers_db [None req-c225aaed-0341-4e66-9c3f-04474971ee66 cba118bb758e4575b03f1b6abd6c76e4 e8a11b43d241431785bcb82c74a8169b - - default default] Successfully bumped revision number for resource a1eb7091-e00e-45e2-9c45-f4928997c47b (type: security_group_rules) to 0
2026-05-10 02:03:16.712 8 INFO neutron.db.ovn_revision_numbers_db [None req-c225aaed-0341-4e66-9c3f-04474971ee66 cba118bb758e4575b03f1b6abd6c76e4 e8a11b43d241431785bcb82c74a8169b - - default default] Successfully bumped revision number for resource faab846d-1cf1-4b2a-86b7-199b838945af (type: security_group_rules) to 0 [pid: 8|app: 0|req: 700/1497] 10.0.0.229 () {32 vars in 774 bytes} [Sun May 10 02:03:16 2026] GET /v2.0/security-groups?tenant_id=c22cf8d56e9941c3a97bf471cd11cc0f&name=default => generated 2925 bytes in 485 msecs (HTTP/1.1 200) 4 headers in 158 bytes (1 switches on core 0) [pid: 8|app: 0|req: 701/1498] 10.0.0.229 () {32 vars in 740 bytes} [Sun May 10 02:03:16 2026] DELETE /v2.0/security-groups/cddd8615-5adf-4b7c-bf69-6c3bb3ebc708 => generated 0 bytes in 326 msecs (HTTP/1.1 204) 2 headers in 112 bytes (1 switches on core 0)
2026-05-10 02:03:17.313 8 INFO neutron.db.ovn_revision_numbers_db [None req-3c29dc7a-398f-42cd-b411-1a2a74ba74cc cba118bb758e4575b03f1b6abd6c76e4 e8a11b43d241431785bcb82c74a8169b - - default default] Successfully bumped revision number for resource ca32add4-5512-4f8d-be0d-c8e9fee26241 (type: security_groups) to 1
2026-05-10 02:03:17.321 8 INFO neutron.db.ovn_revision_numbers_db [None req-3c29dc7a-398f-42cd-b411-1a2a74ba74cc cba118bb758e4575b03f1b6abd6c76e4 e8a11b43d241431785bcb82c74a8169b - - default default] Successfully bumped revision number for resource 433eae3d-1e2e-4b65-87a6-a15b544e64b9 (type: security_group_rules) to 0
2026-05-10 02:03:17.329 8 INFO neutron.db.ovn_revision_numbers_db [None req-3c29dc7a-398f-42cd-b411-1a2a74ba74cc cba118bb758e4575b03f1b6abd6c76e4 e8a11b43d241431785bcb82c74a8169b - - default default] Successfully bumped revision number for resource 6114f3ea-1bd8-4be2-80fe-760e2d5c4c7e (type: security_group_rules) to 0
2026-05-10 02:03:17.337 8 INFO neutron.db.ovn_revision_numbers_db [None req-3c29dc7a-398f-42cd-b411-1a2a74ba74cc cba118bb758e4575b03f1b6abd6c76e4 e8a11b43d241431785bcb82c74a8169b - - default default] Successfully bumped revision number for resource 7c176504-1b58-4196-bbf4-e2003fcc84ea (type: security_group_rules) to 0
2026-05-10 02:03:17.346 8 INFO neutron.db.ovn_revision_numbers_db [None req-3c29dc7a-398f-42cd-b411-1a2a74ba74cc cba118bb758e4575b03f1b6abd6c76e4 e8a11b43d241431785bcb82c74a8169b - - default default] Successfully bumped revision number for resource b784e04b-9b8c-4fac-b526-777a7f3768b5 (type: security_group_rules) to 0 [pid: 8|app: 0|req: 702/1499] 10.0.0.229 () {32 vars in 774 bytes} [Sun May 10 02:03:17 2026] GET /v2.0/security-groups?tenant_id=e66d2356eec14c77b6774fcb7fc1e426&name=default => generated 2925 bytes in 199 msecs (HTTP/1.1 200) 4 headers in 158 bytes (1 switches on core 0) [pid: 7|app: 0|req: 798/1500] 10.0.0.229 () {34 vars in 789 bytes} [Sun May 10 02:03:16 2026] PUT /v2.0/routers/89d9925d-459f-4330-be2f-ca377e96cc7b/remove_router_interface => generated 309 bytes in 1133 msecs (HTTP/1.1 200) 4 headers in 157 bytes (1 switches on core 0) /var/lib/openstack/lib/python3.12/site-packages/pycadf/identifier.py:70: UserWarning: Invalid uuid: neutron. To ensure interoperability, identifiers should be a valid uuid. warnings.warn(('Invalid uuid: %s. To ensure interoperability, ' [pid: 7|app: 0|req: 799/1501] 10.0.0.229 () {32 vars in 740 bytes} [Sun May 10 02:03:17 2026] DELETE /v2.0/security-groups/ca32add4-5512-4f8d-be0d-c8e9fee26241 => generated 0 bytes in 258 msecs (HTTP/1.1 204) 2 headers in 112 bytes (1 switches on core 0)
2026-05-10 02:03:17.845 8 INFO neutron.db.ovn_revision_numbers_db [None req-a3ffd2d7-9dd5-49ad-8dd7-2cd934360198 6228ebbba3ce4d939e164a4985616fd8 a2d66d19b4f44927a0cf0564df206aaa - - default default] Successfully bumped revision number for resource 5da383e2-30ad-47ee-b806-895a0ddad04a (type: security_groups) to 1
2026-05-10 02:03:17.865 8 INFO neutron.db.ovn_revision_numbers_db [None req-a3ffd2d7-9dd5-49ad-8dd7-2cd934360198 6228ebbba3ce4d939e164a4985616fd8 a2d66d19b4f44927a0cf0564df206aaa - - default default] Successfully bumped revision number for resource a88dc442-641e-476c-9aec-1c9a4faba473 (type: security_group_rules) to 0
2026-05-10 02:03:17.889 8 INFO neutron.db.ovn_revision_numbers_db [None req-a3ffd2d7-9dd5-49ad-8dd7-2cd934360198 6228ebbba3ce4d939e164a4985616fd8 a2d66d19b4f44927a0cf0564df206aaa - - default default] Successfully bumped revision number for resource aebd53c9-8e86-41ff-8d8e-4fbdd6690fc7 (type: security_group_rules) to 0
2026-05-10 02:03:17.909 8 INFO neutron.db.ovn_revision_numbers_db [None req-a3ffd2d7-9dd5-49ad-8dd7-2cd934360198 6228ebbba3ce4d939e164a4985616fd8 a2d66d19b4f44927a0cf0564df206aaa - - default default] Successfully bumped revision number for resource d11fa3bd-f996-41d3-affc-e0b9946f4e01 (type: security_group_rules) to 0
2026-05-10 02:03:17.923 8 INFO neutron.db.ovn_revision_numbers_db [None req-a3ffd2d7-9dd5-49ad-8dd7-2cd934360198 6228ebbba3ce4d939e164a4985616fd8 a2d66d19b4f44927a0cf0564df206aaa - - default default] Successfully bumped revision number for resource e2c93a1c-f1b8-42b8-b664-be050659609a (type: security_group_rules) to 0
2026-05-10 02:03:18.040 8 INFO neutron.db.segments_db [None req-a3ffd2d7-9dd5-49ad-8dd7-2cd934360198 6228ebbba3ce4d939e164a4985616fd8 a2d66d19b4f44927a0cf0564df206aaa - - default default] Added segment cf9f3f4f-0305-478b-bffb-a48b01ac89c5 of type geneve for network d3058034-adb9-4a5c-b665-958f821a764d
2026-05-10 02:03:18.130 8 INFO neutron.db.segments_db [None req-a3ffd2d7-9dd5-49ad-8dd7-2cd934360198 6228ebbba3ce4d939e164a4985616fd8 a2d66d19b4f44927a0cf0564df206aaa - - default default] Added segment 37a94896-64af-489c-9f18-244cbf80fb2c of type geneve for network c137515b-ec67-42f3-a166-1182873f1183
2026-05-10 02:03:18.153 7 INFO neutron_taas.services.taas.taas_plugin [None req-b0fce2cb-5e8f-41fd-927f-cfd599a6429c cba118bb758e4575b03f1b6abd6c76e4 e8a11b43d241431785bcb82c74a8169b - - default default] TaaS: Handle Delete Port: cdc22181-0b84-46a2-9f3b-56103a6e18dd
2026-05-10 02:03:18.156 7 INFO neutron_taas.services.taas.tap_mirror_plugin [None req-b0fce2cb-5e8f-41fd-927f-cfd599a6429c cba118bb758e4575b03f1b6abd6c76e4 e8a11b43d241431785bcb82c74a8169b - - default default] Tap Mirror: Handle Delete Port: cdc22181-0b84-46a2-9f3b-56103a6e18dd
2026-05-10 02:03:18.257 8 INFO neutron.db.ovn_revision_numbers_db [None req-a3ffd2d7-9dd5-49ad-8dd7-2cd934360198 6228ebbba3ce4d939e164a4985616fd8 a2d66d19b4f44927a0cf0564df206aaa - - default default] Successfully bumped revision number for resource d3058034-adb9-4a5c-b665-958f821a764d (type: networks) to 1
2026-05-10 02:03:18.480 8 WARNING neutron.scheduler.dhcp_agent_scheduler [None req-a3ffd2d7-9dd5-49ad-8dd7-2cd934360198 6228ebbba3ce4d939e164a4985616fd8 a2d66d19b4f44927a0cf0564df206aaa - - default default] No more DHCP agents
2026-05-10 02:03:18.482 8 WARNING neutron.api.rpc.agentnotifiers.dhcp_rpc_agent_api [None req-a3ffd2d7-9dd5-49ad-8dd7-2cd934360198 6228ebbba3ce4d939e164a4985616fd8 a2d66d19b4f44927a0cf0564df206aaa - - default default] Unable to schedule network d3058034-adb9-4a5c-b665-958f821a764d: no agents available; will retry on subsequent port and subnet creation events.
2026-05-10 02:03:18.559 8 INFO neutron.plugins.ml2.drivers.ovn.mech_driver.mech_driver [None req-849a5e41-37c3-4808-84ef-f7e39d087fb3 - - - - - -] OVN reports status down for port: 77ef7995-2dd2-4feb-ae2a-8415e8b07971
2026-05-10 02:03:18.631 8 INFO neutron.db.ovn_revision_numbers_db [None req-a3ffd2d7-9dd5-49ad-8dd7-2cd934360198 6228ebbba3ce4d939e164a4985616fd8 a2d66d19b4f44927a0cf0564df206aaa - - default default] Successfully bumped revision number for resource 77ef7995-2dd2-4feb-ae2a-8415e8b07971 (type: ports) to 1 [pid: 7|app: 0|req: 800/1502] 10.0.0.229 () {32 vars in 724 bytes} [Sun May 10 02:03:17 2026] DELETE /v2.0/routers/89d9925d-459f-4330-be2f-ca377e96cc7b => generated 0 bytes in 1006 msecs (HTTP/1.1 204) 2 headers in 112 bytes (1 switches on core 0)
2026-05-10 02:03:18.857 8 INFO neutron.db.ovn_revision_numbers_db [None req-a3ffd2d7-9dd5-49ad-8dd7-2cd934360198 6228ebbba3ce4d939e164a4985616fd8 a2d66d19b4f44927a0cf0564df206aaa - - default default] Successfully bumped revision number for resource c137515b-ec67-42f3-a166-1182873f1183 (type: networks) to 1 [pid: 7|app: 0|req: 803/1505] 10.0.0.229 () {32 vars in 724 bytes} [Sun May 10 02:03:18 2026] DELETE /v2.0/subnets/c0be691e-3063-48aa-a106-a146b9aab800 => generated 0 bytes in 188 msecs (HTTP/1.1 204) 3 headers in 131 bytes (1 switches on core 0)
2026-05-10 02:03:19.010 8 WARNING neutron.scheduler.dhcp_agent_scheduler [None req-a3ffd2d7-9dd5-49ad-8dd7-2cd934360198 6228ebbba3ce4d939e164a4985616fd8 a2d66d19b4f44927a0cf0564df206aaa - - default default] No more DHCP agents
2026-05-10 02:03:19.012 8 WARNING neutron.api.rpc.agentnotifiers.dhcp_rpc_agent_api [None req-a3ffd2d7-9dd5-49ad-8dd7-2cd934360198 6228ebbba3ce4d939e164a4985616fd8 a2d66d19b4f44927a0cf0564df206aaa - - default default] Unable to schedule network c137515b-ec67-42f3-a166-1182873f1183: no agents available; will retry on subsequent port and subnet creation events.
2026-05-10 02:03:19.045 7 INFO neutron_taas.services.taas.taas_plugin [None req-3e34d29c-6bac-4e86-8c7f-837e681d0a1f cba118bb758e4575b03f1b6abd6c76e4 e8a11b43d241431785bcb82c74a8169b - - default default] TaaS: Handle Delete Port: 11530422-12a4-45e7-970f-3315bc063e55
2026-05-10 02:03:19.048 7 INFO neutron_taas.services.taas.tap_mirror_plugin [None req-3e34d29c-6bac-4e86-8c7f-837e681d0a1f cba118bb758e4575b03f1b6abd6c76e4 e8a11b43d241431785bcb82c74a8169b - - default default] Tap Mirror: Handle Delete Port: 11530422-12a4-45e7-970f-3315bc063e55
2026-05-10 02:03:19.088 8 INFO neutron.plugins.ml2.drivers.ovn.mech_driver.mech_driver [None req-849a5e41-37c3-4808-84ef-f7e39d087fb3 - - - - - -] OVN reports status down for port: 5e5c9434-8256-403b-b501-ac3bd1292c19
2026-05-10 02:03:19.162 8 INFO neutron.db.ovn_revision_numbers_db [None req-a3ffd2d7-9dd5-49ad-8dd7-2cd934360198 6228ebbba3ce4d939e164a4985616fd8 a2d66d19b4f44927a0cf0564df206aaa - - default default] Successfully bumped revision number for resource 5e5c9434-8256-403b-b501-ac3bd1292c19 (type: ports) to 1 [pid: 8|app: 0|req: 703/1506] 10.0.0.229 () {34 vars in 670 bytes} [Sun May 10 02:03:17 2026] POST /v2.0/networks => generated 1246 bytes in 1854 msecs (HTTP/1.1 201) 4 headers in 163 bytes (1 switches on core 0) [pid: 8|app: 0|req: 704/1507] 10.0.0.229 () {32 vars in 649 bytes} [Sun May 10 02:03:19 2026] GET /v2.0/networks => generated 1857 bytes in 70 msecs (HTTP/1.1 200) 4 headers in 158 bytes (1 switches on core 0)
2026-05-10 02:03:19.323 7 INFO neutron.services.segments.plugin [-] Segment 0700d683-fe87-4ebd-bb20-06063b3be997 resource provider aggregate not found
2026-05-10 02:03:19.328 7 INFO neutron.services.segments.plugin [-] Segment 0700d683-fe87-4ebd-bb20-06063b3be997 resource provider aggregate not found
2026-05-10 02:03:19.351 7 INFO neutron.services.segments.plugin [-] Segment 0700d683-fe87-4ebd-bb20-06063b3be997 resource provider not found; error: Placement Client Error (4xx): {"errors": [{"status": 404, "title": "Not Found", "detail": "The resource could not be found.\n\n No resource provider with uuid 0700d683-fe87-4ebd-bb20-06063b3be997 found for delete ", "request_id": "req-d1b26a24-9d27-4c6d-8056-ef012f0a57bd"}]}
2026-05-10 02:03:19.355 7 INFO neutron.services.segments.plugin [-] Segment 0700d683-fe87-4ebd-bb20-06063b3be997 resource provider not found; error: Placement Client Error (4xx): {"errors": [{"status": 404, "title": "Not Found", "detail": "The resource could not be found.\n\n No resource provider with uuid 0700d683-fe87-4ebd-bb20-06063b3be997 found for delete ", "request_id": "req-60a898da-8665-4bfe-9b5d-9ade603b948e"}]} [pid: 7|app: 0|req: 804/1508] 10.0.0.229 () {32 vars in 726 bytes} [Sun May 10 02:03:18 2026] DELETE /v2.0/networks/2fd568ba-24f2-4f62-9356-2a5a894c842e => generated 0 bytes in 457 msecs (HTTP/1.1 204) 3 headers in 131 bytes (1 switches on core 0)
2026-05-10 02:03:19.469 8 INFO neutron_taas.services.taas.taas_plugin [None req-b47b211f-7238-4e3e-8dfa-0547883effab 6228ebbba3ce4d939e164a4985616fd8 a2d66d19b4f44927a0cf0564df206aaa - - default default] TaaS: Handle Delete Port: 77ef7995-2dd2-4feb-ae2a-8415e8b07971
2026-05-10 02:03:19.471 8 INFO neutron_taas.services.taas.tap_mirror_plugin [None req-b47b211f-7238-4e3e-8dfa-0547883effab 6228ebbba3ce4d939e164a4985616fd8 a2d66d19b4f44927a0cf0564df206aaa - - default default] Tap Mirror: Handle Delete Port: 77ef7995-2dd2-4feb-ae2a-8415e8b07971
2026-05-10 02:03:19.683 8 INFO neutron.services.segments.plugin [-] Segment cf9f3f4f-0305-478b-bffb-a48b01ac89c5 resource provider aggregate not found
2026-05-10 02:03:19.688 8 INFO neutron.services.segments.plugin [-] Segment cf9f3f4f-0305-478b-bffb-a48b01ac89c5 resource provider aggregate not found
2026-05-10 02:03:19.709 8 INFO neutron.services.segments.plugin [-] Segment cf9f3f4f-0305-478b-bffb-a48b01ac89c5 resource provider not found; error: Placement Client Error (4xx): {"errors": [{"status": 404, "title": "Not Found", "detail": "The resource could not be found.\n\n No resource provider with uuid cf9f3f4f-0305-478b-bffb-a48b01ac89c5 found for delete ", "request_id": "req-37fe4c45-9610-4427-81ed-69b01221853e"}]}
2026-05-10 02:03:19.715 8 INFO neutron.services.segments.plugin [-] Segment cf9f3f4f-0305-478b-bffb-a48b01ac89c5 resource provider not found; error: Placement Client Error (4xx): {"errors": [{"status": 404, "title": "Not Found", "detail": "The resource could not be found.\n\n No resource provider with uuid cf9f3f4f-0305-478b-bffb-a48b01ac89c5 found for delete ", "request_id": "req-534cfa59-7401-4dd1-9f43-a11fda1f0aad"}]}
2026-05-10 02:03:19.725 7 INFO neutron.db.ovn_revision_numbers_db [None req-cdadc58d-020a-4929-ab76-18010e62db8a 7c103a08f1d64cf18ed8eab82747bf8f 4300f39898a346ed9352b44048c8c89f - - default default] Successfully bumped revision number for resource bc99dfae-1311-4f14-8544-da1b6e8e12fd (type: security_groups) to 1
2026-05-10 02:03:19.738 7 INFO neutron.db.ovn_revision_numbers_db [None req-cdadc58d-020a-4929-ab76-18010e62db8a 7c103a08f1d64cf18ed8eab82747bf8f 4300f39898a346ed9352b44048c8c89f - - default default] Successfully bumped revision number for resource 49730a8e-3902-410f-90b3-37f2e46eba0e (type: security_group_rules) to 0
2026-05-10 02:03:19.752 7 INFO neutron.db.ovn_revision_numbers_db [None req-cdadc58d-020a-4929-ab76-18010e62db8a 7c103a08f1d64cf18ed8eab82747bf8f 4300f39898a346ed9352b44048c8c89f - - default default] Successfully bumped revision number for resource a1e9c7bc-40a4-4207-8850-9526fa123a96 (type: security_group_rules) to 0
2026-05-10 02:03:19.778 7 INFO neutron.db.ovn_revision_numbers_db [None req-cdadc58d-020a-4929-ab76-18010e62db8a 7c103a08f1d64cf18ed8eab82747bf8f 4300f39898a346ed9352b44048c8c89f - - default default] Successfully bumped revision number for resource e590a7ac-4713-49ac-91b3-82e61ec0df75 (type: security_group_rules) to 0 [pid: 8|app: 0|req: 705/1509] 10.0.0.229 () {32 vars in 726 bytes} [Sun May 10 02:03:19 2026] DELETE /v2.0/networks/d3058034-adb9-4a5c-b665-958f821a764d => generated 0 bytes in 476 msecs (HTTP/1.1 204) 3 headers in 131 bytes (1 switches on core 0)
2026-05-10 02:03:19.792 7 INFO neutron.db.ovn_revision_numbers_db [None req-cdadc58d-020a-4929-ab76-18010e62db8a 7c103a08f1d64cf18ed8eab82747bf8f 4300f39898a346ed9352b44048c8c89f - - default default] Successfully bumped revision number for resource f74c4a78-ccff-46af-96fa-bf4879307892 (type: security_group_rules) to 0
2026-05-10 02:03:19.871 7 INFO neutron.db.segments_db [None req-cdadc58d-020a-4929-ab76-18010e62db8a 7c103a08f1d64cf18ed8eab82747bf8f 4300f39898a346ed9352b44048c8c89f - - default default] Added segment 3f744be7-3090-4fc0-bf6b-fcc7e68c6aa8 of type geneve for network c2bac931-169b-4750-8cd0-327b8c3de8a0
2026-05-10 02:03:19.986 7 INFO neutron.db.ovn_revision_numbers_db [None req-cdadc58d-020a-4929-ab76-18010e62db8a 7c103a08f1d64cf18ed8eab82747bf8f 4300f39898a346ed9352b44048c8c89f - - default default] Successfully bumped revision number for resource c2bac931-169b-4750-8cd0-327b8c3de8a0 (type: networks) to 1
2026-05-10 02:03:20.137 8 INFO neutron.db.ovn_revision_numbers_db [None req-2f0a637b-389b-4479-87ce-233d27fa6da1 018ea92570394a8b8ecfecbababb9af5 921168282e134bfeb9eda92c0ec9feba - - default default] Successfully bumped revision number for resource 7cf8833a-57eb-4599-823c-44f47485791d (type: security_groups) to 1
2026-05-10 02:03:20.150 8 INFO neutron.db.ovn_revision_numbers_db [None req-2f0a637b-389b-4479-87ce-233d27fa6da1 018ea92570394a8b8ecfecbababb9af5 921168282e134bfeb9eda92c0ec9feba - - default default] Successfully bumped revision number for resource 1ca875d9-b788-4544-bf2e-0817f79d1200 (type: security_group_rules) to 0
2026-05-10 02:03:20.162 8 INFO neutron.db.ovn_revision_numbers_db [None req-2f0a637b-389b-4479-87ce-233d27fa6da1 018ea92570394a8b8ecfecbababb9af5 921168282e134bfeb9eda92c0ec9feba - - default default] Successfully bumped revision number for resource a7bad911-8495-4853-922c-ea94fcec6f55 (type: security_group_rules) to 0
2026-05-10 02:03:20.172 7 WARNING neutron.scheduler.dhcp_agent_scheduler [None req-cdadc58d-020a-4929-ab76-18010e62db8a 7c103a08f1d64cf18ed8eab82747bf8f 4300f39898a346ed9352b44048c8c89f - - default default] No more DHCP agents
2026-05-10 02:03:20.173 7 WARNING neutron.api.rpc.agentnotifiers.dhcp_rpc_agent_api [None req-cdadc58d-020a-4929-ab76-18010e62db8a 7c103a08f1d64cf18ed8eab82747bf8f 4300f39898a346ed9352b44048c8c89f - - default default] Unable to schedule network c2bac931-169b-4750-8cd0-327b8c3de8a0: no agents available; will retry on subsequent port and subnet creation events.
2026-05-10 02:03:20.174 8 INFO neutron.db.ovn_revision_numbers_db [None req-2f0a637b-389b-4479-87ce-233d27fa6da1 018ea92570394a8b8ecfecbababb9af5 921168282e134bfeb9eda92c0ec9feba - - default default] Successfully bumped revision number for resource c0b4e25d-1079-4ebb-aef1-76189ee4f1a1 (type: security_group_rules) to 0
2026-05-10 02:03:20.186 8 INFO neutron.db.ovn_revision_numbers_db [None req-2f0a637b-389b-4479-87ce-233d27fa6da1 018ea92570394a8b8ecfecbababb9af5 921168282e134bfeb9eda92c0ec9feba - - default default] Successfully bumped revision number for resource e2b138b8-f333-4541-ac1e-58737e69a6c8 (type: security_group_rules) to 0
2026-05-10 02:03:20.260 8 INFO neutron.plugins.ml2.drivers.ovn.mech_driver.mech_driver [None req-849a5e41-37c3-4808-84ef-f7e39d087fb3 - - - - - -] OVN reports status down for port: 32b83c03-bc4b-4e84-b0c3-d31afd4b9371
2026-05-10 02:03:20.285 7 INFO neutron.db.ovn_revision_numbers_db [None req-cdadc58d-020a-4929-ab76-18010e62db8a 7c103a08f1d64cf18ed8eab82747bf8f 4300f39898a346ed9352b44048c8c89f - - default default] Successfully bumped revision number for resource 32b83c03-bc4b-4e84-b0c3-d31afd4b9371 (type: ports) to 1
2026-05-10 02:03:20.296 8 INFO neutron.db.segments_db [None req-2f0a637b-389b-4479-87ce-233d27fa6da1 018ea92570394a8b8ecfecbababb9af5 921168282e134bfeb9eda92c0ec9feba - - default default] Added segment 19dd3f65-929e-4fe7-bd02-4d36ca117f92 of type geneve for network cdc6b808-1fe6-4bd8-b0a5-dc0f2f9c20b7 [pid: 7|app: 0|req: 805/1510] 10.0.0.229 () {34 vars in 670 bytes} [Sun May 10 02:03:19 2026] POST /v2.0/networks => generated 650 bytes in 873 msecs (HTTP/1.1 201) 4 headers in 162 bytes (1 switches on core 0) [pid: 7|app: 0|req: 806/1511] 10.0.0.229 () {32 vars in 774 bytes} [Sun May 10 02:03:20 2026] GET /v2.0/security-groups?tenant_id=45b63afd8699422487750ae8e525752e&name=default => generated 2925 bytes in 26 msecs (HTTP/1.1 200) 4 headers in 158 bytes (1 switches on core 0)
2026-05-10 02:03:20.446 8 INFO neutron.db.ovn_revision_numbers_db [None req-2f0a637b-389b-4479-87ce-233d27fa6da1 018ea92570394a8b8ecfecbababb9af5 921168282e134bfeb9eda92c0ec9feba - - default default] Successfully bumped revision number for resource cdc6b808-1fe6-4bd8-b0a5-dc0f2f9c20b7 (type: networks) to 1
2026-05-10 02:03:20.471 7 INFO neutron_taas.services.taas.taas_plugin [None req-41fbc828-199b-40b8-bb3c-354eabef6b6f 6228ebbba3ce4d939e164a4985616fd8 a2d66d19b4f44927a0cf0564df206aaa - - default default] TaaS: Handle Delete Port: 5e5c9434-8256-403b-b501-ac3bd1292c19
2026-05-10 02:03:20.475 7 INFO neutron_taas.services.taas.tap_mirror_plugin [None req-41fbc828-199b-40b8-bb3c-354eabef6b6f 6228ebbba3ce4d939e164a4985616fd8 a2d66d19b4f44927a0cf0564df206aaa - - default default] Tap Mirror: Handle Delete Port: 5e5c9434-8256-403b-b501-ac3bd1292c19
2026-05-10 02:03:20.635 8 WARNING neutron.scheduler.dhcp_agent_scheduler [None req-2f0a637b-389b-4479-87ce-233d27fa6da1 018ea92570394a8b8ecfecbababb9af5 921168282e134bfeb9eda92c0ec9feba - - default default] No more DHCP agents
2026-05-10 02:03:20.639 8 WARNING neutron.api.rpc.agentnotifiers.dhcp_rpc_agent_api [None req-2f0a637b-389b-4479-87ce-233d27fa6da1 018ea92570394a8b8ecfecbababb9af5 921168282e134bfeb9eda92c0ec9feba - - default default] Unable to schedule network cdc6b808-1fe6-4bd8-b0a5-dc0f2f9c20b7: no agents available; will retry on subsequent port and subnet creation events.
2026-05-10 02:03:20.727 8 INFO neutron.plugins.ml2.drivers.ovn.mech_driver.mech_driver [None req-849a5e41-37c3-4808-84ef-f7e39d087fb3 - - - - - -] OVN reports status down for port: 48079c82-646a-47e6-add4-9f8e26654385 [pid: 7|app: 0|req: 807/1512] 10.0.0.229 () {32 vars in 726 bytes} [Sun May 10 02:03:20 2026] DELETE /v2.0/networks/c137515b-ec67-42f3-a166-1182873f1183 => generated 0 bytes in 399 msecs (HTTP/1.1 204) 3 headers in 131 bytes (1 switches on core 0)
2026-05-10 02:03:20.797 8 INFO neutron.db.ovn_revision_numbers_db [None req-2f0a637b-389b-4479-87ce-233d27fa6da1 018ea92570394a8b8ecfecbababb9af5 921168282e134bfeb9eda92c0ec9feba - - default default] Successfully bumped revision number for resource 48079c82-646a-47e6-add4-9f8e26654385 (type: ports) to 1 [pid: 8|app: 0|req: 706/1513] 10.0.0.229 () {34 vars in 670 bytes} [Sun May 10 02:03:19 2026] POST /v2.0/networks => generated 730 bytes in 1061 msecs (HTTP/1.1 201) 4 headers in 162 bytes (1 switches on core 0)
2026-05-10 02:03:20.919 7 WARNING neutron.scheduler.dhcp_agent_scheduler [None req-7aab3ffb-86e4-4247-927a-35520379cf95 7c103a08f1d64cf18ed8eab82747bf8f 4300f39898a346ed9352b44048c8c89f - - default default] No more DHCP agents
2026-05-10 02:03:20.921 7 WARNING neutron.api.rpc.agentnotifiers.dhcp_rpc_agent_api [None req-7aab3ffb-86e4-4247-927a-35520379cf95 7c103a08f1d64cf18ed8eab82747bf8f 4300f39898a346ed9352b44048c8c89f - - default default] Unable to schedule network c2bac931-169b-4750-8cd0-327b8c3de8a0: no agents available; will retry on subsequent port and subnet creation events.
2026-05-10 02:03:20.938 7 INFO neutron.db.ovn_revision_numbers_db [None req-7aab3ffb-86e4-4247-927a-35520379cf95 7c103a08f1d64cf18ed8eab82747bf8f 4300f39898a346ed9352b44048c8c89f - - default default] Successfully bumped revision number for resource 41421e22-f341-46c7-b853-7f75475fd6c4 (type: subnets) to 0 [pid: 7|app: 0|req: 808/1514] 10.0.0.229 () {34 vars in 669 bytes} [Sun May 10 02:03:20 2026] POST /v2.0/subnets => generated 627 bytes in 223 msecs (HTTP/1.1 201) 4 headers in 162 bytes (1 switches on core 0) [pid: 7|app: 0|req: 809/1515] 10.0.0.229 () {32 vars in 649 bytes} [Sun May 10 02:03:20 2026] GET /v2.0/networks => generated 651 bytes in 81 msecs (HTTP/1.1 200) 4 headers in 157 bytes (1 switches on core 0) [pid: 8|app: 0|req: 707/1516] 10.0.0.229 () {32 vars in 740 bytes} [Sun May 10 02:03:20 2026] DELETE /v2.0/security-groups/f53567a6-80a4-4e4e-9d55-729d10c0adac => generated 0 bytes in 246 msecs (HTTP/1.1 204) 2 headers in 112 bytes (1 switches on core 0)
2026-05-10 02:03:21.187 7 WARNING neutron.scheduler.dhcp_agent_scheduler [None req-07a92f03-e4f2-43b5-a673-5b3fba576ffa 018ea92570394a8b8ecfecbababb9af5 921168282e134bfeb9eda92c0ec9feba - - default default] No more DHCP agents
2026-05-10 02:03:21.188 7 WARNING neutron.api.rpc.agentnotifiers.dhcp_rpc_agent_api [None req-07a92f03-e4f2-43b5-a673-5b3fba576ffa 018ea92570394a8b8ecfecbababb9af5 921168282e134bfeb9eda92c0ec9feba - - default default] Unable to schedule network cdc6b808-1fe6-4bd8-b0a5-dc0f2f9c20b7: no agents available; will retry on subsequent port and subnet creation events.
2026-05-10 02:03:21.372 7 INFO neutron.services.segments.plugin [-] Segment 37a94896-64af-489c-9f18-244cbf80fb2c resource provider aggregate not found
2026-05-10 02:03:21.390 7 INFO neutron.services.segments.plugin [-] Segment 37a94896-64af-489c-9f18-244cbf80fb2c resource provider aggregate not found
2026-05-10 02:03:21.390 7 INFO neutron.services.segments.plugin [-] Segment 37a94896-64af-489c-9f18-244cbf80fb2c resource provider not found; error: Placement Client Error (4xx): {"errors": [{"status": 404, "title": "Not Found", "detail": "The resource could not be found.\n\n No resource provider with uuid 37a94896-64af-489c-9f18-244cbf80fb2c found for delete ", "request_id": "req-685aa9cb-86f0-4fd0-a745-2427c951a28c"}]}
2026-05-10 02:03:21.406 7 INFO neutron.services.segments.plugin [-] Segment 37a94896-64af-489c-9f18-244cbf80fb2c resource provider not found; error: Placement Client Error (4xx): {"errors": [{"status": 404, "title": "Not Found", "detail": "The resource could not be found.\n\n No resource provider with uuid 37a94896-64af-489c-9f18-244cbf80fb2c found for delete ", "request_id": "req-aeca818f-7e7e-4f35-99b7-5a201bbc640a"}]}
2026-05-10 02:03:21.427 8 WARNING neutron.scheduler.dhcp_agent_scheduler [None req-31ac6775-66ee-497f-9edb-c2ce43be46af 7c103a08f1d64cf18ed8eab82747bf8f 4300f39898a346ed9352b44048c8c89f - - default default] No more DHCP agents
2026-05-10 02:03:21.428 8 WARNING neutron.api.rpc.agentnotifiers.dhcp_rpc_agent_api [None req-31ac6775-66ee-497f-9edb-c2ce43be46af 7c103a08f1d64cf18ed8eab82747bf8f 4300f39898a346ed9352b44048c8c89f - - default default] Unable to schedule network 5d6a5c83-cca1-4441-81d4-7e78e65ba9cd: no agents available; will retry on subsequent port and subnet creation events.
2026-05-10 02:03:21.526 8 INFO neutron.plugins.ml2.drivers.ovn.mech_driver.mech_driver [None req-849a5e41-37c3-4808-84ef-f7e39d087fb3 - - - - - -] OVN reports status down for port: 0167e07a-e8d5-48b1-aceb-148d6cb47493
2026-05-10 02:03:21.591 8 INFO neutron.db.ovn_revision_numbers_db [None req-31ac6775-66ee-497f-9edb-c2ce43be46af 7c103a08f1d64cf18ed8eab82747bf8f 4300f39898a346ed9352b44048c8c89f - - default default] Successfully bumped revision number for resource 0167e07a-e8d5-48b1-aceb-148d6cb47493 (type: ports) to 1
2026-05-10 02:03:21.686 7 INFO neutron.db.ovn_revision_numbers_db [None req-9b19fbe6-2d9b-4a1d-8e28-c7e504e1c72e - - - - - -] Successfully bumped revision number for resource 48079c82-646a-47e6-add4-9f8e26654385 (type: ports) to 2
2026-05-10 02:03:21.727 7 INFO neutron.db.ovn_revision_numbers_db [None req-9b19fbe6-2d9b-4a1d-8e28-c7e504e1c72e - - - - - -] Successfully bumped revision number for resource 1b058442-69f5-45b0-99ef-08bfcc561e8a (type: subnets) to 0 [pid: 7|app: 0|req: 810/1517] 10.0.0.229 () {34 vars in 669 bytes} [Sun May 10 02:03:21 2026] POST /v2.0/subnets => generated 644 bytes in 702 msecs (HTTP/1.1 201) 4 headers in 162 bytes (1 switches on core 0)
2026-05-10 02:03:21.816 7 INFO neutron.db.segments_db [None req-3a8524ec-adc8-4188-88cf-c4575bb9e91b 6228ebbba3ce4d939e164a4985616fd8 a2d66d19b4f44927a0cf0564df206aaa - - default default] Added segment cd5f9118-c595-41b8-b91e-09357902b1b4 of type geneve for network f1d1b56c-359c-4765-b309-fc03b13ff3e7
2026-05-10 02:03:21.945 7 INFO neutron.db.ovn_revision_numbers_db [None req-3a8524ec-adc8-4188-88cf-c4575bb9e91b 6228ebbba3ce4d939e164a4985616fd8 a2d66d19b4f44927a0cf0564df206aaa - - default default] Successfully bumped revision number for resource f1d1b56c-359c-4765-b309-fc03b13ff3e7 (type: networks) to 1
2026-05-10 02:03:22.078 7 WARNING neutron.scheduler.dhcp_agent_scheduler [None req-3a8524ec-adc8-4188-88cf-c4575bb9e91b 6228ebbba3ce4d939e164a4985616fd8 a2d66d19b4f44927a0cf0564df206aaa - - default default] No more DHCP agents
2026-05-10 02:03:22.079 7 WARNING neutron.api.rpc.agentnotifiers.dhcp_rpc_agent_api [None req-3a8524ec-adc8-4188-88cf-c4575bb9e91b 6228ebbba3ce4d939e164a4985616fd8 a2d66d19b4f44927a0cf0564df206aaa - - default default] Unable to schedule network f1d1b56c-359c-4765-b309-fc03b13ff3e7: no agents available; will retry on subsequent port and subnet creation events.
2026-05-10 02:03:22.185 7 INFO neutron.db.ovn_revision_numbers_db [None req-3a8524ec-adc8-4188-88cf-c4575bb9e91b 6228ebbba3ce4d939e164a4985616fd8 a2d66d19b4f44927a0cf0564df206aaa - - default default] Successfully bumped revision number for resource fd7e89f8-bf61-460c-98c5-ad602efdb716 (type: ports) to 1
2026-05-10 02:03:22.197 8 INFO neutron.plugins.ml2.drivers.ovn.mech_driver.mech_driver [None req-849a5e41-37c3-4808-84ef-f7e39d087fb3 - - - - - -] OVN reports status down for port: fd7e89f8-bf61-460c-98c5-ad602efdb716 [pid: 7|app: 0|req: 811/1518] 10.0.0.229 () {34 vars in 670 bytes} [Sun May 10 02:03:21 2026] POST /v2.0/networks => generated 650 bytes in 464 msecs (HTTP/1.1 201) 4 headers in 162 bytes (1 switches on core 0)
2026-05-10 02:03:22.211 7 WARNING neutron.api.v2.base [None req-73b225b8-08b9-4e24-94f3-aa622819dd09 018ea92570394a8b8ecfecbababb9af5 921168282e134bfeb9eda92c0ec9feba - - default default] An exception happened while processing the request body. The exception message is [Invalid input for target_tenant. Reason: 'None' is not a valid string.].: webob.exc.HTTPBadRequest: Invalid input for target_tenant. Reason: 'None' is not a valid string.
2026-05-10 02:03:22.213 7 INFO neutron.api.v2.resource [None req-73b225b8-08b9-4e24-94f3-aa622819dd09 018ea92570394a8b8ecfecbababb9af5 921168282e134bfeb9eda92c0ec9feba - - default default] create failed (client error): Invalid input for target_tenant. Reason: 'None' is not a valid string. [pid: 7|app: 0|req: 812/1519] 10.0.0.229 () {34 vars in 681 bytes} [Sun May 10 02:03:22 2026] POST /v2.0/rbac-policies => generated 143 bytes in 6 msecs (HTTP/1.1 400) 4 headers in 166 bytes (1 switches on core 0)
2026-05-10 02:03:22.277 8 INFO neutron.plugins.ml2.drivers.ovn.mech_driver.ovsdb.commands [-] Schedule LRP lrp-0167e07a-e8d5-48b1-aceb-148d6cb47493 on gateway d972ecc2-221a-47f6-b445-646e386b0197 with priority 1
2026-05-10 02:03:22.311 7 INFO neutron.db.segments_db [None req-bafd2d0c-b624-4bd3-98ae-f7c95ff9dcd1 6228ebbba3ce4d939e164a4985616fd8 a2d66d19b4f44927a0cf0564df206aaa - - default default] Added segment 900c75d5-49a7-47f7-9da9-c986b39cc632 of type geneve for network d34d81fd-e8e6-4d7d-ae27-7cf8bc6779d7
2026-05-10 02:03:22.387 8 INFO neutron.plugins.ml2.drivers.ovn.mech_driver.mech_driver [None req-849a5e41-37c3-4808-84ef-f7e39d087fb3 - - - - - -] OVN reports status up for port: 0167e07a-e8d5-48b1-aceb-148d6cb47493
2026-05-10 02:03:22.417 8 INFO neutron.plugins.ml2.plugin [None req-849a5e41-37c3-4808-84ef-f7e39d087fb3 - - - - - -] Attempt 1 to provision port 0167e07a-e8d5-48b1-aceb-148d6cb47493
2026-05-10 02:03:22.446 8 INFO neutron.db.ovn_revision_numbers_db [None req-31ac6775-66ee-497f-9edb-c2ce43be46af 7c103a08f1d64cf18ed8eab82747bf8f 4300f39898a346ed9352b44048c8c89f - - default default] Successfully bumped revision number for resource 0167e07a-e8d5-48b1-aceb-148d6cb47493 (type: router_ports) to 1
2026-05-10 02:03:22.503 7 INFO neutron.db.ovn_revision_numbers_db [None req-bafd2d0c-b624-4bd3-98ae-f7c95ff9dcd1 6228ebbba3ce4d939e164a4985616fd8 a2d66d19b4f44927a0cf0564df206aaa - - default default] Successfully bumped revision number for resource d34d81fd-e8e6-4d7d-ae27-7cf8bc6779d7 (type: networks) to 1
2026-05-10 02:03:22.595 8 INFO neutron.db.ovn_revision_numbers_db [None req-31ac6775-66ee-497f-9edb-c2ce43be46af 7c103a08f1d64cf18ed8eab82747bf8f 4300f39898a346ed9352b44048c8c89f - - default default] Successfully bumped revision number for resource 65e119ee-e5b4-4ab4-b540-2e594a7c2bc7 (type: routers) to 2 [pid: 8|app: 0|req: 708/1520] 10.0.0.229 () {34 vars in 669 bytes} [Sun May 10 02:03:21 2026] POST /v2.0/routers => generated 954 bytes in 1518 msecs (HTTP/1.1 201) 4 headers in 162 bytes (1 switches on core 0)
2026-05-10 02:03:22.668 7 WARNING neutron.scheduler.dhcp_agent_scheduler [None req-bafd2d0c-b624-4bd3-98ae-f7c95ff9dcd1 6228ebbba3ce4d939e164a4985616fd8 a2d66d19b4f44927a0cf0564df206aaa - - default default] No more DHCP agents
2026-05-10 02:03:22.670 7 WARNING neutron.api.rpc.agentnotifiers.dhcp_rpc_agent_api [None req-bafd2d0c-b624-4bd3-98ae-f7c95ff9dcd1 6228ebbba3ce4d939e164a4985616fd8 a2d66d19b4f44927a0cf0564df206aaa - - default default] Unable to schedule network d34d81fd-e8e6-4d7d-ae27-7cf8bc6779d7: no agents available; will retry on subsequent port and subnet creation events.
2026-05-10 02:03:22.777 7 INFO neutron.db.ovn_revision_numbers_db [None req-bafd2d0c-b624-4bd3-98ae-f7c95ff9dcd1 6228ebbba3ce4d939e164a4985616fd8 a2d66d19b4f44927a0cf0564df206aaa - - default default] Successfully bumped revision number for resource 35f553fe-9660-4b90-8c6a-c9dbe3479939 (type: ports) to 1
2026-05-10 02:03:22.784 8 INFO neutron_taas.services.taas.taas_plugin [None req-2eb8d621-a16c-4c34-a1a5-c50e8239d88d 018ea92570394a8b8ecfecbababb9af5 921168282e134bfeb9eda92c0ec9feba - - default default] TaaS: Handle Delete Port: 48079c82-646a-47e6-add4-9f8e26654385
