172.24.5.201 - - [11/Apr/2026:01:59:25 +0000] "GET /networking/v2.0/ports?device_id=d885af17-763c-4f96-a4f4-62ac664ca7f8 HTTP/1.1" 200 3701 "-" "openstack-cloud-controller-manager/v1.33.1 gophercloud/v2.5.0"
199.204.45.3 - - [11/Apr/2026:01:59:25 +0000] "GET /networking/v2.0/ports?device_id=1163305a-3003-48a8-93cf-949132e95611 HTTP/1.1" 200 3711 "-" "python-neutronclient"
199.204.45.3 - - [11/Apr/2026:01:59:25 +0000] "GET /networking/v2.0/security-groups?id=ae43ed0e-f3d9-44ef-b35c-231dc597b613&fields=id&fields=name HTTP/1.1" 200 3016 "-" "python-neutronclient"
172.24.5.201 - - [11/Apr/2026:01:59:25 +0000] "GET /compute/v2.1/servers/1163305a-3003-48a8-93cf-949132e95611 HTTP/1.1" 200 4571 "-" "openstack-cloud-controller-manager/v1.33.1 gophercloud/v2.5.0"
172.24.5.201 - - [11/Apr/2026:01:59:25 +0000] "GET /compute/v2.1/flavors/4 HTTP/1.1" 200 3408 "-" "openstack-cloud-controller-manager/v1.33.1 gophercloud/v2.5.0"
172.24.5.201 - - [11/Apr/2026:01:59:25 +0000] "GET /networking/v2.0/ports?device_id=1163305a-3003-48a8-93cf-949132e95611 HTTP/1.1" 200 3680 "-" "openstack-cloud-controller-manager/v1.33.1 gophercloud/v2.5.0"
199.204.45.3 - - [11/Apr/2026:01:59:34 +0000] "GET /placement/resource_providers/9ef12689-e9cd-45df-aee7-83fe75ed21fb/allocations HTTP/1.1" 200 3302 "-" "nova-compute keystoneauth1/5.13.1 python-requests/2.33.1 CPython/3.12.3"
199.204.45.3 - - [11/Apr/2026:01:59:34 +0000] "GET /placement/resource_providers/9ef12689-e9cd-45df-aee7-83fe75ed21fb/allocations HTTP/1.1" 200 3302 "-" "nova-compute keystoneauth1/5.13.1 python-requests/2.33.1 CPython/3.12.3"
199.204.45.3 - - [11/Apr/2026:01:59:34 +0000] "GET /placement/allocations/016a45f7-7fdb-452e-a904-a8eb4a5139bd HTTP/1.1" 200 3275 "-" "nova-compute keystoneauth1/5.13.1 python-requests/2.33.1 CPython/3.12.3"
199.204.45.3 - - [11/Apr/2026:01:59:34 +0000] "GET /placement/allocations/1163305a-3003-48a8-93cf-949132e95611 HTTP/1.1" 200 3275 "-" "nova-compute keystoneauth1/5.13.1 python-requests/2.33.1 CPython/3.12.3"
199.204.45.3 - - [11/Apr/2026:01:59:34 +0000] "GET /placement/allocations/d885af17-763c-4f96-a4f4-62ac664ca7f8 HTTP/1.1" 200 3275 "-" "nova-compute keystoneauth1/5.13.1 python-requests/2.33.1 CPython/3.12.3"
199.204.45.3 - - [11/Apr/2026:01:59:48 +0000] "GET /identity HTTP/1.1" 300 3228 "-" "cinder/28.1.0.dev20 keystonemiddleware.auth_token/12.0.0 keystoneauth1/5.13.1 python-requests/2.33.1 CPython/3.12.3"
199.204.45.3 - - [11/Apr/2026:01:59:48 +0000] "POST /identity/v3/auth/tokens HTTP/1.1" 201 7888 "-" "cinder/28.1.0.dev20 keystonemiddleware.auth_token/12.0.0 keystoneauth1/5.13.1 python-requests/2.33.1 CPython/3.12.3"
199.204.45.3 - - [11/Apr/2026:01:59:48 +0000] "GET /identity/v3/auth/tokens HTTP/1.1" 200 8192 "-" "python-keystoneclient"
172.24.5.201 - - [11/Apr/2026:01:59:48 +0000] "GET /volume/v3/volumes/detail HTTP/1.1" 200 2988 "-" "cinder-csi-plugin/v1.32.0 gophercloud/v2.5.0"
199.204.45.3 - - [11/Apr/2026:02:00:35 +0000] "GET /placement/resource_providers/9ef12689-e9cd-45df-aee7-83fe75ed21fb/allocations HTTP/1.1" 200 3302 "-" "nova-compute keystoneauth1/5.13.1 python-requests/2.33.1 CPython/3.12.3"
199.204.45.3 - - [11/Apr/2026:02:00:35 +0000] "GET /placement/resource_providers/9ef12689-e9cd-45df-aee7-83fe75ed21fb/allocations HTTP/1.1" 200 3302 "-" "nova-compute keystoneauth1/5.13.1 python-requests/2.33.1 CPython/3.12.3"
199.204.45.3 - - [11/Apr/2026:02:00:35 +0000] "GET /placement/allocations/016a45f7-7fdb-452e-a904-a8eb4a5139bd HTTP/1.1" 200 3275 "-" "nova-compute keystoneauth1/5.13.1 python-requests/2.33.1 CPython/3.12.3"
199.204.45.3 - - [11/Apr/2026:02:00:35 +0000] "GET /placement/allocations/1163305a-3003-48a8-93cf-949132e95611 HTTP/1.1" 200 3275 "-" "nova-compute keystoneauth1/5.13.1 python-requests/2.33.1 CPython/3.12.3"
199.204.45.3 - - [11/Apr/2026:02:00:35 +0000] "GET /placement/allocations/d885af17-763c-4f96-a4f4-62ac664ca7f8 HTTP/1.1" 200 3275 "-" "nova-compute keystoneauth1/5.13.1 python-requests/2.33.1 CPython/3.12.3"
172.24.5.201 - - [11/Apr/2026:02:00:48 +0000] "GET /volume/v3/volumes/detail HTTP/1.1" 200 2988 "-" "cinder-csi-plugin/v1.32.0 gophercloud/v2.5.0"
199.204.45.3 - - [11/Apr/2026:02:00:56 +0000] "GET /identity/v3/auth/tokens HTTP/1.1" 200 8192 "-" "python-keystoneclient"
199.204.45.3 - - [11/Apr/2026:02:00:56 +0000] "GET /identity/v3/auth/tokens HTTP/1.1" 200 8192 "-" "python-keystoneclient"
199.204.45.3 - - [11/Apr/2026:02:00:56 +0000] "GET /identity/v3/auth/tokens HTTP/1.1" 200 8192 "-" "python-keystoneclient"
172.18.0.2 - - [11/Apr/2026:02:00:56 +0000] "GET /networking/v2.0/ports?id=771cd987-3078-4d7e-b31b-ce5894da6743&name=kube-ulz64-default-worker-f9pnh-wjcm7-886z6-0&network_id=1662f894-e4ef-48a4-a49a-e00d75606ae1 HTTP/1.1" 200 3701 "-" "cluster-api-provider-openstack/v0.12.4 gophercloud/v2.7.0"
172.18.0.2 - - [11/Apr/2026:02:00:56 +0000] "GET /networking/v2.0/ports?id=850907bc-925e-486a-9f82-e3f7861b689f&name=kube-ulz64-default-worker-f9pnh-wjcm7-mxqkz-0&network_id=1662f894-e4ef-48a4-a49a-e00d75606ae1 HTTP/1.1" 200 3701 "-" "cluster-api-provider-openstack/v0.12.4 gophercloud/v2.7.0"
172.18.0.2 - - [11/Apr/2026:02:00:56 +0000] "GET /networking/v2.0/ports?id=03c9034c-4b5b-496d-8584-fd2c30c859ed&name=kube-ulz64-j9wdk-t2r2f-0&network_id=1662f894-e4ef-48a4-a49a-e00d75606ae1 HTTP/1.1" 200 3680 "-" "cluster-api-provider-openstack/v0.12.4 gophercloud/v2.7.0"
172.18.0.2 - - [11/Apr/2026:02:00:56 +0000] "GET /compute/v2.1/ HTTP/1.1" 200 3430 "-" "cluster-api-provider-openstack/v0.12.4 gophercloud/v2.7.0"
172.18.0.2 - - [11/Apr/2026:02:00:56 +0000] "GET /compute/v2.1/ HTTP/1.1" 200 3430 "-" "cluster-api-provider-openstack/v0.12.4 gophercloud/v2.7.0"
172.18.0.2 - - [11/Apr/2026:02:00:56 +0000] "GET /compute/v2.1/ HTTP/1.1" 200 3430 "-" "cluster-api-provider-openstack/v0.12.4 gophercloud/v2.7.0"
199.204.45.3 - - [11/Apr/2026:02:00:56 +0000] "GET /networking/v2.0/ports?device_id=d885af17-763c-4f96-a4f4-62ac664ca7f8 HTTP/1.1" 200 3732 "-" "python-neutronclient"
199.204.45.3 - - [11/Apr/2026:02:00:56 +0000] "GET /identity/v3/auth/tokens HTTP/1.1" 200 8066 "-" "python-keystoneclient"
199.204.45.3 - - [11/Apr/2026:02:00:56 +0000] "GET /networking/v2.0/ports?device_id=1163305a-3003-48a8-93cf-949132e95611 HTTP/1.1" 200 3711 "-" "python-neutronclient"
199.204.45.3 - - [11/Apr/2026:02:00:56 +0000] "GET /networking/v2.0/ports?device_id=016a45f7-7fdb-452e-a904-a8eb4a5139bd HTTP/1.1" 200 3732 "-" "python-neutronclient"
199.204.45.3 - - [11/Apr/2026:02:00:56 +0000] "GET /networking/v2.0/security-groups?id=f287f12d-e03f-4acc-b8f7-48dfc4804247&fields=id&fields=name HTTP/1.1" 200 3010 "-" "python-neutronclient"
199.204.45.3 - - [11/Apr/2026:02:00:56 +0000] "GET /networking/v2.0/security-groups?id=ae43ed0e-f3d9-44ef-b35c-231dc597b613&fields=id&fields=name HTTP/1.1" 200 3016 "-" "python-neutronclient"
172.18.0.2 - - [11/Apr/2026:02:00:56 +0000] "GET /compute/v2.1/servers/d885af17-763c-4f96-a4f4-62ac664ca7f8 HTTP/1.1" 200 4638 "-" "cluster-api-provider-openstack/v0.12.4 gophercloud/v2.7.0"
172.18.0.2 - - [11/Apr/2026:02:00:56 +0000] "GET /compute/v2.1/servers/1163305a-3003-48a8-93cf-949132e95611 HTTP/1.1" 200 4623 "-" "cluster-api-provider-openstack/v0.12.4 gophercloud/v2.7.0"
199.204.45.3 - - [11/Apr/2026:02:00:56 +0000] "GET /networking/v2.0/security-groups?id=f287f12d-e03f-4acc-b8f7-48dfc4804247&fields=id&fields=name HTTP/1.1" 200 3010 "-" "python-neutronclient"
172.18.0.2 - - [11/Apr/2026:02:00:56 +0000] "GET /compute/v2.1/servers/016a45f7-7fdb-452e-a904-a8eb4a5139bd HTTP/1.1" 200 4638 "-" "cluster-api-provider-openstack/v0.12.4 gophercloud/v2.7.0"
172.18.0.2 - - [11/Apr/2026:02:01:18 +0000] "GET /compute/v2.1/ HTTP/1.1" 200 3430 "-" "cluster-api-provider-openstack/v0.12.4 gophercloud/v2.7.0"
172.18.0.2 - - [11/Apr/2026:02:01:18 +0000] "GET /compute/v2.1/ HTTP/1.1" 200 3430 "-" "cluster-api-provider-openstack/v0.12.4 gophercloud/v2.7.0"
172.18.0.2 - - [11/Apr/2026:02:01:18 +0000] "GET /compute/v2.1/ HTTP/1.1" 200 3430 "-" "cluster-api-provider-openstack/v0.12.4 gophercloud/v2.7.0"
199.204.45.3 - - [11/Apr/2026:02:01:18 +0000] "GET /networking/v2.0/ports?device_id=d885af17-763c-4f96-a4f4-62ac664ca7f8 HTTP/1.1" 200 3732 "-" "python-neutronclient"
199.204.45.3 - - [11/Apr/2026:02:01:18 +0000] "GET /networking/v2.0/ports?device_id=016a45f7-7fdb-452e-a904-a8eb4a5139bd HTTP/1.1" 200 3732 "-" "python-neutronclient"
199.204.45.3 - - [11/Apr/2026:02:01:18 +0000] "GET /networking/v2.0/ports?device_id=1163305a-3003-48a8-93cf-949132e95611 HTTP/1.1" 200 3711 "-" "python-neutronclient"
199.204.45.3 - - [11/Apr/2026:02:01:18 +0000] "GET /networking/v2.0/security-groups?id=f287f12d-e03f-4acc-b8f7-48dfc4804247&fields=id&fields=name HTTP/1.1" 200 3010 "-" "python-neutronclient"
199.204.45.3 - - [11/Apr/2026:02:01:18 +0000] "GET /networking/v2.0/security-groups?id=f287f12d-e03f-4acc-b8f7-48dfc4804247&fields=id&fields=name HTTP/1.1" 200 3010 "-" "python-neutronclient"
199.204.45.3 - - [11/Apr/2026:02:01:18 +0000] "GET /networking/v2.0/security-groups?id=ae43ed0e-f3d9-44ef-b35c-231dc597b613&fields=id&fields=name HTTP/1.1" 200 3016 "-" "python-neutronclient"
172.18.0.2 - - [11/Apr/2026:02:01:18 +0000] "GET /compute/v2.1/servers/d885af17-763c-4f96-a4f4-62ac664ca7f8 HTTP/1.1" 200 4638 "-" "cluster-api-provider-openstack/v0.12.4 gophercloud/v2.7.0"
172.18.0.2 - - [11/Apr/2026:02:01:18 +0000] "GET /compute/v2.1/servers/016a45f7-7fdb-452e-a904-a8eb4a5139bd HTTP/1.1" 200 4638 "-" "cluster-api-provider-openstack/v0.12.4 gophercloud/v2.7.0"
172.18.0.2 - - [11/Apr/2026:02:01:18 +0000] "GET /compute/v2.1/servers/1163305a-3003-48a8-93cf-949132e95611 HTTP/1.1" 200 4623 "-" "cluster-api-provider-openstack/v0.12.4 gophercloud/v2.7.0"
199.204.45.3 - - [11/Apr/2026:02:01:35 +0000] "GET /placement/resource_providers/9ef12689-e9cd-45df-aee7-83fe75ed21fb/allocations HTTP/1.1" 200 3302 "-" "nova-compute keystoneauth1/5.13.1 python-requests/2.33.1 CPython/3.12.3"
199.204.45.3 - - [11/Apr/2026:02:01:35 +0000] "GET /placement/resource_providers/9ef12689-e9cd-45df-aee7-83fe75ed21fb/allocations HTTP/1.1" 200 3302 "-" "nova-compute keystoneauth1/5.13.1 python-requests/2.33.1 CPython/3.12.3"
199.204.45.3 - - [11/Apr/2026:02:01:35 +0000] "GET /placement/allocations/016a45f7-7fdb-452e-a904-a8eb4a5139bd HTTP/1.1" 200 3275 "-" "nova-compute keystoneauth1/5.13.1 python-requests/2.33.1 CPython/3.12.3"
199.204.45.3 - - [11/Apr/2026:02:01:35 +0000] "GET /placement/allocations/1163305a-3003-48a8-93cf-949132e95611 HTTP/1.1" 200 3275 "-" "nova-compute keystoneauth1/5.13.1 python-requests/2.33.1 CPython/3.12.3"
199.204.45.3 - - [11/Apr/2026:02:01:35 +0000] "GET /placement/allocations/d885af17-763c-4f96-a4f4-62ac664ca7f8 HTTP/1.1" 200 3275 "-" "nova-compute keystoneauth1/5.13.1 python-requests/2.33.1 CPython/3.12.3"
172.24.5.201 - - [11/Apr/2026:02:01:48 +0000] "GET /volume/v3/volumes/detail HTTP/1.1" 200 2988 "-" "cinder-csi-plugin/v1.32.0 gophercloud/v2.5.0"
199.204.45.3 - - [11/Apr/2026:02:02:37 +0000] "GET /identity/v3/auth/tokens HTTP/1.1" 200 8066 "-" "python-keystoneclient"
199.204.45.3 - - [11/Apr/2026:02:02:37 +0000] "GET /placement/resource_providers/9ef12689-e9cd-45df-aee7-83fe75ed21fb/allocations HTTP/1.1" 200 3302 "-" "nova-compute keystoneauth1/5.13.1 python-requests/2.33.1 CPython/3.12.3"
199.204.45.3 - - [11/Apr/2026:02:02:37 +0000] "GET /placement/resource_providers?in_tree=9ef12689-e9cd-45df-aee7-83fe75ed21fb HTTP/1.1" 200 3816 "-" "nova-compute keystoneauth1/5.13.1 python-requests/2.33.1 CPython/3.12.3"
199.204.45.3 - - [11/Apr/2026:02:02:37 +0000] "GET /placement/resource_providers/9ef12689-e9cd-45df-aee7-83fe75ed21fb/inventories HTTP/1.1" 200 3344 "-" "nova-compute keystoneauth1/5.13.1 python-requests/2.33.1 CPython/3.12.3"
199.204.45.3 - - [11/Apr/2026:02:02:37 +0000] "GET /placement/resource_providers/9ef12689-e9cd-45df-aee7-83fe75ed21fb/aggregates HTTP/1.1" 200 3068 "-" "nova-compute keystoneauth1/5.13.1 python-requests/2.33.1 CPython/3.12.3"
199.204.45.3 - - [11/Apr/2026:02:02:37 +0000] "GET /placement/resource_providers/9ef12689-e9cd-45df-aee7-83fe75ed21fb/traits HTTP/1.1" 200 5008 "-" "nova-compute keystoneauth1/5.13.1 python-requests/2.33.1 CPython/3.12.3"
199.204.45.3 - - [11/Apr/2026:02:02:37 +0000] "GET /placement/resource_providers/9ef12689-e9cd-45df-aee7-83fe75ed21fb/allocations HTTP/1.1" 200 3302 "-" "nova-compute keystoneauth1/5.13.1 python-requests/2.33.1 CPython/3.12.3"
199.204.45.3 - - [11/Apr/2026:02:02:37 +0000] "GET /placement/allocations/016a45f7-7fdb-452e-a904-a8eb4a5139bd HTTP/1.1" 200 3275 "-" "nova-compute keystoneauth1/5.13.1 python-requests/2.33.1 CPython/3.12.3"
199.204.45.3 - - [11/Apr/2026:02:02:37 +0000] "GET /placement/allocations/1163305a-3003-48a8-93cf-949132e95611 HTTP/1.1" 200 3275 "-" "nova-compute keystoneauth1/5.13.1 python-requests/2.33.1 CPython/3.12.3"
199.204.45.3 - - [11/Apr/2026:02:02:37 +0000] "GET /placement/allocations/d885af17-763c-4f96-a4f4-62ac664ca7f8 HTTP/1.1" 200 3275 "-" "nova-compute keystoneauth1/5.13.1 python-requests/2.33.1 CPython/3.12.3"
172.24.5.201 - - [11/Apr/2026:02:02:48 +0000] "GET /volume/v3/volumes/detail HTTP/1.1" 200 2988 "-" "cinder-csi-plugin/v1.32.0 gophercloud/v2.5.0"
199.204.45.3 - - [11/Apr/2026:02:03:37 +0000] "GET /placement/resource_providers/9ef12689-e9cd-45df-aee7-83fe75ed21fb/allocations HTTP/1.1" 200 3302 "-" "nova-compute keystoneauth1/5.13.1 python-requests/2.33.1 CPython/3.12.3"
199.204.45.3 - - [11/Apr/2026:02:03:37 +0000] "GET /placement/resource_providers/9ef12689-e9cd-45df-aee7-83fe75ed21fb/allocations HTTP/1.1" 200 3302 "-" "nova-compute keystoneauth1/5.13.1 python-requests/2.33.1 CPython/3.12.3"
199.204.45.3 - - [11/Apr/2026:02:03:37 +0000] "GET /placement/allocations/016a45f7-7fdb-452e-a904-a8eb4a5139bd HTTP/1.1" 200 3275 "-" "nova-compute keystoneauth1/5.13.1 python-requests/2.33.1 CPython/3.12.3"
199.204.45.3 - - [11/Apr/2026:02:03:37 +0000] "GET /placement/allocations/1163305a-3003-48a8-93cf-949132e95611 HTTP/1.1" 200 3275 "-" "nova-compute keystoneauth1/5.13.1 python-requests/2.33.1 CPython/3.12.3"
199.204.45.3 - - [11/Apr/2026:02:03:37 +0000] "GET /placement/allocations/d885af17-763c-4f96-a4f4-62ac664ca7f8 HTTP/1.1" 200 3275 "-" "nova-compute keystoneauth1/5.13.1 python-requests/2.33.1 CPython/3.12.3"
172.24.5.201 - - [11/Apr/2026:02:03:48 +0000] "GET /volume/v3/volumes/detail HTTP/1.1" 200 2988 "-" "cinder-csi-plugin/v1.32.0 gophercloud/v2.5.0"
199.204.45.3 - - [11/Apr/2026:02:04:25 +0000] "GET /identity/v3/auth/tokens HTTP/1.1" 200 8192 "-" "python-keystoneclient"
199.204.45.3 - - [11/Apr/2026:02:04:25 +0000] "GET /identity/v3/auth/tokens HTTP/1.1" 200 8066 "-" "python-keystoneclient"
199.204.45.3 - - [11/Apr/2026:02:04:25 +0000] "GET /networking/v2.0/ports?device_id=016a45f7-7fdb-452e-a904-a8eb4a5139bd HTTP/1.1" 200 3732 "-" "python-neutronclient"
199.204.45.3 - - [11/Apr/2026:02:04:25 +0000] "GET /networking/v2.0/security-groups?id=f287f12d-e03f-4acc-b8f7-48dfc4804247&fields=id&fields=name HTTP/1.1" 200 3010 "-" "python-neutronclient"
172.24.5.201 - - [11/Apr/2026:02:04:25 +0000] "GET /compute/v2.1/servers/016a45f7-7fdb-452e-a904-a8eb4a5139bd HTTP/1.1" 200 4586 "-" "openstack-cloud-controller-manager/v1.33.1 gophercloud/v2.5.0"
172.24.5.201 - - [11/Apr/2026:02:04:25 +0000] "GET /compute/v2.1/flavors/4 HTTP/1.1" 200 3408 "-" "openstack-cloud-controller-manager/v1.33.1 gophercloud/v2.5.0"
172.24.5.201 - - [11/Apr/2026:02:04:25 +0000] "GET /networking/v2.0/ports?device_id=016a45f7-7fdb-452e-a904-a8eb4a5139bd HTTP/1.1" 200 3701 "-" "openstack-cloud-controller-manager/v1.33.1 gophercloud/v2.5.0"
199.204.45.3 - - [11/Apr/2026:02:04:25 +0000] "GET /networking/v2.0/ports?device_id=d885af17-763c-4f96-a4f4-62ac664ca7f8 HTTP/1.1" 200 3732 "-" "python-neutronclient"
199.204.45.3 - - [11/Apr/2026:02:04:26 +0000] "GET /networking/v2.0/security-groups?id=f287f12d-e03f-4acc-b8f7-48dfc4804247&fields=id&fields=name HTTP/1.1" 200 3010 "-" "python-neutronclient"
172.24.5.201 - - [11/Apr/2026:02:04:25 +0000] "GET /compute/v2.1/servers/d885af17-763c-4f96-a4f4-62ac664ca7f8 HTTP/1.1" 200 4586 "-" "openstack-cloud-controller-manager/v1.33.1 gophercloud/v2.5.0"
172.24.5.201 - - [11/Apr/2026:02:04:26 +0000] "GET /compute/v2.1/flavors/4 HTTP/1.1" 200 3408 "-" "openstack-cloud-controller-manager/v1.33.1 gophercloud/v2.5.0"
172.24.5.201 - - [11/Apr/2026:02:04:26 +0000] "GET /networking/v2.0/ports?device_id=d885af17-763c-4f96-a4f4-62ac664ca7f8 HTTP/1.1" 200 3701 "-" "openstack-cloud-controller-manager/v1.33.1 gophercloud/v2.5.0"
199.204.45.3 - - [11/Apr/2026:02:04:26 +0000] "GET /networking/v2.0/ports?device_id=1163305a-3003-48a8-93cf-949132e95611 HTTP/1.1" 200 3711 "-" "python-neutronclient"
199.204.45.3 - - [11/Apr/2026:02:04:26 +0000] "GET /networking/v2.0/security-groups?id=ae43ed0e-f3d9-44ef-b35c-231dc597b613&fields=id&fields=name HTTP/1.1" 200 3016 "-" "python-neutronclient"
172.24.5.201 - - [11/Apr/2026:02:04:26 +0000] "GET /compute/v2.1/servers/1163305a-3003-48a8-93cf-949132e95611 HTTP/1.1" 200 4571 "-" "openstack-cloud-controller-manager/v1.33.1 gophercloud/v2.5.0"
172.24.5.201 - - [11/Apr/2026:02:04:26 +0000] "GET /compute/v2.1/flavors/4 HTTP/1.1" 200 3408 "-" "openstack-cloud-controller-manager/v1.33.1 gophercloud/v2.5.0"
172.24.5.201 - - [11/Apr/2026:02:04:26 +0000] "GET /networking/v2.0/ports?device_id=1163305a-3003-48a8-93cf-949132e95611 HTTP/1.1" 200 3680 "-" "openstack-cloud-controller-manager/v1.33.1 gophercloud/v2.5.0"
199.204.45.3 - - [11/Apr/2026:02:04:39 +0000] "GET /placement/resource_providers/9ef12689-e9cd-45df-aee7-83fe75ed21fb/allocations HTTP/1.1" 200 3302 "-" "nova-compute keystoneauth1/5.13.1 python-requests/2.33.1 CPython/3.12.3"
199.204.45.3 - - [11/Apr/2026:02:04:39 +0000] "GET /placement/resource_providers/9ef12689-e9cd-45df-aee7-83fe75ed21fb/allocations HTTP/1.1" 200 3302 "-" "nova-compute keystoneauth1/5.13.1 python-requests/2.33.1 CPython/3.12.3"
199.204.45.3 - - [11/Apr/2026:02:04:39 +0000] "GET /placement/allocations/016a45f7-7fdb-452e-a904-a8eb4a5139bd HTTP/1.1" 200 3275 "-" "nova-compute keystoneauth1/5.13.1 python-requests/2.33.1 CPython/3.12.3"
199.204.45.3 - - [11/Apr/2026:02:04:39 +0000] "GET /placement/allocations/1163305a-3003-48a8-93cf-949132e95611 HTTP/1.1" 200 3275 "-" "nova-compute keystoneauth1/5.13.1 python-requests/2.33.1 CPython/3.12.3"
199.204.45.3 - - [11/Apr/2026:02:04:39 +0000] "GET /placement/allocations/d885af17-763c-4f96-a4f4-62ac664ca7f8 HTTP/1.1" 200 3275 "-" "nova-compute keystoneauth1/5.13.1 python-requests/2.33.1 CPython/3.12.3"
172.18.0.2 - - [11/Apr/2026:02:04:41 +0000] "GET /networking/v2.0/networks/d831df17-ff1d-43d4-9565-90bffd439459 HTTP/1.1" 200 3502 "-" "cluster-api-provider-openstack/v0.12.4 gophercloud/v2.7.0"
172.18.0.2 - - [11/Apr/2026:02:04:41 +0000] "GET /networking/v2.0/networks?name=k8s-clusterapi-cluster-magnum-system-kube-ulz64 HTTP/1.1" 200 3490 "-" "cluster-api-provider-openstack/v0.12.4 gophercloud/v2.7.0"
172.18.0.2 - - [11/Apr/2026:02:04:41 +0000] "GET /networking/v2.0/subnets?cidr=192.168.24.0%2F24&network_id=1662f894-e4ef-48a4-a49a-e00d75606ae1 HTTP/1.1" 200 3614 "-" "cluster-api-provider-openstack/v0.12.4 gophercloud/v2.7.0"
172.18.0.2 - - [11/Apr/2026:02:04:41 +0000] "GET /networking/v2.0/routers/2e366c80-488c-4292-a6b9-71359e3307d6 HTTP/1.1" 200 4061 "-" "cluster-api-provider-openstack/v0.12.4 gophercloud/v2.7.0"
172.18.0.2 - - [11/Apr/2026:02:04:41 +0000] "GET /networking/v2.0/ports?device_id=2e366c80-488c-4292-a6b9-71359e3307d6 HTTP/1.1" 200 3569 "-" "cluster-api-provider-openstack/v0.12.4 gophercloud/v2.7.0"
172.18.0.2 - - [11/Apr/2026:02:04:41 +0000] "GET /networking/v2.0/security-groups?name=k8s-cluster-magnum-system-kube-ulz64-secgroup-bastion HTTP/1.1" 200 2868 "-" "cluster-api-provider-openstack/v0.12.4 gophercloud/v2.7.0"
172.18.0.2 - - [11/Apr/2026:02:04:41 +0000] "GET /networking/v2.0/security-groups?name=k8s-cluster-magnum-system-kube-ulz64-secgroup-controlplane HTTP/1.1" 200 7754 "-" "cluster-api-provider-openstack/v0.12.4 gophercloud/v2.7.0"
172.18.0.2 - - [11/Apr/2026:02:04:41 +0000] "GET /networking/v2.0/security-groups?name=k8s-cluster-magnum-system-kube-ulz64-secgroup-worker HTTP/1.1" 200 11151 "-" "cluster-api-provider-openstack/v0.12.4 gophercloud/v2.7.0"
172.18.0.2 - - [11/Apr/2026:02:04:41 +0000] "GET /networking/v2.0/floatingips?floating_ip_address=172.24.5.154 HTTP/1.1" 200 3757 "-" "cluster-api-provider-openstack/v0.12.4 gophercloud/v2.7.0"
172.18.0.2 - - [11/Apr/2026:02:04:42 +0000] "GET /compute/v2.1/ HTTP/1.1" 200 3430 "-" "cluster-api-provider-openstack/v0.12.4 gophercloud/v2.7.0"
172.18.0.2 - - [11/Apr/2026:02:04:42 +0000] "GET /compute/v2.1/os-availability-zone HTTP/1.1" 200 3137 "-" "cluster-api-provider-openstack/v0.12.4 gophercloud/v2.7.0"
172.24.5.201 - - [11/Apr/2026:02:04:48 +0000] "GET /volume/v3/volumes/detail HTTP/1.1" 200 2988 "-" "cinder-csi-plugin/v1.32.0 gophercloud/v2.5.0"
199.204.45.3 - - [11/Apr/2026:02:05:39 +0000] "GET /placement/resource_providers/9ef12689-e9cd-45df-aee7-83fe75ed21fb/allocations HTTP/1.1" 200 3302 "-" "nova-compute keystoneauth1/5.13.1 python-requests/2.33.1 CPython/3.12.3"
199.204.45.3 - - [11/Apr/2026:02:05:39 +0000] "GET /placement/resource_providers/9ef12689-e9cd-45df-aee7-83fe75ed21fb/allocations HTTP/1.1" 200 3302 "-" "nova-compute keystoneauth1/5.13.1 python-requests/2.33.1 CPython/3.12.3"
199.204.45.3 - - [11/Apr/2026:02:05:39 +0000] "GET /placement/allocations/016a45f7-7fdb-452e-a904-a8eb4a5139bd HTTP/1.1" 200 3275 "-" "nova-compute keystoneauth1/5.13.1 python-requests/2.33.1 CPython/3.12.3"
199.204.45.3 - - [11/Apr/2026:02:05:39 +0000] "GET /placement/allocations/1163305a-3003-48a8-93cf-949132e95611 HTTP/1.1" 200 3275 "-" "nova-compute keystoneauth1/5.13.1 python-requests/2.33.1 CPython/3.12.3"
199.204.45.3 - - [11/Apr/2026:02:05:39 +0000] "GET /placement/allocations/d885af17-763c-4f96-a4f4-62ac664ca7f8 HTTP/1.1" 200 3275 "-" "nova-compute keystoneauth1/5.13.1 python-requests/2.33.1 CPython/3.12.3"
199.204.45.3 - - [11/Apr/2026:02:05:49 +0000] "GET /identity HTTP/1.1" 300 3228 "-" "cinder/28.1.0.dev20 keystonemiddleware.auth_token/12.0.0 keystoneauth1/5.13.1 python-requests/2.33.1 CPython/3.12.3"
199.204.45.3 - - [11/Apr/2026:02:05:49 +0000] "POST /identity/v3/auth/tokens HTTP/1.1" 201 7888 "-" "cinder/28.1.0.dev20 keystonemiddleware.auth_token/12.0.0 keystoneauth1/5.13.1 python-requests/2.33.1 CPython/3.12.3"
199.204.45.3 - - [11/Apr/2026:02:05:49 +0000] "GET /identity/v3/auth/tokens HTTP/1.1" 200 8192 "-" "python-keystoneclient"
172.24.5.201 - - [11/Apr/2026:02:05:49 +0000] "GET /volume/v3/volumes/detail HTTP/1.1" 200 2988 "-" "cinder-csi-plugin/v1.32.0 gophercloud/v2.5.0"
199.204.45.3 - - [11/Apr/2026:02:06:42 +0000] "GET /placement/resource_providers/9ef12689-e9cd-45df-aee7-83fe75ed21fb/allocations HTTP/1.1" 200 3302 "-" "nova-compute keystoneauth1/5.13.1 python-requests/2.33.1 CPython/3.12.3"
199.204.45.3 - - [11/Apr/2026:02:06:42 +0000] "GET /placement/resource_providers/9ef12689-e9cd-45df-aee7-83fe75ed21fb/allocations HTTP/1.1" 200 3302 "-" "nova-compute keystoneauth1/5.13.1 python-requests/2.33.1 CPython/3.12.3"
199.204.45.3 - - [11/Apr/2026:02:06:42 +0000] "GET /placement/allocations/016a45f7-7fdb-452e-a904-a8eb4a5139bd HTTP/1.1" 200 3275 "-" "nova-compute keystoneauth1/5.13.1 python-requests/2.33.1 CPython/3.12.3"
199.204.45.3 - - [11/Apr/2026:02:06:42 +0000] "GET /placement/allocations/1163305a-3003-48a8-93cf-949132e95611 HTTP/1.1" 200 3275 "-" "nova-compute keystoneauth1/5.13.1 python-requests/2.33.1 CPython/3.12.3"
199.204.45.3 - - [11/Apr/2026:02:06:42 +0000] "GET /placement/allocations/d885af17-763c-4f96-a4f4-62ac664ca7f8 HTTP/1.1" 200 3275 "-" "nova-compute keystoneauth1/5.13.1 python-requests/2.33.1 CPython/3.12.3"
172.24.5.201 - - [11/Apr/2026:02:06:49 +0000] "GET /volume/v3/volumes/detail HTTP/1.1" 200 2988 "-" "cinder-csi-plugin/v1.32.0 gophercloud/v2.5.0"
199.204.45.3 - - [11/Apr/2026:02:07:41 +0000] "GET /identity HTTP/1.1" 300 3228 "-" "placement/unknown keystonemiddleware.auth_token/12.0.0 keystoneauth1/5.13.1 python-requests/2.33.1 CPython/3.12.3"
199.204.45.3 - - [11/Apr/2026:02:07:41 +0000] "POST /identity/v3/auth/tokens HTTP/1.1" 201 8076 "-" "placement/unknown keystonemiddleware.auth_token/12.0.0 keystoneauth1/5.13.1 python-requests/2.33.1 CPython/3.12.3"
199.204.45.3 - - [11/Apr/2026:02:07:41 +0000] "GET /identity/v3/auth/tokens HTTP/1.1" 200 8066 "-" "python-keystoneclient"
199.204.45.3 - - [11/Apr/2026:02:07:41 +0000] "GET /placement/resource_providers/9ef12689-e9cd-45df-aee7-83fe75ed21fb/allocations HTTP/1.1" 200 3302 "-" "nova-compute keystoneauth1/5.13.1 python-requests/2.33.1 CPython/3.12.3"
199.204.45.3 - - [11/Apr/2026:02:07:41 +0000] "GET /placement/resource_providers?in_tree=9ef12689-e9cd-45df-aee7-83fe75ed21fb HTTP/1.1" 200 3816 "-" "nova-compute keystoneauth1/5.13.1 python-requests/2.33.1 CPython/3.12.3"
199.204.45.3 - - [11/Apr/2026:02:07:41 +0000] "GET /placement/resource_providers/9ef12689-e9cd-45df-aee7-83fe75ed21fb/inventories HTTP/1.1" 200 3344 "-" "nova-compute keystoneauth1/5.13.1 python-requests/2.33.1 CPython/3.12.3"
199.204.45.3 - - [11/Apr/2026:02:07:41 +0000] "GET /placement/resource_providers/9ef12689-e9cd-45df-aee7-83fe75ed21fb/aggregates HTTP/1.1" 200 3068 "-" "nova-compute keystoneauth1/5.13.1 python-requests/2.33.1 CPython/3.12.3"
199.204.45.3 - - [11/Apr/2026:02:07:41 +0000] "GET /placement/resource_providers/9ef12689-e9cd-45df-aee7-83fe75ed21fb/traits HTTP/1.1" 200 5008 "-" "nova-compute keystoneauth1/5.13.1 python-requests/2.33.1 CPython/3.12.3"
199.204.45.3 - - [11/Apr/2026:02:07:41 +0000] "GET /placement/resource_providers/9ef12689-e9cd-45df-aee7-83fe75ed21fb/allocations HTTP/1.1" 200 3302 "-" "nova-compute keystoneauth1/5.13.1 python-requests/2.33.1 CPython/3.12.3"
199.204.45.3 - - [11/Apr/2026:02:07:41 +0000] "GET /placement/allocations/016a45f7-7fdb-452e-a904-a8eb4a5139bd HTTP/1.1" 200 3275 "-" "nova-compute keystoneauth1/5.13.1 python-requests/2.33.1 CPython/3.12.3"
199.204.45.3 - - [11/Apr/2026:02:07:41 +0000] "GET /placement/allocations/1163305a-3003-48a8-93cf-949132e95611 HTTP/1.1" 200 3275 "-" "nova-compute keystoneauth1/5.13.1 python-requests/2.33.1 CPython/3.12.3"
199.204.45.3 - - [11/Apr/2026:02:07:41 +0000] "GET /placement/allocations/d885af17-763c-4f96-a4f4-62ac664ca7f8 HTTP/1.1" 200 3275 "-" "nova-compute keystoneauth1/5.13.1 python-requests/2.33.1 CPython/3.12.3"
172.24.5.201 - - [11/Apr/2026:02:07:49 +0000] "GET /volume/v3/volumes/detail HTTP/1.1" 200 2988 "-" "cinder-csi-plugin/v1.32.0 gophercloud/v2.5.0"
172.18.0.2 - - [11/Apr/2026:02:08:23 +0000] "GET /compute/v2.1/ HTTP/1.1" 200 3430 "-" "cluster-api-provider-openstack/v0.12.4 gophercloud/v2.7.0"
172.18.0.2 - - [11/Apr/2026:02:08:23 +0000] "GET /compute/v2.1/ HTTP/1.1" 200 3430 "-" "cluster-api-provider-openstack/v0.12.4 gophercloud/v2.7.0"
172.18.0.2 - - [11/Apr/2026:02:08:23 +0000] "GET /compute/v2.1/ HTTP/1.1" 200 3430 "-" "cluster-api-provider-openstack/v0.12.4 gophercloud/v2.7.0"
199.204.45.3 - - [11/Apr/2026:02:08:23 +0000] "GET /identity/v3/auth/tokens HTTP/1.1" 200 8192 "-" "python-keystoneclient"
199.204.45.3 - - [11/Apr/2026:02:08:23 +0000] "GET /identity/v3/auth/tokens HTTP/1.1" 200 8192 "-" "python-keystoneclient"
199.204.45.3 - - [11/Apr/2026:02:08:23 +0000] "GET /identity/v3/auth/tokens HTTP/1.1" 200 8192 "-" "python-keystoneclient"
199.204.45.3 - - [11/Apr/2026:02:08:23 +0000] "GET /identity/v3/auth/tokens HTTP/1.1" 200 8066 "-" "python-keystoneclient"
199.204.45.3 - - [11/Apr/2026:02:08:23 +0000] "GET /identity/v3/auth/tokens HTTP/1.1" 200 8066 "-" "python-keystoneclient"
199.204.45.3 - - [11/Apr/2026:02:08:23 +0000] "GET /networking/v2.0/ports?device_id=d885af17-763c-4f96-a4f4-62ac664ca7f8 HTTP/1.1" 200 3732 "-" "python-neutronclient"
199.204.45.3 - - [11/Apr/2026:02:08:23 +0000] "GET /networking/v2.0/ports?device_id=1163305a-3003-48a8-93cf-949132e95611 HTTP/1.1" 200 3711 "-" "python-neutronclient"
199.204.45.3 - - [11/Apr/2026:02:08:23 +0000] "GET /networking/v2.0/ports?device_id=016a45f7-7fdb-452e-a904-a8eb4a5139bd HTTP/1.1" 200 3732 "-" "python-neutronclient"
199.204.45.3 - - [11/Apr/2026:02:08:23 +0000] "GET /networking/v2.0/security-groups?id=f287f12d-e03f-4acc-b8f7-48dfc4804247&fields=id&fields=name HTTP/1.1" 200 3010 "-" "python-neutronclient"
172.18.0.2 - - [11/Apr/2026:02:08:23 +0000] "GET /compute/v2.1/servers/d885af17-763c-4f96-a4f4-62ac664ca7f8 HTTP/1.1" 200 4638 "-" "cluster-api-provider-openstack/v0.12.4 gophercloud/v2.7.0"
199.204.45.3 - - [11/Apr/2026:02:08:23 +0000] "GET /networking/v2.0/security-groups?id=ae43ed0e-f3d9-44ef-b35c-231dc597b613&fields=id&fields=name HTTP/1.1" 200 3016 "-" "python-neutronclient"
172.18.0.2 - - [11/Apr/2026:02:08:23 +0000] "GET /compute/v2.1/servers/1163305a-3003-48a8-93cf-949132e95611 HTTP/1.1" 200 4623 "-" "cluster-api-provider-openstack/v0.12.4 gophercloud/v2.7.0"
199.204.45.3 - - [11/Apr/2026:02:08:23 +0000] "GET /networking/v2.0/security-groups?id=f287f12d-e03f-4acc-b8f7-48dfc4804247&fields=id&fields=name HTTP/1.1" 200 3010 "-" "python-neutronclient"
172.18.0.2 - - [11/Apr/2026:02:08:23 +0000] "GET /compute/v2.1/servers/016a45f7-7fdb-452e-a904-a8eb4a5139bd HTTP/1.1" 200 4638 "-" "cluster-api-provider-openstack/v0.12.4 gophercloud/v2.7.0"
199.204.45.3 - - [11/Apr/2026:02:08:42 +0000] "GET /placement/resource_providers/9ef12689-e9cd-45df-aee7-83fe75ed21fb/allocations HTTP/1.1" 200 3302 "-" "nova-compute keystoneauth1/5.13.1 python-requests/2.33.1 CPython/3.12.3"
199.204.45.3 - - [11/Apr/2026:02:08:42 +0000] "GET /placement/resource_providers/9ef12689-e9cd-45df-aee7-83fe75ed21fb/allocations HTTP/1.1" 200 3302 "-" "nova-compute keystoneauth1/5.13.1 python-requests/2.33.1 CPython/3.12.3"
199.204.45.3 - - [11/Apr/2026:02:08:42 +0000] "GET /placement/allocations/016a45f7-7fdb-452e-a904-a8eb4a5139bd HTTP/1.1" 200 3275 "-" "nova-compute keystoneauth1/5.13.1 python-requests/2.33.1 CPython/3.12.3"
199.204.45.3 - - [11/Apr/2026:02:08:42 +0000] "GET /placement/allocations/1163305a-3003-48a8-93cf-949132e95611 HTTP/1.1" 200 3275 "-" "nova-compute keystoneauth1/5.13.1 python-requests/2.33.1 CPython/3.12.3"
199.204.45.3 - - [11/Apr/2026:02:08:42 +0000] "GET /placement/allocations/d885af17-763c-4f96-a4f4-62ac664ca7f8 HTTP/1.1" 200 3275 "-" "nova-compute keystoneauth1/5.13.1 python-requests/2.33.1 CPython/3.12.3"
172.24.5.201 - - [11/Apr/2026:02:08:49 +0000] "GET /volume/v3/volumes/detail HTTP/1.1" 200 2988 "-" "cinder-csi-plugin/v1.32.0 gophercloud/v2.5.0"
199.204.45.3 - - [11/Apr/2026:02:09:26 +0000] "GET /identity/v3/auth/tokens HTTP/1.1" 200 8192 "-" "python-keystoneclient"
199.204.45.3 - - [11/Apr/2026:02:09:26 +0000] "GET /identity/v3/auth/tokens HTTP/1.1" 200 8066 "-" "python-keystoneclient"
199.204.45.3 - - [11/Apr/2026:02:09:26 +0000] "GET /networking/v2.0/ports?device_id=016a45f7-7fdb-452e-a904-a8eb4a5139bd HTTP/1.1" 200 3732 "-" "python-neutronclient"
199.204.45.3 - - [11/Apr/2026:02:09:26 +0000] "GET /networking/v2.0/security-groups?id=f287f12d-e03f-4acc-b8f7-48dfc4804247&fields=id&fields=name HTTP/1.1" 200 3010 "-" "python-neutronclient"
172.24.5.201 - - [11/Apr/2026:02:09:26 +0000] "GET /compute/v2.1/servers/016a45f7-7fdb-452e-a904-a8eb4a5139bd HTTP/1.1" 200 4586 "-" "openstack-cloud-controller-manager/v1.33.1 gophercloud/v2.5.0"
172.24.5.201 - - [11/Apr/2026:02:09:26 +0000] "GET /compute/v2.1/flavors/4 HTTP/1.1" 200 3408 "-" "openstack-cloud-controller-manager/v1.33.1 gophercloud/v2.5.0"
172.24.5.201 - - [11/Apr/2026:02:09:26 +0000] "GET /networking/v2.0/ports?device_id=016a45f7-7fdb-452e-a904-a8eb4a5139bd HTTP/1.1" 200 3701 "-" "openstack-cloud-controller-manager/v1.33.1 gophercloud/v2.5.0"
199.204.45.3 - - [11/Apr/2026:02:09:27 +0000] "GET /networking/v2.0/ports?device_id=d885af17-763c-4f96-a4f4-62ac664ca7f8 HTTP/1.1" 200 3732 "-" "python-neutronclient"
199.204.45.3 - - [11/Apr/2026:02:09:27 +0000] "GET /networking/v2.0/security-groups?id=f287f12d-e03f-4acc-b8f7-48dfc4804247&fields=id&fields=name HTTP/1.1" 200 3010 "-" "python-neutronclient"
172.24.5.201 - - [11/Apr/2026:02:09:27 +0000] "GET /compute/v2.1/servers/d885af17-763c-4f96-a4f4-62ac664ca7f8 HTTP/1.1" 200 4586 "-" "openstack-cloud-controller-manager/v1.33.1 gophercloud/v2.5.0"
172.24.5.201 - - [11/Apr/2026:02:09:27 +0000] "GET /compute/v2.1/flavors/4 HTTP/1.1" 200 3408 "-" "openstack-cloud-controller-manager/v1.33.1 gophercloud/v2.5.0"
172.24.5.201 - - [11/Apr/2026:02:09:27 +0000] "GET /networking/v2.0/ports?device_id=d885af17-763c-4f96-a4f4-62ac664ca7f8 HTTP/1.1" 200 3701 "-" "openstack-cloud-controller-manager/v1.33.1 gophercloud/v2.5.0"
199.204.45.3 - - [11/Apr/2026:02:09:27 +0000] "GET /networking/v2.0/ports?device_id=1163305a-3003-48a8-93cf-949132e95611 HTTP/1.1" 200 3711 "-" "python-neutronclient"
199.204.45.3 - - [11/Apr/2026:02:09:27 +0000] "GET /networking/v2.0/security-groups?id=ae43ed0e-f3d9-44ef-b35c-231dc597b613&fields=id&fields=name HTTP/1.1" 200 3016 "-" "python-neutronclient"
172.24.5.201 - - [11/Apr/2026:02:09:27 +0000] "GET /compute/v2.1/servers/1163305a-3003-48a8-93cf-949132e95611 HTTP/1.1" 200 4571 "-" "openstack-cloud-controller-manager/v1.33.1 gophercloud/v2.5.0"
172.24.5.201 - - [11/Apr/2026:02:09:27 +0000] "GET /compute/v2.1/flavors/4 HTTP/1.1" 200 3408 "-" "openstack-cloud-controller-manager/v1.33.1 gophercloud/v2.5.0"
172.24.5.201 - - [11/Apr/2026:02:09:27 +0000] "GET /networking/v2.0/ports?device_id=1163305a-3003-48a8-93cf-949132e95611 HTTP/1.1" 200 3680 "-" "openstack-cloud-controller-manager/v1.33.1 gophercloud/v2.5.0"
199.204.45.3 - - [11/Apr/2026:02:09:42 +0000] "GET /placement/resource_providers/9ef12689-e9cd-45df-aee7-83fe75ed21fb/allocations HTTP/1.1" 200 3302 "-" "nova-compute keystoneauth1/5.13.1 python-requests/2.33.1 CPython/3.12.3"
199.204.45.3 - - [11/Apr/2026:02:09:42 +0000] "GET /placement/resource_providers/9ef12689-e9cd-45df-aee7-83fe75ed21fb/allocations HTTP/1.1" 200 3302 "-" "nova-compute keystoneauth1/5.13.1 python-requests/2.33.1 CPython/3.12.3"
199.204.45.3 - - [11/Apr/2026:02:09:42 +0000] "GET /placement/allocations/016a45f7-7fdb-452e-a904-a8eb4a5139bd HTTP/1.1" 200 3275 "-" "nova-compute keystoneauth1/5.13.1 python-requests/2.33.1 CPython/3.12.3"
199.204.45.3 - - [11/Apr/2026:02:09:42 +0000] "GET /placement/allocations/1163305a-3003-48a8-93cf-949132e95611 HTTP/1.1" 200 3275 "-" "nova-compute keystoneauth1/5.13.1 python-requests/2.33.1 CPython/3.12.3"
199.204.45.3 - - [11/Apr/2026:02:09:42 +0000] "GET /placement/allocations/d885af17-763c-4f96-a4f4-62ac664ca7f8 HTTP/1.1" 200 3275 "-" "nova-compute keystoneauth1/5.13.1 python-requests/2.33.1 CPython/3.12.3"
172.24.5.201 - - [11/Apr/2026:02:09:49 +0000] "GET /volume/v3/volumes/detail HTTP/1.1" 200 2988 "-" "cinder-csi-plugin/v1.32.0 gophercloud/v2.5.0"
172.18.0.2 - - [11/Apr/2026:02:10:36 +0000] "GET /networking/v2.0/ports?id=850907bc-925e-486a-9f82-e3f7861b689f&name=kube-ulz64-default-worker-f9pnh-wjcm7-mxqkz-0&network_id=1662f894-e4ef-48a4-a49a-e00d75606ae1 HTTP/1.1" 200 3701 "-" "cluster-api-provider-openstack/v0.12.4 gophercloud/v2.7.0"
172.18.0.2 - - [11/Apr/2026:02:10:36 +0000] "GET /networking/v2.0/ports?id=771cd987-3078-4d7e-b31b-ce5894da6743&name=kube-ulz64-default-worker-f9pnh-wjcm7-886z6-0&network_id=1662f894-e4ef-48a4-a49a-e00d75606ae1 HTTP/1.1" 200 3701 "-" "cluster-api-provider-openstack/v0.12.4 gophercloud/v2.7.0"
172.18.0.2 - - [11/Apr/2026:02:10:36 +0000] "GET /networking/v2.0/ports?id=03c9034c-4b5b-496d-8584-fd2c30c859ed&name=kube-ulz64-j9wdk-t2r2f-0&network_id=1662f894-e4ef-48a4-a49a-e00d75606ae1 HTTP/1.1" 200 3680 "-" "cluster-api-provider-openstack/v0.12.4 gophercloud/v2.7.0"
172.18.0.2 - - [11/Apr/2026:02:10:36 +0000] "GET /compute/v2.1/ HTTP/1.1" 200 3430 "-" "cluster-api-provider-openstack/v0.12.4 gophercloud/v2.7.0"
172.18.0.2 - - [11/Apr/2026:02:10:36 +0000] "GET /compute/v2.1/ HTTP/1.1" 200 3430 "-" "cluster-api-provider-openstack/v0.12.4 gophercloud/v2.7.0"
172.18.0.2 - - [11/Apr/2026:02:10:36 +0000] "GET /compute/v2.1/ HTTP/1.1" 200 3430 "-" "cluster-api-provider-openstack/v0.12.4 gophercloud/v2.7.0"
199.204.45.3 - - [11/Apr/2026:02:10:37 +0000] "GET /networking/v2.0/ports?device_id=d885af17-763c-4f96-a4f4-62ac664ca7f8 HTTP/1.1" 200 3732 "-" "python-neutronclient"
199.204.45.3 - - [11/Apr/2026:02:10:37 +0000] "GET /identity/v3/auth/tokens HTTP/1.1" 200 8066 "-" "python-keystoneclient"
199.204.45.3 - - [11/Apr/2026:02:10:37 +0000] "GET /networking/v2.0/ports?device_id=1163305a-3003-48a8-93cf-949132e95611 HTTP/1.1" 200 3711 "-" "python-neutronclient"
199.204.45.3 - - [11/Apr/2026:02:10:37 +0000] "GET /networking/v2.0/security-groups?id=f287f12d-e03f-4acc-b8f7-48dfc4804247&fields=id&fields=name HTTP/1.1" 200 3010 "-" "python-neutronclient"
199.204.45.3 - - [11/Apr/2026:02:10:37 +0000] "GET /networking/v2.0/ports?device_id=016a45f7-7fdb-452e-a904-a8eb4a5139bd HTTP/1.1" 200 3732 "-" "python-neutronclient"
172.18.0.2 - - [11/Apr/2026:02:10:36 +0000] "GET /compute/v2.1/servers/d885af17-763c-4f96-a4f4-62ac664ca7f8 HTTP/1.1" 200 4638 "-" "cluster-api-provider-openstack/v0.12.4 gophercloud/v2.7.0"
199.204.45.3 - - [11/Apr/2026:02:10:37 +0000] "GET /networking/v2.0/security-groups?id=ae43ed0e-f3d9-44ef-b35c-231dc597b613&fields=id&fields=name HTTP/1.1" 200 3016 "-" "python-neutronclient"
172.18.0.2 - - [11/Apr/2026:02:10:36 +0000] "GET /compute/v2.1/servers/1163305a-3003-48a8-93cf-949132e95611 HTTP/1.1" 200 4623 "-" "cluster-api-provider-openstack/v0.12.4 gophercloud/v2.7.0"
199.204.45.3 - - [11/Apr/2026:02:10:37 +0000] "GET /networking/v2.0/security-groups?id=f287f12d-e03f-4acc-b8f7-48dfc4804247&fields=id&fields=name HTTP/1.1" 200 3010 "-" "python-neutronclient"
172.18.0.2 - - [11/Apr/2026:02:10:36 +0000] "GET /compute/v2.1/servers/016a45f7-7fdb-452e-a904-a8eb4a5139bd HTTP/1.1" 200 4638 "-" "cluster-api-provider-openstack/v0.12.4 gophercloud/v2.7.0"
199.204.45.3 - - [11/Apr/2026:02:10:43 +0000] "GET /placement/resource_providers/9ef12689-e9cd-45df-aee7-83fe75ed21fb/allocations HTTP/1.1" 200 3302 "-" "nova-compute keystoneauth1/5.13.1 python-requests/2.33.1 CPython/3.12.3"
199.204.45.3 - - [11/Apr/2026:02:10:43 +0000] "GET /placement/resource_providers/9ef12689-e9cd-45df-aee7-83fe75ed21fb/allocations HTTP/1.1" 200 3302 "-" "nova-compute keystoneauth1/5.13.1 python-requests/2.33.1 CPython/3.12.3"
199.204.45.3 - - [11/Apr/2026:02:10:43 +0000] "GET /placement/allocations/016a45f7-7fdb-452e-a904-a8eb4a5139bd HTTP/1.1" 200 3275 "-" "nova-compute keystoneauth1/5.13.1 python-requests/2.33.1 CPython/3.12.3"
199.204.45.3 - - [11/Apr/2026:02:10:43 +0000] "GET /placement/allocations/1163305a-3003-48a8-93cf-949132e95611 HTTP/1.1" 200 3275 "-" "nova-compute keystoneauth1/5.13.1 python-requests/2.33.1 CPython/3.12.3"
199.204.45.3 - - [11/Apr/2026:02:10:43 +0000] "GET /placement/allocations/d885af17-763c-4f96-a4f4-62ac664ca7f8 HTTP/1.1" 200 3275 "-" "nova-compute keystoneauth1/5.13.1 python-requests/2.33.1 CPython/3.12.3"
199.204.45.3 - - [11/Apr/2026:02:10:49 +0000] "GET /identity/v3/auth/tokens HTTP/1.1" 200 8192 "-" "python-keystoneclient"
172.24.5.201 - - [11/Apr/2026:02:10:49 +0000] "GET /volume/v3/volumes/detail HTTP/1.1" 200 2988 "-" "cinder-csi-plugin/v1.32.0 gophercloud/v2.5.0"
172.18.0.2 - - [11/Apr/2026:02:11:06 +0000] "GET /compute/v2.1/ HTTP/1.1" 200 3430 "-" "cluster-api-provider-openstack/v0.12.4 gophercloud/v2.7.0"
172.18.0.2 - - [11/Apr/2026:02:11:06 +0000] "GET /compute/v2.1/ HTTP/1.1" 200 3430 "-" "cluster-api-provider-openstack/v0.12.4 gophercloud/v2.7.0"
172.18.0.2 - - [11/Apr/2026:02:11:06 +0000] "GET /compute/v2.1/ HTTP/1.1" 200 3430 "-" "cluster-api-provider-openstack/v0.12.4 gophercloud/v2.7.0"
199.204.45.3 - - [11/Apr/2026:02:11:06 +0000] "GET /networking/v2.0/ports?device_id=d885af17-763c-4f96-a4f4-62ac664ca7f8 HTTP/1.1" 200 3732 "-" "python-neutronclient"
199.204.45.3 - - [11/Apr/2026:02:11:06 +0000] "GET /networking/v2.0/ports?device_id=1163305a-3003-48a8-93cf-949132e95611 HTTP/1.1" 200 3711 "-" "python-neutronclient"
199.204.45.3 - - [11/Apr/2026:02:11:06 +0000] "GET /networking/v2.0/ports?device_id=016a45f7-7fdb-452e-a904-a8eb4a5139bd HTTP/1.1" 200 3732 "-" "python-neutronclient"
199.204.45.3 - - [11/Apr/2026:02:11:06 +0000] "GET /networking/v2.0/security-groups?id=f287f12d-e03f-4acc-b8f7-48dfc4804247&fields=id&fields=name HTTP/1.1" 200 3010 "-" "python-neutronclient"
199.204.45.3 - - [11/Apr/2026:02:11:06 +0000] "GET /networking/v2.0/security-groups?id=ae43ed0e-f3d9-44ef-b35c-231dc597b613&fields=id&fields=name HTTP/1.1" 200 3016 "-" "python-neutronclient"
172.18.0.2 - - [11/Apr/2026:02:11:06 +0000] "GET /compute/v2.1/servers/d885af17-763c-4f96-a4f4-62ac664ca7f8 HTTP/1.1" 200 4638 "-" "cluster-api-provider-openstack/v0.12.4 gophercloud/v2.7.0"
199.204.45.3 - - [11/Apr/2026:02:11:06 +0000] "GET /networking/v2.0/security-groups?id=f287f12d-e03f-4acc-b8f7-48dfc4804247&fields=id&fields=name HTTP/1.1" 200 3010 "-" "python-neutronclient"
172.18.0.2 - - [11/Apr/2026:02:11:06 +0000] "GET /compute/v2.1/servers/1163305a-3003-48a8-93cf-949132e95611 HTTP/1.1" 200 4623 "-" "cluster-api-provider-openstack/v0.12.4 gophercloud/v2.7.0"
172.18.0.2 - - [11/Apr/2026:02:11:06 +0000] "GET /compute/v2.1/servers/016a45f7-7fdb-452e-a904-a8eb4a5139bd HTTP/1.1" 200 4638 "-" "cluster-api-provider-openstack/v0.12.4 gophercloud/v2.7.0"
199.204.45.3 - - [11/Apr/2026:02:11:44 +0000] "GET /placement/resource_providers/9ef12689-e9cd-45df-aee7-83fe75ed21fb/allocations HTTP/1.1" 200 3302 "-" "nova-compute keystoneauth1/5.13.1 python-requests/2.33.1 CPython/3.12.3"
199.204.45.3 - - [11/Apr/2026:02:11:44 +0000] "GET /placement/resource_providers/9ef12689-e9cd-45df-aee7-83fe75ed21fb/allocations HTTP/1.1" 200 3302 "-" "nova-compute keystoneauth1/5.13.1 python-requests/2.33.1 CPython/3.12.3"
199.204.45.3 - - [11/Apr/2026:02:11:44 +0000] "GET /placement/allocations/016a45f7-7fdb-452e-a904-a8eb4a5139bd HTTP/1.1" 200 3275 "-" "nova-compute keystoneauth1/5.13.1 python-requests/2.33.1 CPython/3.12.3"
199.204.45.3 - - [11/Apr/2026:02:11:44 +0000] "GET /placement/allocations/1163305a-3003-48a8-93cf-949132e95611 HTTP/1.1" 200 3275 "-" "nova-compute keystoneauth1/5.13.1 python-requests/2.33.1 CPython/3.12.3"
199.204.45.3 - - [11/Apr/2026:02:11:44 +0000] "GET /placement/allocations/d885af17-763c-4f96-a4f4-62ac664ca7f8 HTTP/1.1" 200 3275 "-" "nova-compute keystoneauth1/5.13.1 python-requests/2.33.1 CPython/3.12.3"
172.24.5.201 - - [11/Apr/2026:02:11:49 +0000] "GET /volume/v3/volumes/detail HTTP/1.1" 200 2988 "-" "cinder-csi-plugin/v1.32.0 gophercloud/v2.5.0"
199.204.45.3 - - [11/Apr/2026:02:12:44 +0000] "GET /identity HTTP/1.1" 300 3228 "-" "placement/unknown keystonemiddleware.auth_token/12.0.0 keystoneauth1/5.13.1 python-requests/2.33.1 CPython/3.12.3"
199.204.45.3 - - [11/Apr/2026:02:12:44 +0000] "POST /identity/v3/auth/tokens HTTP/1.1" 201 8076 "-" "placement/unknown keystonemiddleware.auth_token/12.0.0 keystoneauth1/5.13.1 python-requests/2.33.1 CPython/3.12.3"
199.204.45.3 - - [11/Apr/2026:02:12:44 +0000] "GET /identity/v3/auth/tokens HTTP/1.1" 200 8066 "-" "python-keystoneclient"
199.204.45.3 - - [11/Apr/2026:02:12:44 +0000] "GET /placement/resource_providers/9ef12689-e9cd-45df-aee7-83fe75ed21fb/allocations HTTP/1.1" 200 3302 "-" "nova-compute keystoneauth1/5.13.1 python-requests/2.33.1 CPython/3.12.3"
199.204.45.3 - - [11/Apr/2026:02:12:44 +0000] "GET /placement/resource_providers?in_tree=9ef12689-e9cd-45df-aee7-83fe75ed21fb HTTP/1.1" 200 3816 "-" "nova-compute keystoneauth1/5.13.1 python-requests/2.33.1 CPython/3.12.3"
199.204.45.3 - - [11/Apr/2026:02:12:44 +0000] "GET /placement/resource_providers/9ef12689-e9cd-45df-aee7-83fe75ed21fb/inventories HTTP/1.1" 200 3344 "-" "nova-compute keystoneauth1/5.13.1 python-requests/2.33.1 CPython/3.12.3"
199.204.45.3 - - [11/Apr/2026:02:12:44 +0000] "GET /placement/resource_providers/9ef12689-e9cd-45df-aee7-83fe75ed21fb/aggregates HTTP/1.1" 200 3068 "-" "nova-compute keystoneauth1/5.13.1 python-requests/2.33.1 CPython/3.12.3"
199.204.45.3 - - [11/Apr/2026:02:12:44 +0000] "GET /placement/resource_providers/9ef12689-e9cd-45df-aee7-83fe75ed21fb/traits HTTP/1.1" 200 5008 "-" "nova-compute keystoneauth1/5.13.1 python-requests/2.33.1 CPython/3.12.3"
199.204.45.3 - - [11/Apr/2026:02:12:44 +0000] "GET /placement/resource_providers/9ef12689-e9cd-45df-aee7-83fe75ed21fb/allocations HTTP/1.1" 200 3302 "-" "nova-compute keystoneauth1/5.13.1 python-requests/2.33.1 CPython/3.12.3"
199.204.45.3 - - [11/Apr/2026:02:12:44 +0000] "GET /placement/allocations/016a45f7-7fdb-452e-a904-a8eb4a5139bd HTTP/1.1" 200 3275 "-" "nova-compute keystoneauth1/5.13.1 python-requests/2.33.1 CPython/3.12.3"
199.204.45.3 - - [11/Apr/2026:02:12:44 +0000] "GET /placement/allocations/1163305a-3003-48a8-93cf-949132e95611 HTTP/1.1" 200 3275 "-" "nova-compute keystoneauth1/5.13.1 python-requests/2.33.1 CPython/3.12.3"
199.204.45.3 - - [11/Apr/2026:02:12:44 +0000] "GET /placement/allocations/d885af17-763c-4f96-a4f4-62ac664ca7f8 HTTP/1.1" 200 3275 "-" "nova-compute keystoneauth1/5.13.1 python-requests/2.33.1 CPython/3.12.3"
172.24.5.201 - - [11/Apr/2026:02:12:49 +0000] "GET /volume/v3/volumes/detail HTTP/1.1" 200 2988 "-" "cinder-csi-plugin/v1.32.0 gophercloud/v2.5.0"
199.204.45.3 - - [11/Apr/2026:02:13:46 +0000] "GET /placement/resource_providers/9ef12689-e9cd-45df-aee7-83fe75ed21fb/allocations HTTP/1.1" 200 3302 "-" "nova-compute keystoneauth1/5.13.1 python-requests/2.33.1 CPython/3.12.3"
199.204.45.3 - - [11/Apr/2026:02:13:46 +0000] "GET /placement/resource_providers/9ef12689-e9cd-45df-aee7-83fe75ed21fb/allocations HTTP/1.1" 200 3302 "-" "nova-compute keystoneauth1/5.13.1 python-requests/2.33.1 CPython/3.12.3"
199.204.45.3 - - [11/Apr/2026:02:13:46 +0000] "GET /placement/allocations/016a45f7-7fdb-452e-a904-a8eb4a5139bd HTTP/1.1" 200 3275 "-" "nova-compute keystoneauth1/5.13.1 python-requests/2.33.1 CPython/3.12.3"
199.204.45.3 - - [11/Apr/2026:02:13:46 +0000] "GET /placement/allocations/1163305a-3003-48a8-93cf-949132e95611 HTTP/1.1" 200 3275 "-" "nova-compute keystoneauth1/5.13.1 python-requests/2.33.1 CPython/3.12.3"
199.204.45.3 - - [11/Apr/2026:02:13:46 +0000] "GET /placement/allocations/d885af17-763c-4f96-a4f4-62ac664ca7f8 HTTP/1.1" 200 3275 "-" "nova-compute keystoneauth1/5.13.1 python-requests/2.33.1 CPython/3.12.3"
172.24.5.201 - - [11/Apr/2026:02:13:49 +0000] "GET /volume/v3/volumes/detail HTTP/1.1" 200 2988 "-" "cinder-csi-plugin/v1.32.0 gophercloud/v2.5.0"
199.204.45.3 - - [11/Apr/2026:02:14:27 +0000] "GET /identity/v3/auth/tokens HTTP/1.1" 200 8192 "-" "python-keystoneclient"
199.204.45.3 - - [11/Apr/2026:02:14:27 +0000] "GET /identity/v3/auth/tokens HTTP/1.1" 200 8066 "-" "python-keystoneclient"
199.204.45.3 - - [11/Apr/2026:02:14:27 +0000] "GET /networking/v2.0/ports?device_id=016a45f7-7fdb-452e-a904-a8eb4a5139bd HTTP/1.1" 200 3732 "-" "python-neutronclient"
199.204.45.3 - - [11/Apr/2026:02:14:27 +0000] "GET /networking/v2.0/security-groups?id=f287f12d-e03f-4acc-b8f7-48dfc4804247&fields=id&fields=name HTTP/1.1" 200 3010 "-" "python-neutronclient"
172.24.5.201 - - [11/Apr/2026:02:14:27 +0000] "GET /compute/v2.1/servers/016a45f7-7fdb-452e-a904-a8eb4a5139bd HTTP/1.1" 200 4586 "-" "openstack-cloud-controller-manager/v1.33.1 gophercloud/v2.5.0"
172.24.5.201 - - [11/Apr/2026:02:14:28 +0000] "GET /compute/v2.1/flavors/4 HTTP/1.1" 200 3408 "-" "openstack-cloud-controller-manager/v1.33.1 gophercloud/v2.5.0"
172.24.5.201 - - [11/Apr/2026:02:14:28 +0000] "GET /networking/v2.0/ports?device_id=016a45f7-7fdb-452e-a904-a8eb4a5139bd HTTP/1.1" 200 3701 "-" "openstack-cloud-controller-manager/v1.33.1 gophercloud/v2.5.0"
199.204.45.3 - - [11/Apr/2026:02:14:28 +0000] "GET /identity/v3/auth/tokens HTTP/1.1" 200 8066 "-" "python-keystoneclient"
199.204.45.3 - - [11/Apr/2026:02:14:28 +0000] "GET /networking/v2.0/ports?device_id=d885af17-763c-4f96-a4f4-62ac664ca7f8 HTTP/1.1" 200 3732 "-" "python-neutronclient"
199.204.45.3 - - [11/Apr/2026:02:14:28 +0000] "GET /networking/v2.0/security-groups?id=f287f12d-e03f-4acc-b8f7-48dfc4804247&fields=id&fields=name HTTP/1.1" 200 3010 "-" "python-neutronclient"
172.24.5.201 - - [11/Apr/2026:02:14:28 +0000] "GET /compute/v2.1/servers/d885af17-763c-4f96-a4f4-62ac664ca7f8 HTTP/1.1" 200 4586 "-" "openstack-cloud-controller-manager/v1.33.1 gophercloud/v2.5.0"
172.24.5.201 - - [11/Apr/2026:02:14:28 +0000] "GET /compute/v2.1/flavors/4 HTTP/1.1" 200 3408 "-" "openstack-cloud-controller-manager/v1.33.1 gophercloud/v2.5.0"
172.24.5.201 - - [11/Apr/2026:02:14:28 +0000] "GET /networking/v2.0/ports?device_id=d885af17-763c-4f96-a4f4-62ac664ca7f8 HTTP/1.1" 200 3701 "-" "openstack-cloud-controller-manager/v1.33.1 gophercloud/v2.5.0"
199.204.45.3 - - [11/Apr/2026:02:14:28 +0000] "GET /networking/v2.0/ports?device_id=1163305a-3003-48a8-93cf-949132e95611 HTTP/1.1" 200 3711 "-" "python-neutronclient"
199.204.45.3 - - [11/Apr/2026:02:14:28 +0000] "GET /networking/v2.0/security-groups?id=ae43ed0e-f3d9-44ef-b35c-231dc597b613&fields=id&fields=name HTTP/1.1" 200 3016 "-" "python-neutronclient"
172.24.5.201 - - [11/Apr/2026:02:14:28 +0000] "GET /compute/v2.1/servers/1163305a-3003-48a8-93cf-949132e95611 HTTP/1.1" 200 4571 "-" "openstack-cloud-controller-manager/v1.33.1 gophercloud/v2.5.0"
172.24.5.201 - - [11/Apr/2026:02:14:28 +0000] "GET /compute/v2.1/flavors/4 HTTP/1.1" 200 3408 "-" "openstack-cloud-controller-manager/v1.33.1 gophercloud/v2.5.0"
172.24.5.201 - - [11/Apr/2026:02:14:28 +0000] "GET /networking/v2.0/ports?device_id=1163305a-3003-48a8-93cf-949132e95611 HTTP/1.1" 200 3680 "-" "openstack-cloud-controller-manager/v1.33.1 gophercloud/v2.5.0"
199.204.45.3 - - [11/Apr/2026:02:14:46 +0000] "GET /placement/resource_providers/9ef12689-e9cd-45df-aee7-83fe75ed21fb/allocations HTTP/1.1" 200 3302 "-" "nova-compute keystoneauth1/5.13.1 python-requests/2.33.1 CPython/3.12.3"
199.204.45.3 - - [11/Apr/2026:02:14:46 +0000] "GET /placement/resource_providers/9ef12689-e9cd-45df-aee7-83fe75ed21fb/allocations HTTP/1.1" 200 3302 "-" "nova-compute keystoneauth1/5.13.1 python-requests/2.33.1 CPython/3.12.3"
