Apr 11 01:45:34.837633 np0000164978 devstack@neutron-api.service[102259]: DEBUG ovsdbapp.backend.ovs_idl [None req-cf932e97-7e41-4264-9d63-61cffffe198c None None] Created schema index Meter.name {{(pid=102259) autocreate_indices /opt/stack/data/venv/lib/python3.12/site-packages/ovsdbapp/backend/ovs_idl/__init__.py:106}}
Apr 11 01:45:34.837735 np0000164978 devstack@neutron-api.service[102259]: DEBUG ovsdbapp.backend.ovs_idl [None req-cf932e97-7e41-4264-9d63-61cffffe198c None None] Created schema index Load_Balancer_Group.name {{(pid=102259) autocreate_indices /opt/stack/data/venv/lib/python3.12/site-packages/ovsdbapp/backend/ovs_idl/__init__.py:106}}
Apr 11 01:45:34.837832 np0000164978 devstack@neutron-api.service[102259]: DEBUG ovsdbapp.backend.ovs_idl [None req-cf932e97-7e41-4264-9d63-61cffffe198c None None] Created schema index HA_Chassis_Group.name {{(pid=102259) autocreate_indices /opt/stack/data/venv/lib/python3.12/site-packages/ovsdbapp/backend/ovs_idl/__init__.py:106}}
Apr 11 01:45:34.837946 np0000164978 devstack@neutron-api.service[102259]: DEBUG ovsdbapp.backend.ovs_idl [None req-cf932e97-7e41-4264-9d63-61cffffe198c None None] Created schema index Address_Set.name {{(pid=102259) autocreate_indices /opt/stack/data/venv/lib/python3.12/site-packages/ovsdbapp/backend/ovs_idl/__init__.py:106}}
Apr 11 01:45:34.838009 np0000164978 devstack@neutron-api.service[102259]: DEBUG ovsdbapp.backend.ovs_idl [None req-cf932e97-7e41-4264-9d63-61cffffe198c None None] Created schema index Connection.target {{(pid=102259) autocreate_indices /opt/stack/data/venv/lib/python3.12/site-packages/ovsdbapp/backend/ovs_idl/__init__.py:106}}
Apr 11 01:45:34.838069 np0000164978 devstack@neutron-api.service[102259]: DEBUG ovsdbapp.backend.ovs_idl [None req-cf932e97-7e41-4264-9d63-61cffffe198c None None] Created schema index Gateway_Chassis.name {{(pid=102259) autocreate_indices /opt/stack/data/venv/lib/python3.12/site-packages/ovsdbapp/backend/ovs_idl/__init__.py:106}}
Apr 11 01:45:34.838142 np0000164978 devstack@neutron-api.service[102259]: DEBUG ovsdbapp.backend.ovs_idl [None req-cf932e97-7e41-4264-9d63-61cffffe198c None None] Created schema index Mirror.name {{(pid=102259) autocreate_indices /opt/stack/data/venv/lib/python3.12/site-packages/ovsdbapp/backend/ovs_idl/__init__.py:106}}
Apr 11 01:45:34.838247 np0000164978 devstack@neutron-api.service[102259]: DEBUG ovsdbapp.backend.ovs_idl [None req-cf932e97-7e41-4264-9d63-61cffffe198c None None] Created schema index Chassis_Template_Var.chassis {{(pid=102259) autocreate_indices /opt/stack/data/venv/lib/python3.12/site-packages/ovsdbapp/backend/ovs_idl/__init__.py:106}}
Apr 11 01:45:34.838312 np0000164978 devstack@neutron-api.service[102259]: DEBUG ovsdbapp.backend.ovs_idl [None req-cf932e97-7e41-4264-9d63-61cffffe198c None None] Created schema index Logical_Router_Port.name {{(pid=102259) autocreate_indices /opt/stack/data/venv/lib/python3.12/site-packages/ovsdbapp/backend/ovs_idl/__init__.py:106}}
Apr 11 01:45:34.838409 np0000164978 devstack@neutron-api.service[102259]: DEBUG ovsdbapp.backend.ovs_idl [None req-cf932e97-7e41-4264-9d63-61cffffe198c None None] Created schema index Port_Group.name {{(pid=102259) autocreate_indices /opt/stack/data/venv/lib/python3.12/site-packages/ovsdbapp/backend/ovs_idl/__init__.py:106}}
Apr 11 01:45:34.838503 np0000164978 devstack@neutron-api.service[102259]: DEBUG ovsdbapp.backend.ovs_idl [None req-cf932e97-7e41-4264-9d63-61cffffe198c None None] Created schema index Logical_Switch_Port.name {{(pid=102259) autocreate_indices /opt/stack/data/venv/lib/python3.12/site-packages/ovsdbapp/backend/ovs_idl/__init__.py:106}}
Apr 11 01:45:34.840763 np0000164978 devstack@neutron-api.service[102259]: INFO ovsdbapp.backend.ovs_idl.vlog [None req-cf932e97-7e41-4264-9d63-61cffffe198c None None] ssl:199.204.45.3:6641: connecting...
Apr 11 01:45:34.846913 np0000164978 devstack@neutron-api.service[102259]: INFO ovsdbapp.backend.ovs_idl.vlog [None req-cf932e97-7e41-4264-9d63-61cffffe198c None None] ssl:199.204.45.3:6641: connected
Apr 11 01:45:34.881483 np0000164978 devstack@neutron-api.service[102259]: DEBUG neutron.common.ovn.hash_ring_manager [None req-cf932e97-7e41-4264-9d63-61cffffe198c None None] Disallow caching, nodes 1<4 {{(pid=102259) _wait_startup_before_caching /opt/stack/neutron/neutron/common/ovn/hash_ring_manager.py:72}}
Apr 11 01:45:34.886745 np0000164978 devstack@neutron-api.service[102259]: DEBUG neutron.common.ovn.hash_ring_manager [None req-cf932e97-7e41-4264-9d63-61cffffe198c None None] Hash Ring loaded. 1 active nodes. 0 offline nodes {{(pid=102259) _load_hash_ring /opt/stack/neutron/neutron/common/ovn/hash_ring_manager.py:102}}
Apr 11 01:45:34.886982 np0000164978 devstack@neutron-api.service[102259]: DEBUG neutron.plugins.ml2.drivers.ovn.mech_driver.ovsdb.ovsdb_monitor [None req-cf932e97-7e41-4264-9d63-61cffffe198c None None] Hash Ring: Node 81031ddc0a2255eb822e27df602911c8 (host: np0000164978) handling event "create" for row 6d05b901-429e-4002-8c18-b20211c0916c (table: ACL) {{(pid=102259) notify /opt/stack/neutron/neutron/plugins/ml2/drivers/ovn/mech_driver/ovsdb/ovsdb_monitor.py:912}}
Apr 11 01:45:34.892642 np0000164978 devstack@neutron-api.service[102259]: DEBUG neutron.common.ovn.hash_ring_manager [None req-cf932e97-7e41-4264-9d63-61cffffe198c None None] Hash Ring loaded. 1 active nodes. 0 offline nodes {{(pid=102259) _load_hash_ring /opt/stack/neutron/neutron/common/ovn/hash_ring_manager.py:102}}
Apr 11 01:45:34.892642 np0000164978 devstack@neutron-api.service[102259]: DEBUG neutron.plugins.ml2.drivers.ovn.mech_driver.ovsdb.ovsdb_monitor [None req-cf932e97-7e41-4264-9d63-61cffffe198c None None] Hash Ring: Node 81031ddc0a2255eb822e27df602911c8 (host: np0000164978) handling event "create" for row bd6db378-70ed-4452-b2bf-0f5df019642b (table: ACL) {{(pid=102259) notify /opt/stack/neutron/neutron/plugins/ml2/drivers/ovn/mech_driver/ovsdb/ovsdb_monitor.py:912}}
Apr 11 01:45:34.897657 np0000164978 devstack@neutron-api.service[102259]: DEBUG neutron.common.ovn.hash_ring_manager [None req-cf932e97-7e41-4264-9d63-61cffffe198c None None] Hash Ring loaded. 1 active nodes. 0 offline nodes {{(pid=102259) _load_hash_ring /opt/stack/neutron/neutron/common/ovn/hash_ring_manager.py:102}}
Apr 11 01:45:34.897784 np0000164978 devstack@neutron-api.service[102259]: DEBUG neutron.plugins.ml2.drivers.ovn.mech_driver.ovsdb.ovsdb_monitor [None req-cf932e97-7e41-4264-9d63-61cffffe198c None None] Hash Ring: Node 81031ddc0a2255eb822e27df602911c8 (host: np0000164978) handling event "create" for row ba57e08a-19d6-486e-9cb9-22dcb02a9c0d (table: Connection) {{(pid=102259) notify /opt/stack/neutron/neutron/plugins/ml2/drivers/ovn/mech_driver/ovsdb/ovsdb_monitor.py:912}}
Apr 11 01:45:34.904337 np0000164978 devstack@neutron-api.service[102259]: DEBUG neutron.common.ovn.hash_ring_manager [None req-cf932e97-7e41-4264-9d63-61cffffe198c None None] Hash Ring loaded. 1 active nodes. 0 offline nodes {{(pid=102259) _load_hash_ring /opt/stack/neutron/neutron/common/ovn/hash_ring_manager.py:102}}
Apr 11 01:45:34.904526 np0000164978 devstack@neutron-api.service[102259]: DEBUG neutron.plugins.ml2.drivers.ovn.mech_driver.ovsdb.ovsdb_monitor [None req-cf932e97-7e41-4264-9d63-61cffffe198c None None] Hash Ring: Node 81031ddc0a2255eb822e27df602911c8 (host: np0000164978) handling event "create" for row 874ed7bb-5793-4ca2-854e-fd60ec1aad2c (table: NB_Global) {{(pid=102259) notify /opt/stack/neutron/neutron/plugins/ml2/drivers/ovn/mech_driver/ovsdb/ovsdb_monitor.py:912}}
Apr 11 01:45:34.909617 np0000164978 devstack@neutron-api.service[102259]: DEBUG neutron.common.ovn.hash_ring_manager [None req-cf932e97-7e41-4264-9d63-61cffffe198c None None] Hash Ring loaded. 1 active nodes. 0 offline nodes {{(pid=102259) _load_hash_ring /opt/stack/neutron/neutron/common/ovn/hash_ring_manager.py:102}}
Apr 11 01:45:34.909748 np0000164978 devstack@neutron-api.service[102259]: DEBUG neutron.plugins.ml2.drivers.ovn.mech_driver.ovsdb.ovsdb_monitor [None req-cf932e97-7e41-4264-9d63-61cffffe198c None None] Hash Ring: Node 81031ddc0a2255eb822e27df602911c8 (host: np0000164978) handling event "create" for row e4cf5e4c-06eb-4f9c-94e2-21e2ca46b7bf (table: Port_Group) {{(pid=102259) notify /opt/stack/neutron/neutron/plugins/ml2/drivers/ovn/mech_driver/ovsdb/ovsdb_monitor.py:912}}
Apr 11 01:45:34.914101 np0000164978 devstack@neutron-api.service[102259]: DEBUG neutron.common.ovn.hash_ring_manager [None req-cf932e97-7e41-4264-9d63-61cffffe198c None None] Hash Ring loaded. 1 active nodes. 0 offline nodes {{(pid=102259) _load_hash_ring /opt/stack/neutron/neutron/common/ovn/hash_ring_manager.py:102}}
Apr 11 01:45:34.914238 np0000164978 devstack@neutron-api.service[102259]: DEBUG neutron.plugins.ml2.drivers.ovn.mech_driver.ovsdb.ovsdb_monitor [None req-cf932e97-7e41-4264-9d63-61cffffe198c None None] Hash Ring: Node 81031ddc0a2255eb822e27df602911c8 (host: np0000164978) handling event "create" for row afb36768-e859-445c-8d2f-0b7027e310dc (table: SSL) {{(pid=102259) notify /opt/stack/neutron/neutron/plugins/ml2/drivers/ovn/mech_driver/ovsdb/ovsdb_monitor.py:912}}
Apr 11 01:45:34.915169 np0000164978 devstack@neutron-api.service[102259]: INFO neutron.plugins.ml2.drivers.ovn.mech_driver.ovsdb.impl_idl_ovn [None req-cf932e97-7e41-4264-9d63-61cffffe198c None None] Getting OvsdbSbOvnIdl for WorkerService with retry
Apr 11 01:45:34.943806 np0000164978 devstack@neutron-api.service[102259]: DEBUG ovsdbapp.backend.ovs_idl [None req-cf932e97-7e41-4264-9d63-61cffffe198c None None] Created lookup_table index Chassis.name {{(pid=102259) autocreate_indices /opt/stack/data/venv/lib/python3.12/site-packages/ovsdbapp/backend/ovs_idl/__init__.py:87}}
Apr 11 01:45:34.944001 np0000164978 devstack@neutron-api.service[102259]: DEBUG ovsdbapp.backend.ovs_idl [None req-cf932e97-7e41-4264-9d63-61cffffe198c None None] Created lookup_table index Port_Binding.logical_port {{(pid=102259) autocreate_indices /opt/stack/data/venv/lib/python3.12/site-packages/ovsdbapp/backend/ovs_idl/__init__.py:87}}
Apr 11 01:45:34.944001 np0000164978 devstack@neutron-api.service[102259]: DEBUG ovsdbapp.backend.ovs_idl [None req-cf932e97-7e41-4264-9d63-61cffffe198c None None] Created schema index Chassis_Private.name {{(pid=102259) autocreate_indices /opt/stack/data/venv/lib/python3.12/site-packages/ovsdbapp/backend/ovs_idl/__init__.py:106}}
Apr 11 01:45:34.944145 np0000164978 devstack@neutron-api.service[102259]: DEBUG ovsdbapp.backend.ovs_idl [None req-cf932e97-7e41-4264-9d63-61cffffe198c None None] Created schema index Datapath_Binding.tunnel_key {{(pid=102259) autocreate_indices /opt/stack/data/venv/lib/python3.12/site-packages/ovsdbapp/backend/ovs_idl/__init__.py:106}}
Apr 11 01:45:34.946047 np0000164978 devstack@neutron-api.service[102259]: INFO ovsdbapp.backend.ovs_idl.vlog [None req-cf932e97-7e41-4264-9d63-61cffffe198c None None] ssl:199.204.45.3:6642: connecting...
Apr 11 01:45:34.951187 np0000164978 devstack@neutron-api.service[102259]: INFO ovsdbapp.backend.ovs_idl.vlog [None req-cf932e97-7e41-4264-9d63-61cffffe198c None None] ssl:199.204.45.3:6642: connected
Apr 11 01:45:34.980232 np0000164978 devstack@neutron-api.service[102259]: DEBUG neutron.common.ovn.hash_ring_manager [None req-cf932e97-7e41-4264-9d63-61cffffe198c None None] Disallow caching, nodes 1<4 {{(pid=102259) _wait_startup_before_caching /opt/stack/neutron/neutron/common/ovn/hash_ring_manager.py:72}}
Apr 11 01:45:34.983945 np0000164978 devstack@neutron-api.service[102259]: DEBUG neutron.common.ovn.hash_ring_manager [None req-cf932e97-7e41-4264-9d63-61cffffe198c None None] Hash Ring loaded. 1 active nodes. 0 offline nodes {{(pid=102259) _load_hash_ring /opt/stack/neutron/neutron/common/ovn/hash_ring_manager.py:102}}
Apr 11 01:45:34.984155 np0000164978 devstack@neutron-api.service[102259]: DEBUG neutron.plugins.ml2.drivers.ovn.mech_driver.ovsdb.ovsdb_monitor [None req-cf932e97-7e41-4264-9d63-61cffffe198c None None] Hash Ring: Node 81031ddc0a2255eb822e27df602911c8 (host: np0000164978) handling event "create" for row db28f425-ef0e-428c-a10b-f4d3cdb985a9 (table: Chassis) {{(pid=102259) notify /opt/stack/neutron/neutron/plugins/ml2/drivers/ovn/mech_driver/ovsdb/ovsdb_monitor.py:912}}
Apr 11 01:45:34.985303 np0000164978 devstack@neutron-api.service[102259]: DEBUG ovsdbapp.backend.ovs_idl.event [None req-cf932e97-7e41-4264-9d63-61cffffe198c None None] Matched CREATE: ChassisBandwidthConfigEvent(events=('create', 'update'), table='Chassis', conditions=None, old_conditions=None), priority=20 to row=Chassis(uuid=db28f425-ef0e-428c-a10b-f4d3cdb985a9, encaps=[e50557ee-904d-4dae-8593-ed6ffff4e22f], external_ids={}, hostname='np0000164978', name='bee2edc4-f55c-4473-99e1-61b0b419025f', nb_cfg=0, other_config={'ct-commit-nat-v2': 'true', 'ct-commit-to-zone': 'true', 'ct-next-zone': 'true', 'ct-no-masked-label': 'true', 'ct-state-save': 'true', 'datapath-type': 'system', 'fdb-timestamp': 'true', 'iface-types': 'afxdp,afxdp-nonpmd,bareudp,erspan,geneve,gre,gtpu,internal,ip6erspan,ip6gre,lisp,patch,srv6,stt,system,tap,vxlan', 'is-interconn': 'false', 'ls-dpg-column': 'true', 'mac-binding-timestamp': 'true', 'ovn-bridge-mappings': 'public:br-ex', 'ovn-chassis-mac-mappings': '', 'ovn-cms-options': 'enable-chassis-as-gw', 'ovn-ct-lb-related': 'true', 'ovn-enable-lflow-cache': 'true', 'ovn-limit-lflow-cache': '', 'ovn-memlimit-lflow-cache-kb': '', 'ovn-monitor-all': 'false', 'ovn-trim-limit-lflow-cache': '', 'ovn-trim-timeout-ms': '', 'ovn-trim-wmark-perc-lflow-cache': '', 'port-up-notif': 'true'}, transport_zones=[], vtep_logical_switches=[]) old= {{(pid=102259) matches /opt/stack/data/venv/lib/python3.12/site-packages/ovsdbapp/backend/ovs_idl/event.py:55}}
Apr 11 01:45:34.986057 np0000164978 devstack@neutron-api.service[102259]: DEBUG neutron.plugins.ml2.drivers.ovn.mech_driver.ovsdb.ovsdb_monitor [None req-cf932e97-7e41-4264-9d63-61cffffe198c None None] ChassisOVNAgentWriteEvent : Matched Chassis_Private, create, None None {{(pid=102259) matches /opt/stack/neutron/neutron/plugins/ml2/drivers/ovn/mech_driver/ovsdb/ovsdb_monitor.py:64}}
Apr 11 01:45:34.986303 np0000164978 devstack@neutron-api.service[102259]: DEBUG neutron.plugins.ml2.drivers.ovn.mech_driver.ovsdb.ovsdb_monitor [None req-cf932e97-7e41-4264-9d63-61cffffe198c None None] ChassisAgentWriteEvent : Matched Chassis_Private, create, None None {{(pid=102259) matches /opt/stack/neutron/neutron/plugins/ml2/drivers/ovn/mech_driver/ovsdb/ovsdb_monitor.py:64}}
Apr 11 01:45:34.992910 np0000164978 devstack@neutron-api.service[102259]: DEBUG neutron.common.ovn.hash_ring_manager [None req-cf932e97-7e41-4264-9d63-61cffffe198c None None] Hash Ring loaded. 1 active nodes. 0 offline nodes {{(pid=102259) _load_hash_ring /opt/stack/neutron/neutron/common/ovn/hash_ring_manager.py:102}}
Apr 11 01:45:34.993042 np0000164978 devstack@neutron-api.service[102259]: DEBUG neutron.plugins.ml2.drivers.ovn.mech_driver.ovsdb.ovsdb_monitor [None req-cf932e97-7e41-4264-9d63-61cffffe198c None None] Hash Ring: Node 81031ddc0a2255eb822e27df602911c8 (host: np0000164978) handling event "create" for row bcd7211c-cce1-448a-902d-0fbabc8fb61c (table: Chassis_Private) {{(pid=102259) notify /opt/stack/neutron/neutron/plugins/ml2/drivers/ovn/mech_driver/ovsdb/ovsdb_monitor.py:912}}
Apr 11 01:45:34.998064 np0000164978 devstack@neutron-api.service[102259]: DEBUG neutron.common.ovn.hash_ring_manager [None req-cf932e97-7e41-4264-9d63-61cffffe198c None None] Hash Ring loaded. 1 active nodes. 0 offline nodes {{(pid=102259) _load_hash_ring /opt/stack/neutron/neutron/common/ovn/hash_ring_manager.py:102}}
Apr 11 01:45:34.998186 np0000164978 devstack@neutron-api.service[102259]: DEBUG neutron.plugins.ml2.drivers.ovn.mech_driver.ovsdb.ovsdb_monitor [None req-cf932e97-7e41-4264-9d63-61cffffe198c None None] Hash Ring: Node 81031ddc0a2255eb822e27df602911c8 (host: np0000164978) handling event "create" for row e50557ee-904d-4dae-8593-ed6ffff4e22f (table: Encap) {{(pid=102259) notify /opt/stack/neutron/neutron/plugins/ml2/drivers/ovn/mech_driver/ovsdb/ovsdb_monitor.py:912}}
Apr 11 01:45:35.000687 np0000164978 devstack@neutron-api.service[102259]: INFO neutron.plugins.ml2.drivers.ovn.mech_driver.mech_driver [None req-cf932e97-7e41-4264-9d63-61cffffe198c None None] WorkerService process has finished the post initialization
Apr 11 01:45:35.001017 np0000164978 devstack@neutron-api.service[102259]: INFO neutron.plugins.ml2.drivers.ovn.mech_driver.ovsdb.extensions.qos [-] Starting OVNClientQosExtension
Apr 11 01:45:35.001276 np0000164978 devstack@neutron-api.service[102259]: INFO neutron.plugins.ml2.drivers.ovn.mech_driver.ovsdb.extensions.placement [-] Starting OVNClientPlacementExtension
Apr 11 01:45:35.003813 np0000164978 devstack@neutron-api.service[102259]: WSGI app 0 (mountpoint='') ready in 7 seconds on interpreter 0x7497b74a3668 pid: 102259 (default app)
Apr 11 01:45:35.121514 np0000164978 devstack@neutron-api.service[102259]: DEBUG neutron.common.ovn.hash_ring_manager [-] Hash Ring loaded. 1 active nodes. 0 offline nodes {{(pid=102259) _load_hash_ring /opt/stack/neutron/neutron/common/ovn/hash_ring_manager.py:102}}
Apr 11 01:45:35.121514 np0000164978 devstack@neutron-api.service[102259]: DEBUG neutron.plugins.ml2.drivers.ovn.mech_driver.ovsdb.ovsdb_monitor [-] Hash Ring: Node 81031ddc0a2255eb822e27df602911c8 (host: np0000164978) handling event "update" for row ba57e08a-19d6-486e-9cb9-22dcb02a9c0d (table: Connection) {{(pid=102259) notify /opt/stack/neutron/neutron/plugins/ml2/drivers/ovn/mech_driver/ovsdb/ovsdb_monitor.py:912}}
Apr 11 01:45:35.156589 np0000164978 devstack@neutron-api.service[102261]: INFO neutron.plugins.ml2.managers [None req-e5a7f980-ed7c-4dd9-9611-60aa2159c664 None None] Initializing driver for type 'local'
Apr 11 01:45:35.156759 np0000164978 devstack@neutron-api.service[102261]: INFO neutron.plugins.ml2.managers [None req-e5a7f980-ed7c-4dd9-9611-60aa2159c664 None None] Initializing driver for type 'vlan'
Apr 11 01:45:35.172005 np0000164978 devstack@neutron-api.service[102262]: INFO neutron.plugins.ml2.managers [None req-cd8d458e-1c22-46b1-890b-c9afbfeeab15 None None] Initializing driver for type 'local'
Apr 11 01:45:35.172261 np0000164978 devstack@neutron-api.service[102262]: INFO neutron.plugins.ml2.managers [None req-cd8d458e-1c22-46b1-890b-c9afbfeeab15 None None] Initializing driver for type 'vlan'
Apr 11 01:45:35.184100 np0000164978 devstack@neutron-api.service[102260]: INFO neutron.plugins.ml2.managers [None req-2a276424-5cf8-4382-bf77-00b2b91c79ef None None] Initializing driver for type 'local'
Apr 11 01:45:35.184322 np0000164978 devstack@neutron-api.service[102260]: INFO neutron.plugins.ml2.managers [None req-2a276424-5cf8-4382-bf77-00b2b91c79ef None None] Initializing driver for type 'vlan'
Apr 11 01:45:35.301324 np0000164978 devstack@neutron-api.service[102259]: [pid: 102259|app: 0|req: 1/1] 199.204.45.3 () {62 vars in 974 bytes} [Sat Apr 11 01:45:35 2026] GET /networking => generated 128 bytes in 2 msecs (HTTP/1.1 200) 3 headers in 91 bytes (1 switches on core 0)
Apr 11 01:45:35.328797 np0000164978 devstack@neutron-api.service[102261]: INFO neutron.plugins.ml2.drivers.type_vlan [None req-e5a7f980-ed7c-4dd9-9611-60aa2159c664 None None] VlanTypeDriver initialization complete
Apr 11 01:45:35.328924 np0000164978 devstack@neutron-api.service[102261]: INFO neutron.plugins.ml2.managers [None req-e5a7f980-ed7c-4dd9-9611-60aa2159c664 None None] Initializing extension driver 'port_security'
Apr 11 01:45:35.329038 np0000164978 devstack@neutron-api.service[102261]: INFO neutron.plugins.ml2.extensions.port_security [None req-e5a7f980-ed7c-4dd9-9611-60aa2159c664 None None] PortSecurityExtensionDriver initialization complete
Apr 11 01:45:35.329115 np0000164978 devstack@neutron-api.service[102261]: INFO neutron.plugins.ml2.managers [None req-e5a7f980-ed7c-4dd9-9611-60aa2159c664 None None] Initializing extension driver 'qos'
Apr 11 01:45:35.329219 np0000164978 devstack@neutron-api.service[102261]: DEBUG neutron.plugins.ml2.extensions.qos [None req-e5a7f980-ed7c-4dd9-9611-60aa2159c664 None None] QosExtensionDriver initialization complete {{(pid=102261) initialize /opt/stack/neutron/neutron/plugins/ml2/extensions/qos.py:31}}
Apr 11 01:45:35.329320 np0000164978 devstack@neutron-api.service[102261]: INFO neutron.plugins.ml2.managers [None req-e5a7f980-ed7c-4dd9-9611-60aa2159c664 None None] Initializing mechanism driver 'ovn'
Apr 11 01:45:35.329415 np0000164978 devstack@neutron-api.service[102261]: INFO neutron.plugins.ml2.drivers.ovn.mech_driver.mech_driver [None req-e5a7f980-ed7c-4dd9-9611-60aa2159c664 None None] Starting OVNMechanismDriver
Apr 11 01:45:35.331083 np0000164978 devstack@neutron-api.service[102261]: DEBUG neutron_lib.callbacks.manager [None req-e5a7f980-ed7c-4dd9-9611-60aa2159c664 None None] Subscribe: > process before_spawn 55550000, False {{(pid=102261) subscribe /opt/stack/data/venv/lib/python3.12/site-packages/neutron_lib/callbacks/manager.py:52}}
Apr 11 01:45:35.331219 np0000164978 devstack@neutron-api.service[102261]: DEBUG neutron_lib.callbacks.manager [None req-e5a7f980-ed7c-4dd9-9611-60aa2159c664 None None] Subscribe: > process after_init 55550000, True {{(pid=102261) subscribe /opt/stack/data/venv/lib/python3.12/site-packages/neutron_lib/callbacks/manager.py:52}}
Apr 11 01:45:35.331338 np0000164978 devstack@neutron-api.service[102261]: DEBUG neutron_lib.callbacks.manager [None req-e5a7f980-ed7c-4dd9-9611-60aa2159c664 None None] Subscribe: > segment after_create 55550000, False {{(pid=102261) subscribe /opt/stack/data/venv/lib/python3.12/site-packages/neutron_lib/callbacks/manager.py:52}}
Apr 11 01:45:35.331534 np0000164978 devstack@neutron-api.service[102261]: DEBUG neutron_lib.callbacks.manager [None req-e5a7f980-ed7c-4dd9-9611-60aa2159c664 None None] Subscribe: > segment after_create 55550000, False {{(pid=102261) subscribe /opt/stack/data/venv/lib/python3.12/site-packages/neutron_lib/callbacks/manager.py:52}}
Apr 11 01:45:35.331619 np0000164978 devstack@neutron-api.service[102261]: DEBUG neutron_lib.callbacks.manager [None req-e5a7f980-ed7c-4dd9-9611-60aa2159c664 None None] Subscribe: > segment after_delete 55550000, False {{(pid=102261) subscribe /opt/stack/data/venv/lib/python3.12/site-packages/neutron_lib/callbacks/manager.py:52}}
Apr 11 01:45:35.331751 np0000164978 devstack@neutron-api.service[102261]: DEBUG neutron_lib.callbacks.manager [None req-e5a7f980-ed7c-4dd9-9611-60aa2159c664 None None] Subscribe: > allowed_address_pair before_create 55550000, False {{(pid=102261) subscribe /opt/stack/data/venv/lib/python3.12/site-packages/neutron_lib/callbacks/manager.py:52}}
Apr 11 01:45:35.331829 np0000164978 devstack@neutron-api.service[102261]: DEBUG neutron_lib.callbacks.manager [None req-e5a7f980-ed7c-4dd9-9611-60aa2159c664 None None] Subscribe: > security_group precommit_create 55550000, False {{(pid=102261) subscribe /opt/stack/data/venv/lib/python3.12/site-packages/neutron_lib/callbacks/manager.py:52}}
Apr 11 01:45:35.331943 np0000164978 devstack@neutron-api.service[102261]: DEBUG neutron_lib.callbacks.manager [None req-e5a7f980-ed7c-4dd9-9611-60aa2159c664 None None] Subscribe: > security_group after_update 55550000, False {{(pid=102261) subscribe /opt/stack/data/venv/lib/python3.12/site-packages/neutron_lib/callbacks/manager.py:52}}
Apr 11 01:45:35.332044 np0000164978 devstack@neutron-api.service[102261]: DEBUG neutron_lib.callbacks.manager [None req-e5a7f980-ed7c-4dd9-9611-60aa2159c664 None None] Subscribe: > security_group after_create 55550000, False {{(pid=102261) subscribe /opt/stack/data/venv/lib/python3.12/site-packages/neutron_lib/callbacks/manager.py:52}}
Apr 11 01:45:35.332150 np0000164978 devstack@neutron-api.service[102261]: DEBUG neutron_lib.callbacks.manager [None req-e5a7f980-ed7c-4dd9-9611-60aa2159c664 None None] Subscribe: > security_group precommit_delete 55550000, False {{(pid=102261) subscribe /opt/stack/data/venv/lib/python3.12/site-packages/neutron_lib/callbacks/manager.py:52}}
Apr 11 01:45:35.332254 np0000164978 devstack@neutron-api.service[102261]: DEBUG neutron_lib.callbacks.manager [None req-e5a7f980-ed7c-4dd9-9611-60aa2159c664 None None] Subscribe: > security_group after_delete 55550000, False {{(pid=102261) subscribe /opt/stack/data/venv/lib/python3.12/site-packages/neutron_lib/callbacks/manager.py:52}}
Apr 11 01:45:35.332364 np0000164978 devstack@neutron-api.service[102261]: DEBUG neutron_lib.callbacks.manager [None req-e5a7f980-ed7c-4dd9-9611-60aa2159c664 None None] Subscribe: > security_group_rule precommit_create 55550000, False {{(pid=102261) subscribe /opt/stack/data/venv/lib/python3.12/site-packages/neutron_lib/callbacks/manager.py:52}}
Apr 11 01:45:35.332458 np0000164978 devstack@neutron-api.service[102261]: DEBUG neutron_lib.callbacks.manager [None req-e5a7f980-ed7c-4dd9-9611-60aa2159c664 None None] Subscribe: > security_group_rule after_create 55550000, False {{(pid=102261) subscribe /opt/stack/data/venv/lib/python3.12/site-packages/neutron_lib/callbacks/manager.py:52}}
Apr 11 01:45:35.332583 np0000164978 devstack@neutron-api.service[102261]: DEBUG neutron_lib.callbacks.manager [None req-e5a7f980-ed7c-4dd9-9611-60aa2159c664 None None] Subscribe: > security_group_rule before_delete 55550000, False {{(pid=102261) subscribe /opt/stack/data/venv/lib/python3.12/site-packages/neutron_lib/callbacks/manager.py:52}}
Apr 11 01:45:35.332682 np0000164978 devstack@neutron-api.service[102261]: DEBUG neutron_lib.callbacks.manager [None req-e5a7f980-ed7c-4dd9-9611-60aa2159c664 None None] Subscribe: > address_group after_create 55550000, False {{(pid=102261) subscribe /opt/stack/data/venv/lib/python3.12/site-packages/neutron_lib/callbacks/manager.py:52}}
Apr 11 01:45:35.332785 np0000164978 devstack@neutron-api.service[102261]: DEBUG neutron_lib.callbacks.manager [None req-e5a7f980-ed7c-4dd9-9611-60aa2159c664 None None] Subscribe: > address_group after_update 55550000, False {{(pid=102261) subscribe /opt/stack/data/venv/lib/python3.12/site-packages/neutron_lib/callbacks/manager.py:52}}
Apr 11 01:45:35.332910 np0000164978 devstack@neutron-api.service[102261]: DEBUG neutron_lib.callbacks.manager [None req-e5a7f980-ed7c-4dd9-9611-60aa2159c664 None None] Subscribe: > address_group after_delete 55550000, False {{(pid=102261) subscribe /opt/stack/data/venv/lib/python3.12/site-packages/neutron_lib/callbacks/manager.py:52}}
Apr 11 01:45:35.333071 np0000164978 devstack@neutron-api.service[102261]: DEBUG neutron_lib.callbacks.manager [None req-e5a7f980-ed7c-4dd9-9611-60aa2159c664 None None] Subscribe: > qos_plugin after_init 55550000, False {{(pid=102261) subscribe /opt/stack/data/venv/lib/python3.12/site-packages/neutron_lib/callbacks/manager.py:52}}
Apr 11 01:45:35.333303 np0000164978 devstack@neutron-api.service[102261]: DEBUG neutron_lib.callbacks.manager [None req-e5a7f980-ed7c-4dd9-9611-60aa2159c664 None None] Subscribe: > trunk_plugin after_init 55550000, False {{(pid=102261) subscribe /opt/stack/data/venv/lib/python3.12/site-packages/neutron_lib/callbacks/manager.py:52}}
Apr 11 01:45:35.333490 np0000164978 devstack@neutron-api.service[102261]: DEBUG neutron_lib.callbacks.manager [None req-e5a7f980-ed7c-4dd9-9611-60aa2159c664 None None] Subscribe: > logging-plugin after_init 55550000, False {{(pid=102261) subscribe /opt/stack/data/venv/lib/python3.12/site-packages/neutron_lib/callbacks/manager.py:52}}
Apr 11 01:45:35.333983 np0000164978 devstack@neutron-api.service[102261]: INFO neutron.services.logapi.drivers.ovn.driver [None req-e5a7f980-ed7c-4dd9-9611-60aa2159c664 None None] OVN logging driver registered
Apr 11 01:45:35.335166 np0000164978 devstack@neutron-api.service[102262]: INFO neutron.plugins.ml2.drivers.type_vlan [None req-cd8d458e-1c22-46b1-890b-c9afbfeeab15 None None] VlanTypeDriver initialization complete
Apr 11 01:45:35.335308 np0000164978 devstack@neutron-api.service[102262]: INFO neutron.plugins.ml2.managers [None req-cd8d458e-1c22-46b1-890b-c9afbfeeab15 None None] Initializing extension driver 'port_security'
Apr 11 01:45:35.335407 np0000164978 devstack@neutron-api.service[102262]: INFO neutron.plugins.ml2.extensions.port_security [None req-cd8d458e-1c22-46b1-890b-c9afbfeeab15 None None] PortSecurityExtensionDriver initialization complete
Apr 11 01:45:35.335771 np0000164978 devstack@neutron-api.service[102261]: DEBUG neutron.plugins.ml2.plugin [None req-e5a7f980-ed7c-4dd9-9611-60aa2159c664 None None] neutron.plugins.ml2.plugin.Ml2Plugin method _start_rpc_notifiers called with arguments () {} {{(pid=102261) wrapper /opt/stack/data/venv/lib/python3.12/site-packages/oslo_log/helpers.py:77}}
Apr 11 01:45:35.335862 np0000164978 devstack@neutron-api.service[102262]: INFO neutron.plugins.ml2.managers [None req-cd8d458e-1c22-46b1-890b-c9afbfeeab15 None None] Initializing extension driver 'qos'
Apr 11 01:45:35.335862 np0000164978 devstack@neutron-api.service[102262]: DEBUG neutron.plugins.ml2.extensions.qos [None req-cd8d458e-1c22-46b1-890b-c9afbfeeab15 None None] QosExtensionDriver initialization complete {{(pid=102262) initialize /opt/stack/neutron/neutron/plugins/ml2/extensions/qos.py:31}}
Apr 11 01:45:35.335919 np0000164978 devstack@neutron-api.service[102261]: DEBUG neutron_lib.callbacks.manager [None req-e5a7f980-ed7c-4dd9-9611-60aa2159c664 None None] Subscribe: > port after_create 55550000, False {{(pid=102261) subscribe /opt/stack/data/venv/lib/python3.12/site-packages/neutron_lib/callbacks/manager.py:52}}
Apr 11 01:45:35.335992 np0000164978 devstack@neutron-api.service[102262]: INFO neutron.plugins.ml2.managers [None req-cd8d458e-1c22-46b1-890b-c9afbfeeab15 None None] Initializing mechanism driver 'ovn'
Apr 11 01:45:35.336075 np0000164978 devstack@neutron-api.service[102261]: DEBUG neutron_lib.callbacks.manager [None req-e5a7f980-ed7c-4dd9-9611-60aa2159c664 None None] Subscribe: > port after_update 55550000, False {{(pid=102261) subscribe /opt/stack/data/venv/lib/python3.12/site-packages/neutron_lib/callbacks/manager.py:52}}
Apr 11 01:45:35.336322 np0000164978 devstack@neutron-api.service[102262]: INFO neutron.plugins.ml2.drivers.ovn.mech_driver.mech_driver [None req-cd8d458e-1c22-46b1-890b-c9afbfeeab15 None None] Starting OVNMechanismDriver
Apr 11 01:45:35.336486 np0000164978 devstack@neutron-api.service[102261]: DEBUG neutron_lib.callbacks.manager [None req-e5a7f980-ed7c-4dd9-9611-60aa2159c664 None None] Subscribe: > port after_delete 55550000, False {{(pid=102261) subscribe /opt/stack/data/venv/lib/python3.12/site-packages/neutron_lib/callbacks/manager.py:52}}
Apr 11 01:45:35.336486 np0000164978 devstack@neutron-api.service[102261]: DEBUG neutron_lib.callbacks.manager [None req-e5a7f980-ed7c-4dd9-9611-60aa2159c664 None None] Subscribe: > subnet after_create 55550000, False {{(pid=102261) subscribe /opt/stack/data/venv/lib/python3.12/site-packages/neutron_lib/callbacks/manager.py:52}}
Apr 11 01:45:35.336486 np0000164978 devstack@neutron-api.service[102261]: DEBUG neutron_lib.callbacks.manager [None req-e5a7f980-ed7c-4dd9-9611-60aa2159c664 None None] Subscribe: > subnet after_update 55550000, False {{(pid=102261) subscribe /opt/stack/data/venv/lib/python3.12/site-packages/neutron_lib/callbacks/manager.py:52}}
Apr 11 01:45:35.336486 np0000164978 devstack@neutron-api.service[102261]: DEBUG neutron_lib.callbacks.manager [None req-e5a7f980-ed7c-4dd9-9611-60aa2159c664 None None] Subscribe: > subnet after_delete 55550000, False {{(pid=102261) subscribe /opt/stack/data/venv/lib/python3.12/site-packages/neutron_lib/callbacks/manager.py:52}}
Apr 11 01:45:35.336725 np0000164978 devstack@neutron-api.service[102261]: DEBUG neutron_lib.callbacks.manager [None req-e5a7f980-ed7c-4dd9-9611-60aa2159c664 None None] Subscribe: > network after_create 55550000, False {{(pid=102261) subscribe /opt/stack/data/venv/lib/python3.12/site-packages/neutron_lib/callbacks/manager.py:52}}
Apr 11 01:45:35.336725 np0000164978 devstack@neutron-api.service[102261]: DEBUG neutron_lib.callbacks.manager [None req-e5a7f980-ed7c-4dd9-9611-60aa2159c664 None None] Subscribe: > network after_update 55550000, False {{(pid=102261) subscribe /opt/stack/data/venv/lib/python3.12/site-packages/neutron_lib/callbacks/manager.py:52}}
Apr 11 01:45:35.336725 np0000164978 devstack@neutron-api.service[102261]: DEBUG neutron_lib.callbacks.manager [None req-e5a7f980-ed7c-4dd9-9611-60aa2159c664 None None] Subscribe: > network after_delete 55550000, False {{(pid=102261) subscribe /opt/stack/data/venv/lib/python3.12/site-packages/neutron_lib/callbacks/manager.py:52}}
Apr 11 01:45:35.336725 np0000164978 devstack@neutron-api.service[102261]: DEBUG neutron_lib.callbacks.manager [None req-e5a7f980-ed7c-4dd9-9611-60aa2159c664 None None] Subscribe: > security_group after_create 55550000, False {{(pid=102261) subscribe /opt/stack/data/venv/lib/python3.12/site-packages/neutron_lib/callbacks/manager.py:52}}
Apr 11 01:45:35.337297 np0000164978 devstack@neutron-api.service[102261]: DEBUG neutron_lib.callbacks.manager [None req-e5a7f980-ed7c-4dd9-9611-60aa2159c664 None None] Subscribe: > security_group after_update 55550000, False {{(pid=102261) subscribe /opt/stack/data/venv/lib/python3.12/site-packages/neutron_lib/callbacks/manager.py:52}}
Apr 11 01:45:35.337297 np0000164978 devstack@neutron-api.service[102261]: DEBUG neutron_lib.callbacks.manager [None req-e5a7f980-ed7c-4dd9-9611-60aa2159c664 None None] Subscribe: > security_group after_delete 55550000, False {{(pid=102261) subscribe /opt/stack/data/venv/lib/python3.12/site-packages/neutron_lib/callbacks/manager.py:52}}
Apr 11 01:45:35.337297 np0000164978 devstack@neutron-api.service[102261]: DEBUG neutron_lib.callbacks.manager [None req-e5a7f980-ed7c-4dd9-9611-60aa2159c664 None None] Subscribe: > security_group_rule after_create 55550000, False {{(pid=102261) subscribe /opt/stack/data/venv/lib/python3.12/site-packages/neutron_lib/callbacks/manager.py:52}}
Apr 11 01:45:35.337297 np0000164978 devstack@neutron-api.service[102261]: DEBUG neutron_lib.callbacks.manager [None req-e5a7f980-ed7c-4dd9-9611-60aa2159c664 None None] Subscribe: > security_group_rule after_update 55550000, False {{(pid=102261) subscribe /opt/stack/data/venv/lib/python3.12/site-packages/neutron_lib/callbacks/manager.py:52}}
Apr 11 01:45:35.337613 np0000164978 devstack@neutron-api.service[102261]: DEBUG neutron_lib.callbacks.manager [None req-e5a7f980-ed7c-4dd9-9611-60aa2159c664 None None] Subscribe: > security_group_rule after_delete 55550000, False {{(pid=102261) subscribe /opt/stack/data/venv/lib/python3.12/site-packages/neutron_lib/callbacks/manager.py:52}}
Apr 11 01:45:35.337613 np0000164978 devstack@neutron-api.service[102261]: DEBUG neutron_lib.callbacks.manager [None req-e5a7f980-ed7c-4dd9-9611-60aa2159c664 None None] Subscribe: > address_group after_create 55550000, False {{(pid=102261) subscribe /opt/stack/data/venv/lib/python3.12/site-packages/neutron_lib/callbacks/manager.py:52}}
Apr 11 01:45:35.337613 np0000164978 devstack@neutron-api.service[102261]: DEBUG neutron_lib.callbacks.manager [None req-e5a7f980-ed7c-4dd9-9611-60aa2159c664 None None] Subscribe: > address_group after_update 55550000, False {{(pid=102261) subscribe /opt/stack/data/venv/lib/python3.12/site-packages/neutron_lib/callbacks/manager.py:52}}
Apr 11 01:45:35.337613 np0000164978 devstack@neutron-api.service[102261]: DEBUG neutron_lib.callbacks.manager [None req-e5a7f980-ed7c-4dd9-9611-60aa2159c664 None None] Subscribe: > address_group after_delete 55550000, False {{(pid=102261) subscribe /opt/stack/data/venv/lib/python3.12/site-packages/neutron_lib/callbacks/manager.py:52}}
Apr 11 01:45:35.337842 np0000164978 devstack@neutron-api.service[102260]: INFO neutron.plugins.ml2.drivers.type_vlan [None req-2a276424-5cf8-4382-bf77-00b2b91c79ef None None] VlanTypeDriver initialization complete
Apr 11 01:45:35.338377 np0000164978 devstack@neutron-api.service[102262]: DEBUG neutron_lib.callbacks.manager [None req-cd8d458e-1c22-46b1-890b-c9afbfeeab15 None None] Subscribe: > process before_spawn 55550000, False {{(pid=102262) subscribe /opt/stack/data/venv/lib/python3.12/site-packages/neutron_lib/callbacks/manager.py:52}}
Apr 11 01:45:35.338421 np0000164978 devstack@neutron-api.service[102261]: DEBUG neutron.plugins.ml2.ovo_rpc [None req-e5a7f980-ed7c-4dd9-9611-60aa2159c664 None None] ML2 OVO RPC backend initialized. {{(pid=102261) __init__ /opt/stack/neutron/neutron/plugins/ml2/ovo_rpc.py:117}}
Apr 11 01:45:35.338458 np0000164978 devstack@neutron-api.service[102260]: INFO neutron.plugins.ml2.managers [None req-2a276424-5cf8-4382-bf77-00b2b91c79ef None None] Initializing extension driver 'port_security'
Apr 11 01:45:35.338493 np0000164978 devstack@neutron-api.service[102262]: DEBUG neutron_lib.callbacks.manager [None req-cd8d458e-1c22-46b1-890b-c9afbfeeab15 None None] Subscribe: > process after_init 55550000, True {{(pid=102262) subscribe /opt/stack/data/venv/lib/python3.12/site-packages/neutron_lib/callbacks/manager.py:52}}
Apr 11 01:45:35.338637 np0000164978 devstack@neutron-api.service[102260]: INFO neutron.plugins.ml2.extensions.port_security [None req-2a276424-5cf8-4382-bf77-00b2b91c79ef None None] PortSecurityExtensionDriver initialization complete
Apr 11 01:45:35.338727 np0000164978 devstack@neutron-api.service[102262]: DEBUG neutron_lib.callbacks.manager [None req-cd8d458e-1c22-46b1-890b-c9afbfeeab15 None None] Subscribe: > segment after_create 55550000, False {{(pid=102262) subscribe /opt/stack/data/venv/lib/python3.12/site-packages/neutron_lib/callbacks/manager.py:52}}
Apr 11 01:45:35.338816 np0000164978 devstack@neutron-api.service[102260]: INFO neutron.plugins.ml2.managers [None req-2a276424-5cf8-4382-bf77-00b2b91c79ef None None] Initializing extension driver 'qos'
Apr 11 01:45:35.338816 np0000164978 devstack@neutron-api.service[102260]: DEBUG neutron.plugins.ml2.extensions.qos [None req-2a276424-5cf8-4382-bf77-00b2b91c79ef None None] QosExtensionDriver initialization complete {{(pid=102260) initialize /opt/stack/neutron/neutron/plugins/ml2/extensions/qos.py:31}}
Apr 11 01:45:35.338881 np0000164978 devstack@neutron-api.service[102262]: DEBUG neutron_lib.callbacks.manager [None req-cd8d458e-1c22-46b1-890b-c9afbfeeab15 None None] Subscribe: > segment after_create 55550000, False {{(pid=102262) subscribe /opt/stack/data/venv/lib/python3.12/site-packages/neutron_lib/callbacks/manager.py:52}}
Apr 11 01:45:35.338920 np0000164978 devstack@neutron-api.service[102260]: INFO neutron.plugins.ml2.managers [None req-2a276424-5cf8-4382-bf77-00b2b91c79ef None None] Initializing mechanism driver 'ovn'
Apr 11 01:45:35.338956 np0000164978 devstack@neutron-api.service[102262]: DEBUG neutron_lib.callbacks.manager [None req-cd8d458e-1c22-46b1-890b-c9afbfeeab15 None None] Subscribe: > segment after_delete 55550000, False {{(pid=102262) subscribe /opt/stack/data/venv/lib/python3.12/site-packages/neutron_lib/callbacks/manager.py:52}}
Apr 11 01:45:35.338993 np0000164978 devstack@neutron-api.service[102260]: INFO neutron.plugins.ml2.drivers.ovn.mech_driver.mech_driver [None req-2a276424-5cf8-4382-bf77-00b2b91c79ef None None] Starting OVNMechanismDriver
Apr 11 01:45:35.339042 np0000164978 devstack@neutron-api.service[102262]: DEBUG neutron_lib.callbacks.manager [None req-cd8d458e-1c22-46b1-890b-c9afbfeeab15 None None] Subscribe: > allowed_address_pair before_create 55550000, False {{(pid=102262) subscribe /opt/stack/data/venv/lib/python3.12/site-packages/neutron_lib/callbacks/manager.py:52}}
Apr 11 01:45:35.339042 np0000164978 devstack@neutron-api.service[102262]: DEBUG neutron_lib.callbacks.manager [None req-cd8d458e-1c22-46b1-890b-c9afbfeeab15 None None] Subscribe: > security_group precommit_create 55550000, False {{(pid=102262) subscribe /opt/stack/data/venv/lib/python3.12/site-packages/neutron_lib/callbacks/manager.py:52}}
Apr 11 01:45:35.339042 np0000164978 devstack@neutron-api.service[102262]: DEBUG neutron_lib.callbacks.manager [None req-cd8d458e-1c22-46b1-890b-c9afbfeeab15 None None] Subscribe: > security_group after_update 55550000, False {{(pid=102262) subscribe /opt/stack/data/venv/lib/python3.12/site-packages/neutron_lib/callbacks/manager.py:52}}
Apr 11 01:45:35.339157 np0000164978 devstack@neutron-api.service[102261]: INFO neutron.quota [None req-e5a7f980-ed7c-4dd9-9611-60aa2159c664 None None] Loaded quota_driver: .
Apr 11 01:45:35.339193 np0000164978 devstack@neutron-api.service[102262]: DEBUG neutron_lib.callbacks.manager [None req-cd8d458e-1c22-46b1-890b-c9afbfeeab15 None None] Subscribe: > security_group after_create 55550000, False {{(pid=102262) subscribe /opt/stack/data/venv/lib/python3.12/site-packages/neutron_lib/callbacks/manager.py:52}}
Apr 11 01:45:35.339232 np0000164978 devstack@neutron-api.service[102261]: INFO neutron.plugins.ml2.plugin [None req-e5a7f980-ed7c-4dd9-9611-60aa2159c664 None None] Modular L2 Plugin initialization complete
Apr 11 01:45:35.339267 np0000164978 devstack@neutron-api.service[102262]: DEBUG neutron_lib.callbacks.manager [None req-cd8d458e-1c22-46b1-890b-c9afbfeeab15 None None] Subscribe: > security_group precommit_delete 55550000, False {{(pid=102262) subscribe /opt/stack/data/venv/lib/python3.12/site-packages/neutron_lib/callbacks/manager.py:52}}
Apr 11 01:45:35.339310 np0000164978 devstack@neutron-api.service[102261]: DEBUG neutron.manager [None req-e5a7f980-ed7c-4dd9-9611-60aa2159c664 None None] Loading services supported by the core plugin {{(pid=102261) _load_services_from_core_plugin /opt/stack/neutron/neutron/manager.py:170}}
Apr 11 01:45:35.339350 np0000164978 devstack@neutron-api.service[102262]: DEBUG neutron_lib.callbacks.manager [None req-cd8d458e-1c22-46b1-890b-c9afbfeeab15 None None] Subscribe: > security_group after_delete 55550000, False {{(pid=102262) subscribe /opt/stack/data/venv/lib/python3.12/site-packages/neutron_lib/callbacks/manager.py:52}}
Apr 11 01:45:35.339388 np0000164978 devstack@neutron-api.service[102261]: INFO neutron.plugins.ml2.managers [None req-e5a7f980-ed7c-4dd9-9611-60aa2159c664 None None] Got port-security extension from driver 'port_security'
Apr 11 01:45:35.339563 np0000164978 devstack@neutron-api.service[102262]: DEBUG neutron_lib.callbacks.manager [None req-cd8d458e-1c22-46b1-890b-c9afbfeeab15 None None] Subscribe: > security_group_rule precommit_create 55550000, False {{(pid=102262) subscribe /opt/stack/data/venv/lib/python3.12/site-packages/neutron_lib/callbacks/manager.py:52}}
Apr 11 01:45:35.339563 np0000164978 devstack@neutron-api.service[102262]: DEBUG neutron_lib.callbacks.manager [None req-cd8d458e-1c22-46b1-890b-c9afbfeeab15 None None] Subscribe: > security_group_rule after_create 55550000, False {{(pid=102262) subscribe /opt/stack/data/venv/lib/python3.12/site-packages/neutron_lib/callbacks/manager.py:52}}
Apr 11 01:45:35.339563 np0000164978 devstack@neutron-api.service[102262]: DEBUG neutron_lib.callbacks.manager [None req-cd8d458e-1c22-46b1-890b-c9afbfeeab15 None None] Subscribe: > security_group_rule before_delete 55550000, False {{(pid=102262) subscribe /opt/stack/data/venv/lib/python3.12/site-packages/neutron_lib/callbacks/manager.py:52}}
Apr 11 01:45:35.339746 np0000164978 devstack@neutron-api.service[102261]: DEBUG neutron.manager [None req-e5a7f980-ed7c-4dd9-9611-60aa2159c664 None None] Loading service plugins: ['ovn-router', 'auto_allocate', 'tag', 'timestamp', 'network_ip_availability', 'flavors', 'revisions'] {{(pid=102261) _load_service_plugins /opt/stack/neutron/neutron/manager.py:195}}
Apr 11 01:45:35.339907 np0000164978 devstack@neutron-api.service[102262]: DEBUG neutron_lib.callbacks.manager [None req-cd8d458e-1c22-46b1-890b-c9afbfeeab15 None None] Subscribe: > address_group after_create 55550000, False {{(pid=102262) subscribe /opt/stack/data/venv/lib/python3.12/site-packages/neutron_lib/callbacks/manager.py:52}}
Apr 11 01:45:35.339987 np0000164978 devstack@neutron-api.service[102261]: INFO neutron.manager [None req-e5a7f980-ed7c-4dd9-9611-60aa2159c664 None None] Loading Plugin: ovn-router
Apr 11 01:45:35.340078 np0000164978 devstack@neutron-api.service[102262]: DEBUG neutron_lib.callbacks.manager [None req-cd8d458e-1c22-46b1-890b-c9afbfeeab15 None None] Subscribe: > address_group after_update 55550000, False {{(pid=102262) subscribe /opt/stack/data/venv/lib/python3.12/site-packages/neutron_lib/callbacks/manager.py:52}}
Apr 11 01:45:35.340078 np0000164978 devstack@neutron-api.service[102262]: DEBUG neutron_lib.callbacks.manager [None req-cd8d458e-1c22-46b1-890b-c9afbfeeab15 None None] Subscribe: > address_group after_delete 55550000, False {{(pid=102262) subscribe /opt/stack/data/venv/lib/python3.12/site-packages/neutron_lib/callbacks/manager.py:52}}
Apr 11 01:45:35.340078 np0000164978 devstack@neutron-api.service[102262]: DEBUG neutron_lib.callbacks.manager [None req-cd8d458e-1c22-46b1-890b-c9afbfeeab15 None None] Subscribe: > qos_plugin after_init 55550000, False {{(pid=102262) subscribe /opt/stack/data/venv/lib/python3.12/site-packages/neutron_lib/callbacks/manager.py:52}}
Apr 11 01:45:35.340078 np0000164978 devstack@neutron-api.service[102262]: DEBUG neutron_lib.callbacks.manager [None req-cd8d458e-1c22-46b1-890b-c9afbfeeab15 None None] Subscribe: > trunk_plugin after_init 55550000, False {{(pid=102262) subscribe /opt/stack/data/venv/lib/python3.12/site-packages/neutron_lib/callbacks/manager.py:52}}
Apr 11 01:45:35.340273 np0000164978 devstack@neutron-api.service[102260]: DEBUG neutron_lib.callbacks.manager [None req-2a276424-5cf8-4382-bf77-00b2b91c79ef None None] Subscribe: > process before_spawn 55550000, False {{(pid=102260) subscribe /opt/stack/data/venv/lib/python3.12/site-packages/neutron_lib/callbacks/manager.py:52}}
Apr 11 01:45:35.340361 np0000164978 devstack@neutron-api.service[102262]: DEBUG neutron_lib.callbacks.manager [None req-cd8d458e-1c22-46b1-890b-c9afbfeeab15 None None] Subscribe: > logging-plugin after_init 55550000, False {{(pid=102262) subscribe /opt/stack/data/venv/lib/python3.12/site-packages/neutron_lib/callbacks/manager.py:52}}
Apr 11 01:45:35.340414 np0000164978 devstack@neutron-api.service[102260]: DEBUG neutron_lib.callbacks.manager [None req-2a276424-5cf8-4382-bf77-00b2b91c79ef None None] Subscribe: > process after_init 55550000, True {{(pid=102260) subscribe /opt/stack/data/venv/lib/python3.12/site-packages/neutron_lib/callbacks/manager.py:52}}
Apr 11 01:45:35.340414 np0000164978 devstack@neutron-api.service[102260]: DEBUG neutron_lib.callbacks.manager [None req-2a276424-5cf8-4382-bf77-00b2b91c79ef None None] Subscribe: > segment after_create 55550000, False {{(pid=102260) subscribe /opt/stack/data/venv/lib/python3.12/site-packages/neutron_lib/callbacks/manager.py:52}}
Apr 11 01:45:35.340414 np0000164978 devstack@neutron-api.service[102260]: DEBUG neutron_lib.callbacks.manager [None req-2a276424-5cf8-4382-bf77-00b2b91c79ef None None] Subscribe: > segment after_create 55550000, False {{(pid=102260) subscribe /opt/stack/data/venv/lib/python3.12/site-packages/neutron_lib/callbacks/manager.py:52}}
Apr 11 01:45:35.340414 np0000164978 devstack@neutron-api.service[102260]: DEBUG neutron_lib.callbacks.manager [None req-2a276424-5cf8-4382-bf77-00b2b91c79ef None None] Subscribe: > segment after_delete 55550000, False {{(pid=102260) subscribe /opt/stack/data/venv/lib/python3.12/site-packages/neutron_lib/callbacks/manager.py:52}}
Apr 11 01:45:35.340695 np0000164978 devstack@neutron-api.service[102260]: DEBUG neutron_lib.callbacks.manager [None req-2a276424-5cf8-4382-bf77-00b2b91c79ef None None] Subscribe: > allowed_address_pair before_create 55550000, False {{(pid=102260) subscribe /opt/stack/data/venv/lib/python3.12/site-packages/neutron_lib/callbacks/manager.py:52}}
Apr 11 01:45:35.340777 np0000164978 devstack@neutron-api.service[102262]: INFO neutron.services.logapi.drivers.ovn.driver [None req-cd8d458e-1c22-46b1-890b-c9afbfeeab15 None None] OVN logging driver registered
Apr 11 01:45:35.340854 np0000164978 devstack@neutron-api.service[102260]: DEBUG neutron_lib.callbacks.manager [None req-2a276424-5cf8-4382-bf77-00b2b91c79ef None None] Subscribe: > security_group precommit_create 55550000, False {{(pid=102260) subscribe /opt/stack/data/venv/lib/python3.12/site-packages/neutron_lib/callbacks/manager.py:52}}
Apr 11 01:45:35.340854 np0000164978 devstack@neutron-api.service[102260]: DEBUG neutron_lib.callbacks.manager [None req-2a276424-5cf8-4382-bf77-00b2b91c79ef None None] Subscribe: > security_group after_update 55550000, False {{(pid=102260) subscribe /opt/stack/data/venv/lib/python3.12/site-packages/neutron_lib/callbacks/manager.py:52}}
Apr 11 01:45:35.340854 np0000164978 devstack@neutron-api.service[102260]: DEBUG neutron_lib.callbacks.manager [None req-2a276424-5cf8-4382-bf77-00b2b91c79ef None None] Subscribe: > security_group after_create 55550000, False {{(pid=102260) subscribe /opt/stack/data/venv/lib/python3.12/site-packages/neutron_lib/callbacks/manager.py:52}}
Apr 11 01:45:35.341014 np0000164978 devstack@neutron-api.service[102260]: DEBUG neutron_lib.callbacks.manager [None req-2a276424-5cf8-4382-bf77-00b2b91c79ef None None] Subscribe: > security_group precommit_delete 55550000, False {{(pid=102260) subscribe /opt/stack/data/venv/lib/python3.12/site-packages/neutron_lib/callbacks/manager.py:52}}
Apr 11 01:45:35.341096 np0000164978 devstack@neutron-api.service[102260]: DEBUG neutron_lib.callbacks.manager [None req-2a276424-5cf8-4382-bf77-00b2b91c79ef None None] Subscribe: > security_group after_delete 55550000, False {{(pid=102260) subscribe /opt/stack/data/venv/lib/python3.12/site-packages/neutron_lib/callbacks/manager.py:52}}
Apr 11 01:45:35.341216 np0000164978 devstack@neutron-api.service[102260]: DEBUG neutron_lib.callbacks.manager [None req-2a276424-5cf8-4382-bf77-00b2b91c79ef None None] Subscribe: > security_group_rule precommit_create 55550000, False {{(pid=102260) subscribe /opt/stack/data/venv/lib/python3.12/site-packages/neutron_lib/callbacks/manager.py:52}}
