Aug 24 15:54:12.180479 np0000190868 devstack@neutron-api.service[101976]: DEBUG neutron_lib.callbacks.manager [None req-af2a552c-2282-4af4-9c82-cf977065cfcc None None] Subscribe: > port after_update 55550000, False {{(pid=101976) subscribe /opt/stack/data/venv/lib/python3.12/site-packages/neutron_lib/callbacks/manager.py:52}}
Aug 24 15:54:12.180561 np0000190868 devstack@neutron-api.service[101977]: DEBUG neutron.api.extensions [None req-73e7c9c5-5b57-4e7b-9e63-d68dca4e4fb1 None None] Loading extension file: network_ha.py {{(pid=101977) _load_all_extensions_from_path /opt/stack/neutron/neutron/api/extensions.py:449}}
Aug 24 15:54:12.180716 np0000190868 devstack@neutron-api.service[101976]: DEBUG neutron_lib.callbacks.manager [None req-af2a552c-2282-4af4-9c82-cf977065cfcc None None] Subscribe: > port after_delete 55550000, False {{(pid=101976) subscribe /opt/stack/data/venv/lib/python3.12/site-packages/neutron_lib/callbacks/manager.py:52}}
Aug 24 15:54:12.180770 np0000190868 devstack@neutron-api.service[101977]: DEBUG neutron.api.extensions [None req-73e7c9c5-5b57-4e7b-9e63-d68dca4e4fb1 None None] Ext name="Network HA creation flag" alias="network_ha" description="Network high availability creation flag." updated="2023-04-27T10:00:00-00:00" {{(pid=101977) _check_extension /opt/stack/neutron/neutron/api/extensions.py:415}}
Aug 24 15:54:12.180852 np0000190868 devstack@neutron-api.service[101976]: DEBUG neutron_lib.callbacks.manager [None req-af2a552c-2282-4af4-9c82-cf977065cfcc None None] Subscribe: > subnet after_create 55550000, False {{(pid=101976) subscribe /opt/stack/data/venv/lib/python3.12/site-packages/neutron_lib/callbacks/manager.py:52}}
Aug 24 15:54:12.180852 np0000190868 devstack@neutron-api.service[101976]: DEBUG neutron_lib.callbacks.manager [None req-af2a552c-2282-4af4-9c82-cf977065cfcc None None] Subscribe: > subnet after_update 55550000, False {{(pid=101976) subscribe /opt/stack/data/venv/lib/python3.12/site-packages/neutron_lib/callbacks/manager.py:52}}
Aug 24 15:54:12.180937 np0000190868 devstack@neutron-api.service[101977]: INFO neutron.api.extensions [None req-73e7c9c5-5b57-4e7b-9e63-d68dca4e4fb1 None None] Extension network_ha not supported by any of loaded plugins
Aug 24 15:54:12.180937 np0000190868 devstack@neutron-api.service[101977]: DEBUG neutron.api.extensions [None req-73e7c9c5-5b57-4e7b-9e63-d68dca4e4fb1 None None] Loading extension file: network_ip_availability.py {{(pid=101977) _load_all_extensions_from_path /opt/stack/neutron/neutron/api/extensions.py:449}}
Aug 24 15:54:12.181043 np0000190868 devstack@neutron-api.service[101976]: DEBUG neutron_lib.callbacks.manager [None req-af2a552c-2282-4af4-9c82-cf977065cfcc None None] Subscribe: > subnet after_delete 55550000, False {{(pid=101976) subscribe /opt/stack/data/venv/lib/python3.12/site-packages/neutron_lib/callbacks/manager.py:52}}
Aug 24 15:54:12.181043 np0000190868 devstack@neutron-api.service[101976]: DEBUG neutron_lib.callbacks.manager [None req-af2a552c-2282-4af4-9c82-cf977065cfcc None None] Subscribe: > network after_create 55550000, False {{(pid=101976) subscribe /opt/stack/data/venv/lib/python3.12/site-packages/neutron_lib/callbacks/manager.py:52}}
Aug 24 15:54:12.181121 np0000190868 devstack@neutron-api.service[101977]: DEBUG neutron.api.extensions [None req-73e7c9c5-5b57-4e7b-9e63-d68dca4e4fb1 None None] Ext name="Network IP Availability" alias="network-ip-availability" description="Provides IP availability data for each network and subnet." updated="2015-09-24T00:00:00-00:00" {{(pid=101977) _check_extension /opt/stack/neutron/neutron/api/extensions.py:415}}
Aug 24 15:54:12.181260 np0000190868 devstack@neutron-api.service[101976]: DEBUG neutron_lib.callbacks.manager [None req-af2a552c-2282-4af4-9c82-cf977065cfcc None None] Subscribe: > network after_update 55550000, False {{(pid=101976) subscribe /opt/stack/data/venv/lib/python3.12/site-packages/neutron_lib/callbacks/manager.py:52}}
Aug 24 15:54:12.181310 np0000190868 devstack@neutron-api.service[101977]: INFO neutron.api.extensions [None req-73e7c9c5-5b57-4e7b-9e63-d68dca4e4fb1 None None] Loaded extension: network-ip-availability
Aug 24 15:54:12.181310 np0000190868 devstack@neutron-api.service[101977]: DEBUG neutron.api.extensions [None req-73e7c9c5-5b57-4e7b-9e63-d68dca4e4fb1 None None] Loading extension file: network_ip_availability_details.py {{(pid=101977) _load_all_extensions_from_path /opt/stack/neutron/neutron/api/extensions.py:449}}
Aug 24 15:54:12.181407 np0000190868 devstack@neutron-api.service[101976]: DEBUG neutron_lib.callbacks.manager [None req-af2a552c-2282-4af4-9c82-cf977065cfcc None None] Subscribe: > network after_delete 55550000, False {{(pid=101976) subscribe /opt/stack/data/venv/lib/python3.12/site-packages/neutron_lib/callbacks/manager.py:52}}
Aug 24 15:54:12.181407 np0000190868 devstack@neutron-api.service[101976]: DEBUG neutron_lib.callbacks.manager [None req-af2a552c-2282-4af4-9c82-cf977065cfcc None None] Subscribe: > security_group after_create 55550000, False {{(pid=101976) subscribe /opt/stack/data/venv/lib/python3.12/site-packages/neutron_lib/callbacks/manager.py:52}}
Aug 24 15:54:12.181477 np0000190868 devstack@neutron-api.service[101977]: DEBUG neutron.api.extensions [None req-73e7c9c5-5b57-4e7b-9e63-d68dca4e4fb1 None None] Ext name="Network IP Availability Details Extension" alias="network-ip-availability-details" description="Add ip_availability_details attribute to network-ip-availabilities resource." updated="2025-10-31T00:00:00-00:00" {{(pid=101977) _check_extension /opt/stack/neutron/neutron/api/extensions.py:415}}
Aug 24 15:54:12.181554 np0000190868 devstack@neutron-api.service[101976]: DEBUG neutron_lib.callbacks.manager [None req-af2a552c-2282-4af4-9c82-cf977065cfcc None None] Subscribe: > security_group after_update 55550000, False {{(pid=101976) subscribe /opt/stack/data/venv/lib/python3.12/site-packages/neutron_lib/callbacks/manager.py:52}}
Aug 24 15:54:12.181554 np0000190868 devstack@neutron-api.service[101976]: DEBUG neutron_lib.callbacks.manager [None req-af2a552c-2282-4af4-9c82-cf977065cfcc None None] Subscribe: > security_group after_delete 55550000, False {{(pid=101976) subscribe /opt/stack/data/venv/lib/python3.12/site-packages/neutron_lib/callbacks/manager.py:52}}
Aug 24 15:54:12.181629 np0000190868 devstack@neutron-api.service[101977]: INFO neutron.api.extensions [None req-73e7c9c5-5b57-4e7b-9e63-d68dca4e4fb1 None None] Loaded extension: network-ip-availability-details
Aug 24 15:54:12.181629 np0000190868 devstack@neutron-api.service[101977]: DEBUG neutron.api.extensions [None req-73e7c9c5-5b57-4e7b-9e63-d68dca4e4fb1 None None] Loading extension file: network_segment_range.py {{(pid=101977) _load_all_extensions_from_path /opt/stack/neutron/neutron/api/extensions.py:449}}
Aug 24 15:54:12.181787 np0000190868 devstack@neutron-api.service[101976]: DEBUG neutron_lib.callbacks.manager [None req-af2a552c-2282-4af4-9c82-cf977065cfcc None None] Subscribe: > security_group_rule after_create 55550000, False {{(pid=101976) subscribe /opt/stack/data/venv/lib/python3.12/site-packages/neutron_lib/callbacks/manager.py:52}}
Aug 24 15:54:12.181787 np0000190868 devstack@neutron-api.service[101976]: DEBUG neutron_lib.callbacks.manager [None req-af2a552c-2282-4af4-9c82-cf977065cfcc None None] Subscribe: > security_group_rule after_update 55550000, False {{(pid=101976) subscribe /opt/stack/data/venv/lib/python3.12/site-packages/neutron_lib/callbacks/manager.py:52}}
Aug 24 15:54:12.181897 np0000190868 devstack@neutron-api.service[101977]: DEBUG neutron.api.extensions [None req-73e7c9c5-5b57-4e7b-9e63-d68dca4e4fb1 None None] Ext name="Neutron Network Segment Range" alias="network-segment-range" description="Provides support for the network segment range management" updated="2018-11-29T00:00:00-00:00" {{(pid=101977) _check_extension /opt/stack/neutron/neutron/api/extensions.py:415}}
Aug 24 15:54:12.181968 np0000190868 devstack@neutron-api.service[101976]: DEBUG neutron_lib.callbacks.manager [None req-af2a552c-2282-4af4-9c82-cf977065cfcc None None] Subscribe: > security_group_rule after_delete 55550000, False {{(pid=101976) subscribe /opt/stack/data/venv/lib/python3.12/site-packages/neutron_lib/callbacks/manager.py:52}}
Aug 24 15:54:12.181968 np0000190868 devstack@neutron-api.service[101976]: DEBUG neutron_lib.callbacks.manager [None req-af2a552c-2282-4af4-9c82-cf977065cfcc None None] Subscribe: > address_group after_create 55550000, False {{(pid=101976) subscribe /opt/stack/data/venv/lib/python3.12/site-packages/neutron_lib/callbacks/manager.py:52}}
Aug 24 15:54:12.182050 np0000190868 devstack@neutron-api.service[101977]: INFO neutron.api.extensions [None req-73e7c9c5-5b57-4e7b-9e63-d68dca4e4fb1 None None] Extension network-segment-range not supported by any of loaded plugins
Aug 24 15:54:12.182050 np0000190868 devstack@neutron-api.service[101977]: DEBUG neutron.api.extensions [None req-73e7c9c5-5b57-4e7b-9e63-d68dca4e4fb1 None None] Loading extension file: ovn_bgp.py {{(pid=101977) _load_all_extensions_from_path /opt/stack/neutron/neutron/api/extensions.py:449}}
Aug 24 15:54:12.182134 np0000190868 devstack@neutron-api.service[101976]: DEBUG neutron_lib.callbacks.manager [None req-af2a552c-2282-4af4-9c82-cf977065cfcc None None] Subscribe: > address_group after_update 55550000, False {{(pid=101976) subscribe /opt/stack/data/venv/lib/python3.12/site-packages/neutron_lib/callbacks/manager.py:52}}
Aug 24 15:54:12.182134 np0000190868 devstack@neutron-api.service[101976]: DEBUG neutron_lib.callbacks.manager [None req-af2a552c-2282-4af4-9c82-cf977065cfcc None None] Subscribe: > address_group after_delete 55550000, False {{(pid=101976) subscribe /opt/stack/data/venv/lib/python3.12/site-packages/neutron_lib/callbacks/manager.py:52}}
Aug 24 15:54:12.182219 np0000190868 devstack@neutron-api.service[101977]: DEBUG neutron.api.extensions [None req-73e7c9c5-5b57-4e7b-9e63-d68dca4e4fb1 None None] Ext name="OVN BGP" alias="ovn-bgp" description="Subnet extension to support OVN BGP route leaking" updated="2026-07-20T00:00:00-00:00" {{(pid=101977) _check_extension /opt/stack/neutron/neutron/api/extensions.py:415}}
Aug 24 15:54:12.182276 np0000190868 devstack@neutron-api.service[101976]: DEBUG neutron.plugins.ml2.ovo_rpc [None req-af2a552c-2282-4af4-9c82-cf977065cfcc None None] ML2 OVO RPC backend initialized. {{(pid=101976) __init__ /opt/stack/neutron/neutron/plugins/ml2/ovo_rpc.py:117}}
Aug 24 15:54:12.182338 np0000190868 devstack@neutron-api.service[101977]: INFO neutron.api.extensions [None req-73e7c9c5-5b57-4e7b-9e63-d68dca4e4fb1 None None] Extension ovn-bgp not supported by any of loaded plugins
Aug 24 15:54:12.182338 np0000190868 devstack@neutron-api.service[101977]: DEBUG neutron.api.extensions [None req-73e7c9c5-5b57-4e7b-9e63-d68dca4e4fb1 None None] Loading extension file: pagination.py {{(pid=101977) _load_all_extensions_from_path /opt/stack/neutron/neutron/api/extensions.py:449}}
Aug 24 15:54:12.182338 np0000190868 devstack@neutron-api.service[101977]: DEBUG neutron.api.extensions [None req-73e7c9c5-5b57-4e7b-9e63-d68dca4e4fb1 None None] Ext name="Pagination support" alias="pagination" description="Extension that indicates that pagination is enabled." updated="2016-06-12T00:00:00-00:00" {{(pid=101977) _check_extension /opt/stack/neutron/neutron/api/extensions.py:415}}
Aug 24 15:54:12.182338 np0000190868 devstack@neutron-api.service[101977]: INFO neutron.api.extensions [None req-73e7c9c5-5b57-4e7b-9e63-d68dca4e4fb1 None None] Loaded extension: pagination
Aug 24 15:54:12.182338 np0000190868 devstack@neutron-api.service[101977]: DEBUG neutron.api.extensions [None req-73e7c9c5-5b57-4e7b-9e63-d68dca4e4fb1 None None] Loading extension file: port_device_profile.py {{(pid=101977) _load_all_extensions_from_path /opt/stack/neutron/neutron/api/extensions.py:449}}
Aug 24 15:54:12.182518 np0000190868 devstack@neutron-api.service[101977]: DEBUG neutron.api.extensions [None req-73e7c9c5-5b57-4e7b-9e63-d68dca4e4fb1 None None] Ext name="Port device profile" alias="port-device-profile" description="Expose the port device profile (Cyborg)" updated="2020-12-17T10:00:00-00:00" {{(pid=101977) _check_extension /opt/stack/neutron/neutron/api/extensions.py:415}}
Aug 24 15:54:12.182609 np0000190868 devstack@neutron-api.service[101977]: INFO neutron.api.extensions [None req-73e7c9c5-5b57-4e7b-9e63-d68dca4e4fb1 None None] Loaded extension: port-device-profile
Aug 24 15:54:12.182731 np0000190868 devstack@neutron-api.service[101977]: DEBUG neutron.api.extensions [None req-73e7c9c5-5b57-4e7b-9e63-d68dca4e4fb1 None None] Loading extension file: port_hardware_offload_type.py {{(pid=101977) _load_all_extensions_from_path /opt/stack/neutron/neutron/api/extensions.py:449}}
Aug 24 15:54:12.182809 np0000190868 devstack@neutron-api.service[101976]: INFO neutron.quota [None req-af2a552c-2282-4af4-9c82-cf977065cfcc None None] Loaded quota_driver: .
Aug 24 15:54:12.182989 np0000190868 devstack@neutron-api.service[101977]: DEBUG neutron.api.extensions [None req-73e7c9c5-5b57-4e7b-9e63-d68dca4e4fb1 None None] Ext name="Port hardware offload" alias="port-hardware-offload-type" description="Expose port hardware offload extension" updated="2023-05-09T10:00:00-00:00" {{(pid=101977) _check_extension /opt/stack/neutron/neutron/api/extensions.py:415}}
Aug 24 15:54:12.183051 np0000190868 devstack@neutron-api.service[101976]: INFO neutron.plugins.ml2.plugin [None req-af2a552c-2282-4af4-9c82-cf977065cfcc None None] Modular L2 Plugin initialization complete
Aug 24 15:54:12.183109 np0000190868 devstack@neutron-api.service[101977]: INFO neutron.api.extensions [None req-73e7c9c5-5b57-4e7b-9e63-d68dca4e4fb1 None None] Extension port-hardware-offload-type not supported by any of loaded plugins
Aug 24 15:54:12.183164 np0000190868 devstack@neutron-api.service[101976]: DEBUG neutron.manager [None req-af2a552c-2282-4af4-9c82-cf977065cfcc None None] Loading services supported by the core plugin {{(pid=101976) _load_services_from_core_plugin /opt/stack/neutron/neutron/manager.py:167}}
Aug 24 15:54:12.183247 np0000190868 devstack@neutron-api.service[101977]: DEBUG neutron.api.extensions [None req-73e7c9c5-5b57-4e7b-9e63-d68dca4e4fb1 None None] Loading extension file: port_hint_ovs_tx_steering.py {{(pid=101977) _load_all_extensions_from_path /opt/stack/neutron/neutron/api/extensions.py:449}}
Aug 24 15:54:12.183327 np0000190868 devstack@neutron-api.service[101976]: INFO neutron.plugins.ml2.managers [None req-af2a552c-2282-4af4-9c82-cf977065cfcc None None] Got port-security extension from driver 'port_security'
Aug 24 15:54:12.183500 np0000190868 devstack@neutron-api.service[101977]: DEBUG neutron.api.extensions [None req-73e7c9c5-5b57-4e7b-9e63-d68dca4e4fb1 None None] Ext name="Port hint: Open vSwitch Tx steering" alias="port-hint-ovs-tx-steering" description="Enable Port hint: Open vSwitch Tx steering" updated="2023-01-01T00:00:00-00:00" {{(pid=101977) _check_extension /opt/stack/neutron/neutron/api/extensions.py:415}}
Aug 24 15:54:12.183999 np0000190868 devstack@neutron-api.service[101977]: INFO neutron.api.extensions [None req-73e7c9c5-5b57-4e7b-9e63-d68dca4e4fb1 None None] Extension port-hint-ovs-tx-steering not supported by any of loaded plugins
Aug 24 15:54:12.183999 np0000190868 devstack@neutron-api.service[101977]: DEBUG neutron.api.extensions [None req-73e7c9c5-5b57-4e7b-9e63-d68dca4e4fb1 None None] Loading extension file: port_hints.py {{(pid=101977) _load_all_extensions_from_path /opt/stack/neutron/neutron/api/extensions.py:449}}
Aug 24 15:54:12.184083 np0000190868 devstack@neutron-api.service[101976]: DEBUG neutron.manager [None req-af2a552c-2282-4af4-9c82-cf977065cfcc None None] Loading service plugins: ['ovn-router', 'auto_allocate', 'tag', 'timestamp', 'network_ip_availability', 'flavors', 'revisions'] {{(pid=101976) _load_service_plugins /opt/stack/neutron/neutron/manager.py:192}}
Aug 24 15:54:12.184083 np0000190868 devstack@neutron-api.service[101976]: INFO neutron.manager [None req-af2a552c-2282-4af4-9c82-cf977065cfcc None None] Loading Plugin: ovn-router
Aug 24 15:54:12.184174 np0000190868 devstack@neutron-api.service[101977]: DEBUG neutron.api.extensions [None req-73e7c9c5-5b57-4e7b-9e63-d68dca4e4fb1 None None] Ext name="Port hints" alias="port-hints" description="Backend specific port hints to allow backend specific tuning" updated="2023-01-01T00:00:00-00:00" {{(pid=101977) _check_extension /opt/stack/neutron/neutron/api/extensions.py:415}}
Aug 24 15:54:12.184174 np0000190868 devstack@neutron-api.service[101977]: INFO neutron.api.extensions [None req-73e7c9c5-5b57-4e7b-9e63-d68dca4e4fb1 None None] Extension port-hints not supported by any of loaded plugins
Aug 24 15:54:12.184174 np0000190868 devstack@neutron-api.service[101977]: DEBUG neutron.api.extensions [None req-73e7c9c5-5b57-4e7b-9e63-d68dca4e4fb1 None None] Loading extension file: port_mac_address_override.py {{(pid=101977) _load_all_extensions_from_path /opt/stack/neutron/neutron/api/extensions.py:449}}
Aug 24 15:54:12.184728 np0000190868 devstack@neutron-api.service[101977]: DEBUG neutron.api.extensions [None req-73e7c9c5-5b57-4e7b-9e63-d68dca4e4fb1 None None] Ext name="Neutron Port MAC address override" alias="port-mac-override" description="Allow overriding the MAC address of a direct-physical Port via the active binding profile" updated="2022-03-18T10:00:00-00:00" {{(pid=101977) _check_extension /opt/stack/neutron/neutron/api/extensions.py:415}}
Aug 24 15:54:12.184728 np0000190868 devstack@neutron-api.service[101977]: INFO neutron.api.extensions [None req-73e7c9c5-5b57-4e7b-9e63-d68dca4e4fb1 None None] Extension port-mac-override not supported by any of loaded plugins
Aug 24 15:54:12.184728 np0000190868 devstack@neutron-api.service[101977]: DEBUG neutron.api.extensions [None req-73e7c9c5-5b57-4e7b-9e63-d68dca4e4fb1 None None] Loading extension file: port_mac_address_regenerate.py {{(pid=101977) _load_all_extensions_from_path /opt/stack/neutron/neutron/api/extensions.py:449}}
Aug 24 15:54:12.185029 np0000190868 devstack@neutron-api.service[101977]: DEBUG neutron.api.extensions [None req-73e7c9c5-5b57-4e7b-9e63-d68dca4e4fb1 None None] Ext name="Neutron Port MAC address regenerate" alias="port-mac-address-regenerate" description="Network port MAC address regenerate" updated="2018-05-03T10:00:00-00:00" {{(pid=101977) _check_extension /opt/stack/neutron/neutron/api/extensions.py:415}}
Aug 24 15:54:12.185029 np0000190868 devstack@neutron-api.service[101977]: INFO neutron.api.extensions [None req-73e7c9c5-5b57-4e7b-9e63-d68dca4e4fb1 None None] Loaded extension: port-mac-address-regenerate
Aug 24 15:54:12.185536 np0000190868 devstack@neutron-api.service[101977]: DEBUG neutron.api.extensions [None req-73e7c9c5-5b57-4e7b-9e63-d68dca4e4fb1 None None] Loading extension file: port_numa_affinity_policy.py {{(pid=101977) _load_all_extensions_from_path /opt/stack/neutron/neutron/api/extensions.py:449}}
Aug 24 15:54:12.185536 np0000190868 devstack@neutron-api.service[101977]: DEBUG neutron.api.extensions [None req-73e7c9c5-5b57-4e7b-9e63-d68dca4e4fb1 None None] Ext name="Port NUMA affinity policy" alias="port-numa-affinity-policy" description="Expose the port NUMA affinity policy" updated="2020-07-08T10:00:00-00:00" {{(pid=101977) _check_extension /opt/stack/neutron/neutron/api/extensions.py:415}}
Aug 24 15:54:12.185536 np0000190868 devstack@neutron-api.service[101977]: INFO neutron.api.extensions [None req-73e7c9c5-5b57-4e7b-9e63-d68dca4e4fb1 None None] Loaded extension: port-numa-affinity-policy
Aug 24 15:54:12.185848 np0000190868 devstack@neutron-api.service[101977]: DEBUG neutron.api.extensions [None req-73e7c9c5-5b57-4e7b-9e63-d68dca4e4fb1 None None] Loading extension file: port_numa_affinity_policy_socket.py {{(pid=101977) _load_all_extensions_from_path /opt/stack/neutron/neutron/api/extensions.py:449}}
Aug 24 15:54:12.185848 np0000190868 devstack@neutron-api.service[101977]: DEBUG neutron.api.extensions [None req-73e7c9c5-5b57-4e7b-9e63-d68dca4e4fb1 None None] Ext name="Port NUMA affinity policy "socket"" alias="port-numa-affinity-policy-socket" description="Adds "socket" to the supported port NUMA affinity policies" updated="2024-02-09T10:00:00-00:00" {{(pid=101977) _check_extension /opt/stack/neutron/neutron/api/extensions.py:415}}
Aug 24 15:54:12.186331 np0000190868 devstack@neutron-api.service[101977]: INFO neutron.api.extensions [None req-73e7c9c5-5b57-4e7b-9e63-d68dca4e4fb1 None None] Loaded extension: port-numa-affinity-policy-socket
Aug 24 15:54:12.186331 np0000190868 devstack@neutron-api.service[101977]: DEBUG neutron.api.extensions [None req-73e7c9c5-5b57-4e7b-9e63-d68dca4e4fb1 None None] Loading extension file: port_resource_request.py {{(pid=101977) _load_all_extensions_from_path /opt/stack/neutron/neutron/api/extensions.py:449}}
Aug 24 15:54:12.186331 np0000190868 devstack@neutron-api.service[101977]: DEBUG neutron.api.extensions [None req-73e7c9c5-5b57-4e7b-9e63-d68dca4e4fb1 None None] Ext name="Port Resource Request" alias="port-resource-request" description="Expose resource request to Port" updated="2018-05-08T10:00:00-00:00" {{(pid=101977) _check_extension /opt/stack/neutron/neutron/api/extensions.py:415}}
Aug 24 15:54:12.186871 np0000190868 devstack@neutron-api.service[101977]: INFO neutron.api.extensions [None req-73e7c9c5-5b57-4e7b-9e63-d68dca4e4fb1 None None] Extension port-resource-request not supported by any of loaded plugins
Aug 24 15:54:12.186871 np0000190868 devstack@neutron-api.service[101977]: DEBUG neutron.api.extensions [None req-73e7c9c5-5b57-4e7b-9e63-d68dca4e4fb1 None None] Loading extension file: port_resource_request_groups.py {{(pid=101977) _load_all_extensions_from_path /opt/stack/neutron/neutron/api/extensions.py:449}}
Aug 24 15:54:12.186871 np0000190868 devstack@neutron-api.service[101977]: DEBUG neutron.api.extensions [None req-73e7c9c5-5b57-4e7b-9e63-d68dca4e4fb1 None None] Ext name="Port Resource Request Groups" alias="port-resource-request-groups" description="Support requesting multiple groups of resources and traits from the same RP subtree in resource_request" updated="2021-08-02T10:00:00-00:00" {{(pid=101977) _check_extension /opt/stack/neutron/neutron/api/extensions.py:415}}
Aug 24 15:54:12.187169 np0000190868 devstack@neutron-api.service[101977]: INFO neutron.api.extensions [None req-73e7c9c5-5b57-4e7b-9e63-d68dca4e4fb1 None None] Extension port-resource-request-groups not supported by any of loaded plugins
Aug 24 15:54:12.187169 np0000190868 devstack@neutron-api.service[101977]: DEBUG neutron.api.extensions [None req-73e7c9c5-5b57-4e7b-9e63-d68dca4e4fb1 None None] Loading extension file: port_trusted_vif.py {{(pid=101977) _load_all_extensions_from_path /opt/stack/neutron/neutron/api/extensions.py:449}}
Aug 24 15:54:12.187513 np0000190868 devstack@neutron-api.service[101977]: DEBUG neutron.api.extensions [None req-73e7c9c5-5b57-4e7b-9e63-d68dca4e4fb1 None None] Ext name="Port trusted vif" alias="port-trusted-vif" description="Expose port 'trusted' attribute in the API" updated="2024-07-10T10:00:00-00:00" {{(pid=101977) _check_extension /opt/stack/neutron/neutron/api/extensions.py:415}}
Aug 24 15:54:12.187513 np0000190868 devstack@neutron-api.service[101977]: INFO neutron.api.extensions [None req-73e7c9c5-5b57-4e7b-9e63-d68dca4e4fb1 None None] Extension port-trusted-vif not supported by any of loaded plugins
Aug 24 15:54:12.187513 np0000190868 devstack@neutron-api.service[101977]: DEBUG neutron.api.extensions [None req-73e7c9c5-5b57-4e7b-9e63-d68dca4e4fb1 None None] Loading extension file: portbindings.py {{(pid=101977) _load_all_extensions_from_path /opt/stack/neutron/neutron/api/extensions.py:449}}
Aug 24 15:54:12.188047 np0000190868 devstack@neutron-api.service[101977]: DEBUG neutron.api.extensions [None req-73e7c9c5-5b57-4e7b-9e63-d68dca4e4fb1 None None] Ext name="Port Binding" alias="binding" description="Expose port bindings of a virtual port to external application" updated="2014-02-03T10:00:00-00:00" {{(pid=101977) _check_extension /opt/stack/neutron/neutron/api/extensions.py:415}}
Aug 24 15:54:12.188047 np0000190868 devstack@neutron-api.service[101977]: INFO neutron.api.extensions [None req-73e7c9c5-5b57-4e7b-9e63-d68dca4e4fb1 None None] Loaded extension: binding
Aug 24 15:54:12.188047 np0000190868 devstack@neutron-api.service[101977]: DEBUG neutron.api.extensions [None req-73e7c9c5-5b57-4e7b-9e63-d68dca4e4fb1 None None] Loading extension file: portbindings_extended.py {{(pid=101977) _load_all_extensions_from_path /opt/stack/neutron/neutron/api/extensions.py:449}}
Aug 24 15:54:12.188896 np0000190868 devstack@neutron-api.service[101977]: DEBUG neutron.api.extensions [None req-73e7c9c5-5b57-4e7b-9e63-d68dca4e4fb1 None None] Ext name="Port Bindings Extended" alias="binding-extended" description="Expose port bindings of a virtual port to external application" updated="2017-07-17T10:00:00-00:00" {{(pid=101977) _check_extension /opt/stack/neutron/neutron/api/extensions.py:415}}
Aug 24 15:54:12.188896 np0000190868 devstack@neutron-api.service[101977]: INFO neutron.api.extensions [None req-73e7c9c5-5b57-4e7b-9e63-d68dca4e4fb1 None None] Loaded extension: binding-extended
Aug 24 15:54:12.188896 np0000190868 devstack@neutron-api.service[101977]: DEBUG neutron.api.extensions [None req-73e7c9c5-5b57-4e7b-9e63-d68dca4e4fb1 None None] Loading extension file: portsecurity.py {{(pid=101977) _load_all_extensions_from_path /opt/stack/neutron/neutron/api/extensions.py:449}}
Aug 24 15:54:12.188896 np0000190868 devstack@neutron-api.service[101977]: DEBUG neutron.api.extensions [None req-73e7c9c5-5b57-4e7b-9e63-d68dca4e4fb1 None None] Ext name="Port Security" alias="port-security" description="Provides port security" updated="2012-07-23T10:00:00-00:00" {{(pid=101977) _check_extension /opt/stack/neutron/neutron/api/extensions.py:415}}
Aug 24 15:54:12.188896 np0000190868 devstack@neutron-api.service[101977]: INFO neutron.api.extensions [None req-73e7c9c5-5b57-4e7b-9e63-d68dca4e4fb1 None None] Loaded extension: port-security
Aug 24 15:54:12.189238 np0000190868 devstack@neutron-api.service[101977]: DEBUG neutron.api.extensions [None req-73e7c9c5-5b57-4e7b-9e63-d68dca4e4fb1 None None] Loading extension file: project_id.py {{(pid=101977) _load_all_extensions_from_path /opt/stack/neutron/neutron/api/extensions.py:449}}
Aug 24 15:54:12.189238 np0000190868 devstack@neutron-api.service[101977]: DEBUG neutron.api.extensions [None req-73e7c9c5-5b57-4e7b-9e63-d68dca4e4fb1 None None] Ext name="project_id field enabled" alias="project-id" description="Extension that indicates that project_id field is enabled." updated="2016-09-09T09:09:09-09:09" {{(pid=101977) _check_extension /opt/stack/neutron/neutron/api/extensions.py:415}}
Aug 24 15:54:12.189566 np0000190868 devstack@neutron-api.service[101977]: INFO neutron.api.extensions [None req-73e7c9c5-5b57-4e7b-9e63-d68dca4e4fb1 None None] Loaded extension: project-id
Aug 24 15:54:12.189566 np0000190868 devstack@neutron-api.service[101977]: DEBUG neutron.api.extensions [None req-73e7c9c5-5b57-4e7b-9e63-d68dca4e4fb1 None None] Loading extension file: providernet.py {{(pid=101977) _load_all_extensions_from_path /opt/stack/neutron/neutron/api/extensions.py:449}}
Aug 24 15:54:12.190986 np0000190868 devstack@neutron-api.service[101977]: DEBUG neutron.api.extensions [None req-73e7c9c5-5b57-4e7b-9e63-d68dca4e4fb1 None None] Ext name="Provider Network" alias="provider" description="Expose mapping of virtual networks to physical networks" updated="2012-09-07T10:00:00-00:00" {{(pid=101977) _check_extension /opt/stack/neutron/neutron/api/extensions.py:415}}
Aug 24 15:54:12.191438 np0000190868 devstack@neutron-api.service[101977]: INFO neutron.api.extensions [None req-73e7c9c5-5b57-4e7b-9e63-d68dca4e4fb1 None None] Loaded extension: provider
Aug 24 15:54:12.191438 np0000190868 devstack@neutron-api.service[101977]: DEBUG neutron.api.extensions [None req-73e7c9c5-5b57-4e7b-9e63-d68dca4e4fb1 None None] Loading extension file: pvlan.py {{(pid=101977) _load_all_extensions_from_path /opt/stack/neutron/neutron/api/extensions.py:449}}
Aug 24 15:54:12.191438 np0000190868 devstack@neutron-api.service[101977]: DEBUG neutron.api.extensions [None req-73e7c9c5-5b57-4e7b-9e63-d68dca4e4fb1 None None] Ext name="Private VLAN" alias="pvlan" description="The Private VLAN semantics extension." updated="2026-02-03T10:00:00-00:00" {{(pid=101977) _check_extension /opt/stack/neutron/neutron/api/extensions.py:415}}
Aug 24 15:54:12.191827 np0000190868 devstack@neutron-api.service[101977]: INFO neutron.api.extensions [None req-73e7c9c5-5b57-4e7b-9e63-d68dca4e4fb1 None None] Extension pvlan not supported by any of loaded plugins
Aug 24 15:54:12.191827 np0000190868 devstack@neutron-api.service[101977]: DEBUG neutron.api.extensions [None req-73e7c9c5-5b57-4e7b-9e63-d68dca4e4fb1 None None] Loading extension file: qinq.py {{(pid=101977) _load_all_extensions_from_path /opt/stack/neutron/neutron/api/extensions.py:449}}
Aug 24 15:54:12.192184 np0000190868 devstack@neutron-api.service[101977]: DEBUG neutron.api.extensions [None req-73e7c9c5-5b57-4e7b-9e63-d68dca4e4fb1 None None] Ext name="QinQ networks" alias="qinq" description="Expose network 'qinq' attribute in the API. This allows to configure network to allow vlan in vlan configuration using 0x88a8 ethertype (QinQ)." updated="2024-12-02T10:00:00-00:00" {{(pid=101977) _check_extension /opt/stack/neutron/neutron/api/extensions.py:415}}
Aug 24 15:54:12.192184 np0000190868 devstack@neutron-api.service[101977]: INFO neutron.api.extensions [None req-73e7c9c5-5b57-4e7b-9e63-d68dca4e4fb1 None None] Loaded extension: qinq
Aug 24 15:54:12.192184 np0000190868 devstack@neutron-api.service[101977]: DEBUG neutron.api.extensions [None req-73e7c9c5-5b57-4e7b-9e63-d68dca4e4fb1 None None] Loading extension file: qos.py {{(pid=101977) _load_all_extensions_from_path /opt/stack/neutron/neutron/api/extensions.py:449}}
Aug 24 15:54:12.193068 np0000190868 devstack@neutron-api.service[101977]: DEBUG neutron.api.extensions [None req-73e7c9c5-5b57-4e7b-9e63-d68dca4e4fb1 None None] Ext name="Quality of Service" alias="qos" description="The Quality of Service extension." updated="2015-06-08T10:00:00-00:00" {{(pid=101977) _check_extension /opt/stack/neutron/neutron/api/extensions.py:415}}
Aug 24 15:54:12.193420 np0000190868 devstack@neutron-api.service[101977]: INFO neutron.api.extensions [None req-73e7c9c5-5b57-4e7b-9e63-d68dca4e4fb1 None None] Extension qos not supported by any of loaded plugins
Aug 24 15:54:12.193420 np0000190868 devstack@neutron-api.service[101977]: DEBUG neutron.api.extensions [None req-73e7c9c5-5b57-4e7b-9e63-d68dca4e4fb1 None None] Loading extension file: qos_bw_limit_direction.py {{(pid=101977) _load_all_extensions_from_path /opt/stack/neutron/neutron/api/extensions.py:449}}
Aug 24 15:54:12.193754 np0000190868 devstack@neutron-api.service[101977]: DEBUG neutron.api.extensions [None req-73e7c9c5-5b57-4e7b-9e63-d68dca4e4fb1 None None] Ext name="Direction for QoS bandwidth limit rule" alias="qos-bw-limit-direction" description="Allow to configure QoS bandwidth limit rule with specific direction: ingress or egress" updated="2017-04-10T10:00:00-00:00" {{(pid=101977) _check_extension /opt/stack/neutron/neutron/api/extensions.py:415}}
Aug 24 15:54:12.193754 np0000190868 devstack@neutron-api.service[101977]: INFO neutron.api.extensions [None req-73e7c9c5-5b57-4e7b-9e63-d68dca4e4fb1 None None] Extension qos-bw-limit-direction not supported by any of loaded plugins
Aug 24 15:54:12.194074 np0000190868 devstack@neutron-api.service[101977]: DEBUG neutron.api.extensions [None req-73e7c9c5-5b57-4e7b-9e63-d68dca4e4fb1 None None] Loading extension file: qos_bw_minimum_ingress.py {{(pid=101977) _load_all_extensions_from_path /opt/stack/neutron/neutron/api/extensions.py:449}}
Aug 24 15:54:12.194074 np0000190868 devstack@neutron-api.service[101977]: DEBUG neutron.api.extensions [None req-73e7c9c5-5b57-4e7b-9e63-d68dca4e4fb1 None None] Ext name="Ingress direction for QoS minimum bandwidth rule" alias="qos-bw-minimum-ingress" description="Allow to configure QoS minumum bandwidth rule with ingress direction." updated="2018-07-09T10:00:00-00:00" {{(pid=101977) _check_extension /opt/stack/neutron/neutron/api/extensions.py:415}}
Aug 24 15:54:12.194376 np0000190868 devstack@neutron-api.service[101977]: INFO neutron.api.extensions [None req-73e7c9c5-5b57-4e7b-9e63-d68dca4e4fb1 None None] Extension qos-bw-minimum-ingress not supported by any of loaded plugins
Aug 24 15:54:12.194376 np0000190868 devstack@neutron-api.service[101977]: DEBUG neutron.api.extensions [None req-73e7c9c5-5b57-4e7b-9e63-d68dca4e4fb1 None None] Loading extension file: qos_default.py {{(pid=101977) _load_all_extensions_from_path /opt/stack/neutron/neutron/api/extensions.py:449}}
Aug 24 15:54:12.194703 np0000190868 devstack@neutron-api.service[101976]: DEBUG neutron_lib.callbacks.manager [None req-af2a552c-2282-4af4-9c82-cf977065cfcc None None] Subscribe: > router before_delete 55550000, False {{(pid=101976) subscribe /opt/stack/data/venv/lib/python3.12/site-packages/neutron_lib/callbacks/manager.py:52}}
Aug 24 15:54:12.195040 np0000190868 devstack@neutron-api.service[101977]: DEBUG neutron.api.extensions [None req-73e7c9c5-5b57-4e7b-9e63-d68dca4e4fb1 None None] Ext name="QoS default policy" alias="qos-default" description="Expose the QoS default policy per project" updated="2017-041-06T10:00:00-00:00" {{(pid=101977) _check_extension /opt/stack/neutron/neutron/api/extensions.py:415}}
Aug 24 15:54:12.195397 np0000190868 devstack@neutron-api.service[101976]: DEBUG neutron_lib.callbacks.manager [None req-af2a552c-2282-4af4-9c82-cf977065cfcc None None] Subscribe: port before_update 55550000, False {{(pid=101976) subscribe /opt/stack/data/venv/lib/python3.12/site-packages/neutron_lib/callbacks/manager.py:52}}
Aug 24 15:54:12.195691 np0000190868 devstack@neutron-api.service[101977]: INFO neutron.api.extensions [None req-73e7c9c5-5b57-4e7b-9e63-d68dca4e4fb1 None None] Extension qos-default not supported by any of loaded plugins
Aug 24 15:54:12.196138 np0000190868 devstack@neutron-api.service[101976]: DEBUG neutron_lib.callbacks.manager [None req-af2a552c-2282-4af4-9c82-cf977065cfcc None None] Subscribe: port after_update 55550000, False {{(pid=101976) subscribe /opt/stack/data/venv/lib/python3.12/site-packages/neutron_lib/callbacks/manager.py:52}}
Aug 24 15:54:12.196425 np0000190868 devstack@neutron-api.service[101977]: DEBUG neutron.api.extensions [None req-73e7c9c5-5b57-4e7b-9e63-d68dca4e4fb1 None None] Loading extension file: qos_fip.py {{(pid=101977) _load_all_extensions_from_path /opt/stack/neutron/neutron/api/extensions.py:449}}
Aug 24 15:54:12.196521 np0000190868 devstack@neutron-api.service[101976]: DEBUG neutron_lib.callbacks.manager [None req-af2a552c-2282-4af4-9c82-cf977065cfcc None None] Subscribe: > port precommit_delete 55550000, False {{(pid=101976) subscribe /opt/stack/data/venv/lib/python3.12/site-packages/neutron_lib/callbacks/manager.py:52}}
Aug 24 15:54:12.196521 np0000190868 devstack@neutron-api.service[101976]: DEBUG neutron_lib.callbacks.manager [None req-af2a552c-2282-4af4-9c82-cf977065cfcc None None] Subscribe: port before_update 55550000, False {{(pid=101976) subscribe /opt/stack/data/venv/lib/python3.12/site-packages/neutron_lib/callbacks/manager.py:52}}
Aug 24 15:54:12.199243 np0000190868 devstack@neutron-api.service[101977]: DEBUG neutron.api.extensions [None req-73e7c9c5-5b57-4e7b-9e63-d68dca4e4fb1 None None] Ext name="Floating IP QoS" alias="qos-fip" description="The floating IP Quality of Service extension" updated="2017-07-20T00:00:00-00:00" {{(pid=101977) _check_extension /opt/stack/neutron/neutron/api/extensions.py:415}}
Aug 24 15:54:12.199382 np0000190868 devstack@neutron-api.service[101976]: DEBUG neutron_lib.callbacks.manager [None req-af2a552c-2282-4af4-9c82-cf977065cfcc None None] Subscribe: port before_delete 55550000, False {{(pid=101976) subscribe /opt/stack/data/venv/lib/python3.12/site-packages/neutron_lib/callbacks/manager.py:52}}
Aug 24 15:54:12.199382 np0000190868 devstack@neutron-api.service[101976]: DEBUG neutron_lib.callbacks.manager [None req-af2a552c-2282-4af4-9c82-cf977065cfcc None None] Subscribe: > router precommit_create 55550000, False {{(pid=101976) subscribe /opt/stack/data/venv/lib/python3.12/site-packages/neutron_lib/callbacks/manager.py:52}}
Aug 24 15:54:12.199599 np0000190868 devstack@neutron-api.service[101977]: INFO neutron.api.extensions [None req-73e7c9c5-5b57-4e7b-9e63-d68dca4e4fb1 None None] Extension qos-fip not supported by any of loaded plugins
Aug 24 15:54:12.199738 np0000190868 devstack@neutron-api.service[101976]: DEBUG neutron_lib.callbacks.manager [None req-af2a552c-2282-4af4-9c82-cf977065cfcc None None] Subscribe: > router precommit_create 55550000, False {{(pid=101976) subscribe /opt/stack/data/venv/lib/python3.12/site-packages/neutron_lib/callbacks/manager.py:52}}
Aug 24 15:54:12.200052 np0000190868 devstack@neutron-api.service[101977]: DEBUG neutron.api.extensions [None req-73e7c9c5-5b57-4e7b-9e63-d68dca4e4fb1 None None] Loading extension file: qos_fip_network_policy.py {{(pid=101977) _load_all_extensions_from_path /opt/stack/neutron/neutron/api/extensions.py:449}}
Aug 24 15:54:12.200330 np0000190868 devstack@neutron-api.service[101976]: DEBUG neutron_lib.callbacks.manager [None req-af2a552c-2282-4af4-9c82-cf977065cfcc None None] Subscribe: > router precommit_update 55550000, False {{(pid=101976) subscribe /opt/stack/data/venv/lib/python3.12/site-packages/neutron_lib/callbacks/manager.py:52}}
Aug 24 15:54:12.200330 np0000190868 devstack@neutron-api.service[101976]: DEBUG neutron_lib.callbacks.manager [None req-af2a552c-2282-4af4-9c82-cf977065cfcc None None] Subscribe: subnet after_update 55550000, False {{(pid=101976) subscribe /opt/stack/data/venv/lib/python3.12/site-packages/neutron_lib/callbacks/manager.py:52}}
Aug 24 15:54:12.200442 np0000190868 devstack@neutron-api.service[101977]: DEBUG neutron.api.extensions [None req-73e7c9c5-5b57-4e7b-9e63-d68dca4e4fb1 None None] Ext name="QoS floating IP network policy ID" alias="qos-fip-network-policy" description="Adds a the QoS network ID to the floating IP definition" updated="2021-11-15T10:00:00-00:00" {{(pid=101977) _check_extension /opt/stack/neutron/neutron/api/extensions.py:415}}
Aug 24 15:54:12.200681 np0000190868 devstack@neutron-api.service[101976]: DEBUG neutron.quota.resource_registry [None req-af2a552c-2282-4af4-9c82-cf977065cfcc None None] Tracking information for resource: router configured {{(pid=101976) set_tracked_resource /opt/stack/neutron/neutron/quota/resource_registry.py:203}}
Aug 24 15:54:12.200942 np0000190868 devstack@neutron-api.service[101977]: INFO neutron.api.extensions [None req-73e7c9c5-5b57-4e7b-9e63-d68dca4e4fb1 None None] Extension qos-fip-network-policy not supported by any of loaded plugins
Aug 24 15:54:12.201211 np0000190868 devstack@neutron-api.service[101976]: DEBUG neutron.quota.resource_registry [None req-af2a552c-2282-4af4-9c82-cf977065cfcc None None] Tracking information for resource: floatingip configured {{(pid=101976) set_tracked_resource /opt/stack/neutron/neutron/quota/resource_registry.py:203}}
Aug 24 15:54:12.201466 np0000190868 devstack@neutron-api.service[101977]: DEBUG neutron.api.extensions [None req-73e7c9c5-5b57-4e7b-9e63-d68dca4e4fb1 None None] Loading extension file: qos_gateway_ip.py {{(pid=101977) _load_all_extensions_from_path /opt/stack/neutron/neutron/api/extensions.py:449}}
Aug 24 15:54:12.201784 np0000190868 devstack@neutron-api.service[101976]: INFO neutron.services.ovn_l3.plugin [None req-af2a552c-2282-4af4-9c82-cf977065cfcc None None] Starting OVNL3RouterPlugin
Aug 24 15:54:12.202053 np0000190868 devstack@neutron-api.service[101977]: DEBUG neutron.api.extensions [None req-73e7c9c5-5b57-4e7b-9e63-d68dca4e4fb1 None None] Ext name="Router gateway IP QoS" alias="qos-gateway-ip" description="The Router gateway IP Quality of Service extension" updated="2018-02-24T00:00:00-00:00" {{(pid=101977) _check_extension /opt/stack/neutron/neutron/api/extensions.py:415}}
Aug 24 15:54:12.202337 np0000190868 devstack@neutron-api.service[101976]: DEBUG neutron_lib.callbacks.manager [None req-af2a552c-2282-4af4-9c82-cf977065cfcc None None] Subscribe: > port_forwarding_plugin after_init 55550000, False {{(pid=101976) subscribe /opt/stack/data/venv/lib/python3.12/site-packages/neutron_lib/callbacks/manager.py:52}}
Aug 24 15:54:12.202626 np0000190868 devstack@neutron-api.service[101977]: INFO neutron.api.extensions [None req-73e7c9c5-5b57-4e7b-9e63-d68dca4e4fb1 None None] Extension qos-gateway-ip not supported by any of loaded plugins
Aug 24 15:54:12.202933 np0000190868 devstack@neutron-api.service[101976]: DEBUG neutron_lib.callbacks.manager [None req-af2a552c-2282-4af4-9c82-cf977065cfcc None None] Subscribe: > router before_create 55550100, False {{(pid=101976) subscribe /opt/stack/data/venv/lib/python3.12/site-packages/neutron_lib/callbacks/manager.py:52}}
Aug 24 15:54:12.203270 np0000190868 devstack@neutron-api.service[101977]: DEBUG neutron.api.extensions [None req-73e7c9c5-5b57-4e7b-9e63-d68dca4e4fb1 None None] Loading extension file: qos_port_network_policy.py {{(pid=101977) _load_all_extensions_from_path /opt/stack/neutron/neutron/api/extensions.py:449}}
Aug 24 15:54:12.203551 np0000190868 devstack@neutron-api.service[101976]: DEBUG neutron_lib.callbacks.manager [None req-af2a552c-2282-4af4-9c82-cf977065cfcc None None] Subscribe: > router precommit_delete 55550100, False {{(pid=101976) subscribe /opt/stack/data/venv/lib/python3.12/site-packages/neutron_lib/callbacks/manager.py:52}}
Aug 24 15:54:12.203551 np0000190868 devstack@neutron-api.service[101976]: DEBUG neutron_lib.callbacks.manager [None req-af2a552c-2282-4af4-9c82-cf977065cfcc None None] Subscribe: > router precommit_create 55550100, False {{(pid=101976) subscribe /opt/stack/data/venv/lib/python3.12/site-packages/neutron_lib/callbacks/manager.py:52}}
Aug 24 15:54:12.203778 np0000190868 devstack@neutron-api.service[101977]: DEBUG neutron.api.extensions [None req-73e7c9c5-5b57-4e7b-9e63-d68dca4e4fb1 None None] Ext name="QoS port network policy ID" alias="qos-port-network-policy" description="Adds a the QoS network ID to the port definition" updated="2019-11-01T10:00:00-00:00" {{(pid=101977) _check_extension /opt/stack/neutron/neutron/api/extensions.py:415}}
Aug 24 15:54:12.203899 np0000190868 devstack@neutron-api.service[101976]: DEBUG neutron_lib.callbacks.manager [None req-af2a552c-2282-4af4-9c82-cf977065cfcc None None] Subscribe: > router precommit_update 55550100, False {{(pid=101976) subscribe /opt/stack/data/venv/lib/python3.12/site-packages/neutron_lib/callbacks/manager.py:52}}
Aug 24 15:54:12.204014 np0000190868 devstack@neutron-api.service[101977]: INFO neutron.api.extensions [None req-73e7c9c5-5b57-4e7b-9e63-d68dca4e4fb1 None None] Extension qos-port-network-policy not supported by any of loaded plugins
Aug 24 15:54:12.204014 np0000190868 devstack@neutron-api.service[101977]: DEBUG neutron.api.extensions [None req-73e7c9c5-5b57-4e7b-9e63-d68dca4e4fb1 None None] Loading extension file: qos_pps_minimum_rule.py {{(pid=101977) _load_all_extensions_from_path /opt/stack/neutron/neutron/api/extensions.py:449}}
Aug 24 15:54:12.204014 np0000190868 devstack@neutron-api.service[101977]: DEBUG neutron.api.extensions [None req-73e7c9c5-5b57-4e7b-9e63-d68dca4e4fb1 None None] Ext name="QoS minimum packet rate rule" alias="qos-pps-minimum" description="Allow to configure QoS minimum packet rate rule." updated="2021-07-14T10:00:00-00:00" {{(pid=101977) _check_extension /opt/stack/neutron/neutron/api/extensions.py:415}}
Aug 24 15:54:12.204014 np0000190868 devstack@neutron-api.service[101977]: INFO neutron.api.extensions [None req-73e7c9c5-5b57-4e7b-9e63-d68dca4e4fb1 None None] Extension qos-pps-minimum not supported by any of loaded plugins
Aug 24 15:54:12.204014 np0000190868 devstack@neutron-api.service[101977]: DEBUG neutron.api.extensions [None req-73e7c9c5-5b57-4e7b-9e63-d68dca4e4fb1 None None] Loading extension file: qos_pps_minimum_rule_alias.py {{(pid=101977) _load_all_extensions_from_path /opt/stack/neutron/neutron/api/extensions.py:449}}
Aug 24 15:54:12.204014 np0000190868 devstack@neutron-api.service[101977]: DEBUG neutron.api.extensions [None req-73e7c9c5-5b57-4e7b-9e63-d68dca4e4fb1 None None] Ext name="QoS minimum packet rate rule alias" alias="qos-pps-minimum-rule-alias" description="API to enable GET, PUT and DELETE operations on QoS minimum packet rate rule without specifying policy ID" updated="2021-10-22T10:00:00-00:00" {{(pid=101977) _check_extension /opt/stack/neutron/neutron/api/extensions.py:415}}
Aug 24 15:54:12.204014 np0000190868 devstack@neutron-api.service[101977]: INFO neutron.api.extensions [None req-73e7c9c5-5b57-4e7b-9e63-d68dca4e4fb1 None None] Extension qos-pps-minimum-rule-alias not supported by any of loaded plugins
Aug 24 15:54:12.204326 np0000190868 devstack@neutron-api.service[101977]: DEBUG neutron.api.extensions [None req-73e7c9c5-5b57-4e7b-9e63-d68dca4e4fb1 None None] Loading extension file: qos_pps_rule.py {{(pid=101977) _load_all_extensions_from_path /opt/stack/neutron/neutron/api/extensions.py:449}}
Aug 24 15:54:12.204326 np0000190868 devstack@neutron-api.service[101977]: DEBUG neutron.api.extensions [None req-73e7c9c5-5b57-4e7b-9e63-d68dca4e4fb1 None None] Ext name="QoS Rule Type Packet per Second Extension" alias="qos-pps" description="Add QoS Rule Type Packet per Second" updated="2021-05-12T10:00:00-00:00" {{(pid=101977) _check_extension /opt/stack/neutron/neutron/api/extensions.py:415}}
Aug 24 15:54:12.204326 np0000190868 devstack@neutron-api.service[101977]: INFO neutron.api.extensions [None req-73e7c9c5-5b57-4e7b-9e63-d68dca4e4fb1 None None] Extension qos-pps not supported by any of loaded plugins
Aug 24 15:54:12.204326 np0000190868 devstack@neutron-api.service[101977]: DEBUG neutron.api.extensions [None req-73e7c9c5-5b57-4e7b-9e63-d68dca4e4fb1 None None] Loading extension file: qos_rule_type_details.py {{(pid=101977) _load_all_extensions_from_path /opt/stack/neutron/neutron/api/extensions.py:449}}
Aug 24 15:54:12.204326 np0000190868 devstack@neutron-api.service[101977]: DEBUG neutron.api.extensions [None req-73e7c9c5-5b57-4e7b-9e63-d68dca4e4fb1 None None] Ext name="Details of QoS rule types" alias="qos-rule-type-details" description="Expose details about QoS rule types supported by loaded backend drivers" updated="2017-06-22T10:00:00-00:00" {{(pid=101977) _check_extension /opt/stack/neutron/neutron/api/extensions.py:415}}
Aug 24 15:54:12.204326 np0000190868 devstack@neutron-api.service[101977]: INFO neutron.api.extensions [None req-73e7c9c5-5b57-4e7b-9e63-d68dca4e4fb1 None None] Extension qos-rule-type-details not supported by any of loaded plugins
Aug 24 15:54:12.204326 np0000190868 devstack@neutron-api.service[101977]: DEBUG neutron.api.extensions [None req-73e7c9c5-5b57-4e7b-9e63-d68dca4e4fb1 None None] Loading extension file: qos_rule_type_filter.py {{(pid=101977) _load_all_extensions_from_path /opt/stack/neutron/neutron/api/extensions.py:449}}
Aug 24 15:54:12.204629 np0000190868 devstack@neutron-api.service[101977]: DEBUG neutron.api.extensions [None req-73e7c9c5-5b57-4e7b-9e63-d68dca4e4fb1 None None] Ext name="Allow to filter the list of QoS rule types" alias="qos-rule-type-filter" description="Allows to filter the QoS rule type list adding two new flags. "all_rules" prints all implemented QoS rule types."all_supported" prints all supported QoS rule types by the loaded mechanism drivers" updated="2022-02-02T10:00:00-00:00" {{(pid=101977) _check_extension /opt/stack/neutron/neutron/api/extensions.py:415}}
Aug 24 15:54:12.204629 np0000190868 devstack@neutron-api.service[101977]: INFO neutron.api.extensions [None req-73e7c9c5-5b57-4e7b-9e63-d68dca4e4fb1 None None] Extension qos-rule-type-filter not supported by any of loaded plugins
Aug 24 15:54:12.204629 np0000190868 devstack@neutron-api.service[101977]: DEBUG neutron.api.extensions [None req-73e7c9c5-5b57-4e7b-9e63-d68dca4e4fb1 None None] Loading extension file: qos_rules_alias.py {{(pid=101977) _load_all_extensions_from_path /opt/stack/neutron/neutron/api/extensions.py:449}}
Aug 24 15:54:12.204629 np0000190868 devstack@neutron-api.service[101977]: DEBUG neutron.api.extensions [None req-73e7c9c5-5b57-4e7b-9e63-d68dca4e4fb1 None None] Ext name="Quality of Service rules alias API" alias="qos-rules-alias" description="API to enable GET, PUT and DELETE operations on QoS policy rules without specifying policy ID" updated="2018-10-07T10:00:00-00:00" {{(pid=101977) _check_extension /opt/stack/neutron/neutron/api/extensions.py:415}}
Aug 24 15:54:12.204629 np0000190868 devstack@neutron-api.service[101977]: INFO neutron.api.extensions [None req-73e7c9c5-5b57-4e7b-9e63-d68dca4e4fb1 None None] Extension qos-rules-alias not supported by any of loaded plugins
Aug 24 15:54:12.204629 np0000190868 devstack@neutron-api.service[101977]: DEBUG neutron.api.extensions [None req-73e7c9c5-5b57-4e7b-9e63-d68dca4e4fb1 None None] Loading extension file: quota_check_limit.py {{(pid=101977) _load_all_extensions_from_path /opt/stack/neutron/neutron/api/extensions.py:449}}
Aug 24 15:54:12.204909 np0000190868 devstack@neutron-api.service[101977]: DEBUG neutron.api.extensions [None req-73e7c9c5-5b57-4e7b-9e63-d68dca4e4fb1 None None] Ext name="Quota engine limit check" alias="quota-check-limit" description="Support for checking the resource usage before applying a new quota limit" updated="2021-09-08T16:00:00-00:00" {{(pid=101977) _check_extension /opt/stack/neutron/neutron/api/extensions.py:415}}
Aug 24 15:54:12.204909 np0000190868 devstack@neutron-api.service[101977]: INFO neutron.api.extensions [None req-73e7c9c5-5b57-4e7b-9e63-d68dca4e4fb1 None None] Loaded extension: quota-check-limit
