2026-05-20 03:01:57.526 8 INFO neutron.plugins.ml2.drivers.ovn.mech_driver.mech_driver [None req-eb992547-d3c5-4ce5-b536-bbe8ea86dcb4 - - - - - -] OVN reports status down for port: 69d6b8b7-f9c7-4641-8332-c58c63c14ab2
2026-05-20 03:01:57.537 7 INFO neutron.db.ovn_revision_numbers_db [None req-09f1c58f-9c55-44bd-937e-99e2cb60f35f b1d59a7d4d8046e382f1b7142172841f 753191dacbb64051947768c3bc5c6640 - - default default] Successfully bumped revision number for resource 71f2b911-a682-476e-beaf-73f174bec020 (type: security_group_rules) to 0
2026-05-20 03:01:57.549 7 INFO neutron.db.ovn_revision_numbers_db [None req-09f1c58f-9c55-44bd-937e-99e2cb60f35f b1d59a7d4d8046e382f1b7142172841f 753191dacbb64051947768c3bc5c6640 - - default default] Successfully bumped revision number for resource e7a92528-2739-485e-8cf6-87586758832f (type: security_group_rules) to 0 [pid: 7|app: 0|req: 1103/2146] 10.0.0.100 () {32 vars in 774 bytes} [Wed May 20 03:01:57 2026] GET /v2.0/security-groups?tenant_id=5b609d9be6bd471594877aa3faa9afd7&name=default => generated 2925 bytes in 296 msecs (HTTP/1.1 200) 4 headers in 158 bytes (1 switches on core 0)
2026-05-20 03:01:57.581 8 INFO neutron.db.ovn_revision_numbers_db [None req-00ec99e4-55cc-4bf8-99a7-eed7c1ea48e0 7c5c0f5a8cfc4e33825bc0bd35fa0c9b 6cb4d8bb5fc34298af473462bd92dfba - - default default] Successfully bumped revision number for resource 69d6b8b7-f9c7-4641-8332-c58c63c14ab2 (type: ports) to 1 [pid: 8|app: 0|req: 1044/2147] 10.0.0.100 () {34 vars in 664 bytes} [Wed May 20 03:01:57 2026] POST /v2.0/ports => generated 743 bytes in 392 msecs (HTTP/1.1 201) 4 headers in 162 bytes (1 switches on core 0) /var/lib/openstack/lib/python3.12/site-packages/pycadf/identifier.py:70: UserWarning: Invalid uuid: neutron. To ensure interoperability, identifiers should be a valid uuid. warnings.warn(('Invalid uuid: %s. To ensure interoperability, ' [pid: 7|app: 0|req: 1104/2148] 10.0.0.100 () {32 vars in 740 bytes} [Wed May 20 03:01:57 2026] DELETE /v2.0/security-groups/aace2fd9-1e16-4b3a-bc16-78daaf94e8c4 => generated 0 bytes in 212 msecs (HTTP/1.1 204) 2 headers in 112 bytes (1 switches on core 0) [pid: 7|app: 0|req: 1105/2149] 10.0.0.3 () {32 vars in 800 bytes} [Wed May 20 03:01:57 2026] GET /v2.0/extensions => generated 20541 bytes in 4 msecs (HTTP/1.1 200) 4 headers in 159 bytes (1 switches on core 0) [pid: 8|app: 0|req: 1045/2150] 10.0.0.100 () {34 vars in 666 bytes} [Wed May 20 03:01:57 2026] POST /v2.0/trunks => generated 409 bytes in 152 msecs (HTTP/1.1 201) 4 headers in 162 bytes (1 switches on core 0)
2026-05-20 03:01:57.898 7 INFO neutron.db.segments_db [None req-258e242e-8034-442d-8780-590d0705168b 7c5c0f5a8cfc4e33825bc0bd35fa0c9b 6cb4d8bb5fc34298af473462bd92dfba - - default default] Added segment 41f06926-9156-4ff1-819c-af12390c9320 of type geneve for network 466bb8b9-422d-4c55-97b8-f03e53e3e39b
2026-05-20 03:01:57.990 7 INFO neutron.db.ovn_revision_numbers_db [None req-258e242e-8034-442d-8780-590d0705168b 7c5c0f5a8cfc4e33825bc0bd35fa0c9b 6cb4d8bb5fc34298af473462bd92dfba - - default default] Successfully bumped revision number for resource 466bb8b9-422d-4c55-97b8-f03e53e3e39b (type: networks) to 1 [pid: 8|app: 0|req: 1046/2151] 10.0.0.3 () {30 vars in 722 bytes} [Wed May 20 03:01:57 2026] GET /v2.0/quotas/7ec77152475a41f18214a830ced271cb/details => generated 847 bytes in 109 msecs (HTTP/1.1 200) 4 headers in 157 bytes (1 switches on core 0)
2026-05-20 03:01:58.158 8 INFO neutron.db.ovn_revision_numbers_db [None req-da526a59-0462-4961-86c6-cc82fe24f77f b1d59a7d4d8046e382f1b7142172841f 753191dacbb64051947768c3bc5c6640 - - default default] Successfully bumped revision number for resource b0975fed-ec7d-4496-b5e9-003df20e8611 (type: security_groups) to 1
2026-05-20 03:01:58.158 7 WARNING neutron.scheduler.dhcp_agent_scheduler [None req-258e242e-8034-442d-8780-590d0705168b 7c5c0f5a8cfc4e33825bc0bd35fa0c9b 6cb4d8bb5fc34298af473462bd92dfba - - default default] No more DHCP agents
2026-05-20 03:01:58.160 7 WARNING neutron.api.rpc.agentnotifiers.dhcp_rpc_agent_api [None req-258e242e-8034-442d-8780-590d0705168b 7c5c0f5a8cfc4e33825bc0bd35fa0c9b 6cb4d8bb5fc34298af473462bd92dfba - - default default] Unable to schedule network 466bb8b9-422d-4c55-97b8-f03e53e3e39b: no agents available; will retry on subsequent port and subnet creation events.
2026-05-20 03:01:58.172 8 INFO neutron.db.ovn_revision_numbers_db [None req-da526a59-0462-4961-86c6-cc82fe24f77f b1d59a7d4d8046e382f1b7142172841f 753191dacbb64051947768c3bc5c6640 - - default default] Successfully bumped revision number for resource 5bdc0e2e-c3b6-4973-9354-f28cb7c77053 (type: security_group_rules) to 0
2026-05-20 03:01:58.183 8 INFO neutron.db.ovn_revision_numbers_db [None req-da526a59-0462-4961-86c6-cc82fe24f77f b1d59a7d4d8046e382f1b7142172841f 753191dacbb64051947768c3bc5c6640 - - default default] Successfully bumped revision number for resource 63a2ad3c-2349-4938-8fbf-1d520ae11537 (type: security_group_rules) to 0
2026-05-20 03:01:58.200 8 INFO neutron.plugins.ml2.drivers.ovn.mech_driver.mech_driver [None req-eb992547-d3c5-4ce5-b536-bbe8ea86dcb4 - - - - - -] OVN reports status down for port: aa0bdc78-9c61-4b28-b052-cea64ad5baa4
2026-05-20 03:01:58.217 8 INFO neutron.db.ovn_revision_numbers_db [None req-da526a59-0462-4961-86c6-cc82fe24f77f b1d59a7d4d8046e382f1b7142172841f 753191dacbb64051947768c3bc5c6640 - - default default] Successfully bumped revision number for resource 864f3d80-f05f-4cf5-b0c2-0551ac7da0f0 (type: security_group_rules) to 0
2026-05-20 03:01:58.229 7 INFO neutron.db.ovn_revision_numbers_db [None req-258e242e-8034-442d-8780-590d0705168b 7c5c0f5a8cfc4e33825bc0bd35fa0c9b 6cb4d8bb5fc34298af473462bd92dfba - - default default] Successfully bumped revision number for resource aa0bdc78-9c61-4b28-b052-cea64ad5baa4 (type: ports) to 1
2026-05-20 03:01:58.238 8 INFO neutron.db.ovn_revision_numbers_db [None req-da526a59-0462-4961-86c6-cc82fe24f77f b1d59a7d4d8046e382f1b7142172841f 753191dacbb64051947768c3bc5c6640 - - default default] Successfully bumped revision number for resource bc3dd1ed-22dc-44b6-86c5-b7d047f24703 (type: security_group_rules) to 0 [pid: 7|app: 0|req: 1106/2152] 10.0.0.100 () {34 vars in 670 bytes} [Wed May 20 03:01:57 2026] POST /v2.0/networks => generated 650 bytes in 439 msecs (HTTP/1.1 201) 4 headers in 162 bytes (1 switches on core 0) [pid: 8|app: 0|req: 1047/2153] 10.0.0.100 () {32 vars in 774 bytes} [Wed May 20 03:01:58 2026] GET /v2.0/security-groups?tenant_id=5580b5157b394ef384e0f3494dee6455&name=default => generated 2925 bytes in 274 msecs (HTTP/1.1 200) 4 headers in 158 bytes (1 switches on core 0)
2026-05-20 03:01:58.493 7 WARNING neutron.scheduler.dhcp_agent_scheduler [None req-92676782-35da-4f5e-bd8a-409434df061d 7c5c0f5a8cfc4e33825bc0bd35fa0c9b 6cb4d8bb5fc34298af473462bd92dfba - - default default] No more DHCP agents
2026-05-20 03:01:58.494 7 WARNING neutron.api.rpc.agentnotifiers.dhcp_rpc_agent_api [None req-92676782-35da-4f5e-bd8a-409434df061d 7c5c0f5a8cfc4e33825bc0bd35fa0c9b 6cb4d8bb5fc34298af473462bd92dfba - - default default] Unable to schedule network 466bb8b9-422d-4c55-97b8-f03e53e3e39b: no agents available; will retry on subsequent port and subnet creation events. [pid: 8|app: 0|req: 1048/2154] 10.0.0.100 () {32 vars in 740 bytes} [Wed May 20 03:01:58 2026] DELETE /v2.0/security-groups/b0975fed-ec7d-4496-b5e9-003df20e8611 => generated 0 bytes in 194 msecs (HTTP/1.1 204) 2 headers in 112 bytes (1 switches on core 0)
2026-05-20 03:01:58.537 8 INFO neutron.plugins.ml2.drivers.ovn.mech_driver.mech_driver [None req-eb992547-d3c5-4ce5-b536-bbe8ea86dcb4 - - - - - -] OVN reports status down for port: 720d31ec-68ed-49c0-ba10-4eed821d4846
2026-05-20 03:01:58.568 7 INFO neutron.db.ovn_revision_numbers_db [None req-92676782-35da-4f5e-bd8a-409434df061d 7c5c0f5a8cfc4e33825bc0bd35fa0c9b 6cb4d8bb5fc34298af473462bd92dfba - - default default] Successfully bumped revision number for resource 720d31ec-68ed-49c0-ba10-4eed821d4846 (type: ports) to 1 [pid: 7|app: 0|req: 1107/2155] 10.0.0.100 () {34 vars in 664 bytes} [Wed May 20 03:01:58 2026] POST /v2.0/ports => generated 743 bytes in 354 msecs (HTTP/1.1 201) 4 headers in 162 bytes (1 switches on core 0) /var/lib/openstack/lib/python3.12/site-packages/pycadf/identifier.py:70: UserWarning: Invalid uuid: neutron. To ensure interoperability, identifiers should be a valid uuid. warnings.warn(('Invalid uuid: %s. To ensure interoperability, '
2026-05-20 03:01:58.761 7 INFO neutron.db.ovn_revision_numbers_db [None req-178df404-4798-40b7-a3a5-485c07c1f1bf b1d59a7d4d8046e382f1b7142172841f 753191dacbb64051947768c3bc5c6640 - - default default] Successfully bumped revision number for resource fc4aca4e-82a1-47c9-be8c-b9232bf9132e (type: security_groups) to 1
2026-05-20 03:01:58.775 7 INFO neutron.db.ovn_revision_numbers_db [None req-178df404-4798-40b7-a3a5-485c07c1f1bf b1d59a7d4d8046e382f1b7142172841f 753191dacbb64051947768c3bc5c6640 - - default default] Successfully bumped revision number for resource 299ce7e2-d521-4172-a031-15280280d2a3 (type: security_group_rules) to 0
2026-05-20 03:01:58.788 7 INFO neutron.db.ovn_revision_numbers_db [None req-178df404-4798-40b7-a3a5-485c07c1f1bf b1d59a7d4d8046e382f1b7142172841f 753191dacbb64051947768c3bc5c6640 - - default default] Successfully bumped revision number for resource 814521d1-7893-4279-9d30-fd28e1c69ae7 (type: security_group_rules) to 0 [pid: 8|app: 0|req: 1049/2156] 10.0.0.100 () {34 vars in 666 bytes} [Wed May 20 03:01:58 2026] POST /v2.0/trunks => generated 409 bytes in 182 msecs (HTTP/1.1 201) 4 headers in 162 bytes (1 switches on core 0)
2026-05-20 03:01:58.806 7 INFO neutron.db.ovn_revision_numbers_db [None req-178df404-4798-40b7-a3a5-485c07c1f1bf b1d59a7d4d8046e382f1b7142172841f 753191dacbb64051947768c3bc5c6640 - - default default] Successfully bumped revision number for resource 858335d4-e5df-491c-bee6-08fdf56eb6ff (type: security_group_rules) to 0
2026-05-20 03:01:58.819 7 INFO neutron.db.ovn_revision_numbers_db [None req-178df404-4798-40b7-a3a5-485c07c1f1bf b1d59a7d4d8046e382f1b7142172841f 753191dacbb64051947768c3bc5c6640 - - default default] Successfully bumped revision number for resource f27b0dd7-abef-473c-8fae-595de8b7b003 (type: security_group_rules) to 0 [pid: 7|app: 0|req: 1108/2157] 10.0.0.100 () {32 vars in 774 bytes} [Wed May 20 03:01:58 2026] GET /v2.0/security-groups?tenant_id=fba48d81731643c2a2b335a629fe0953&name=default => generated 2925 bytes in 211 msecs (HTTP/1.1 200) 4 headers in 158 bytes (1 switches on core 0)
2026-05-20 03:01:58.946 7 INFO neutron.db.segments_db [None req-7a6a28db-001c-4f07-b8ef-dcc378b5d7c1 7c5c0f5a8cfc4e33825bc0bd35fa0c9b 6cb4d8bb5fc34298af473462bd92dfba - - default default] Added segment 063e806c-26d2-4694-a609-69a7eb397c71 of type geneve for network 6f04010d-88b3-49c4-b2a3-7ffb7b630009
2026-05-20 03:01:59.046 7 INFO neutron.db.ovn_revision_numbers_db [None req-7a6a28db-001c-4f07-b8ef-dcc378b5d7c1 7c5c0f5a8cfc4e33825bc0bd35fa0c9b 6cb4d8bb5fc34298af473462bd92dfba - - default default] Successfully bumped revision number for resource 6f04010d-88b3-49c4-b2a3-7ffb7b630009 (type: networks) to 1
2026-05-20 03:01:59.056 8 INFO neutron.db.ovn_revision_numbers_db [None req-d44e010b-eaa8-44bd-aa69-1d49eb7d854f b1d59a7d4d8046e382f1b7142172841f 753191dacbb64051947768c3bc5c6640 - - default default] Successfully bumped revision number for resource 3f283d2d-4327-45b0-bb7e-fb8fa605d967 (type: security_groups) to 1
2026-05-20 03:01:59.069 8 INFO neutron.db.ovn_revision_numbers_db [None req-d44e010b-eaa8-44bd-aa69-1d49eb7d854f b1d59a7d4d8046e382f1b7142172841f 753191dacbb64051947768c3bc5c6640 - - default default] Successfully bumped revision number for resource 3cbd6364-f0aa-4c9f-a26d-5e2af8828721 (type: security_group_rules) to 0
2026-05-20 03:01:59.082 8 INFO neutron.db.ovn_revision_numbers_db [None req-d44e010b-eaa8-44bd-aa69-1d49eb7d854f b1d59a7d4d8046e382f1b7142172841f 753191dacbb64051947768c3bc5c6640 - - default default] Successfully bumped revision number for resource c5327c69-7d71-4ba9-8b47-a7131f2aac11 (type: security_group_rules) to 0
2026-05-20 03:01:59.094 8 INFO neutron.db.ovn_revision_numbers_db [None req-d44e010b-eaa8-44bd-aa69-1d49eb7d854f b1d59a7d4d8046e382f1b7142172841f 753191dacbb64051947768c3bc5c6640 - - default default] Successfully bumped revision number for resource cb9cf66b-6d3b-4e94-805e-fb1108eb2d35 (type: security_group_rules) to 0
2026-05-20 03:01:59.106 8 INFO neutron.db.ovn_revision_numbers_db [None req-d44e010b-eaa8-44bd-aa69-1d49eb7d854f b1d59a7d4d8046e382f1b7142172841f 753191dacbb64051947768c3bc5c6640 - - default default] Successfully bumped revision number for resource d84300a5-0a6d-4151-a4b2-bfb8ae918db5 (type: security_group_rules) to 0 [pid: 8|app: 0|req: 1050/2158] 10.0.0.100 () {32 vars in 774 bytes} [Wed May 20 03:01:58 2026] GET /v2.0/security-groups?tenant_id=727fafcc314f4e52966aedeb2bc0d187&name=default => generated 2925 bytes in 351 msecs (HTTP/1.1 200) 4 headers in 158 bytes (1 switches on core 0)
2026-05-20 03:01:59.202 7 WARNING neutron.scheduler.dhcp_agent_scheduler [None req-7a6a28db-001c-4f07-b8ef-dcc378b5d7c1 7c5c0f5a8cfc4e33825bc0bd35fa0c9b 6cb4d8bb5fc34298af473462bd92dfba - - default default] No more DHCP agents
2026-05-20 03:01:59.203 7 WARNING neutron.api.rpc.agentnotifiers.dhcp_rpc_agent_api [None req-7a6a28db-001c-4f07-b8ef-dcc378b5d7c1 7c5c0f5a8cfc4e33825bc0bd35fa0c9b 6cb4d8bb5fc34298af473462bd92dfba - - default default] Unable to schedule network 6f04010d-88b3-49c4-b2a3-7ffb7b630009: no agents available; will retry on subsequent port and subnet creation events.
2026-05-20 03:01:59.249 8 INFO neutron.plugins.ml2.drivers.ovn.mech_driver.mech_driver [None req-eb992547-d3c5-4ce5-b536-bbe8ea86dcb4 - - - - - -] OVN reports status down for port: 11107bba-a76c-4811-9528-d7d944789d27
2026-05-20 03:01:59.277 7 INFO neutron.db.ovn_revision_numbers_db [None req-7a6a28db-001c-4f07-b8ef-dcc378b5d7c1 7c5c0f5a8cfc4e33825bc0bd35fa0c9b 6cb4d8bb5fc34298af473462bd92dfba - - default default] Successfully bumped revision number for resource 11107bba-a76c-4811-9528-d7d944789d27 (type: ports) to 1 [pid: 7|app: 0|req: 1109/2159] 10.0.0.100 () {34 vars in 670 bytes} [Wed May 20 03:01:58 2026] POST /v2.0/networks => generated 651 bytes in 452 msecs (HTTP/1.1 201) 4 headers in 162 bytes (1 switches on core 0) [pid: 8|app: 0|req: 1051/2160] 10.0.0.100 () {32 vars in 740 bytes} [Wed May 20 03:01:59 2026] DELETE /v2.0/security-groups/fc4aca4e-82a1-47c9-be8c-b9232bf9132e => generated 0 bytes in 260 msecs (HTTP/1.1 204) 2 headers in 112 bytes (1 switches on core 0) [pid: 7|app: 0|req: 1110/2161] 10.0.0.100 () {32 vars in 740 bytes} [Wed May 20 03:01:59 2026] DELETE /v2.0/security-groups/3f283d2d-4327-45b0-bb7e-fb8fa605d967 => generated 0 bytes in 197 msecs (HTTP/1.1 204) 2 headers in 112 bytes (1 switches on core 0)
2026-05-20 03:01:59.657 8 WARNING neutron.scheduler.dhcp_agent_scheduler [None req-caa11ce9-1d5d-43ef-a1cc-1234905e2857 7c5c0f5a8cfc4e33825bc0bd35fa0c9b 6cb4d8bb5fc34298af473462bd92dfba - - default default] No more DHCP agents
2026-05-20 03:01:59.658 8 WARNING neutron.api.rpc.agentnotifiers.dhcp_rpc_agent_api [None req-caa11ce9-1d5d-43ef-a1cc-1234905e2857 7c5c0f5a8cfc4e33825bc0bd35fa0c9b 6cb4d8bb5fc34298af473462bd92dfba - - default default] Unable to schedule network 6f04010d-88b3-49c4-b2a3-7ffb7b630009: no agents available; will retry on subsequent port and subnet creation events.
2026-05-20 03:01:59.712 7 INFO neutron.plugins.ml2.drivers.ovn.mech_driver.mech_driver [None req-6718bcd5-fd97-4995-9c07-baf0d8cf6e45 - - - - - -] OVN reports status down for port: 0769c408-ac08-42da-90b6-bbd81613338c
2026-05-20 03:01:59.742 8 INFO neutron.db.ovn_revision_numbers_db [None req-caa11ce9-1d5d-43ef-a1cc-1234905e2857 7c5c0f5a8cfc4e33825bc0bd35fa0c9b 6cb4d8bb5fc34298af473462bd92dfba - - default default] Successfully bumped revision number for resource 0769c408-ac08-42da-90b6-bbd81613338c (type: ports) to 1 [pid: 8|app: 0|req: 1052/2162] 10.0.0.100 () {34 vars in 664 bytes} [Wed May 20 03:01:59 2026] POST /v2.0/ports => generated 743 bytes in 394 msecs (HTTP/1.1 201) 4 headers in 162 bytes (1 switches on core 0) [pid: 7|app: 0|req: 1111/2163] 10.0.0.100 () {34 vars in 666 bytes} [Wed May 20 03:01:59 2026] POST /v2.0/trunks => generated 409 bytes in 268 msecs (HTTP/1.1 201) 4 headers in 162 bytes (1 switches on core 0) /var/lib/openstack/lib/python3.12/site-packages/pycadf/identifier.py:70: UserWarning: Invalid uuid: neutron. To ensure interoperability, identifiers should be a valid uuid. warnings.warn(('Invalid uuid: %s. To ensure interoperability, ' [pid: 8|app: 0|req: 1053/2164] 10.0.0.100 () {34 vars in 749 bytes} [Wed May 20 03:02:00 2026] PUT /v2.0/trunks/bedad30e-e990-424c-a1df-cda602dbe989/tags => generated 17 bytes in 40 msecs (HTTP/1.1 200) 4 headers in 156 bytes (1 switches on core 0) [pid: 7|app: 0|req: 1112/2165] 10.0.0.100 () {34 vars in 749 bytes} [Wed May 20 03:02:00 2026] PUT /v2.0/trunks/43ba1d30-ad1c-445a-ae42-9e5c05d43455/tags => generated 25 bytes in 37 msecs (HTTP/1.1 200) 4 headers in 156 bytes (1 switches on core 0) [pid: 8|app: 0|req: 1054/2166] 10.0.0.100 () {34 vars in 749 bytes} [Wed May 20 03:02:00 2026] PUT /v2.0/trunks/137dd3a9-4f40-40a5-83ac-4565eaf83f9f/tags => generated 34 bytes in 34 msecs (HTTP/1.1 200) 4 headers in 156 bytes (1 switches on core 0) [pid: 7|app: 0|req: 1113/2167] 10.0.0.100 () {34 vars in 749 bytes} [Wed May 20 03:02:00 2026] PUT /v2.0/trunks/4f377880-97e7-42d7-9a56-8d2654b37c7b/tags => generated 19 bytes in 50 msecs (HTTP/1.1 200) 4 headers in 156 bytes (1 switches on core 0) [pid: 8|app: 0|req: 1055/2168] 10.0.0.100 () {32 vars in 662 bytes} [Wed May 20 03:02:00 2026] GET /v2.0/trunks?tags=red => generated 1252 bytes in 25 msecs (HTTP/1.1 200) 4 headers in 158 bytes (1 switches on core 0) [pid: 7|app: 0|req: 1114/2169] 10.0.0.100 () {32 vars in 676 bytes} [Wed May 20 03:02:00 2026] GET /v2.0/trunks?tags=red%2Cblue => generated 847 bytes in 27 msecs (HTTP/1.1 200) 4 headers in 157 bytes (1 switches on core 0) [pid: 8|app: 0|req: 1056/2170] 10.0.0.100 () {32 vars in 672 bytes} [Wed May 20 03:02:00 2026] GET /v2.0/trunks?tags-any=blue => generated 847 bytes in 22 msecs (HTTP/1.1 200) 4 headers in 157 bytes (1 switches on core 0) [pid: 7|app: 0|req: 1115/2171] 10.0.0.100 () {32 vars in 684 bytes} [Wed May 20 03:02:00 2026] GET /v2.0/trunks?tags-any=red%2Cblue => generated 1252 bytes in 20 msecs (HTTP/1.1 200) 4 headers in 158 bytes (1 switches on core 0) [pid: 8|app: 0|req: 1057/2172] 10.0.0.100 () {32 vars in 670 bytes} [Wed May 20 03:02:00 2026] GET /v2.0/trunks?not-tags=red => generated 819 bytes in 24 msecs (HTTP/1.1 200) 4 headers in 157 bytes (1 switches on core 0) [pid: 7|app: 0|req: 1116/2173] 10.0.0.100 () {32 vars in 684 bytes} [Wed May 20 03:02:00 2026] GET /v2.0/trunks?not-tags=red%2Cblue => generated 1224 bytes in 24 msecs (HTTP/1.1 200) 4 headers in 158 bytes (1 switches on core 0) [pid: 8|app: 0|req: 1058/2174] 10.0.0.100 () {32 vars in 680 bytes} [Wed May 20 03:02:00 2026] GET /v2.0/trunks?not-tags-any=blue => generated 1224 bytes in 21 msecs (HTTP/1.1 200) 4 headers in 158 bytes (1 switches on core 0) [pid: 7|app: 0|req: 1117/2175] 10.0.0.100 () {32 vars in 692 bytes} [Wed May 20 03:02:00 2026] GET /v2.0/trunks?not-tags-any=red%2Cblue => generated 819 bytes in 19 msecs (HTTP/1.1 200) 4 headers in 157 bytes (1 switches on core 0) [pid: 8|app: 0|req: 1059/2176] 10.0.0.100 () {32 vars in 719 bytes} [Wed May 20 03:02:00 2026] GET /v2.0/trunks/bedad30e-e990-424c-a1df-cda602dbe989 => generated 414 bytes in 18 msecs (HTTP/1.1 200) 4 headers in 157 bytes (1 switches on core 0) [pid: 7|app: 0|req: 1118/2177] 10.0.0.100 () {32 vars in 717 bytes} [Wed May 20 03:02:00 2026] GET /v2.0/ports/391947f8-605d-4859-9995-06fd963f8826 => generated 826 bytes in 89 msecs (HTTP/1.1 200) 4 headers in 157 bytes (1 switches on core 0) [pid: 8|app: 0|req: 1060/2178] 10.0.0.100 () {32 vars in 722 bytes} [Wed May 20 03:02:00 2026] DELETE /v2.0/trunks/bedad30e-e990-424c-a1df-cda602dbe989 => generated 0 bytes in 94 msecs (HTTP/1.1 204) 2 headers in 112 bytes (1 switches on core 0) [pid: 7|app: 0|req: 1119/2179] 10.0.0.100 () {32 vars in 719 bytes} [Wed May 20 03:02:00 2026] GET /v2.0/trunks/43ba1d30-ad1c-445a-ae42-9e5c05d43455 => generated 422 bytes in 16 msecs (HTTP/1.1 200) 4 headers in 157 bytes (1 switches on core 0) [pid: 8|app: 0|req: 1061/2180] 10.0.0.100 () {32 vars in 717 bytes} [Wed May 20 03:02:00 2026] GET /v2.0/ports/dc20167c-c16c-4dc7-b29c-ad67a2c5540e => generated 826 bytes in 45 msecs (HTTP/1.1 200) 4 headers in 157 bytes (1 switches on core 0) [pid: 7|app: 0|req: 1120/2181] 10.0.0.100 () {32 vars in 722 bytes} [Wed May 20 03:02:00 2026] DELETE /v2.0/trunks/43ba1d30-ad1c-445a-ae42-9e5c05d43455 => generated 0 bytes in 76 msecs (HTTP/1.1 204) 2 headers in 112 bytes (1 switches on core 0) [pid: 8|app: 0|req: 1062/2182] 10.0.0.100 () {32 vars in 719 bytes} [Wed May 20 03:02:00 2026] GET /v2.0/trunks/137dd3a9-4f40-40a5-83ac-4565eaf83f9f => generated 431 bytes in 18 msecs (HTTP/1.1 200) 4 headers in 157 bytes (1 switches on core 0) [pid: 7|app: 0|req: 1121/2183] 10.0.0.100 () {32 vars in 717 bytes} [Wed May 20 03:02:00 2026] GET /v2.0/ports/69d6b8b7-f9c7-4641-8332-c58c63c14ab2 => generated 826 bytes in 73 msecs (HTTP/1.1 200) 4 headers in 157 bytes (1 switches on core 0) [pid: 8|app: 0|req: 1063/2184] 10.0.0.100 () {32 vars in 722 bytes} [Wed May 20 03:02:00 2026] DELETE /v2.0/trunks/137dd3a9-4f40-40a5-83ac-4565eaf83f9f => generated 0 bytes in 70 msecs (HTTP/1.1 204) 2 headers in 112 bytes (1 switches on core 0) [pid: 7|app: 0|req: 1122/2185] 10.0.0.100 () {32 vars in 719 bytes} [Wed May 20 03:02:01 2026] GET /v2.0/trunks/4f377880-97e7-42d7-9a56-8d2654b37c7b => generated 416 bytes in 16 msecs (HTTP/1.1 200) 4 headers in 157 bytes (1 switches on core 0) [pid: 8|app: 0|req: 1064/2186] 10.0.0.100 () {32 vars in 717 bytes} [Wed May 20 03:02:01 2026] GET /v2.0/ports/720d31ec-68ed-49c0-ba10-4eed821d4846 => generated 826 bytes in 102 msecs (HTTP/1.1 200) 4 headers in 157 bytes (1 switches on core 0) [pid: 8|app: 0|req: 1065/2187] 10.0.0.100 () {32 vars in 722 bytes} [Wed May 20 03:02:01 2026] DELETE /v2.0/trunks/4f377880-97e7-42d7-9a56-8d2654b37c7b => generated 0 bytes in 84 msecs (HTTP/1.1 204) 2 headers in 112 bytes (1 switches on core 0) [pid: 8|app: 0|req: 1066/2188] 10.0.0.100 () {32 vars in 719 bytes} [Wed May 20 03:02:01 2026] GET /v2.0/trunks/a23521b9-85ae-4131-a6e2-baa4c76a4989 => generated 409 bytes in 11 msecs (HTTP/1.1 200) 4 headers in 157 bytes (1 switches on core 0)
2026-05-20 03:02:01.297 7 INFO neutron.db.ovn_revision_numbers_db [None req-bbd35e94-72d2-4073-a873-3838d36d8235 b1d59a7d4d8046e382f1b7142172841f 753191dacbb64051947768c3bc5c6640 - - default default] Successfully bumped revision number for resource a85fdede-0057-4b84-b1cb-3a1cc8a4858c (type: security_groups) to 1 [pid: 8|app: 0|req: 1067/2189] 10.0.0.100 () {32 vars in 717 bytes} [Wed May 20 03:02:01 2026] GET /v2.0/ports/0769c408-ac08-42da-90b6-bbd81613338c => generated 826 bytes in 47 msecs (HTTP/1.1 200) 4 headers in 157 bytes (1 switches on core 0)
2026-05-20 03:02:01.311 7 INFO neutron.db.ovn_revision_numbers_db [None req-bbd35e94-72d2-4073-a873-3838d36d8235 b1d59a7d4d8046e382f1b7142172841f 753191dacbb64051947768c3bc5c6640 - - default default] Successfully bumped revision number for resource 332a3958-8acc-4df6-a864-8c4f92573f40 (type: security_group_rules) to 0
2026-05-20 03:02:01.324 7 INFO neutron.db.ovn_revision_numbers_db [None req-bbd35e94-72d2-4073-a873-3838d36d8235 b1d59a7d4d8046e382f1b7142172841f 753191dacbb64051947768c3bc5c6640 - - default default] Successfully bumped revision number for resource 9445d0ba-d756-4fec-8fea-4267aa87169e (type: security_group_rules) to 0
2026-05-20 03:02:01.340 7 INFO neutron.db.ovn_revision_numbers_db [None req-bbd35e94-72d2-4073-a873-3838d36d8235 b1d59a7d4d8046e382f1b7142172841f 753191dacbb64051947768c3bc5c6640 - - default default] Successfully bumped revision number for resource b56bf0b5-4014-45f3-b18a-e1f2df8da4db (type: security_group_rules) to 0
2026-05-20 03:02:01.351 7 INFO neutron.db.ovn_revision_numbers_db [None req-bbd35e94-72d2-4073-a873-3838d36d8235 b1d59a7d4d8046e382f1b7142172841f 753191dacbb64051947768c3bc5c6640 - - default default] Successfully bumped revision number for resource bbdae882-2651-47a6-b6d6-805026a70dca (type: security_group_rules) to 0 [pid: 8|app: 0|req: 1070/2192] 10.0.0.100 () {32 vars in 722 bytes} [Wed May 20 03:02:01 2026] DELETE /v2.0/trunks/a23521b9-85ae-4131-a6e2-baa4c76a4989 => generated 0 bytes in 63 msecs (HTTP/1.1 204) 2 headers in 112 bytes (1 switches on core 0) [pid: 7|app: 0|req: 1123/2193] 10.0.0.100 () {32 vars in 774 bytes} [Wed May 20 03:02:01 2026] GET /v2.0/security-groups?tenant_id=7ec77152475a41f18214a830ced271cb&name=default => generated 2925 bytes in 325 msecs (HTTP/1.1 200) 4 headers in 158 bytes (1 switches on core 0)
2026-05-20 03:02:01.515 8 INFO neutron_taas.services.taas.taas_plugin [None req-0a7f29c0-10c2-4611-bf42-0d40f3fe9676 7c5c0f5a8cfc4e33825bc0bd35fa0c9b 6cb4d8bb5fc34298af473462bd92dfba - - default default] TaaS: Handle Delete Port: 391947f8-605d-4859-9995-06fd963f8826
2026-05-20 03:02:01.518 8 INFO neutron_taas.services.taas.tap_mirror_plugin [None req-0a7f29c0-10c2-4611-bf42-0d40f3fe9676 7c5c0f5a8cfc4e33825bc0bd35fa0c9b 6cb4d8bb5fc34298af473462bd92dfba - - default default] Tap Mirror: Handle Delete Port: 391947f8-605d-4859-9995-06fd963f8826 [pid: 7|app: 0|req: 1124/2194] 10.0.0.100 () {32 vars in 740 bytes} [Wed May 20 03:02:01 2026] DELETE /v2.0/security-groups/a85fdede-0057-4b84-b1cb-3a1cc8a4858c => generated 0 bytes in 235 msecs (HTTP/1.1 204) 2 headers in 112 bytes (1 switches on core 0) [pid: 8|app: 0|req: 1071/2195] 10.0.0.100 () {32 vars in 720 bytes} [Wed May 20 03:02:01 2026] DELETE /v2.0/ports/391947f8-605d-4859-9995-06fd963f8826 => generated 0 bytes in 264 msecs (HTTP/1.1 204) 3 headers in 131 bytes (1 switches on core 0)
2026-05-20 03:02:01.794 7 INFO neutron_taas.services.taas.taas_plugin [None req-3eb08726-f3ee-408c-9a5b-593cca610902 7c5c0f5a8cfc4e33825bc0bd35fa0c9b 6cb4d8bb5fc34298af473462bd92dfba - - default default] TaaS: Handle Delete Port: dc20167c-c16c-4dc7-b29c-ad67a2c5540e
2026-05-20 03:02:01.797 7 INFO neutron_taas.services.taas.tap_mirror_plugin [None req-3eb08726-f3ee-408c-9a5b-593cca610902 7c5c0f5a8cfc4e33825bc0bd35fa0c9b 6cb4d8bb5fc34298af473462bd92dfba - - default default] Tap Mirror: Handle Delete Port: dc20167c-c16c-4dc7-b29c-ad67a2c5540e [pid: 7|app: 0|req: 1125/2196] 10.0.0.100 () {32 vars in 720 bytes} [Wed May 20 03:02:01 2026] DELETE /v2.0/ports/dc20167c-c16c-4dc7-b29c-ad67a2c5540e => generated 0 bytes in 235 msecs (HTTP/1.1 204) 3 headers in 131 bytes (1 switches on core 0)
2026-05-20 03:02:02.010 8 INFO neutron_taas.services.taas.taas_plugin [None req-a484a132-13af-4f96-998a-6d6239b70f02 7c5c0f5a8cfc4e33825bc0bd35fa0c9b 6cb4d8bb5fc34298af473462bd92dfba - - default default] TaaS: Handle Delete Port: 69d6b8b7-f9c7-4641-8332-c58c63c14ab2
2026-05-20 03:02:02.013 8 INFO neutron_taas.services.taas.tap_mirror_plugin [None req-a484a132-13af-4f96-998a-6d6239b70f02 7c5c0f5a8cfc4e33825bc0bd35fa0c9b 6cb4d8bb5fc34298af473462bd92dfba - - default default] Tap Mirror: Handle Delete Port: 69d6b8b7-f9c7-4641-8332-c58c63c14ab2 [pid: 8|app: 0|req: 1072/2197] 10.0.0.100 () {32 vars in 720 bytes} [Wed May 20 03:02:01 2026] DELETE /v2.0/ports/69d6b8b7-f9c7-4641-8332-c58c63c14ab2 => generated 0 bytes in 222 msecs (HTTP/1.1 204) 3 headers in 131 bytes (1 switches on core 0)
2026-05-20 03:02:02.230 7 INFO neutron_taas.services.taas.taas_plugin [None req-1adf1caa-6887-4263-bd5a-27eca6b4fe15 7c5c0f5a8cfc4e33825bc0bd35fa0c9b 6cb4d8bb5fc34298af473462bd92dfba - - default default] TaaS: Handle Delete Port: 720d31ec-68ed-49c0-ba10-4eed821d4846
2026-05-20 03:02:02.233 7 INFO neutron_taas.services.taas.tap_mirror_plugin [None req-1adf1caa-6887-4263-bd5a-27eca6b4fe15 7c5c0f5a8cfc4e33825bc0bd35fa0c9b 6cb4d8bb5fc34298af473462bd92dfba - - default default] Tap Mirror: Handle Delete Port: 720d31ec-68ed-49c0-ba10-4eed821d4846 [pid: 7|app: 0|req: 1126/2198] 10.0.0.100 () {32 vars in 720 bytes} [Wed May 20 03:02:02 2026] DELETE /v2.0/ports/720d31ec-68ed-49c0-ba10-4eed821d4846 => generated 0 bytes in 216 msecs (HTTP/1.1 204) 3 headers in 131 bytes (1 switches on core 0)
2026-05-20 03:02:02.438 8 INFO neutron_taas.services.taas.taas_plugin [None req-39eb98c5-6793-4e07-a9ea-19a50f0e4a3d 7c5c0f5a8cfc4e33825bc0bd35fa0c9b 6cb4d8bb5fc34298af473462bd92dfba - - default default] TaaS: Handle Delete Port: 0769c408-ac08-42da-90b6-bbd81613338c
2026-05-20 03:02:02.441 8 INFO neutron_taas.services.taas.tap_mirror_plugin [None req-39eb98c5-6793-4e07-a9ea-19a50f0e4a3d 7c5c0f5a8cfc4e33825bc0bd35fa0c9b 6cb4d8bb5fc34298af473462bd92dfba - - default default] Tap Mirror: Handle Delete Port: 0769c408-ac08-42da-90b6-bbd81613338c [pid: 8|app: 0|req: 1073/2199] 10.0.0.100 () {32 vars in 720 bytes} [Wed May 20 03:02:02 2026] DELETE /v2.0/ports/0769c408-ac08-42da-90b6-bbd81613338c => generated 0 bytes in 196 msecs (HTTP/1.1 204) 3 headers in 131 bytes (1 switches on core 0)
2026-05-20 03:02:02.651 7 INFO neutron_taas.services.taas.taas_plugin [None req-7e5f4efe-69ee-4f86-9a52-a1833af9da6a 7c5c0f5a8cfc4e33825bc0bd35fa0c9b 6cb4d8bb5fc34298af473462bd92dfba - - default default] TaaS: Handle Delete Port: c918f0c9-d9a8-4cd6-9692-6fb523074bbe
2026-05-20 03:02:02.654 7 INFO neutron_taas.services.taas.tap_mirror_plugin [None req-7e5f4efe-69ee-4f86-9a52-a1833af9da6a 7c5c0f5a8cfc4e33825bc0bd35fa0c9b 6cb4d8bb5fc34298af473462bd92dfba - - default default] Tap Mirror: Handle Delete Port: c918f0c9-d9a8-4cd6-9692-6fb523074bbe
2026-05-20 03:02:02.816 7 INFO neutron.services.segments.plugin [-] Segment ef4543f1-d09c-4d9c-acae-d9c412656501 resource provider aggregate not found
2026-05-20 03:02:02.821 7 INFO neutron.services.segments.plugin [-] Segment ef4543f1-d09c-4d9c-acae-d9c412656501 resource provider aggregate not found
2026-05-20 03:02:02.842 7 INFO neutron.services.segments.plugin [-] Segment ef4543f1-d09c-4d9c-acae-d9c412656501 resource provider not found; error: Placement Client Error (4xx): {"errors": [{"status": 404, "title": "Not Found", "detail": "The resource could not be found.\n\n No resource provider with uuid ef4543f1-d09c-4d9c-acae-d9c412656501 found for delete ", "request_id": "req-7c14318a-0bed-4d03-b132-b1360995c7aa"}]}
2026-05-20 03:02:02.846 7 INFO neutron.services.segments.plugin [-] Segment ef4543f1-d09c-4d9c-acae-d9c412656501 resource provider not found; error: Placement Client Error (4xx): {"errors": [{"status": 404, "title": "Not Found", "detail": "The resource could not be found.\n\n No resource provider with uuid ef4543f1-d09c-4d9c-acae-d9c412656501 found for delete ", "request_id": "req-2515cd0d-0636-4cd1-9160-a697a9a34ead"}]} [pid: 7|app: 0|req: 1127/2200] 10.0.0.100 () {32 vars in 726 bytes} [Wed May 20 03:02:02 2026] DELETE /v2.0/networks/9ca8de8f-b0f4-4d04-aa06-cb8870c5b3f9 => generated 0 bytes in 325 msecs (HTTP/1.1 204) 3 headers in 131 bytes (1 switches on core 0)
2026-05-20 03:02:02.989 8 INFO neutron_taas.services.taas.taas_plugin [None req-e3e155ee-0f0d-4ebe-8d3b-6e95f6ec9ea0 7c5c0f5a8cfc4e33825bc0bd35fa0c9b 6cb4d8bb5fc34298af473462bd92dfba - - default default] TaaS: Handle Delete Port: 3ab6e4af-c1e7-4a17-9f76-1d67dac44271
2026-05-20 03:02:02.993 8 INFO neutron_taas.services.taas.tap_mirror_plugin [None req-e3e155ee-0f0d-4ebe-8d3b-6e95f6ec9ea0 7c5c0f5a8cfc4e33825bc0bd35fa0c9b 6cb4d8bb5fc34298af473462bd92dfba - - default default] Tap Mirror: Handle Delete Port: 3ab6e4af-c1e7-4a17-9f76-1d67dac44271
2026-05-20 03:02:03.155 8 INFO neutron.services.segments.plugin [-] Segment e9be3f98-a7f9-40a7-83a4-c77722dcfed0 resource provider aggregate not found
2026-05-20 03:02:03.160 8 INFO neutron.services.segments.plugin [-] Segment e9be3f98-a7f9-40a7-83a4-c77722dcfed0 resource provider aggregate not found
2026-05-20 03:02:03.172 8 INFO neutron.services.segments.plugin [-] Segment e9be3f98-a7f9-40a7-83a4-c77722dcfed0 resource provider not found; error: Placement Client Error (4xx): {"errors": [{"status": 404, "title": "Not Found", "detail": "The resource could not be found.\n\n No resource provider with uuid e9be3f98-a7f9-40a7-83a4-c77722dcfed0 found for delete ", "request_id": "req-94273552-184d-4d48-97a9-de2e903bca63"}]}
2026-05-20 03:02:03.182 8 INFO neutron.services.segments.plugin [-] Segment e9be3f98-a7f9-40a7-83a4-c77722dcfed0 resource provider not found; error: Placement Client Error (4xx): {"errors": [{"status": 404, "title": "Not Found", "detail": "The resource could not be found.\n\n No resource provider with uuid e9be3f98-a7f9-40a7-83a4-c77722dcfed0 found for delete ", "request_id": "req-9f995242-5381-4dfa-994c-30686fd2816b"}]} [pid: 8|app: 0|req: 1074/2201] 10.0.0.100 () {32 vars in 726 bytes} [Wed May 20 03:02:02 2026] DELETE /v2.0/networks/4cf44cad-a8ff-40cb-9ba6-e3cb70ddb651 => generated 0 bytes in 340 msecs (HTTP/1.1 204) 3 headers in 131 bytes (1 switches on core 0)
2026-05-20 03:02:03.343 7 INFO neutron_taas.services.taas.taas_plugin [None req-985405aa-607c-498c-a376-89fea5e009f5 7c5c0f5a8cfc4e33825bc0bd35fa0c9b 6cb4d8bb5fc34298af473462bd92dfba - - default default] TaaS: Handle Delete Port: 04e6825a-297d-4502-869c-be24f2597d03
2026-05-20 03:02:03.346 7 INFO neutron_taas.services.taas.tap_mirror_plugin [None req-985405aa-607c-498c-a376-89fea5e009f5 7c5c0f5a8cfc4e33825bc0bd35fa0c9b 6cb4d8bb5fc34298af473462bd92dfba - - default default] Tap Mirror: Handle Delete Port: 04e6825a-297d-4502-869c-be24f2597d03 [pid: 7|app: 0|req: 1128/2202] 10.0.0.100 () {32 vars in 726 bytes} [Wed May 20 03:02:03 2026] DELETE /v2.0/networks/50e5c237-4cf6-42cb-9dee-cf479d75f9b4 => generated 0 bytes in 351 msecs (HTTP/1.1 204) 3 headers in 131 bytes (1 switches on core 0)
2026-05-20 03:02:03.687 7 INFO neutron_taas.services.taas.taas_plugin [None req-35a16f74-bfea-45bb-830a-a97aaead41b5 7c5c0f5a8cfc4e33825bc0bd35fa0c9b 6cb4d8bb5fc34298af473462bd92dfba - - default default] TaaS: Handle Delete Port: aa0bdc78-9c61-4b28-b052-cea64ad5baa4
2026-05-20 03:02:03.690 7 INFO neutron_taas.services.taas.tap_mirror_plugin [None req-35a16f74-bfea-45bb-830a-a97aaead41b5 7c5c0f5a8cfc4e33825bc0bd35fa0c9b 6cb4d8bb5fc34298af473462bd92dfba - - default default] Tap Mirror: Handle Delete Port: aa0bdc78-9c61-4b28-b052-cea64ad5baa4
2026-05-20 03:02:03.702 8 INFO neutron.db.ovn_revision_numbers_db [None req-9f260d02-5e84-4f8a-af16-7ac430f7cdb0 b1d59a7d4d8046e382f1b7142172841f 753191dacbb64051947768c3bc5c6640 - - default default] Successfully bumped revision number for resource 3a4c4727-949c-4e37-b70b-6ab877de6195 (type: security_groups) to 1
2026-05-20 03:02:03.713 8 INFO neutron.db.ovn_revision_numbers_db [None req-9f260d02-5e84-4f8a-af16-7ac430f7cdb0 b1d59a7d4d8046e382f1b7142172841f 753191dacbb64051947768c3bc5c6640 - - default default] Successfully bumped revision number for resource 06dd9a0a-2fa5-42b2-8180-206d8787ba4e (type: security_group_rules) to 0
2026-05-20 03:02:03.725 8 INFO neutron.db.ovn_revision_numbers_db [None req-9f260d02-5e84-4f8a-af16-7ac430f7cdb0 b1d59a7d4d8046e382f1b7142172841f 753191dacbb64051947768c3bc5c6640 - - default default] Successfully bumped revision number for resource 26626128-6085-4613-b343-9349521af5c1 (type: security_group_rules) to 0
2026-05-20 03:02:03.737 8 INFO neutron.db.ovn_revision_numbers_db [None req-9f260d02-5e84-4f8a-af16-7ac430f7cdb0 b1d59a7d4d8046e382f1b7142172841f 753191dacbb64051947768c3bc5c6640 - - default default] Successfully bumped revision number for resource bbd20abc-9df5-48a3-9ba3-75bc3909d33e (type: security_group_rules) to 0
2026-05-20 03:02:03.747 8 INFO neutron.db.ovn_revision_numbers_db [None req-9f260d02-5e84-4f8a-af16-7ac430f7cdb0 b1d59a7d4d8046e382f1b7142172841f 753191dacbb64051947768c3bc5c6640 - - default default] Successfully bumped revision number for resource efa10f4a-d29a-42ed-a653-ddd5a48b95d3 (type: security_group_rules) to 0
2026-05-20 03:02:03.818 8 INFO neutron.db.segments_db [None req-9f260d02-5e84-4f8a-af16-7ac430f7cdb0 b1d59a7d4d8046e382f1b7142172841f 753191dacbb64051947768c3bc5c6640 - - default default] Added segment 97153a18-aa8c-4ee1-8868-aeec1cb37df4 of type geneve for network c31419b1-c279-42c8-89f0-7863a03a7e48
2026-05-20 03:02:03.915 8 INFO neutron.db.ovn_revision_numbers_db [None req-9f260d02-5e84-4f8a-af16-7ac430f7cdb0 b1d59a7d4d8046e382f1b7142172841f 753191dacbb64051947768c3bc5c6640 - - default default] Successfully bumped revision number for resource c31419b1-c279-42c8-89f0-7863a03a7e48 (type: networks) to 1 [pid: 7|app: 0|req: 1129/2203] 10.0.0.100 () {32 vars in 726 bytes} [Wed May 20 03:02:03 2026] DELETE /v2.0/networks/466bb8b9-422d-4c55-97b8-f03e53e3e39b => generated 0 bytes in 364 msecs (HTTP/1.1 204) 3 headers in 131 bytes (1 switches on core 0)
2026-05-20 03:02:04.068 8 WARNING neutron.scheduler.dhcp_agent_scheduler [None req-9f260d02-5e84-4f8a-af16-7ac430f7cdb0 b1d59a7d4d8046e382f1b7142172841f 753191dacbb64051947768c3bc5c6640 - - default default] No more DHCP agents
2026-05-20 03:02:04.069 8 WARNING neutron.api.rpc.agentnotifiers.dhcp_rpc_agent_api [None req-9f260d02-5e84-4f8a-af16-7ac430f7cdb0 b1d59a7d4d8046e382f1b7142172841f 753191dacbb64051947768c3bc5c6640 - - default default] Unable to schedule network c31419b1-c279-42c8-89f0-7863a03a7e48: no agents available; will retry on subsequent port and subnet creation events.
2026-05-20 03:02:04.091 7 INFO neutron.db.ovn_revision_numbers_db [None req-82089707-4319-4f6b-9d10-641ad80fe1ba dc84588a13de45ed87eeef0bd839bd27 bb57cb5eea1a4adcb406d4b12fc62b48 - - default default] Successfully bumped revision number for resource de938d5a-2ab9-4f6c-92c0-edcb9af3d58d (type: security_groups) to 1
2026-05-20 03:02:04.114 7 INFO neutron.db.ovn_revision_numbers_db [None req-82089707-4319-4f6b-9d10-641ad80fe1ba dc84588a13de45ed87eeef0bd839bd27 bb57cb5eea1a4adcb406d4b12fc62b48 - - default default] Successfully bumped revision number for resource 1726a229-af6f-449e-ab98-a7fa00074815 (type: security_group_rules) to 0
2026-05-20 03:02:04.124 7 INFO neutron.plugins.ml2.drivers.ovn.mech_driver.mech_driver [None req-6718bcd5-fd97-4995-9c07-baf0d8cf6e45 - - - - - -] OVN reports status down for port: bfa1ec81-5370-4e7c-98ab-436f4bf5a5a1
2026-05-20 03:02:04.126 8 INFO neutron.db.ovn_revision_numbers_db [None req-9f260d02-5e84-4f8a-af16-7ac430f7cdb0 b1d59a7d4d8046e382f1b7142172841f 753191dacbb64051947768c3bc5c6640 - - default default] Successfully bumped revision number for resource bfa1ec81-5370-4e7c-98ab-436f4bf5a5a1 (type: ports) to 1
2026-05-20 03:02:04.129 7 INFO neutron.db.ovn_revision_numbers_db [None req-82089707-4319-4f6b-9d10-641ad80fe1ba dc84588a13de45ed87eeef0bd839bd27 bb57cb5eea1a4adcb406d4b12fc62b48 - - default default] Successfully bumped revision number for resource 7fb0d1a8-d7d4-4602-b530-c313f7c71ccf (type: security_group_rules) to 0 [pid: 8|app: 0|req: 1075/2204] 10.0.0.100 () {34 vars in 671 bytes} [Wed May 20 03:02:03 2026] POST /v2.0/networks => generated 763 bytes in 750 msecs (HTTP/1.1 201) 4 headers in 162 bytes (1 switches on core 0)
2026-05-20 03:02:04.153 7 INFO neutron.db.ovn_revision_numbers_db [None req-82089707-4319-4f6b-9d10-641ad80fe1ba dc84588a13de45ed87eeef0bd839bd27 bb57cb5eea1a4adcb406d4b12fc62b48 - - default default] Successfully bumped revision number for resource a2e7c420-db88-404b-9b57-854c4e12d2bc (type: security_group_rules) to 0
2026-05-20 03:02:04.169 7 INFO neutron.db.ovn_revision_numbers_db [None req-82089707-4319-4f6b-9d10-641ad80fe1ba dc84588a13de45ed87eeef0bd839bd27 bb57cb5eea1a4adcb406d4b12fc62b48 - - default default] Successfully bumped revision number for resource f4000b7a-cdf5-4d08-a3a3-ddbc76d8a496 (type: security_group_rules) to 0
2026-05-20 03:02:04.225 8 INFO neutron_taas.services.taas.taas_plugin [None req-cf8d1d61-031e-4f94-aa1d-24dc977d3ee8 7c5c0f5a8cfc4e33825bc0bd35fa0c9b 6cb4d8bb5fc34298af473462bd92dfba - - default default] TaaS: Handle Delete Port: 11107bba-a76c-4811-9528-d7d944789d27
2026-05-20 03:02:04.227 8 INFO neutron_taas.services.taas.tap_mirror_plugin [None req-cf8d1d61-031e-4f94-aa1d-24dc977d3ee8 7c5c0f5a8cfc4e33825bc0bd35fa0c9b 6cb4d8bb5fc34298af473462bd92dfba - - default default] Tap Mirror: Handle Delete Port: 11107bba-a76c-4811-9528-d7d944789d27
2026-05-20 03:02:04.298 7 INFO neutron.db.ovn_revision_numbers_db [None req-82089707-4319-4f6b-9d10-641ad80fe1ba dc84588a13de45ed87eeef0bd839bd27 bb57cb5eea1a4adcb406d4b12fc62b48 - - default default] Successfully bumped revision number for resource 68494f1c-aded-4fa5-a216-cee497ca3fac (type: security_groups) to 1
2026-05-20 03:02:04.312 7 INFO neutron.db.ovn_revision_numbers_db [None req-82089707-4319-4f6b-9d10-641ad80fe1ba dc84588a13de45ed87eeef0bd839bd27 bb57cb5eea1a4adcb406d4b12fc62b48 - - default default] Successfully bumped revision number for resource 41433ff5-8b1e-49fa-be20-a9e7d64af6d5 (type: security_group_rules) to 0
2026-05-20 03:02:04.324 7 INFO neutron.db.ovn_revision_numbers_db [None req-82089707-4319-4f6b-9d10-641ad80fe1ba dc84588a13de45ed87eeef0bd839bd27 bb57cb5eea1a4adcb406d4b12fc62b48 - - default default] Successfully bumped revision number for resource 65516138-7e2f-44ca-9de8-88d15438a64a (type: security_group_rules) to 0 [pid: 7|app: 0|req: 1130/2205] 10.0.0.100 () {34 vars in 684 bytes} [Wed May 20 03:02:03 2026] POST /v2.0/security-groups => generated 1601 bytes in 429 msecs (HTTP/1.1 201) 4 headers in 163 bytes (1 switches on core 0) [pid: 8|app: 0|req: 1076/2206] 10.0.0.100 () {32 vars in 726 bytes} [Wed May 20 03:02:04 2026] DELETE /v2.0/networks/6f04010d-88b3-49c4-b2a3-7ffb7b630009 => generated 0 bytes in 244 msecs (HTTP/1.1 204) 3 headers in 131 bytes (1 switches on core 0)
2026-05-20 03:02:04.482 8 WARNING neutron.scheduler.dhcp_agent_scheduler [None req-b236b8e0-29b9-45c1-8fa9-0469ae2cc26d b1d59a7d4d8046e382f1b7142172841f 753191dacbb64051947768c3bc5c6640 - - default default] No more DHCP agents
2026-05-20 03:02:04.483 8 WARNING neutron.api.rpc.agentnotifiers.dhcp_rpc_agent_api [None req-b236b8e0-29b9-45c1-8fa9-0469ae2cc26d b1d59a7d4d8046e382f1b7142172841f 753191dacbb64051947768c3bc5c6640 - - default default] Unable to schedule network c31419b1-c279-42c8-89f0-7863a03a7e48: no agents available; will retry on subsequent port and subnet creation events.
2026-05-20 03:02:04.581 7 WARNING neutron.scheduler.dhcp_agent_scheduler [None req-c514e160-b967-4519-88ae-0de124125b12 fb6fbd1d428147f5a9f0a52e470caade 32fed39156cb4d65ab58bad08ceedf6a - - default default] No more DHCP agents
2026-05-20 03:02:04.582 7 WARNING neutron.api.rpc.agentnotifiers.dhcp_rpc_agent_api [None req-c514e160-b967-4519-88ae-0de124125b12 fb6fbd1d428147f5a9f0a52e470caade 32fed39156cb4d65ab58bad08ceedf6a - - default default] Unable to schedule network 7f121102-dca5-4f70-8710-0bfd91b92cd4: no agents available; will retry on subsequent port and subnet creation events. [pid: 7|app: 0|req: 1131/2207] 10.0.0.100 () {34 vars in 676 bytes} [Wed May 20 03:02:04 2026] POST /v2.0/floatingips => generated 552 bytes in 473 msecs (HTTP/1.1 201) 4 headers in 162 bytes (1 switches on core 0)
2026-05-20 03:02:04.869 7 INFO neutron.services.segments.plugin [-] Segment f18ee2f7-a60d-4143-8770-687f35398347 resource provider aggregate not found
2026-05-20 03:02:04.875 7 INFO neutron.services.segments.plugin [-] Segment f18ee2f7-a60d-4143-8770-687f35398347 resource provider aggregate not found
2026-05-20 03:02:04.877 8 INFO neutron.db.ovn_revision_numbers_db [None req-3ce75a33-d264-4f12-899b-b76131f0edb0 - - - - - -] Successfully bumped revision number for resource bfa1ec81-5370-4e7c-98ab-436f4bf5a5a1 (type: ports) to 2
2026-05-20 03:02:04.888 7 INFO neutron.services.segments.plugin [-] Segment f18ee2f7-a60d-4143-8770-687f35398347 resource provider not found; error: Placement Client Error (4xx): {"errors": [{"status": 404, "title": "Not Found", "detail": "The resource could not be found.\n\n No resource provider with uuid f18ee2f7-a60d-4143-8770-687f35398347 found for delete ", "request_id": "req-4aa58284-9067-4f9f-979c-2640194c4321"}]}
2026-05-20 03:02:04.891 7 INFO neutron.services.segments.plugin [-] Segment f18ee2f7-a60d-4143-8770-687f35398347 resource provider not found; error: Placement Client Error (4xx): {"errors": [{"status": 404, "title": "Not Found", "detail": "The resource could not be found.\n\n No resource provider with uuid f18ee2f7-a60d-4143-8770-687f35398347 found for delete ", "request_id": "req-1b9a6298-fc9c-4b82-b80b-13742c398b43"}]}
2026-05-20 03:02:04.906 7 INFO neutron.services.segments.plugin [-] Segment 41f06926-9156-4ff1-819c-af12390c9320 resource provider aggregate not found
2026-05-20 03:02:04.911 7 INFO neutron.services.segments.plugin [-] Segment 41f06926-9156-4ff1-819c-af12390c9320 resource provider aggregate not found
2026-05-20 03:02:04.921 8 INFO neutron.db.ovn_revision_numbers_db [None req-3ce75a33-d264-4f12-899b-b76131f0edb0 - - - - - -] Successfully bumped revision number for resource 1ae85ce3-e687-4f1b-af6c-e0dc234078dd (type: subnets) to 0
2026-05-20 03:02:04.925 7 INFO neutron.services.segments.plugin [-] Segment 41f06926-9156-4ff1-819c-af12390c9320 resource provider not found; error: Placement Client Error (4xx): {"errors": [{"status": 404, "title": "Not Found", "detail": "The resource could not be found.\n\n No resource provider with uuid 41f06926-9156-4ff1-819c-af12390c9320 found for delete ", "request_id": "req-48e965d3-8737-4861-bc19-0cedf999765a"}]}
2026-05-20 03:02:04.930 7 INFO neutron.services.segments.plugin [-] Segment 41f06926-9156-4ff1-819c-af12390c9320 resource provider not found; error: Placement Client Error (4xx): {"errors": [{"status": 404, "title": "Not Found", "detail": "The resource could not be found.\n\n No resource provider with uuid 41f06926-9156-4ff1-819c-af12390c9320 found for delete ", "request_id": "req-6a8d0790-4ec5-4bd7-ac70-ee781b7a556b"}]} [pid: 8|app: 0|req: 1077/2208] 10.0.0.100 () {34 vars in 669 bytes} [Wed May 20 03:02:04 2026] POST /v2.0/subnets => generated 688 bytes in 551 msecs (HTTP/1.1 201) 4 headers in 162 bytes (1 switches on core 0)
2026-05-20 03:02:04.987 7 INFO neutron.db.ovn_revision_numbers_db [None req-4a61718c-7feb-41cb-b3cb-72a89ba2d813 dc84588a13de45ed87eeef0bd839bd27 bb57cb5eea1a4adcb406d4b12fc62b48 - - default default] Successfully bumped revision number for resource 1b9986e8-3111-44a1-a0bd-871f238ae217 (type: security_groups) to 1
2026-05-20 03:02:04.997 7 INFO neutron.db.ovn_revision_numbers_db [None req-4a61718c-7feb-41cb-b3cb-72a89ba2d813 dc84588a13de45ed87eeef0bd839bd27 bb57cb5eea1a4adcb406d4b12fc62b48 - - default default] Successfully bumped revision number for resource 5e22ef2b-e1b6-4304-9df9-a111df71c1de (type: security_group_rules) to 0
2026-05-20 03:02:05.012 7 INFO neutron.db.ovn_revision_numbers_db [None req-4a61718c-7feb-41cb-b3cb-72a89ba2d813 dc84588a13de45ed87eeef0bd839bd27 bb57cb5eea1a4adcb406d4b12fc62b48 - - default default] Successfully bumped revision number for resource a17ab5ab-8ecd-4248-833e-1ea3997fa932 (type: security_group_rules) to 0 [pid: 7|app: 0|req: 1132/2209] 10.0.0.100 () {34 vars in 684 bytes} [Wed May 20 03:02:04 2026] POST /v2.0/security-groups => generated 1601 bytes in 227 msecs (HTTP/1.1 201) 4 headers in 163 bytes (1 switches on core 0)
2026-05-20 03:02:05.187 8 WARNING neutron.scheduler.dhcp_agent_scheduler [None req-b4d5a8a9-0601-4aa8-afeb-b8e4684be588 fb6fbd1d428147f5a9f0a52e470caade 32fed39156cb4d65ab58bad08ceedf6a - - default default] No more DHCP agents
2026-05-20 03:02:05.188 8 WARNING neutron.api.rpc.agentnotifiers.dhcp_rpc_agent_api [None req-b4d5a8a9-0601-4aa8-afeb-b8e4684be588 fb6fbd1d428147f5a9f0a52e470caade 32fed39156cb4d65ab58bad08ceedf6a - - default default] Unable to schedule network 7f121102-dca5-4f70-8710-0bfd91b92cd4: no agents available; will retry on subsequent port and subnet creation events.
2026-05-20 03:02:05.195 8 INFO neutron.services.segments.plugin [-] Segment 063e806c-26d2-4694-a609-69a7eb397c71 resource provider aggregate not found
2026-05-20 03:02:05.200 8 INFO neutron.services.segments.plugin [-] Segment 063e806c-26d2-4694-a609-69a7eb397c71 resource provider aggregate not found
2026-05-20 03:02:05.217 8 INFO neutron.services.segments.plugin [-] Segment 063e806c-26d2-4694-a609-69a7eb397c71 resource provider not found; error: Placement Client Error (4xx): {"errors": [{"status": 404, "title": "Not Found", "detail": "The resource could not be found.\n\n No resource provider with uuid 063e806c-26d2-4694-a609-69a7eb397c71 found for delete ", "request_id": "req-174be366-26c2-4d87-a2df-57794168212b"}]}
2026-05-20 03:02:05.221 8 INFO neutron.services.segments.plugin [-] Segment 063e806c-26d2-4694-a609-69a7eb397c71 resource provider not found; error: Placement Client Error (4xx): {"errors": [{"status": 404, "title": "Not Found", "detail": "The resource could not be found.\n\n No resource provider with uuid 063e806c-26d2-4694-a609-69a7eb397c71 found for delete ", "request_id": "req-8635fff2-0430-4592-8f11-02edc2740bec"}]}
2026-05-20 03:02:05.423 7 WARNING neutron.scheduler.dhcp_agent_scheduler [None req-acdac0ee-f403-4432-bcb6-30a0ee7c633b b1d59a7d4d8046e382f1b7142172841f 753191dacbb64051947768c3bc5c6640 - - default default] No more DHCP agents
2026-05-20 03:02:05.424 7 WARNING neutron.api.rpc.agentnotifiers.dhcp_rpc_agent_api [None req-acdac0ee-f403-4432-bcb6-30a0ee7c633b b1d59a7d4d8046e382f1b7142172841f 753191dacbb64051947768c3bc5c6640 - - default default] Unable to schedule network 7f121102-dca5-4f70-8710-0bfd91b92cd4: no agents available; will retry on subsequent port and subnet creation events. [pid: 8|app: 0|req: 1078/2210] 10.0.0.100 () {34 vars in 676 bytes} [Wed May 20 03:02:04 2026] POST /v2.0/floatingips => generated 552 bytes in 527 msecs (HTTP/1.1 201) 4 headers in 162 bytes (1 switches on core 0)
