2026-05-20 03:01:30.873 7 INFO neutron.services.segments.plugin [-] Segment 045f422f-af2b-4b4a-8107-bb49018afbdd resource provider aggregate not found
2026-05-20 03:01:30.904 7 INFO neutron.services.segments.plugin [-] Segment 045f422f-af2b-4b4a-8107-bb49018afbdd resource provider not found; error: Placement Client Error (4xx): {"errors": [{"status": 404, "title": "Not Found", "detail": "The resource could not be found.\n\n No resource provider with uuid 045f422f-af2b-4b4a-8107-bb49018afbdd found for delete ", "request_id": "req-56a2e3e2-0f84-420b-9b2b-bd0c62944e0a"}]} [pid: 8|app: 0|req: 947/1947] 10.0.0.100 () {32 vars in 717 bytes} [Wed May 20 03:01:30 2026] GET /v2.0/ports/83a13890-b869-4e52-b992-a65cee9a0f9a => generated 1010 bytes in 49 msecs (HTTP/1.1 200) 4 headers in 158 bytes (1 switches on core 0)
2026-05-20 03:01:30.913 7 INFO neutron.services.segments.plugin [-] Segment 045f422f-af2b-4b4a-8107-bb49018afbdd resource provider not found; error: Placement Client Error (4xx): {"errors": [{"status": 404, "title": "Not Found", "detail": "The resource could not be found.\n\n No resource provider with uuid 045f422f-af2b-4b4a-8107-bb49018afbdd found for delete ", "request_id": "req-24cf448a-f52d-4319-b9d5-6868bd948543"}]} [pid: 7|app: 0|req: 1001/1948] 10.0.0.100 () {34 vars in 789 bytes} [Wed May 20 03:01:30 2026] PUT /v2.0/routers/d5e1a37d-9004-4d3b-83ca-ba25486d49d6/remove_router_interface => generated 309 bytes in 1096 msecs (HTTP/1.1 200) 4 headers in 157 bytes (1 switches on core 0) /var/lib/openstack/lib/python3.12/site-packages/pycadf/identifier.py:70: UserWarning: Invalid uuid: neutron. To ensure interoperability, identifiers should be a valid uuid. warnings.warn(('Invalid uuid: %s. To ensure interoperability, ' [pid: 8|app: 0|req: 948/1949] 10.0.0.100 () {32 vars in 740 bytes} [Wed May 20 03:01:30 2026] DELETE /v2.0/security-groups/6fb52270-85b3-46c5-8168-971646a8f6ba => generated 0 bytes in 252 msecs (HTTP/1.1 204) 2 headers in 112 bytes (1 switches on core 0) [pid: 8|app: 0|req: 949/1950] 10.0.0.100 () {32 vars in 724 bytes} [Wed May 20 03:01:31 2026] DELETE /v2.0/subnets/40d50f6b-453d-44a8-b184-6f9ea0613fac => generated 0 bytes in 186 msecs (HTTP/1.1 204) 3 headers in 131 bytes (1 switches on core 0)
2026-05-20 03:01:31.443 7 INFO neutron_taas.services.taas.taas_plugin [None req-852bc872-3974-45e1-9f43-f68da4f778f9 a811472b7c124fb5abbbc66ef7bd8433 607ae6ba90a84159b129856f65392803 - - default default] TaaS: Handle Delete Port: 83a13890-b869-4e52-b992-a65cee9a0f9a
2026-05-20 03:01:31.448 7 INFO neutron_taas.services.taas.tap_mirror_plugin [None req-852bc872-3974-45e1-9f43-f68da4f778f9 a811472b7c124fb5abbbc66ef7bd8433 607ae6ba90a84159b129856f65392803 - - default default] Tap Mirror: Handle Delete Port: 83a13890-b869-4e52-b992-a65cee9a0f9a
2026-05-20 03:01:31.616 8 INFO neutron_taas.services.taas.taas_plugin [None req-08b72ed8-719f-4580-9d0d-cd4d36d34790 2b498d5f50d84f258a84033a4c9e471f 20f238217cb94df28653a1aaaf416bf3 - - default default] TaaS: Handle Delete Port: f449034e-a6ed-4337-ac04-8c51e5f1aa23
2026-05-20 03:01:31.619 8 INFO neutron_taas.services.taas.tap_mirror_plugin [None req-08b72ed8-719f-4580-9d0d-cd4d36d34790 2b498d5f50d84f258a84033a4c9e471f 20f238217cb94df28653a1aaaf416bf3 - - default default] Tap Mirror: Handle Delete Port: f449034e-a6ed-4337-ac04-8c51e5f1aa23 [pid: 7|app: 0|req: 1002/1953] 10.0.0.100 () {34 vars in 789 bytes} [Wed May 20 03:01:31 2026] PUT /v2.0/routers/f268a70f-4052-4b1b-b54c-b85a12405602/remove_router_interface => generated 309 bytes in 685 msecs (HTTP/1.1 200) 4 headers in 157 bytes (1 switches on core 0) /var/lib/openstack/lib/python3.12/site-packages/pycadf/identifier.py:70: UserWarning: Invalid uuid: neutron. To ensure interoperability, identifiers should be a valid uuid. warnings.warn(('Invalid uuid: %s. To ensure interoperability, '
2026-05-20 03:01:31.891 7 INFO neutron.api.v2.resource [None req-d1a9b16f-dd6c-4cbf-aa82-a2c45dd6afdd a811472b7c124fb5abbbc66ef7bd8433 607ae6ba90a84159b129856f65392803 - - default default] remove_router_interface failed (client error): The resource could not be found. [pid: 7|app: 0|req: 1003/1954] 10.0.0.100 () {34 vars in 789 bytes} [Wed May 20 03:01:31 2026] PUT /v2.0/routers/f268a70f-4052-4b1b-b54c-b85a12405602/remove_router_interface => generated 197 bytes in 49 msecs (HTTP/1.1 404) 4 headers in 164 bytes (1 switches on core 0) [pid: 7|app: 0|req: 1004/1955] 10.0.0.100 () {32 vars in 736 bytes} [Wed May 20 03:01:31 2026] GET /v2.0/ports?device_id=f268a70f-4052-4b1b-b54c-b85a12405602 => generated 12 bytes in 24 msecs (HTTP/1.1 200) 4 headers in 156 bytes (1 switches on core 0) [pid: 8|app: 0|req: 952/1956] 10.0.0.100 () {32 vars in 724 bytes} [Wed May 20 03:01:31 2026] DELETE /v2.0/routers/d5e1a37d-9004-4d3b-83ca-ba25486d49d6 => generated 0 bytes in 637 msecs (HTTP/1.1 204) 2 headers in 112 bytes (1 switches on core 0)
2026-05-20 03:01:32.131 8 INFO neutron_taas.services.taas.taas_plugin [None req-46f789e8-69e3-412b-9007-9becc01d6139 2b498d5f50d84f258a84033a4c9e471f 20f238217cb94df28653a1aaaf416bf3 - - default default] TaaS: Handle Delete Port: e2ba243b-b049-4e0e-a64c-50576b759f9a
2026-05-20 03:01:32.135 8 INFO neutron_taas.services.taas.tap_mirror_plugin [None req-46f789e8-69e3-412b-9007-9becc01d6139 2b498d5f50d84f258a84033a4c9e471f 20f238217cb94df28653a1aaaf416bf3 - - default default] Tap Mirror: Handle Delete Port: e2ba243b-b049-4e0e-a64c-50576b759f9a [pid: 7|app: 0|req: 1005/1957] 10.0.0.100 () {32 vars in 724 bytes} [Wed May 20 03:01:31 2026] DELETE /v2.0/routers/f268a70f-4052-4b1b-b54c-b85a12405602 => generated 0 bytes in 230 msecs (HTTP/1.1 204) 2 headers in 112 bytes (1 switches on core 0)
2026-05-20 03:01:32.330 8 INFO neutron.services.segments.plugin [-] Segment 09d78207-5c32-4be0-9963-4eb8066fb61f resource provider aggregate not found
2026-05-20 03:01:32.341 8 INFO neutron.services.segments.plugin [-] Segment 09d78207-5c32-4be0-9963-4eb8066fb61f resource provider aggregate not found
2026-05-20 03:01:32.351 8 INFO neutron.services.segments.plugin [-] Segment 09d78207-5c32-4be0-9963-4eb8066fb61f resource provider not found; error: Placement Client Error (4xx): {"errors": [{"status": 404, "title": "Not Found", "detail": "The resource could not be found.\n\n No resource provider with uuid 09d78207-5c32-4be0-9963-4eb8066fb61f found for delete ", "request_id": "req-a01dcaef-b91f-4df7-8d98-d0b04f8ffd91"}]}
2026-05-20 03:01:32.354 8 INFO neutron.services.segments.plugin [-] Segment 09d78207-5c32-4be0-9963-4eb8066fb61f resource provider not found; error: Placement Client Error (4xx): {"errors": [{"status": 404, "title": "Not Found", "detail": "The resource could not be found.\n\n No resource provider with uuid 09d78207-5c32-4be0-9963-4eb8066fb61f found for delete ", "request_id": "req-8e862e23-d951-4d03-8e23-3c76e6517278"}]} [pid: 7|app: 0|req: 1006/1958] 10.0.0.100 () {32 vars in 724 bytes} [Wed May 20 03:01:32 2026] DELETE /v2.0/subnets/0bf7136e-7a6f-443e-b79e-51c642e7c42e => generated 0 bytes in 202 msecs (HTTP/1.1 204) 3 headers in 131 bytes (1 switches on core 0) [pid: 8|app: 0|req: 953/1959] 10.0.0.100 () {32 vars in 726 bytes} [Wed May 20 03:01:31 2026] DELETE /v2.0/networks/b3acd02d-dd7b-44e2-8a62-5b2d3ecc9762 => generated 0 bytes in 381 msecs (HTTP/1.1 204) 3 headers in 131 bytes (1 switches on core 0)
2026-05-20 03:01:32.517 7 INFO neutron_taas.services.taas.taas_plugin [None req-08253b35-b43f-46a0-9e91-605b0423c52a a811472b7c124fb5abbbc66ef7bd8433 607ae6ba90a84159b129856f65392803 - - default default] TaaS: Handle Delete Port: d0887287-6d55-43ad-9c75-6b994550cfc1
2026-05-20 03:01:32.521 7 INFO neutron_taas.services.taas.tap_mirror_plugin [None req-08253b35-b43f-46a0-9e91-605b0423c52a a811472b7c124fb5abbbc66ef7bd8433 607ae6ba90a84159b129856f65392803 - - default default] Tap Mirror: Handle Delete Port: d0887287-6d55-43ad-9c75-6b994550cfc1 [pid: 7|app: 0|req: 1007/1960] 10.0.0.100 () {32 vars in 726 bytes} [Wed May 20 03:01:32 2026] DELETE /v2.0/networks/64e09b59-0091-404d-9d1d-944650e5e74a => generated 0 bytes in 377 msecs (HTTP/1.1 204) 3 headers in 131 bytes (1 switches on core 0)
2026-05-20 03:01:32.851 8 INFO neutron.db.segments_db [None req-456567aa-e0e7-4854-8387-e38070706500 a811472b7c124fb5abbbc66ef7bd8433 607ae6ba90a84159b129856f65392803 - - default default] Added segment 5a4219ac-6ec8-4f2f-b6f9-9559fb3f86eb of type geneve for network fe3ecb94-e2f1-420e-b2f3-85a5ebb9faae
2026-05-20 03:01:32.935 7 INFO neutron.services.segments.plugin [-] Segment b96da6c4-4f05-432b-b66e-0561cd4fe51e resource provider aggregate not found
2026-05-20 03:01:32.941 7 INFO neutron.services.segments.plugin [-] Segment b96da6c4-4f05-432b-b66e-0561cd4fe51e resource provider aggregate not found
2026-05-20 03:01:32.968 7 INFO neutron.services.segments.plugin [-] Segment b96da6c4-4f05-432b-b66e-0561cd4fe51e resource provider not found; error: Placement Client Error (4xx): {"errors": [{"status": 404, "title": "Not Found", "detail": "The resource could not be found.\n\n No resource provider with uuid b96da6c4-4f05-432b-b66e-0561cd4fe51e found for delete ", "request_id": "req-0547c953-65ce-4e62-9785-bd87ea8c2fd6"}]}
2026-05-20 03:01:32.970 7 INFO neutron.services.segments.plugin [-] Segment b96da6c4-4f05-432b-b66e-0561cd4fe51e resource provider not found; error: Placement Client Error (4xx): {"errors": [{"status": 404, "title": "Not Found", "detail": "The resource could not be found.\n\n No resource provider with uuid b96da6c4-4f05-432b-b66e-0561cd4fe51e found for delete ", "request_id": "req-76d366c3-2509-4e97-985f-5de691f0537e"}]}
2026-05-20 03:01:32.984 8 INFO neutron.db.ovn_revision_numbers_db [None req-456567aa-e0e7-4854-8387-e38070706500 a811472b7c124fb5abbbc66ef7bd8433 607ae6ba90a84159b129856f65392803 - - default default] Successfully bumped revision number for resource fe3ecb94-e2f1-420e-b2f3-85a5ebb9faae (type: networks) to 1
2026-05-20 03:01:33.154 7 INFO neutron.db.ovn_revision_numbers_db [None req-29f41d63-fec2-4dde-91bd-bfbc496694df e28cccbee6be484ca989d405735bcb36 11598947c95949c58bea532ba0748667 - - default default] Successfully bumped revision number for resource 146ef085-591c-47b5-89a6-0cd8d253b9ee (type: security_groups) to 1
2026-05-20 03:01:33.157 8 WARNING neutron.scheduler.dhcp_agent_scheduler [None req-456567aa-e0e7-4854-8387-e38070706500 a811472b7c124fb5abbbc66ef7bd8433 607ae6ba90a84159b129856f65392803 - - default default] No more DHCP agents
2026-05-20 03:01:33.158 8 WARNING neutron.api.rpc.agentnotifiers.dhcp_rpc_agent_api [None req-456567aa-e0e7-4854-8387-e38070706500 a811472b7c124fb5abbbc66ef7bd8433 607ae6ba90a84159b129856f65392803 - - default default] Unable to schedule network fe3ecb94-e2f1-420e-b2f3-85a5ebb9faae: no agents available; will retry on subsequent port and subnet creation events.
2026-05-20 03:01:33.166 7 INFO neutron.db.ovn_revision_numbers_db [None req-29f41d63-fec2-4dde-91bd-bfbc496694df e28cccbee6be484ca989d405735bcb36 11598947c95949c58bea532ba0748667 - - default default] Successfully bumped revision number for resource 386c63aa-cbb2-4178-bcea-a54fb2b400d8 (type: security_group_rules) to 0
2026-05-20 03:01:33.177 7 INFO neutron.db.ovn_revision_numbers_db [None req-29f41d63-fec2-4dde-91bd-bfbc496694df e28cccbee6be484ca989d405735bcb36 11598947c95949c58bea532ba0748667 - - default default] Successfully bumped revision number for resource 6519986b-0e72-45f8-b6d9-76c2ec1de946 (type: security_group_rules) to 0
2026-05-20 03:01:33.190 7 INFO neutron.db.ovn_revision_numbers_db [None req-29f41d63-fec2-4dde-91bd-bfbc496694df e28cccbee6be484ca989d405735bcb36 11598947c95949c58bea532ba0748667 - - default default] Successfully bumped revision number for resource 9470a215-382b-4639-9688-97a0744bb6ae (type: security_group_rules) to 0
2026-05-20 03:01:33.212 7 INFO neutron.db.ovn_revision_numbers_db [None req-29f41d63-fec2-4dde-91bd-bfbc496694df e28cccbee6be484ca989d405735bcb36 11598947c95949c58bea532ba0748667 - - default default] Successfully bumped revision number for resource 96dc5028-5e45-4048-9dc6-4d7685b67ca1 (type: security_group_rules) to 0
2026-05-20 03:01:33.234 8 INFO neutron.db.ovn_revision_numbers_db [None req-456567aa-e0e7-4854-8387-e38070706500 a811472b7c124fb5abbbc66ef7bd8433 607ae6ba90a84159b129856f65392803 - - default default] Successfully bumped revision number for resource 33fb87fe-2cf1-461a-a731-7fde72f83ff5 (type: ports) to 1 [pid: 8|app: 0|req: 954/1961] 10.0.0.100 () {34 vars in 670 bytes} [Wed May 20 03:01:32 2026] POST /v2.0/networks => generated 649 bytes in 490 msecs (HTTP/1.1 201) 4 headers in 162 bytes (1 switches on core 0)
2026-05-20 03:01:33.288 7 INFO neutron.db.segments_db [None req-29f41d63-fec2-4dde-91bd-bfbc496694df e28cccbee6be484ca989d405735bcb36 11598947c95949c58bea532ba0748667 - - default default] Added segment eb4a988f-716e-4444-a6a9-d0a8f109c471 of type geneve for network 85b582dd-ab6a-48e3-94d5-c9c04f92270a
2026-05-20 03:01:33.391 7 INFO neutron.db.ovn_revision_numbers_db [None req-29f41d63-fec2-4dde-91bd-bfbc496694df e28cccbee6be484ca989d405735bcb36 11598947c95949c58bea532ba0748667 - - default default] Successfully bumped revision number for resource 85b582dd-ab6a-48e3-94d5-c9c04f92270a (type: networks) to 1
2026-05-20 03:01:33.432 8 INFO neutron.db.ovn_revision_numbers_db [None req-e0789157-f75e-484b-89d6-746284e7af05 f35c6058c9024b7d9ed844eaa64d03ea 2346038a1fda423ebb0e6c50d32ec3c7 - - default default] Successfully bumped revision number for resource 19ba8218-7358-4afa-9e7a-ae4a14bc58ed (type: security_groups) to 1
2026-05-20 03:01:33.441 8 INFO neutron.db.ovn_revision_numbers_db [None req-e0789157-f75e-484b-89d6-746284e7af05 f35c6058c9024b7d9ed844eaa64d03ea 2346038a1fda423ebb0e6c50d32ec3c7 - - default default] Successfully bumped revision number for resource 2c335841-5988-4a10-bff0-58f2f227efc1 (type: security_group_rules) to 0
2026-05-20 03:01:33.452 8 INFO neutron.db.ovn_revision_numbers_db [None req-e0789157-f75e-484b-89d6-746284e7af05 f35c6058c9024b7d9ed844eaa64d03ea 2346038a1fda423ebb0e6c50d32ec3c7 - - default default] Successfully bumped revision number for resource 39cdcdfe-2b0e-4894-a303-6249dbd24d91 (type: security_group_rules) to 0
2026-05-20 03:01:33.467 8 INFO neutron.db.ovn_revision_numbers_db [None req-e0789157-f75e-484b-89d6-746284e7af05 f35c6058c9024b7d9ed844eaa64d03ea 2346038a1fda423ebb0e6c50d32ec3c7 - - default default] Successfully bumped revision number for resource a1062e57-9d9a-4ae5-a651-d8fd61d3efa4 (type: security_group_rules) to 0
2026-05-20 03:01:33.480 8 INFO neutron.db.ovn_revision_numbers_db [None req-e0789157-f75e-484b-89d6-746284e7af05 f35c6058c9024b7d9ed844eaa64d03ea 2346038a1fda423ebb0e6c50d32ec3c7 - - default default] Successfully bumped revision number for resource f4c8ee91-caf0-4dcf-9089-daae13c21183 (type: security_group_rules) to 0
2026-05-20 03:01:33.590 8 INFO neutron.db.ovn_revision_numbers_db [None req-e0789157-f75e-484b-89d6-746284e7af05 f35c6058c9024b7d9ed844eaa64d03ea 2346038a1fda423ebb0e6c50d32ec3c7 - - default default] Successfully bumped revision number for resource 049e7404-0100-4817-8130-46b4cedfbd29 (type: security_groups) to 1
2026-05-20 03:01:33.604 7 WARNING neutron.scheduler.dhcp_agent_scheduler [None req-29f41d63-fec2-4dde-91bd-bfbc496694df e28cccbee6be484ca989d405735bcb36 11598947c95949c58bea532ba0748667 - - default default] No more DHCP agents
2026-05-20 03:01:33.605 8 INFO neutron.db.ovn_revision_numbers_db [None req-e0789157-f75e-484b-89d6-746284e7af05 f35c6058c9024b7d9ed844eaa64d03ea 2346038a1fda423ebb0e6c50d32ec3c7 - - default default] Successfully bumped revision number for resource 02abdba9-613a-4d4e-abf7-723dea58b377 (type: security_group_rules) to 0
2026-05-20 03:01:33.606 7 WARNING neutron.api.rpc.agentnotifiers.dhcp_rpc_agent_api [None req-29f41d63-fec2-4dde-91bd-bfbc496694df e28cccbee6be484ca989d405735bcb36 11598947c95949c58bea532ba0748667 - - default default] Unable to schedule network 85b582dd-ab6a-48e3-94d5-c9c04f92270a: no agents available; will retry on subsequent port and subnet creation events.
2026-05-20 03:01:33.621 8 INFO neutron.db.ovn_revision_numbers_db [None req-e0789157-f75e-484b-89d6-746284e7af05 f35c6058c9024b7d9ed844eaa64d03ea 2346038a1fda423ebb0e6c50d32ec3c7 - - default default] Successfully bumped revision number for resource de0788bf-8965-4212-a29e-8d32bbdeb9cf (type: security_group_rules) to 0
2026-05-20 03:01:33.669 8 INFO neutron.plugins.ml2.drivers.ovn.mech_driver.mech_driver [None req-eb992547-d3c5-4ce5-b536-bbe8ea86dcb4 - - - - - -] OVN reports status down for port: 83b694b6-ef0b-4a74-866d-39451d4f93e6 [pid: 8|app: 0|req: 955/1962] 10.0.0.100 () {34 vars in 684 bytes} [Wed May 20 03:01:33 2026] POST /v2.0/security-groups => generated 1625 bytes in 428 msecs (HTTP/1.1 201) 4 headers in 163 bytes (1 switches on core 0)
2026-05-20 03:01:33.703 7 INFO neutron.db.ovn_revision_numbers_db [None req-29f41d63-fec2-4dde-91bd-bfbc496694df e28cccbee6be484ca989d405735bcb36 11598947c95949c58bea532ba0748667 - - default default] Successfully bumped revision number for resource 83b694b6-ef0b-4a74-866d-39451d4f93e6 (type: ports) to 1 [pid: 7|app: 0|req: 1008/1963] 10.0.0.100 () {34 vars in 670 bytes} [Wed May 20 03:01:32 2026] POST /v2.0/networks => generated 650 bytes in 848 msecs (HTTP/1.1 201) 4 headers in 162 bytes (1 switches on core 0)
2026-05-20 03:01:33.858 8 INFO neutron.db.ovn_revision_numbers_db [None req-46ca8977-0623-48b0-9032-d90714ba23d4 b1d59a7d4d8046e382f1b7142172841f 753191dacbb64051947768c3bc5c6640 - - default default] Successfully bumped revision number for resource 485596ac-7a87-4037-ba94-4b1b4d10bb27 (type: security_groups) to 1
2026-05-20 03:01:33.870 8 INFO neutron.db.ovn_revision_numbers_db [None req-46ca8977-0623-48b0-9032-d90714ba23d4 b1d59a7d4d8046e382f1b7142172841f 753191dacbb64051947768c3bc5c6640 - - default default] Successfully bumped revision number for resource 03094925-d895-4bf5-aa5c-6a47cb884958 (type: security_group_rules) to 0
2026-05-20 03:01:33.886 8 INFO neutron.db.ovn_revision_numbers_db [None req-46ca8977-0623-48b0-9032-d90714ba23d4 b1d59a7d4d8046e382f1b7142172841f 753191dacbb64051947768c3bc5c6640 - - default default] Successfully bumped revision number for resource 7e8fc07e-b26d-4c31-a482-bbf3d657d81c (type: security_group_rules) to 0
2026-05-20 03:01:33.896 8 INFO neutron.db.ovn_revision_numbers_db [None req-46ca8977-0623-48b0-9032-d90714ba23d4 b1d59a7d4d8046e382f1b7142172841f 753191dacbb64051947768c3bc5c6640 - - default default] Successfully bumped revision number for resource 7fc955d6-a1ea-46e2-affa-0467807442f6 (type: security_group_rules) to 0
2026-05-20 03:01:33.909 8 INFO neutron.db.ovn_revision_numbers_db [None req-46ca8977-0623-48b0-9032-d90714ba23d4 b1d59a7d4d8046e382f1b7142172841f 753191dacbb64051947768c3bc5c6640 - - default default] Successfully bumped revision number for resource d5576dd0-fd85-4815-9077-1fdc2e4e80fd (type: security_group_rules) to 0
2026-05-20 03:01:33.916 7 WARNING neutron.scheduler.dhcp_agent_scheduler [None req-12a4a677-fb7c-4f57-b6e3-f2387e455a7d a811472b7c124fb5abbbc66ef7bd8433 607ae6ba90a84159b129856f65392803 - - default default] No more DHCP agents
2026-05-20 03:01:33.917 7 WARNING neutron.api.rpc.agentnotifiers.dhcp_rpc_agent_api [None req-12a4a677-fb7c-4f57-b6e3-f2387e455a7d a811472b7c124fb5abbbc66ef7bd8433 607ae6ba90a84159b129856f65392803 - - default default] Unable to schedule network fe3ecb94-e2f1-420e-b2f3-85a5ebb9faae: no agents available; will retry on subsequent port and subnet creation events. [pid: 8|app: 0|req: 956/1964] 10.0.0.100 () {32 vars in 774 bytes} [Wed May 20 03:01:33 2026] GET /v2.0/security-groups?tenant_id=fbf104a2e2db45bc963d89a5c57e02bd&name=default => generated 2925 bytes in 265 msecs (HTTP/1.1 200) 4 headers in 158 bytes (1 switches on core 0) [pid: 8|app: 0|req: 957/1965] 10.0.0.100 () {32 vars in 663 bytes} [Wed May 20 03:01:33 2026] GET /v2.0/security-groups => generated 4530 bytes in 28 msecs (HTTP/1.1 200) 4 headers in 158 bytes (1 switches on core 0)
2026-05-20 03:01:34.179 8 WARNING neutron.scheduler.dhcp_agent_scheduler [None req-eb25b5d6-c308-4b07-87f1-f008e1fc0010 e28cccbee6be484ca989d405735bcb36 11598947c95949c58bea532ba0748667 - - default default] No more DHCP agents
2026-05-20 03:01:34.180 8 WARNING neutron.api.rpc.agentnotifiers.dhcp_rpc_agent_api [None req-eb25b5d6-c308-4b07-87f1-f008e1fc0010 e28cccbee6be484ca989d405735bcb36 11598947c95949c58bea532ba0748667 - - default default] Unable to schedule network 85b582dd-ab6a-48e3-94d5-c9c04f92270a: no agents available; will retry on subsequent port and subnet creation events.
2026-05-20 03:01:34.260 8 INFO neutron.db.ovn_revision_numbers_db [None req-eb25b5d6-c308-4b07-87f1-f008e1fc0010 e28cccbee6be484ca989d405735bcb36 11598947c95949c58bea532ba0748667 - - default default] Successfully bumped revision number for resource a3a8087f-26a5-4b13-9124-312dc43506e7 (type: ports) to 1 [pid: 8|app: 0|req: 958/1966] 10.0.0.100 () {34 vars in 664 bytes} [Wed May 20 03:01:33 2026] POST /v2.0/ports => generated 743 bytes in 334 msecs (HTTP/1.1 201) 4 headers in 162 bytes (1 switches on core 0) /var/lib/openstack/lib/python3.12/site-packages/pycadf/identifier.py:70: UserWarning: Invalid uuid: neutron. To ensure interoperability, identifiers should be a valid uuid. warnings.warn(('Invalid uuid: %s. To ensure interoperability, '
2026-05-20 03:01:34.401 7 INFO neutron.db.ovn_revision_numbers_db [None req-f92a6adf-83e2-4ee1-8cf8-7b38eaadb074 - - - - - -] Successfully bumped revision number for resource 33fb87fe-2cf1-461a-a731-7fde72f83ff5 (type: ports) to 2
2026-05-20 03:01:34.432 7 INFO neutron.db.ovn_revision_numbers_db [None req-f92a6adf-83e2-4ee1-8cf8-7b38eaadb074 - - - - - -] Successfully bumped revision number for resource 45ce3c4f-bc12-40ac-a31d-2abde034e03e (type: subnets) to 0 [pid: 7|app: 0|req: 1009/1967] 10.0.0.100 () {34 vars in 669 bytes} [Wed May 20 03:01:33 2026] POST /v2.0/subnets => generated 626 bytes in 724 msecs (HTTP/1.1 201) 4 headers in 162 bytes (1 switches on core 0)
2026-05-20 03:01:34.534 7 INFO neutron.db.ovn_revision_numbers_db [None req-0dc7dece-b7b5-4640-910f-63f1fb6943bb f35c6058c9024b7d9ed844eaa64d03ea 2346038a1fda423ebb0e6c50d32ec3c7 - - default default] Successfully bumped revision number for resource 049e7404-0100-4817-8130-46b4cedfbd29 (type: security_groups) to 2 [pid: 8|app: 0|req: 959/1968] 10.0.0.100 () {32 vars in 740 bytes} [Wed May 20 03:01:34 2026] DELETE /v2.0/security-groups/485596ac-7a87-4037-ba94-4b1b4d10bb27 => generated 0 bytes in 236 msecs (HTTP/1.1 204) 2 headers in 112 bytes (1 switches on core 0) [pid: 7|app: 0|req: 1010/1969] 10.0.0.100 () {34 vars in 758 bytes} [Wed May 20 03:01:34 2026] PUT /v2.0/security-groups/049e7404-0100-4817-8130-46b4cedfbd29 => generated 1662 bytes in 111 msecs (HTTP/1.1 200) 4 headers in 158 bytes (1 switches on core 0)
2026-05-20 03:01:34.632 8 INFO neutron.db.segments_db [None req-34cb6139-abfc-44d6-a686-346fe75243fa e28cccbee6be484ca989d405735bcb36 11598947c95949c58bea532ba0748667 - - default default] Added segment 03afb04e-8895-456d-b53c-c0af09c02204 of type geneve for network 37a8fac0-7076-497e-a186-1bfb195b29c3
2026-05-20 03:01:34.671 7 INFO neutron.db.ovn_revision_numbers_db [None req-6aedcab9-119f-4a3f-b61e-68573d010591 a811472b7c124fb5abbbc66ef7bd8433 607ae6ba90a84159b129856f65392803 - - default default] Successfully bumped revision number for resource 80bcee70-a322-4309-9f78-95cfba6dc5c6 (type: routers) to 1 [pid: 7|app: 0|req: 1011/1970] 10.0.0.100 () {34 vars in 669 bytes} [Wed May 20 03:01:34 2026] POST /v2.0/routers => generated 602 bytes in 130 msecs (HTTP/1.1 201) 4 headers in 162 bytes (1 switches on core 0) [pid: 7|app: 0|req: 1012/1971] 10.0.0.100 () {32 vars in 737 bytes} [Wed May 20 03:01:34 2026] GET /v2.0/security-groups/049e7404-0100-4817-8130-46b4cedfbd29 => generated 1662 bytes in 23 msecs (HTTP/1.1 200) 4 headers in 158 bytes (1 switches on core 0) [pid: 7|app: 0|req: 1013/1972] 10.0.0.100 () {32 vars in 774 bytes} [Wed May 20 03:01:34 2026] GET /v2.0/security-groups?tenant_id=20f238217cb94df28653a1aaaf416bf3&name=default => generated 2925 bytes in 27 msecs (HTTP/1.1 200) 4 headers in 158 bytes (1 switches on core 0)
2026-05-20 03:01:34.760 8 INFO neutron.db.ovn_revision_numbers_db [None req-34cb6139-abfc-44d6-a686-346fe75243fa e28cccbee6be484ca989d405735bcb36 11598947c95949c58bea532ba0748667 - - default default] Successfully bumped revision number for resource 37a8fac0-7076-497e-a186-1bfb195b29c3 (type: networks) to 1
2026-05-20 03:01:34.927 8 WARNING neutron.scheduler.dhcp_agent_scheduler [None req-34cb6139-abfc-44d6-a686-346fe75243fa e28cccbee6be484ca989d405735bcb36 11598947c95949c58bea532ba0748667 - - default default] No more DHCP agents
2026-05-20 03:01:34.929 8 WARNING neutron.api.rpc.agentnotifiers.dhcp_rpc_agent_api [None req-34cb6139-abfc-44d6-a686-346fe75243fa e28cccbee6be484ca989d405735bcb36 11598947c95949c58bea532ba0748667 - - default default] Unable to schedule network 37a8fac0-7076-497e-a186-1bfb195b29c3: no agents available; will retry on subsequent port and subnet creation events.
2026-05-20 03:01:34.985 8 INFO neutron.plugins.ml2.drivers.ovn.mech_driver.mech_driver [None req-eb992547-d3c5-4ce5-b536-bbe8ea86dcb4 - - - - - -] OVN reports status down for port: 28ecb1f4-f72d-4fe2-9e16-e4b2ff7eb077
2026-05-20 03:01:35.040 8 INFO neutron.db.ovn_revision_numbers_db [None req-34cb6139-abfc-44d6-a686-346fe75243fa e28cccbee6be484ca989d405735bcb36 11598947c95949c58bea532ba0748667 - - default default] Successfully bumped revision number for resource 28ecb1f4-f72d-4fe2-9e16-e4b2ff7eb077 (type: ports) to 1 [pid: 8|app: 0|req: 960/1973] 10.0.0.100 () {34 vars in 670 bytes} [Wed May 20 03:01:34 2026] POST /v2.0/networks => generated 650 bytes in 536 msecs (HTTP/1.1 201) 4 headers in 162 bytes (1 switches on core 0)
2026-05-20 03:01:35.113 7 WARNING neutron.scheduler.dhcp_agent_scheduler [None req-43cdf21e-5568-4143-b40f-052bc3a43eab a811472b7c124fb5abbbc66ef7bd8433 607ae6ba90a84159b129856f65392803 - - default default] No more DHCP agents
2026-05-20 03:01:35.115 7 WARNING neutron.api.rpc.agentnotifiers.dhcp_rpc_agent_api [None req-43cdf21e-5568-4143-b40f-052bc3a43eab a811472b7c124fb5abbbc66ef7bd8433 607ae6ba90a84159b129856f65392803 - - default default] Unable to schedule network fe3ecb94-e2f1-420e-b2f3-85a5ebb9faae: no agents available; will retry on subsequent port and subnet creation events.
2026-05-20 03:01:35.154 7 WARNING neutron.plugins.ml2.drivers.ovn.mech_driver.ovsdb.ovn_client [None req-b5a6cd2c-72f5-477f-a4d0-a94e3a292dc0 - - - - - -] No port found with ID 83a13890-b869-4e52-b992-a65cee9a0f9a: RuntimeError: No port found with ID 83a13890-b869-4e52-b992-a65cee9a0f9a
2026-05-20 03:01:35.169 7 INFO neutron.plugins.ml2.drivers.ovn.mech_driver.mech_driver [None req-b5a6cd2c-72f5-477f-a4d0-a94e3a292dc0 - - - - - -] OVN reports status down for port: 33fb87fe-2cf1-461a-a731-7fde72f83ff5 [pid: 8|app: 0|req: 961/1974] 10.0.0.100 () {32 vars in 740 bytes} [Wed May 20 03:01:35 2026] DELETE /v2.0/security-groups/049e7404-0100-4817-8130-46b4cedfbd29 => generated 0 bytes in 130 msecs (HTTP/1.1 204) 2 headers in 112 bytes (1 switches on core 0)
2026-05-20 03:01:35.321 7 INFO neutron.plugins.ml2.drivers.ovn.mech_driver.mech_driver [None req-b5a6cd2c-72f5-477f-a4d0-a94e3a292dc0 - - - - - -] OVN reports status down for port: a3a8087f-26a5-4b13-9124-312dc43506e7
2026-05-20 03:01:35.372 7 INFO neutron.db.ovn_revision_numbers_db [None req-43cdf21e-5568-4143-b40f-052bc3a43eab a811472b7c124fb5abbbc66ef7bd8433 607ae6ba90a84159b129856f65392803 - - default default] Successfully bumped revision number for resource 9f1a6645-fa00-420e-be86-c243f361dcf9 (type: ports) to 1
2026-05-20 03:01:35.459 7 INFO neutron.plugins.ml2.drivers.ovn.mech_driver.mech_driver [None req-b5a6cd2c-72f5-477f-a4d0-a94e3a292dc0 - - - - - -] OVN reports status down for port: 9f1a6645-fa00-420e-be86-c243f361dcf9 [pid: 8|app: 0|req: 962/1975] 10.0.0.100 () {32 vars in 740 bytes} [Wed May 20 03:01:35 2026] DELETE /v2.0/security-groups/79620586-4058-4c63-8133-897bc8940c42 => generated 0 bytes in 262 msecs (HTTP/1.1 204) 2 headers in 112 bytes (1 switches on core 0)
2026-05-20 03:01:35.661 8 WARNING neutron.scheduler.dhcp_agent_scheduler [None req-c56b2c25-f24d-4ed0-9d80-37cd52c63964 e28cccbee6be484ca989d405735bcb36 11598947c95949c58bea532ba0748667 - - default default] No more DHCP agents
2026-05-20 03:01:35.662 8 WARNING neutron.api.rpc.agentnotifiers.dhcp_rpc_agent_api [None req-c56b2c25-f24d-4ed0-9d80-37cd52c63964 e28cccbee6be484ca989d405735bcb36 11598947c95949c58bea532ba0748667 - - default default] Unable to schedule network 37a8fac0-7076-497e-a186-1bfb195b29c3: no agents available; will retry on subsequent port and subnet creation events.
2026-05-20 03:01:35.732 7 INFO neutron.plugins.ml2.drivers.ovn.mech_driver.mech_driver [None req-b5a6cd2c-72f5-477f-a4d0-a94e3a292dc0 - - - - - -] OVN reports status down for port: bd269188-d9ed-443f-a68b-757d38325ad8
2026-05-20 03:01:35.751 8 INFO neutron.db.ovn_revision_numbers_db [None req-c56b2c25-f24d-4ed0-9d80-37cd52c63964 e28cccbee6be484ca989d405735bcb36 11598947c95949c58bea532ba0748667 - - default default] Successfully bumped revision number for resource bd269188-d9ed-443f-a68b-757d38325ad8 (type: ports) to 1 [pid: 8|app: 0|req: 963/1976] 10.0.0.100 () {34 vars in 664 bytes} [Wed May 20 03:01:35 2026] POST /v2.0/ports => generated 743 bytes in 315 msecs (HTTP/1.1 201) 4 headers in 162 bytes (1 switches on core 0) /var/lib/openstack/lib/python3.12/site-packages/pycadf/identifier.py:70: UserWarning: Invalid uuid: neutron. To ensure interoperability, identifiers should be a valid uuid. warnings.warn(('Invalid uuid: %s. To ensure interoperability, ' [pid: 8|app: 0|req: 964/1977] 10.0.0.100 () {32 vars in 663 bytes} [Wed May 20 03:01:35 2026] GET /v2.0/security-groups => generated 2925 bytes in 20 msecs (HTTP/1.1 200) 4 headers in 158 bytes (1 switches on core 0)
2026-05-20 03:01:35.888 8 INFO neutron.db.segments_db [None req-aa619554-9eab-4e3b-a7e0-99e541ab35de e28cccbee6be484ca989d405735bcb36 11598947c95949c58bea532ba0748667 - - default default] Added segment c9092964-2f2b-4cee-b9eb-9930a9a7594e of type geneve for network d976102a-b308-42a2-a4b8-ef96b8676d72
2026-05-20 03:01:35.975 8 INFO neutron.db.ovn_revision_numbers_db [None req-aa619554-9eab-4e3b-a7e0-99e541ab35de e28cccbee6be484ca989d405735bcb36 11598947c95949c58bea532ba0748667 - - default default] Successfully bumped revision number for resource d976102a-b308-42a2-a4b8-ef96b8676d72 (type: networks) to 1
2026-05-20 03:01:36.026 7 INFO neutron.plugins.ml2.drivers.ovn.mech_driver.mech_driver [None req-b5a6cd2c-72f5-477f-a4d0-a94e3a292dc0 - - - - - -] OVN reports status up for port: 9f1a6645-fa00-420e-be86-c243f361dcf9
2026-05-20 03:01:36.053 7 INFO neutron.plugins.ml2.plugin [None req-b5a6cd2c-72f5-477f-a4d0-a94e3a292dc0 - - - - - -] Attempt 1 to provision port 9f1a6645-fa00-420e-be86-c243f361dcf9
2026-05-20 03:01:36.122 8 WARNING neutron.scheduler.dhcp_agent_scheduler [None req-aa619554-9eab-4e3b-a7e0-99e541ab35de e28cccbee6be484ca989d405735bcb36 11598947c95949c58bea532ba0748667 - - default default] No more DHCP agents
2026-05-20 03:01:36.124 8 WARNING neutron.api.rpc.agentnotifiers.dhcp_rpc_agent_api [None req-aa619554-9eab-4e3b-a7e0-99e541ab35de e28cccbee6be484ca989d405735bcb36 11598947c95949c58bea532ba0748667 - - default default] Unable to schedule network d976102a-b308-42a2-a4b8-ef96b8676d72: no agents available; will retry on subsequent port and subnet creation events.
2026-05-20 03:01:36.186 8 INFO neutron.db.ovn_revision_numbers_db [None req-aa619554-9eab-4e3b-a7e0-99e541ab35de e28cccbee6be484ca989d405735bcb36 11598947c95949c58bea532ba0748667 - - default default] Successfully bumped revision number for resource b63a6436-7f87-4f61-867e-9f66b73d1984 (type: ports) to 1
2026-05-20 03:01:36.196 7 WARNING neutron.scheduler.dhcp_agent_scheduler [None req-43cdf21e-5568-4143-b40f-052bc3a43eab a811472b7c124fb5abbbc66ef7bd8433 607ae6ba90a84159b129856f65392803 - - default default] No more DHCP agents
2026-05-20 03:01:36.198 7 WARNING neutron.api.rpc.agentnotifiers.dhcp_rpc_agent_api [None req-43cdf21e-5568-4143-b40f-052bc3a43eab a811472b7c124fb5abbbc66ef7bd8433 607ae6ba90a84159b129856f65392803 - - default default] Unable to schedule network fe3ecb94-e2f1-420e-b2f3-85a5ebb9faae: no agents available; will retry on subsequent port and subnet creation events. [pid: 8|app: 0|req: 965/1978] 10.0.0.100 () {34 vars in 670 bytes} [Wed May 20 03:01:35 2026] POST /v2.0/networks => generated 650 bytes in 394 msecs (HTTP/1.1 201) 4 headers in 162 bytes (1 switches on core 0)
2026-05-20 03:01:36.218 8 INFO neutron.api.v2.resource [None req-c07675d6-0b30-41b2-9e54-bba9c0a6ba85 f35c6058c9024b7d9ed844eaa64d03ea 2346038a1fda423ebb0e6c50d32ec3c7 - - default default] delete failed (client error): The resource could not be found. [pid: 8|app: 0|req: 966/1979] 10.0.0.100 () {32 vars in 740 bytes} [Wed May 20 03:01:36 2026] DELETE /v2.0/security-groups/049e7404-0100-4817-8130-46b4cedfbd29 => generated 146 bytes in 11 msecs (HTTP/1.1 404) 4 headers in 164 bytes (1 switches on core 0)
2026-05-20 03:01:36.474 8 WARNING neutron.scheduler.dhcp_agent_scheduler [None req-6069aee1-1909-477b-a55a-d1ac08daddcb e28cccbee6be484ca989d405735bcb36 11598947c95949c58bea532ba0748667 - - default default] No more DHCP agents
2026-05-20 03:01:36.477 8 WARNING neutron.api.rpc.agentnotifiers.dhcp_rpc_agent_api [None req-6069aee1-1909-477b-a55a-d1ac08daddcb e28cccbee6be484ca989d405735bcb36 11598947c95949c58bea532ba0748667 - - default default] Unable to schedule network d976102a-b308-42a2-a4b8-ef96b8676d72: no agents available; will retry on subsequent port and subnet creation events.
2026-05-20 03:01:36.576 8 INFO neutron.db.ovn_revision_numbers_db [None req-6069aee1-1909-477b-a55a-d1ac08daddcb e28cccbee6be484ca989d405735bcb36 11598947c95949c58bea532ba0748667 - - default default] Successfully bumped revision number for resource c6c66349-fa69-4514-8039-d560fd248f7d (type: ports) to 1 [pid: 8|app: 0|req: 967/1980] 10.0.0.100 () {34 vars in 664 bytes} [Wed May 20 03:01:36 2026] POST /v2.0/ports => generated 743 bytes in 418 msecs (HTTP/1.1 201) 4 headers in 162 bytes (1 switches on core 0) /var/lib/openstack/lib/python3.12/site-packages/pycadf/identifier.py:70: UserWarning: Invalid uuid: neutron. To ensure interoperability, identifiers should be a valid uuid. warnings.warn(('Invalid uuid: %s. To ensure interoperability, '
2026-05-20 03:01:36.660 7 INFO neutron.db.ovn_revision_numbers_db [None req-43cdf21e-5568-4143-b40f-052bc3a43eab a811472b7c124fb5abbbc66ef7bd8433 607ae6ba90a84159b129856f65392803 - - default default] Successfully bumped revision number for resource 9f1a6645-fa00-420e-be86-c243f361dcf9 (type: router_ports) to 1 [pid: 7|app: 0|req: 1014/1981] 10.0.0.100 () {34 vars in 783 bytes} [Wed May 20 03:01:34 2026] PUT /v2.0/routers/80bcee70-a322-4309-9f78-95cfba6dc5c6/add_router_interface => generated 309 bytes in 1933 msecs (HTTP/1.1 200) 4 headers in 157 bytes (1 switches on core 0)
2026-05-20 03:01:36.780 8 INFO neutron.db.ovn_revision_numbers_db [None req-5f0ae415-7e8c-420f-9762-8b690a581c4b f35c6058c9024b7d9ed844eaa64d03ea 2346038a1fda423ebb0e6c50d32ec3c7 - - default default] Successfully bumped revision number for resource 4cdb624d-bc62-49b9-98b8-20d8bfebbada (type: security_groups) to 1
2026-05-20 03:01:36.789 8 INFO neutron.db.ovn_revision_numbers_db [None req-5f0ae415-7e8c-420f-9762-8b690a581c4b f35c6058c9024b7d9ed844eaa64d03ea 2346038a1fda423ebb0e6c50d32ec3c7 - - default default] Successfully bumped revision number for resource 8ef8dd3a-75ab-45c1-8d43-3e424829a55f (type: security_group_rules) to 0
2026-05-20 03:01:36.810 7 INFO neutron.db.ovn_revision_numbers_db [None req-b5a6cd2c-72f5-477f-a4d0-a94e3a292dc0 - - - - - -] Successfully bumped revision number for resource 9f1a6645-fa00-420e-be86-c243f361dcf9 (type: ports) to 2
2026-05-20 03:01:36.812 8 INFO neutron.db.ovn_revision_numbers_db [None req-5f0ae415-7e8c-420f-9762-8b690a581c4b f35c6058c9024b7d9ed844eaa64d03ea 2346038a1fda423ebb0e6c50d32ec3c7 - - default default] Successfully bumped revision number for resource de97e5e0-1744-46c8-be60-b293d7c806f8 (type: security_group_rules) to 0
2026-05-20 03:01:36.816 7 INFO neutron.db.segments_db [None req-54886562-658e-4320-80df-923d0f2dd46a e28cccbee6be484ca989d405735bcb36 11598947c95949c58bea532ba0748667 - - default default] Added segment 0b0a9b27-18e9-46d4-ba8b-a248668ac228 of type geneve for network 783f00ee-42b7-46ed-a72f-2354c63e02ba [pid: 8|app: 0|req: 968/1982] 10.0.0.100 () {34 vars in 684 bytes} [Wed May 20 03:01:36 2026] POST /v2.0/security-groups => generated 1625 bytes in 208 msecs (HTTP/1.1 201) 4 headers in 163 bytes (1 switches on core 0) [pid: 8|app: 0|req: 969/1983] 10.0.0.100 () {32 vars in 717 bytes} [Wed May 20 03:01:36 2026] GET /v2.0/ports/9f1a6645-fa00-420e-be86-c243f361dcf9 => generated 943 bytes in 65 msecs (HTTP/1.1 200) 4 headers in 157 bytes (1 switches on core 0)
2026-05-20 03:01:37.001 7 INFO neutron.db.ovn_revision_numbers_db [None req-54886562-658e-4320-80df-923d0f2dd46a e28cccbee6be484ca989d405735bcb36 11598947c95949c58bea532ba0748667 - - default default] Successfully bumped revision number for resource 783f00ee-42b7-46ed-a72f-2354c63e02ba (type: networks) to 1
2026-05-20 03:01:37.036 8 INFO neutron.db.ovn_revision_numbers_db [None req-3dcc258b-9b26-4ae8-9232-1d6f2e86a40d f35c6058c9024b7d9ed844eaa64d03ea 2346038a1fda423ebb0e6c50d32ec3c7 - - default default] Successfully bumped revision number for resource 4f63996e-9352-4c6f-afb6-cc67b37cc21b (type: security_group_rules) to 0 [pid: 8|app: 0|req: 970/1984] 10.0.0.100 () {34 vars in 695 bytes} [Wed May 20 03:01:36 2026] POST /v2.0/security-group-rules => generated 601 bytes in 156 msecs (HTTP/1.1 201) 4 headers in 162 bytes (1 switches on core 0) [pid: 8|app: 0|req: 971/1985] 10.0.0.100 () {32 vars in 717 bytes} [Wed May 20 03:01:37 2026] GET /v2.0/ports/9f1a6645-fa00-420e-be86-c243f361dcf9 => generated 943 bytes in 27 msecs (HTTP/1.1 200) 4 headers in 157 bytes (1 switches on core 0) [pid: 8|app: 0|req: 972/1986] 10.0.0.100 () {32 vars in 747 bytes} [Wed May 20 03:01:37 2026] GET /v2.0/security-group-rules/4f63996e-9352-4c6f-afb6-cc67b37cc21b => generated 601 bytes in 11 msecs (HTTP/1.1 200) 4 headers in 157 bytes (1 switches on core 0)
2026-05-20 03:01:37.179 7 WARNING neutron.scheduler.dhcp_agent_scheduler [None req-54886562-658e-4320-80df-923d0f2dd46a e28cccbee6be484ca989d405735bcb36 11598947c95949c58bea532ba0748667 - - default default] No more DHCP agents
2026-05-20 03:01:37.182 7 WARNING neutron.api.rpc.agentnotifiers.dhcp_rpc_agent_api [None req-54886562-658e-4320-80df-923d0f2dd46a e28cccbee6be484ca989d405735bcb36 11598947c95949c58bea532ba0748667 - - default default] Unable to schedule network 783f00ee-42b7-46ed-a72f-2354c63e02ba: no agents available; will retry on subsequent port and subnet creation events.
2026-05-20 03:01:37.260 7 INFO neutron.db.ovn_revision_numbers_db [None req-54886562-658e-4320-80df-923d0f2dd46a e28cccbee6be484ca989d405735bcb36 11598947c95949c58bea532ba0748667 - - default default] Successfully bumped revision number for resource 693e4857-93d8-47fc-bb1d-78e7328b28cf (type: ports) to 1 [pid: 7|app: 0|req: 1015/1987] 10.0.0.100 () {34 vars in 670 bytes} [Wed May 20 03:01:36 2026] POST /v2.0/networks => generated 651 bytes in 609 msecs (HTTP/1.1 201) 4 headers in 162 bytes (1 switches on core 0)
2026-05-20 03:01:37.356 8 INFO neutron_taas.services.taas.taas_plugin [None req-055e8eea-eb0f-4d99-b11b-f23a6fe28031 a811472b7c124fb5abbbc66ef7bd8433 607ae6ba90a84159b129856f65392803 - - default default] TaaS: Handle Delete Port: 9f1a6645-fa00-420e-be86-c243f361dcf9
2026-05-20 03:01:37.359 8 INFO neutron_taas.services.taas.tap_mirror_plugin [None req-055e8eea-eb0f-4d99-b11b-f23a6fe28031 a811472b7c124fb5abbbc66ef7bd8433 607ae6ba90a84159b129856f65392803 - - default default] Tap Mirror: Handle Delete Port: 9f1a6645-fa00-420e-be86-c243f361dcf9 [pid: 7|app: 0|req: 1016/1988] 10.0.0.100 () {32 vars in 673 bytes} [Wed May 20 03:01:37 2026] GET /v2.0/security-group-rules => generated 4138 bytes in 75 msecs (HTTP/1.1 200) 4 headers in 158 bytes (1 switches on core 0)
2026-05-20 03:01:37.591 7 WARNING neutron.scheduler.dhcp_agent_scheduler [None req-3e59abbc-c808-4ec2-8bd2-c7007e1d900c e28cccbee6be484ca989d405735bcb36 11598947c95949c58bea532ba0748667 - - default default] No more DHCP agents
2026-05-20 03:01:37.592 7 WARNING neutron.api.rpc.agentnotifiers.dhcp_rpc_agent_api [None req-3e59abbc-c808-4ec2-8bd2-c7007e1d900c e28cccbee6be484ca989d405735bcb36 11598947c95949c58bea532ba0748667 - - default default] Unable to schedule network 783f00ee-42b7-46ed-a72f-2354c63e02ba: no agents available; will retry on subsequent port and subnet creation events. [pid: 8|app: 0|req: 973/1989] 10.0.0.100 () {34 vars in 789 bytes} [Wed May 20 03:01:37 2026] PUT /v2.0/routers/80bcee70-a322-4309-9f78-95cfba6dc5c6/remove_router_interface => generated 309 bytes in 565 msecs (HTTP/1.1 200) 4 headers in 157 bytes (1 switches on core 0) /var/lib/openstack/lib/python3.12/site-packages/pycadf/identifier.py:70: UserWarning: Invalid uuid: neutron. To ensure interoperability, identifiers should be a valid uuid. warnings.warn(('Invalid uuid: %s. To ensure interoperability, '
2026-05-20 03:01:37.690 7 INFO neutron.db.ovn_revision_numbers_db [None req-3e59abbc-c808-4ec2-8bd2-c7007e1d900c e28cccbee6be484ca989d405735bcb36 11598947c95949c58bea532ba0748667 - - default default] Successfully bumped revision number for resource 5ed4cdde-c9a7-4f9a-8e8c-e7f44792bc11 (type: ports) to 1 [pid: 7|app: 0|req: 1017/1990] 10.0.0.100 () {34 vars in 664 bytes} [Wed May 20 03:01:37 2026] POST /v2.0/ports => generated 743 bytes in 386 msecs (HTTP/1.1 201) 4 headers in 162 bytes (1 switches on core 0) /var/lib/openstack/lib/python3.12/site-packages/pycadf/identifier.py:70: UserWarning: Invalid uuid: neutron. To ensure interoperability, identifiers should be a valid uuid. warnings.warn(('Invalid uuid: %s. To ensure interoperability, ' [pid: 7|app: 0|req: 1018/1991] 10.0.0.100 () {32 vars in 736 bytes} [Wed May 20 03:01:37 2026] GET /v2.0/ports?device_id=80bcee70-a322-4309-9f78-95cfba6dc5c6 => generated 12 bytes in 15 msecs (HTTP/1.1 200) 4 headers in 156 bytes (1 switches on core 0) [pid: 8|app: 0|req: 974/1992] 10.0.0.100 () {32 vars in 750 bytes} [Wed May 20 03:01:37 2026] DELETE /v2.0/security-group-rules/4f63996e-9352-4c6f-afb6-cc67b37cc21b => generated 0 bytes in 106 msecs (HTTP/1.1 204) 2 headers in 112 bytes (1 switches on core 0)
2026-05-20 03:01:37.867 7 INFO neutron.db.segments_db [None req-36006799-3836-479d-873a-cb9f60f99b22 e28cccbee6be484ca989d405735bcb36 11598947c95949c58bea532ba0748667 - - default default] Added segment 332bf84f-df1b-4f27-b2fc-4983baccdb67 of type geneve for network 25bdc152-6c4c-4520-8d4a-6c225a7b042e
2026-05-20 03:01:37.986 7 INFO neutron.db.ovn_revision_numbers_db [None req-36006799-3836-479d-873a-cb9f60f99b22 e28cccbee6be484ca989d405735bcb36 11598947c95949c58bea532ba0748667 - - default default] Successfully bumped revision number for resource 25bdc152-6c4c-4520-8d4a-6c225a7b042e (type: networks) to 1 [pid: 8|app: 0|req: 975/1993] 10.0.0.100 () {32 vars in 724 bytes} [Wed May 20 03:01:37 2026] DELETE /v2.0/routers/80bcee70-a322-4309-9f78-95cfba6dc5c6 => generated 0 bytes in 250 msecs (HTTP/1.1 204) 2 headers in 112 bytes (1 switches on core 0) [pid: 8|app: 0|req: 976/1994] 10.0.0.100 () {32 vars in 673 bytes} [Wed May 20 03:01:38 2026] GET /v2.0/security-group-rules => generated 3560 bytes in 67 msecs (HTTP/1.1 200) 4 headers in 158 bytes (1 switches on core 0)
2026-05-20 03:01:38.160 7 WARNING neutron.scheduler.dhcp_agent_scheduler [None req-36006799-3836-479d-873a-cb9f60f99b22 e28cccbee6be484ca989d405735bcb36 11598947c95949c58bea532ba0748667 - - default default] No more DHCP agents
2026-05-20 03:01:38.161 7 WARNING neutron.api.rpc.agentnotifiers.dhcp_rpc_agent_api [None req-36006799-3836-479d-873a-cb9f60f99b22 e28cccbee6be484ca989d405735bcb36 11598947c95949c58bea532ba0748667 - - default default] Unable to schedule network 25bdc152-6c4c-4520-8d4a-6c225a7b042e: no agents available; will retry on subsequent port and subnet creation events.
2026-05-20 03:01:38.215 8 INFO neutron.plugins.ml2.drivers.ovn.mech_driver.mech_driver [None req-eb992547-d3c5-4ce5-b536-bbe8ea86dcb4 - - - - - -] OVN reports status down for port: 214eb0fb-d8b6-4c29-ab10-cbc315617b8f
2026-05-20 03:01:38.266 7 INFO neutron.db.ovn_revision_numbers_db [None req-36006799-3836-479d-873a-cb9f60f99b22 e28cccbee6be484ca989d405735bcb36 11598947c95949c58bea532ba0748667 - - default default] Successfully bumped revision number for resource 214eb0fb-d8b6-4c29-ab10-cbc315617b8f (type: ports) to 1 [pid: 7|app: 0|req: 1019/1995] 10.0.0.100 () {34 vars in 670 bytes} [Wed May 20 03:01:37 2026] POST /v2.0/networks => generated 651 bytes in 521 msecs (HTTP/1.1 201) 4 headers in 162 bytes (1 switches on core 0) [pid: 8|app: 0|req: 977/1996] 10.0.0.100 () {32 vars in 724 bytes} [Wed May 20 03:01:38 2026] DELETE /v2.0/subnets/45ce3c4f-bc12-40ac-a31d-2abde034e03e => generated 0 bytes in 189 msecs (HTTP/1.1 204) 3 headers in 131 bytes (1 switches on core 0)
2026-05-20 03:01:38.402 7 INFO neutron.db.ovn_revision_numbers_db [None req-b5a90180-43ba-46f6-bdcf-7c2f381ac54d f35c6058c9024b7d9ed844eaa64d03ea 2346038a1fda423ebb0e6c50d32ec3c7 - - default default] Successfully bumped revision number for resource 973a0157-3f83-48cc-a4fa-84ee02407ecb (type: security_group_rules) to 0 [pid: 7|app: 0|req: 1020/1997] 10.0.0.100 () {34 vars in 695 bytes} [Wed May 20 03:01:38 2026] POST /v2.0/security-group-rules => generated 601 bytes in 146 msecs (HTTP/1.1 201) 4 headers in 162 bytes (1 switches on core 0)
2026-05-20 03:01:38.546 7 INFO neutron_taas.services.taas.taas_plugin [None req-94b14660-1ae1-49df-8f4b-b5f3abb5e7ef a811472b7c124fb5abbbc66ef7bd8433 607ae6ba90a84159b129856f65392803 - - default default] TaaS: Handle Delete Port: 33fb87fe-2cf1-461a-a731-7fde72f83ff5
2026-05-20 03:01:38.549 7 INFO neutron_taas.services.taas.tap_mirror_plugin [None req-94b14660-1ae1-49df-8f4b-b5f3abb5e7ef a811472b7c124fb5abbbc66ef7bd8433 607ae6ba90a84159b129856f65392803 - - default default] Tap Mirror: Handle Delete Port: 33fb87fe-2cf1-461a-a731-7fde72f83ff5
2026-05-20 03:01:38.563 8 WARNING neutron.scheduler.dhcp_agent_scheduler [None req-83d6be8e-4100-4b28-b399-b68e2297c149 e28cccbee6be484ca989d405735bcb36 11598947c95949c58bea532ba0748667 - - default default] No more DHCP agents
2026-05-20 03:01:38.564 8 WARNING neutron.api.rpc.agentnotifiers.dhcp_rpc_agent_api [None req-83d6be8e-4100-4b28-b399-b68e2297c149 e28cccbee6be484ca989d405735bcb36 11598947c95949c58bea532ba0748667 - - default default] Unable to schedule network 25bdc152-6c4c-4520-8d4a-6c225a7b042e: no agents available; will retry on subsequent port and subnet creation events.
2026-05-20 03:01:38.669 8 INFO neutron.db.ovn_revision_numbers_db [None req-83d6be8e-4100-4b28-b399-b68e2297c149 e28cccbee6be484ca989d405735bcb36 11598947c95949c58bea532ba0748667 - - default default] Successfully bumped revision number for resource 7c973cd6-3dc9-4da3-8caf-0689282b7e5a (type: ports) to 1 [pid: 8|app: 0|req: 978/1998] 10.0.0.100 () {34 vars in 664 bytes} [Wed May 20 03:01:38 2026] POST /v2.0/ports => generated 743 bytes in 430 msecs (HTTP/1.1 201) 4 headers in 162 bytes (1 switches on core 0) /var/lib/openstack/lib/python3.12/site-packages/pycadf/identifier.py:70: UserWarning: Invalid uuid: neutron. To ensure interoperability, identifiers should be a valid uuid. warnings.warn(('Invalid uuid: %s. To ensure interoperability, ' [pid: 8|app: 0|req: 979/1999] 10.0.0.100 () {32 vars in 747 bytes} [Wed May 20 03:01:38 2026] GET /v2.0/security-group-rules/973a0157-3f83-48cc-a4fa-84ee02407ecb => generated 601 bytes in 16 msecs (HTTP/1.1 200) 4 headers in 157 bytes (1 switches on core 0)
2026-05-20 03:01:38.752 7 INFO neutron.services.segments.plugin [-] Segment 5a4219ac-6ec8-4f2f-b6f9-9559fb3f86eb resource provider aggregate not found
2026-05-20 03:01:38.753 7 INFO neutron.services.segments.plugin [-] Segment 5a4219ac-6ec8-4f2f-b6f9-9559fb3f86eb resource provider aggregate not found
2026-05-20 03:01:38.773 7 INFO neutron.services.segments.plugin [-] Segment 5a4219ac-6ec8-4f2f-b6f9-9559fb3f86eb resource provider not found; error: Placement Client Error (4xx): {"errors": [{"status": 404, "title": "Not Found", "detail": "The resource could not be found.\n\n No resource provider with uuid 5a4219ac-6ec8-4f2f-b6f9-9559fb3f86eb found for delete ", "request_id": "req-f7571142-3eb4-4ab2-8f50-3bd8875e11ab"}]}
