2026-05-11 08:00:33.541 8 INFO placement.requestlog [None req-dbaeb323-cc8b-4f9b-9c05-0db5ad8b6a50 827736d0346a4de28fd134d7a40a0481 f7d3a589dc7946ec88d5e9064754b762 - - 6b3193f57a444cb0b1e536c661130ca0 6b3193f57a444cb0b1e536c661130ca0] 10.0.0.111 "GET /resource_providers/8f8ecefa-936c-40c7-a673-edb45f6742bb/aggregates" status: 404 len: 235 microversion: 1.1 [pid: 8|app: 0|req: 233/464] 10.0.0.111 () {32 vars in 816 bytes} [Mon May 11 08:00:33 2026] GET /resource_providers/8f8ecefa-936c-40c7-a673-edb45f6742bb/aggregates => generated 235 bytes in 13 msecs (HTTP/1.1 404) 5 headers in 202 bytes (1 switches on core 0)
2026-05-11 08:00:33.571 7 INFO placement.requestlog [None req-ec9cd197-fdfa-4929-897c-49409d2ff557 827736d0346a4de28fd134d7a40a0481 f7d3a589dc7946ec88d5e9064754b762 - - 6b3193f57a444cb0b1e536c661130ca0 6b3193f57a444cb0b1e536c661130ca0] 10.0.0.111 "DELETE /resource_providers/8f8ecefa-936c-40c7-a673-edb45f6742bb" status: 404 len: 246 microversion: 1.1 [pid: 7|app: 0|req: 232/465] 10.0.0.111 () {34 vars in 816 bytes} [Mon May 11 08:00:33 2026] DELETE /resource_providers/8f8ecefa-936c-40c7-a673-edb45f6742bb => generated 246 bytes in 10 msecs (HTTP/1.1 404) 6 headers in 231 bytes (1 switches on core 0)
2026-05-11 08:00:33.590 8 INFO placement.requestlog [None req-88130fa1-56dc-400c-bff5-119e50d74b35 827736d0346a4de28fd134d7a40a0481 f7d3a589dc7946ec88d5e9064754b762 - - 6b3193f57a444cb0b1e536c661130ca0 6b3193f57a444cb0b1e536c661130ca0] 10.0.0.111 "DELETE /resource_providers/8f8ecefa-936c-40c7-a673-edb45f6742bb" status: 404 len: 246 microversion: 1.1 [pid: 8|app: 0|req: 234/466] 10.0.0.111 () {34 vars in 816 bytes} [Mon May 11 08:00:33 2026] DELETE /resource_providers/8f8ecefa-936c-40c7-a673-edb45f6742bb => generated 246 bytes in 10 msecs (HTTP/1.1 404) 6 headers in 231 bytes (1 switches on core 0)
2026-05-11 08:00:34.938 8 INFO placement.requestlog [None req-cf43811f-b4b2-4c26-8470-737c3a08575d - - - - - -] 10.0.0.26 "GET /" status: 200 len: 136 microversion: 1.0
2026-05-11 08:00:34.939 7 INFO placement.requestlog [None req-e070cc41-ce9e-4a77-bf8c-616c448239d0 - - - - - -] 10.0.0.26 "GET /" status: 200 len: 136 microversion: 1.0
2026-05-11 08:00:37.530 7 INFO placement.requestlog [None req-580378e8-5d78-4393-bd40-da0239518ffe 827736d0346a4de28fd134d7a40a0481 f7d3a589dc7946ec88d5e9064754b762 - - 6b3193f57a444cb0b1e536c661130ca0 6b3193f57a444cb0b1e536c661130ca0] 10.0.0.111 "GET /resource_providers/3b78c65e-3f83-42dc-a5cd-c70adb9534c6/aggregates" status: 404 len: 235 microversion: 1.1 [pid: 7|app: 0|req: 234/469] 10.0.0.111 () {32 vars in 816 bytes} [Mon May 11 08:00:37 2026] GET /resource_providers/3b78c65e-3f83-42dc-a5cd-c70adb9534c6/aggregates => generated 235 bytes in 9 msecs (HTTP/1.1 404) 5 headers in 202 bytes (1 switches on core 0)
2026-05-11 08:00:37.541 8 INFO placement.requestlog [None req-0c946027-f6fe-4dbf-a11f-79443ea31a0e 827736d0346a4de28fd134d7a40a0481 f7d3a589dc7946ec88d5e9064754b762 - - 6b3193f57a444cb0b1e536c661130ca0 6b3193f57a444cb0b1e536c661130ca0] 10.0.0.111 "GET /resource_providers/3b78c65e-3f83-42dc-a5cd-c70adb9534c6/aggregates" status: 404 len: 235 microversion: 1.1 [pid: 8|app: 0|req: 236/470] 10.0.0.111 () {32 vars in 816 bytes} [Mon May 11 08:00:37 2026] GET /resource_providers/3b78c65e-3f83-42dc-a5cd-c70adb9534c6/aggregates => generated 235 bytes in 21 msecs (HTTP/1.1 404) 5 headers in 202 bytes (1 switches on core 0)
2026-05-11 08:00:37.553 7 INFO placement.requestlog [None req-1d8ccb65-4371-4464-8ab6-3540f6595d13 827736d0346a4de28fd134d7a40a0481 f7d3a589dc7946ec88d5e9064754b762 - - 6b3193f57a444cb0b1e536c661130ca0 6b3193f57a444cb0b1e536c661130ca0] 10.0.0.111 "DELETE /resource_providers/3b78c65e-3f83-42dc-a5cd-c70adb9534c6" status: 404 len: 246 microversion: 1.1 [pid: 7|app: 0|req: 235/471] 10.0.0.111 () {34 vars in 816 bytes} [Mon May 11 08:00:37 2026] DELETE /resource_providers/3b78c65e-3f83-42dc-a5cd-c70adb9534c6 => generated 246 bytes in 6 msecs (HTTP/1.1 404) 6 headers in 231 bytes (1 switches on core 0)
2026-05-11 08:00:37.557 8 INFO placement.requestlog [None req-d4787c54-6f4d-42f0-b11d-e851c327c81d 827736d0346a4de28fd134d7a40a0481 f7d3a589dc7946ec88d5e9064754b762 - - 6b3193f57a444cb0b1e536c661130ca0 6b3193f57a444cb0b1e536c661130ca0] 10.0.0.111 "DELETE /resource_providers/3b78c65e-3f83-42dc-a5cd-c70adb9534c6" status: 404 len: 246 microversion: 1.1 [pid: 8|app: 0|req: 237/472] 10.0.0.111 () {34 vars in 816 bytes} [Mon May 11 08:00:37 2026] DELETE /resource_providers/3b78c65e-3f83-42dc-a5cd-c70adb9534c6 => generated 246 bytes in 8 msecs (HTTP/1.1 404) 6 headers in 231 bytes (1 switches on core 0)
2026-05-11 08:00:39.577 7 INFO placement.requestlog [None req-67d4c9ad-63b8-4a90-b943-307c9f096904 827736d0346a4de28fd134d7a40a0481 f7d3a589dc7946ec88d5e9064754b762 - - 6b3193f57a444cb0b1e536c661130ca0 6b3193f57a444cb0b1e536c661130ca0] 10.0.0.111 "GET /resource_providers/7b3fedd5-667b-4cc2-92be-3f794e1585b7/aggregates" status: 404 len: 235 microversion: 1.1 [pid: 7|app: 0|req: 236/473] 10.0.0.111 () {32 vars in 816 bytes} [Mon May 11 08:00:39 2026] GET /resource_providers/7b3fedd5-667b-4cc2-92be-3f794e1585b7/aggregates => generated 235 bytes in 11 msecs (HTTP/1.1 404) 5 headers in 202 bytes (1 switches on core 0)
2026-05-11 08:00:39.582 8 INFO placement.requestlog [None req-5439eb7a-418e-4e30-a2b2-dd23c946a107 827736d0346a4de28fd134d7a40a0481 f7d3a589dc7946ec88d5e9064754b762 - - 6b3193f57a444cb0b1e536c661130ca0 6b3193f57a444cb0b1e536c661130ca0] 10.0.0.111 "GET /resource_providers/7b3fedd5-667b-4cc2-92be-3f794e1585b7/aggregates" status: 404 len: 235 microversion: 1.1 [pid: 8|app: 0|req: 238/474] 10.0.0.111 () {32 vars in 816 bytes} [Mon May 11 08:00:39 2026] GET /resource_providers/7b3fedd5-667b-4cc2-92be-3f794e1585b7/aggregates => generated 235 bytes in 14 msecs (HTTP/1.1 404) 5 headers in 202 bytes (1 switches on core 0)
2026-05-11 08:00:39.602 7 INFO placement.requestlog [None req-5f6203e0-4bde-44b4-b920-80260df02dd9 827736d0346a4de28fd134d7a40a0481 f7d3a589dc7946ec88d5e9064754b762 - - 6b3193f57a444cb0b1e536c661130ca0 6b3193f57a444cb0b1e536c661130ca0] 10.0.0.111 "DELETE /resource_providers/7b3fedd5-667b-4cc2-92be-3f794e1585b7" status: 404 len: 246 microversion: 1.1 [pid: 7|app: 0|req: 237/475] 10.0.0.111 () {34 vars in 816 bytes} [Mon May 11 08:00:39 2026] DELETE /resource_providers/7b3fedd5-667b-4cc2-92be-3f794e1585b7 => generated 246 bytes in 13 msecs (HTTP/1.1 404) 6 headers in 231 bytes (1 switches on core 0)
2026-05-11 08:00:39.608 8 INFO placement.requestlog [None req-d0c91a7f-b54a-4ad0-8ab3-28fff2f1e526 827736d0346a4de28fd134d7a40a0481 f7d3a589dc7946ec88d5e9064754b762 - - 6b3193f57a444cb0b1e536c661130ca0 6b3193f57a444cb0b1e536c661130ca0] 10.0.0.111 "DELETE /resource_providers/7b3fedd5-667b-4cc2-92be-3f794e1585b7" status: 404 len: 246 microversion: 1.1 [pid: 8|app: 0|req: 239/476] 10.0.0.111 () {34 vars in 816 bytes} [Mon May 11 08:00:39 2026] DELETE /resource_providers/7b3fedd5-667b-4cc2-92be-3f794e1585b7 => generated 246 bytes in 10 msecs (HTTP/1.1 404) 6 headers in 231 bytes (1 switches on core 0)
2026-05-11 08:00:40.137 7 INFO placement.requestlog [None req-0b3b3dcb-78b2-4939-ac29-f42d49f033cf 827736d0346a4de28fd134d7a40a0481 f7d3a589dc7946ec88d5e9064754b762 - - 6b3193f57a444cb0b1e536c661130ca0 6b3193f57a444cb0b1e536c661130ca0] 10.0.0.111 "GET /resource_providers/d802515c-6145-40f7-b36d-df38e705938f/aggregates" status: 404 len: 235 microversion: 1.1 [pid: 7|app: 0|req: 238/477] 10.0.0.111 () {32 vars in 816 bytes} [Mon May 11 08:00:40 2026] GET /resource_providers/d802515c-6145-40f7-b36d-df38e705938f/aggregates => generated 235 bytes in 8 msecs (HTTP/1.1 404) 5 headers in 202 bytes (1 switches on core 0)
2026-05-11 08:00:40.146 8 INFO placement.requestlog [None req-09e00721-18d7-4a21-8d3a-9cfaf97e9363 827736d0346a4de28fd134d7a40a0481 f7d3a589dc7946ec88d5e9064754b762 - - 6b3193f57a444cb0b1e536c661130ca0 6b3193f57a444cb0b1e536c661130ca0] 10.0.0.111 "GET /resource_providers/d802515c-6145-40f7-b36d-df38e705938f/aggregates" status: 404 len: 235 microversion: 1.1 [pid: 8|app: 0|req: 240/478] 10.0.0.111 () {32 vars in 816 bytes} [Mon May 11 08:00:40 2026] GET /resource_providers/d802515c-6145-40f7-b36d-df38e705938f/aggregates => generated 235 bytes in 14 msecs (HTTP/1.1 404) 5 headers in 202 bytes (1 switches on core 0)
2026-05-11 08:00:40.162 7 INFO placement.requestlog [None req-7d707fef-268c-45dd-a3cb-59eea682bc6f 827736d0346a4de28fd134d7a40a0481 f7d3a589dc7946ec88d5e9064754b762 - - 6b3193f57a444cb0b1e536c661130ca0 6b3193f57a444cb0b1e536c661130ca0] 10.0.0.111 "DELETE /resource_providers/d802515c-6145-40f7-b36d-df38e705938f" status: 404 len: 246 microversion: 1.1 [pid: 7|app: 0|req: 239/479] 10.0.0.111 () {34 vars in 816 bytes} [Mon May 11 08:00:40 2026] DELETE /resource_providers/d802515c-6145-40f7-b36d-df38e705938f => generated 246 bytes in 12 msecs (HTTP/1.1 404) 6 headers in 231 bytes (1 switches on core 0)
2026-05-11 08:00:40.166 8 INFO placement.requestlog [None req-1748d682-6c37-4d81-896f-3e00dae40eff 827736d0346a4de28fd134d7a40a0481 f7d3a589dc7946ec88d5e9064754b762 - - 6b3193f57a444cb0b1e536c661130ca0 6b3193f57a444cb0b1e536c661130ca0] 10.0.0.111 "DELETE /resource_providers/d802515c-6145-40f7-b36d-df38e705938f" status: 404 len: 246 microversion: 1.1 [pid: 8|app: 0|req: 241/480] 10.0.0.111 () {34 vars in 816 bytes} [Mon May 11 08:00:40 2026] DELETE /resource_providers/d802515c-6145-40f7-b36d-df38e705938f => generated 246 bytes in 11 msecs (HTTP/1.1 404) 6 headers in 231 bytes (1 switches on core 0)
2026-05-11 08:00:44.937 7 INFO placement.requestlog [None req-5a6ad280-9d9f-48af-8de6-6537dcb99d12 - - - - - -] 10.0.0.26 "GET /" status: 200 len: 136 microversion: 1.0
2026-05-11 08:00:44.937 8 INFO placement.requestlog [None req-10ac237d-53a5-47e4-8e22-b49fee9fa962 - - - - - -] 10.0.0.26 "GET /" status: 200 len: 136 microversion: 1.0
2026-05-11 08:00:50.392 7 INFO placement.requestlog [req-37ea8ad8-24f4-49b5-af6a-a0cf36932a40 req-0d472a1a-5b77-4963-90c6-7cde650ddcf6 ba4489ddaaa545bfaeb28d0f7e748c99 f7d3a589dc7946ec88d5e9064754b762 - - 6b3193f57a444cb0b1e536c661130ca0 6b3193f57a444cb0b1e536c661130ca0] 199.204.45.157 "GET /resource_providers/83a3f8f0-0785-404c-94df-4a7c3bc0dcbf/allocations" status: 200 len: 152 microversion: 1.0 [pid: 7|app: 0|req: 241/483] 199.204.45.157 () {32 vars in 857 bytes} [Mon May 11 08:00:50 2026] GET /resource_providers/83a3f8f0-0785-404c-94df-4a7c3bc0dcbf/allocations => generated 152 bytes in 20 msecs (HTTP/1.1 200) 6 headers in 224 bytes (1 switches on core 0)
2026-05-11 08:00:50.413 8 INFO placement.requestlog [req-37ea8ad8-24f4-49b5-af6a-a0cf36932a40 req-aa9c6338-64b2-4e55-923a-3b32f1d88dab ba4489ddaaa545bfaeb28d0f7e748c99 f7d3a589dc7946ec88d5e9064754b762 - - 6b3193f57a444cb0b1e536c661130ca0 6b3193f57a444cb0b1e536c661130ca0] 199.204.45.157 "GET /allocations/705d5c34-0ad8-45d9-bf97-15659bc5678b" status: 200 len: 257 microversion: 1.28 [pid: 8|app: 0|req: 243/484] 199.204.45.157 () {34 vars in 863 bytes} [Mon May 11 08:00:50 2026] GET /allocations/705d5c34-0ad8-45d9-bf97-15659bc5678b => generated 257 bytes in 14 msecs (HTTP/1.1 200) 8 headers in 296 bytes (1 switches on core 0)
2026-05-11 08:00:51.470 7 INFO placement.requestlog [req-37ea8ad8-24f4-49b5-af6a-a0cf36932a40 req-04ff1d2a-4bfc-4f97-80fc-a6b13586cb02 ba4489ddaaa545bfaeb28d0f7e748c99 f7d3a589dc7946ec88d5e9064754b762 - - 6b3193f57a444cb0b1e536c661130ca0 6b3193f57a444cb0b1e536c661130ca0] 199.204.45.157 "DELETE /allocations/705d5c34-0ad8-45d9-bf97-15659bc5678b" status: 204 len: 0 microversion: 1.0 [pid: 7|app: 0|req: 242/485] 199.204.45.157 () {34 vars in 841 bytes} [Mon May 11 08:00:51 2026] DELETE /allocations/705d5c34-0ad8-45d9-bf97-15659bc5678b => generated 0 bytes in 30 msecs (HTTP/1.1 204) 5 headers in 198 bytes (1 switches on core 0)
2026-05-11 08:00:54.937 8 INFO placement.requestlog [None req-d647d798-c419-4c4e-8b9b-f343dd996113 - - - - - -] 10.0.0.26 "GET /" status: 200 len: 136 microversion: 1.0
2026-05-11 08:00:54.938 7 INFO placement.requestlog [None req-da3e80dc-76d0-4c3f-9689-c7ca4bb5eb6b - - - - - -] 10.0.0.26 "GET /" status: 200 len: 136 microversion: 1.0
2026-05-11 08:00:57.310 8 INFO placement.requestlog [None req-996d51fc-de00-41de-a88c-4cc7a3fbfe20 827736d0346a4de28fd134d7a40a0481 f7d3a589dc7946ec88d5e9064754b762 - - 6b3193f57a444cb0b1e536c661130ca0 6b3193f57a444cb0b1e536c661130ca0] 10.0.0.111 "GET /resource_providers/a5bf0b57-eba5-475f-965a-03ee50b6178b/aggregates" status: 404 len: 235 microversion: 1.1 [pid: 8|app: 0|req: 245/488] 10.0.0.111 () {32 vars in 816 bytes} [Mon May 11 08:00:57 2026] GET /resource_providers/a5bf0b57-eba5-475f-965a-03ee50b6178b/aggregates => generated 235 bytes in 14 msecs (HTTP/1.1 404) 5 headers in 202 bytes (1 switches on core 0)
2026-05-11 08:00:57.310 7 INFO placement.requestlog [None req-db2032f4-532b-4bff-b51a-e3e903b3f708 827736d0346a4de28fd134d7a40a0481 f7d3a589dc7946ec88d5e9064754b762 - - 6b3193f57a444cb0b1e536c661130ca0 6b3193f57a444cb0b1e536c661130ca0] 10.0.0.111 "GET /resource_providers/a5bf0b57-eba5-475f-965a-03ee50b6178b/aggregates" status: 404 len: 235 microversion: 1.1 [pid: 7|app: 0|req: 244/489] 10.0.0.111 () {32 vars in 816 bytes} [Mon May 11 08:00:57 2026] GET /resource_providers/a5bf0b57-eba5-475f-965a-03ee50b6178b/aggregates => generated 235 bytes in 10 msecs (HTTP/1.1 404) 5 headers in 202 bytes (1 switches on core 0)
2026-05-11 08:00:57.333 8 INFO placement.requestlog [None req-1ff78ca4-5b78-4965-acf3-fc45b0550968 827736d0346a4de28fd134d7a40a0481 f7d3a589dc7946ec88d5e9064754b762 - - 6b3193f57a444cb0b1e536c661130ca0 6b3193f57a444cb0b1e536c661130ca0] 10.0.0.111 "DELETE /resource_providers/a5bf0b57-eba5-475f-965a-03ee50b6178b" status: 404 len: 246 microversion: 1.1 [pid: 8|app: 0|req: 246/490] 10.0.0.111 () {34 vars in 816 bytes} [Mon May 11 08:00:57 2026] DELETE /resource_providers/a5bf0b57-eba5-475f-965a-03ee50b6178b => generated 246 bytes in 8 msecs (HTTP/1.1 404) 6 headers in 231 bytes (1 switches on core 0)
2026-05-11 08:00:57.335 7 INFO placement.requestlog [None req-d4b3a3f4-3921-40f1-a6d3-13a9a77aec25 827736d0346a4de28fd134d7a40a0481 f7d3a589dc7946ec88d5e9064754b762 - - 6b3193f57a444cb0b1e536c661130ca0 6b3193f57a444cb0b1e536c661130ca0] 10.0.0.111 "DELETE /resource_providers/a5bf0b57-eba5-475f-965a-03ee50b6178b" status: 404 len: 246 microversion: 1.1 [pid: 7|app: 0|req: 245/491] 10.0.0.111 () {34 vars in 816 bytes} [Mon May 11 08:00:57 2026] DELETE /resource_providers/a5bf0b57-eba5-475f-965a-03ee50b6178b => generated 246 bytes in 9 msecs (HTTP/1.1 404) 6 headers in 231 bytes (1 switches on core 0)
2026-05-11 08:00:58.119 8 INFO placement.requestlog [None req-1e8ebce6-387c-445a-b65d-78773c465eaf 827736d0346a4de28fd134d7a40a0481 f7d3a589dc7946ec88d5e9064754b762 - - 6b3193f57a444cb0b1e536c661130ca0 6b3193f57a444cb0b1e536c661130ca0] 10.0.0.111 "GET /resource_providers/145701c8-63d5-46d4-bedd-be520cafdeba/aggregates" status: 404 len: 235 microversion: 1.1 [pid: 8|app: 0|req: 247/492] 10.0.0.111 () {32 vars in 816 bytes} [Mon May 11 08:00:58 2026] GET /resource_providers/145701c8-63d5-46d4-bedd-be520cafdeba/aggregates => generated 235 bytes in 13 msecs (HTTP/1.1 404) 5 headers in 202 bytes (1 switches on core 0)
2026-05-11 08:00:58.129 7 INFO placement.requestlog [None req-c64a7ed8-b8b4-4000-ab6b-c16ec4bd0bc3 827736d0346a4de28fd134d7a40a0481 f7d3a589dc7946ec88d5e9064754b762 - - 6b3193f57a444cb0b1e536c661130ca0 6b3193f57a444cb0b1e536c661130ca0] 10.0.0.111 "GET /resource_providers/145701c8-63d5-46d4-bedd-be520cafdeba/aggregates" status: 404 len: 235 microversion: 1.1 [pid: 7|app: 0|req: 246/493] 10.0.0.111 () {32 vars in 816 bytes} [Mon May 11 08:00:58 2026] GET /resource_providers/145701c8-63d5-46d4-bedd-be520cafdeba/aggregates => generated 235 bytes in 15 msecs (HTTP/1.1 404) 5 headers in 202 bytes (1 switches on core 0)
2026-05-11 08:00:58.148 8 INFO placement.requestlog [None req-ee4fceaa-b27a-4a65-9f26-4f5d568a7d79 827736d0346a4de28fd134d7a40a0481 f7d3a589dc7946ec88d5e9064754b762 - - 6b3193f57a444cb0b1e536c661130ca0 6b3193f57a444cb0b1e536c661130ca0] 10.0.0.111 "DELETE /resource_providers/145701c8-63d5-46d4-bedd-be520cafdeba" status: 404 len: 246 microversion: 1.1 [pid: 8|app: 0|req: 248/494] 10.0.0.111 () {34 vars in 816 bytes} [Mon May 11 08:00:58 2026] DELETE /resource_providers/145701c8-63d5-46d4-bedd-be520cafdeba => generated 246 bytes in 20 msecs (HTTP/1.1 404) 6 headers in 231 bytes (1 switches on core 0)
2026-05-11 08:00:58.182 7 INFO placement.requestlog [None req-7d0e1b9b-4d5f-4ecf-abad-e10151b1404a 827736d0346a4de28fd134d7a40a0481 f7d3a589dc7946ec88d5e9064754b762 - - 6b3193f57a444cb0b1e536c661130ca0 6b3193f57a444cb0b1e536c661130ca0] 10.0.0.111 "DELETE /resource_providers/145701c8-63d5-46d4-bedd-be520cafdeba" status: 404 len: 246 microversion: 1.1 [pid: 7|app: 0|req: 247/495] 10.0.0.111 () {34 vars in 816 bytes} [Mon May 11 08:00:58 2026] DELETE /resource_providers/145701c8-63d5-46d4-bedd-be520cafdeba => generated 246 bytes in 31 msecs (HTTP/1.1 404) 6 headers in 231 bytes (1 switches on core 0)
2026-05-11 08:00:58.613 8 INFO placement.requestlog [req-693b82c6-ce0f-432c-badb-f0fb2a6c6053 req-91627850-c9d9-4559-b180-412621d023b2 ba4489ddaaa545bfaeb28d0f7e748c99 f7d3a589dc7946ec88d5e9064754b762 - - 6b3193f57a444cb0b1e536c661130ca0 6b3193f57a444cb0b1e536c661130ca0] 10.0.0.25 "GET /allocation_candidates?limit=1000&resources=DISK_GB%3A1%2CMEMORY_MB%3A512%2CVCPU%3A1&root_required=%21COMPUTE_STATUS_DISABLED" status: 200 len: 2781 microversion: 1.36 [pid: 8|app: 0|req: 249/496] 10.0.0.25 () {34 vars in 1011 bytes} [Mon May 11 08:00:58 2026] GET /allocation_candidates?limit=1000&resources=DISK_GB%3A1%2CMEMORY_MB%3A512%2CVCPU%3A1&root_required=%21COMPUTE_STATUS_DISABLED => generated 2781 bytes in 46 msecs (HTTP/1.1 200) 8 headers in 297 bytes (1 switches on core 0)
2026-05-11 08:00:58.674 7 INFO placement.requestlog [req-693b82c6-ce0f-432c-badb-f0fb2a6c6053 req-94d42efe-7197-45ee-889f-935449714c28 ba4489ddaaa545bfaeb28d0f7e748c99 f7d3a589dc7946ec88d5e9064754b762 - - 6b3193f57a444cb0b1e536c661130ca0 6b3193f57a444cb0b1e536c661130ca0] 10.0.0.25 "GET /allocations/c767015a-1f62-44f8-a585-0efc1371cc60" status: 200 len: 19 microversion: 1.28 [pid: 7|app: 0|req: 248/497] 10.0.0.25 () {34 vars in 860 bytes} [Mon May 11 08:00:58 2026] GET /allocations/c767015a-1f62-44f8-a585-0efc1371cc60 => generated 19 bytes in 33 msecs (HTTP/1.1 200) 8 headers in 295 bytes (1 switches on core 0)
2026-05-11 08:00:58.768 8 INFO placement.requestlog [req-693b82c6-ce0f-432c-badb-f0fb2a6c6053 req-0009547f-5d29-479d-9b9f-51f625e1d382 ba4489ddaaa545bfaeb28d0f7e748c99 f7d3a589dc7946ec88d5e9064754b762 - - 6b3193f57a444cb0b1e536c661130ca0 6b3193f57a444cb0b1e536c661130ca0] 10.0.0.25 "PUT /allocations/c767015a-1f62-44f8-a585-0efc1371cc60" status: 204 len: 0 microversion: 1.36 [pid: 8|app: 0|req: 250/498] 10.0.0.25 () {38 vars in 913 bytes} [Mon May 11 08:00:58 2026] PUT /allocations/c767015a-1f62-44f8-a585-0efc1371cc60 => generated 0 bytes in 87 msecs (HTTP/1.1 204) 5 headers in 199 bytes (1 switches on core 0)
2026-05-11 08:01:00.277 7 INFO placement.requestlog [req-693b82c6-ce0f-432c-badb-f0fb2a6c6053 req-97cad4f3-defa-4a3d-99be-2216a54ba21c ba4489ddaaa545bfaeb28d0f7e748c99 f7d3a589dc7946ec88d5e9064754b762 - - 6b3193f57a444cb0b1e536c661130ca0 6b3193f57a444cb0b1e536c661130ca0] 199.204.45.157 "GET /allocations/c767015a-1f62-44f8-a585-0efc1371cc60" status: 200 len: 257 microversion: 1.28 [pid: 7|app: 0|req: 249/499] 199.204.45.157 () {34 vars in 863 bytes} [Mon May 11 08:01:00 2026] GET /allocations/c767015a-1f62-44f8-a585-0efc1371cc60 => generated 257 bytes in 14 msecs (HTTP/1.1 200) 8 headers in 296 bytes (1 switches on core 0)
2026-05-11 08:01:00.762 8 INFO placement.requestlog [req-3a680a11-d27c-45be-9cd6-8362701985bc req-7bc41703-25ac-4063-8089-a708f5f5df45 ba4489ddaaa545bfaeb28d0f7e748c99 f7d3a589dc7946ec88d5e9064754b762 - - 6b3193f57a444cb0b1e536c661130ca0 6b3193f57a444cb0b1e536c661130ca0] 10.0.0.25 "GET /allocation_candidates?limit=1000&resources=DISK_GB%3A1%2CMEMORY_MB%3A512%2CVCPU%3A1&root_required=%21COMPUTE_STATUS_DISABLED" status: 200 len: 2783 microversion: 1.36 [pid: 8|app: 0|req: 251/500] 10.0.0.25 () {34 vars in 1011 bytes} [Mon May 11 08:01:00 2026] GET /allocation_candidates?limit=1000&resources=DISK_GB%3A1%2CMEMORY_MB%3A512%2CVCPU%3A1&root_required=%21COMPUTE_STATUS_DISABLED => generated 2783 bytes in 43 msecs (HTTP/1.1 200) 8 headers in 297 bytes (1 switches on core 0)
2026-05-11 08:01:00.800 7 INFO placement.requestlog [req-3a680a11-d27c-45be-9cd6-8362701985bc req-b5f06035-7c8c-4934-bf11-01491d3e7369 ba4489ddaaa545bfaeb28d0f7e748c99 f7d3a589dc7946ec88d5e9064754b762 - - 6b3193f57a444cb0b1e536c661130ca0 6b3193f57a444cb0b1e536c661130ca0] 10.0.0.25 "GET /allocations/1f684623-cc23-45bc-8c28-587fc9483d2e" status: 200 len: 19 microversion: 1.28 [pid: 7|app: 0|req: 250/501] 10.0.0.25 () {34 vars in 860 bytes} [Mon May 11 08:01:00 2026] GET /allocations/1f684623-cc23-45bc-8c28-587fc9483d2e => generated 19 bytes in 10 msecs (HTTP/1.1 200) 8 headers in 295 bytes (1 switches on core 0)
2026-05-11 08:01:00.875 8 INFO placement.requestlog [req-3a680a11-d27c-45be-9cd6-8362701985bc req-c7cea997-1b8b-4c6d-9d14-38172fabf616 ba4489ddaaa545bfaeb28d0f7e748c99 f7d3a589dc7946ec88d5e9064754b762 - - 6b3193f57a444cb0b1e536c661130ca0 6b3193f57a444cb0b1e536c661130ca0] 10.0.0.25 "PUT /allocations/1f684623-cc23-45bc-8c28-587fc9483d2e" status: 204 len: 0 microversion: 1.36 [pid: 8|app: 0|req: 252/502] 10.0.0.25 () {38 vars in 913 bytes} [Mon May 11 08:01:00 2026] PUT /allocations/1f684623-cc23-45bc-8c28-587fc9483d2e => generated 0 bytes in 70 msecs (HTTP/1.1 204) 5 headers in 199 bytes (1 switches on core 0)
2026-05-11 08:01:01.319 7 INFO placement.requestlog [req-693b82c6-ce0f-432c-badb-f0fb2a6c6053 req-02385899-3747-45b4-9cc9-f38285af75a2 ba4489ddaaa545bfaeb28d0f7e748c99 f7d3a589dc7946ec88d5e9064754b762 - - 6b3193f57a444cb0b1e536c661130ca0 6b3193f57a444cb0b1e536c661130ca0] 199.204.45.157 "GET /resource_providers/83a3f8f0-0785-404c-94df-4a7c3bc0dcbf/allocations" status: 200 len: 253 microversion: 1.0 [pid: 7|app: 0|req: 251/503] 199.204.45.157 () {32 vars in 857 bytes} [Mon May 11 08:01:01 2026] GET /resource_providers/83a3f8f0-0785-404c-94df-4a7c3bc0dcbf/allocations => generated 253 bytes in 16 msecs (HTTP/1.1 200) 6 headers in 224 bytes (1 switches on core 0)
2026-05-11 08:01:01.348 8 INFO placement.requestlog [req-693b82c6-ce0f-432c-badb-f0fb2a6c6053 req-a0eb9a1f-3934-4768-8699-68ad2517fc92 ba4489ddaaa545bfaeb28d0f7e748c99 f7d3a589dc7946ec88d5e9064754b762 - - 6b3193f57a444cb0b1e536c661130ca0 6b3193f57a444cb0b1e536c661130ca0] 199.204.45.157 "GET /allocations/1f684623-cc23-45bc-8c28-587fc9483d2e" status: 200 len: 258 microversion: 1.28 [pid: 8|app: 0|req: 253/504] 199.204.45.157 () {34 vars in 863 bytes} [Mon May 11 08:01:01 2026] GET /allocations/1f684623-cc23-45bc-8c28-587fc9483d2e => generated 258 bytes in 16 msecs (HTTP/1.1 200) 8 headers in 296 bytes (1 switches on core 0)
2026-05-11 08:01:01.370 7 INFO placement.requestlog [req-693b82c6-ce0f-432c-badb-f0fb2a6c6053 req-e59ad9c9-b653-4721-9fa2-66a1079a9c7f ba4489ddaaa545bfaeb28d0f7e748c99 f7d3a589dc7946ec88d5e9064754b762 - - 6b3193f57a444cb0b1e536c661130ca0 6b3193f57a444cb0b1e536c661130ca0] 199.204.45.157 "GET /allocations/c767015a-1f62-44f8-a585-0efc1371cc60" status: 200 len: 258 microversion: 1.28 [pid: 7|app: 0|req: 252/505] 199.204.45.157 () {34 vars in 863 bytes} [Mon May 11 08:01:01 2026] GET /allocations/c767015a-1f62-44f8-a585-0efc1371cc60 => generated 258 bytes in 15 msecs (HTTP/1.1 200) 8 headers in 296 bytes (1 switches on core 0)
2026-05-11 08:01:02.008 7 INFO placement.requestlog [None req-51a3a378-4017-479a-97d6-bbeac3dc84a7 827736d0346a4de28fd134d7a40a0481 f7d3a589dc7946ec88d5e9064754b762 - - 6b3193f57a444cb0b1e536c661130ca0 6b3193f57a444cb0b1e536c661130ca0] 10.0.0.111 "GET /resource_providers/0bdbedbb-9f86-4cf2-a71e-207b4b6b0b84/aggregates" status: 404 len: 235 microversion: 1.1 [pid: 7|app: 0|req: 253/506] 10.0.0.111 () {32 vars in 816 bytes} [Mon May 11 08:01:01 2026] GET /resource_providers/0bdbedbb-9f86-4cf2-a71e-207b4b6b0b84/aggregates => generated 235 bytes in 10 msecs (HTTP/1.1 404) 5 headers in 202 bytes (1 switches on core 0)
2026-05-11 08:01:02.015 8 INFO placement.requestlog [None req-106582bd-baec-45d7-bc65-1e783f4e13ad 827736d0346a4de28fd134d7a40a0481 f7d3a589dc7946ec88d5e9064754b762 - - 6b3193f57a444cb0b1e536c661130ca0 6b3193f57a444cb0b1e536c661130ca0] 10.0.0.111 "GET /resource_providers/0bdbedbb-9f86-4cf2-a71e-207b4b6b0b84/aggregates" status: 404 len: 235 microversion: 1.1 [pid: 8|app: 0|req: 254/507] 10.0.0.111 () {32 vars in 816 bytes} [Mon May 11 08:01:01 2026] GET /resource_providers/0bdbedbb-9f86-4cf2-a71e-207b4b6b0b84/aggregates => generated 235 bytes in 17 msecs (HTTP/1.1 404) 5 headers in 202 bytes (1 switches on core 0)
2026-05-11 08:01:02.031 7 INFO placement.requestlog [None req-88aee1ca-e08d-4e21-9312-cd37c03abf34 827736d0346a4de28fd134d7a40a0481 f7d3a589dc7946ec88d5e9064754b762 - - 6b3193f57a444cb0b1e536c661130ca0 6b3193f57a444cb0b1e536c661130ca0] 10.0.0.111 "DELETE /resource_providers/0bdbedbb-9f86-4cf2-a71e-207b4b6b0b84" status: 404 len: 246 microversion: 1.1 [pid: 7|app: 0|req: 254/508] 10.0.0.111 () {34 vars in 816 bytes} [Mon May 11 08:01:02 2026] DELETE /resource_providers/0bdbedbb-9f86-4cf2-a71e-207b4b6b0b84 => generated 246 bytes in 10 msecs (HTTP/1.1 404) 6 headers in 231 bytes (1 switches on core 0)
2026-05-11 08:01:02.034 8 INFO placement.requestlog [None req-a92ddd73-e22f-4f62-a635-cddc448ac45b 827736d0346a4de28fd134d7a40a0481 f7d3a589dc7946ec88d5e9064754b762 - - 6b3193f57a444cb0b1e536c661130ca0 6b3193f57a444cb0b1e536c661130ca0] 10.0.0.111 "DELETE /resource_providers/0bdbedbb-9f86-4cf2-a71e-207b4b6b0b84" status: 404 len: 246 microversion: 1.1 [pid: 8|app: 0|req: 255/509] 10.0.0.111 () {34 vars in 816 bytes} [Mon May 11 08:01:02 2026] DELETE /resource_providers/0bdbedbb-9f86-4cf2-a71e-207b4b6b0b84 => generated 246 bytes in 10 msecs (HTTP/1.1 404) 6 headers in 231 bytes (1 switches on core 0)
2026-05-11 08:01:02.177 7 INFO placement.requestlog [None req-892b9652-70d8-4345-a3c0-f2f76c865408 827736d0346a4de28fd134d7a40a0481 f7d3a589dc7946ec88d5e9064754b762 - - 6b3193f57a444cb0b1e536c661130ca0 6b3193f57a444cb0b1e536c661130ca0] 10.0.0.111 "GET /resource_providers/736acc39-e382-4611-8f7c-0a54b22f1cc9/aggregates" status: 404 len: 235 microversion: 1.1 [pid: 7|app: 0|req: 255/510] 10.0.0.111 () {32 vars in 816 bytes} [Mon May 11 08:01:02 2026] GET /resource_providers/736acc39-e382-4611-8f7c-0a54b22f1cc9/aggregates => generated 235 bytes in 10 msecs (HTTP/1.1 404) 5 headers in 202 bytes (1 switches on core 0)
2026-05-11 08:01:02.179 8 INFO placement.requestlog [None req-63e8754a-20fa-49e1-922f-5fbd0c320a80 827736d0346a4de28fd134d7a40a0481 f7d3a589dc7946ec88d5e9064754b762 - - 6b3193f57a444cb0b1e536c661130ca0 6b3193f57a444cb0b1e536c661130ca0] 10.0.0.111 "GET /resource_providers/736acc39-e382-4611-8f7c-0a54b22f1cc9/aggregates" status: 404 len: 235 microversion: 1.1 [pid: 8|app: 0|req: 256/511] 10.0.0.111 () {32 vars in 816 bytes} [Mon May 11 08:01:02 2026] GET /resource_providers/736acc39-e382-4611-8f7c-0a54b22f1cc9/aggregates => generated 235 bytes in 12 msecs (HTTP/1.1 404) 5 headers in 202 bytes (1 switches on core 0)
2026-05-11 08:01:02.208 7 INFO placement.requestlog [None req-fae82875-2f88-4bdf-83b6-25701f8c7f2b 827736d0346a4de28fd134d7a40a0481 f7d3a589dc7946ec88d5e9064754b762 - - 6b3193f57a444cb0b1e536c661130ca0 6b3193f57a444cb0b1e536c661130ca0] 10.0.0.111 "DELETE /resource_providers/736acc39-e382-4611-8f7c-0a54b22f1cc9" status: 404 len: 246 microversion: 1.1 [pid: 7|app: 0|req: 256/512] 10.0.0.111 () {34 vars in 816 bytes} [Mon May 11 08:01:02 2026] DELETE /resource_providers/736acc39-e382-4611-8f7c-0a54b22f1cc9 => generated 246 bytes in 15 msecs (HTTP/1.1 404) 6 headers in 231 bytes (1 switches on core 0)
2026-05-11 08:01:02.212 8 INFO placement.requestlog [None req-a60cae84-1ee1-45e5-b3bb-933a612d9e2a 827736d0346a4de28fd134d7a40a0481 f7d3a589dc7946ec88d5e9064754b762 - - 6b3193f57a444cb0b1e536c661130ca0 6b3193f57a444cb0b1e536c661130ca0] 10.0.0.111 "DELETE /resource_providers/736acc39-e382-4611-8f7c-0a54b22f1cc9" status: 404 len: 246 microversion: 1.1 [pid: 8|app: 0|req: 257/513] 10.0.0.111 () {34 vars in 816 bytes} [Mon May 11 08:01:02 2026] DELETE /resource_providers/736acc39-e382-4611-8f7c-0a54b22f1cc9 => generated 246 bytes in 10 msecs (HTTP/1.1 404) 6 headers in 231 bytes (1 switches on core 0)
2026-05-11 08:01:02.439 7 INFO placement.requestlog [req-3a680a11-d27c-45be-9cd6-8362701985bc req-a18d042e-db26-4862-bfda-d1a9c64a5e00 ba4489ddaaa545bfaeb28d0f7e748c99 f7d3a589dc7946ec88d5e9064754b762 - - 6b3193f57a444cb0b1e536c661130ca0 6b3193f57a444cb0b1e536c661130ca0] 199.204.45.157 "GET /allocations/1f684623-cc23-45bc-8c28-587fc9483d2e" status: 200 len: 258 microversion: 1.28 [pid: 7|app: 0|req: 257/514] 199.204.45.157 () {34 vars in 863 bytes} [Mon May 11 08:01:02 2026] GET /allocations/1f684623-cc23-45bc-8c28-587fc9483d2e => generated 258 bytes in 19 msecs (HTTP/1.1 200) 8 headers in 296 bytes (1 switches on core 0)
2026-05-11 08:01:03.495 8 INFO placement.requestlog [req-3a680a11-d27c-45be-9cd6-8362701985bc req-5f6d778d-4e7d-4b64-8ad2-6fa3c5e1f0a3 ba4489ddaaa545bfaeb28d0f7e748c99 f7d3a589dc7946ec88d5e9064754b762 - - 6b3193f57a444cb0b1e536c661130ca0 6b3193f57a444cb0b1e536c661130ca0] 199.204.45.157 "GET /resource_providers/83a3f8f0-0785-404c-94df-4a7c3bc0dcbf/allocations" status: 200 len: 253 microversion: 1.0 [pid: 8|app: 0|req: 258/515] 199.204.45.157 () {32 vars in 857 bytes} [Mon May 11 08:01:03 2026] GET /resource_providers/83a3f8f0-0785-404c-94df-4a7c3bc0dcbf/allocations => generated 253 bytes in 24 msecs (HTTP/1.1 200) 6 headers in 224 bytes (1 switches on core 0)
2026-05-11 08:01:03.518 7 INFO placement.requestlog [req-3a680a11-d27c-45be-9cd6-8362701985bc req-ed3efe5b-3d8e-4ad0-adff-22cb8ca84177 ba4489ddaaa545bfaeb28d0f7e748c99 f7d3a589dc7946ec88d5e9064754b762 - - 6b3193f57a444cb0b1e536c661130ca0 6b3193f57a444cb0b1e536c661130ca0] 199.204.45.157 "GET /allocations/1f684623-cc23-45bc-8c28-587fc9483d2e" status: 200 len: 258 microversion: 1.28 [pid: 7|app: 0|req: 258/516] 199.204.45.157 () {34 vars in 863 bytes} [Mon May 11 08:01:03 2026] GET /allocations/1f684623-cc23-45bc-8c28-587fc9483d2e => generated 258 bytes in 15 msecs (HTTP/1.1 200) 8 headers in 296 bytes (1 switches on core 0)
2026-05-11 08:01:03.534 8 INFO placement.requestlog [req-3a680a11-d27c-45be-9cd6-8362701985bc req-360e2a80-9d2f-42d7-b8bb-10f0015091be ba4489ddaaa545bfaeb28d0f7e748c99 f7d3a589dc7946ec88d5e9064754b762 - - 6b3193f57a444cb0b1e536c661130ca0 6b3193f57a444cb0b1e536c661130ca0] 199.204.45.157 "GET /allocations/c767015a-1f62-44f8-a585-0efc1371cc60" status: 200 len: 258 microversion: 1.28 [pid: 8|app: 0|req: 259/517] 199.204.45.157 () {34 vars in 863 bytes} [Mon May 11 08:01:03 2026] GET /allocations/c767015a-1f62-44f8-a585-0efc1371cc60 => generated 258 bytes in 10 msecs (HTTP/1.1 200) 8 headers in 296 bytes (1 switches on core 0)
2026-05-11 08:01:04.057 7 INFO placement.requestlog [None req-a54bdb5c-a493-47d5-ad21-e608cd84378c 827736d0346a4de28fd134d7a40a0481 f7d3a589dc7946ec88d5e9064754b762 - - 6b3193f57a444cb0b1e536c661130ca0 6b3193f57a444cb0b1e536c661130ca0] 10.0.0.111 "GET /resource_providers/2327472f-4802-48f6-9396-09e8918734b3/aggregates" status: 404 len: 235 microversion: 1.1 [pid: 7|app: 0|req: 259/518] 10.0.0.111 () {32 vars in 816 bytes} [Mon May 11 08:01:04 2026] GET /resource_providers/2327472f-4802-48f6-9396-09e8918734b3/aggregates => generated 235 bytes in 10 msecs (HTTP/1.1 404) 5 headers in 202 bytes (1 switches on core 0)
2026-05-11 08:01:04.064 8 INFO placement.requestlog [None req-374b3280-14ad-49a7-8852-32fdfecf8859 827736d0346a4de28fd134d7a40a0481 f7d3a589dc7946ec88d5e9064754b762 - - 6b3193f57a444cb0b1e536c661130ca0 6b3193f57a444cb0b1e536c661130ca0] 10.0.0.111 "GET /resource_providers/2327472f-4802-48f6-9396-09e8918734b3/aggregates" status: 404 len: 235 microversion: 1.1 [pid: 8|app: 0|req: 260/519] 10.0.0.111 () {32 vars in 816 bytes} [Mon May 11 08:01:04 2026] GET /resource_providers/2327472f-4802-48f6-9396-09e8918734b3/aggregates => generated 235 bytes in 15 msecs (HTTP/1.1 404) 5 headers in 202 bytes (1 switches on core 0)
2026-05-11 08:01:04.076 7 INFO placement.requestlog [None req-fa333b93-f0c7-419e-b0f3-a38ed49727cb 827736d0346a4de28fd134d7a40a0481 f7d3a589dc7946ec88d5e9064754b762 - - 6b3193f57a444cb0b1e536c661130ca0 6b3193f57a444cb0b1e536c661130ca0] 10.0.0.111 "DELETE /resource_providers/2327472f-4802-48f6-9396-09e8918734b3" status: 404 len: 246 microversion: 1.1 [pid: 7|app: 0|req: 260/520] 10.0.0.111 () {34 vars in 816 bytes} [Mon May 11 08:01:04 2026] DELETE /resource_providers/2327472f-4802-48f6-9396-09e8918734b3 => generated 246 bytes in 6 msecs (HTTP/1.1 404) 6 headers in 231 bytes (1 switches on core 0)
2026-05-11 08:01:04.080 8 INFO placement.requestlog [None req-ecdddeb0-81c9-4e43-859e-aa5374356e01 827736d0346a4de28fd134d7a40a0481 f7d3a589dc7946ec88d5e9064754b762 - - 6b3193f57a444cb0b1e536c661130ca0 6b3193f57a444cb0b1e536c661130ca0] 10.0.0.111 "DELETE /resource_providers/2327472f-4802-48f6-9396-09e8918734b3" status: 404 len: 246 microversion: 1.1 [pid: 8|app: 0|req: 261/521] 10.0.0.111 () {34 vars in 816 bytes} [Mon May 11 08:01:04 2026] DELETE /resource_providers/2327472f-4802-48f6-9396-09e8918734b3 => generated 246 bytes in 8 msecs (HTTP/1.1 404) 6 headers in 231 bytes (1 switches on core 0)
2026-05-11 08:01:04.098 8 INFO placement.requestlog [None req-60df3ea0-96ba-473f-999a-3a8e7019c721 827736d0346a4de28fd134d7a40a0481 f7d3a589dc7946ec88d5e9064754b762 - - 6b3193f57a444cb0b1e536c661130ca0 6b3193f57a444cb0b1e536c661130ca0] 10.0.0.111 "GET /resource_providers/b8b53d97-3f61-4d9c-bcf4-31c2695dab80/aggregates" status: 404 len: 235 microversion: 1.1 [pid: 8|app: 0|req: 262/522] 10.0.0.111 () {32 vars in 816 bytes} [Mon May 11 08:01:04 2026] GET /resource_providers/b8b53d97-3f61-4d9c-bcf4-31c2695dab80/aggregates => generated 235 bytes in 7 msecs (HTTP/1.1 404) 5 headers in 202 bytes (1 switches on core 0)
2026-05-11 08:01:04.099 7 INFO placement.requestlog [None req-1b0ab833-9b40-4b7f-9f05-64e17f0235f9 827736d0346a4de28fd134d7a40a0481 f7d3a589dc7946ec88d5e9064754b762 - - 6b3193f57a444cb0b1e536c661130ca0 6b3193f57a444cb0b1e536c661130ca0] 10.0.0.111 "GET /resource_providers/b8b53d97-3f61-4d9c-bcf4-31c2695dab80/aggregates" status: 404 len: 235 microversion: 1.1 [pid: 7|app: 0|req: 261/523] 10.0.0.111 () {32 vars in 816 bytes} [Mon May 11 08:01:04 2026] GET /resource_providers/b8b53d97-3f61-4d9c-bcf4-31c2695dab80/aggregates => generated 235 bytes in 9 msecs (HTTP/1.1 404) 5 headers in 202 bytes (1 switches on core 0)
2026-05-11 08:01:04.122 7 INFO placement.requestlog [None req-1d763942-7382-4d5e-a390-ae76d3e460be 827736d0346a4de28fd134d7a40a0481 f7d3a589dc7946ec88d5e9064754b762 - - 6b3193f57a444cb0b1e536c661130ca0 6b3193f57a444cb0b1e536c661130ca0] 10.0.0.111 "DELETE /resource_providers/b8b53d97-3f61-4d9c-bcf4-31c2695dab80" status: 404 len: 246 microversion: 1.1 [pid: 7|app: 0|req: 262/524] 10.0.0.111 () {34 vars in 816 bytes} [Mon May 11 08:01:04 2026] DELETE /resource_providers/b8b53d97-3f61-4d9c-bcf4-31c2695dab80 => generated 246 bytes in 7 msecs (HTTP/1.1 404) 6 headers in 231 bytes (1 switches on core 0)
2026-05-11 08:01:04.122 8 INFO placement.requestlog [None req-12cc6ff1-affd-466d-b39d-3af6c3c482c7 827736d0346a4de28fd134d7a40a0481 f7d3a589dc7946ec88d5e9064754b762 - - 6b3193f57a444cb0b1e536c661130ca0 6b3193f57a444cb0b1e536c661130ca0] 10.0.0.111 "DELETE /resource_providers/b8b53d97-3f61-4d9c-bcf4-31c2695dab80" status: 404 len: 246 microversion: 1.1 [pid: 8|app: 0|req: 263/525] 10.0.0.111 () {34 vars in 816 bytes} [Mon May 11 08:01:04 2026] DELETE /resource_providers/b8b53d97-3f61-4d9c-bcf4-31c2695dab80 => generated 246 bytes in 15 msecs (HTTP/1.1 404) 6 headers in 231 bytes (1 switches on core 0)
2026-05-11 08:01:04.233 7 INFO placement.requestlog [None req-6db6242a-7920-4b54-b2e0-879be1767749 827736d0346a4de28fd134d7a40a0481 f7d3a589dc7946ec88d5e9064754b762 - - 6b3193f57a444cb0b1e536c661130ca0 6b3193f57a444cb0b1e536c661130ca0] 10.0.0.111 "GET /resource_providers/c0ff59ac-df5f-4c65-9e27-5f4613c0f600/aggregates" status: 404 len: 235 microversion: 1.1 [pid: 7|app: 0|req: 263/526] 10.0.0.111 () {32 vars in 816 bytes} [Mon May 11 08:01:04 2026] GET /resource_providers/c0ff59ac-df5f-4c65-9e27-5f4613c0f600/aggregates => generated 235 bytes in 8 msecs (HTTP/1.1 404) 5 headers in 202 bytes (1 switches on core 0)
2026-05-11 08:01:04.251 8 INFO placement.requestlog [None req-fbd20751-3fa3-488e-9126-7df0cec0295b 827736d0346a4de28fd134d7a40a0481 f7d3a589dc7946ec88d5e9064754b762 - - 6b3193f57a444cb0b1e536c661130ca0 6b3193f57a444cb0b1e536c661130ca0] 10.0.0.111 "GET /resource_providers/c0ff59ac-df5f-4c65-9e27-5f4613c0f600/aggregates" status: 404 len: 235 microversion: 1.1 [pid: 8|app: 0|req: 264/527] 10.0.0.111 () {32 vars in 816 bytes} [Mon May 11 08:01:04 2026] GET /resource_providers/c0ff59ac-df5f-4c65-9e27-5f4613c0f600/aggregates => generated 235 bytes in 18 msecs (HTTP/1.1 404) 5 headers in 202 bytes (1 switches on core 0)
2026-05-11 08:01:04.260 7 INFO placement.requestlog [None req-d75c7d1b-e399-457c-9d5b-69f01a43390b 827736d0346a4de28fd134d7a40a0481 f7d3a589dc7946ec88d5e9064754b762 - - 6b3193f57a444cb0b1e536c661130ca0 6b3193f57a444cb0b1e536c661130ca0] 10.0.0.111 "DELETE /resource_providers/c0ff59ac-df5f-4c65-9e27-5f4613c0f600" status: 404 len: 246 microversion: 1.1 [pid: 7|app: 0|req: 264/528] 10.0.0.111 () {34 vars in 816 bytes} [Mon May 11 08:01:04 2026] DELETE /resource_providers/c0ff59ac-df5f-4c65-9e27-5f4613c0f600 => generated 246 bytes in 14 msecs (HTTP/1.1 404) 6 headers in 231 bytes (1 switches on core 0)
2026-05-11 08:01:04.276 8 INFO placement.requestlog [None req-ad6b7877-22e4-478c-ae74-bbc24713bf2a 827736d0346a4de28fd134d7a40a0481 f7d3a589dc7946ec88d5e9064754b762 - - 6b3193f57a444cb0b1e536c661130ca0 6b3193f57a444cb0b1e536c661130ca0] 10.0.0.111 "DELETE /resource_providers/c0ff59ac-df5f-4c65-9e27-5f4613c0f600" status: 404 len: 246 microversion: 1.1 [pid: 8|app: 0|req: 265/529] 10.0.0.111 () {34 vars in 816 bytes} [Mon May 11 08:01:04 2026] DELETE /resource_providers/c0ff59ac-df5f-4c65-9e27-5f4613c0f600 => generated 246 bytes in 13 msecs (HTTP/1.1 404) 6 headers in 231 bytes (1 switches on core 0)
2026-05-11 08:01:04.938 7 INFO placement.requestlog [None req-7878ded1-4f23-498e-80d2-c30ccf7d9cd3 - - - - - -] 10.0.0.26 "GET /" status: 200 len: 136 microversion: 1.0
2026-05-11 08:01:04.938 8 INFO placement.requestlog [None req-bb93ed33-519a-48a5-b798-8cde9428891b - - - - - -] 10.0.0.26 "GET /" status: 200 len: 136 microversion: 1.0
2026-05-11 08:01:14.937 7 INFO placement.requestlog [None req-97254bd2-eff5-4c7b-a14c-f2b495dab29d - - - - - -] 10.0.0.26 "GET /" status: 200 len: 136 microversion: 1.0
2026-05-11 08:01:14.937 8 INFO placement.requestlog [None req-3b597e79-e2de-4672-a5f9-9cf53f114d2f - - - - - -] 10.0.0.26 "GET /" status: 200 len: 136 microversion: 1.0
2026-05-11 08:01:16.105 7 INFO placement.requestlog [None req-582481b9-a86a-49b4-88c8-a9c10cd0cfab 827736d0346a4de28fd134d7a40a0481 f7d3a589dc7946ec88d5e9064754b762 - - 6b3193f57a444cb0b1e536c661130ca0 6b3193f57a444cb0b1e536c661130ca0] 10.0.0.111 "GET /resource_providers/74d387a0-f25b-487c-af22-576dfce54d61/aggregates" status: 404 len: 235 microversion: 1.1 [pid: 7|app: 0|req: 267/534] 10.0.0.111 () {32 vars in 816 bytes} [Mon May 11 08:01:16 2026] GET /resource_providers/74d387a0-f25b-487c-af22-576dfce54d61/aggregates => generated 235 bytes in 13 msecs (HTTP/1.1 404) 5 headers in 202 bytes (1 switches on core 0)
2026-05-11 08:01:16.110 8 INFO placement.requestlog [None req-8475b896-df73-48ec-8eb7-a5a3113ea4b4 827736d0346a4de28fd134d7a40a0481 f7d3a589dc7946ec88d5e9064754b762 - - 6b3193f57a444cb0b1e536c661130ca0 6b3193f57a444cb0b1e536c661130ca0] 10.0.0.111 "GET /resource_providers/74d387a0-f25b-487c-af22-576dfce54d61/aggregates" status: 404 len: 235 microversion: 1.1 [pid: 8|app: 0|req: 268/535] 10.0.0.111 () {32 vars in 816 bytes} [Mon May 11 08:01:16 2026] GET /resource_providers/74d387a0-f25b-487c-af22-576dfce54d61/aggregates => generated 235 bytes in 18 msecs (HTTP/1.1 404) 5 headers in 202 bytes (1 switches on core 0)
2026-05-11 08:01:16.129 7 INFO placement.requestlog [None req-c3f8e5b5-0845-47b8-9d3b-1dbd42da7bab 827736d0346a4de28fd134d7a40a0481 f7d3a589dc7946ec88d5e9064754b762 - - 6b3193f57a444cb0b1e536c661130ca0 6b3193f57a444cb0b1e536c661130ca0] 10.0.0.111 "DELETE /resource_providers/74d387a0-f25b-487c-af22-576dfce54d61" status: 404 len: 246 microversion: 1.1 [pid: 7|app: 0|req: 268/536] 10.0.0.111 () {34 vars in 816 bytes} [Mon May 11 08:01:16 2026] DELETE /resource_providers/74d387a0-f25b-487c-af22-576dfce54d61 => generated 246 bytes in 9 msecs (HTTP/1.1 404) 6 headers in 231 bytes (1 switches on core 0)
2026-05-11 08:01:16.135 8 INFO placement.requestlog [None req-e1c29ce0-d050-40c4-bb54-3253cc8ac713 827736d0346a4de28fd134d7a40a0481 f7d3a589dc7946ec88d5e9064754b762 - - 6b3193f57a444cb0b1e536c661130ca0 6b3193f57a444cb0b1e536c661130ca0] 10.0.0.111 "DELETE /resource_providers/74d387a0-f25b-487c-af22-576dfce54d61" status: 404 len: 246 microversion: 1.1 [pid: 8|app: 0|req: 269/537] 10.0.0.111 () {34 vars in 816 bytes} [Mon May 11 08:01:16 2026] DELETE /resource_providers/74d387a0-f25b-487c-af22-576dfce54d61 => generated 246 bytes in 14 msecs (HTTP/1.1 404) 6 headers in 231 bytes (1 switches on core 0)
2026-05-11 08:01:16.230 7 INFO placement.requestlog [None req-3e6a39ce-9cf8-4213-9398-5e8e08156229 827736d0346a4de28fd134d7a40a0481 f7d3a589dc7946ec88d5e9064754b762 - - 6b3193f57a444cb0b1e536c661130ca0 6b3193f57a444cb0b1e536c661130ca0] 10.0.0.111 "GET /resource_providers/ab0c140c-747f-476c-a005-2ec57c57d058/aggregates" status: 404 len: 235 microversion: 1.1 [pid: 7|app: 0|req: 269/538] 10.0.0.111 () {32 vars in 816 bytes} [Mon May 11 08:01:16 2026] GET /resource_providers/ab0c140c-747f-476c-a005-2ec57c57d058/aggregates => generated 235 bytes in 9 msecs (HTTP/1.1 404) 5 headers in 202 bytes (1 switches on core 0)
2026-05-11 08:01:16.233 8 INFO placement.requestlog [None req-45c7da16-bb9e-4350-859b-a591e1c36c59 827736d0346a4de28fd134d7a40a0481 f7d3a589dc7946ec88d5e9064754b762 - - 6b3193f57a444cb0b1e536c661130ca0 6b3193f57a444cb0b1e536c661130ca0] 10.0.0.111 "GET /resource_providers/ab0c140c-747f-476c-a005-2ec57c57d058/aggregates" status: 404 len: 235 microversion: 1.1 [pid: 8|app: 0|req: 270/539] 10.0.0.111 () {32 vars in 816 bytes} [Mon May 11 08:01:16 2026] GET /resource_providers/ab0c140c-747f-476c-a005-2ec57c57d058/aggregates => generated 235 bytes in 11 msecs (HTTP/1.1 404) 5 headers in 202 bytes (1 switches on core 0)
2026-05-11 08:01:16.248 7 INFO placement.requestlog [None req-29e81be1-7696-431c-8d46-51e69426661d 827736d0346a4de28fd134d7a40a0481 f7d3a589dc7946ec88d5e9064754b762 - - 6b3193f57a444cb0b1e536c661130ca0 6b3193f57a444cb0b1e536c661130ca0] 10.0.0.111 "DELETE /resource_providers/ab0c140c-747f-476c-a005-2ec57c57d058" status: 404 len: 246 microversion: 1.1 [pid: 7|app: 0|req: 270/540] 10.0.0.111 () {34 vars in 816 bytes} [Mon May 11 08:01:16 2026] DELETE /resource_providers/ab0c140c-747f-476c-a005-2ec57c57d058 => generated 246 bytes in 8 msecs (HTTP/1.1 404) 6 headers in 231 bytes (1 switches on core 0)
2026-05-11 08:01:16.251 8 INFO placement.requestlog [None req-4c9ac7a3-78f2-432a-abec-c0fbd1577c2a 827736d0346a4de28fd134d7a40a0481 f7d3a589dc7946ec88d5e9064754b762 - - 6b3193f57a444cb0b1e536c661130ca0 6b3193f57a444cb0b1e536c661130ca0] 10.0.0.111 "DELETE /resource_providers/ab0c140c-747f-476c-a005-2ec57c57d058" status: 404 len: 246 microversion: 1.1 [pid: 8|app: 0|req: 271/541] 10.0.0.111 () {34 vars in 816 bytes} [Mon May 11 08:01:16 2026] DELETE /resource_providers/ab0c140c-747f-476c-a005-2ec57c57d058 => generated 246 bytes in 7 msecs (HTTP/1.1 404) 6 headers in 231 bytes (1 switches on core 0)
2026-05-11 08:01:17.319 7 INFO placement.requestlog [req-ef2ff1f1-dace-4524-8ef0-378db9248d00 req-cc4a4874-4d66-4275-b38b-2a753ec6d8f1 ba4489ddaaa545bfaeb28d0f7e748c99 f7d3a589dc7946ec88d5e9064754b762 - - 6b3193f57a444cb0b1e536c661130ca0 6b3193f57a444cb0b1e536c661130ca0] 199.204.45.157 "GET /resource_providers/83a3f8f0-0785-404c-94df-4a7c3bc0dcbf/allocations" status: 200 len: 253 microversion: 1.0 [pid: 7|app: 0|req: 271/542] 199.204.45.157 () {32 vars in 857 bytes} [Mon May 11 08:01:17 2026] GET /resource_providers/83a3f8f0-0785-404c-94df-4a7c3bc0dcbf/allocations => generated 253 bytes in 22 msecs (HTTP/1.1 200) 6 headers in 224 bytes (1 switches on core 0)
2026-05-11 08:01:17.340 8 INFO placement.requestlog [req-ef2ff1f1-dace-4524-8ef0-378db9248d00 req-9ea601f4-285d-47e1-ad9d-ad450099c204 ba4489ddaaa545bfaeb28d0f7e748c99 f7d3a589dc7946ec88d5e9064754b762 - - 6b3193f57a444cb0b1e536c661130ca0 6b3193f57a444cb0b1e536c661130ca0] 199.204.45.157 "GET /allocations/1f684623-cc23-45bc-8c28-587fc9483d2e" status: 200 len: 258 microversion: 1.28 [pid: 8|app: 0|req: 272/543] 199.204.45.157 () {34 vars in 863 bytes} [Mon May 11 08:01:17 2026] GET /allocations/1f684623-cc23-45bc-8c28-587fc9483d2e => generated 258 bytes in 12 msecs (HTTP/1.1 200) 8 headers in 296 bytes (1 switches on core 0)
2026-05-11 08:01:17.358 7 INFO placement.requestlog [req-ef2ff1f1-dace-4524-8ef0-378db9248d00 req-418a2da8-2426-4c8b-9f56-a54c091127b2 ba4489ddaaa545bfaeb28d0f7e748c99 f7d3a589dc7946ec88d5e9064754b762 - - 6b3193f57a444cb0b1e536c661130ca0 6b3193f57a444cb0b1e536c661130ca0] 199.204.45.157 "GET /allocations/c767015a-1f62-44f8-a585-0efc1371cc60" status: 200 len: 258 microversion: 1.28 [pid: 7|app: 0|req: 272/544] 199.204.45.157 () {34 vars in 863 bytes} [Mon May 11 08:01:17 2026] GET /allocations/c767015a-1f62-44f8-a585-0efc1371cc60 => generated 258 bytes in 10 msecs (HTTP/1.1 200) 8 headers in 296 bytes (1 switches on core 0)
2026-05-11 08:01:18.407 8 INFO placement.requestlog [req-ef2ff1f1-dace-4524-8ef0-378db9248d00 req-ed9ea825-925c-4899-b72f-79b68cae1eda ba4489ddaaa545bfaeb28d0f7e748c99 f7d3a589dc7946ec88d5e9064754b762 - - 6b3193f57a444cb0b1e536c661130ca0 6b3193f57a444cb0b1e536c661130ca0] 199.204.45.157 "DELETE /allocations/c767015a-1f62-44f8-a585-0efc1371cc60" status: 204 len: 0 microversion: 1.0 [pid: 8|app: 0|req: 273/545] 199.204.45.157 () {34 vars in 841 bytes} [Mon May 11 08:01:18 2026] DELETE /allocations/c767015a-1f62-44f8-a585-0efc1371cc60 => generated 0 bytes in 20 msecs (HTTP/1.1 204) 5 headers in 198 bytes (1 switches on core 0)
2026-05-11 08:01:22.907 8 INFO placement.requestlog [None req-abc34708-dafa-4546-8f10-6c0b1fa578c1 827736d0346a4de28fd134d7a40a0481 f7d3a589dc7946ec88d5e9064754b762 - - 6b3193f57a444cb0b1e536c661130ca0 6b3193f57a444cb0b1e536c661130ca0] 10.0.0.111 "GET /resource_providers/78a09d23-b8f1-4df9-a4a6-718e0470bfda/aggregates" status: 404 len: 235 microversion: 1.1 [pid: 8|app: 0|req: 274/546] 10.0.0.111 () {32 vars in 816 bytes} [Mon May 11 08:01:22 2026] GET /resource_providers/78a09d23-b8f1-4df9-a4a6-718e0470bfda/aggregates => generated 235 bytes in 9 msecs (HTTP/1.1 404) 5 headers in 202 bytes (1 switches on core 0)
2026-05-11 08:01:22.908 7 INFO placement.requestlog [None req-b575835c-da4f-43f8-9acf-0e63739348b0 827736d0346a4de28fd134d7a40a0481 f7d3a589dc7946ec88d5e9064754b762 - - 6b3193f57a444cb0b1e536c661130ca0 6b3193f57a444cb0b1e536c661130ca0] 10.0.0.111 "GET /resource_providers/78a09d23-b8f1-4df9-a4a6-718e0470bfda/aggregates" status: 404 len: 235 microversion: 1.1 [pid: 7|app: 0|req: 273/547] 10.0.0.111 () {32 vars in 816 bytes} [Mon May 11 08:01:22 2026] GET /resource_providers/78a09d23-b8f1-4df9-a4a6-718e0470bfda/aggregates => generated 235 bytes in 10 msecs (HTTP/1.1 404) 5 headers in 202 bytes (1 switches on core 0)
2026-05-11 08:01:22.936 7 INFO placement.requestlog [None req-c10446a3-6e80-418f-a2f3-e471df12194f 827736d0346a4de28fd134d7a40a0481 f7d3a589dc7946ec88d5e9064754b762 - - 6b3193f57a444cb0b1e536c661130ca0 6b3193f57a444cb0b1e536c661130ca0] 10.0.0.111 "DELETE /resource_providers/78a09d23-b8f1-4df9-a4a6-718e0470bfda" status: 404 len: 246 microversion: 1.1 [pid: 7|app: 0|req: 274/548] 10.0.0.111 () {34 vars in 816 bytes} [Mon May 11 08:01:22 2026] DELETE /resource_providers/78a09d23-b8f1-4df9-a4a6-718e0470bfda => generated 246 bytes in 8 msecs (HTTP/1.1 404) 6 headers in 231 bytes (1 switches on core 0)
2026-05-11 08:01:22.943 8 INFO placement.requestlog [None req-5195a09b-b201-40bf-b2a0-21d3f421e4db 827736d0346a4de28fd134d7a40a0481 f7d3a589dc7946ec88d5e9064754b762 - - 6b3193f57a444cb0b1e536c661130ca0 6b3193f57a444cb0b1e536c661130ca0] 10.0.0.111 "DELETE /resource_providers/78a09d23-b8f1-4df9-a4a6-718e0470bfda" status: 404 len: 246 microversion: 1.1 [pid: 8|app: 0|req: 275/549] 10.0.0.111 () {34 vars in 816 bytes} [Mon May 11 08:01:22 2026] DELETE /resource_providers/78a09d23-b8f1-4df9-a4a6-718e0470bfda => generated 246 bytes in 15 msecs (HTTP/1.1 404) 6 headers in 231 bytes (1 switches on core 0)
2026-05-11 08:01:24.937 7 INFO placement.requestlog [None req-f608d8c8-16a8-4180-8cd7-895ce9d0c6f6 - - - - - -] 10.0.0.26 "GET /" status: 200 len: 136 microversion: 1.0
2026-05-11 08:01:24.938 8 INFO placement.requestlog [None req-cf3cd43d-ced7-46b7-9f5d-17385bebcc3c - - - - - -] 10.0.0.26 "GET /" status: 200 len: 136 microversion: 1.0
2026-05-11 08:01:24.970 8 INFO placement.requestlog [None req-4f0bdf82-7afb-4453-b272-af21a6e22dad 827736d0346a4de28fd134d7a40a0481 f7d3a589dc7946ec88d5e9064754b762 - - 6b3193f57a444cb0b1e536c661130ca0 6b3193f57a444cb0b1e536c661130ca0] 10.0.0.111 "GET /resource_providers/7aa7598b-853e-413a-8c88-2227bd45852d/aggregates" status: 404 len: 235 microversion: 1.1
