2026-05-11 08:01:55.660 7 INFO placement.requestlog [None req-e27781de-1648-4061-9e6c-edbadeefe927 827736d0346a4de28fd134d7a40a0481 f7d3a589dc7946ec88d5e9064754b762 - - 6b3193f57a444cb0b1e536c661130ca0 6b3193f57a444cb0b1e536c661130ca0] 10.0.0.111 "GET /resource_providers/ea535c09-8f1e-4003-a4b6-992c5ad05fc6/aggregates" status: 404 len: 235 microversion: 1.1 [pid: 7|app: 0|req: 318/637] 10.0.0.111 () {32 vars in 816 bytes} [Mon May 11 08:01:55 2026] GET /resource_providers/ea535c09-8f1e-4003-a4b6-992c5ad05fc6/aggregates => generated 235 bytes in 13 msecs (HTTP/1.1 404) 5 headers in 202 bytes (1 switches on core 0)
2026-05-11 08:01:55.661 8 INFO placement.requestlog [None req-55039ab7-2fdc-482c-9a31-97b4da87c740 827736d0346a4de28fd134d7a40a0481 f7d3a589dc7946ec88d5e9064754b762 - - 6b3193f57a444cb0b1e536c661130ca0 6b3193f57a444cb0b1e536c661130ca0] 10.0.0.111 "GET /resource_providers/ea535c09-8f1e-4003-a4b6-992c5ad05fc6/aggregates" status: 404 len: 235 microversion: 1.1 [pid: 8|app: 0|req: 320/638] 10.0.0.111 () {32 vars in 816 bytes} [Mon May 11 08:01:55 2026] GET /resource_providers/ea535c09-8f1e-4003-a4b6-992c5ad05fc6/aggregates => generated 235 bytes in 15 msecs (HTTP/1.1 404) 5 headers in 202 bytes (1 switches on core 0)
2026-05-11 08:01:55.679 7 INFO placement.requestlog [None req-628a0b5d-c525-4d42-9505-66c574a046fd 827736d0346a4de28fd134d7a40a0481 f7d3a589dc7946ec88d5e9064754b762 - - 6b3193f57a444cb0b1e536c661130ca0 6b3193f57a444cb0b1e536c661130ca0] 10.0.0.111 "DELETE /resource_providers/ea535c09-8f1e-4003-a4b6-992c5ad05fc6" status: 404 len: 246 microversion: 1.1 [pid: 7|app: 0|req: 319/639] 10.0.0.111 () {34 vars in 816 bytes} [Mon May 11 08:01:55 2026] DELETE /resource_providers/ea535c09-8f1e-4003-a4b6-992c5ad05fc6 => generated 246 bytes in 8 msecs (HTTP/1.1 404) 6 headers in 231 bytes (1 switches on core 0)
2026-05-11 08:01:55.683 8 INFO placement.requestlog [None req-863535e9-a4aa-4650-b0fc-3034146ed5fe 827736d0346a4de28fd134d7a40a0481 f7d3a589dc7946ec88d5e9064754b762 - - 6b3193f57a444cb0b1e536c661130ca0 6b3193f57a444cb0b1e536c661130ca0] 10.0.0.111 "DELETE /resource_providers/ea535c09-8f1e-4003-a4b6-992c5ad05fc6" status: 404 len: 246 microversion: 1.1 [pid: 8|app: 0|req: 321/640] 10.0.0.111 () {34 vars in 816 bytes} [Mon May 11 08:01:55 2026] DELETE /resource_providers/ea535c09-8f1e-4003-a4b6-992c5ad05fc6 => generated 246 bytes in 10 msecs (HTTP/1.1 404) 6 headers in 231 bytes (1 switches on core 0)
2026-05-11 08:01:58.316 8 INFO placement.requestlog [None req-a76104a5-b88d-464f-8850-3150ea1616b1 827736d0346a4de28fd134d7a40a0481 f7d3a589dc7946ec88d5e9064754b762 - - 6b3193f57a444cb0b1e536c661130ca0 6b3193f57a444cb0b1e536c661130ca0] 10.0.0.111 "GET /resource_providers/2b3d1f96-a76f-4c32-8388-6c11f9afcf20/aggregates" status: 404 len: 235 microversion: 1.1
2026-05-11 08:01:58.316 7 INFO placement.requestlog [None req-2bec4952-d4e2-4967-bd06-4d1991b2de55 827736d0346a4de28fd134d7a40a0481 f7d3a589dc7946ec88d5e9064754b762 - - 6b3193f57a444cb0b1e536c661130ca0 6b3193f57a444cb0b1e536c661130ca0] 10.0.0.111 "GET /resource_providers/2b3d1f96-a76f-4c32-8388-6c11f9afcf20/aggregates" status: 404 len: 235 microversion: 1.1 [pid: 8|app: 0|req: 322/641] 10.0.0.111 () {32 vars in 816 bytes} [Mon May 11 08:01:58 2026] GET /resource_providers/2b3d1f96-a76f-4c32-8388-6c11f9afcf20/aggregates => generated 235 bytes in 9 msecs (HTTP/1.1 404) 5 headers in 202 bytes (1 switches on core 0) [pid: 7|app: 0|req: 320/642] 10.0.0.111 () {32 vars in 816 bytes} [Mon May 11 08:01:58 2026] GET /resource_providers/2b3d1f96-a76f-4c32-8388-6c11f9afcf20/aggregates => generated 235 bytes in 12 msecs (HTTP/1.1 404) 5 headers in 202 bytes (1 switches on core 0)
2026-05-11 08:01:58.348 8 INFO placement.requestlog [None req-c8934bfb-5589-4bd1-8954-37d14ebfec08 827736d0346a4de28fd134d7a40a0481 f7d3a589dc7946ec88d5e9064754b762 - - 6b3193f57a444cb0b1e536c661130ca0 6b3193f57a444cb0b1e536c661130ca0] 10.0.0.111 "DELETE /resource_providers/2b3d1f96-a76f-4c32-8388-6c11f9afcf20" status: 404 len: 246 microversion: 1.1 [pid: 8|app: 0|req: 323/643] 10.0.0.111 () {34 vars in 816 bytes} [Mon May 11 08:01:58 2026] DELETE /resource_providers/2b3d1f96-a76f-4c32-8388-6c11f9afcf20 => generated 246 bytes in 14 msecs (HTTP/1.1 404) 6 headers in 231 bytes (1 switches on core 0)
2026-05-11 08:01:58.353 7 INFO placement.requestlog [None req-e77099c0-4fcf-4453-a141-500d73e4547f 827736d0346a4de28fd134d7a40a0481 f7d3a589dc7946ec88d5e9064754b762 - - 6b3193f57a444cb0b1e536c661130ca0 6b3193f57a444cb0b1e536c661130ca0] 10.0.0.111 "DELETE /resource_providers/2b3d1f96-a76f-4c32-8388-6c11f9afcf20" status: 404 len: 246 microversion: 1.1 [pid: 7|app: 0|req: 321/644] 10.0.0.111 () {34 vars in 816 bytes} [Mon May 11 08:01:58 2026] DELETE /resource_providers/2b3d1f96-a76f-4c32-8388-6c11f9afcf20 => generated 246 bytes in 20 msecs (HTTP/1.1 404) 6 headers in 231 bytes (1 switches on core 0)
2026-05-11 08:01:59.942 8 INFO placement.requestlog [req-aec3bee5-ee09-4675-87ad-e1b7dd906f4a req-16f7d04c-a537-47bc-a3c3-d71f8c921c24 ba4489ddaaa545bfaeb28d0f7e748c99 f7d3a589dc7946ec88d5e9064754b762 - - 6b3193f57a444cb0b1e536c661130ca0 6b3193f57a444cb0b1e536c661130ca0] 10.0.0.25 "GET /allocation_candidates?limit=1000&resources=DISK_GB%3A1%2CMEMORY_MB%3A512%2CVCPU%3A1&root_required=%21COMPUTE_STATUS_DISABLED" status: 200 len: 2784 microversion: 1.36 [pid: 8|app: 0|req: 324/645] 10.0.0.25 () {34 vars in 1011 bytes} [Mon May 11 08:01:59 2026] GET /allocation_candidates?limit=1000&resources=DISK_GB%3A1%2CMEMORY_MB%3A512%2CVCPU%3A1&root_required=%21COMPUTE_STATUS_DISABLED => generated 2784 bytes in 56 msecs (HTTP/1.1 200) 8 headers in 297 bytes (1 switches on core 0)
2026-05-11 08:01:59.993 7 INFO placement.requestlog [req-aec3bee5-ee09-4675-87ad-e1b7dd906f4a req-39517ecb-03a8-4c10-86b1-1ef5bcc6d93b ba4489ddaaa545bfaeb28d0f7e748c99 f7d3a589dc7946ec88d5e9064754b762 - - 6b3193f57a444cb0b1e536c661130ca0 6b3193f57a444cb0b1e536c661130ca0] 10.0.0.25 "GET /allocations/acbb8c3f-d594-4825-9394-4cf7bdeb328a" status: 200 len: 19 microversion: 1.28 [pid: 7|app: 0|req: 322/646] 10.0.0.25 () {34 vars in 860 bytes} [Mon May 11 08:01:59 2026] GET /allocations/acbb8c3f-d594-4825-9394-4cf7bdeb328a => generated 19 bytes in 19 msecs (HTTP/1.1 200) 8 headers in 295 bytes (1 switches on core 0)
2026-05-11 08:02:00.050 8 INFO placement.requestlog [req-aec3bee5-ee09-4675-87ad-e1b7dd906f4a req-3200b2c6-e5c0-40fa-b5fe-18833cb3d8a6 ba4489ddaaa545bfaeb28d0f7e748c99 f7d3a589dc7946ec88d5e9064754b762 - - 6b3193f57a444cb0b1e536c661130ca0 6b3193f57a444cb0b1e536c661130ca0] 10.0.0.25 "PUT /allocations/acbb8c3f-d594-4825-9394-4cf7bdeb328a" status: 204 len: 0 microversion: 1.36 [pid: 8|app: 0|req: 325/647] 10.0.0.25 () {38 vars in 913 bytes} [Mon May 11 08:02:00 2026] PUT /allocations/acbb8c3f-d594-4825-9394-4cf7bdeb328a => generated 0 bytes in 49 msecs (HTTP/1.1 204) 5 headers in 199 bytes (1 switches on core 0)
2026-05-11 08:02:00.380 7 INFO placement.requestlog [None req-41a26758-4fda-443f-8bc3-39a61acbba0f 827736d0346a4de28fd134d7a40a0481 f7d3a589dc7946ec88d5e9064754b762 - - 6b3193f57a444cb0b1e536c661130ca0 6b3193f57a444cb0b1e536c661130ca0] 10.0.0.111 "GET /resource_providers/dd76f4de-68dc-467f-99f7-3b44b2544d04/aggregates" status: 404 len: 235 microversion: 1.1 [pid: 7|app: 0|req: 323/648] 10.0.0.111 () {32 vars in 816 bytes} [Mon May 11 08:02:00 2026] GET /resource_providers/dd76f4de-68dc-467f-99f7-3b44b2544d04/aggregates => generated 235 bytes in 9 msecs (HTTP/1.1 404) 5 headers in 202 bytes (1 switches on core 0)
2026-05-11 08:02:00.400 7 INFO placement.requestlog [None req-31105088-554a-4969-ae92-b0b3611e4a09 827736d0346a4de28fd134d7a40a0481 f7d3a589dc7946ec88d5e9064754b762 - - 6b3193f57a444cb0b1e536c661130ca0 6b3193f57a444cb0b1e536c661130ca0] 10.0.0.111 "DELETE /resource_providers/dd76f4de-68dc-467f-99f7-3b44b2544d04" status: 404 len: 246 microversion: 1.1 [pid: 7|app: 0|req: 324/649] 10.0.0.111 () {34 vars in 816 bytes} [Mon May 11 08:02:00 2026] DELETE /resource_providers/dd76f4de-68dc-467f-99f7-3b44b2544d04 => generated 246 bytes in 9 msecs (HTTP/1.1 404) 6 headers in 231 bytes (1 switches on core 0)
2026-05-11 08:02:00.401 8 INFO placement.requestlog [None req-2499623a-b9a4-442b-96a2-179171693af1 827736d0346a4de28fd134d7a40a0481 f7d3a589dc7946ec88d5e9064754b762 - - 6b3193f57a444cb0b1e536c661130ca0 6b3193f57a444cb0b1e536c661130ca0] 10.0.0.111 "GET /resource_providers/dd76f4de-68dc-467f-99f7-3b44b2544d04/aggregates" status: 404 len: 235 microversion: 1.1 [pid: 8|app: 0|req: 326/650] 10.0.0.111 () {32 vars in 816 bytes} [Mon May 11 08:02:00 2026] GET /resource_providers/dd76f4de-68dc-467f-99f7-3b44b2544d04/aggregates => generated 235 bytes in 23 msecs (HTTP/1.1 404) 5 headers in 202 bytes (1 switches on core 0)
2026-05-11 08:02:00.424 7 INFO placement.requestlog [None req-5dfcb859-30e2-41f3-a20e-8733d5f8bc06 827736d0346a4de28fd134d7a40a0481 f7d3a589dc7946ec88d5e9064754b762 - - 6b3193f57a444cb0b1e536c661130ca0 6b3193f57a444cb0b1e536c661130ca0] 10.0.0.111 "DELETE /resource_providers/dd76f4de-68dc-467f-99f7-3b44b2544d04" status: 404 len: 246 microversion: 1.1 [pid: 7|app: 0|req: 325/651] 10.0.0.111 () {34 vars in 816 bytes} [Mon May 11 08:02:00 2026] DELETE /resource_providers/dd76f4de-68dc-467f-99f7-3b44b2544d04 => generated 246 bytes in 8 msecs (HTTP/1.1 404) 6 headers in 231 bytes (1 switches on core 0)
2026-05-11 08:02:01.578 8 INFO placement.requestlog [req-aec3bee5-ee09-4675-87ad-e1b7dd906f4a req-0dbd68f9-e170-4e12-ab41-e34dd4c9a83c ba4489ddaaa545bfaeb28d0f7e748c99 f7d3a589dc7946ec88d5e9064754b762 - - 6b3193f57a444cb0b1e536c661130ca0 6b3193f57a444cb0b1e536c661130ca0] 199.204.45.157 "GET /allocations/acbb8c3f-d594-4825-9394-4cf7bdeb328a" status: 200 len: 258 microversion: 1.28 [pid: 8|app: 0|req: 327/652] 199.204.45.157 () {34 vars in 863 bytes} [Mon May 11 08:02:01 2026] GET /allocations/acbb8c3f-d594-4825-9394-4cf7bdeb328a => generated 258 bytes in 12 msecs (HTTP/1.1 200) 8 headers in 296 bytes (1 switches on core 0)
2026-05-11 08:02:02.631 7 INFO placement.requestlog [req-aec3bee5-ee09-4675-87ad-e1b7dd906f4a req-05f19695-613d-4527-b4fa-49c02a747c49 ba4489ddaaa545bfaeb28d0f7e748c99 f7d3a589dc7946ec88d5e9064754b762 - - 6b3193f57a444cb0b1e536c661130ca0 6b3193f57a444cb0b1e536c661130ca0] 199.204.45.157 "GET /resource_providers/83a3f8f0-0785-404c-94df-4a7c3bc0dcbf/allocations" status: 200 len: 453 microversion: 1.0 [pid: 7|app: 0|req: 326/653] 199.204.45.157 () {32 vars in 857 bytes} [Mon May 11 08:02:02 2026] GET /resource_providers/83a3f8f0-0785-404c-94df-4a7c3bc0dcbf/allocations => generated 453 bytes in 28 msecs (HTTP/1.1 200) 6 headers in 224 bytes (1 switches on core 0)
2026-05-11 08:02:02.649 8 INFO placement.requestlog [req-aec3bee5-ee09-4675-87ad-e1b7dd906f4a req-f121b2b2-d9b5-4719-a8a7-9ba35c6218c7 ba4489ddaaa545bfaeb28d0f7e748c99 f7d3a589dc7946ec88d5e9064754b762 - - 6b3193f57a444cb0b1e536c661130ca0 6b3193f57a444cb0b1e536c661130ca0] 199.204.45.157 "GET /allocations/2ef74092-77ab-4c8c-a546-e9e39cb233df" status: 200 len: 258 microversion: 1.28 [pid: 8|app: 0|req: 328/654] 199.204.45.157 () {34 vars in 863 bytes} [Mon May 11 08:02:02 2026] GET /allocations/2ef74092-77ab-4c8c-a546-e9e39cb233df => generated 258 bytes in 14 msecs (HTTP/1.1 200) 8 headers in 296 bytes (1 switches on core 0)
2026-05-11 08:02:02.667 7 INFO placement.requestlog [req-aec3bee5-ee09-4675-87ad-e1b7dd906f4a req-1199a00f-7a5e-460e-baa6-5f5f55e68690 ba4489ddaaa545bfaeb28d0f7e748c99 f7d3a589dc7946ec88d5e9064754b762 - - 6b3193f57a444cb0b1e536c661130ca0 6b3193f57a444cb0b1e536c661130ca0] 199.204.45.157 "GET /allocations/1f684623-cc23-45bc-8c28-587fc9483d2e" status: 200 len: 258 microversion: 1.28 [pid: 7|app: 0|req: 327/655] 199.204.45.157 () {34 vars in 863 bytes} [Mon May 11 08:02:02 2026] GET /allocations/1f684623-cc23-45bc-8c28-587fc9483d2e => generated 258 bytes in 12 msecs (HTTP/1.1 200) 8 headers in 296 bytes (1 switches on core 0)
2026-05-11 08:02:02.686 8 INFO placement.requestlog [req-aec3bee5-ee09-4675-87ad-e1b7dd906f4a req-64fd1e6f-cecc-4a22-adbf-241b3dda50d1 ba4489ddaaa545bfaeb28d0f7e748c99 f7d3a589dc7946ec88d5e9064754b762 - - 6b3193f57a444cb0b1e536c661130ca0 6b3193f57a444cb0b1e536c661130ca0] 199.204.45.157 "GET /allocations/d74a31a6-7e15-4c8e-b93c-85b662f7c112" status: 200 len: 258 microversion: 1.28 [pid: 8|app: 0|req: 329/656] 199.204.45.157 () {34 vars in 863 bytes} [Mon May 11 08:02:02 2026] GET /allocations/d74a31a6-7e15-4c8e-b93c-85b662f7c112 => generated 258 bytes in 13 msecs (HTTP/1.1 200) 8 headers in 296 bytes (1 switches on core 0)
2026-05-11 08:02:02.703 7 INFO placement.requestlog [req-aec3bee5-ee09-4675-87ad-e1b7dd906f4a req-a97898dd-5f55-4bbf-8715-160282beb789 ba4489ddaaa545bfaeb28d0f7e748c99 f7d3a589dc7946ec88d5e9064754b762 - - 6b3193f57a444cb0b1e536c661130ca0 6b3193f57a444cb0b1e536c661130ca0] 199.204.45.157 "GET /allocations/acbb8c3f-d594-4825-9394-4cf7bdeb328a" status: 200 len: 258 microversion: 1.28 [pid: 7|app: 0|req: 328/657] 199.204.45.157 () {34 vars in 863 bytes} [Mon May 11 08:02:02 2026] GET /allocations/acbb8c3f-d594-4825-9394-4cf7bdeb328a => generated 258 bytes in 12 msecs (HTTP/1.1 200) 8 headers in 296 bytes (1 switches on core 0)
2026-05-11 08:02:03.046 8 INFO placement.requestlog [None req-f2eb9711-22c3-4c18-a6fd-0c87167fda10 827736d0346a4de28fd134d7a40a0481 f7d3a589dc7946ec88d5e9064754b762 - - 6b3193f57a444cb0b1e536c661130ca0 6b3193f57a444cb0b1e536c661130ca0] 10.0.0.111 "GET /resource_providers/2a6417ae-4d81-406c-b2d8-7b4e9a562b48/aggregates" status: 404 len: 235 microversion: 1.1 [pid: 8|app: 0|req: 330/658] 10.0.0.111 () {32 vars in 816 bytes} [Mon May 11 08:02:03 2026] GET /resource_providers/2a6417ae-4d81-406c-b2d8-7b4e9a562b48/aggregates => generated 235 bytes in 11 msecs (HTTP/1.1 404) 5 headers in 202 bytes (1 switches on core 0)
2026-05-11 08:02:03.050 7 INFO placement.requestlog [None req-a47de50d-23bc-4a41-b9ae-3f3f1ce85897 827736d0346a4de28fd134d7a40a0481 f7d3a589dc7946ec88d5e9064754b762 - - 6b3193f57a444cb0b1e536c661130ca0 6b3193f57a444cb0b1e536c661130ca0] 10.0.0.111 "GET /resource_providers/2a6417ae-4d81-406c-b2d8-7b4e9a562b48/aggregates" status: 404 len: 235 microversion: 1.1 [pid: 7|app: 0|req: 329/659] 10.0.0.111 () {32 vars in 816 bytes} [Mon May 11 08:02:03 2026] GET /resource_providers/2a6417ae-4d81-406c-b2d8-7b4e9a562b48/aggregates => generated 235 bytes in 14 msecs (HTTP/1.1 404) 5 headers in 202 bytes (1 switches on core 0)
2026-05-11 08:02:03.065 8 INFO placement.requestlog [None req-9db17b00-cb51-4a35-b74e-d7664789a24a 827736d0346a4de28fd134d7a40a0481 f7d3a589dc7946ec88d5e9064754b762 - - 6b3193f57a444cb0b1e536c661130ca0 6b3193f57a444cb0b1e536c661130ca0] 10.0.0.111 "DELETE /resource_providers/2a6417ae-4d81-406c-b2d8-7b4e9a562b48" status: 404 len: 246 microversion: 1.1 [pid: 8|app: 0|req: 331/660] 10.0.0.111 () {34 vars in 816 bytes} [Mon May 11 08:02:03 2026] DELETE /resource_providers/2a6417ae-4d81-406c-b2d8-7b4e9a562b48 => generated 246 bytes in 7 msecs (HTTP/1.1 404) 6 headers in 231 bytes (1 switches on core 0)
2026-05-11 08:02:03.073 7 INFO placement.requestlog [None req-e1c5a03c-d0f0-4a10-8bf1-8afc972d9305 827736d0346a4de28fd134d7a40a0481 f7d3a589dc7946ec88d5e9064754b762 - - 6b3193f57a444cb0b1e536c661130ca0 6b3193f57a444cb0b1e536c661130ca0] 10.0.0.111 "DELETE /resource_providers/2a6417ae-4d81-406c-b2d8-7b4e9a562b48" status: 404 len: 246 microversion: 1.1 [pid: 7|app: 0|req: 330/661] 10.0.0.111 () {34 vars in 816 bytes} [Mon May 11 08:02:03 2026] DELETE /resource_providers/2a6417ae-4d81-406c-b2d8-7b4e9a562b48 => generated 246 bytes in 9 msecs (HTTP/1.1 404) 6 headers in 231 bytes (1 switches on core 0)
2026-05-11 08:02:03.343 8 INFO placement.requestlog [None req-61b6d801-6e87-4b94-88d7-c322d5da956e 827736d0346a4de28fd134d7a40a0481 f7d3a589dc7946ec88d5e9064754b762 - - 6b3193f57a444cb0b1e536c661130ca0 6b3193f57a444cb0b1e536c661130ca0] 10.0.0.111 "GET /resource_providers/bab234f3-917d-4c6a-a4a5-b21da9ae2e74/aggregates" status: 404 len: 235 microversion: 1.1
2026-05-11 08:02:03.344 7 INFO placement.requestlog [None req-423f59ad-a9df-4081-abe9-8db7eeea365f 827736d0346a4de28fd134d7a40a0481 f7d3a589dc7946ec88d5e9064754b762 - - 6b3193f57a444cb0b1e536c661130ca0 6b3193f57a444cb0b1e536c661130ca0] 10.0.0.111 "GET /resource_providers/bab234f3-917d-4c6a-a4a5-b21da9ae2e74/aggregates" status: 404 len: 235 microversion: 1.1 [pid: 8|app: 0|req: 332/662] 10.0.0.111 () {32 vars in 816 bytes} [Mon May 11 08:02:03 2026] GET /resource_providers/bab234f3-917d-4c6a-a4a5-b21da9ae2e74/aggregates => generated 235 bytes in 12 msecs (HTTP/1.1 404) 5 headers in 202 bytes (1 switches on core 0) [pid: 7|app: 0|req: 331/663] 10.0.0.111 () {32 vars in 816 bytes} [Mon May 11 08:02:03 2026] GET /resource_providers/bab234f3-917d-4c6a-a4a5-b21da9ae2e74/aggregates => generated 235 bytes in 9 msecs (HTTP/1.1 404) 5 headers in 202 bytes (1 switches on core 0)
2026-05-11 08:02:03.363 8 INFO placement.requestlog [None req-1670b85b-82fa-4747-9e5a-456beb424d1d 827736d0346a4de28fd134d7a40a0481 f7d3a589dc7946ec88d5e9064754b762 - - 6b3193f57a444cb0b1e536c661130ca0 6b3193f57a444cb0b1e536c661130ca0] 10.0.0.111 "DELETE /resource_providers/bab234f3-917d-4c6a-a4a5-b21da9ae2e74" status: 404 len: 246 microversion: 1.1 [pid: 8|app: 0|req: 333/664] 10.0.0.111 () {34 vars in 816 bytes} [Mon May 11 08:02:03 2026] DELETE /resource_providers/bab234f3-917d-4c6a-a4a5-b21da9ae2e74 => generated 246 bytes in 6 msecs (HTTP/1.1 404) 6 headers in 231 bytes (1 switches on core 0)
2026-05-11 08:02:03.367 7 INFO placement.requestlog [None req-9758597b-77d3-441b-8ec3-906d3d2b9380 827736d0346a4de28fd134d7a40a0481 f7d3a589dc7946ec88d5e9064754b762 - - 6b3193f57a444cb0b1e536c661130ca0 6b3193f57a444cb0b1e536c661130ca0] 10.0.0.111 "DELETE /resource_providers/bab234f3-917d-4c6a-a4a5-b21da9ae2e74" status: 404 len: 246 microversion: 1.1 [pid: 7|app: 0|req: 332/665] 10.0.0.111 () {34 vars in 816 bytes} [Mon May 11 08:02:03 2026] DELETE /resource_providers/bab234f3-917d-4c6a-a4a5-b21da9ae2e74 => generated 246 bytes in 9 msecs (HTTP/1.1 404) 6 headers in 231 bytes (1 switches on core 0)
2026-05-11 08:02:04.938 8 INFO placement.requestlog [None req-91cdc179-b400-46a3-ace1-210ec78712f9 - - - - - -] 10.0.0.26 "GET /" status: 200 len: 136 microversion: 1.0
2026-05-11 08:02:04.939 7 INFO placement.requestlog [None req-54de3eb9-b64c-454d-a5b9-aa030f836f5a - - - - - -] 10.0.0.26 "GET /" status: 200 len: 136 microversion: 1.0
2026-05-11 08:02:05.387 8 INFO placement.requestlog [None req-681a31ed-cd2a-4ea2-aabb-6809b1846802 827736d0346a4de28fd134d7a40a0481 f7d3a589dc7946ec88d5e9064754b762 - - 6b3193f57a444cb0b1e536c661130ca0 6b3193f57a444cb0b1e536c661130ca0] 10.0.0.111 "GET /resource_providers/8dc11d8e-fc46-48fb-a57b-c01a2da98911/aggregates" status: 404 len: 235 microversion: 1.1 [pid: 8|app: 0|req: 335/668] 10.0.0.111 () {32 vars in 816 bytes} [Mon May 11 08:02:05 2026] GET /resource_providers/8dc11d8e-fc46-48fb-a57b-c01a2da98911/aggregates => generated 235 bytes in 9 msecs (HTTP/1.1 404) 5 headers in 202 bytes (1 switches on core 0)
2026-05-11 08:02:05.389 7 INFO placement.requestlog [None req-41bd83c8-b91f-4d4e-9a5d-0a31fa8b79aa 827736d0346a4de28fd134d7a40a0481 f7d3a589dc7946ec88d5e9064754b762 - - 6b3193f57a444cb0b1e536c661130ca0 6b3193f57a444cb0b1e536c661130ca0] 10.0.0.111 "GET /resource_providers/8dc11d8e-fc46-48fb-a57b-c01a2da98911/aggregates" status: 404 len: 235 microversion: 1.1 [pid: 7|app: 0|req: 334/669] 10.0.0.111 () {32 vars in 816 bytes} [Mon May 11 08:02:05 2026] GET /resource_providers/8dc11d8e-fc46-48fb-a57b-c01a2da98911/aggregates => generated 235 bytes in 10 msecs (HTTP/1.1 404) 5 headers in 202 bytes (1 switches on core 0)
2026-05-11 08:02:05.414 7 INFO placement.requestlog [None req-c374409a-85cf-40c9-aa73-a15ed92734ac 827736d0346a4de28fd134d7a40a0481 f7d3a589dc7946ec88d5e9064754b762 - - 6b3193f57a444cb0b1e536c661130ca0 6b3193f57a444cb0b1e536c661130ca0] 10.0.0.111 "DELETE /resource_providers/8dc11d8e-fc46-48fb-a57b-c01a2da98911" status: 404 len: 246 microversion: 1.1 [pid: 7|app: 0|req: 335/670] 10.0.0.111 () {34 vars in 816 bytes} [Mon May 11 08:02:05 2026] DELETE /resource_providers/8dc11d8e-fc46-48fb-a57b-c01a2da98911 => generated 246 bytes in 10 msecs (HTTP/1.1 404) 6 headers in 231 bytes (1 switches on core 0)
2026-05-11 08:02:05.419 8 INFO placement.requestlog [None req-4e8be8db-54e4-481b-85e1-b28ef28a7ee9 827736d0346a4de28fd134d7a40a0481 f7d3a589dc7946ec88d5e9064754b762 - - 6b3193f57a444cb0b1e536c661130ca0 6b3193f57a444cb0b1e536c661130ca0] 10.0.0.111 "DELETE /resource_providers/8dc11d8e-fc46-48fb-a57b-c01a2da98911" status: 404 len: 246 microversion: 1.1 [pid: 8|app: 0|req: 336/671] 10.0.0.111 () {34 vars in 816 bytes} [Mon May 11 08:02:05 2026] DELETE /resource_providers/8dc11d8e-fc46-48fb-a57b-c01a2da98911 => generated 246 bytes in 16 msecs (HTTP/1.1 404) 6 headers in 231 bytes (1 switches on core 0)
2026-05-11 08:02:07.445 7 INFO placement.requestlog [None req-7baf5d9e-8f4a-473a-bca6-7e3bb8c1fd4f 827736d0346a4de28fd134d7a40a0481 f7d3a589dc7946ec88d5e9064754b762 - - 6b3193f57a444cb0b1e536c661130ca0 6b3193f57a444cb0b1e536c661130ca0] 10.0.0.111 "GET /resource_providers/e8e8f5a7-1a7e-4e8b-afbf-a8fdcbd3a976/aggregates" status: 404 len: 235 microversion: 1.1 [pid: 7|app: 0|req: 336/672] 10.0.0.111 () {32 vars in 816 bytes} [Mon May 11 08:02:07 2026] GET /resource_providers/e8e8f5a7-1a7e-4e8b-afbf-a8fdcbd3a976/aggregates => generated 235 bytes in 15 msecs (HTTP/1.1 404) 5 headers in 202 bytes (1 switches on core 0)
2026-05-11 08:02:07.446 8 INFO placement.requestlog [None req-9f537298-cec8-49c4-a737-092e1f0b6261 827736d0346a4de28fd134d7a40a0481 f7d3a589dc7946ec88d5e9064754b762 - - 6b3193f57a444cb0b1e536c661130ca0 6b3193f57a444cb0b1e536c661130ca0] 10.0.0.111 "GET /resource_providers/e8e8f5a7-1a7e-4e8b-afbf-a8fdcbd3a976/aggregates" status: 404 len: 235 microversion: 1.1 [pid: 8|app: 0|req: 337/673] 10.0.0.111 () {32 vars in 816 bytes} [Mon May 11 08:02:07 2026] GET /resource_providers/e8e8f5a7-1a7e-4e8b-afbf-a8fdcbd3a976/aggregates => generated 235 bytes in 10 msecs (HTTP/1.1 404) 5 headers in 202 bytes (1 switches on core 0)
2026-05-11 08:02:07.469 7 INFO placement.requestlog [None req-7bfdd4be-8db2-49e9-b6d2-51d9b5b5e7eb 827736d0346a4de28fd134d7a40a0481 f7d3a589dc7946ec88d5e9064754b762 - - 6b3193f57a444cb0b1e536c661130ca0 6b3193f57a444cb0b1e536c661130ca0] 10.0.0.111 "DELETE /resource_providers/e8e8f5a7-1a7e-4e8b-afbf-a8fdcbd3a976" status: 404 len: 246 microversion: 1.1 [pid: 7|app: 0|req: 337/674] 10.0.0.111 () {34 vars in 816 bytes} [Mon May 11 08:02:07 2026] DELETE /resource_providers/e8e8f5a7-1a7e-4e8b-afbf-a8fdcbd3a976 => generated 246 bytes in 11 msecs (HTTP/1.1 404) 6 headers in 231 bytes (1 switches on core 0)
2026-05-11 08:02:07.471 8 INFO placement.requestlog [None req-2ef8d734-6a93-4a7d-ad4d-1eb3e9c50db4 827736d0346a4de28fd134d7a40a0481 f7d3a589dc7946ec88d5e9064754b762 - - 6b3193f57a444cb0b1e536c661130ca0 6b3193f57a444cb0b1e536c661130ca0] 10.0.0.111 "DELETE /resource_providers/e8e8f5a7-1a7e-4e8b-afbf-a8fdcbd3a976" status: 404 len: 246 microversion: 1.1 [pid: 8|app: 0|req: 338/675] 10.0.0.111 () {34 vars in 816 bytes} [Mon May 11 08:02:07 2026] DELETE /resource_providers/e8e8f5a7-1a7e-4e8b-afbf-a8fdcbd3a976 => generated 246 bytes in 10 msecs (HTTP/1.1 404) 6 headers in 231 bytes (1 switches on core 0)
2026-05-11 08:02:13.771 7 INFO placement.requestlog [None req-6ec5bd93-2a27-4eb2-8caf-31cef70fa630 827736d0346a4de28fd134d7a40a0481 f7d3a589dc7946ec88d5e9064754b762 - - 6b3193f57a444cb0b1e536c661130ca0 6b3193f57a444cb0b1e536c661130ca0] 10.0.0.111 "GET /resource_providers/b2c8eafe-daeb-41b9-a34e-959d576df548/aggregates" status: 404 len: 235 microversion: 1.1 [pid: 7|app: 0|req: 338/676] 10.0.0.111 () {32 vars in 816 bytes} [Mon May 11 08:02:13 2026] GET /resource_providers/b2c8eafe-daeb-41b9-a34e-959d576df548/aggregates => generated 235 bytes in 11 msecs (HTTP/1.1 404) 5 headers in 202 bytes (1 switches on core 0)
2026-05-11 08:02:13.778 8 INFO placement.requestlog [None req-f03d8d13-3d18-4ed4-9a0a-017388b06e43 827736d0346a4de28fd134d7a40a0481 f7d3a589dc7946ec88d5e9064754b762 - - 6b3193f57a444cb0b1e536c661130ca0 6b3193f57a444cb0b1e536c661130ca0] 10.0.0.111 "GET /resource_providers/b2c8eafe-daeb-41b9-a34e-959d576df548/aggregates" status: 404 len: 235 microversion: 1.1 [pid: 8|app: 0|req: 339/677] 10.0.0.111 () {32 vars in 816 bytes} [Mon May 11 08:02:13 2026] GET /resource_providers/b2c8eafe-daeb-41b9-a34e-959d576df548/aggregates => generated 235 bytes in 13 msecs (HTTP/1.1 404) 5 headers in 202 bytes (1 switches on core 0)
2026-05-11 08:02:13.795 7 INFO placement.requestlog [None req-f6e30a2d-48e1-4044-85ab-8151cef3f356 827736d0346a4de28fd134d7a40a0481 f7d3a589dc7946ec88d5e9064754b762 - - 6b3193f57a444cb0b1e536c661130ca0 6b3193f57a444cb0b1e536c661130ca0] 10.0.0.111 "DELETE /resource_providers/b2c8eafe-daeb-41b9-a34e-959d576df548" status: 404 len: 246 microversion: 1.1 [pid: 7|app: 0|req: 339/678] 10.0.0.111 () {34 vars in 816 bytes} [Mon May 11 08:02:13 2026] DELETE /resource_providers/b2c8eafe-daeb-41b9-a34e-959d576df548 => generated 246 bytes in 8 msecs (HTTP/1.1 404) 6 headers in 231 bytes (1 switches on core 0)
2026-05-11 08:02:13.796 8 INFO placement.requestlog [None req-1050e0f7-8978-4cf0-a767-75381a36ceee 827736d0346a4de28fd134d7a40a0481 f7d3a589dc7946ec88d5e9064754b762 - - 6b3193f57a444cb0b1e536c661130ca0 6b3193f57a444cb0b1e536c661130ca0] 10.0.0.111 "DELETE /resource_providers/b2c8eafe-daeb-41b9-a34e-959d576df548" status: 404 len: 246 microversion: 1.1 [pid: 8|app: 0|req: 340/679] 10.0.0.111 () {34 vars in 816 bytes} [Mon May 11 08:02:13 2026] DELETE /resource_providers/b2c8eafe-daeb-41b9-a34e-959d576df548 => generated 246 bytes in 8 msecs (HTTP/1.1 404) 6 headers in 231 bytes (1 switches on core 0)
2026-05-11 08:02:14.937 8 INFO placement.requestlog [None req-7c45fc1e-96c4-4391-88de-12b118e8ce24 - - - - - -] 10.0.0.26 "GET /" status: 200 len: 136 microversion: 1.0
2026-05-11 08:02:14.937 7 INFO placement.requestlog [None req-61ed0843-f528-4849-b8b0-a03779b7eb4e - - - - - -] 10.0.0.26 "GET /" status: 200 len: 136 microversion: 1.0
2026-05-11 08:02:24.634 8 INFO placement.requestlog [req-075c9804-baad-4b0a-bfa1-8d4605ad9dcb req-6ec9737e-b671-4379-8c03-4dce6d98dd90 ba4489ddaaa545bfaeb28d0f7e748c99 f7d3a589dc7946ec88d5e9064754b762 - - 6b3193f57a444cb0b1e536c661130ca0 6b3193f57a444cb0b1e536c661130ca0] 199.204.45.157 "GET /resource_providers/83a3f8f0-0785-404c-94df-4a7c3bc0dcbf/allocations" status: 200 len: 453 microversion: 1.0 [pid: 8|app: 0|req: 342/682] 199.204.45.157 () {32 vars in 857 bytes} [Mon May 11 08:02:24 2026] GET /resource_providers/83a3f8f0-0785-404c-94df-4a7c3bc0dcbf/allocations => generated 453 bytes in 27 msecs (HTTP/1.1 200) 6 headers in 224 bytes (1 switches on core 0)
2026-05-11 08:02:24.677 7 INFO placement.requestlog [req-075c9804-baad-4b0a-bfa1-8d4605ad9dcb req-36e763ae-3318-474f-acb5-8d1186faa3d7 ba4489ddaaa545bfaeb28d0f7e748c99 f7d3a589dc7946ec88d5e9064754b762 - - 6b3193f57a444cb0b1e536c661130ca0 6b3193f57a444cb0b1e536c661130ca0] 199.204.45.157 "GET /allocations/2ef74092-77ab-4c8c-a546-e9e39cb233df" status: 200 len: 258 microversion: 1.28 [pid: 7|app: 0|req: 341/683] 199.204.45.157 () {34 vars in 863 bytes} [Mon May 11 08:02:24 2026] GET /allocations/2ef74092-77ab-4c8c-a546-e9e39cb233df => generated 258 bytes in 21 msecs (HTTP/1.1 200) 8 headers in 296 bytes (1 switches on core 0)
2026-05-11 08:02:24.704 8 INFO placement.requestlog [req-075c9804-baad-4b0a-bfa1-8d4605ad9dcb req-170755d7-f2ab-430c-92a0-75ad972ab9e7 ba4489ddaaa545bfaeb28d0f7e748c99 f7d3a589dc7946ec88d5e9064754b762 - - 6b3193f57a444cb0b1e536c661130ca0 6b3193f57a444cb0b1e536c661130ca0] 199.204.45.157 "GET /allocations/1f684623-cc23-45bc-8c28-587fc9483d2e" status: 200 len: 258 microversion: 1.28 [pid: 8|app: 0|req: 343/684] 199.204.45.157 () {34 vars in 863 bytes} [Mon May 11 08:02:24 2026] GET /allocations/1f684623-cc23-45bc-8c28-587fc9483d2e => generated 258 bytes in 21 msecs (HTTP/1.1 200) 8 headers in 296 bytes (1 switches on core 0)
2026-05-11 08:02:24.723 7 INFO placement.requestlog [req-075c9804-baad-4b0a-bfa1-8d4605ad9dcb req-8b0563cc-784a-47ae-b3a6-355a558998ca ba4489ddaaa545bfaeb28d0f7e748c99 f7d3a589dc7946ec88d5e9064754b762 - - 6b3193f57a444cb0b1e536c661130ca0 6b3193f57a444cb0b1e536c661130ca0] 199.204.45.157 "GET /allocations/d74a31a6-7e15-4c8e-b93c-85b662f7c112" status: 200 len: 258 microversion: 1.28 [pid: 7|app: 0|req: 342/685] 199.204.45.157 () {34 vars in 863 bytes} [Mon May 11 08:02:24 2026] GET /allocations/d74a31a6-7e15-4c8e-b93c-85b662f7c112 => generated 258 bytes in 13 msecs (HTTP/1.1 200) 8 headers in 296 bytes (1 switches on core 0)
2026-05-11 08:02:24.755 8 INFO placement.requestlog [req-075c9804-baad-4b0a-bfa1-8d4605ad9dcb req-14a1691b-124d-4116-92dc-685d0a37a133 ba4489ddaaa545bfaeb28d0f7e748c99 f7d3a589dc7946ec88d5e9064754b762 - - 6b3193f57a444cb0b1e536c661130ca0 6b3193f57a444cb0b1e536c661130ca0] 199.204.45.157 "GET /allocations/acbb8c3f-d594-4825-9394-4cf7bdeb328a" status: 200 len: 258 microversion: 1.28 [pid: 8|app: 0|req: 344/686] 199.204.45.157 () {34 vars in 863 bytes} [Mon May 11 08:02:24 2026] GET /allocations/acbb8c3f-d594-4825-9394-4cf7bdeb328a => generated 258 bytes in 25 msecs (HTTP/1.1 200) 8 headers in 296 bytes (1 switches on core 0)
2026-05-11 08:02:24.938 7 INFO placement.requestlog [None req-f591890a-b81b-4a6c-b60c-fd02dfa228c0 - - - - - -] 10.0.0.26 "GET /" status: 200 len: 136 microversion: 1.0
2026-05-11 08:02:24.938 8 INFO placement.requestlog [None req-bd289f88-5052-4f1d-9d71-c169deafe0d8 - - - - - -] 10.0.0.26 "GET /" status: 200 len: 136 microversion: 1.0
2026-05-11 08:02:25.828 7 INFO placement.requestlog [req-075c9804-baad-4b0a-bfa1-8d4605ad9dcb req-d3944253-9520-4382-a56b-21d25728d158 ba4489ddaaa545bfaeb28d0f7e748c99 f7d3a589dc7946ec88d5e9064754b762 - - 6b3193f57a444cb0b1e536c661130ca0 6b3193f57a444cb0b1e536c661130ca0] 199.204.45.157 "DELETE /allocations/d74a31a6-7e15-4c8e-b93c-85b662f7c112" status: 204 len: 0 microversion: 1.0 [pid: 7|app: 0|req: 344/689] 199.204.45.157 () {34 vars in 841 bytes} [Mon May 11 08:02:25 2026] DELETE /allocations/d74a31a6-7e15-4c8e-b93c-85b662f7c112 => generated 0 bytes in 44 msecs (HTTP/1.1 204) 5 headers in 198 bytes (1 switches on core 0)
2026-05-11 08:02:27.334 8 INFO placement.requestlog [None req-e2b1d162-033d-459e-88ef-3cb6dd47bb07 827736d0346a4de28fd134d7a40a0481 f7d3a589dc7946ec88d5e9064754b762 - - 6b3193f57a444cb0b1e536c661130ca0 6b3193f57a444cb0b1e536c661130ca0] 10.0.0.111 "GET /resource_providers/c0c44923-fee6-437d-a0a3-0a76f5963850/aggregates" status: 404 len: 235 microversion: 1.1 [pid: 8|app: 0|req: 346/690] 10.0.0.111 () {32 vars in 816 bytes} [Mon May 11 08:02:27 2026] GET /resource_providers/c0c44923-fee6-437d-a0a3-0a76f5963850/aggregates => generated 235 bytes in 13 msecs (HTTP/1.1 404) 5 headers in 202 bytes (1 switches on core 0)
2026-05-11 08:02:27.350 7 INFO placement.requestlog [None req-0ce43aad-5be1-4c4e-81c9-12d7dee24bf7 827736d0346a4de28fd134d7a40a0481 f7d3a589dc7946ec88d5e9064754b762 - - 6b3193f57a444cb0b1e536c661130ca0 6b3193f57a444cb0b1e536c661130ca0] 10.0.0.111 "GET /resource_providers/c0c44923-fee6-437d-a0a3-0a76f5963850/aggregates" status: 404 len: 235 microversion: 1.1 [pid: 7|app: 0|req: 345/691] 10.0.0.111 () {32 vars in 816 bytes} [Mon May 11 08:02:27 2026] GET /resource_providers/c0c44923-fee6-437d-a0a3-0a76f5963850/aggregates => generated 235 bytes in 29 msecs (HTTP/1.1 404) 5 headers in 202 bytes (1 switches on core 0)
2026-05-11 08:02:27.358 8 INFO placement.requestlog [None req-243b92a0-7b9f-483d-9402-eabbe71d36bb 827736d0346a4de28fd134d7a40a0481 f7d3a589dc7946ec88d5e9064754b762 - - 6b3193f57a444cb0b1e536c661130ca0 6b3193f57a444cb0b1e536c661130ca0] 10.0.0.111 "DELETE /resource_providers/c0c44923-fee6-437d-a0a3-0a76f5963850" status: 404 len: 246 microversion: 1.1 [pid: 8|app: 0|req: 347/692] 10.0.0.111 () {34 vars in 816 bytes} [Mon May 11 08:02:27 2026] DELETE /resource_providers/c0c44923-fee6-437d-a0a3-0a76f5963850 => generated 246 bytes in 11 msecs (HTTP/1.1 404) 6 headers in 231 bytes (1 switches on core 0)
2026-05-11 08:02:27.375 7 INFO placement.requestlog [None req-e81be9a3-8ae6-41bf-9708-239c3731b374 827736d0346a4de28fd134d7a40a0481 f7d3a589dc7946ec88d5e9064754b762 - - 6b3193f57a444cb0b1e536c661130ca0 6b3193f57a444cb0b1e536c661130ca0] 10.0.0.111 "DELETE /resource_providers/c0c44923-fee6-437d-a0a3-0a76f5963850" status: 404 len: 246 microversion: 1.1 [pid: 7|app: 0|req: 346/693] 10.0.0.111 () {34 vars in 816 bytes} [Mon May 11 08:02:27 2026] DELETE /resource_providers/c0c44923-fee6-437d-a0a3-0a76f5963850 => generated 246 bytes in 8 msecs (HTTP/1.1 404) 6 headers in 231 bytes (1 switches on core 0)
2026-05-11 08:02:31.319 8 INFO placement.requestlog [req-3736be2b-ecca-4e06-8ef5-27a42d8e9916 req-c59d91d9-ef8e-49ba-a8cd-9cb1f2819184 ba4489ddaaa545bfaeb28d0f7e748c99 f7d3a589dc7946ec88d5e9064754b762 - - 6b3193f57a444cb0b1e536c661130ca0 6b3193f57a444cb0b1e536c661130ca0] 199.204.45.157 "GET /resource_providers/83a3f8f0-0785-404c-94df-4a7c3bc0dcbf/allocations" status: 200 len: 353 microversion: 1.0 [pid: 8|app: 0|req: 348/694] 199.204.45.157 () {32 vars in 857 bytes} [Mon May 11 08:02:31 2026] GET /resource_providers/83a3f8f0-0785-404c-94df-4a7c3bc0dcbf/allocations => generated 353 bytes in 18 msecs (HTTP/1.1 200) 6 headers in 224 bytes (1 switches on core 0)
2026-05-11 08:02:31.349 7 INFO placement.requestlog [req-3736be2b-ecca-4e06-8ef5-27a42d8e9916 req-f8a85911-0da5-4449-a7f0-d3dd828f3567 ba4489ddaaa545bfaeb28d0f7e748c99 f7d3a589dc7946ec88d5e9064754b762 - - 6b3193f57a444cb0b1e536c661130ca0 6b3193f57a444cb0b1e536c661130ca0] 199.204.45.157 "GET /resource_providers/83a3f8f0-0785-404c-94df-4a7c3bc0dcbf/allocations" status: 200 len: 353 microversion: 1.0 [pid: 7|app: 0|req: 347/695] 199.204.45.157 () {32 vars in 857 bytes} [Mon May 11 08:02:31 2026] GET /resource_providers/83a3f8f0-0785-404c-94df-4a7c3bc0dcbf/allocations => generated 353 bytes in 18 msecs (HTTP/1.1 200) 6 headers in 224 bytes (1 switches on core 0)
2026-05-11 08:02:31.373 8 INFO placement.requestlog [req-3736be2b-ecca-4e06-8ef5-27a42d8e9916 req-695e3f88-8a31-4f13-9875-cf9908c9d910 ba4489ddaaa545bfaeb28d0f7e748c99 f7d3a589dc7946ec88d5e9064754b762 - - 6b3193f57a444cb0b1e536c661130ca0 6b3193f57a444cb0b1e536c661130ca0] 199.204.45.157 "GET /allocations/2ef74092-77ab-4c8c-a546-e9e39cb233df" status: 200 len: 258 microversion: 1.28 [pid: 8|app: 0|req: 349/696] 199.204.45.157 () {34 vars in 863 bytes} [Mon May 11 08:02:31 2026] GET /allocations/2ef74092-77ab-4c8c-a546-e9e39cb233df => generated 258 bytes in 17 msecs (HTTP/1.1 200) 8 headers in 296 bytes (1 switches on core 0)
2026-05-11 08:02:31.394 7 INFO placement.requestlog [req-3736be2b-ecca-4e06-8ef5-27a42d8e9916 req-14f14eac-06b9-4ab1-826f-235e4c5f44fd ba4489ddaaa545bfaeb28d0f7e748c99 f7d3a589dc7946ec88d5e9064754b762 - - 6b3193f57a444cb0b1e536c661130ca0 6b3193f57a444cb0b1e536c661130ca0] 199.204.45.157 "GET /allocations/1f684623-cc23-45bc-8c28-587fc9483d2e" status: 200 len: 258 microversion: 1.28 [pid: 7|app: 0|req: 348/697] 199.204.45.157 () {34 vars in 863 bytes} [Mon May 11 08:02:31 2026] GET /allocations/1f684623-cc23-45bc-8c28-587fc9483d2e => generated 258 bytes in 15 msecs (HTTP/1.1 200) 8 headers in 296 bytes (1 switches on core 0)
2026-05-11 08:02:31.420 8 INFO placement.requestlog [req-3736be2b-ecca-4e06-8ef5-27a42d8e9916 req-78c5a10a-3b36-4d28-b7e8-28b175a181fa ba4489ddaaa545bfaeb28d0f7e748c99 f7d3a589dc7946ec88d5e9064754b762 - - 6b3193f57a444cb0b1e536c661130ca0 6b3193f57a444cb0b1e536c661130ca0] 199.204.45.157 "GET /allocations/acbb8c3f-d594-4825-9394-4cf7bdeb328a" status: 200 len: 258 microversion: 1.28 [pid: 8|app: 0|req: 350/698] 199.204.45.157 () {34 vars in 863 bytes} [Mon May 11 08:02:31 2026] GET /allocations/acbb8c3f-d594-4825-9394-4cf7bdeb328a => generated 258 bytes in 20 msecs (HTTP/1.1 200) 8 headers in 296 bytes (1 switches on core 0)
2026-05-11 08:02:31.469 7 INFO placement.requestlog [req-4496d8ad-cafb-4bd7-9662-9fbce3c9ad11 req-eb12ae10-bcd8-4c5e-940e-bdbaea69a7aa ba4489ddaaa545bfaeb28d0f7e748c99 f7d3a589dc7946ec88d5e9064754b762 - - 6b3193f57a444cb0b1e536c661130ca0 6b3193f57a444cb0b1e536c661130ca0] 10.0.0.25 "GET /allocation_candidates?limit=1000&resources=DISK_GB%3A1%2CMEMORY_MB%3A512%2CVCPU%3A1&root_required=%21COMPUTE_STATUS_DISABLED" status: 200 len: 2784 microversion: 1.36 [pid: 7|app: 0|req: 349/699] 10.0.0.25 () {34 vars in 1011 bytes} [Mon May 11 08:02:31 2026] GET /allocation_candidates?limit=1000&resources=DISK_GB%3A1%2CMEMORY_MB%3A512%2CVCPU%3A1&root_required=%21COMPUTE_STATUS_DISABLED => generated 2784 bytes in 39 msecs (HTTP/1.1 200) 8 headers in 297 bytes (1 switches on core 0)
2026-05-11 08:02:31.502 8 INFO placement.requestlog [req-4496d8ad-cafb-4bd7-9662-9fbce3c9ad11 req-abca10b2-6180-45e8-ae2a-1c67d0eaf7cf ba4489ddaaa545bfaeb28d0f7e748c99 f7d3a589dc7946ec88d5e9064754b762 - - 6b3193f57a444cb0b1e536c661130ca0 6b3193f57a444cb0b1e536c661130ca0] 10.0.0.25 "GET /allocations/b8557de6-8f9e-4122-8875-0aa51711517c" status: 200 len: 19 microversion: 1.28 [pid: 8|app: 0|req: 351/700] 10.0.0.25 () {34 vars in 860 bytes} [Mon May 11 08:02:31 2026] GET /allocations/b8557de6-8f9e-4122-8875-0aa51711517c => generated 19 bytes in 13 msecs (HTTP/1.1 200) 8 headers in 295 bytes (1 switches on core 0)
2026-05-11 08:02:31.568 7 INFO placement.requestlog [req-4496d8ad-cafb-4bd7-9662-9fbce3c9ad11 req-0f99cb08-ed18-4866-9bf3-71ef5042f2e5 ba4489ddaaa545bfaeb28d0f7e748c99 f7d3a589dc7946ec88d5e9064754b762 - - 6b3193f57a444cb0b1e536c661130ca0 6b3193f57a444cb0b1e536c661130ca0] 10.0.0.25 "PUT /allocations/b8557de6-8f9e-4122-8875-0aa51711517c" status: 204 len: 0 microversion: 1.36 [pid: 7|app: 0|req: 350/701] 10.0.0.25 () {38 vars in 913 bytes} [Mon May 11 08:02:31 2026] PUT /allocations/b8557de6-8f9e-4122-8875-0aa51711517c => generated 0 bytes in 59 msecs (HTTP/1.1 204) 5 headers in 199 bytes (1 switches on core 0)
2026-05-11 08:02:32.470 8 INFO placement.requestlog [req-08caef78-a79e-4aff-a0e7-71a88d1bf595 req-434ffdb9-9bad-4c7e-a047-b975df662349 ba4489ddaaa545bfaeb28d0f7e748c99 f7d3a589dc7946ec88d5e9064754b762 - - 6b3193f57a444cb0b1e536c661130ca0 6b3193f57a444cb0b1e536c661130ca0] 199.204.45.157 "GET /resource_providers/83a3f8f0-0785-404c-94df-4a7c3bc0dcbf/allocations" status: 200 len: 453 microversion: 1.0 [pid: 8|app: 0|req: 352/702] 199.204.45.157 () {32 vars in 857 bytes} [Mon May 11 08:02:32 2026] GET /resource_providers/83a3f8f0-0785-404c-94df-4a7c3bc0dcbf/allocations => generated 453 bytes in 17 msecs (HTTP/1.1 200) 6 headers in 224 bytes (1 switches on core 0)
2026-05-11 08:02:32.488 7 INFO placement.requestlog [req-08caef78-a79e-4aff-a0e7-71a88d1bf595 req-95cade64-8bb3-4901-8d4f-c892ad44df35 ba4489ddaaa545bfaeb28d0f7e748c99 f7d3a589dc7946ec88d5e9064754b762 - - 6b3193f57a444cb0b1e536c661130ca0 6b3193f57a444cb0b1e536c661130ca0] 199.204.45.157 "GET /allocations/2ef74092-77ab-4c8c-a546-e9e39cb233df" status: 200 len: 258 microversion: 1.28 [pid: 7|app: 0|req: 351/703] 199.204.45.157 () {34 vars in 863 bytes} [Mon May 11 08:02:32 2026] GET /allocations/2ef74092-77ab-4c8c-a546-e9e39cb233df => generated 258 bytes in 12 msecs (HTTP/1.1 200) 8 headers in 296 bytes (1 switches on core 0)
2026-05-11 08:02:32.505 8 INFO placement.requestlog [req-08caef78-a79e-4aff-a0e7-71a88d1bf595 req-0a2e130e-7500-4cd5-ae47-1ef994b95515 ba4489ddaaa545bfaeb28d0f7e748c99 f7d3a589dc7946ec88d5e9064754b762 - - 6b3193f57a444cb0b1e536c661130ca0 6b3193f57a444cb0b1e536c661130ca0] 199.204.45.157 "GET /allocations/1f684623-cc23-45bc-8c28-587fc9483d2e" status: 200 len: 258 microversion: 1.28 [pid: 8|app: 0|req: 353/704] 199.204.45.157 () {34 vars in 863 bytes} [Mon May 11 08:02:32 2026] GET /allocations/1f684623-cc23-45bc-8c28-587fc9483d2e => generated 258 bytes in 11 msecs (HTTP/1.1 200) 8 headers in 296 bytes (1 switches on core 0)
2026-05-11 08:02:32.524 7 INFO placement.requestlog [req-08caef78-a79e-4aff-a0e7-71a88d1bf595 req-2b96d8bf-01c8-4ad8-bcba-8325c33bdc8d ba4489ddaaa545bfaeb28d0f7e748c99 f7d3a589dc7946ec88d5e9064754b762 - - 6b3193f57a444cb0b1e536c661130ca0 6b3193f57a444cb0b1e536c661130ca0] 199.204.45.157 "GET /allocations/b8557de6-8f9e-4122-8875-0aa51711517c" status: 200 len: 258 microversion: 1.28 [pid: 7|app: 0|req: 352/705] 199.204.45.157 () {34 vars in 863 bytes} [Mon May 11 08:02:32 2026] GET /allocations/b8557de6-8f9e-4122-8875-0aa51711517c => generated 258 bytes in 13 msecs (HTTP/1.1 200) 8 headers in 296 bytes (1 switches on core 0)
2026-05-11 08:02:32.543 8 INFO placement.requestlog [req-08caef78-a79e-4aff-a0e7-71a88d1bf595 req-d5ef6ef2-07db-4baf-9eb0-8026cef8affd ba4489ddaaa545bfaeb28d0f7e748c99 f7d3a589dc7946ec88d5e9064754b762 - - 6b3193f57a444cb0b1e536c661130ca0 6b3193f57a444cb0b1e536c661130ca0] 199.204.45.157 "GET /allocations/acbb8c3f-d594-4825-9394-4cf7bdeb328a" status: 200 len: 258 microversion: 1.28 [pid: 8|app: 0|req: 354/706] 199.204.45.157 () {34 vars in 863 bytes} [Mon May 11 08:02:32 2026] GET /allocations/acbb8c3f-d594-4825-9394-4cf7bdeb328a => generated 258 bytes in 14 msecs (HTTP/1.1 200) 8 headers in 296 bytes (1 switches on core 0)
2026-05-11 08:02:33.143 7 INFO placement.requestlog [req-4496d8ad-cafb-4bd7-9662-9fbce3c9ad11 req-0a7169a9-9606-46c4-92b8-a3b3d565cd24 ba4489ddaaa545bfaeb28d0f7e748c99 f7d3a589dc7946ec88d5e9064754b762 - - 6b3193f57a444cb0b1e536c661130ca0 6b3193f57a444cb0b1e536c661130ca0] 199.204.45.157 "GET /allocations/b8557de6-8f9e-4122-8875-0aa51711517c" status: 200 len: 258 microversion: 1.28 [pid: 7|app: 0|req: 353/707] 199.204.45.157 () {34 vars in 863 bytes} [Mon May 11 08:02:33 2026] GET /allocations/b8557de6-8f9e-4122-8875-0aa51711517c => generated 258 bytes in 13 msecs (HTTP/1.1 200) 8 headers in 296 bytes (1 switches on core 0)
2026-05-11 08:02:33.598 8 INFO placement.requestlog [req-08caef78-a79e-4aff-a0e7-71a88d1bf595 req-656cc0a7-8794-4f50-a27f-9d42412c1421 ba4489ddaaa545bfaeb28d0f7e748c99 f7d3a589dc7946ec88d5e9064754b762 - - 6b3193f57a444cb0b1e536c661130ca0 6b3193f57a444cb0b1e536c661130ca0] 199.204.45.157 "DELETE /allocations/1f684623-cc23-45bc-8c28-587fc9483d2e" status: 204 len: 0 microversion: 1.0 [pid: 8|app: 0|req: 355/708] 199.204.45.157 () {34 vars in 841 bytes} [Mon May 11 08:02:33 2026] DELETE /allocations/1f684623-cc23-45bc-8c28-587fc9483d2e => generated 0 bytes in 27 msecs (HTTP/1.1 204) 5 headers in 198 bytes (1 switches on core 0)
2026-05-11 08:02:34.611 7 INFO placement.requestlog [req-4496d8ad-cafb-4bd7-9662-9fbce3c9ad11 req-9f477b2e-4687-4e4d-ae41-27dad51de4b2 ba4489ddaaa545bfaeb28d0f7e748c99 f7d3a589dc7946ec88d5e9064754b762 - - 6b3193f57a444cb0b1e536c661130ca0 6b3193f57a444cb0b1e536c661130ca0] 199.204.45.157 "GET /resource_providers/83a3f8f0-0785-404c-94df-4a7c3bc0dcbf/allocations" status: 200 len: 353 microversion: 1.0 [pid: 7|app: 0|req: 354/709] 199.204.45.157 () {32 vars in 857 bytes} [Mon May 11 08:02:34 2026] GET /resource_providers/83a3f8f0-0785-404c-94df-4a7c3bc0dcbf/allocations => generated 353 bytes in 19 msecs (HTTP/1.1 200) 6 headers in 224 bytes (1 switches on core 0)
2026-05-11 08:02:34.630 8 INFO placement.requestlog [req-4496d8ad-cafb-4bd7-9662-9fbce3c9ad11 req-9296db49-82f0-4c39-9463-ba6ad91d8b83 ba4489ddaaa545bfaeb28d0f7e748c99 f7d3a589dc7946ec88d5e9064754b762 - - 6b3193f57a444cb0b1e536c661130ca0 6b3193f57a444cb0b1e536c661130ca0] 199.204.45.157 "GET /allocations/2ef74092-77ab-4c8c-a546-e9e39cb233df" status: 200 len: 258 microversion: 1.28 [pid: 8|app: 0|req: 356/710] 199.204.45.157 () {34 vars in 863 bytes} [Mon May 11 08:02:34 2026] GET /allocations/2ef74092-77ab-4c8c-a546-e9e39cb233df => generated 258 bytes in 13 msecs (HTTP/1.1 200) 8 headers in 296 bytes (1 switches on core 0)
2026-05-11 08:02:34.649 7 INFO placement.requestlog [req-4496d8ad-cafb-4bd7-9662-9fbce3c9ad11 req-734b01f3-4e94-4d48-bd69-02ee4fb745e0 ba4489ddaaa545bfaeb28d0f7e748c99 f7d3a589dc7946ec88d5e9064754b762 - - 6b3193f57a444cb0b1e536c661130ca0 6b3193f57a444cb0b1e536c661130ca0] 199.204.45.157 "GET /allocations/b8557de6-8f9e-4122-8875-0aa51711517c" status: 200 len: 258 microversion: 1.28 [pid: 7|app: 0|req: 355/711] 199.204.45.157 () {34 vars in 863 bytes} [Mon May 11 08:02:34 2026] GET /allocations/b8557de6-8f9e-4122-8875-0aa51711517c => generated 258 bytes in 11 msecs (HTTP/1.1 200) 8 headers in 296 bytes (1 switches on core 0)
2026-05-11 08:02:34.667 8 INFO placement.requestlog [req-4496d8ad-cafb-4bd7-9662-9fbce3c9ad11 req-0a2a2b27-da47-43f3-8a7b-a3e940cbcbdc ba4489ddaaa545bfaeb28d0f7e748c99 f7d3a589dc7946ec88d5e9064754b762 - - 6b3193f57a444cb0b1e536c661130ca0 6b3193f57a444cb0b1e536c661130ca0] 199.204.45.157 "GET /allocations/acbb8c3f-d594-4825-9394-4cf7bdeb328a" status: 200 len: 258 microversion: 1.28 [pid: 8|app: 0|req: 357/712] 199.204.45.157 () {34 vars in 863 bytes} [Mon May 11 08:02:34 2026] GET /allocations/acbb8c3f-d594-4825-9394-4cf7bdeb328a => generated 258 bytes in 14 msecs (HTTP/1.1 200) 8 headers in 296 bytes (1 switches on core 0)
2026-05-11 08:02:34.938 7 INFO placement.requestlog [None req-a9c3ef4b-fdbf-48f5-8261-5bb64d2b1c0e - - - - - -] 10.0.0.26 "GET /" status: 200 len: 136 microversion: 1.0
2026-05-11 08:02:34.939 8 INFO placement.requestlog [None req-2850d432-e2ce-485c-9b49-16128d5b58ae - - - - - -] 10.0.0.26 "GET /" status: 200 len: 136 microversion: 1.0
2026-05-11 08:02:38.082 7 INFO placement.requestlog [None req-bd114f92-582d-4abc-80fa-23f1dd149b65 827736d0346a4de28fd134d7a40a0481 f7d3a589dc7946ec88d5e9064754b762 - - 6b3193f57a444cb0b1e536c661130ca0 6b3193f57a444cb0b1e536c661130ca0] 10.0.0.111 "GET /resource_providers/7de8e9c3-d0f4-4930-be83-3fc92c57464a/aggregates" status: 404 len: 235 microversion: 1.1 [pid: 7|app: 0|req: 357/715] 10.0.0.111 () {32 vars in 816 bytes} [Mon May 11 08:02:38 2026] GET /resource_providers/7de8e9c3-d0f4-4930-be83-3fc92c57464a/aggregates => generated 235 bytes in 7 msecs (HTTP/1.1 404) 5 headers in 202 bytes (1 switches on core 0)
2026-05-11 08:02:38.086 8 INFO placement.requestlog [None req-e0c8ed42-d7cb-4ca8-a547-6cc2ef0deb93 827736d0346a4de28fd134d7a40a0481 f7d3a589dc7946ec88d5e9064754b762 - - 6b3193f57a444cb0b1e536c661130ca0 6b3193f57a444cb0b1e536c661130ca0] 10.0.0.111 "GET /resource_providers/7de8e9c3-d0f4-4930-be83-3fc92c57464a/aggregates" status: 404 len: 235 microversion: 1.1 [pid: 8|app: 0|req: 359/716] 10.0.0.111 () {32 vars in 816 bytes} [Mon May 11 08:02:38 2026] GET /resource_providers/7de8e9c3-d0f4-4930-be83-3fc92c57464a/aggregates => generated 235 bytes in 11 msecs (HTTP/1.1 404) 5 headers in 202 bytes (1 switches on core 0)
2026-05-11 08:02:38.105 8 INFO placement.requestlog [None req-445820f6-dcda-4834-a52d-67db638191cb 827736d0346a4de28fd134d7a40a0481 f7d3a589dc7946ec88d5e9064754b762 - - 6b3193f57a444cb0b1e536c661130ca0 6b3193f57a444cb0b1e536c661130ca0] 10.0.0.111 "DELETE /resource_providers/7de8e9c3-d0f4-4930-be83-3fc92c57464a" status: 404 len: 246 microversion: 1.1 [pid: 8|app: 0|req: 360/717] 10.0.0.111 () {34 vars in 816 bytes} [Mon May 11 08:02:38 2026] DELETE /resource_providers/7de8e9c3-d0f4-4930-be83-3fc92c57464a => generated 246 bytes in 7 msecs (HTTP/1.1 404) 6 headers in 231 bytes (1 switches on core 0)
2026-05-11 08:02:38.106 7 INFO placement.requestlog [None req-17ab8d84-6044-4475-b655-568eeca086a0 827736d0346a4de28fd134d7a40a0481 f7d3a589dc7946ec88d5e9064754b762 - - 6b3193f57a444cb0b1e536c661130ca0 6b3193f57a444cb0b1e536c661130ca0] 10.0.0.111 "DELETE /resource_providers/7de8e9c3-d0f4-4930-be83-3fc92c57464a" status: 404 len: 246 microversion: 1.1 [pid: 7|app: 0|req: 358/718] 10.0.0.111 () {34 vars in 816 bytes} [Mon May 11 08:02:38 2026] DELETE /resource_providers/7de8e9c3-d0f4-4930-be83-3fc92c57464a => generated 246 bytes in 9 msecs (HTTP/1.1 404) 6 headers in 231 bytes (1 switches on core 0)
2026-05-11 08:02:38.455 8 INFO placement.requestlog [None req-4fe5f680-3b62-4c80-b094-31320f53a9f8 827736d0346a4de28fd134d7a40a0481 f7d3a589dc7946ec88d5e9064754b762 - - 6b3193f57a444cb0b1e536c661130ca0 6b3193f57a444cb0b1e536c661130ca0] 10.0.0.111 "GET /resource_providers/6be05697-e6b0-4b33-918f-855f4fc9e58e/aggregates" status: 404 len: 235 microversion: 1.1 [pid: 8|app: 0|req: 361/719] 10.0.0.111 () {32 vars in 816 bytes} [Mon May 11 08:02:38 2026] GET /resource_providers/6be05697-e6b0-4b33-918f-855f4fc9e58e/aggregates => generated 235 bytes in 10 msecs (HTTP/1.1 404) 5 headers in 202 bytes (1 switches on core 0)
2026-05-11 08:02:38.459 7 INFO placement.requestlog [None req-feb655c6-a4b2-496f-8ce8-a188ba46088b 827736d0346a4de28fd134d7a40a0481 f7d3a589dc7946ec88d5e9064754b762 - - 6b3193f57a444cb0b1e536c661130ca0 6b3193f57a444cb0b1e536c661130ca0] 10.0.0.111 "GET /resource_providers/6be05697-e6b0-4b33-918f-855f4fc9e58e/aggregates" status: 404 len: 235 microversion: 1.1 [pid: 7|app: 0|req: 359/720] 10.0.0.111 () {32 vars in 816 bytes} [Mon May 11 08:02:38 2026] GET /resource_providers/6be05697-e6b0-4b33-918f-855f4fc9e58e/aggregates => generated 235 bytes in 11 msecs (HTTP/1.1 404) 5 headers in 202 bytes (1 switches on core 0)
2026-05-11 08:02:38.481 7 INFO placement.requestlog [None req-ee47c8c5-2eec-4cc1-a506-2a9b48d930b8 827736d0346a4de28fd134d7a40a0481 f7d3a589dc7946ec88d5e9064754b762 - - 6b3193f57a444cb0b1e536c661130ca0 6b3193f57a444cb0b1e536c661130ca0] 10.0.0.111 "DELETE /resource_providers/6be05697-e6b0-4b33-918f-855f4fc9e58e" status: 404 len: 246 microversion: 1.1 [pid: 7|app: 0|req: 360/721] 10.0.0.111 () {34 vars in 816 bytes} [Mon May 11 08:02:38 2026] DELETE /resource_providers/6be05697-e6b0-4b33-918f-855f4fc9e58e => generated 246 bytes in 9 msecs (HTTP/1.1 404) 6 headers in 231 bytes (1 switches on core 0)
