2026-07-15 06:03:11.856 8 INFO placement.requestlog [req-54d07ba6-8f40-402c-ab43-7a9581f181d6 req-d3e7ed73-1f09-43c4-bbe8-9a53d5ca64d2 fb6df098899648b5a0818a96f606711d 642a17d38a284a24b594effabaf0fd35 - - 2d0863a0ba5346be999fbb03d6fa654f 2d0863a0ba5346be999fbb03d6fa654f] 199.204.45.153 "GET /resource_providers/5b95dfcc-e33e-48c7-87e2-1916c4922b25/allocations" status: 200 len: 54 microversion: 1.0 [pid: 8|app: 0|req: 292/582] 199.204.45.153 () {32 vars in 856 bytes} [Wed Jul 15 06:03:11 2026] GET /resource_providers/5b95dfcc-e33e-48c7-87e2-1916c4922b25/allocations => generated 54 bytes in 17 msecs (HTTP/1.1 200) 6 headers in 223 bytes (1 switches on core 0)
2026-07-15 06:03:11.885 7 INFO placement.requestlog [req-54d07ba6-8f40-402c-ab43-7a9581f181d6 req-5b579247-e374-4ae0-85fa-60deeb65c8d9 fb6df098899648b5a0818a96f606711d 642a17d38a284a24b594effabaf0fd35 - - 2d0863a0ba5346be999fbb03d6fa654f 2d0863a0ba5346be999fbb03d6fa654f] 199.204.45.153 "GET /resource_providers/5b95dfcc-e33e-48c7-87e2-1916c4922b25/allocations" status: 200 len: 54 microversion: 1.0 [pid: 7|app: 0|req: 291/583] 199.204.45.153 () {32 vars in 856 bytes} [Wed Jul 15 06:03:11 2026] GET /resource_providers/5b95dfcc-e33e-48c7-87e2-1916c4922b25/allocations => generated 54 bytes in 22 msecs (HTTP/1.1 200) 6 headers in 223 bytes (1 switches on core 0)
2026-07-15 06:03:18.286 7 INFO placement.requestlog [None req-7b051dac-5802-44b0-85fc-438c4bcb1336 - - - - - -] 10.0.0.240 "GET /" status: 200 len: 136 microversion: 1.0
2026-07-15 06:03:18.286 8 INFO placement.requestlog [None req-02dac9f6-df7a-4b04-9e1b-a55be510cfed - - - - - -] 10.0.0.240 "GET /" status: 200 len: 136 microversion: 1.0
2026-07-15 06:03:28.286 8 INFO placement.requestlog [None req-27d8f0f0-5ae0-4443-aea4-776b1cf75c3e - - - - - -] 10.0.0.240 "GET /" status: 200 len: 136 microversion: 1.0
2026-07-15 06:03:28.287 7 INFO placement.requestlog [None req-d0f75b0e-a582-4659-9f22-fee8b7223d7f - - - - - -] 10.0.0.240 "GET /" status: 200 len: 136 microversion: 1.0
2026-07-15 06:03:38.285 7 INFO placement.requestlog [None req-aaac7f8f-64ff-4f9b-927a-10d3b3285319 - - - - - -] 10.0.0.240 "GET /" status: 200 len: 136 microversion: 1.0
2026-07-15 06:03:38.286 8 INFO placement.requestlog [None req-bde0f6f5-0072-4405-883c-0f7c2b9757f4 - - - - - -] 10.0.0.240 "GET /" status: 200 len: 136 microversion: 1.0
2026-07-15 06:03:48.284 8 INFO placement.requestlog [None req-54a82c9e-7db8-479e-9801-48d149d39bbc - - - - - -] 10.0.0.240 "GET /" status: 200 len: 136 microversion: 1.0
2026-07-15 06:03:48.285 7 INFO placement.requestlog [None req-10b2e9fd-2601-468e-ac42-4e9068a467cd - - - - - -] 10.0.0.240 "GET /" status: 200 len: 136 microversion: 1.0
2026-07-15 06:03:58.285 7 INFO placement.requestlog [None req-87316b98-5de9-46db-ba49-b905cb3a9d7a - - - - - -] 10.0.0.240 "GET /" status: 200 len: 136 microversion: 1.0
2026-07-15 06:03:58.285 8 INFO placement.requestlog [None req-df678878-d1d1-4261-b903-f4337a6da735 - - - - - -] 10.0.0.240 "GET /" status: 200 len: 136 microversion: 1.0
2026-07-15 06:04:08.286 8 INFO placement.requestlog [None req-220ec4ff-b70d-4ce7-a712-28f05cb007d0 - - - - - -] 10.0.0.240 "GET /" status: 200 len: 136 microversion: 1.0
2026-07-15 06:04:08.286 7 INFO placement.requestlog [None req-89b4d46e-2b14-44e6-bc81-fd15725ef2ff - - - - - -] 10.0.0.240 "GET /" status: 200 len: 136 microversion: 1.0
2026-07-15 06:04:13.927 8 INFO placement.requestlog [req-b8746364-5772-4749-ba8b-8a39d78d9202 req-90d67b13-aade-40cd-ab28-cab0a0aac056 fb6df098899648b5a0818a96f606711d 642a17d38a284a24b594effabaf0fd35 - - 2d0863a0ba5346be999fbb03d6fa654f 2d0863a0ba5346be999fbb03d6fa654f] 199.204.45.153 "GET /resource_providers/5b95dfcc-e33e-48c7-87e2-1916c4922b25/allocations" status: 200 len: 54 microversion: 1.0 [pid: 8|app: 0|req: 299/596] 199.204.45.153 () {32 vars in 856 bytes} [Wed Jul 15 06:04:13 2026] GET /resource_providers/5b95dfcc-e33e-48c7-87e2-1916c4922b25/allocations => generated 54 bytes in 17 msecs (HTTP/1.1 200) 6 headers in 223 bytes (1 switches on core 0)
2026-07-15 06:04:13.952 7 INFO placement.requestlog [req-b8746364-5772-4749-ba8b-8a39d78d9202 req-28382a71-3789-4a82-a389-ab527f2dac3b fb6df098899648b5a0818a96f606711d 642a17d38a284a24b594effabaf0fd35 - - 2d0863a0ba5346be999fbb03d6fa654f 2d0863a0ba5346be999fbb03d6fa654f] 199.204.45.153 "GET /resource_providers/5b95dfcc-e33e-48c7-87e2-1916c4922b25/allocations" status: 200 len: 54 microversion: 1.0 [pid: 7|app: 0|req: 298/597] 199.204.45.153 () {32 vars in 856 bytes} [Wed Jul 15 06:04:13 2026] GET /resource_providers/5b95dfcc-e33e-48c7-87e2-1916c4922b25/allocations => generated 54 bytes in 16 msecs (HTTP/1.1 200) 6 headers in 223 bytes (1 switches on core 0)
2026-07-15 06:04:18.285 7 INFO placement.requestlog [None req-1b56f2ea-8884-4b4f-91e1-c36e7e4e2065 - - - - - -] 10.0.0.240 "GET /" status: 200 len: 136 microversion: 1.0
2026-07-15 06:04:18.287 8 INFO placement.requestlog [None req-6d0c62e8-a8ca-4879-a783-a4c0370397a0 - - - - - -] 10.0.0.240 "GET /" status: 200 len: 136 microversion: 1.0
2026-07-15 06:04:28.284 7 INFO placement.requestlog [None req-8cc9b7e4-f67a-4d2c-87a0-3026d315b108 - - - - - -] 10.0.0.240 "GET /" status: 200 len: 136 microversion: 1.0
2026-07-15 06:04:28.285 8 INFO placement.requestlog [None req-5c7ef6ce-420b-402c-a2eb-e75e7d18c70d - - - - - -] 10.0.0.240 "GET /" status: 200 len: 136 microversion: 1.0
2026-07-15 06:04:38.285 7 INFO placement.requestlog [None req-ce72e0d3-4edd-4d9b-9fb2-72502b1301d9 - - - - - -] 10.0.0.240 "GET /" status: 200 len: 136 microversion: 1.0
2026-07-15 06:04:38.286 8 INFO placement.requestlog [None req-fe881ad5-7e6b-4b1a-8b28-23807f30fd2b - - - - - -] 10.0.0.240 "GET /" status: 200 len: 136 microversion: 1.0
2026-07-15 06:04:48.286 8 INFO placement.requestlog [None req-1e32fe20-22bd-4dc2-9eb3-ca45a455f1d1 - - - - - -] 10.0.0.240 "GET /" status: 200 len: 136 microversion: 1.0
2026-07-15 06:04:48.291 7 INFO placement.requestlog [None req-a1b9af5f-500f-44e9-bf96-8d8b616e6c70 - - - - - -] 10.0.0.240 "GET /" status: 200 len: 136 microversion: 1.0
2026-07-15 06:04:58.286 7 INFO placement.requestlog [None req-e9deb8c8-a4db-4233-8004-c5b7ea3d4660 - - - - - -] 10.0.0.240 "GET /" status: 200 len: 136 microversion: 1.0
2026-07-15 06:04:58.288 8 INFO placement.requestlog [None req-d76247e9-c30b-40cb-b145-bb7e3d99e943 - - - - - -] 10.0.0.240 "GET /" status: 200 len: 136 microversion: 1.0
2026-07-15 06:05:04.185 7 INFO placement.requestlog [req-871132fd-1c3f-4cbe-b1c7-3c158caeb69a req-4ee8bd62-b917-4763-96bf-385641bff4bd fb6df098899648b5a0818a96f606711d 642a17d38a284a24b594effabaf0fd35 - - 2d0863a0ba5346be999fbb03d6fa654f 2d0863a0ba5346be999fbb03d6fa654f] 10.0.0.230 "GET /allocation_candidates?limit=1000&resources=DISK_GB%3A1%2CMEMORY_MB%3A512%2CVCPU%3A1&root_required=%21COMPUTE_STATUS_DISABLED" status: 200 len: 2147 microversion: 1.36 [pid: 7|app: 0|req: 304/608] 10.0.0.230 () {34 vars in 1011 bytes} [Wed Jul 15 06:05:04 2026] GET /allocation_candidates?limit=1000&resources=DISK_GB%3A1%2CMEMORY_MB%3A512%2CVCPU%3A1&root_required=%21COMPUTE_STATUS_DISABLED => generated 2147 bytes in 176 msecs (HTTP/1.1 200) 8 headers in 297 bytes (1 switches on core 0)
2026-07-15 06:05:04.239 8 INFO placement.requestlog [req-871132fd-1c3f-4cbe-b1c7-3c158caeb69a req-1afe2fa0-0906-4661-a8c1-8a6784682a6c fb6df098899648b5a0818a96f606711d 642a17d38a284a24b594effabaf0fd35 - - 2d0863a0ba5346be999fbb03d6fa654f 2d0863a0ba5346be999fbb03d6fa654f] 10.0.0.230 "GET /allocations/320f1125-0cba-4da2-927c-9531e297d896" status: 200 len: 19 microversion: 1.28 [pid: 8|app: 0|req: 305/609] 10.0.0.230 () {34 vars in 860 bytes} [Wed Jul 15 06:05:04 2026] GET /allocations/320f1125-0cba-4da2-927c-9531e297d896 => generated 19 bytes in 9 msecs (HTTP/1.1 200) 8 headers in 295 bytes (1 switches on core 0)
2026-07-15 06:05:04.329 7 INFO placement.requestlog [req-871132fd-1c3f-4cbe-b1c7-3c158caeb69a req-f639a467-6fbb-4e55-bdff-97d80b1ca9f4 fb6df098899648b5a0818a96f606711d 642a17d38a284a24b594effabaf0fd35 - - 2d0863a0ba5346be999fbb03d6fa654f 2d0863a0ba5346be999fbb03d6fa654f] 10.0.0.230 "PUT /allocations/320f1125-0cba-4da2-927c-9531e297d896" status: 204 len: 0 microversion: 1.36 [pid: 7|app: 0|req: 305/610] 10.0.0.230 () {38 vars in 913 bytes} [Wed Jul 15 06:05:04 2026] PUT /allocations/320f1125-0cba-4da2-927c-9531e297d896 => generated 0 bytes in 83 msecs (HTTP/1.1 204) 5 headers in 199 bytes (1 switches on core 0)
2026-07-15 06:05:04.767 8 INFO placement.requestlog [req-871132fd-1c3f-4cbe-b1c7-3c158caeb69a req-978b1b9c-14cd-428a-8843-dcbfd84ee297 fb6df098899648b5a0818a96f606711d 642a17d38a284a24b594effabaf0fd35 - - 2d0863a0ba5346be999fbb03d6fa654f 2d0863a0ba5346be999fbb03d6fa654f] 199.204.45.153 "GET /allocations/320f1125-0cba-4da2-927c-9531e297d896" status: 200 len: 257 microversion: 1.28 [pid: 8|app: 0|req: 306/611] 199.204.45.153 () {34 vars in 862 bytes} [Wed Jul 15 06:05:04 2026] GET /allocations/320f1125-0cba-4da2-927c-9531e297d896 => generated 257 bytes in 18 msecs (HTTP/1.1 200) 8 headers in 296 bytes (1 switches on core 0)
2026-07-15 06:05:04.950 7 INFO placement.requestlog [req-871132fd-1c3f-4cbe-b1c7-3c158caeb69a req-447e9a63-ba5e-4c9c-ae7d-3fdf0402c20a fb6df098899648b5a0818a96f606711d 642a17d38a284a24b594effabaf0fd35 - - 2d0863a0ba5346be999fbb03d6fa654f 2d0863a0ba5346be999fbb03d6fa654f] 199.204.45.153 "GET /resource_providers/5b95dfcc-e33e-48c7-87e2-1916c4922b25/allocations" status: 200 len: 152 microversion: 1.0 [pid: 7|app: 0|req: 306/612] 199.204.45.153 () {32 vars in 856 bytes} [Wed Jul 15 06:05:04 2026] GET /resource_providers/5b95dfcc-e33e-48c7-87e2-1916c4922b25/allocations => generated 152 bytes in 18 msecs (HTTP/1.1 200) 6 headers in 224 bytes (1 switches on core 0)
2026-07-15 06:05:04.973 8 INFO placement.requestlog [req-871132fd-1c3f-4cbe-b1c7-3c158caeb69a req-522baaaf-95a8-41fc-b363-b4e288f5f3a6 fb6df098899648b5a0818a96f606711d 642a17d38a284a24b594effabaf0fd35 - - 2d0863a0ba5346be999fbb03d6fa654f 2d0863a0ba5346be999fbb03d6fa654f] 199.204.45.153 "GET /allocations/320f1125-0cba-4da2-927c-9531e297d896" status: 200 len: 257 microversion: 1.28 [pid: 8|app: 0|req: 307/613] 199.204.45.153 () {34 vars in 862 bytes} [Wed Jul 15 06:05:04 2026] GET /allocations/320f1125-0cba-4da2-927c-9531e297d896 => generated 257 bytes in 14 msecs (HTTP/1.1 200) 8 headers in 296 bytes (1 switches on core 0)
2026-07-15 06:05:05.256 7 INFO placement.requestlog [req-8b8001ed-9b90-4346-8286-92d55936fbed req-8a9396c7-e3ab-4837-877b-be9705c1b9ab fb6df098899648b5a0818a96f606711d 642a17d38a284a24b594effabaf0fd35 - - 2d0863a0ba5346be999fbb03d6fa654f 2d0863a0ba5346be999fbb03d6fa654f] 10.0.0.230 "GET /allocation_candidates?limit=1000&resources=DISK_GB%3A1%2CMEMORY_MB%3A512%2CVCPU%3A1&root_required=%21COMPUTE_STATUS_DISABLED" status: 200 len: 2149 microversion: 1.36 [pid: 7|app: 0|req: 307/614] 10.0.0.230 () {34 vars in 1011 bytes} [Wed Jul 15 06:05:05 2026] GET /allocation_candidates?limit=1000&resources=DISK_GB%3A1%2CMEMORY_MB%3A512%2CVCPU%3A1&root_required=%21COMPUTE_STATUS_DISABLED => generated 2149 bytes in 50 msecs (HTTP/1.1 200) 8 headers in 297 bytes (1 switches on core 0)
2026-07-15 06:05:05.292 8 INFO placement.requestlog [req-8b8001ed-9b90-4346-8286-92d55936fbed req-6529757e-d26d-40c9-9d54-46b070cf8e90 fb6df098899648b5a0818a96f606711d 642a17d38a284a24b594effabaf0fd35 - - 2d0863a0ba5346be999fbb03d6fa654f 2d0863a0ba5346be999fbb03d6fa654f] 10.0.0.230 "GET /allocations/5a3a4d01-1a58-4485-bf80-6dfcf2e670c9" status: 200 len: 19 microversion: 1.28 [pid: 8|app: 0|req: 308/615] 10.0.0.230 () {34 vars in 860 bytes} [Wed Jul 15 06:05:05 2026] GET /allocations/5a3a4d01-1a58-4485-bf80-6dfcf2e670c9 => generated 19 bytes in 9 msecs (HTTP/1.1 200) 8 headers in 295 bytes (1 switches on core 0)
2026-07-15 06:05:05.368 7 INFO placement.requestlog [req-8b8001ed-9b90-4346-8286-92d55936fbed req-e859c06a-c69f-4740-b0d2-de522ba6cafd fb6df098899648b5a0818a96f606711d 642a17d38a284a24b594effabaf0fd35 - - 2d0863a0ba5346be999fbb03d6fa654f 2d0863a0ba5346be999fbb03d6fa654f] 10.0.0.230 "PUT /allocations/5a3a4d01-1a58-4485-bf80-6dfcf2e670c9" status: 204 len: 0 microversion: 1.36 [pid: 7|app: 0|req: 308/616] 10.0.0.230 () {38 vars in 913 bytes} [Wed Jul 15 06:05:05 2026] PUT /allocations/5a3a4d01-1a58-4485-bf80-6dfcf2e670c9 => generated 0 bytes in 71 msecs (HTTP/1.1 204) 5 headers in 199 bytes (1 switches on core 0)
2026-07-15 06:05:05.819 8 INFO placement.requestlog [req-8b8001ed-9b90-4346-8286-92d55936fbed req-748f6344-2bb3-47ff-8d38-b69feadff6bf fb6df098899648b5a0818a96f606711d 642a17d38a284a24b594effabaf0fd35 - - 2d0863a0ba5346be999fbb03d6fa654f 2d0863a0ba5346be999fbb03d6fa654f] 199.204.45.153 "GET /allocations/5a3a4d01-1a58-4485-bf80-6dfcf2e670c9" status: 200 len: 257 microversion: 1.28 [pid: 8|app: 0|req: 309/617] 199.204.45.153 () {34 vars in 862 bytes} [Wed Jul 15 06:05:05 2026] GET /allocations/5a3a4d01-1a58-4485-bf80-6dfcf2e670c9 => generated 257 bytes in 21 msecs (HTTP/1.1 200) 8 headers in 296 bytes (1 switches on core 0)
2026-07-15 06:05:05.963 7 INFO placement.requestlog [req-8b8001ed-9b90-4346-8286-92d55936fbed req-41c9b86f-4bf9-4bec-ab26-298bceaaf8bb fb6df098899648b5a0818a96f606711d 642a17d38a284a24b594effabaf0fd35 - - 2d0863a0ba5346be999fbb03d6fa654f 2d0863a0ba5346be999fbb03d6fa654f] 199.204.45.153 "GET /resource_providers/5b95dfcc-e33e-48c7-87e2-1916c4922b25/allocations" status: 200 len: 252 microversion: 1.0 [pid: 7|app: 0|req: 309/618] 199.204.45.153 () {32 vars in 856 bytes} [Wed Jul 15 06:05:05 2026] GET /resource_providers/5b95dfcc-e33e-48c7-87e2-1916c4922b25/allocations => generated 252 bytes in 60 msecs (HTTP/1.1 200) 6 headers in 224 bytes (1 switches on core 0)
2026-07-15 06:05:05.999 8 INFO placement.requestlog [req-8b8001ed-9b90-4346-8286-92d55936fbed req-694f467f-5adc-42d9-a6de-3a2965391f75 fb6df098899648b5a0818a96f606711d 642a17d38a284a24b594effabaf0fd35 - - 2d0863a0ba5346be999fbb03d6fa654f 2d0863a0ba5346be999fbb03d6fa654f] 199.204.45.153 "GET /allocations/320f1125-0cba-4da2-927c-9531e297d896" status: 200 len: 257 microversion: 1.28 [pid: 8|app: 0|req: 310/619] 199.204.45.153 () {34 vars in 862 bytes} [Wed Jul 15 06:05:05 2026] GET /allocations/320f1125-0cba-4da2-927c-9531e297d896 => generated 257 bytes in 24 msecs (HTTP/1.1 200) 8 headers in 296 bytes (1 switches on core 0)
2026-07-15 06:05:06.021 7 INFO placement.requestlog [req-8b8001ed-9b90-4346-8286-92d55936fbed req-d2f19aee-6308-49fa-98c8-87625d6f9978 fb6df098899648b5a0818a96f606711d 642a17d38a284a24b594effabaf0fd35 - - 2d0863a0ba5346be999fbb03d6fa654f 2d0863a0ba5346be999fbb03d6fa654f] 199.204.45.153 "GET /allocations/5a3a4d01-1a58-4485-bf80-6dfcf2e670c9" status: 200 len: 257 microversion: 1.28 [pid: 7|app: 0|req: 310/620] 199.204.45.153 () {34 vars in 862 bytes} [Wed Jul 15 06:05:06 2026] GET /allocations/5a3a4d01-1a58-4485-bf80-6dfcf2e670c9 => generated 257 bytes in 15 msecs (HTTP/1.1 200) 8 headers in 296 bytes (1 switches on core 0)
2026-07-15 06:05:08.286 7 INFO placement.requestlog [None req-7fd9d711-c171-4287-9faa-a7b9434b53dc - - - - - -] 10.0.0.240 "GET /" status: 200 len: 136 microversion: 1.0
2026-07-15 06:05:08.288 8 INFO placement.requestlog [None req-1ca9d369-cc89-4ba3-b928-156ba82325cc - - - - - -] 10.0.0.240 "GET /" status: 200 len: 136 microversion: 1.0
2026-07-15 06:05:08.758 7 INFO placement.requestlog [None req-8b5c66ba-f3d9-4fb7-961c-6ebb9818028a 5ddb7c26a91f4aee83815da130d7fc8c 642a17d38a284a24b594effabaf0fd35 - - 2d0863a0ba5346be999fbb03d6fa654f 2d0863a0ba5346be999fbb03d6fa654f] 10.0.0.31 "GET /resource_providers/f8840114-872e-4edd-be3f-7121c805cfcf/aggregates" status: 404 len: 235 microversion: 1.1 [pid: 7|app: 0|req: 312/623] 10.0.0.31 () {32 vars in 823 bytes} [Wed Jul 15 06:05:08 2026] GET /resource_providers/f8840114-872e-4edd-be3f-7121c805cfcf/aggregates => generated 235 bytes in 142 msecs (HTTP/1.1 404) 5 headers in 202 bytes (1 switches on core 0)
2026-07-15 06:05:08.778 7 INFO placement.requestlog [None req-f442595c-3eb0-438d-8722-794fada5dbed 5ddb7c26a91f4aee83815da130d7fc8c 642a17d38a284a24b594effabaf0fd35 - - 2d0863a0ba5346be999fbb03d6fa654f 2d0863a0ba5346be999fbb03d6fa654f] 10.0.0.31 "DELETE /resource_providers/f8840114-872e-4edd-be3f-7121c805cfcf" status: 404 len: 246 microversion: 1.1 [pid: 7|app: 0|req: 313/624] 10.0.0.31 () {34 vars in 823 bytes} [Wed Jul 15 06:05:08 2026] DELETE /resource_providers/f8840114-872e-4edd-be3f-7121c805cfcf => generated 246 bytes in 10 msecs (HTTP/1.1 404) 6 headers in 231 bytes (1 switches on core 0)
2026-07-15 06:05:08.808 8 INFO placement.requestlog [None req-318fcb31-abd4-4e50-9a2e-5a14ae7c70fe 5ddb7c26a91f4aee83815da130d7fc8c 642a17d38a284a24b594effabaf0fd35 - - 2d0863a0ba5346be999fbb03d6fa654f 2d0863a0ba5346be999fbb03d6fa654f] 10.0.0.31 "GET /resource_providers/f8840114-872e-4edd-be3f-7121c805cfcf/aggregates" status: 404 len: 235 microversion: 1.1 [pid: 8|app: 0|req: 312/625] 10.0.0.31 () {32 vars in 823 bytes} [Wed Jul 15 06:05:08 2026] GET /resource_providers/f8840114-872e-4edd-be3f-7121c805cfcf/aggregates => generated 235 bytes in 155 msecs (HTTP/1.1 404) 5 headers in 202 bytes (1 switches on core 0)
2026-07-15 06:05:08.826 7 INFO placement.requestlog [None req-32485554-54c2-489a-835b-a592943749fb 5ddb7c26a91f4aee83815da130d7fc8c 642a17d38a284a24b594effabaf0fd35 - - 2d0863a0ba5346be999fbb03d6fa654f 2d0863a0ba5346be999fbb03d6fa654f] 10.0.0.31 "DELETE /resource_providers/f8840114-872e-4edd-be3f-7121c805cfcf" status: 404 len: 246 microversion: 1.1 [pid: 7|app: 0|req: 314/626] 10.0.0.31 () {34 vars in 823 bytes} [Wed Jul 15 06:05:08 2026] DELETE /resource_providers/f8840114-872e-4edd-be3f-7121c805cfcf => generated 246 bytes in 10 msecs (HTTP/1.1 404) 6 headers in 231 bytes (1 switches on core 0)
2026-07-15 06:05:11.202 8 INFO placement.requestlog [None req-e423ab58-0615-481f-b13a-13a0813a4a5e 5ddb7c26a91f4aee83815da130d7fc8c 642a17d38a284a24b594effabaf0fd35 - - 2d0863a0ba5346be999fbb03d6fa654f 2d0863a0ba5346be999fbb03d6fa654f] 10.0.0.31 "GET /resource_providers/becaac9a-8a76-4a6d-871f-9b85f5cd65d8/aggregates" status: 404 len: 235 microversion: 1.1 [pid: 8|app: 0|req: 313/627] 10.0.0.31 () {32 vars in 823 bytes} [Wed Jul 15 06:05:11 2026] GET /resource_providers/becaac9a-8a76-4a6d-871f-9b85f5cd65d8/aggregates => generated 235 bytes in 10 msecs (HTTP/1.1 404) 5 headers in 202 bytes (1 switches on core 0)
2026-07-15 06:05:11.202 7 INFO placement.requestlog [None req-410a36b0-8857-4b48-8b3b-c03aaf3d6e70 5ddb7c26a91f4aee83815da130d7fc8c 642a17d38a284a24b594effabaf0fd35 - - 2d0863a0ba5346be999fbb03d6fa654f 2d0863a0ba5346be999fbb03d6fa654f] 10.0.0.31 "GET /resource_providers/becaac9a-8a76-4a6d-871f-9b85f5cd65d8/aggregates" status: 404 len: 235 microversion: 1.1 [pid: 7|app: 0|req: 315/628] 10.0.0.31 () {32 vars in 823 bytes} [Wed Jul 15 06:05:11 2026] GET /resource_providers/becaac9a-8a76-4a6d-871f-9b85f5cd65d8/aggregates => generated 235 bytes in 11 msecs (HTTP/1.1 404) 5 headers in 202 bytes (1 switches on core 0)
2026-07-15 06:05:11.241 7 INFO placement.requestlog [None req-0a5d4d5a-3a7a-4b72-b756-c891a3b31113 5ddb7c26a91f4aee83815da130d7fc8c 642a17d38a284a24b594effabaf0fd35 - - 2d0863a0ba5346be999fbb03d6fa654f 2d0863a0ba5346be999fbb03d6fa654f] 10.0.0.31 "DELETE /resource_providers/becaac9a-8a76-4a6d-871f-9b85f5cd65d8" status: 404 len: 246 microversion: 1.1 [pid: 7|app: 0|req: 316/629] 10.0.0.31 () {34 vars in 823 bytes} [Wed Jul 15 06:05:11 2026] DELETE /resource_providers/becaac9a-8a76-4a6d-871f-9b85f5cd65d8 => generated 246 bytes in 19 msecs (HTTP/1.1 404) 6 headers in 231 bytes (1 switches on core 0)
2026-07-15 06:05:11.244 8 INFO placement.requestlog [None req-bd6b5f5a-431d-4e43-8e51-60b65dce2b9a 5ddb7c26a91f4aee83815da130d7fc8c 642a17d38a284a24b594effabaf0fd35 - - 2d0863a0ba5346be999fbb03d6fa654f 2d0863a0ba5346be999fbb03d6fa654f] 10.0.0.31 "DELETE /resource_providers/becaac9a-8a76-4a6d-871f-9b85f5cd65d8" status: 404 len: 246 microversion: 1.1 [pid: 8|app: 0|req: 314/630] 10.0.0.31 () {34 vars in 823 bytes} [Wed Jul 15 06:05:11 2026] DELETE /resource_providers/becaac9a-8a76-4a6d-871f-9b85f5cd65d8 => generated 246 bytes in 25 msecs (HTTP/1.1 404) 6 headers in 231 bytes (1 switches on core 0)
2026-07-15 06:05:15.410 7 INFO placement.requestlog [req-c1efe76c-1d7f-47ec-847a-f2a6db4f0b63 req-1eff560b-f5a6-466a-af5f-519a735283dc fb6df098899648b5a0818a96f606711d 642a17d38a284a24b594effabaf0fd35 - - 2d0863a0ba5346be999fbb03d6fa654f 2d0863a0ba5346be999fbb03d6fa654f] 199.204.45.153 "GET /resource_providers/5b95dfcc-e33e-48c7-87e2-1916c4922b25/allocations" status: 200 len: 252 microversion: 1.0 [pid: 7|app: 0|req: 317/631] 199.204.45.153 () {32 vars in 856 bytes} [Wed Jul 15 06:05:15 2026] GET /resource_providers/5b95dfcc-e33e-48c7-87e2-1916c4922b25/allocations => generated 252 bytes in 29 msecs (HTTP/1.1 200) 6 headers in 224 bytes (1 switches on core 0)
2026-07-15 06:05:15.441 8 INFO placement.requestlog [req-c1efe76c-1d7f-47ec-847a-f2a6db4f0b63 req-89b59da5-a66f-4719-99e4-49ab26495d14 fb6df098899648b5a0818a96f606711d 642a17d38a284a24b594effabaf0fd35 - - 2d0863a0ba5346be999fbb03d6fa654f 2d0863a0ba5346be999fbb03d6fa654f] 199.204.45.153 "GET /resource_providers/5b95dfcc-e33e-48c7-87e2-1916c4922b25/allocations" status: 200 len: 252 microversion: 1.0 [pid: 8|app: 0|req: 315/632] 199.204.45.153 () {32 vars in 856 bytes} [Wed Jul 15 06:05:15 2026] GET /resource_providers/5b95dfcc-e33e-48c7-87e2-1916c4922b25/allocations => generated 252 bytes in 19 msecs (HTTP/1.1 200) 6 headers in 224 bytes (1 switches on core 0)
2026-07-15 06:05:15.463 7 INFO placement.requestlog [req-c1efe76c-1d7f-47ec-847a-f2a6db4f0b63 req-7c55a903-80a7-4c6d-9750-6cd16bda30cc fb6df098899648b5a0818a96f606711d 642a17d38a284a24b594effabaf0fd35 - - 2d0863a0ba5346be999fbb03d6fa654f 2d0863a0ba5346be999fbb03d6fa654f] 199.204.45.153 "GET /allocations/320f1125-0cba-4da2-927c-9531e297d896" status: 200 len: 257 microversion: 1.28 [pid: 7|app: 0|req: 318/633] 199.204.45.153 () {34 vars in 862 bytes} [Wed Jul 15 06:05:15 2026] GET /allocations/320f1125-0cba-4da2-927c-9531e297d896 => generated 257 bytes in 15 msecs (HTTP/1.1 200) 8 headers in 296 bytes (1 switches on core 0)
2026-07-15 06:05:15.485 8 INFO placement.requestlog [req-c1efe76c-1d7f-47ec-847a-f2a6db4f0b63 req-41b38f0a-9339-48c4-9294-511d8226e577 fb6df098899648b5a0818a96f606711d 642a17d38a284a24b594effabaf0fd35 - - 2d0863a0ba5346be999fbb03d6fa654f 2d0863a0ba5346be999fbb03d6fa654f] 199.204.45.153 "GET /allocations/5a3a4d01-1a58-4485-bf80-6dfcf2e670c9" status: 200 len: 257 microversion: 1.28 [pid: 8|app: 0|req: 316/634] 199.204.45.153 () {34 vars in 862 bytes} [Wed Jul 15 06:05:15 2026] GET /allocations/5a3a4d01-1a58-4485-bf80-6dfcf2e670c9 => generated 257 bytes in 14 msecs (HTTP/1.1 200) 8 headers in 296 bytes (1 switches on core 0)
2026-07-15 06:05:18.285 7 INFO placement.requestlog [None req-d1da0597-7557-464f-bc53-4e1c71b604fe - - - - - -] 10.0.0.240 "GET /" status: 200 len: 136 microversion: 1.0
2026-07-15 06:05:18.290 8 INFO placement.requestlog [None req-7d9382f8-be0f-4359-b858-79c00e00f2e3 - - - - - -] 10.0.0.240 "GET /" status: 200 len: 136 microversion: 1.0
2026-07-15 06:05:18.747 7 INFO placement.requestlog [req-3faa23e7-b856-4612-8878-1e7bf7c0edd4 req-7318cd18-977c-4295-8bcd-29d8e911dce3 fb6df098899648b5a0818a96f606711d 642a17d38a284a24b594effabaf0fd35 - - 2d0863a0ba5346be999fbb03d6fa654f 2d0863a0ba5346be999fbb03d6fa654f] 199.204.45.153 "GET /resource_providers/5b95dfcc-e33e-48c7-87e2-1916c4922b25/allocations" status: 200 len: 252 microversion: 1.0 [pid: 7|app: 0|req: 320/637] 199.204.45.153 () {32 vars in 856 bytes} [Wed Jul 15 06:05:18 2026] GET /resource_providers/5b95dfcc-e33e-48c7-87e2-1916c4922b25/allocations => generated 252 bytes in 17 msecs (HTTP/1.1 200) 6 headers in 224 bytes (1 switches on core 0)
2026-07-15 06:05:18.772 8 INFO placement.requestlog [req-3faa23e7-b856-4612-8878-1e7bf7c0edd4 req-0ae8507a-71df-4ab8-a62c-933bc72f2323 fb6df098899648b5a0818a96f606711d 642a17d38a284a24b594effabaf0fd35 - - 2d0863a0ba5346be999fbb03d6fa654f 2d0863a0ba5346be999fbb03d6fa654f] 199.204.45.153 "GET /allocations/320f1125-0cba-4da2-927c-9531e297d896" status: 200 len: 257 microversion: 1.28 [pid: 8|app: 0|req: 318/638] 199.204.45.153 () {34 vars in 862 bytes} [Wed Jul 15 06:05:18 2026] GET /allocations/320f1125-0cba-4da2-927c-9531e297d896 => generated 257 bytes in 17 msecs (HTTP/1.1 200) 8 headers in 296 bytes (1 switches on core 0)
2026-07-15 06:05:18.829 7 INFO placement.requestlog [req-3faa23e7-b856-4612-8878-1e7bf7c0edd4 req-7cd80ccd-9c57-4248-b614-ae6696323283 fb6df098899648b5a0818a96f606711d 642a17d38a284a24b594effabaf0fd35 - - 2d0863a0ba5346be999fbb03d6fa654f 2d0863a0ba5346be999fbb03d6fa654f] 199.204.45.153 "GET /allocations/5a3a4d01-1a58-4485-bf80-6dfcf2e670c9" status: 200 len: 257 microversion: 1.28 [pid: 7|app: 0|req: 321/639] 199.204.45.153 () {34 vars in 862 bytes} [Wed Jul 15 06:05:18 2026] GET /allocations/5a3a4d01-1a58-4485-bf80-6dfcf2e670c9 => generated 257 bytes in 41 msecs (HTTP/1.1 200) 8 headers in 296 bytes (1 switches on core 0)
2026-07-15 06:05:18.933 8 INFO placement.requestlog [req-3faa23e7-b856-4612-8878-1e7bf7c0edd4 req-af0956f6-dce9-4778-a37a-a26e48612668 fb6df098899648b5a0818a96f606711d 642a17d38a284a24b594effabaf0fd35 - - 2d0863a0ba5346be999fbb03d6fa654f 2d0863a0ba5346be999fbb03d6fa654f] 199.204.45.153 "DELETE /allocations/320f1125-0cba-4da2-927c-9531e297d896" status: 204 len: 0 microversion: 1.0 [pid: 8|app: 0|req: 319/640] 199.204.45.153 () {34 vars in 840 bytes} [Wed Jul 15 06:05:18 2026] DELETE /allocations/320f1125-0cba-4da2-927c-9531e297d896 => generated 0 bytes in 35 msecs (HTTP/1.1 204) 5 headers in 198 bytes (1 switches on core 0)
2026-07-15 06:05:20.918 7 INFO placement.requestlog [req-673ad113-318e-46a6-b4aa-431b6b6913c1 req-97a3b9b8-5a7e-491d-87e5-e69829451d36 fb6df098899648b5a0818a96f606711d 642a17d38a284a24b594effabaf0fd35 - - 2d0863a0ba5346be999fbb03d6fa654f 2d0863a0ba5346be999fbb03d6fa654f] 10.0.0.230 "GET /allocation_candidates?limit=1000&resources=DISK_GB%3A1%2CMEMORY_MB%3A512%2CVCPU%3A1&root_required=%21COMPUTE_STATUS_DISABLED" status: 200 len: 2149 microversion: 1.36 [pid: 7|app: 0|req: 322/641] 10.0.0.230 () {34 vars in 1011 bytes} [Wed Jul 15 06:05:20 2026] GET /allocation_candidates?limit=1000&resources=DISK_GB%3A1%2CMEMORY_MB%3A512%2CVCPU%3A1&root_required=%21COMPUTE_STATUS_DISABLED => generated 2149 bytes in 42 msecs (HTTP/1.1 200) 8 headers in 297 bytes (1 switches on core 0)
2026-07-15 06:05:20.952 8 INFO placement.requestlog [req-673ad113-318e-46a6-b4aa-431b6b6913c1 req-7a21f319-eef9-460a-9402-e87e8b0fb7c7 fb6df098899648b5a0818a96f606711d 642a17d38a284a24b594effabaf0fd35 - - 2d0863a0ba5346be999fbb03d6fa654f 2d0863a0ba5346be999fbb03d6fa654f] 10.0.0.230 "GET /allocations/eb3b806b-6c3a-43a4-8a80-a596d4aec969" status: 200 len: 19 microversion: 1.28 [pid: 8|app: 0|req: 320/642] 10.0.0.230 () {34 vars in 860 bytes} [Wed Jul 15 06:05:20 2026] GET /allocations/eb3b806b-6c3a-43a4-8a80-a596d4aec969 => generated 19 bytes in 12 msecs (HTTP/1.1 200) 8 headers in 295 bytes (1 switches on core 0)
2026-07-15 06:05:21.017 7 INFO placement.requestlog [req-673ad113-318e-46a6-b4aa-431b6b6913c1 req-64154ddd-7548-4511-8159-9c77dc2410c8 fb6df098899648b5a0818a96f606711d 642a17d38a284a24b594effabaf0fd35 - - 2d0863a0ba5346be999fbb03d6fa654f 2d0863a0ba5346be999fbb03d6fa654f] 10.0.0.230 "PUT /allocations/eb3b806b-6c3a-43a4-8a80-a596d4aec969" status: 204 len: 0 microversion: 1.36 [pid: 7|app: 0|req: 323/643] 10.0.0.230 () {38 vars in 913 bytes} [Wed Jul 15 06:05:20 2026] PUT /allocations/eb3b806b-6c3a-43a4-8a80-a596d4aec969 => generated 0 bytes in 58 msecs (HTTP/1.1 204) 5 headers in 199 bytes (1 switches on core 0)
2026-07-15 06:05:21.257 8 INFO placement.requestlog [req-673ad113-318e-46a6-b4aa-431b6b6913c1 req-d9757eda-41d3-40af-8f9f-710230d115b5 fb6df098899648b5a0818a96f606711d 642a17d38a284a24b594effabaf0fd35 - - 2d0863a0ba5346be999fbb03d6fa654f 2d0863a0ba5346be999fbb03d6fa654f] 199.204.45.153 "GET /allocations/eb3b806b-6c3a-43a4-8a80-a596d4aec969" status: 200 len: 257 microversion: 1.28 [pid: 8|app: 0|req: 321/644] 199.204.45.153 () {34 vars in 862 bytes} [Wed Jul 15 06:05:21 2026] GET /allocations/eb3b806b-6c3a-43a4-8a80-a596d4aec969 => generated 257 bytes in 22 msecs (HTTP/1.1 200) 8 headers in 296 bytes (1 switches on core 0)
2026-07-15 06:05:21.371 7 INFO placement.requestlog [req-673ad113-318e-46a6-b4aa-431b6b6913c1 req-3ea13bf8-2e8b-4a30-b50a-7e0a13e5f89f fb6df098899648b5a0818a96f606711d 642a17d38a284a24b594effabaf0fd35 - - 2d0863a0ba5346be999fbb03d6fa654f 2d0863a0ba5346be999fbb03d6fa654f] 199.204.45.153 "GET /resource_providers/5b95dfcc-e33e-48c7-87e2-1916c4922b25/allocations" status: 200 len: 252 microversion: 1.0 [pid: 7|app: 0|req: 324/645] 199.204.45.153 () {32 vars in 856 bytes} [Wed Jul 15 06:05:21 2026] GET /resource_providers/5b95dfcc-e33e-48c7-87e2-1916c4922b25/allocations => generated 252 bytes in 19 msecs (HTTP/1.1 200) 6 headers in 224 bytes (1 switches on core 0)
2026-07-15 06:05:21.396 8 INFO placement.requestlog [req-673ad113-318e-46a6-b4aa-431b6b6913c1 req-4a04549a-3808-4aa6-bceb-a91669ee6d12 fb6df098899648b5a0818a96f606711d 642a17d38a284a24b594effabaf0fd35 - - 2d0863a0ba5346be999fbb03d6fa654f 2d0863a0ba5346be999fbb03d6fa654f] 199.204.45.153 "GET /allocations/5a3a4d01-1a58-4485-bf80-6dfcf2e670c9" status: 200 len: 257 microversion: 1.28 [pid: 8|app: 0|req: 322/646] 199.204.45.153 () {34 vars in 862 bytes} [Wed Jul 15 06:05:21 2026] GET /allocations/5a3a4d01-1a58-4485-bf80-6dfcf2e670c9 => generated 257 bytes in 14 msecs (HTTP/1.1 200) 8 headers in 296 bytes (1 switches on core 0)
2026-07-15 06:05:21.417 7 INFO placement.requestlog [req-673ad113-318e-46a6-b4aa-431b6b6913c1 req-2df251d9-8897-431f-8f16-096270e2589f fb6df098899648b5a0818a96f606711d 642a17d38a284a24b594effabaf0fd35 - - 2d0863a0ba5346be999fbb03d6fa654f 2d0863a0ba5346be999fbb03d6fa654f] 199.204.45.153 "GET /allocations/eb3b806b-6c3a-43a4-8a80-a596d4aec969" status: 200 len: 257 microversion: 1.28 [pid: 7|app: 0|req: 325/647] 199.204.45.153 () {34 vars in 862 bytes} [Wed Jul 15 06:05:21 2026] GET /allocations/eb3b806b-6c3a-43a4-8a80-a596d4aec969 => generated 257 bytes in 13 msecs (HTTP/1.1 200) 8 headers in 296 bytes (1 switches on core 0)
2026-07-15 06:05:23.994 7 INFO placement.requestlog [None req-cff2a9ec-56c8-4e92-bf4a-33be68ffec80 5ddb7c26a91f4aee83815da130d7fc8c 642a17d38a284a24b594effabaf0fd35 - - 2d0863a0ba5346be999fbb03d6fa654f 2d0863a0ba5346be999fbb03d6fa654f] 10.0.0.31 "GET /resource_providers/e0cef254-4997-4600-8dcc-12cf822eb713/aggregates" status: 404 len: 235 microversion: 1.1 [pid: 7|app: 0|req: 326/648] 10.0.0.31 () {32 vars in 823 bytes} [Wed Jul 15 06:05:23 2026] GET /resource_providers/e0cef254-4997-4600-8dcc-12cf822eb713/aggregates => generated 235 bytes in 151 msecs (HTTP/1.1 404) 5 headers in 202 bytes (1 switches on core 0)
2026-07-15 06:05:24.012 8 INFO placement.requestlog [None req-19d2e45f-ad0a-4688-93ab-d92a4a041686 5ddb7c26a91f4aee83815da130d7fc8c 642a17d38a284a24b594effabaf0fd35 - - 2d0863a0ba5346be999fbb03d6fa654f 2d0863a0ba5346be999fbb03d6fa654f] 10.0.0.31 "GET /resource_providers/e0cef254-4997-4600-8dcc-12cf822eb713/aggregates" status: 404 len: 235 microversion: 1.1 [pid: 8|app: 0|req: 323/649] 10.0.0.31 () {32 vars in 823 bytes} [Wed Jul 15 06:05:23 2026] GET /resource_providers/e0cef254-4997-4600-8dcc-12cf822eb713/aggregates => generated 235 bytes in 190 msecs (HTTP/1.1 404) 5 headers in 202 bytes (1 switches on core 0)
2026-07-15 06:05:24.012 7 INFO placement.requestlog [None req-c9746e5e-cb08-482c-8cf8-6525d92a36c1 5ddb7c26a91f4aee83815da130d7fc8c 642a17d38a284a24b594effabaf0fd35 - - 2d0863a0ba5346be999fbb03d6fa654f 2d0863a0ba5346be999fbb03d6fa654f] 10.0.0.31 "DELETE /resource_providers/e0cef254-4997-4600-8dcc-12cf822eb713" status: 404 len: 246 microversion: 1.1 [pid: 7|app: 0|req: 327/650] 10.0.0.31 () {34 vars in 823 bytes} [Wed Jul 15 06:05:24 2026] DELETE /resource_providers/e0cef254-4997-4600-8dcc-12cf822eb713 => generated 246 bytes in 11 msecs (HTTP/1.1 404) 6 headers in 231 bytes (1 switches on core 0)
2026-07-15 06:05:24.032 8 INFO placement.requestlog [None req-0f7fa2bc-115e-4d23-a68c-f210f05ce186 5ddb7c26a91f4aee83815da130d7fc8c 642a17d38a284a24b594effabaf0fd35 - - 2d0863a0ba5346be999fbb03d6fa654f 2d0863a0ba5346be999fbb03d6fa654f] 10.0.0.31 "DELETE /resource_providers/e0cef254-4997-4600-8dcc-12cf822eb713" status: 404 len: 246 microversion: 1.1 [pid: 8|app: 0|req: 324/651] 10.0.0.31 () {34 vars in 823 bytes} [Wed Jul 15 06:05:24 2026] DELETE /resource_providers/e0cef254-4997-4600-8dcc-12cf822eb713 => generated 246 bytes in 13 msecs (HTTP/1.1 404) 6 headers in 231 bytes (1 switches on core 0)
2026-07-15 06:05:26.069 7 INFO placement.requestlog [req-5c1e45d4-0faa-4d6a-a79c-d4db77be0eb0 req-7472de16-7a18-47ac-8dc5-53cf376dd46f fb6df098899648b5a0818a96f606711d 642a17d38a284a24b594effabaf0fd35 - - 2d0863a0ba5346be999fbb03d6fa654f 2d0863a0ba5346be999fbb03d6fa654f] 10.0.0.230 "GET /allocation_candidates?limit=1000&resources=DISK_GB%3A1%2CMEMORY_MB%3A512%2CVCPU%3A1&root_required=%21COMPUTE_STATUS_DISABLED" status: 200 len: 2150 microversion: 1.36 [pid: 7|app: 0|req: 328/652] 10.0.0.230 () {34 vars in 1011 bytes} [Wed Jul 15 06:05:26 2026] GET /allocation_candidates?limit=1000&resources=DISK_GB%3A1%2CMEMORY_MB%3A512%2CVCPU%3A1&root_required=%21COMPUTE_STATUS_DISABLED => generated 2150 bytes in 54 msecs (HTTP/1.1 200) 8 headers in 297 bytes (1 switches on core 0)
2026-07-15 06:05:26.108 8 INFO placement.requestlog [req-5c1e45d4-0faa-4d6a-a79c-d4db77be0eb0 req-f12244ab-f23e-45e5-813d-7abbfa6444c7 fb6df098899648b5a0818a96f606711d 642a17d38a284a24b594effabaf0fd35 - - 2d0863a0ba5346be999fbb03d6fa654f 2d0863a0ba5346be999fbb03d6fa654f] 10.0.0.230 "GET /allocations/9c14f1bf-5b61-4316-a94b-03070fd75055" status: 200 len: 19 microversion: 1.28 [pid: 8|app: 0|req: 325/653] 10.0.0.230 () {34 vars in 860 bytes} [Wed Jul 15 06:05:26 2026] GET /allocations/9c14f1bf-5b61-4316-a94b-03070fd75055 => generated 19 bytes in 15 msecs (HTTP/1.1 200) 8 headers in 295 bytes (1 switches on core 0)
2026-07-15 06:05:26.181 7 INFO placement.requestlog [req-5c1e45d4-0faa-4d6a-a79c-d4db77be0eb0 req-b1c2e31c-6a8d-4fa9-beba-a945d0330201 fb6df098899648b5a0818a96f606711d 642a17d38a284a24b594effabaf0fd35 - - 2d0863a0ba5346be999fbb03d6fa654f 2d0863a0ba5346be999fbb03d6fa654f] 10.0.0.230 "PUT /allocations/9c14f1bf-5b61-4316-a94b-03070fd75055" status: 204 len: 0 microversion: 1.36 [pid: 7|app: 0|req: 329/654] 10.0.0.230 () {38 vars in 913 bytes} [Wed Jul 15 06:05:26 2026] PUT /allocations/9c14f1bf-5b61-4316-a94b-03070fd75055 => generated 0 bytes in 63 msecs (HTTP/1.1 204) 5 headers in 199 bytes (1 switches on core 0)
2026-07-15 06:05:26.457 8 INFO placement.requestlog [req-5c1e45d4-0faa-4d6a-a79c-d4db77be0eb0 req-876caf22-0286-41f8-b526-ef0dea828f55 fb6df098899648b5a0818a96f606711d 642a17d38a284a24b594effabaf0fd35 - - 2d0863a0ba5346be999fbb03d6fa654f 2d0863a0ba5346be999fbb03d6fa654f] 199.204.45.153 "GET /allocations/9c14f1bf-5b61-4316-a94b-03070fd75055" status: 200 len: 257 microversion: 1.28 [pid: 8|app: 0|req: 326/655] 199.204.45.153 () {34 vars in 862 bytes} [Wed Jul 15 06:05:26 2026] GET /allocations/9c14f1bf-5b61-4316-a94b-03070fd75055 => generated 257 bytes in 18 msecs (HTTP/1.1 200) 8 headers in 296 bytes (1 switches on core 0)
2026-07-15 06:05:26.579 7 INFO placement.requestlog [req-5c1e45d4-0faa-4d6a-a79c-d4db77be0eb0 req-39d965c5-6edd-4893-8598-0f241c8aa621 fb6df098899648b5a0818a96f606711d 642a17d38a284a24b594effabaf0fd35 - - 2d0863a0ba5346be999fbb03d6fa654f 2d0863a0ba5346be999fbb03d6fa654f] 199.204.45.153 "GET /resource_providers/5b95dfcc-e33e-48c7-87e2-1916c4922b25/allocations" status: 200 len: 352 microversion: 1.0 [pid: 7|app: 0|req: 330/656] 199.204.45.153 () {32 vars in 856 bytes} [Wed Jul 15 06:05:26 2026] GET /resource_providers/5b95dfcc-e33e-48c7-87e2-1916c4922b25/allocations => generated 352 bytes in 21 msecs (HTTP/1.1 200) 6 headers in 224 bytes (1 switches on core 0)
2026-07-15 06:05:26.606 8 INFO placement.requestlog [req-5c1e45d4-0faa-4d6a-a79c-d4db77be0eb0 req-288a567b-818d-4350-ba32-5fdf3ad94d39 fb6df098899648b5a0818a96f606711d 642a17d38a284a24b594effabaf0fd35 - - 2d0863a0ba5346be999fbb03d6fa654f 2d0863a0ba5346be999fbb03d6fa654f] 199.204.45.153 "GET /allocations/9c14f1bf-5b61-4316-a94b-03070fd75055" status: 200 len: 257 microversion: 1.28 [pid: 8|app: 0|req: 327/657] 199.204.45.153 () {34 vars in 862 bytes} [Wed Jul 15 06:05:26 2026] GET /allocations/9c14f1bf-5b61-4316-a94b-03070fd75055 => generated 257 bytes in 17 msecs (HTTP/1.1 200) 8 headers in 296 bytes (1 switches on core 0)
2026-07-15 06:05:26.644 7 INFO placement.requestlog [req-5c1e45d4-0faa-4d6a-a79c-d4db77be0eb0 req-18f035c4-7ee8-4fd9-8b8d-6b19e89675f3 fb6df098899648b5a0818a96f606711d 642a17d38a284a24b594effabaf0fd35 - - 2d0863a0ba5346be999fbb03d6fa654f 2d0863a0ba5346be999fbb03d6fa654f] 199.204.45.153 "GET /allocations/5a3a4d01-1a58-4485-bf80-6dfcf2e670c9" status: 200 len: 257 microversion: 1.28 [pid: 7|app: 0|req: 331/658] 199.204.45.153 () {34 vars in 862 bytes} [Wed Jul 15 06:05:26 2026] GET /allocations/5a3a4d01-1a58-4485-bf80-6dfcf2e670c9 => generated 257 bytes in 23 msecs (HTTP/1.1 200) 8 headers in 296 bytes (1 switches on core 0)
2026-07-15 06:05:26.678 8 INFO placement.requestlog [req-5c1e45d4-0faa-4d6a-a79c-d4db77be0eb0 req-62b87759-8bdd-42de-8699-c006e8ad527c fb6df098899648b5a0818a96f606711d 642a17d38a284a24b594effabaf0fd35 - - 2d0863a0ba5346be999fbb03d6fa654f 2d0863a0ba5346be999fbb03d6fa654f] 199.204.45.153 "GET /allocations/eb3b806b-6c3a-43a4-8a80-a596d4aec969" status: 200 len: 257 microversion: 1.28 [pid: 8|app: 0|req: 328/659] 199.204.45.153 () {34 vars in 862 bytes} [Wed Jul 15 06:05:26 2026] GET /allocations/eb3b806b-6c3a-43a4-8a80-a596d4aec969 => generated 257 bytes in 20 msecs (HTTP/1.1 200) 8 headers in 296 bytes (1 switches on core 0)
2026-07-15 06:05:28.285 7 INFO placement.requestlog [None req-ffcd2b91-8f68-44dd-bdbf-e7ee85b4237d - - - - - -] 10.0.0.240 "GET /" status: 200 len: 136 microversion: 1.0
2026-07-15 06:05:28.286 8 INFO placement.requestlog [None req-ff666dff-8d2c-4385-9897-4f16c896469b - - - - - -] 10.0.0.240 "GET /" status: 200 len: 136 microversion: 1.0
2026-07-15 06:05:28.402 7 INFO placement.requestlog [req-8730fd46-1ec6-4845-a68f-04616985a963 req-324e3c79-e706-4ea9-b707-7b24cda1028c fb6df098899648b5a0818a96f606711d 642a17d38a284a24b594effabaf0fd35 - - 2d0863a0ba5346be999fbb03d6fa654f 2d0863a0ba5346be999fbb03d6fa654f] 199.204.45.153 "GET /resource_providers/5b95dfcc-e33e-48c7-87e2-1916c4922b25/allocations" status: 200 len: 352 microversion: 1.0 [pid: 7|app: 0|req: 333/662] 199.204.45.153 () {32 vars in 856 bytes} [Wed Jul 15 06:05:28 2026] GET /resource_providers/5b95dfcc-e33e-48c7-87e2-1916c4922b25/allocations => generated 352 bytes in 18 msecs (HTTP/1.1 200) 6 headers in 224 bytes (1 switches on core 0)
2026-07-15 06:05:28.430 8 INFO placement.requestlog [req-8730fd46-1ec6-4845-a68f-04616985a963 req-9ef5f93c-db74-4e84-99f9-5f565fbfdaeb fb6df098899648b5a0818a96f606711d 642a17d38a284a24b594effabaf0fd35 - - 2d0863a0ba5346be999fbb03d6fa654f 2d0863a0ba5346be999fbb03d6fa654f] 199.204.45.153 "GET /allocations/9c14f1bf-5b61-4316-a94b-03070fd75055" status: 200 len: 257 microversion: 1.28 [pid: 8|app: 0|req: 330/663] 199.204.45.153 () {34 vars in 862 bytes} [Wed Jul 15 06:05:28 2026] GET /allocations/9c14f1bf-5b61-4316-a94b-03070fd75055 => generated 257 bytes in 17 msecs (HTTP/1.1 200) 8 headers in 296 bytes (1 switches on core 0)
2026-07-15 06:05:28.452 7 INFO placement.requestlog [req-8730fd46-1ec6-4845-a68f-04616985a963 req-ab61ad0b-0553-4e42-b346-51609fb9fa0e fb6df098899648b5a0818a96f606711d 642a17d38a284a24b594effabaf0fd35 - - 2d0863a0ba5346be999fbb03d6fa654f 2d0863a0ba5346be999fbb03d6fa654f] 199.204.45.153 "GET /allocations/5a3a4d01-1a58-4485-bf80-6dfcf2e670c9" status: 200 len: 257 microversion: 1.28 [pid: 7|app: 0|req: 334/664] 199.204.45.153 () {34 vars in 862 bytes} [Wed Jul 15 06:05:28 2026] GET /allocations/5a3a4d01-1a58-4485-bf80-6dfcf2e670c9 => generated 257 bytes in 14 msecs (HTTP/1.1 200) 8 headers in 296 bytes (1 switches on core 0)
2026-07-15 06:05:28.469 8 INFO placement.requestlog [req-8730fd46-1ec6-4845-a68f-04616985a963 req-0b9e52d9-2b00-4fca-a72b-f8152299c31c fb6df098899648b5a0818a96f606711d 642a17d38a284a24b594effabaf0fd35 - - 2d0863a0ba5346be999fbb03d6fa654f 2d0863a0ba5346be999fbb03d6fa654f] 199.204.45.153 "GET /allocations/eb3b806b-6c3a-43a4-8a80-a596d4aec969" status: 200 len: 257 microversion: 1.28 [pid: 8|app: 0|req: 331/665] 199.204.45.153 () {34 vars in 862 bytes} [Wed Jul 15 06:05:28 2026] GET /allocations/eb3b806b-6c3a-43a4-8a80-a596d4aec969 => generated 257 bytes in 11 msecs (HTTP/1.1 200) 8 headers in 296 bytes (1 switches on core 0)
2026-07-15 06:05:28.542 7 INFO placement.requestlog [req-8730fd46-1ec6-4845-a68f-04616985a963 req-1247544e-d665-4486-8fb8-fa2f4b773a42 fb6df098899648b5a0818a96f606711d 642a17d38a284a24b594effabaf0fd35 - - 2d0863a0ba5346be999fbb03d6fa654f 2d0863a0ba5346be999fbb03d6fa654f] 199.204.45.153 "DELETE /allocations/eb3b806b-6c3a-43a4-8a80-a596d4aec969" status: 204 len: 0 microversion: 1.0 [pid: 7|app: 0|req: 335/666] 199.204.45.153 () {34 vars in 840 bytes} [Wed Jul 15 06:05:28 2026] DELETE /allocations/eb3b806b-6c3a-43a4-8a80-a596d4aec969 => generated 0 bytes in 26 msecs (HTTP/1.1 204) 5 headers in 198 bytes (1 switches on core 0)
2026-07-15 06:05:33.266 7 INFO placement.requestlog [None req-98ba3287-5952-4ee2-b8fe-5d063849527b 5ddb7c26a91f4aee83815da130d7fc8c 642a17d38a284a24b594effabaf0fd35 - - 2d0863a0ba5346be999fbb03d6fa654f 2d0863a0ba5346be999fbb03d6fa654f] 10.0.0.31 "GET /resource_providers/ce631b29-f8c3-41fc-821d-39bad7c92fbe/aggregates" status: 404 len: 235 microversion: 1.1 [pid: 7|app: 0|req: 336/667] 10.0.0.31 () {32 vars in 823 bytes} [Wed Jul 15 06:05:33 2026] GET /resource_providers/ce631b29-f8c3-41fc-821d-39bad7c92fbe/aggregates => generated 235 bytes in 15 msecs (HTTP/1.1 404) 5 headers in 202 bytes (1 switches on core 0)
2026-07-15 06:05:33.268 8 INFO placement.requestlog [None req-0b470a9a-4174-490e-8b3b-ce642a6d655c 5ddb7c26a91f4aee83815da130d7fc8c 642a17d38a284a24b594effabaf0fd35 - - 2d0863a0ba5346be999fbb03d6fa654f 2d0863a0ba5346be999fbb03d6fa654f] 10.0.0.31 "GET /resource_providers/ce631b29-f8c3-41fc-821d-39bad7c92fbe/aggregates" status: 404 len: 235 microversion: 1.1 [pid: 8|app: 0|req: 332/668] 10.0.0.31 () {32 vars in 823 bytes} [Wed Jul 15 06:05:33 2026] GET /resource_providers/ce631b29-f8c3-41fc-821d-39bad7c92fbe/aggregates => generated 235 bytes in 18 msecs (HTTP/1.1 404) 5 headers in 202 bytes (1 switches on core 0)
2026-07-15 06:05:33.289 7 INFO placement.requestlog [None req-45700c71-6f7c-45c5-aad2-6a61c4454a14 5ddb7c26a91f4aee83815da130d7fc8c 642a17d38a284a24b594effabaf0fd35 - - 2d0863a0ba5346be999fbb03d6fa654f 2d0863a0ba5346be999fbb03d6fa654f] 10.0.0.31 "DELETE /resource_providers/ce631b29-f8c3-41fc-821d-39bad7c92fbe" status: 404 len: 246 microversion: 1.1 [pid: 7|app: 0|req: 337/669] 10.0.0.31 () {34 vars in 823 bytes} [Wed Jul 15 06:05:33 2026] DELETE /resource_providers/ce631b29-f8c3-41fc-821d-39bad7c92fbe => generated 246 bytes in 12 msecs (HTTP/1.1 404) 6 headers in 231 bytes (1 switches on core 0)
2026-07-15 06:05:33.291 8 INFO placement.requestlog [None req-5bf97228-686b-47d1-a82c-2e86f9d1d8db 5ddb7c26a91f4aee83815da130d7fc8c 642a17d38a284a24b594effabaf0fd35 - - 2d0863a0ba5346be999fbb03d6fa654f 2d0863a0ba5346be999fbb03d6fa654f] 10.0.0.31 "DELETE /resource_providers/ce631b29-f8c3-41fc-821d-39bad7c92fbe" status: 404 len: 246 microversion: 1.1 [pid: 8|app: 0|req: 333/670] 10.0.0.31 () {34 vars in 823 bytes} [Wed Jul 15 06:05:33 2026] DELETE /resource_providers/ce631b29-f8c3-41fc-821d-39bad7c92fbe => generated 246 bytes in 13 msecs (HTTP/1.1 404) 6 headers in 231 bytes (1 switches on core 0)
2026-07-15 06:05:38.285 7 INFO placement.requestlog [None req-77129730-57fc-428c-a6d8-d473a030f7cc - - - - - -] 10.0.0.240 "GET /" status: 200 len: 136 microversion: 1.0
2026-07-15 06:05:38.286 8 INFO placement.requestlog [None req-5598dc7b-041a-4be4-bbd3-71705740f421 - - - - - -] 10.0.0.240 "GET /" status: 200 len: 136 microversion: 1.0
2026-07-15 06:05:42.411 7 INFO placement.requestlog [req-01227880-8ca0-441d-8522-8ee4c6187024 req-a5318219-a2cb-405a-9257-48c11ce32194 fb6df098899648b5a0818a96f606711d 642a17d38a284a24b594effabaf0fd35 - - 2d0863a0ba5346be999fbb03d6fa654f 2d0863a0ba5346be999fbb03d6fa654f] 10.0.0.230 "GET /allocation_candidates?limit=1000&resources=DISK_GB%3A1%2CMEMORY_MB%3A512%2CVCPU%3A1&root_required=%21COMPUTE_STATUS_DISABLED" status: 200 len: 2150 microversion: 1.36 [pid: 7|app: 0|req: 339/673] 10.0.0.230 () {34 vars in 1011 bytes} [Wed Jul 15 06:05:42 2026] GET /allocation_candidates?limit=1000&resources=DISK_GB%3A1%2CMEMORY_MB%3A512%2CVCPU%3A1&root_required=%21COMPUTE_STATUS_DISABLED => generated 2150 bytes in 60 msecs (HTTP/1.1 200) 8 headers in 297 bytes (1 switches on core 0)
2026-07-15 06:05:42.444 8 INFO placement.requestlog [req-01227880-8ca0-441d-8522-8ee4c6187024 req-ba9422c6-2031-4c14-85c7-84a10c453e3d fb6df098899648b5a0818a96f606711d 642a17d38a284a24b594effabaf0fd35 - - 2d0863a0ba5346be999fbb03d6fa654f 2d0863a0ba5346be999fbb03d6fa654f] 10.0.0.230 "GET /allocations/f8ce562f-3279-46ee-8112-56b161fd3ac7" status: 200 len: 19 microversion: 1.28 [pid: 8|app: 0|req: 335/674] 10.0.0.230 () {34 vars in 860 bytes} [Wed Jul 15 06:05:42 2026] GET /allocations/f8ce562f-3279-46ee-8112-56b161fd3ac7 => generated 19 bytes in 15 msecs (HTTP/1.1 200) 8 headers in 295 bytes (1 switches on core 0)
2026-07-15 06:05:42.515 7 INFO placement.requestlog [req-01227880-8ca0-441d-8522-8ee4c6187024 req-29fc75b1-bdbe-4e65-8f9b-fcde5f4f1445 fb6df098899648b5a0818a96f606711d 642a17d38a284a24b594effabaf0fd35 - - 2d0863a0ba5346be999fbb03d6fa654f 2d0863a0ba5346be999fbb03d6fa654f] 10.0.0.230 "PUT /allocations/f8ce562f-3279-46ee-8112-56b161fd3ac7" status: 204 len: 0 microversion: 1.36 [pid: 7|app: 0|req: 340/675] 10.0.0.230 () {38 vars in 913 bytes} [Wed Jul 15 06:05:42 2026] PUT /allocations/f8ce562f-3279-46ee-8112-56b161fd3ac7 => generated 0 bytes in 64 msecs (HTTP/1.1 204) 5 headers in 199 bytes (1 switches on core 0)
2026-07-15 06:05:42.757 8 INFO placement.requestlog [req-01227880-8ca0-441d-8522-8ee4c6187024 req-eceab498-4445-4e52-bfe0-685b4d39e170 fb6df098899648b5a0818a96f606711d 642a17d38a284a24b594effabaf0fd35 - - 2d0863a0ba5346be999fbb03d6fa654f 2d0863a0ba5346be999fbb03d6fa654f] 199.204.45.153 "GET /allocations/f8ce562f-3279-46ee-8112-56b161fd3ac7" status: 200 len: 257 microversion: 1.28 [pid: 8|app: 0|req: 336/676] 199.204.45.153 () {34 vars in 862 bytes} [Wed Jul 15 06:05:42 2026] GET /allocations/f8ce562f-3279-46ee-8112-56b161fd3ac7 => generated 257 bytes in 21 msecs (HTTP/1.1 200) 8 headers in 296 bytes (1 switches on core 0)
2026-07-15 06:05:42.866 7 INFO placement.requestlog [req-01227880-8ca0-441d-8522-8ee4c6187024 req-9ec4265d-1c46-4766-a354-44e2e99b99df fb6df098899648b5a0818a96f606711d 642a17d38a284a24b594effabaf0fd35 - - 2d0863a0ba5346be999fbb03d6fa654f 2d0863a0ba5346be999fbb03d6fa654f] 199.204.45.153 "GET /resource_providers/5b95dfcc-e33e-48c7-87e2-1916c4922b25/allocations" status: 200 len: 352 microversion: 1.0 [pid: 7|app: 0|req: 341/677] 199.204.45.153 () {32 vars in 856 bytes} [Wed Jul 15 06:05:42 2026] GET /resource_providers/5b95dfcc-e33e-48c7-87e2-1916c4922b25/allocations => generated 352 bytes in 17 msecs (HTTP/1.1 200) 6 headers in 224 bytes (1 switches on core 0)
2026-07-15 06:05:42.896 8 INFO placement.requestlog [req-01227880-8ca0-441d-8522-8ee4c6187024 req-dc06c15d-fefc-40ce-bbf2-e50aa2aeb273 fb6df098899648b5a0818a96f606711d 642a17d38a284a24b594effabaf0fd35 - - 2d0863a0ba5346be999fbb03d6fa654f 2d0863a0ba5346be999fbb03d6fa654f] 199.204.45.153 "GET /allocations/9c14f1bf-5b61-4316-a94b-03070fd75055" status: 200 len: 257 microversion: 1.28 [pid: 8|app: 0|req: 337/678] 199.204.45.153 () {34 vars in 862 bytes} [Wed Jul 15 06:05:42 2026] GET /allocations/9c14f1bf-5b61-4316-a94b-03070fd75055 => generated 257 bytes in 24 msecs (HTTP/1.1 200) 8 headers in 296 bytes (1 switches on core 0)
2026-07-15 06:05:42.932 7 INFO placement.requestlog [req-01227880-8ca0-441d-8522-8ee4c6187024 req-41eba33f-5bf5-44dc-b6d3-c72c1dd1741d fb6df098899648b5a0818a96f606711d 642a17d38a284a24b594effabaf0fd35 - - 2d0863a0ba5346be999fbb03d6fa654f 2d0863a0ba5346be999fbb03d6fa654f] 199.204.45.153 "GET /allocations/5a3a4d01-1a58-4485-bf80-6dfcf2e670c9" status: 200 len: 257 microversion: 1.28 [pid: 7|app: 0|req: 342/679] 199.204.45.153 () {34 vars in 862 bytes} [Wed Jul 15 06:05:42 2026] GET /allocations/5a3a4d01-1a58-4485-bf80-6dfcf2e670c9 => generated 257 bytes in 30 msecs (HTTP/1.1 200) 8 headers in 296 bytes (1 switches on core 0)
2026-07-15 06:05:42.959 8 INFO placement.requestlog [req-01227880-8ca0-441d-8522-8ee4c6187024 req-8f664746-5dde-408c-9ce6-c17512c9804c fb6df098899648b5a0818a96f606711d 642a17d38a284a24b594effabaf0fd35 - - 2d0863a0ba5346be999fbb03d6fa654f 2d0863a0ba5346be999fbb03d6fa654f] 199.204.45.153 "GET /allocations/f8ce562f-3279-46ee-8112-56b161fd3ac7" status: 200 len: 257 microversion: 1.28 [pid: 8|app: 0|req: 338/680] 199.204.45.153 () {34 vars in 862 bytes} [Wed Jul 15 06:05:42 2026] GET /allocations/f8ce562f-3279-46ee-8112-56b161fd3ac7 => generated 257 bytes in 16 msecs (HTTP/1.1 200) 8 headers in 296 bytes (1 switches on core 0)
