2026-06-08 23:28:32.014 8 INFO cinder.api.openstack.wsgi [None req-e2e399f5-2a3d-4076-bd45-aba630f0606c a256dd47f652479d96cb7d21b1d9bdc3 c1229152bb184ab79a0a773b66ed1c8d - - default default] GET http://cinder-api.openstack.svc.cluster.local:8776/v3/c1229152bb184ab79a0a773b66ed1c8d/volumes/d075b52f-510f-4bab-ac3a-0030b3a113a8 /var/lib/openstack/lib/python3.12/site-packages/oslo_context/context.py:100: DeprecationWarning: Policy enforcement is depending on the value of is_admin. This key is deprecated. Please update your policy file to use the standard policy values. warnings.warn('Policy enforcement is depending on the value of '
2026-06-08 23:28:32.043 8 INFO cinder.volume.api [None req-e2e399f5-2a3d-4076-bd45-aba630f0606c a256dd47f652479d96cb7d21b1d9bdc3 c1229152bb184ab79a0a773b66ed1c8d - - default default] Volume info retrieved successfully.
2026-06-08 23:28:32.051 8 INFO cinder.api.openstack.wsgi [None req-e2e399f5-2a3d-4076-bd45-aba630f0606c a256dd47f652479d96cb7d21b1d9bdc3 c1229152bb184ab79a0a773b66ed1c8d - - default default] http://cinder-api.openstack.svc.cluster.local:8776/v3/c1229152bb184ab79a0a773b66ed1c8d/volumes/d075b52f-510f-4bab-ac3a-0030b3a113a8 returned with HTTP 200 [pid: 8|app: 0|req: 407/821] 10.0.0.100 () {32 vars in 775 bytes} [Mon Jun 8 23:28:32 2026] GET /v3/c1229152bb184ab79a0a773b66ed1c8d/volumes/d075b52f-510f-4bab-ac3a-0030b3a113a8 => generated 967 bytes in 44 msecs (HTTP/1.1 200) 7 headers in 285 bytes (1 switches on core 0) /var/lib/openstack/lib/python3.12/site-packages/pycadf/identifier.py:70: UserWarning: Invalid uuid: cinderv3. To ensure interoperability, identifiers should be a valid uuid. warnings.warn(('Invalid uuid: %s. To ensure interoperability, '
2026-06-08 23:28:33.079 7 INFO cinder.api.openstack.wsgi [None req-db16c82a-b3f5-4064-9c52-8b63d51e3e5b a256dd47f652479d96cb7d21b1d9bdc3 c1229152bb184ab79a0a773b66ed1c8d - - default default] GET http://cinder-api.openstack.svc.cluster.local:8776/v3/c1229152bb184ab79a0a773b66ed1c8d/volumes/d075b52f-510f-4bab-ac3a-0030b3a113a8
2026-06-08 23:28:33.091 7 INFO cinder.api.openstack.wsgi [None req-db16c82a-b3f5-4064-9c52-8b63d51e3e5b a256dd47f652479d96cb7d21b1d9bdc3 c1229152bb184ab79a0a773b66ed1c8d - - default default] http://cinder-api.openstack.svc.cluster.local:8776/v3/c1229152bb184ab79a0a773b66ed1c8d/volumes/d075b52f-510f-4bab-ac3a-0030b3a113a8 returned with HTTP 404 [pid: 7|app: 0|req: 415/822] 10.0.0.100 () {32 vars in 775 bytes} [Mon Jun 8 23:28:33 2026] GET /v3/c1229152bb184ab79a0a773b66ed1c8d/volumes/d075b52f-510f-4bab-ac3a-0030b3a113a8 => generated 109 bytes in 20 msecs (HTTP/1.1 404) 7 headers in 292 bytes (1 switches on core 0) /var/lib/openstack/lib/python3.12/site-packages/pycadf/identifier.py:70: UserWarning: Invalid uuid: cinderv3. To ensure interoperability, identifiers should be a valid uuid. warnings.warn(('Invalid uuid: %s. To ensure interoperability, '
2026-06-08 23:28:35.648 8 INFO cinder.api.openstack.wsgi [None req-188481fb-0572-44ca-83e6-3f58a6bd0496 3c3b2980d8f8426cb467e7161ee463f1 a47a5ac669a843aa9eb6a798a6339b4e - - default default] GET http://cinder-api.openstack.svc.cluster.local:8776/v3/a47a5ac669a843aa9eb6a798a6339b4e/volumes/detail?all_tenants=true
2026-06-08 23:28:35.664 8 INFO cinder.volume.api [None req-188481fb-0572-44ca-83e6-3f58a6bd0496 3c3b2980d8f8426cb467e7161ee463f1 a47a5ac669a843aa9eb6a798a6339b4e - - default default] Get all volumes completed successfully.
2026-06-08 23:28:35.666 8 INFO cinder.api.openstack.wsgi [None req-188481fb-0572-44ca-83e6-3f58a6bd0496 3c3b2980d8f8426cb467e7161ee463f1 a47a5ac669a843aa9eb6a798a6339b4e - - default default] http://cinder-api.openstack.svc.cluster.local:8776/v3/a47a5ac669a843aa9eb6a798a6339b4e/volumes/detail?all_tenants=true returned with HTTP 200 [pid: 8|app: 0|req: 408/823] 10.0.0.135 () {28 vars in 684 bytes} [Mon Jun 8 23:28:35 2026] GET /v3/a47a5ac669a843aa9eb6a798a6339b4e/volumes/detail?all_tenants=true => generated 15 bytes in 122 msecs (HTTP/1.1 200) 7 headers in 284 bytes (1 switches on core 0)
2026-06-08 23:28:35.680 7 INFO cinder.api.openstack.wsgi [None req-39a331b6-e1e8-404c-a3dd-fa9e3c318d90 3c3b2980d8f8426cb467e7161ee463f1 a47a5ac669a843aa9eb6a798a6339b4e - - default default] GET http://cinder-api.openstack.svc.cluster.local:8776/v3/a47a5ac669a843aa9eb6a798a6339b4e/volumes/detail?all_tenants=true
2026-06-08 23:28:35.692 7 INFO cinder.volume.api [None req-39a331b6-e1e8-404c-a3dd-fa9e3c318d90 3c3b2980d8f8426cb467e7161ee463f1 a47a5ac669a843aa9eb6a798a6339b4e - - default default] Get all volumes completed successfully.
2026-06-08 23:28:35.694 7 INFO cinder.api.openstack.wsgi [None req-39a331b6-e1e8-404c-a3dd-fa9e3c318d90 3c3b2980d8f8426cb467e7161ee463f1 a47a5ac669a843aa9eb6a798a6339b4e - - default default] http://cinder-api.openstack.svc.cluster.local:8776/v3/a47a5ac669a843aa9eb6a798a6339b4e/volumes/detail?all_tenants=true returned with HTTP 200 [pid: 7|app: 0|req: 416/824] 10.0.0.135 () {28 vars in 684 bytes} [Mon Jun 8 23:28:35 2026] GET /v3/a47a5ac669a843aa9eb6a798a6339b4e/volumes/detail?all_tenants=true => generated 15 bytes in 19 msecs (HTTP/1.1 200) 7 headers in 284 bytes (1 switches on core 0)
2026-06-08 23:28:35.705 8 INFO cinder.api.openstack.wsgi [None req-f8d7a5d1-326d-4ab0-b374-a0173eccaf0c 3c3b2980d8f8426cb467e7161ee463f1 a47a5ac669a843aa9eb6a798a6339b4e - - default default] GET http://cinder-api.openstack.svc.cluster.local:8776/v3/a47a5ac669a843aa9eb6a798a6339b4e/os-services
2026-06-08 23:28:35.710 8 INFO cinder.api.openstack.wsgi [None req-f8d7a5d1-326d-4ab0-b374-a0173eccaf0c 3c3b2980d8f8426cb467e7161ee463f1 a47a5ac669a843aa9eb6a798a6339b4e - - default default] http://cinder-api.openstack.svc.cluster.local:8776/v3/a47a5ac669a843aa9eb6a798a6339b4e/os-services returned with HTTP 200 [pid: 8|app: 0|req: 409/825] 10.0.0.135 () {28 vars in 645 bytes} [Mon Jun 8 23:28:35 2026] GET /v3/a47a5ac669a843aa9eb6a798a6339b4e/os-services => generated 646 bytes in 11 msecs (HTTP/1.1 200) 7 headers in 285 bytes (1 switches on core 0)
2026-06-08 23:28:35.719 7 INFO cinder.api.openstack.wsgi [None req-b07af0fa-901a-4d47-9c2c-dfdaf791304a 3c3b2980d8f8426cb467e7161ee463f1 a47a5ac669a843aa9eb6a798a6339b4e - - default default] GET http://cinder-api.openstack.svc.cluster.local:8776/v3/a47a5ac669a843aa9eb6a798a6339b4e/scheduler-stats/get_pools?detail=true
2026-06-08 23:28:36.222 7 INFO cinder.api.openstack.wsgi [None req-b07af0fa-901a-4d47-9c2c-dfdaf791304a 3c3b2980d8f8426cb467e7161ee463f1 a47a5ac669a843aa9eb6a798a6339b4e - - default default] http://cinder-api.openstack.svc.cluster.local:8776/v3/a47a5ac669a843aa9eb6a798a6339b4e/scheduler-stats/get_pools?detail=true returned with HTTP 200 [pid: 7|app: 0|req: 417/826] 10.0.0.135 () {28 vars in 696 bytes} [Mon Jun 8 23:28:35 2026] GET /v3/a47a5ac669a843aa9eb6a798a6339b4e/scheduler-stats/get_pools?detail=true => generated 670 bytes in 509 msecs (HTTP/1.1 200) 7 headers in 285 bytes (1 switches on core 0)
2026-06-08 23:28:36.347 8 INFO cinder.api.openstack.wsgi [None req-d76b68bc-905b-469c-b2d4-2d91d05c7bfa 3c3b2980d8f8426cb467e7161ee463f1 a47a5ac669a843aa9eb6a798a6339b4e - - default default] GET http://cinder-api.openstack.svc.cluster.local:8776/v3/a47a5ac669a843aa9eb6a798a6339b4e/os-quota-sets/03dbe92460194da2a69ce73c5033761a?usage=true
2026-06-08 23:28:36.370 8 INFO cinder.api.openstack.wsgi [None req-d76b68bc-905b-469c-b2d4-2d91d05c7bfa 3c3b2980d8f8426cb467e7161ee463f1 a47a5ac669a843aa9eb6a798a6339b4e - - default default] http://cinder-api.openstack.svc.cluster.local:8776/v3/a47a5ac669a843aa9eb6a798a6339b4e/os-quota-sets/03dbe92460194da2a69ce73c5033761a?usage=true returned with HTTP 200 [pid: 8|app: 0|req: 410/827] 10.0.0.135 () {28 vars in 736 bytes} [Mon Jun 8 23:28:36 2026] GET /v3/a47a5ac669a843aa9eb6a798a6339b4e/os-quota-sets/03dbe92460194da2a69ce73c5033761a?usage=true => generated 847 bytes in 31 msecs (HTTP/1.1 200) 7 headers in 285 bytes (1 switches on core 0)
2026-06-08 23:28:36.381 7 INFO cinder.api.openstack.wsgi [None req-77f1c66e-909a-4886-9ea7-e8c19fe5cf04 3c3b2980d8f8426cb467e7161ee463f1 a47a5ac669a843aa9eb6a798a6339b4e - - default default] GET http://cinder-api.openstack.svc.cluster.local:8776/v3/a47a5ac669a843aa9eb6a798a6339b4e/os-quota-sets/451425d300114c77a452aa2a4993975e?usage=true
2026-06-08 23:28:36.402 7 INFO cinder.api.openstack.wsgi [None req-77f1c66e-909a-4886-9ea7-e8c19fe5cf04 3c3b2980d8f8426cb467e7161ee463f1 a47a5ac669a843aa9eb6a798a6339b4e - - default default] http://cinder-api.openstack.svc.cluster.local:8776/v3/a47a5ac669a843aa9eb6a798a6339b4e/os-quota-sets/451425d300114c77a452aa2a4993975e?usage=true returned with HTTP 200 [pid: 7|app: 0|req: 418/828] 10.0.0.135 () {28 vars in 736 bytes} [Mon Jun 8 23:28:36 2026] GET /v3/a47a5ac669a843aa9eb6a798a6339b4e/os-quota-sets/451425d300114c77a452aa2a4993975e?usage=true => generated 847 bytes in 27 msecs (HTTP/1.1 200) 7 headers in 285 bytes (1 switches on core 0)
2026-06-08 23:28:36.419 8 INFO cinder.api.openstack.wsgi [None req-bcc45a55-f2a6-444a-80ae-e3df610f511d 3c3b2980d8f8426cb467e7161ee463f1 a47a5ac669a843aa9eb6a798a6339b4e - - default default] GET http://cinder-api.openstack.svc.cluster.local:8776/v3/a47a5ac669a843aa9eb6a798a6339b4e/os-quota-sets/5b961c7e8d984bfe822c737eef1056b2?usage=true
2026-06-08 23:28:36.458 8 INFO cinder.api.openstack.wsgi [None req-bcc45a55-f2a6-444a-80ae-e3df610f511d 3c3b2980d8f8426cb467e7161ee463f1 a47a5ac669a843aa9eb6a798a6339b4e - - default default] http://cinder-api.openstack.svc.cluster.local:8776/v3/a47a5ac669a843aa9eb6a798a6339b4e/os-quota-sets/5b961c7e8d984bfe822c737eef1056b2?usage=true returned with HTTP 200 [pid: 8|app: 0|req: 411/829] 10.0.0.135 () {28 vars in 736 bytes} [Mon Jun 8 23:28:36 2026] GET /v3/a47a5ac669a843aa9eb6a798a6339b4e/os-quota-sets/5b961c7e8d984bfe822c737eef1056b2?usage=true => generated 845 bytes in 48 msecs (HTTP/1.1 200) 7 headers in 285 bytes (1 switches on core 0)
2026-06-08 23:28:36.470 7 INFO cinder.api.openstack.wsgi [None req-d2c5a7b8-204c-4235-ae03-d51add62cf70 3c3b2980d8f8426cb467e7161ee463f1 a47a5ac669a843aa9eb6a798a6339b4e - - default default] GET http://cinder-api.openstack.svc.cluster.local:8776/v3/a47a5ac669a843aa9eb6a798a6339b4e/os-quota-sets/6ca4dce5ae484b70bdc3e945207e3784?usage=true
2026-06-08 23:28:36.513 7 INFO cinder.api.openstack.wsgi [None req-d2c5a7b8-204c-4235-ae03-d51add62cf70 3c3b2980d8f8426cb467e7161ee463f1 a47a5ac669a843aa9eb6a798a6339b4e - - default default] http://cinder-api.openstack.svc.cluster.local:8776/v3/a47a5ac669a843aa9eb6a798a6339b4e/os-quota-sets/6ca4dce5ae484b70bdc3e945207e3784?usage=true returned with HTTP 200 [pid: 7|app: 0|req: 419/830] 10.0.0.135 () {28 vars in 736 bytes} [Mon Jun 8 23:28:36 2026] GET /v3/a47a5ac669a843aa9eb6a798a6339b4e/os-quota-sets/6ca4dce5ae484b70bdc3e945207e3784?usage=true => generated 847 bytes in 50 msecs (HTTP/1.1 200) 7 headers in 285 bytes (1 switches on core 0)
2026-06-08 23:28:36.531 8 INFO cinder.api.openstack.wsgi [None req-0e7d85ff-1588-4b3e-9009-26789dc1dbef 3c3b2980d8f8426cb467e7161ee463f1 a47a5ac669a843aa9eb6a798a6339b4e - - default default] GET http://cinder-api.openstack.svc.cluster.local:8776/v3/a47a5ac669a843aa9eb6a798a6339b4e/os-quota-sets/6d7da7a5d55440d19a1d98c48582cbe0?usage=true
2026-06-08 23:28:36.564 8 INFO cinder.api.openstack.wsgi [None req-0e7d85ff-1588-4b3e-9009-26789dc1dbef 3c3b2980d8f8426cb467e7161ee463f1 a47a5ac669a843aa9eb6a798a6339b4e - - default default] http://cinder-api.openstack.svc.cluster.local:8776/v3/a47a5ac669a843aa9eb6a798a6339b4e/os-quota-sets/6d7da7a5d55440d19a1d98c48582cbe0?usage=true returned with HTTP 200 [pid: 8|app: 0|req: 412/831] 10.0.0.135 () {28 vars in 736 bytes} [Mon Jun 8 23:28:36 2026] GET /v3/a47a5ac669a843aa9eb6a798a6339b4e/os-quota-sets/6d7da7a5d55440d19a1d98c48582cbe0?usage=true => generated 847 bytes in 42 msecs (HTTP/1.1 200) 7 headers in 285 bytes (1 switches on core 0)
2026-06-08 23:28:36.576 7 INFO cinder.api.openstack.wsgi [None req-04b18def-7df6-440f-a834-b517a6aa5aad 3c3b2980d8f8426cb467e7161ee463f1 a47a5ac669a843aa9eb6a798a6339b4e - - default default] GET http://cinder-api.openstack.svc.cluster.local:8776/v3/a47a5ac669a843aa9eb6a798a6339b4e/os-quota-sets/7a58d390dc53432eb344f401892cf400?usage=true
2026-06-08 23:28:36.607 7 INFO cinder.api.openstack.wsgi [None req-04b18def-7df6-440f-a834-b517a6aa5aad 3c3b2980d8f8426cb467e7161ee463f1 a47a5ac669a843aa9eb6a798a6339b4e - - default default] http://cinder-api.openstack.svc.cluster.local:8776/v3/a47a5ac669a843aa9eb6a798a6339b4e/os-quota-sets/7a58d390dc53432eb344f401892cf400?usage=true returned with HTTP 200 [pid: 7|app: 0|req: 420/832] 10.0.0.135 () {28 vars in 736 bytes} [Mon Jun 8 23:28:36 2026] GET /v3/a47a5ac669a843aa9eb6a798a6339b4e/os-quota-sets/7a58d390dc53432eb344f401892cf400?usage=true => generated 847 bytes in 39 msecs (HTTP/1.1 200) 7 headers in 285 bytes (1 switches on core 0)
2026-06-08 23:28:36.625 8 INFO cinder.api.openstack.wsgi [None req-ea08c8e7-5763-475d-98c6-8dd17e46e1aa 3c3b2980d8f8426cb467e7161ee463f1 a47a5ac669a843aa9eb6a798a6339b4e - - default default] GET http://cinder-api.openstack.svc.cluster.local:8776/v3/a47a5ac669a843aa9eb6a798a6339b4e/os-quota-sets/7e6e8066ee0948c9871ad3660cefd5f0?usage=true
2026-06-08 23:28:36.656 8 INFO cinder.api.openstack.wsgi [None req-ea08c8e7-5763-475d-98c6-8dd17e46e1aa 3c3b2980d8f8426cb467e7161ee463f1 a47a5ac669a843aa9eb6a798a6339b4e - - default default] http://cinder-api.openstack.svc.cluster.local:8776/v3/a47a5ac669a843aa9eb6a798a6339b4e/os-quota-sets/7e6e8066ee0948c9871ad3660cefd5f0?usage=true returned with HTTP 200 [pid: 8|app: 0|req: 413/833] 10.0.0.135 () {28 vars in 736 bytes} [Mon Jun 8 23:28:36 2026] GET /v3/a47a5ac669a843aa9eb6a798a6339b4e/os-quota-sets/7e6e8066ee0948c9871ad3660cefd5f0?usage=true => generated 847 bytes in 44 msecs (HTTP/1.1 200) 7 headers in 285 bytes (1 switches on core 0)
2026-06-08 23:28:36.672 7 INFO cinder.api.openstack.wsgi [None req-58bc0622-cbf1-4054-b2ea-b4ef8dfce3cc 3c3b2980d8f8426cb467e7161ee463f1 a47a5ac669a843aa9eb6a798a6339b4e - - default default] GET http://cinder-api.openstack.svc.cluster.local:8776/v3/a47a5ac669a843aa9eb6a798a6339b4e/os-quota-sets/838dab1223f446b0897f663ca626c9bc?usage=true
2026-06-08 23:28:36.692 7 INFO cinder.api.openstack.wsgi [None req-58bc0622-cbf1-4054-b2ea-b4ef8dfce3cc 3c3b2980d8f8426cb467e7161ee463f1 a47a5ac669a843aa9eb6a798a6339b4e - - default default] http://cinder-api.openstack.svc.cluster.local:8776/v3/a47a5ac669a843aa9eb6a798a6339b4e/os-quota-sets/838dab1223f446b0897f663ca626c9bc?usage=true returned with HTTP 200 [pid: 7|app: 0|req: 421/834] 10.0.0.135 () {28 vars in 736 bytes} [Mon Jun 8 23:28:36 2026] GET /v3/a47a5ac669a843aa9eb6a798a6339b4e/os-quota-sets/838dab1223f446b0897f663ca626c9bc?usage=true => generated 847 bytes in 27 msecs (HTTP/1.1 200) 7 headers in 285 bytes (1 switches on core 0)
2026-06-08 23:28:36.706 8 INFO cinder.api.openstack.wsgi [None req-96bb82c3-b411-41c8-81d1-7184915db67f 3c3b2980d8f8426cb467e7161ee463f1 a47a5ac669a843aa9eb6a798a6339b4e - - default default] GET http://cinder-api.openstack.svc.cluster.local:8776/v3/a47a5ac669a843aa9eb6a798a6339b4e/os-quota-sets/99cf4c02beac4f57a1e404f030ca906b?usage=true
2026-06-08 23:28:36.756 8 INFO cinder.api.openstack.wsgi [None req-96bb82c3-b411-41c8-81d1-7184915db67f 3c3b2980d8f8426cb467e7161ee463f1 a47a5ac669a843aa9eb6a798a6339b4e - - default default] http://cinder-api.openstack.svc.cluster.local:8776/v3/a47a5ac669a843aa9eb6a798a6339b4e/os-quota-sets/99cf4c02beac4f57a1e404f030ca906b?usage=true returned with HTTP 200 [pid: 8|app: 0|req: 414/835] 10.0.0.135 () {28 vars in 736 bytes} [Mon Jun 8 23:28:36 2026] GET /v3/a47a5ac669a843aa9eb6a798a6339b4e/os-quota-sets/99cf4c02beac4f57a1e404f030ca906b?usage=true => generated 847 bytes in 59 msecs (HTTP/1.1 200) 7 headers in 285 bytes (1 switches on core 0)
2026-06-08 23:28:36.769 7 INFO cinder.api.openstack.wsgi [None req-a501af2d-ad3a-4962-8b1a-2a13126bc236 3c3b2980d8f8426cb467e7161ee463f1 a47a5ac669a843aa9eb6a798a6339b4e - - default default] GET http://cinder-api.openstack.svc.cluster.local:8776/v3/a47a5ac669a843aa9eb6a798a6339b4e/os-quota-sets/a47a5ac669a843aa9eb6a798a6339b4e?usage=true
2026-06-08 23:28:36.791 7 INFO cinder.api.openstack.wsgi [None req-a501af2d-ad3a-4962-8b1a-2a13126bc236 3c3b2980d8f8426cb467e7161ee463f1 a47a5ac669a843aa9eb6a798a6339b4e - - default default] http://cinder-api.openstack.svc.cluster.local:8776/v3/a47a5ac669a843aa9eb6a798a6339b4e/os-quota-sets/a47a5ac669a843aa9eb6a798a6339b4e?usage=true returned with HTTP 200 [pid: 7|app: 0|req: 422/836] 10.0.0.135 () {28 vars in 736 bytes} [Mon Jun 8 23:28:36 2026] GET /v3/a47a5ac669a843aa9eb6a798a6339b4e/os-quota-sets/a47a5ac669a843aa9eb6a798a6339b4e?usage=true => generated 845 bytes in 30 msecs (HTTP/1.1 200) 7 headers in 285 bytes (1 switches on core 0)
2026-06-08 23:28:36.801 8 INFO cinder.api.openstack.wsgi [None req-c83487a8-105b-4fe0-b1c4-d771abaa3196 3c3b2980d8f8426cb467e7161ee463f1 a47a5ac669a843aa9eb6a798a6339b4e - - default default] GET http://cinder-api.openstack.svc.cluster.local:8776/v3/a47a5ac669a843aa9eb6a798a6339b4e/snapshots?all_tenants=true
2026-06-08 23:28:36.810 8 INFO cinder.volume.api [None req-c83487a8-105b-4fe0-b1c4-d771abaa3196 3c3b2980d8f8426cb467e7161ee463f1 a47a5ac669a843aa9eb6a798a6339b4e - - default default] Get all snapshots completed successfully.
2026-06-08 23:28:36.811 8 INFO cinder.api.openstack.wsgi [None req-c83487a8-105b-4fe0-b1c4-d771abaa3196 3c3b2980d8f8426cb467e7161ee463f1 a47a5ac669a843aa9eb6a798a6339b4e - - default default] http://cinder-api.openstack.svc.cluster.local:8776/v3/a47a5ac669a843aa9eb6a798a6339b4e/snapshots?all_tenants=true returned with HTTP 200 [pid: 8|app: 0|req: 415/837] 10.0.0.135 () {28 vars in 674 bytes} [Mon Jun 8 23:28:36 2026] GET /v3/a47a5ac669a843aa9eb6a798a6339b4e/snapshots?all_tenants=true => generated 17 bytes in 17 msecs (HTTP/1.1 200) 7 headers in 284 bytes (1 switches on core 0)
2026-06-08 23:28:36.878 7 INFO cinder.api.openstack.wsgi [None req-a501af2d-ad3a-4962-8b1a-2a13126bc236 3c3b2980d8f8426cb467e7161ee463f1 a47a5ac669a843aa9eb6a798a6339b4e - - default default] GET http://10.0.0.133:8776/
2026-06-08 23:28:36.878 8 INFO cinder.api.openstack.wsgi [None req-c83487a8-105b-4fe0-b1c4-d771abaa3196 3c3b2980d8f8426cb467e7161ee463f1 a47a5ac669a843aa9eb6a798a6339b4e - - default default] GET http://10.0.0.133:8776/
2026-06-08 23:28:36.879 8 INFO cinder.api.openstack.wsgi [None req-c83487a8-105b-4fe0-b1c4-d771abaa3196 3c3b2980d8f8426cb467e7161ee463f1 a47a5ac669a843aa9eb6a798a6339b4e - - default default] http://10.0.0.133:8776/ returned with HTTP 300
2026-06-08 23:28:36.880 7 INFO cinder.api.openstack.wsgi [None req-a501af2d-ad3a-4962-8b1a-2a13126bc236 3c3b2980d8f8426cb467e7161ee463f1 a47a5ac669a843aa9eb6a798a6339b4e - - default default] http://10.0.0.133:8776/ returned with HTTP 300
2026-06-08 23:28:46.879 7 INFO cinder.api.openstack.wsgi [None req-a501af2d-ad3a-4962-8b1a-2a13126bc236 3c3b2980d8f8426cb467e7161ee463f1 a47a5ac669a843aa9eb6a798a6339b4e - - default default] GET http://10.0.0.133:8776/
2026-06-08 23:28:46.879 8 INFO cinder.api.openstack.wsgi [None req-c83487a8-105b-4fe0-b1c4-d771abaa3196 3c3b2980d8f8426cb467e7161ee463f1 a47a5ac669a843aa9eb6a798a6339b4e - - default default] GET http://10.0.0.133:8776/
2026-06-08 23:28:46.880 7 INFO cinder.api.openstack.wsgi [None req-a501af2d-ad3a-4962-8b1a-2a13126bc236 3c3b2980d8f8426cb467e7161ee463f1 a47a5ac669a843aa9eb6a798a6339b4e - - default default] http://10.0.0.133:8776/ returned with HTTP 300
2026-06-08 23:28:46.880 8 INFO cinder.api.openstack.wsgi [None req-c83487a8-105b-4fe0-b1c4-d771abaa3196 3c3b2980d8f8426cb467e7161ee463f1 a47a5ac669a843aa9eb6a798a6339b4e - - default default] http://10.0.0.133:8776/ returned with HTTP 300
2026-06-08 23:28:56.878 7 INFO cinder.api.openstack.wsgi [None req-a501af2d-ad3a-4962-8b1a-2a13126bc236 3c3b2980d8f8426cb467e7161ee463f1 a47a5ac669a843aa9eb6a798a6339b4e - - default default] GET http://10.0.0.133:8776/
2026-06-08 23:28:56.879 8 INFO cinder.api.openstack.wsgi [None req-c83487a8-105b-4fe0-b1c4-d771abaa3196 3c3b2980d8f8426cb467e7161ee463f1 a47a5ac669a843aa9eb6a798a6339b4e - - default default] GET http://10.0.0.133:8776/
2026-06-08 23:28:56.880 7 INFO cinder.api.openstack.wsgi [None req-a501af2d-ad3a-4962-8b1a-2a13126bc236 3c3b2980d8f8426cb467e7161ee463f1 a47a5ac669a843aa9eb6a798a6339b4e - - default default] http://10.0.0.133:8776/ returned with HTTP 300
2026-06-08 23:28:56.880 8 INFO cinder.api.openstack.wsgi [None req-c83487a8-105b-4fe0-b1c4-d771abaa3196 3c3b2980d8f8426cb467e7161ee463f1 a47a5ac669a843aa9eb6a798a6339b4e - - default default] http://10.0.0.133:8776/ returned with HTTP 300
2026-06-08 23:29:06.879 8 INFO cinder.api.openstack.wsgi [None req-c83487a8-105b-4fe0-b1c4-d771abaa3196 3c3b2980d8f8426cb467e7161ee463f1 a47a5ac669a843aa9eb6a798a6339b4e - - default default] GET http://10.0.0.133:8776/
2026-06-08 23:29:06.879 7 INFO cinder.api.openstack.wsgi [None req-a501af2d-ad3a-4962-8b1a-2a13126bc236 3c3b2980d8f8426cb467e7161ee463f1 a47a5ac669a843aa9eb6a798a6339b4e - - default default] GET http://10.0.0.133:8776/
2026-06-08 23:29:06.880 8 INFO cinder.api.openstack.wsgi [None req-c83487a8-105b-4fe0-b1c4-d771abaa3196 3c3b2980d8f8426cb467e7161ee463f1 a47a5ac669a843aa9eb6a798a6339b4e - - default default] http://10.0.0.133:8776/ returned with HTTP 300
2026-06-08 23:29:06.881 7 INFO cinder.api.openstack.wsgi [None req-a501af2d-ad3a-4962-8b1a-2a13126bc236 3c3b2980d8f8426cb467e7161ee463f1 a47a5ac669a843aa9eb6a798a6339b4e - - default default] http://10.0.0.133:8776/ returned with HTTP 300
2026-06-08 23:29:16.878 8 INFO cinder.api.openstack.wsgi [None req-c83487a8-105b-4fe0-b1c4-d771abaa3196 3c3b2980d8f8426cb467e7161ee463f1 a47a5ac669a843aa9eb6a798a6339b4e - - default default] GET http://10.0.0.133:8776/
2026-06-08 23:29:16.879 7 INFO cinder.api.openstack.wsgi [None req-a501af2d-ad3a-4962-8b1a-2a13126bc236 3c3b2980d8f8426cb467e7161ee463f1 a47a5ac669a843aa9eb6a798a6339b4e - - default default] GET http://10.0.0.133:8776/
2026-06-08 23:29:16.879 8 INFO cinder.api.openstack.wsgi [None req-c83487a8-105b-4fe0-b1c4-d771abaa3196 3c3b2980d8f8426cb467e7161ee463f1 a47a5ac669a843aa9eb6a798a6339b4e - - default default] http://10.0.0.133:8776/ returned with HTTP 300
2026-06-08 23:29:16.881 7 INFO cinder.api.openstack.wsgi [None req-a501af2d-ad3a-4962-8b1a-2a13126bc236 3c3b2980d8f8426cb467e7161ee463f1 a47a5ac669a843aa9eb6a798a6339b4e - - default default] http://10.0.0.133:8776/ returned with HTTP 300
2026-06-08 23:29:26.879 8 INFO cinder.api.openstack.wsgi [None req-c83487a8-105b-4fe0-b1c4-d771abaa3196 3c3b2980d8f8426cb467e7161ee463f1 a47a5ac669a843aa9eb6a798a6339b4e - - default default] GET http://10.0.0.133:8776/
2026-06-08 23:29:26.879 7 INFO cinder.api.openstack.wsgi [None req-a501af2d-ad3a-4962-8b1a-2a13126bc236 3c3b2980d8f8426cb467e7161ee463f1 a47a5ac669a843aa9eb6a798a6339b4e - - default default] GET http://10.0.0.133:8776/
2026-06-08 23:29:26.880 8 INFO cinder.api.openstack.wsgi [None req-c83487a8-105b-4fe0-b1c4-d771abaa3196 3c3b2980d8f8426cb467e7161ee463f1 a47a5ac669a843aa9eb6a798a6339b4e - - default default] http://10.0.0.133:8776/ returned with HTTP 300
2026-06-08 23:29:26.880 7 INFO cinder.api.openstack.wsgi [None req-a501af2d-ad3a-4962-8b1a-2a13126bc236 3c3b2980d8f8426cb467e7161ee463f1 a47a5ac669a843aa9eb6a798a6339b4e - - default default] http://10.0.0.133:8776/ returned with HTTP 300
2026-06-08 23:29:35.933 8 INFO cinder.api.openstack.wsgi [None req-50373298-5293-437d-a24e-8165bd12414a 3c3b2980d8f8426cb467e7161ee463f1 a47a5ac669a843aa9eb6a798a6339b4e - - default default] GET http://cinder-api.openstack.svc.cluster.local:8776/v3/a47a5ac669a843aa9eb6a798a6339b4e/snapshots?all_tenants=true
2026-06-08 23:29:35.965 8 INFO cinder.volume.api [None req-50373298-5293-437d-a24e-8165bd12414a 3c3b2980d8f8426cb467e7161ee463f1 a47a5ac669a843aa9eb6a798a6339b4e - - default default] Get all snapshots completed successfully.
2026-06-08 23:29:35.966 8 INFO cinder.api.openstack.wsgi [None req-50373298-5293-437d-a24e-8165bd12414a 3c3b2980d8f8426cb467e7161ee463f1 a47a5ac669a843aa9eb6a798a6339b4e - - default default] http://cinder-api.openstack.svc.cluster.local:8776/v3/a47a5ac669a843aa9eb6a798a6339b4e/snapshots?all_tenants=true returned with HTTP 200 [pid: 8|app: 0|req: 422/850] 10.0.0.135 () {28 vars in 674 bytes} [Mon Jun 8 23:29:35 2026] GET /v3/a47a5ac669a843aa9eb6a798a6339b4e/snapshots?all_tenants=true => generated 17 bytes in 274 msecs (HTTP/1.1 200) 7 headers in 284 bytes (1 switches on core 0)
2026-06-08 23:29:36.101 7 INFO cinder.api.openstack.wsgi [None req-8aedb0f4-e89f-4a0c-b7a9-47068c06e92f 3c3b2980d8f8426cb467e7161ee463f1 a47a5ac669a843aa9eb6a798a6339b4e - - default default] GET http://cinder-api.openstack.svc.cluster.local:8776/v3/a47a5ac669a843aa9eb6a798a6339b4e/os-quota-sets/17d8fe2681e94690af1ff16945308956?usage=true
2026-06-08 23:29:36.132 7 INFO cinder.api.openstack.wsgi [None req-8aedb0f4-e89f-4a0c-b7a9-47068c06e92f 3c3b2980d8f8426cb467e7161ee463f1 a47a5ac669a843aa9eb6a798a6339b4e - - default default] http://cinder-api.openstack.svc.cluster.local:8776/v3/a47a5ac669a843aa9eb6a798a6339b4e/os-quota-sets/17d8fe2681e94690af1ff16945308956?usage=true returned with HTTP 200 [pid: 7|app: 0|req: 429/851] 10.0.0.135 () {28 vars in 736 bytes} [Mon Jun 8 23:29:36 2026] GET /v3/a47a5ac669a843aa9eb6a798a6339b4e/os-quota-sets/17d8fe2681e94690af1ff16945308956?usage=true => generated 847 bytes in 42 msecs (HTTP/1.1 200) 7 headers in 285 bytes (1 switches on core 0)
2026-06-08 23:29:36.143 8 INFO cinder.api.openstack.wsgi [None req-979726a3-dfff-4532-a7ed-9c497fe03382 3c3b2980d8f8426cb467e7161ee463f1 a47a5ac669a843aa9eb6a798a6339b4e - - default default] GET http://cinder-api.openstack.svc.cluster.local:8776/v3/a47a5ac669a843aa9eb6a798a6339b4e/os-quota-sets/203b3c99e3694447813d2d97980aefff?usage=true
2026-06-08 23:29:36.165 8 INFO cinder.api.openstack.wsgi [None req-979726a3-dfff-4532-a7ed-9c497fe03382 3c3b2980d8f8426cb467e7161ee463f1 a47a5ac669a843aa9eb6a798a6339b4e - - default default] http://cinder-api.openstack.svc.cluster.local:8776/v3/a47a5ac669a843aa9eb6a798a6339b4e/os-quota-sets/203b3c99e3694447813d2d97980aefff?usage=true returned with HTTP 200 [pid: 8|app: 0|req: 423/852] 10.0.0.135 () {28 vars in 736 bytes} [Mon Jun 8 23:29:36 2026] GET /v3/a47a5ac669a843aa9eb6a798a6339b4e/os-quota-sets/203b3c99e3694447813d2d97980aefff?usage=true => generated 847 bytes in 29 msecs (HTTP/1.1 200) 7 headers in 285 bytes (1 switches on core 0)
2026-06-08 23:29:36.176 7 INFO cinder.api.openstack.wsgi [None req-6915e022-bd34-4eea-903f-73474ab23283 3c3b2980d8f8426cb467e7161ee463f1 a47a5ac669a843aa9eb6a798a6339b4e - - default default] GET http://cinder-api.openstack.svc.cluster.local:8776/v3/a47a5ac669a843aa9eb6a798a6339b4e/os-quota-sets/3aca323b09294782908084fd20d38cb8?usage=true
2026-06-08 23:29:36.200 7 INFO cinder.api.openstack.wsgi [None req-6915e022-bd34-4eea-903f-73474ab23283 3c3b2980d8f8426cb467e7161ee463f1 a47a5ac669a843aa9eb6a798a6339b4e - - default default] http://cinder-api.openstack.svc.cluster.local:8776/v3/a47a5ac669a843aa9eb6a798a6339b4e/os-quota-sets/3aca323b09294782908084fd20d38cb8?usage=true returned with HTTP 200 [pid: 7|app: 0|req: 430/853] 10.0.0.135 () {28 vars in 736 bytes} [Mon Jun 8 23:29:36 2026] GET /v3/a47a5ac669a843aa9eb6a798a6339b4e/os-quota-sets/3aca323b09294782908084fd20d38cb8?usage=true => generated 847 bytes in 33 msecs (HTTP/1.1 200) 7 headers in 285 bytes (1 switches on core 0)
2026-06-08 23:29:36.210 8 INFO cinder.api.openstack.wsgi [None req-7ff1393d-c96a-4348-a71f-a955bb5c8ef6 3c3b2980d8f8426cb467e7161ee463f1 a47a5ac669a843aa9eb6a798a6339b4e - - default default] GET http://cinder-api.openstack.svc.cluster.local:8776/v3/a47a5ac669a843aa9eb6a798a6339b4e/os-quota-sets/451425d300114c77a452aa2a4993975e?usage=true
2026-06-08 23:29:36.243 8 INFO cinder.api.openstack.wsgi [None req-7ff1393d-c96a-4348-a71f-a955bb5c8ef6 3c3b2980d8f8426cb467e7161ee463f1 a47a5ac669a843aa9eb6a798a6339b4e - - default default] http://cinder-api.openstack.svc.cluster.local:8776/v3/a47a5ac669a843aa9eb6a798a6339b4e/os-quota-sets/451425d300114c77a452aa2a4993975e?usage=true returned with HTTP 200 [pid: 8|app: 0|req: 424/854] 10.0.0.135 () {28 vars in 736 bytes} [Mon Jun 8 23:29:36 2026] GET /v3/a47a5ac669a843aa9eb6a798a6339b4e/os-quota-sets/451425d300114c77a452aa2a4993975e?usage=true => generated 847 bytes in 41 msecs (HTTP/1.1 200) 7 headers in 285 bytes (1 switches on core 0)
2026-06-08 23:29:36.256 7 INFO cinder.api.openstack.wsgi [None req-dcefa58c-3fb1-4b5e-b0f6-77b2dade78c2 3c3b2980d8f8426cb467e7161ee463f1 a47a5ac669a843aa9eb6a798a6339b4e - - default default] GET http://cinder-api.openstack.svc.cluster.local:8776/v3/a47a5ac669a843aa9eb6a798a6339b4e/os-quota-sets/4a99237df2e2433189ba7a47663a2a80?usage=true
2026-06-08 23:29:36.282 7 INFO cinder.api.openstack.wsgi [None req-dcefa58c-3fb1-4b5e-b0f6-77b2dade78c2 3c3b2980d8f8426cb467e7161ee463f1 a47a5ac669a843aa9eb6a798a6339b4e - - default default] http://cinder-api.openstack.svc.cluster.local:8776/v3/a47a5ac669a843aa9eb6a798a6339b4e/os-quota-sets/4a99237df2e2433189ba7a47663a2a80?usage=true returned with HTTP 200 [pid: 7|app: 0|req: 431/855] 10.0.0.135 () {28 vars in 736 bytes} [Mon Jun 8 23:29:36 2026] GET /v3/a47a5ac669a843aa9eb6a798a6339b4e/os-quota-sets/4a99237df2e2433189ba7a47663a2a80?usage=true => generated 847 bytes in 33 msecs (HTTP/1.1 200) 7 headers in 285 bytes (1 switches on core 0)
2026-06-08 23:29:36.301 8 INFO cinder.api.openstack.wsgi [None req-24d960fe-1827-4962-8670-7ef0c7ff06f7 3c3b2980d8f8426cb467e7161ee463f1 a47a5ac669a843aa9eb6a798a6339b4e - - default default] GET http://cinder-api.openstack.svc.cluster.local:8776/v3/a47a5ac669a843aa9eb6a798a6339b4e/os-quota-sets/4b4bbc7df44d4ed98d2633d07e704239?usage=true
2026-06-08 23:29:36.327 8 INFO cinder.api.openstack.wsgi [None req-24d960fe-1827-4962-8670-7ef0c7ff06f7 3c3b2980d8f8426cb467e7161ee463f1 a47a5ac669a843aa9eb6a798a6339b4e - - default default] http://cinder-api.openstack.svc.cluster.local:8776/v3/a47a5ac669a843aa9eb6a798a6339b4e/os-quota-sets/4b4bbc7df44d4ed98d2633d07e704239?usage=true returned with HTTP 200 [pid: 8|app: 0|req: 425/856] 10.0.0.135 () {28 vars in 736 bytes} [Mon Jun 8 23:29:36 2026] GET /v3/a47a5ac669a843aa9eb6a798a6339b4e/os-quota-sets/4b4bbc7df44d4ed98d2633d07e704239?usage=true => generated 847 bytes in 42 msecs (HTTP/1.1 200) 7 headers in 285 bytes (1 switches on core 0)
2026-06-08 23:29:36.337 7 INFO cinder.api.openstack.wsgi [None req-e84bf25f-5e42-4bdf-81e0-71cf3c986767 3c3b2980d8f8426cb467e7161ee463f1 a47a5ac669a843aa9eb6a798a6339b4e - - default default] GET http://cinder-api.openstack.svc.cluster.local:8776/v3/a47a5ac669a843aa9eb6a798a6339b4e/os-quota-sets/4e4241e23bc4432995c71e7f76e79fc4?usage=true
2026-06-08 23:29:36.362 7 INFO cinder.api.openstack.wsgi [None req-e84bf25f-5e42-4bdf-81e0-71cf3c986767 3c3b2980d8f8426cb467e7161ee463f1 a47a5ac669a843aa9eb6a798a6339b4e - - default default] http://cinder-api.openstack.svc.cluster.local:8776/v3/a47a5ac669a843aa9eb6a798a6339b4e/os-quota-sets/4e4241e23bc4432995c71e7f76e79fc4?usage=true returned with HTTP 200 [pid: 7|app: 0|req: 432/857] 10.0.0.135 () {28 vars in 736 bytes} [Mon Jun 8 23:29:36 2026] GET /v3/a47a5ac669a843aa9eb6a798a6339b4e/os-quota-sets/4e4241e23bc4432995c71e7f76e79fc4?usage=true => generated 847 bytes in 31 msecs (HTTP/1.1 200) 7 headers in 285 bytes (1 switches on core 0)
2026-06-08 23:29:36.374 8 INFO cinder.api.openstack.wsgi [None req-c61f53bc-dcaf-449a-988e-432aacffb231 3c3b2980d8f8426cb467e7161ee463f1 a47a5ac669a843aa9eb6a798a6339b4e - - default default] GET http://cinder-api.openstack.svc.cluster.local:8776/v3/a47a5ac669a843aa9eb6a798a6339b4e/os-quota-sets/5b961c7e8d984bfe822c737eef1056b2?usage=true
2026-06-08 23:29:36.396 8 INFO cinder.api.openstack.wsgi [None req-c61f53bc-dcaf-449a-988e-432aacffb231 3c3b2980d8f8426cb467e7161ee463f1 a47a5ac669a843aa9eb6a798a6339b4e - - default default] http://cinder-api.openstack.svc.cluster.local:8776/v3/a47a5ac669a843aa9eb6a798a6339b4e/os-quota-sets/5b961c7e8d984bfe822c737eef1056b2?usage=true returned with HTTP 200 [pid: 8|app: 0|req: 426/858] 10.0.0.135 () {28 vars in 736 bytes} [Mon Jun 8 23:29:36 2026] GET /v3/a47a5ac669a843aa9eb6a798a6339b4e/os-quota-sets/5b961c7e8d984bfe822c737eef1056b2?usage=true => generated 845 bytes in 32 msecs (HTTP/1.1 200) 7 headers in 285 bytes (1 switches on core 0)
2026-06-08 23:29:36.414 7 INFO cinder.api.openstack.wsgi [None req-72b9b72f-77b8-43be-adf1-e97d204613fb 3c3b2980d8f8426cb467e7161ee463f1 a47a5ac669a843aa9eb6a798a6339b4e - - default default] GET http://cinder-api.openstack.svc.cluster.local:8776/v3/a47a5ac669a843aa9eb6a798a6339b4e/os-quota-sets/8be200f758774b06949299d88ec7cbaf?usage=true
2026-06-08 23:29:36.436 7 INFO cinder.api.openstack.wsgi [None req-72b9b72f-77b8-43be-adf1-e97d204613fb 3c3b2980d8f8426cb467e7161ee463f1 a47a5ac669a843aa9eb6a798a6339b4e - - default default] http://cinder-api.openstack.svc.cluster.local:8776/v3/a47a5ac669a843aa9eb6a798a6339b4e/os-quota-sets/8be200f758774b06949299d88ec7cbaf?usage=true returned with HTTP 200 [pid: 7|app: 0|req: 433/859] 10.0.0.135 () {28 vars in 736 bytes} [Mon Jun 8 23:29:36 2026] GET /v3/a47a5ac669a843aa9eb6a798a6339b4e/os-quota-sets/8be200f758774b06949299d88ec7cbaf?usage=true => generated 847 bytes in 30 msecs (HTTP/1.1 200) 7 headers in 285 bytes (1 switches on core 0)
2026-06-08 23:29:36.450 8 INFO cinder.api.openstack.wsgi [None req-3e786482-d30a-45dd-9105-db7c81e86330 3c3b2980d8f8426cb467e7161ee463f1 a47a5ac669a843aa9eb6a798a6339b4e - - default default] GET http://cinder-api.openstack.svc.cluster.local:8776/v3/a47a5ac669a843aa9eb6a798a6339b4e/os-quota-sets/9cddb8a4735d41f18a81f5d9f2fb9f4b?usage=true
2026-06-08 23:29:36.481 8 INFO cinder.api.openstack.wsgi [None req-3e786482-d30a-45dd-9105-db7c81e86330 3c3b2980d8f8426cb467e7161ee463f1 a47a5ac669a843aa9eb6a798a6339b4e - - default default] http://cinder-api.openstack.svc.cluster.local:8776/v3/a47a5ac669a843aa9eb6a798a6339b4e/os-quota-sets/9cddb8a4735d41f18a81f5d9f2fb9f4b?usage=true returned with HTTP 200 [pid: 8|app: 0|req: 427/860] 10.0.0.135 () {28 vars in 736 bytes} [Mon Jun 8 23:29:36 2026] GET /v3/a47a5ac669a843aa9eb6a798a6339b4e/os-quota-sets/9cddb8a4735d41f18a81f5d9f2fb9f4b?usage=true => generated 847 bytes in 40 msecs (HTTP/1.1 200) 7 headers in 285 bytes (1 switches on core 0)
2026-06-08 23:29:36.494 7 INFO cinder.api.openstack.wsgi [None req-bd3a226e-d9a0-46d9-abd9-7c26927ed319 3c3b2980d8f8426cb467e7161ee463f1 a47a5ac669a843aa9eb6a798a6339b4e - - default default] GET http://cinder-api.openstack.svc.cluster.local:8776/v3/a47a5ac669a843aa9eb6a798a6339b4e/os-quota-sets/a47a5ac669a843aa9eb6a798a6339b4e?usage=true
2026-06-08 23:29:36.520 7 INFO cinder.api.openstack.wsgi [None req-bd3a226e-d9a0-46d9-abd9-7c26927ed319 3c3b2980d8f8426cb467e7161ee463f1 a47a5ac669a843aa9eb6a798a6339b4e - - default default] http://cinder-api.openstack.svc.cluster.local:8776/v3/a47a5ac669a843aa9eb6a798a6339b4e/os-quota-sets/a47a5ac669a843aa9eb6a798a6339b4e?usage=true returned with HTTP 200 [pid: 7|app: 0|req: 434/861] 10.0.0.135 () {28 vars in 736 bytes} [Mon Jun 8 23:29:36 2026] GET /v3/a47a5ac669a843aa9eb6a798a6339b4e/os-quota-sets/a47a5ac669a843aa9eb6a798a6339b4e?usage=true => generated 845 bytes in 35 msecs (HTTP/1.1 200) 7 headers in 285 bytes (1 switches on core 0)
2026-06-08 23:29:36.535 8 INFO cinder.api.openstack.wsgi [None req-9bc67dd7-ac2e-4075-9937-b5e2590b4a45 3c3b2980d8f8426cb467e7161ee463f1 a47a5ac669a843aa9eb6a798a6339b4e - - default default] GET http://cinder-api.openstack.svc.cluster.local:8776/v3/a47a5ac669a843aa9eb6a798a6339b4e/os-quota-sets/d0ade16fe8784a6b816be703da65bfb7?usage=true
2026-06-08 23:29:36.562 8 INFO cinder.api.openstack.wsgi [None req-9bc67dd7-ac2e-4075-9937-b5e2590b4a45 3c3b2980d8f8426cb467e7161ee463f1 a47a5ac669a843aa9eb6a798a6339b4e - - default default] http://cinder-api.openstack.svc.cluster.local:8776/v3/a47a5ac669a843aa9eb6a798a6339b4e/os-quota-sets/d0ade16fe8784a6b816be703da65bfb7?usage=true returned with HTTP 200 [pid: 8|app: 0|req: 428/862] 10.0.0.135 () {28 vars in 736 bytes} [Mon Jun 8 23:29:36 2026] GET /v3/a47a5ac669a843aa9eb6a798a6339b4e/os-quota-sets/d0ade16fe8784a6b816be703da65bfb7?usage=true => generated 847 bytes in 38 msecs (HTTP/1.1 200) 7 headers in 285 bytes (1 switches on core 0)
2026-06-08 23:29:36.575 7 INFO cinder.api.openstack.wsgi [None req-0712ce2f-1957-4d4f-bb42-db62ed0daa55 3c3b2980d8f8426cb467e7161ee463f1 a47a5ac669a843aa9eb6a798a6339b4e - - default default] GET http://cinder-api.openstack.svc.cluster.local:8776/v3/a47a5ac669a843aa9eb6a798a6339b4e/os-quota-sets/d9c979258ba14007a6ea16a283981281?usage=true
2026-06-08 23:29:36.597 7 INFO cinder.api.openstack.wsgi [None req-0712ce2f-1957-4d4f-bb42-db62ed0daa55 3c3b2980d8f8426cb467e7161ee463f1 a47a5ac669a843aa9eb6a798a6339b4e - - default default] http://cinder-api.openstack.svc.cluster.local:8776/v3/a47a5ac669a843aa9eb6a798a6339b4e/os-quota-sets/d9c979258ba14007a6ea16a283981281?usage=true returned with HTTP 200 [pid: 7|app: 0|req: 435/863] 10.0.0.135 () {28 vars in 736 bytes} [Mon Jun 8 23:29:36 2026] GET /v3/a47a5ac669a843aa9eb6a798a6339b4e/os-quota-sets/d9c979258ba14007a6ea16a283981281?usage=true => generated 847 bytes in 31 msecs (HTTP/1.1 200) 7 headers in 285 bytes (1 switches on core 0)
2026-06-08 23:29:36.608 8 INFO cinder.api.openstack.wsgi [None req-aae0c942-1371-4ba5-8acf-024e67bd3cb1 3c3b2980d8f8426cb467e7161ee463f1 a47a5ac669a843aa9eb6a798a6339b4e - - default default] GET http://cinder-api.openstack.svc.cluster.local:8776/v3/a47a5ac669a843aa9eb6a798a6339b4e/os-quota-sets/f6496b093ab1421ea187b7c4c424c1b6?usage=true
2026-06-08 23:29:36.632 8 INFO cinder.api.openstack.wsgi [None req-aae0c942-1371-4ba5-8acf-024e67bd3cb1 3c3b2980d8f8426cb467e7161ee463f1 a47a5ac669a843aa9eb6a798a6339b4e - - default default] http://cinder-api.openstack.svc.cluster.local:8776/v3/a47a5ac669a843aa9eb6a798a6339b4e/os-quota-sets/f6496b093ab1421ea187b7c4c424c1b6?usage=true returned with HTTP 200 [pid: 8|app: 0|req: 429/864] 10.0.0.135 () {28 vars in 736 bytes} [Mon Jun 8 23:29:36 2026] GET /v3/a47a5ac669a843aa9eb6a798a6339b4e/os-quota-sets/f6496b093ab1421ea187b7c4c424c1b6?usage=true => generated 847 bytes in 34 msecs (HTTP/1.1 200) 7 headers in 285 bytes (1 switches on core 0)
2026-06-08 23:29:36.644 7 INFO cinder.api.openstack.wsgi [None req-2a088b0b-e51d-44f7-badd-c98f0bb1dcdd 3c3b2980d8f8426cb467e7161ee463f1 a47a5ac669a843aa9eb6a798a6339b4e - - default default] GET http://cinder-api.openstack.svc.cluster.local:8776/v3/a47a5ac669a843aa9eb6a798a6339b4e/volumes/detail?all_tenants=true
2026-06-08 23:29:36.658 7 INFO cinder.volume.api [None req-2a088b0b-e51d-44f7-badd-c98f0bb1dcdd 3c3b2980d8f8426cb467e7161ee463f1 a47a5ac669a843aa9eb6a798a6339b4e - - default default] Get all volumes completed successfully.
2026-06-08 23:29:36.659 7 INFO cinder.api.openstack.wsgi [None req-2a088b0b-e51d-44f7-badd-c98f0bb1dcdd 3c3b2980d8f8426cb467e7161ee463f1 a47a5ac669a843aa9eb6a798a6339b4e - - default default] http://cinder-api.openstack.svc.cluster.local:8776/v3/a47a5ac669a843aa9eb6a798a6339b4e/volumes/detail?all_tenants=true returned with HTTP 200 [pid: 7|app: 0|req: 436/865] 10.0.0.135 () {28 vars in 684 bytes} [Mon Jun 8 23:29:36 2026] GET /v3/a47a5ac669a843aa9eb6a798a6339b4e/volumes/detail?all_tenants=true => generated 15 bytes in 23 msecs (HTTP/1.1 200) 7 headers in 284 bytes (1 switches on core 0)
2026-06-08 23:29:36.673 8 INFO cinder.api.openstack.wsgi [None req-05357d82-ccce-4fee-a3db-9669bf2e61aa 3c3b2980d8f8426cb467e7161ee463f1 a47a5ac669a843aa9eb6a798a6339b4e - - default default] GET http://cinder-api.openstack.svc.cluster.local:8776/v3/a47a5ac669a843aa9eb6a798a6339b4e/os-services
2026-06-08 23:29:36.677 8 INFO cinder.api.openstack.wsgi [None req-05357d82-ccce-4fee-a3db-9669bf2e61aa 3c3b2980d8f8426cb467e7161ee463f1 a47a5ac669a843aa9eb6a798a6339b4e - - default default] http://cinder-api.openstack.svc.cluster.local:8776/v3/a47a5ac669a843aa9eb6a798a6339b4e/os-services returned with HTTP 200 [pid: 8|app: 0|req: 430/866] 10.0.0.135 () {28 vars in 645 bytes} [Mon Jun 8 23:29:36 2026] GET /v3/a47a5ac669a843aa9eb6a798a6339b4e/os-services => generated 646 bytes in 13 msecs (HTTP/1.1 200) 7 headers in 285 bytes (1 switches on core 0)
2026-06-08 23:29:36.687 7 INFO cinder.api.openstack.wsgi [None req-91cefd47-4da4-438b-8a1f-05318a2263a7 3c3b2980d8f8426cb467e7161ee463f1 a47a5ac669a843aa9eb6a798a6339b4e - - default default] GET http://cinder-api.openstack.svc.cluster.local:8776/v3/a47a5ac669a843aa9eb6a798a6339b4e/volumes/detail?all_tenants=true
2026-06-08 23:29:36.702 7 INFO cinder.volume.api [None req-91cefd47-4da4-438b-8a1f-05318a2263a7 3c3b2980d8f8426cb467e7161ee463f1 a47a5ac669a843aa9eb6a798a6339b4e - - default default] Get all volumes completed successfully.
2026-06-08 23:29:36.705 7 INFO cinder.api.openstack.wsgi [None req-91cefd47-4da4-438b-8a1f-05318a2263a7 3c3b2980d8f8426cb467e7161ee463f1 a47a5ac669a843aa9eb6a798a6339b4e - - default default] http://cinder-api.openstack.svc.cluster.local:8776/v3/a47a5ac669a843aa9eb6a798a6339b4e/volumes/detail?all_tenants=true returned with HTTP 200 [pid: 7|app: 0|req: 437/867] 10.0.0.135 () {28 vars in 684 bytes} [Mon Jun 8 23:29:36 2026] GET /v3/a47a5ac669a843aa9eb6a798a6339b4e/volumes/detail?all_tenants=true => generated 15 bytes in 26 msecs (HTTP/1.1 200) 7 headers in 284 bytes (1 switches on core 0)
2026-06-08 23:29:36.727 8 INFO cinder.api.openstack.wsgi [None req-52d23dc4-f97d-4628-9125-c235c9d0f9a1 3c3b2980d8f8426cb467e7161ee463f1 a47a5ac669a843aa9eb6a798a6339b4e - - default default] GET http://cinder-api.openstack.svc.cluster.local:8776/v3/a47a5ac669a843aa9eb6a798a6339b4e/scheduler-stats/get_pools?detail=true
2026-06-08 23:29:36.879 7 INFO cinder.api.openstack.wsgi [None req-91cefd47-4da4-438b-8a1f-05318a2263a7 3c3b2980d8f8426cb467e7161ee463f1 a47a5ac669a843aa9eb6a798a6339b4e - - default default] GET http://10.0.0.133:8776/
2026-06-08 23:29:36.880 7 INFO cinder.api.openstack.wsgi [None req-91cefd47-4da4-438b-8a1f-05318a2263a7 3c3b2980d8f8426cb467e7161ee463f1 a47a5ac669a843aa9eb6a798a6339b4e - - default default] http://10.0.0.133:8776/ returned with HTTP 300
2026-06-08 23:29:36.882 7 INFO cinder.api.openstack.wsgi [None req-91cefd47-4da4-438b-8a1f-05318a2263a7 3c3b2980d8f8426cb467e7161ee463f1 a47a5ac669a843aa9eb6a798a6339b4e - - default default] GET http://10.0.0.133:8776/
2026-06-08 23:29:36.882 7 INFO cinder.api.openstack.wsgi [None req-91cefd47-4da4-438b-8a1f-05318a2263a7 3c3b2980d8f8426cb467e7161ee463f1 a47a5ac669a843aa9eb6a798a6339b4e - - default default] http://10.0.0.133:8776/ returned with HTTP 300
2026-06-08 23:29:37.231 8 INFO cinder.api.openstack.wsgi [None req-52d23dc4-f97d-4628-9125-c235c9d0f9a1 3c3b2980d8f8426cb467e7161ee463f1 a47a5ac669a843aa9eb6a798a6339b4e - - default default] http://cinder-api.openstack.svc.cluster.local:8776/v3/a47a5ac669a843aa9eb6a798a6339b4e/scheduler-stats/get_pools?detail=true returned with HTTP 200 [pid: 8|app: 0|req: 431/870] 10.0.0.135 () {28 vars in 696 bytes} [Mon Jun 8 23:29:36 2026] GET /v3/a47a5ac669a843aa9eb6a798a6339b4e/scheduler-stats/get_pools?detail=true => generated 670 bytes in 510 msecs (HTTP/1.1 200) 7 headers in 285 bytes (1 switches on core 0)
2026-06-08 23:29:46.878 8 INFO cinder.api.openstack.wsgi [None req-52d23dc4-f97d-4628-9125-c235c9d0f9a1 3c3b2980d8f8426cb467e7161ee463f1 a47a5ac669a843aa9eb6a798a6339b4e - - default default] GET http://10.0.0.133:8776/
2026-06-08 23:29:46.879 8 INFO cinder.api.openstack.wsgi [None req-52d23dc4-f97d-4628-9125-c235c9d0f9a1 3c3b2980d8f8426cb467e7161ee463f1 a47a5ac669a843aa9eb6a798a6339b4e - - default default] http://10.0.0.133:8776/ returned with HTTP 300
2026-06-08 23:29:46.879 7 INFO cinder.api.openstack.wsgi [None req-91cefd47-4da4-438b-8a1f-05318a2263a7 3c3b2980d8f8426cb467e7161ee463f1 a47a5ac669a843aa9eb6a798a6339b4e - - default default] GET http://10.0.0.133:8776/
2026-06-08 23:29:46.881 7 INFO cinder.api.openstack.wsgi [None req-91cefd47-4da4-438b-8a1f-05318a2263a7 3c3b2980d8f8426cb467e7161ee463f1 a47a5ac669a843aa9eb6a798a6339b4e - - default default] http://10.0.0.133:8776/ returned with HTTP 300
2026-06-08 23:29:56.879 7 INFO cinder.api.openstack.wsgi [None req-91cefd47-4da4-438b-8a1f-05318a2263a7 3c3b2980d8f8426cb467e7161ee463f1 a47a5ac669a843aa9eb6a798a6339b4e - - default default] GET http://10.0.0.133:8776/
2026-06-08 23:29:56.879 8 INFO cinder.api.openstack.wsgi [None req-52d23dc4-f97d-4628-9125-c235c9d0f9a1 3c3b2980d8f8426cb467e7161ee463f1 a47a5ac669a843aa9eb6a798a6339b4e - - default default] GET http://10.0.0.133:8776/
2026-06-08 23:29:56.879 7 INFO cinder.api.openstack.wsgi [None req-91cefd47-4da4-438b-8a1f-05318a2263a7 3c3b2980d8f8426cb467e7161ee463f1 a47a5ac669a843aa9eb6a798a6339b4e - - default default] http://10.0.0.133:8776/ returned with HTTP 300
2026-06-08 23:29:56.880 8 INFO cinder.api.openstack.wsgi [None req-52d23dc4-f97d-4628-9125-c235c9d0f9a1 3c3b2980d8f8426cb467e7161ee463f1 a47a5ac669a843aa9eb6a798a6339b4e - - default default] http://10.0.0.133:8776/ returned with HTTP 300
2026-06-08 23:30:06.878 7 INFO cinder.api.openstack.wsgi [None req-91cefd47-4da4-438b-8a1f-05318a2263a7 3c3b2980d8f8426cb467e7161ee463f1 a47a5ac669a843aa9eb6a798a6339b4e - - default default] GET http://10.0.0.133:8776/
2026-06-08 23:30:06.879 7 INFO cinder.api.openstack.wsgi [None req-91cefd47-4da4-438b-8a1f-05318a2263a7 3c3b2980d8f8426cb467e7161ee463f1 a47a5ac669a843aa9eb6a798a6339b4e - - default default] http://10.0.0.133:8776/ returned with HTTP 300
2026-06-08 23:30:06.880 8 INFO cinder.api.openstack.wsgi [None req-52d23dc4-f97d-4628-9125-c235c9d0f9a1 3c3b2980d8f8426cb467e7161ee463f1 a47a5ac669a843aa9eb6a798a6339b4e - - default default] GET http://10.0.0.133:8776/
2026-06-08 23:30:06.881 8 INFO cinder.api.openstack.wsgi [None req-52d23dc4-f97d-4628-9125-c235c9d0f9a1 3c3b2980d8f8426cb467e7161ee463f1 a47a5ac669a843aa9eb6a798a6339b4e - - default default] http://10.0.0.133:8776/ returned with HTTP 300
2026-06-08 23:30:09.491 7 INFO cinder.api.openstack.wsgi [None req-5f9f1413-3cbc-46a8-bbad-f7a6a562a4a8 dec7e76307404683bee7a5637bcae0ff c1358cc9df7e420eb870b319c7477c9d - - default default] POST http://cinder-api.openstack.svc.cluster.local:8776/v3/c1358cc9df7e420eb870b319c7477c9d/volumes
2026-06-08 23:30:09.494 7 INFO cinder.api.v3.volumes [None req-5f9f1413-3cbc-46a8-bbad-f7a6a562a4a8 dec7e76307404683bee7a5637bcae0ff c1358cc9df7e420eb870b319c7477c9d - - default default] Create volume of 1 GB
2026-06-08 23:30:09.504 7 INFO cinder.volume.api [None req-5f9f1413-3cbc-46a8-bbad-f7a6a562a4a8 dec7e76307404683bee7a5637bcae0ff c1358cc9df7e420eb870b319c7477c9d - - default default] Availability Zones retrieved successfully.
2026-06-08 23:30:09.671 7 INFO cinder.volume.api [None req-5f9f1413-3cbc-46a8-bbad-f7a6a562a4a8 dec7e76307404683bee7a5637bcae0ff c1358cc9df7e420eb870b319c7477c9d - - default default] Create volume request issued successfully.
2026-06-08 23:30:09.673 7 INFO cinder.api.openstack.wsgi [None req-5f9f1413-3cbc-46a8-bbad-f7a6a562a4a8 dec7e76307404683bee7a5637bcae0ff c1358cc9df7e420eb870b319c7477c9d - - default default] http://cinder-api.openstack.svc.cluster.local:8776/v3/c1358cc9df7e420eb870b319c7477c9d/volumes returned with HTTP 202 [pid: 7|app: 0|req: 443/877] 10.0.0.100 () {34 vars in 723 bytes} [Mon Jun 8 23:30:09 2026] POST /v3/c1358cc9df7e420eb870b319c7477c9d/volumes => generated 871 bytes in 359 msecs (HTTP/1.1 202) 7 headers in 291 bytes (1 switches on core 0)
2026-06-08 23:30:09.696 8 INFO cinder.api.openstack.wsgi [None req-ecbc345c-5b4f-40cb-b6e1-f188e990b04e dec7e76307404683bee7a5637bcae0ff c1358cc9df7e420eb870b319c7477c9d - - default default] GET http://cinder-api.openstack.svc.cluster.local:8776/v3/c1358cc9df7e420eb870b319c7477c9d/volumes/14db8852-0a7e-4bd8-84dd-3b8463130f5a /var/lib/openstack/lib/python3.12/site-packages/oslo_context/context.py:100: DeprecationWarning: Policy enforcement is depending on the value of is_admin. This key is deprecated. Please update your policy file to use the standard policy values. warnings.warn('Policy enforcement is depending on the value of '
2026-06-08 23:30:09.716 8 INFO cinder.volume.api [None req-ecbc345c-5b4f-40cb-b6e1-f188e990b04e dec7e76307404683bee7a5637bcae0ff c1358cc9df7e420eb870b319c7477c9d - - default default] Volume info retrieved successfully.
2026-06-08 23:30:09.721 8 INFO cinder.api.openstack.wsgi [None req-ecbc345c-5b4f-40cb-b6e1-f188e990b04e dec7e76307404683bee7a5637bcae0ff c1358cc9df7e420eb870b319c7477c9d - - default default] http://cinder-api.openstack.svc.cluster.local:8776/v3/c1358cc9df7e420eb870b319c7477c9d/volumes/14db8852-0a7e-4bd8-84dd-3b8463130f5a returned with HTTP 200 [pid: 8|app: 0|req: 435/878] 10.0.0.100 () {32 vars in 775 bytes} [Mon Jun 8 23:30:09 2026] GET /v3/c1358cc9df7e420eb870b319c7477c9d/volumes/14db8852-0a7e-4bd8-84dd-3b8463130f5a => generated 939 bytes in 31 msecs (HTTP/1.1 200) 7 headers in 285 bytes (1 switches on core 0) /var/lib/openstack/lib/python3.12/site-packages/pycadf/identifier.py:70: UserWarning: Invalid uuid: cinderv3. To ensure interoperability, identifiers should be a valid uuid. warnings.warn(('Invalid uuid: %s. To ensure interoperability, '
2026-06-08 23:30:10.762 7 INFO cinder.api.openstack.wsgi [None req-a5fb787c-40fb-41d8-9a23-2241f44b4a55 dec7e76307404683bee7a5637bcae0ff c1358cc9df7e420eb870b319c7477c9d - - default default] GET http://cinder-api.openstack.svc.cluster.local:8776/v3/c1358cc9df7e420eb870b319c7477c9d/volumes/14db8852-0a7e-4bd8-84dd-3b8463130f5a /var/lib/openstack/lib/python3.12/site-packages/oslo_context/context.py:100: DeprecationWarning: Policy enforcement is depending on the value of is_admin. This key is deprecated. Please update your policy file to use the standard policy values. warnings.warn('Policy enforcement is depending on the value of '
