May 15 10:18:48.076561 np0000174320 devstack@neutron-api.service[103228]: DEBUG neutron.plugins.ml2.drivers.ovn.mech_driver.ovsdb.maintenance [None req-86e1b53b-255f-43bc-bf17-64bd7a2dbd42 None None] Periodic task found: HashRingHealthCheckPeriodics.touch_hash_ring_node {{(pid=103228) add_periodics /opt/stack/neutron/neutron/plugins/ml2/drivers/ovn/mech_driver/ovsdb/maintenance.py:148}}
May 15 10:18:48.077718 np0000174320 devstack@neutron-api.service[103228]: INFO neutron.plugins.ml2.drivers.ovn.mech_driver.mech_driver [None req-86e1b53b-255f-43bc-bf17-64bd7a2dbd42 None None] Hash Ring probing thread for node e9250b05ac76515e916773d0388980f1 has started
May 15 10:18:48.078493 np0000174320 devstack@neutron-api.service[103228]: INFO neutron.plugins.ml2.drivers.ovn.mech_driver.ovsdb.impl_idl_ovn [None req-86e1b53b-255f-43bc-bf17-64bd7a2dbd42 None None] Getting OvsdbNbOvnIdl for WorkerService with retry
May 15 10:18:48.113844 np0000174320 devstack@neutron-api.service[103227]: DEBUG oslo_concurrency.processutils [None req-a95d4902-6717-4f32-a050-55ae3adddea2 None None] CMD "ovsdb-client transact ssl:199.204.45.244:6641 --timeout 180 -p /opt/stack/data/CA/int-ca/private/devstack-cert.key -c /opt/stack/data/CA/int-ca/devstack-cert.crt -C /opt/stack/data/CA/int-ca/ca-chain.pem ["OVN_Northbound", {"op": "wait", "timeout": 0, "table": "Port_Group", "where": [["name", "==", "neutron_pg_drop"]], "until": "==", "rows": []}, {"op": "insert", "table": "ACL", "row": {"action": "drop", "direction": "to-lport", "match": "outport == @neutron_pg_drop && ip", "priority": 1001}, "uuid-name": "droptoport"}, {"op": "insert", "table": "ACL", "row": {"action": "drop", "direction": "from-lport", "match": "inport == @neutron_pg_drop && ip", "priority": 1001}, "uuid-name": "dropfromport"}, {"op": "insert", "table": "Port_Group", "row": {"name": "neutron_pg_drop", "acls": ["set", [["named-uuid", "droptoport"], ["named-uuid", "dropfromport"]]]}}]" returned: 0 in 0.037s {{(pid=103227) execute /opt/stack/data/venv/lib/python3.12/site-packages/oslo_concurrency/processutils.py:468}}
May 15 10:18:48.114974 np0000174320 devstack@neutron-api.service[103227]: DEBUG neutron_lib.callbacks.manager [None req-a95d4902-6717-4f32-a050-55ae3adddea2 None None] Publish callbacks ['neutron.plugins.ml2.drivers.ovn.mech_driver.mech_driver.OVNMechanismDriver.post_fork_initialize-2061301', 'neutron.services.ovn_l3.plugin.OVNL3RouterPlugin._post_fork_initialize-16428903'] for process (None), after_init {{(pid=103227) _notify_loop /opt/stack/data/venv/lib/python3.12/site-packages/neutron_lib/callbacks/manager.py:184}}
May 15 10:18:48.115278 np0000174320 devstack@neutron-api.service[103227]: DEBUG oslo_concurrency.lockutils [None req-a95d4902-6717-4f32-a050-55ae3adddea2 None None] Acquiring lock "singleton_lock" {{(pid=103227) lock /opt/stack/data/venv/lib/python3.12/site-packages/oslo_concurrency/lockutils.py:390}}
May 15 10:18:48.115470 np0000174320 devstack@neutron-api.service[103227]: DEBUG oslo_concurrency.lockutils [None req-a95d4902-6717-4f32-a050-55ae3adddea2 None None] Acquired lock "singleton_lock" {{(pid=103227) lock /opt/stack/data/venv/lib/python3.12/site-packages/oslo_concurrency/lockutils.py:393}}
May 15 10:18:48.115802 np0000174320 devstack@neutron-api.service[103227]: DEBUG oslo_concurrency.lockutils [None req-a95d4902-6717-4f32-a050-55ae3adddea2 None None] Releasing lock "singleton_lock" {{(pid=103227) lock /opt/stack/data/venv/lib/python3.12/site-packages/oslo_concurrency/lockutils.py:413}}
May 15 10:18:48.119885 np0000174320 devstack@neutron-api.service[103227]: DEBUG neutron.plugins.ml2.drivers.ovn.mech_driver.mech_driver [None req-a95d4902-6717-4f32-a050-55ae3adddea2 None None] Hash Ring setup using WSGI start time 2026-05-15 10:18:41+00:00 {{(pid=103227) _init_hash_ring /opt/stack/neutron/neutron/plugins/ml2/drivers/ovn/mech_driver/mech_driver.py:402}}
May 15 10:18:48.121866 np0000174320 devstack@neutron-api.service[103226]: DEBUG neutron.api.v2.resource_helper [None req-0fe9200e-cdf2-4c94-aa2e-ca29985cc484 None None] Service L3_ROUTER_NAT assigned prefix: {{(pid=103226) build_resource_info /opt/stack/neutron/neutron/api/v2/resource_helper.py:77}}
May 15 10:18:48.122471 np0000174320 devstack@neutron-api.service[103226]: DEBUG neutron.api.v2.resource_helper [None req-0fe9200e-cdf2-4c94-aa2e-ca29985cc484 None None] Service FLAVORS assigned prefix: {{(pid=103226) build_resource_info /opt/stack/neutron/neutron/api/v2/resource_helper.py:77}}
May 15 10:18:48.123567 np0000174320 devstack@neutron-api.service[103226]: DEBUG neutron.api.v2.resource_helper [None req-0fe9200e-cdf2-4c94-aa2e-ca29985cc484 None None] Service L3_ROUTER_NAT assigned prefix: {{(pid=103226) build_resource_info /opt/stack/neutron/neutron/api/v2/resource_helper.py:77}}
May 15 10:18:48.123696 np0000174320 devstack@neutron-api.service[103226]: DEBUG neutron.api.v2.resource_helper [None req-0fe9200e-cdf2-4c94-aa2e-ca29985cc484 None None] Service L3_ROUTER_NAT assigned prefix: {{(pid=103226) build_resource_info /opt/stack/neutron/neutron/api/v2/resource_helper.py:77}}
May 15 10:18:48.123879 np0000174320 devstack@neutron-api.service[103226]: INFO neutron.quota.resource_registry [None req-0fe9200e-cdf2-4c94-aa2e-ca29985cc484 None None] Creating instance of TrackedResource for resource:router
May 15 10:18:48.123937 np0000174320 devstack@neutron-api.service[103226]: WARNING neutron.quota.resource_registry [None req-0fe9200e-cdf2-4c94-aa2e-ca29985cc484 None None] router is already registered
May 15 10:18:48.124241 np0000174320 devstack@neutron-api.service[103229]: DEBUG neutron.common.ovn.hash_ring_manager [-] Disallow caching, nodes 2<4 {{(pid=103229) _wait_startup_before_caching /opt/stack/neutron/neutron/common/ovn/hash_ring_manager.py:72}}
May 15 10:18:48.124662 np0000174320 devstack@neutron-api.service[103226]: INFO neutron.quota.resource_registry [None req-0fe9200e-cdf2-4c94-aa2e-ca29985cc484 None None] Creating instance of TrackedResource for resource:floatingip
May 15 10:18:48.124662 np0000174320 devstack@neutron-api.service[103226]: WARNING neutron.quota.resource_registry [None req-0fe9200e-cdf2-4c94-aa2e-ca29985cc484 None None] floatingip is already registered
May 15 10:18:48.125927 np0000174320 devstack@neutron-api.service[103226]: INFO neutron.quota.resource_registry [None req-0fe9200e-cdf2-4c94-aa2e-ca29985cc484 None None] Creating instance of CountableResource for resource:rbac_policy
May 15 10:18:48.125927 np0000174320 devstack@neutron-api.service[103226]: WARNING neutron.quota.resource_registry [None req-0fe9200e-cdf2-4c94-aa2e-ca29985cc484 None None] rbac_policy is already registered
May 15 10:18:48.126767 np0000174320 devstack@neutron-api.service[103226]: INFO neutron.quota.resource_registry [None req-0fe9200e-cdf2-4c94-aa2e-ca29985cc484 None None] Creating instance of TrackedResource for resource:security_group
May 15 10:18:48.126767 np0000174320 devstack@neutron-api.service[103226]: WARNING neutron.quota.resource_registry [None req-0fe9200e-cdf2-4c94-aa2e-ca29985cc484 None None] security_group is already registered
May 15 10:18:48.127345 np0000174320 devstack@neutron-api.service[103226]: INFO neutron.quota.resource_registry [None req-0fe9200e-cdf2-4c94-aa2e-ca29985cc484 None None] Creating instance of TrackedResource for resource:security_group_rule
May 15 10:18:48.127345 np0000174320 devstack@neutron-api.service[103226]: WARNING neutron.quota.resource_registry [None req-0fe9200e-cdf2-4c94-aa2e-ca29985cc484 None None] security_group_rule is already registered
May 15 10:18:48.127919 np0000174320 devstack@neutron-api.service[103227]: INFO neutron.db.ovn_hash_ring_db [None req-a95d4902-6717-4f32-a050-55ae3adddea2 None None] Nodes from host "np0000174320" and group "mechanism_driver" removed from the Hash Ring created at 2026-05-15 10:18:41+00:00
May 15 10:18:48.128058 np0000174320 devstack@neutron-api.service[103226]: DEBUG neutron.api.v2.resource_helper [None req-0fe9200e-cdf2-4c94-aa2e-ca29985cc484 None None] Service CORE assigned prefix: {{(pid=103226) build_resource_info /opt/stack/neutron/neutron/api/v2/resource_helper.py:77}}
May 15 10:18:48.128058 np0000174320 devstack@neutron-api.service[103226]: INFO neutron.quota.resource_registry [None req-0fe9200e-cdf2-4c94-aa2e-ca29985cc484 None None] Creating instance of TrackedResource for resource:subnetpool
May 15 10:18:48.128207 np0000174320 devstack@neutron-api.service[103226]: WARNING neutron.quota.resource_registry [None req-0fe9200e-cdf2-4c94-aa2e-ca29985cc484 None None] subnetpool is already registered
May 15 10:18:48.128750 np0000174320 devstack@neutron-api.service[103226]: DEBUG neutron.api.extensions [None req-0fe9200e-cdf2-4c94-aa2e-ca29985cc484 None None] Extended resource: extensions {{(pid=103226) __init__ /opt/stack/neutron/neutron/api/extensions.py:156}}
May 15 10:18:48.129794 np0000174320 devstack@neutron-api.service[103226]: DEBUG neutron.api.extensions [None req-0fe9200e-cdf2-4c94-aa2e-ca29985cc484 None None] Extended resource: address-groups {{(pid=103226) __init__ /opt/stack/neutron/neutron/api/extensions.py:156}}
May 15 10:18:48.130240 np0000174320 devstack@neutron-api.service[103226]: DEBUG neutron.api.extensions [None req-0fe9200e-cdf2-4c94-aa2e-ca29985cc484 None None] Extended resource: address-scopes {{(pid=103226) __init__ /opt/stack/neutron/neutron/api/extensions.py:156}}
May 15 10:18:48.130331 np0000174320 devstack@neutron-api.service[103227]: INFO neutron.db.ovn_hash_ring_db [None req-a95d4902-6717-4f32-a050-55ae3adddea2 None None] Node 22504558c5ee55bab644963dc89b6b90 from host "np0000174320" and group "mechanism_driver" added to the Hash Ring
May 15 10:18:48.130806 np0000174320 devstack@neutron-api.service[103226]: DEBUG neutron.api.extensions [None req-0fe9200e-cdf2-4c94-aa2e-ca29985cc484 None None] Extended resource: agents {{(pid=103226) __init__ /opt/stack/neutron/neutron/api/extensions.py:156}}
May 15 10:18:48.131363 np0000174320 devstack@neutron-api.service[103229]: DEBUG neutron.common.ovn.hash_ring_manager [-] Hash Ring loaded. 2 active nodes. 0 offline nodes {{(pid=103229) _load_hash_ring /opt/stack/neutron/neutron/common/ovn/hash_ring_manager.py:102}}
May 15 10:18:48.131494 np0000174320 devstack@neutron-api.service[103226]: DEBUG neutron.api.extensions [None req-0fe9200e-cdf2-4c94-aa2e-ca29985cc484 None None] Extended resource: auto-allocated-topology {{(pid=103226) __init__ /opt/stack/neutron/neutron/api/extensions.py:156}}
May 15 10:18:48.131559 np0000174320 devstack@neutron-api.service[103229]: DEBUG neutron.plugins.ml2.drivers.ovn.mech_driver.ovsdb.ovsdb_monitor [-] Hash Ring: Node 2eaab11041a451ce9f29395aa9238f6b (host: np0000174320) handling event "update" for row 0c3a6ff5-772b-4011-ba5c-92d61eef5e4b (table: Connection) {{(pid=103229) notify /opt/stack/neutron/neutron/plugins/ml2/drivers/ovn/mech_driver/ovsdb/ovsdb_monitor.py:942}}
May 15 10:18:48.132057 np0000174320 devstack@neutron-api.service[103226]: DEBUG neutron.api.extensions [None req-0fe9200e-cdf2-4c94-aa2e-ca29985cc484 None None] Extended resource: availability_zones {{(pid=103226) __init__ /opt/stack/neutron/neutron/api/extensions.py:156}}
May 15 10:18:48.132696 np0000174320 devstack@neutron-api.service[103226]: DEBUG neutron.api.extensions [None req-0fe9200e-cdf2-4c94-aa2e-ca29985cc484 None None] Extended resource: dhcp-networks {{(pid=103226) __init__ /opt/stack/neutron/neutron/api/extensions.py:156}}
May 15 10:18:48.133352 np0000174320 devstack@neutron-api.service[103227]: DEBUG neutron.plugins.ml2.drivers.ovn.mech_driver.mech_driver [None req-a95d4902-6717-4f32-a050-55ae3adddea2 None None] Hash Ring setup, this worker has detected 3 OVN hash ring registers in the database {{(pid=103227) _init_hash_ring /opt/stack/neutron/neutron/plugins/ml2/drivers/ovn/mech_driver/mech_driver.py:412}}
May 15 10:18:48.133545 np0000174320 devstack@neutron-api.service[103226]: DEBUG neutron.api.extensions [None req-0fe9200e-cdf2-4c94-aa2e-ca29985cc484 None None] Extended resource: dhcp-agents {{(pid=103226) __init__ /opt/stack/neutron/neutron/api/extensions.py:156}}
May 15 10:18:48.134254 np0000174320 devstack@neutron-api.service[103226]: DEBUG neutron.api.extensions [None req-0fe9200e-cdf2-4c94-aa2e-ca29985cc484 None None] Extended resource: routers {{(pid=103226) __init__ /opt/stack/neutron/neutron/api/extensions.py:156}}
May 15 10:18:48.135292 np0000174320 devstack@neutron-api.service[103226]: DEBUG neutron.api.extensions [None req-0fe9200e-cdf2-4c94-aa2e-ca29985cc484 None None] Extended resource: flavors {{(pid=103226) __init__ /opt/stack/neutron/neutron/api/extensions.py:156}}
May 15 10:18:48.136162 np0000174320 devstack@neutron-api.service[103226]: DEBUG neutron.api.extensions [None req-0fe9200e-cdf2-4c94-aa2e-ca29985cc484 None None] Extended resource: service_profiles {{(pid=103226) __init__ /opt/stack/neutron/neutron/api/extensions.py:156}}
May 15 10:18:48.136604 np0000174320 devstack@neutron-api.service[103226]: DEBUG neutron.api.extensions [None req-0fe9200e-cdf2-4c94-aa2e-ca29985cc484 None None] Extended resource: next_providers {{(pid=103226) __init__ /opt/stack/neutron/neutron/api/extensions.py:156}}
May 15 10:18:48.137318 np0000174320 devstack@neutron-api.service[103226]: DEBUG neutron.api.extensions [None req-0fe9200e-cdf2-4c94-aa2e-ca29985cc484 None None] Extended resource: service_profiles {{(pid=103226) __init__ /opt/stack/neutron/neutron/api/extensions.py:156}}
May 15 10:18:48.138222 np0000174320 devstack@neutron-api.service[103226]: DEBUG neutron.api.extensions [None req-0fe9200e-cdf2-4c94-aa2e-ca29985cc484 None None] Extended resource: floatingip-pools {{(pid=103226) __init__ /opt/stack/neutron/neutron/api/extensions.py:156}}
May 15 10:18:48.138295 np0000174320 devstack@neutron-api.service[103227]: DEBUG neutron.plugins.ml2.drivers.ovn.mech_driver.ovsdb.maintenance [None req-a95d4902-6717-4f32-a050-55ae3adddea2 None None] Periodic task found: HashRingHealthCheckPeriodics.touch_hash_ring_node {{(pid=103227) add_periodics /opt/stack/neutron/neutron/plugins/ml2/drivers/ovn/mech_driver/ovsdb/maintenance.py:148}}
May 15 10:18:48.138783 np0000174320 devstack@neutron-api.service[103226]: DEBUG neutron.api.extensions [None req-0fe9200e-cdf2-4c94-aa2e-ca29985cc484 None None] Extended resource: routers {{(pid=103226) __init__ /opt/stack/neutron/neutron/api/extensions.py:156}}
May 15 10:18:48.139192 np0000174320 devstack@neutron-api.service[103227]: INFO neutron.plugins.ml2.drivers.ovn.mech_driver.mech_driver [None req-a95d4902-6717-4f32-a050-55ae3adddea2 None None] Hash Ring probing thread for node 22504558c5ee55bab644963dc89b6b90 has started
May 15 10:18:48.139712 np0000174320 devstack@neutron-api.service[103227]: INFO neutron.plugins.ml2.drivers.ovn.mech_driver.ovsdb.impl_idl_ovn [None req-a95d4902-6717-4f32-a050-55ae3adddea2 None None] Getting OvsdbNbOvnIdl for WorkerService with retry
May 15 10:18:48.139852 np0000174320 devstack@neutron-api.service[103226]: DEBUG neutron.api.extensions [None req-0fe9200e-cdf2-4c94-aa2e-ca29985cc484 None None] Extended resource: floatingips {{(pid=103226) __init__ /opt/stack/neutron/neutron/api/extensions.py:156}}
May 15 10:18:48.140578 np0000174320 devstack@neutron-api.service[103226]: DEBUG neutron.api.extensions [None req-0fe9200e-cdf2-4c94-aa2e-ca29985cc484 None None] Extended resource: network-ip-availabilities {{(pid=103226) __init__ /opt/stack/neutron/neutron/api/extensions.py:156}}
May 15 10:18:48.141240 np0000174320 devstack@neutron-api.service[103226]: DEBUG neutron.api.extensions [None req-0fe9200e-cdf2-4c94-aa2e-ca29985cc484 None None] Extended resource: network-ip-availabilities {{(pid=103226) __init__ /opt/stack/neutron/neutron/api/extensions.py:156}}
May 15 10:18:48.141905 np0000174320 devstack@neutron-api.service[103226]: DEBUG neutron.api.extensions [None req-0fe9200e-cdf2-4c94-aa2e-ca29985cc484 None None] Extended resource: bindings {{(pid=103226) __init__ /opt/stack/neutron/neutron/api/extensions.py:156}}
May 15 10:18:48.142872 np0000174320 devstack@neutron-api.service[103226]: DEBUG neutron.api.extensions [None req-0fe9200e-cdf2-4c94-aa2e-ca29985cc484 None None] Extended resource: quotas {{(pid=103226) __init__ /opt/stack/neutron/neutron/api/extensions.py:156}}
May 15 10:18:48.143644 np0000174320 devstack@neutron-api.service[103226]: DEBUG neutron.api.extensions [None req-0fe9200e-cdf2-4c94-aa2e-ca29985cc484 None None] Extended resource: quotas {{(pid=103226) __init__ /opt/stack/neutron/neutron/api/extensions.py:156}}
May 15 10:18:48.144460 np0000174320 devstack@neutron-api.service[103226]: DEBUG neutron.api.extensions [None req-0fe9200e-cdf2-4c94-aa2e-ca29985cc484 None None] Extended resource: rbac-policies {{(pid=103226) __init__ /opt/stack/neutron/neutron/api/extensions.py:156}}
May 15 10:18:48.145092 np0000174320 devstack@neutron-api.service[103226]: DEBUG neutron.api.extensions [None req-0fe9200e-cdf2-4c94-aa2e-ca29985cc484 None None] Extended resource: default-security-group-rules {{(pid=103226) __init__ /opt/stack/neutron/neutron/api/extensions.py:156}}
May 15 10:18:48.145885 np0000174320 devstack@neutron-api.service[103226]: DEBUG neutron.api.extensions [None req-0fe9200e-cdf2-4c94-aa2e-ca29985cc484 None None] Extended resource: security-groups {{(pid=103226) __init__ /opt/stack/neutron/neutron/api/extensions.py:156}}
May 15 10:18:48.146450 np0000174320 devstack@neutron-api.service[103226]: DEBUG neutron.api.extensions [None req-0fe9200e-cdf2-4c94-aa2e-ca29985cc484 None None] Extended resource: security-group-rules {{(pid=103226) __init__ /opt/stack/neutron/neutron/api/extensions.py:156}}
May 15 10:18:48.147141 np0000174320 devstack@neutron-api.service[103226]: DEBUG neutron.api.extensions [None req-0fe9200e-cdf2-4c94-aa2e-ca29985cc484 None None] Extended resource: service-providers {{(pid=103226) __init__ /opt/stack/neutron/neutron/api/extensions.py:156}}
May 15 10:18:48.147793 np0000174320 devstack@neutron-api.service[103226]: DEBUG neutron.api.extensions [None req-0fe9200e-cdf2-4c94-aa2e-ca29985cc484 None None] Extended resource: subnetpools {{(pid=103226) __init__ /opt/stack/neutron/neutron/api/extensions.py:156}}
May 15 10:18:48.148488 np0000174320 devstack@neutron-api.service[103226]: DEBUG neutron.api.extensions [None req-0fe9200e-cdf2-4c94-aa2e-ca29985cc484 None None] Extended resource: tags {{(pid=103226) __init__ /opt/stack/neutron/neutron/api/extensions.py:156}}
May 15 10:18:48.149446 np0000174320 devstack@neutron-api.service[103226]: DEBUG neutron.api.extensions [None req-0fe9200e-cdf2-4c94-aa2e-ca29985cc484 None None] Extended resource: tags {{(pid=103226) __init__ /opt/stack/neutron/neutron/api/extensions.py:156}}
May 15 10:18:48.150560 np0000174320 devstack@neutron-api.service[103226]: DEBUG neutron.api.extensions [None req-0fe9200e-cdf2-4c94-aa2e-ca29985cc484 None None] Extended resource: tags {{(pid=103226) __init__ /opt/stack/neutron/neutron/api/extensions.py:156}}
May 15 10:18:48.152027 np0000174320 devstack@neutron-api.service[103226]: DEBUG neutron.api.extensions [None req-0fe9200e-cdf2-4c94-aa2e-ca29985cc484 None None] Extended resource: tags {{(pid=103226) __init__ /opt/stack/neutron/neutron/api/extensions.py:156}}
May 15 10:18:48.153921 np0000174320 devstack@neutron-api.service[103226]: DEBUG neutron.api.extensions [None req-0fe9200e-cdf2-4c94-aa2e-ca29985cc484 None None] Extended resource: tags {{(pid=103226) __init__ /opt/stack/neutron/neutron/api/extensions.py:156}}
May 15 10:18:48.154923 np0000174320 devstack@neutron-api.service[103226]: DEBUG neutron.api.extensions [None req-0fe9200e-cdf2-4c94-aa2e-ca29985cc484 None None] Extended resource: tags {{(pid=103226) __init__ /opt/stack/neutron/neutron/api/extensions.py:156}}
May 15 10:18:48.155850 np0000174320 devstack@neutron-api.service[103226]: DEBUG neutron.api.extensions [None req-0fe9200e-cdf2-4c94-aa2e-ca29985cc484 None None] Extended resource: tags {{(pid=103226) __init__ /opt/stack/neutron/neutron/api/extensions.py:156}}
May 15 10:18:48.156871 np0000174320 devstack@neutron-api.service[103226]: DEBUG neutron.api.extensions [None req-0fe9200e-cdf2-4c94-aa2e-ca29985cc484 None None] Extended resource: tags {{(pid=103226) __init__ /opt/stack/neutron/neutron/api/extensions.py:156}}
May 15 10:18:48.157813 np0000174320 devstack@neutron-api.service[103226]: DEBUG neutron.api.extensions [None req-0fe9200e-cdf2-4c94-aa2e-ca29985cc484 None None] Extended resource: tags {{(pid=103226) __init__ /opt/stack/neutron/neutron/api/extensions.py:156}}
May 15 10:18:48.158753 np0000174320 devstack@neutron-api.service[103226]: DEBUG neutron.api.extensions [None req-0fe9200e-cdf2-4c94-aa2e-ca29985cc484 None None] Extended resource: tags {{(pid=103226) __init__ /opt/stack/neutron/neutron/api/extensions.py:156}}
May 15 10:18:48.162694 np0000174320 devstack@neutron-api.service[103226]: WARNING keystonemiddleware.auth_token [None req-0fe9200e-cdf2-4c94-aa2e-ca29985cc484 None None] AuthToken middleware is set with keystone_authtoken.service_token_roles_required set to False. This is backwards compatible but deprecated behaviour. Please set this to True.
May 15 10:18:48.170263 np0000174320 devstack@neutron-api.service[103226]: DEBUG neutron_lib.callbacks.manager [None req-0fe9200e-cdf2-4c94-aa2e-ca29985cc484 None None] Publish callbacks ['neutron.plugins.ml2.drivers.ovn.mech_driver.mech_driver.OVNMechanismDriver.pre_fork_initialize-1863915'] for process (None), before_spawn {{(pid=103226) _notify_loop /opt/stack/data/venv/lib/python3.12/site-packages/neutron_lib/callbacks/manager.py:184}}
May 15 10:18:48.170866 np0000174320 devstack@neutron-api.service[103226]: DEBUG oslo_concurrency.processutils [None req-0fe9200e-cdf2-4c94-aa2e-ca29985cc484 None None] Running cmd (subprocess): ovsdb-client transact ssl:199.204.45.244:6641 --timeout 180 -p /opt/stack/data/CA/int-ca/private/devstack-cert.key -c /opt/stack/data/CA/int-ca/devstack-cert.crt -C /opt/stack/data/CA/int-ca/ca-chain.pem ["OVN_Northbound", {"op": "wait", "timeout": 0, "table": "Port_Group", "where": [["name", "==", "neutron_pg_drop"]], "until": "==", "rows": []}, {"op": "insert", "table": "ACL", "row": {"action": "drop", "direction": "to-lport", "match": "outport == @neutron_pg_drop && ip", "priority": 1001}, "uuid-name": "droptoport"}, {"op": "insert", "table": "ACL", "row": {"action": "drop", "direction": "from-lport", "match": "inport == @neutron_pg_drop && ip", "priority": 1001}, "uuid-name": "dropfromport"}, {"op": "insert", "table": "Port_Group", "row": {"name": "neutron_pg_drop", "acls": ["set", [["named-uuid", "droptoport"], ["named-uuid", "dropfromport"]]]}}] {{(pid=103226) execute /opt/stack/data/venv/lib/python3.12/site-packages/oslo_concurrency/processutils.py:440}}
May 15 10:18:48.215642 np0000174320 devstack@neutron-api.service[103226]: DEBUG oslo_concurrency.processutils [None req-0fe9200e-cdf2-4c94-aa2e-ca29985cc484 None None] CMD "ovsdb-client transact ssl:199.204.45.244:6641 --timeout 180 -p /opt/stack/data/CA/int-ca/private/devstack-cert.key -c /opt/stack/data/CA/int-ca/devstack-cert.crt -C /opt/stack/data/CA/int-ca/ca-chain.pem ["OVN_Northbound", {"op": "wait", "timeout": 0, "table": "Port_Group", "where": [["name", "==", "neutron_pg_drop"]], "until": "==", "rows": []}, {"op": "insert", "table": "ACL", "row": {"action": "drop", "direction": "to-lport", "match": "outport == @neutron_pg_drop && ip", "priority": 1001}, "uuid-name": "droptoport"}, {"op": "insert", "table": "ACL", "row": {"action": "drop", "direction": "from-lport", "match": "inport == @neutron_pg_drop && ip", "priority": 1001}, "uuid-name": "dropfromport"}, {"op": "insert", "table": "Port_Group", "row": {"name": "neutron_pg_drop", "acls": ["set", [["named-uuid", "droptoport"], ["named-uuid", "dropfromport"]]]}}]" returned: 0 in 0.044s {{(pid=103226) execute /opt/stack/data/venv/lib/python3.12/site-packages/oslo_concurrency/processutils.py:468}}
May 15 10:18:48.216228 np0000174320 devstack@neutron-api.service[103226]: DEBUG neutron_lib.callbacks.manager [None req-0fe9200e-cdf2-4c94-aa2e-ca29985cc484 None None] Publish callbacks ['neutron.plugins.ml2.drivers.ovn.mech_driver.mech_driver.OVNMechanismDriver.post_fork_initialize-1863955', 'neutron.services.ovn_l3.plugin.OVNL3RouterPlugin._post_fork_initialize-2936'] for process (None), after_init {{(pid=103226) _notify_loop /opt/stack/data/venv/lib/python3.12/site-packages/neutron_lib/callbacks/manager.py:184}}
May 15 10:18:48.216640 np0000174320 devstack@neutron-api.service[103226]: DEBUG oslo_concurrency.lockutils [None req-0fe9200e-cdf2-4c94-aa2e-ca29985cc484 None None] Acquiring lock "singleton_lock" {{(pid=103226) lock /opt/stack/data/venv/lib/python3.12/site-packages/oslo_concurrency/lockutils.py:390}}
May 15 10:18:48.216787 np0000174320 devstack@neutron-api.service[103226]: DEBUG oslo_concurrency.lockutils [None req-0fe9200e-cdf2-4c94-aa2e-ca29985cc484 None None] Acquired lock "singleton_lock" {{(pid=103226) lock /opt/stack/data/venv/lib/python3.12/site-packages/oslo_concurrency/lockutils.py:393}}
May 15 10:18:48.217080 np0000174320 devstack@neutron-api.service[103226]: DEBUG oslo_concurrency.lockutils [None req-0fe9200e-cdf2-4c94-aa2e-ca29985cc484 None None] Releasing lock "singleton_lock" {{(pid=103226) lock /opt/stack/data/venv/lib/python3.12/site-packages/oslo_concurrency/lockutils.py:413}}
May 15 10:18:48.219421 np0000174320 devstack@neutron-api.service[103226]: DEBUG neutron.plugins.ml2.drivers.ovn.mech_driver.mech_driver [None req-0fe9200e-cdf2-4c94-aa2e-ca29985cc484 None None] Hash Ring setup using WSGI start time 2026-05-15 10:18:41+00:00 {{(pid=103226) _init_hash_ring /opt/stack/neutron/neutron/plugins/ml2/drivers/ovn/mech_driver/mech_driver.py:402}}
May 15 10:18:48.226497 np0000174320 devstack@neutron-api.service[103226]: INFO neutron.db.ovn_hash_ring_db [None req-0fe9200e-cdf2-4c94-aa2e-ca29985cc484 None None] Nodes from host "np0000174320" and group "mechanism_driver" removed from the Hash Ring created at 2026-05-15 10:18:41+00:00
May 15 10:18:48.229519 np0000174320 devstack@neutron-api.service[103226]: INFO neutron.db.ovn_hash_ring_db [None req-0fe9200e-cdf2-4c94-aa2e-ca29985cc484 None None] Node f4816d38c53a57a9b2666fe0c769e70c from host "np0000174320" and group "mechanism_driver" added to the Hash Ring
May 15 10:18:48.232811 np0000174320 devstack@neutron-api.service[103226]: DEBUG neutron.plugins.ml2.drivers.ovn.mech_driver.mech_driver [None req-0fe9200e-cdf2-4c94-aa2e-ca29985cc484 None None] Hash Ring setup, this worker has detected 4 OVN hash ring registers in the database {{(pid=103226) _init_hash_ring /opt/stack/neutron/neutron/plugins/ml2/drivers/ovn/mech_driver/mech_driver.py:412}}
May 15 10:18:48.241641 np0000174320 devstack@neutron-api.service[103226]: DEBUG neutron.plugins.ml2.drivers.ovn.mech_driver.ovsdb.maintenance [None req-0fe9200e-cdf2-4c94-aa2e-ca29985cc484 None None] Periodic task found: HashRingHealthCheckPeriodics.touch_hash_ring_node {{(pid=103226) add_periodics /opt/stack/neutron/neutron/plugins/ml2/drivers/ovn/mech_driver/ovsdb/maintenance.py:148}}
May 15 10:18:48.242792 np0000174320 devstack@neutron-api.service[103226]: INFO neutron.plugins.ml2.drivers.ovn.mech_driver.mech_driver [None req-0fe9200e-cdf2-4c94-aa2e-ca29985cc484 None None] Hash Ring probing thread for node f4816d38c53a57a9b2666fe0c769e70c has started
May 15 10:18:48.243597 np0000174320 devstack@neutron-api.service[103226]: INFO neutron.plugins.ml2.drivers.ovn.mech_driver.ovsdb.impl_idl_ovn [None req-0fe9200e-cdf2-4c94-aa2e-ca29985cc484 None None] Getting OvsdbNbOvnIdl for WorkerService with retry
May 15 10:18:48.292996 np0000174320 devstack@neutron-api.service[103229]: [pid: 103229|app: 0|req: 1/1] 199.204.45.244 () {62 vars in 988 bytes} [Fri May 15 10:18:48 2026] GET /networking => generated 130 bytes in 2 msecs (HTTP/1.1 200) 3 headers in 91 bytes (1 switches on core 0)
May 15 10:18:48.296082 np0000174320 devstack@neutron-api.service[103228]: DEBUG ovsdbapp.backend.ovs_idl [None req-86e1b53b-255f-43bc-bf17-64bd7a2dbd42 None None] Created lookup_table index Logical_Switch.name {{(pid=103228) autocreate_indices /opt/stack/data/venv/lib/python3.12/site-packages/ovsdbapp/backend/ovs_idl/__init__.py:87}}
May 15 10:18:48.296175 np0000174320 devstack@neutron-api.service[103228]: DEBUG ovsdbapp.backend.ovs_idl [None req-86e1b53b-255f-43bc-bf17-64bd7a2dbd42 None None] Created lookup_table index Logical_Router.name {{(pid=103228) autocreate_indices /opt/stack/data/venv/lib/python3.12/site-packages/ovsdbapp/backend/ovs_idl/__init__.py:87}}
May 15 10:18:48.296269 np0000174320 devstack@neutron-api.service[103228]: DEBUG ovsdbapp.backend.ovs_idl [None req-86e1b53b-255f-43bc-bf17-64bd7a2dbd42 None None] Created lookup_table index Load_Balancer.name {{(pid=103228) autocreate_indices /opt/stack/data/venv/lib/python3.12/site-packages/ovsdbapp/backend/ovs_idl/__init__.py:87}}
May 15 10:18:48.296376 np0000174320 devstack@neutron-api.service[103228]: DEBUG ovsdbapp.backend.ovs_idl [None req-86e1b53b-255f-43bc-bf17-64bd7a2dbd42 None None] Created schema index Copp.name {{(pid=103228) autocreate_indices /opt/stack/data/venv/lib/python3.12/site-packages/ovsdbapp/backend/ovs_idl/__init__.py:106}}
May 15 10:18:48.296482 np0000174320 devstack@neutron-api.service[103228]: DEBUG ovsdbapp.backend.ovs_idl [None req-86e1b53b-255f-43bc-bf17-64bd7a2dbd42 None None] Created schema index Meter.name {{(pid=103228) autocreate_indices /opt/stack/data/venv/lib/python3.12/site-packages/ovsdbapp/backend/ovs_idl/__init__.py:106}}
May 15 10:18:48.296573 np0000174320 devstack@neutron-api.service[103228]: DEBUG ovsdbapp.backend.ovs_idl [None req-86e1b53b-255f-43bc-bf17-64bd7a2dbd42 None None] Created schema index Load_Balancer_Group.name {{(pid=103228) autocreate_indices /opt/stack/data/venv/lib/python3.12/site-packages/ovsdbapp/backend/ovs_idl/__init__.py:106}}
May 15 10:18:48.296661 np0000174320 devstack@neutron-api.service[103228]: DEBUG ovsdbapp.backend.ovs_idl [None req-86e1b53b-255f-43bc-bf17-64bd7a2dbd42 None None] Created schema index HA_Chassis_Group.name {{(pid=103228) autocreate_indices /opt/stack/data/venv/lib/python3.12/site-packages/ovsdbapp/backend/ovs_idl/__init__.py:106}}
May 15 10:18:48.296747 np0000174320 devstack@neutron-api.service[103228]: DEBUG ovsdbapp.backend.ovs_idl [None req-86e1b53b-255f-43bc-bf17-64bd7a2dbd42 None None] Created schema index Address_Set.name {{(pid=103228) autocreate_indices /opt/stack/data/venv/lib/python3.12/site-packages/ovsdbapp/backend/ovs_idl/__init__.py:106}}
May 15 10:18:48.296842 np0000174320 devstack@neutron-api.service[103228]: DEBUG ovsdbapp.backend.ovs_idl [None req-86e1b53b-255f-43bc-bf17-64bd7a2dbd42 None None] Created schema index Connection.target {{(pid=103228) autocreate_indices /opt/stack/data/venv/lib/python3.12/site-packages/ovsdbapp/backend/ovs_idl/__init__.py:106}}
May 15 10:18:48.296930 np0000174320 devstack@neutron-api.service[103228]: DEBUG ovsdbapp.backend.ovs_idl [None req-86e1b53b-255f-43bc-bf17-64bd7a2dbd42 None None] Created schema index Gateway_Chassis.name {{(pid=103228) autocreate_indices /opt/stack/data/venv/lib/python3.12/site-packages/ovsdbapp/backend/ovs_idl/__init__.py:106}}
May 15 10:18:48.297016 np0000174320 devstack@neutron-api.service[103228]: DEBUG ovsdbapp.backend.ovs_idl [None req-86e1b53b-255f-43bc-bf17-64bd7a2dbd42 None None] Created schema index Mirror.name {{(pid=103228) autocreate_indices /opt/stack/data/venv/lib/python3.12/site-packages/ovsdbapp/backend/ovs_idl/__init__.py:106}}
May 15 10:18:48.297105 np0000174320 devstack@neutron-api.service[103228]: DEBUG ovsdbapp.backend.ovs_idl [None req-86e1b53b-255f-43bc-bf17-64bd7a2dbd42 None None] Created schema index Chassis_Template_Var.chassis {{(pid=103228) autocreate_indices /opt/stack/data/venv/lib/python3.12/site-packages/ovsdbapp/backend/ovs_idl/__init__.py:106}}
May 15 10:18:48.297193 np0000174320 devstack@neutron-api.service[103228]: DEBUG ovsdbapp.backend.ovs_idl [None req-86e1b53b-255f-43bc-bf17-64bd7a2dbd42 None None] Created schema index Logical_Router_Port.name {{(pid=103228) autocreate_indices /opt/stack/data/venv/lib/python3.12/site-packages/ovsdbapp/backend/ovs_idl/__init__.py:106}}
May 15 10:18:48.297280 np0000174320 devstack@neutron-api.service[103228]: DEBUG ovsdbapp.backend.ovs_idl [None req-86e1b53b-255f-43bc-bf17-64bd7a2dbd42 None None] Created schema index Port_Group.name {{(pid=103228) autocreate_indices /opt/stack/data/venv/lib/python3.12/site-packages/ovsdbapp/backend/ovs_idl/__init__.py:106}}
May 15 10:18:48.297366 np0000174320 devstack@neutron-api.service[103228]: DEBUG ovsdbapp.backend.ovs_idl [None req-86e1b53b-255f-43bc-bf17-64bd7a2dbd42 None None] Created schema index Logical_Switch_Port.name {{(pid=103228) autocreate_indices /opt/stack/data/venv/lib/python3.12/site-packages/ovsdbapp/backend/ovs_idl/__init__.py:106}}
May 15 10:18:48.299680 np0000174320 devstack@neutron-api.service[103228]: INFO ovsdbapp.backend.ovs_idl.vlog [None req-86e1b53b-255f-43bc-bf17-64bd7a2dbd42 None None] ssl:199.204.45.244:6641: connecting...
May 15 10:18:48.302071 np0000174320 devstack@neutron-api.service[103226]: DEBUG ovsdbapp.backend.ovs_idl [None req-0fe9200e-cdf2-4c94-aa2e-ca29985cc484 None None] Created lookup_table index Logical_Switch.name {{(pid=103226) autocreate_indices /opt/stack/data/venv/lib/python3.12/site-packages/ovsdbapp/backend/ovs_idl/__init__.py:87}}
May 15 10:18:48.302302 np0000174320 devstack@neutron-api.service[103226]: DEBUG ovsdbapp.backend.ovs_idl [None req-0fe9200e-cdf2-4c94-aa2e-ca29985cc484 None None] Created lookup_table index Logical_Router.name {{(pid=103226) autocreate_indices /opt/stack/data/venv/lib/python3.12/site-packages/ovsdbapp/backend/ovs_idl/__init__.py:87}}
May 15 10:18:48.302302 np0000174320 devstack@neutron-api.service[103226]: DEBUG ovsdbapp.backend.ovs_idl [None req-0fe9200e-cdf2-4c94-aa2e-ca29985cc484 None None] Created lookup_table index Load_Balancer.name {{(pid=103226) autocreate_indices /opt/stack/data/venv/lib/python3.12/site-packages/ovsdbapp/backend/ovs_idl/__init__.py:87}}
May 15 10:18:48.302531 np0000174320 devstack@neutron-api.service[103226]: DEBUG ovsdbapp.backend.ovs_idl [None req-0fe9200e-cdf2-4c94-aa2e-ca29985cc484 None None] Created schema index Copp.name {{(pid=103226) autocreate_indices /opt/stack/data/venv/lib/python3.12/site-packages/ovsdbapp/backend/ovs_idl/__init__.py:106}}
May 15 10:18:48.302650 np0000174320 devstack@neutron-api.service[103226]: DEBUG ovsdbapp.backend.ovs_idl [None req-0fe9200e-cdf2-4c94-aa2e-ca29985cc484 None None] Created schema index Meter.name {{(pid=103226) autocreate_indices /opt/stack/data/venv/lib/python3.12/site-packages/ovsdbapp/backend/ovs_idl/__init__.py:106}}
May 15 10:18:48.302707 np0000174320 devstack@neutron-api.service[103226]: DEBUG ovsdbapp.backend.ovs_idl [None req-0fe9200e-cdf2-4c94-aa2e-ca29985cc484 None None] Created schema index Load_Balancer_Group.name {{(pid=103226) autocreate_indices /opt/stack/data/venv/lib/python3.12/site-packages/ovsdbapp/backend/ovs_idl/__init__.py:106}}
May 15 10:18:48.302826 np0000174320 devstack@neutron-api.service[103226]: DEBUG ovsdbapp.backend.ovs_idl [None req-0fe9200e-cdf2-4c94-aa2e-ca29985cc484 None None] Created schema index HA_Chassis_Group.name {{(pid=103226) autocreate_indices /opt/stack/data/venv/lib/python3.12/site-packages/ovsdbapp/backend/ovs_idl/__init__.py:106}}
May 15 10:18:48.302937 np0000174320 devstack@neutron-api.service[103226]: DEBUG ovsdbapp.backend.ovs_idl [None req-0fe9200e-cdf2-4c94-aa2e-ca29985cc484 None None] Created schema index Address_Set.name {{(pid=103226) autocreate_indices /opt/stack/data/venv/lib/python3.12/site-packages/ovsdbapp/backend/ovs_idl/__init__.py:106}}
May 15 10:18:48.303062 np0000174320 devstack@neutron-api.service[103226]: DEBUG ovsdbapp.backend.ovs_idl [None req-0fe9200e-cdf2-4c94-aa2e-ca29985cc484 None None] Created schema index Connection.target {{(pid=103226) autocreate_indices /opt/stack/data/venv/lib/python3.12/site-packages/ovsdbapp/backend/ovs_idl/__init__.py:106}}
May 15 10:18:48.303179 np0000174320 devstack@neutron-api.service[103226]: DEBUG ovsdbapp.backend.ovs_idl [None req-0fe9200e-cdf2-4c94-aa2e-ca29985cc484 None None] Created schema index Gateway_Chassis.name {{(pid=103226) autocreate_indices /opt/stack/data/venv/lib/python3.12/site-packages/ovsdbapp/backend/ovs_idl/__init__.py:106}}
May 15 10:18:48.303287 np0000174320 devstack@neutron-api.service[103226]: DEBUG ovsdbapp.backend.ovs_idl [None req-0fe9200e-cdf2-4c94-aa2e-ca29985cc484 None None] Created schema index Mirror.name {{(pid=103226) autocreate_indices /opt/stack/data/venv/lib/python3.12/site-packages/ovsdbapp/backend/ovs_idl/__init__.py:106}}
May 15 10:18:48.303428 np0000174320 devstack@neutron-api.service[103226]: DEBUG ovsdbapp.backend.ovs_idl [None req-0fe9200e-cdf2-4c94-aa2e-ca29985cc484 None None] Created schema index Chassis_Template_Var.chassis {{(pid=103226) autocreate_indices /opt/stack/data/venv/lib/python3.12/site-packages/ovsdbapp/backend/ovs_idl/__init__.py:106}}
May 15 10:18:48.303537 np0000174320 devstack@neutron-api.service[103226]: DEBUG ovsdbapp.backend.ovs_idl [None req-0fe9200e-cdf2-4c94-aa2e-ca29985cc484 None None] Created schema index Logical_Router_Port.name {{(pid=103226) autocreate_indices /opt/stack/data/venv/lib/python3.12/site-packages/ovsdbapp/backend/ovs_idl/__init__.py:106}}
May 15 10:18:48.303747 np0000174320 devstack@neutron-api.service[103226]: DEBUG ovsdbapp.backend.ovs_idl [None req-0fe9200e-cdf2-4c94-aa2e-ca29985cc484 None None] Created schema index Port_Group.name {{(pid=103226) autocreate_indices /opt/stack/data/venv/lib/python3.12/site-packages/ovsdbapp/backend/ovs_idl/__init__.py:106}}
May 15 10:18:48.303833 np0000174320 devstack@neutron-api.service[103226]: DEBUG ovsdbapp.backend.ovs_idl [None req-0fe9200e-cdf2-4c94-aa2e-ca29985cc484 None None] Created schema index Logical_Switch_Port.name {{(pid=103226) autocreate_indices /opt/stack/data/venv/lib/python3.12/site-packages/ovsdbapp/backend/ovs_idl/__init__.py:106}}
May 15 10:18:48.306759 np0000174320 devstack@neutron-api.service[103228]: INFO ovsdbapp.backend.ovs_idl.vlog [None req-86e1b53b-255f-43bc-bf17-64bd7a2dbd42 None None] ssl:199.204.45.244:6641: connected
May 15 10:18:48.306891 np0000174320 devstack@neutron-api.service[103226]: INFO ovsdbapp.backend.ovs_idl.vlog [None req-0fe9200e-cdf2-4c94-aa2e-ca29985cc484 None None] ssl:199.204.45.244:6641: connecting...
May 15 10:18:48.315557 np0000174320 devstack@neutron-api.service[103226]: INFO ovsdbapp.backend.ovs_idl.vlog [None req-0fe9200e-cdf2-4c94-aa2e-ca29985cc484 None None] ssl:199.204.45.244:6641: connected
May 15 10:18:48.345573 np0000174320 devstack@neutron-api.service[103228]: DEBUG neutron.common.ovn.hash_ring_manager [None req-86e1b53b-255f-43bc-bf17-64bd7a2dbd42 None None] Allow caching, nodes 4>=4 {{(pid=103228) _wait_startup_before_caching /opt/stack/neutron/neutron/common/ovn/hash_ring_manager.py:65}}
May 15 10:18:48.351241 np0000174320 devstack@neutron-api.service[103228]: DEBUG neutron.common.ovn.hash_ring_manager [None req-86e1b53b-255f-43bc-bf17-64bd7a2dbd42 None None] Hash Ring loaded. 4 active nodes. 0 offline nodes {{(pid=103228) _load_hash_ring /opt/stack/neutron/neutron/common/ovn/hash_ring_manager.py:102}}
May 15 10:18:48.351544 np0000174320 devstack@neutron-api.service[103228]: DEBUG neutron.plugins.ml2.drivers.ovn.mech_driver.ovsdb.ovsdb_monitor [None req-86e1b53b-255f-43bc-bf17-64bd7a2dbd42 None None] Hash Ring: Node e9250b05ac76515e916773d0388980f1 (host: np0000174320) handling event "create" for row 1fc4c65a-3c55-4cf7-8502-34892d643380 (table: ACL) {{(pid=103228) notify /opt/stack/neutron/neutron/plugins/ml2/drivers/ovn/mech_driver/ovsdb/ovsdb_monitor.py:942}}
May 15 10:18:48.352329 np0000174320 devstack@neutron-api.service[103226]: DEBUG neutron.common.ovn.hash_ring_manager [None req-0fe9200e-cdf2-4c94-aa2e-ca29985cc484 None None] Allow caching, nodes 4>=4 {{(pid=103226) _wait_startup_before_caching /opt/stack/neutron/neutron/common/ovn/hash_ring_manager.py:65}}
May 15 10:18:48.353262 np0000174320 devstack@neutron-api.service[103228]: INFO neutron.plugins.ml2.drivers.ovn.mech_driver.ovsdb.impl_idl_ovn [None req-86e1b53b-255f-43bc-bf17-64bd7a2dbd42 None None] Getting OvsdbSbOvnIdl for WorkerService with retry
May 15 10:18:48.358545 np0000174320 devstack@neutron-api.service[103226]: DEBUG neutron.common.ovn.hash_ring_manager [None req-0fe9200e-cdf2-4c94-aa2e-ca29985cc484 None None] Hash Ring loaded. 4 active nodes. 0 offline nodes {{(pid=103226) _load_hash_ring /opt/stack/neutron/neutron/common/ovn/hash_ring_manager.py:102}}
May 15 10:18:48.358889 np0000174320 devstack@neutron-api.service[103226]: DEBUG neutron.plugins.ml2.drivers.ovn.mech_driver.ovsdb.ovsdb_monitor [None req-0fe9200e-cdf2-4c94-aa2e-ca29985cc484 None None] Hash Ring: Node f4816d38c53a57a9b2666fe0c769e70c (host: np0000174320) handling event "create" for row cc83c062-ead5-42ae-bed4-4851cf1987b6 (table: NB_Global) {{(pid=103226) notify /opt/stack/neutron/neutron/plugins/ml2/drivers/ovn/mech_driver/ovsdb/ovsdb_monitor.py:942}}
May 15 10:18:48.359109 np0000174320 devstack@neutron-api.service[103226]: DEBUG neutron.plugins.ml2.drivers.ovn.mech_driver.ovsdb.ovsdb_monitor [None req-0fe9200e-cdf2-4c94-aa2e-ca29985cc484 None None] Hash Ring: Node f4816d38c53a57a9b2666fe0c769e70c (host: np0000174320) handling event "create" for row f3a54404-b088-43a0-a135-9734f8434b6b (table: Port_Group) {{(pid=103226) notify /opt/stack/neutron/neutron/plugins/ml2/drivers/ovn/mech_driver/ovsdb/ovsdb_monitor.py:942}}
May 15 10:18:48.360314 np0000174320 devstack@neutron-api.service[103226]: INFO neutron.plugins.ml2.drivers.ovn.mech_driver.ovsdb.impl_idl_ovn [None req-0fe9200e-cdf2-4c94-aa2e-ca29985cc484 None None] Getting OvsdbSbOvnIdl for WorkerService with retry
May 15 10:18:48.360827 np0000174320 devstack@neutron-api.service[103227]: DEBUG ovsdbapp.backend.ovs_idl [None req-a95d4902-6717-4f32-a050-55ae3adddea2 None None] Created lookup_table index Logical_Switch.name {{(pid=103227) autocreate_indices /opt/stack/data/venv/lib/python3.12/site-packages/ovsdbapp/backend/ovs_idl/__init__.py:87}}
May 15 10:18:48.360827 np0000174320 devstack@neutron-api.service[103227]: DEBUG ovsdbapp.backend.ovs_idl [None req-a95d4902-6717-4f32-a050-55ae3adddea2 None None] Created lookup_table index Logical_Router.name {{(pid=103227) autocreate_indices /opt/stack/data/venv/lib/python3.12/site-packages/ovsdbapp/backend/ovs_idl/__init__.py:87}}
May 15 10:18:48.361092 np0000174320 devstack@neutron-api.service[103227]: DEBUG ovsdbapp.backend.ovs_idl [None req-a95d4902-6717-4f32-a050-55ae3adddea2 None None] Created lookup_table index Load_Balancer.name {{(pid=103227) autocreate_indices /opt/stack/data/venv/lib/python3.12/site-packages/ovsdbapp/backend/ovs_idl/__init__.py:87}}
May 15 10:18:48.361287 np0000174320 devstack@neutron-api.service[103227]: DEBUG ovsdbapp.backend.ovs_idl [None req-a95d4902-6717-4f32-a050-55ae3adddea2 None None] Created schema index Copp.name {{(pid=103227) autocreate_indices /opt/stack/data/venv/lib/python3.12/site-packages/ovsdbapp/backend/ovs_idl/__init__.py:106}}
May 15 10:18:48.361448 np0000174320 devstack@neutron-api.service[103227]: DEBUG ovsdbapp.backend.ovs_idl [None req-a95d4902-6717-4f32-a050-55ae3adddea2 None None] Created schema index Meter.name {{(pid=103227) autocreate_indices /opt/stack/data/venv/lib/python3.12/site-packages/ovsdbapp/backend/ovs_idl/__init__.py:106}}
May 15 10:18:48.361632 np0000174320 devstack@neutron-api.service[103227]: DEBUG ovsdbapp.backend.ovs_idl [None req-a95d4902-6717-4f32-a050-55ae3adddea2 None None] Created schema index Load_Balancer_Group.name {{(pid=103227) autocreate_indices /opt/stack/data/venv/lib/python3.12/site-packages/ovsdbapp/backend/ovs_idl/__init__.py:106}}
May 15 10:18:48.361887 np0000174320 devstack@neutron-api.service[103227]: DEBUG ovsdbapp.backend.ovs_idl [None req-a95d4902-6717-4f32-a050-55ae3adddea2 None None] Created schema index HA_Chassis_Group.name {{(pid=103227) autocreate_indices /opt/stack/data/venv/lib/python3.12/site-packages/ovsdbapp/backend/ovs_idl/__init__.py:106}}
May 15 10:18:48.361981 np0000174320 devstack@neutron-api.service[103227]: DEBUG ovsdbapp.backend.ovs_idl [None req-a95d4902-6717-4f32-a050-55ae3adddea2 None None] Created schema index Address_Set.name {{(pid=103227) autocreate_indices /opt/stack/data/venv/lib/python3.12/site-packages/ovsdbapp/backend/ovs_idl/__init__.py:106}}
May 15 10:18:48.362195 np0000174320 devstack@neutron-api.service[103227]: DEBUG ovsdbapp.backend.ovs_idl [None req-a95d4902-6717-4f32-a050-55ae3adddea2 None None] Created schema index Connection.target {{(pid=103227) autocreate_indices /opt/stack/data/venv/lib/python3.12/site-packages/ovsdbapp/backend/ovs_idl/__init__.py:106}}
May 15 10:18:48.362361 np0000174320 devstack@neutron-api.service[103227]: DEBUG ovsdbapp.backend.ovs_idl [None req-a95d4902-6717-4f32-a050-55ae3adddea2 None None] Created schema index Gateway_Chassis.name {{(pid=103227) autocreate_indices /opt/stack/data/venv/lib/python3.12/site-packages/ovsdbapp/backend/ovs_idl/__init__.py:106}}
May 15 10:18:48.362563 np0000174320 devstack@neutron-api.service[103227]: DEBUG ovsdbapp.backend.ovs_idl [None req-a95d4902-6717-4f32-a050-55ae3adddea2 None None] Created schema index Mirror.name {{(pid=103227) autocreate_indices /opt/stack/data/venv/lib/python3.12/site-packages/ovsdbapp/backend/ovs_idl/__init__.py:106}}
May 15 10:18:48.362765 np0000174320 devstack@neutron-api.service[103227]: DEBUG ovsdbapp.backend.ovs_idl [None req-a95d4902-6717-4f32-a050-55ae3adddea2 None None] Created schema index Chassis_Template_Var.chassis {{(pid=103227) autocreate_indices /opt/stack/data/venv/lib/python3.12/site-packages/ovsdbapp/backend/ovs_idl/__init__.py:106}}
May 15 10:18:48.362927 np0000174320 devstack@neutron-api.service[103227]: DEBUG ovsdbapp.backend.ovs_idl [None req-a95d4902-6717-4f32-a050-55ae3adddea2 None None] Created schema index Logical_Router_Port.name {{(pid=103227) autocreate_indices /opt/stack/data/venv/lib/python3.12/site-packages/ovsdbapp/backend/ovs_idl/__init__.py:106}}
May 15 10:18:48.363113 np0000174320 devstack@neutron-api.service[103227]: DEBUG ovsdbapp.backend.ovs_idl [None req-a95d4902-6717-4f32-a050-55ae3adddea2 None None] Created schema index Port_Group.name {{(pid=103227) autocreate_indices /opt/stack/data/venv/lib/python3.12/site-packages/ovsdbapp/backend/ovs_idl/__init__.py:106}}
May 15 10:18:48.363456 np0000174320 devstack@neutron-api.service[103227]: DEBUG ovsdbapp.backend.ovs_idl [None req-a95d4902-6717-4f32-a050-55ae3adddea2 None None] Created schema index Logical_Switch_Port.name {{(pid=103227) autocreate_indices /opt/stack/data/venv/lib/python3.12/site-packages/ovsdbapp/backend/ovs_idl/__init__.py:106}}
May 15 10:18:48.367936 np0000174320 devstack@neutron-api.service[103227]: INFO ovsdbapp.backend.ovs_idl.vlog [None req-a95d4902-6717-4f32-a050-55ae3adddea2 None None] ssl:199.204.45.244:6641: connecting...
May 15 10:18:48.374886 np0000174320 devstack@neutron-api.service[103227]: INFO ovsdbapp.backend.ovs_idl.vlog [None req-a95d4902-6717-4f32-a050-55ae3adddea2 None None] ssl:199.204.45.244:6641: connected
May 15 10:18:48.391728 np0000174320 devstack@neutron-api.service[103228]: DEBUG ovsdbapp.backend.ovs_idl [None req-86e1b53b-255f-43bc-bf17-64bd7a2dbd42 None None] Created lookup_table index Chassis.name {{(pid=103228) autocreate_indices /opt/stack/data/venv/lib/python3.12/site-packages/ovsdbapp/backend/ovs_idl/__init__.py:87}}
May 15 10:18:48.391846 np0000174320 devstack@neutron-api.service[103228]: DEBUG ovsdbapp.backend.ovs_idl [None req-86e1b53b-255f-43bc-bf17-64bd7a2dbd42 None None] Created lookup_table index Port_Binding.logical_port {{(pid=103228) autocreate_indices /opt/stack/data/venv/lib/python3.12/site-packages/ovsdbapp/backend/ovs_idl/__init__.py:87}}
May 15 10:18:48.391953 np0000174320 devstack@neutron-api.service[103228]: DEBUG ovsdbapp.backend.ovs_idl [None req-86e1b53b-255f-43bc-bf17-64bd7a2dbd42 None None] Created schema index Chassis_Private.name {{(pid=103228) autocreate_indices /opt/stack/data/venv/lib/python3.12/site-packages/ovsdbapp/backend/ovs_idl/__init__.py:106}}
May 15 10:18:48.392068 np0000174320 devstack@neutron-api.service[103228]: DEBUG ovsdbapp.backend.ovs_idl [None req-86e1b53b-255f-43bc-bf17-64bd7a2dbd42 None None] Created schema index Datapath_Binding.tunnel_key {{(pid=103228) autocreate_indices /opt/stack/data/venv/lib/python3.12/site-packages/ovsdbapp/backend/ovs_idl/__init__.py:106}}
May 15 10:18:48.394520 np0000174320 devstack@neutron-api.service[103228]: INFO ovsdbapp.backend.ovs_idl.vlog [None req-86e1b53b-255f-43bc-bf17-64bd7a2dbd42 None None] ssl:199.204.45.244:6642: connecting...
May 15 10:18:48.401498 np0000174320 devstack@neutron-api.service[103228]: INFO ovsdbapp.backend.ovs_idl.vlog [None req-86e1b53b-255f-43bc-bf17-64bd7a2dbd42 None None] ssl:199.204.45.244:6642: connected
May 15 10:18:48.409823 np0000174320 devstack@neutron-api.service[103226]: DEBUG ovsdbapp.backend.ovs_idl [None req-0fe9200e-cdf2-4c94-aa2e-ca29985cc484 None None] Created lookup_table index Chassis.name {{(pid=103226) autocreate_indices /opt/stack/data/venv/lib/python3.12/site-packages/ovsdbapp/backend/ovs_idl/__init__.py:87}}
May 15 10:18:48.409964 np0000174320 devstack@neutron-api.service[103226]: DEBUG ovsdbapp.backend.ovs_idl [None req-0fe9200e-cdf2-4c94-aa2e-ca29985cc484 None None] Created lookup_table index Port_Binding.logical_port {{(pid=103226) autocreate_indices /opt/stack/data/venv/lib/python3.12/site-packages/ovsdbapp/backend/ovs_idl/__init__.py:87}}
May 15 10:18:48.410110 np0000174320 devstack@neutron-api.service[103226]: DEBUG ovsdbapp.backend.ovs_idl [None req-0fe9200e-cdf2-4c94-aa2e-ca29985cc484 None None] Created schema index Chassis_Private.name {{(pid=103226) autocreate_indices /opt/stack/data/venv/lib/python3.12/site-packages/ovsdbapp/backend/ovs_idl/__init__.py:106}}
