2026-08-24 21:15:45.249 15 INFO neutron.plugins.ml2.drivers.ovn.mech_driver.ovsdb.maintenance [None req-a7520402-4d70-4907-bfd9-57529f324afa - - - - - -] OVN maintenance task set_network_type finished in 0.004 seconds
2026-08-24 21:15:45.250 15 INFO neutron.plugins.ml2.drivers.ovn.mech_driver.ovsdb.maintenance [None req-a7520402-4d70-4907-bfd9-57529f324afa - - - - - -] OVN maintenance task update_mac_aging_settings finished in 0.000 seconds
2026-08-24 21:15:45.253 15 INFO neutron.plugins.ml2.drivers.ovn.mech_driver.ovsdb.maintenance [None req-a7520402-4d70-4907-bfd9-57529f324afa - - - - - -] OVN maintenance task update_router_distributed_flag finished in 0.003 seconds
2026-08-24 21:15:45.254 15 INFO neutron.plugins.ml2.drivers.ovn.mech_driver.ovsdb.maintenance [None req-a7520402-4d70-4907-bfd9-57529f324afa - - - - - -] OVN maintenance task update_router_static_routes finished in 0.000 seconds
2026-08-24 21:15:45.265 15 INFO neutron.plugins.ml2.drivers.ovn.mech_driver.ovsdb.maintenance [None req-a7520402-4d70-4907-bfd9-57529f324afa - - - - - -] OVN maintenance task update_security_group_with_address_group finished in 0.011 seconds
2026-08-24 21:15:51.461 9 INFO neutron.api.wsgi [-] 10.0.0.192 "GET / HTTP/1.1" status: 200 len: 247 time: 0.0052996 /var/lib/openstack/lib/python3.12/site-packages/pycadf/identifier.py:71: UserWarning: Invalid uuid: unknown. To ensure interoperability, identifiers should be a valid uuid. warnings.warn(('Invalid uuid: %s. To ensure interoperability, '
2026-08-24 21:15:54.488 9 INFO neutron.pecan_wsgi.hooks.translation [None req-f51cc6b1-32b3-44cb-8fde-bbcbce99f652 f6a09dcb87c1443d81cdea29c0219373 2b66b7221b444c0d9a45a9fb093f0681 - - default default] GET failed (client error): The resource could not be found.
2026-08-24 21:15:54.490 9 INFO neutron.api.wsgi [None req-f51cc6b1-32b3-44cb-8fde-bbcbce99f652 f6a09dcb87c1443d81cdea29c0219373 2b66b7221b444c0d9a45a9fb093f0681 - - default default] 199.19.213.201,10.0.0.192 "GET /v2.0/networks/public HTTP/1.1" status: 404 len: 290 time: 0.6332252
2026-08-24 21:15:54.511 9 INFO neutron.api.wsgi [None req-df9beb8a-f615-4bf7-9587-882d53c27a05 f6a09dcb87c1443d81cdea29c0219373 2b66b7221b444c0d9a45a9fb093f0681 - - default default] 199.19.213.201,10.0.0.192 "GET /v2.0/networks?name=public HTTP/1.1" status: 200 len: 189 time: 0.0169308
2026-08-24 21:15:54.776 9 INFO neutron.plugins.ml2.drivers.ovn.mech_driver.ovsdb.extensions.qos [None req-2526a1bc-6cbb-4fdd-a19f-04c5d1108efd f6a09dcb87c1443d81cdea29c0219373 2b66b7221b444c0d9a45a9fb093f0681 - - default default] Starting OVNClientQosExtension
2026-08-24 21:15:54.777 9 INFO neutron.plugins.ml2.drivers.ovn.mech_driver.ovsdb.extensions.placement [None req-2526a1bc-6cbb-4fdd-a19f-04c5d1108efd f6a09dcb87c1443d81cdea29c0219373 2b66b7221b444c0d9a45a9fb093f0681 - - default default] Starting OVNClientPlacementExtension
2026-08-24 21:15:54.810 9 INFO neutron.db.ovn_revision_numbers_db [None req-2526a1bc-6cbb-4fdd-a19f-04c5d1108efd f6a09dcb87c1443d81cdea29c0219373 2b66b7221b444c0d9a45a9fb093f0681 - - default default] Successfully bumped revision number for resource de5c668c-b9c4-4fc1-9418-2d00a4b34109 (type: security_groups) to 1
2026-08-24 21:15:54.825 9 INFO neutron.db.ovn_revision_numbers_db [None req-2526a1bc-6cbb-4fdd-a19f-04c5d1108efd f6a09dcb87c1443d81cdea29c0219373 2b66b7221b444c0d9a45a9fb093f0681 - - default default] Successfully bumped revision number for resource 0a82a200-4085-43df-9656-9911483c5d71 (type: security_group_rules) to 0
2026-08-24 21:15:54.838 9 INFO neutron.db.ovn_revision_numbers_db [None req-2526a1bc-6cbb-4fdd-a19f-04c5d1108efd f6a09dcb87c1443d81cdea29c0219373 2b66b7221b444c0d9a45a9fb093f0681 - - default default] Successfully bumped revision number for resource 858508e5-52b3-4fa1-b8cb-36709d18cf2d (type: security_group_rules) to 0
2026-08-24 21:15:54.852 9 INFO neutron.db.ovn_revision_numbers_db [None req-2526a1bc-6cbb-4fdd-a19f-04c5d1108efd f6a09dcb87c1443d81cdea29c0219373 2b66b7221b444c0d9a45a9fb093f0681 - - default default] Successfully bumped revision number for resource b31fd93a-a66c-424f-8ccb-cc434daa9198 (type: security_group_rules) to 0
2026-08-24 21:15:54.863 9 INFO neutron.db.ovn_revision_numbers_db [None req-2526a1bc-6cbb-4fdd-a19f-04c5d1108efd f6a09dcb87c1443d81cdea29c0219373 2b66b7221b444c0d9a45a9fb093f0681 - - default default] Successfully bumped revision number for resource d2e0285e-44f1-4e05-ac40-d408c696dcc3 (type: security_group_rules) to 0
2026-08-24 21:15:54.936 9 WARNING neutron.services.revisions.revision_plugin [None req-2526a1bc-6cbb-4fdd-a19f-04c5d1108efd f6a09dcb87c1443d81cdea29c0219373 2b66b7221b444c0d9a45a9fb093f0681 - - default default] Could not find related network for resource to bump revision.
2026-08-24 21:15:54.964 9 INFO neutron.db.segments_db [None req-2526a1bc-6cbb-4fdd-a19f-04c5d1108efd f6a09dcb87c1443d81cdea29c0219373 2b66b7221b444c0d9a45a9fb093f0681 - - default default] Added segment 3c64c952-ab55-4441-91ca-1b8398753a0c of type flat for network a112a40b-3f4b-4cf0-8f5f-33c9988a431f
2026-08-24 21:15:55.059 15 WARNING neutron.plugins.ml2.drivers.ovn.mech_driver.ovsdb.ovn_db_sync [None req-1949ea24-89a2-4836-9afe-65962e28f5dd - - - - - -] New host instance found in OVN SB DB, but not in Neutron. Add its SegmentHostMapping in Neutron
2026-08-24 21:15:55.122 9 INFO neutron.db.ovn_revision_numbers_db [None req-2526a1bc-6cbb-4fdd-a19f-04c5d1108efd f6a09dcb87c1443d81cdea29c0219373 2b66b7221b444c0d9a45a9fb093f0681 - - default default] Successfully bumped revision number for resource a112a40b-3f4b-4cf0-8f5f-33c9988a431f (type: networks) to 1
2026-08-24 21:15:55.148 15 WARNING neutron.plugins.ml2.drivers.ovn.mech_driver.ovsdb.ovn_db_sync [None req-c62f6e00-915b-41bf-8350-f471ceede1d2 - - - - - -] Missing metadata port found in Neutron for network a112a40b-3f4b-4cf0-8f5f-33c9988a431f
2026-08-24 21:15:55.240 15 INFO neutron.plugins.ml2.drivers.ovn.mech_driver.ovsdb.extensions.qos [None req-c62f6e00-915b-41bf-8350-f471ceede1d2 - - - - - -] Starting OVNClientQosExtension
2026-08-24 21:15:55.247 15 INFO neutron.plugins.ml2.drivers.ovn.mech_driver.ovsdb.extensions.qos [None req-c62f6e00-915b-41bf-8350-f471ceede1d2 - - - - - -] Starting OVNClientQosExtension
2026-08-24 21:15:55.374 9 WARNING neutron.scheduler.dhcp_agent_scheduler [None req-2526a1bc-6cbb-4fdd-a19f-04c5d1108efd f6a09dcb87c1443d81cdea29c0219373 2b66b7221b444c0d9a45a9fb093f0681 - - default default] No more DHCP agents
2026-08-24 21:15:55.376 9 WARNING neutron.api.rpc.agentnotifiers.dhcp_rpc_agent_api [None req-2526a1bc-6cbb-4fdd-a19f-04c5d1108efd f6a09dcb87c1443d81cdea29c0219373 2b66b7221b444c0d9a45a9fb093f0681 - - default default] Unable to schedule network a112a40b-3f4b-4cf0-8f5f-33c9988a431f: no agents available; will retry on subsequent port and subnet creation events.
2026-08-24 21:15:55.482 9 INFO neutron.db.ovn_revision_numbers_db [None req-2526a1bc-6cbb-4fdd-a19f-04c5d1108efd f6a09dcb87c1443d81cdea29c0219373 2b66b7221b444c0d9a45a9fb093f0681 - - default default] Successfully bumped revision number for resource 2be1c972-53c8-44cd-8b56-b92015f3e966 (type: ports) to 1
2026-08-24 21:15:55.520 9 INFO neutron.api.wsgi [None req-2526a1bc-6cbb-4fdd-a19f-04c5d1108efd f6a09dcb87c1443d81cdea29c0219373 2b66b7221b444c0d9a45a9fb093f0681 - - default default] 199.19.213.201,10.0.0.192 "POST /v2.0/networks HTTP/1.1" status: 201 len: 886 time: 1.0023820
2026-08-24 21:15:56.823 9 INFO neutron.pecan_wsgi.hooks.translation [None req-d1c71c5c-04fc-454d-ae29-501bbbcfcd13 f6a09dcb87c1443d81cdea29c0219373 2b66b7221b444c0d9a45a9fb093f0681 - - default default] GET failed (client error): The resource could not be found.
2026-08-24 21:15:56.824 9 INFO neutron.api.wsgi [None req-d1c71c5c-04fc-454d-ae29-501bbbcfcd13 f6a09dcb87c1443d81cdea29c0219373 2b66b7221b444c0d9a45a9fb093f0681 - - default default] 199.19.213.201,10.0.0.192 "GET /v2.0/networks/public HTTP/1.1" status: 404 len: 290 time: 0.0398204
2026-08-24 21:15:56.853 9 INFO neutron.api.wsgi [None req-622acd4a-4a3c-443c-83df-273f4c65ad7e f6a09dcb87c1443d81cdea29c0219373 2b66b7221b444c0d9a45a9fb093f0681 - - default default] 199.19.213.201,10.0.0.192 "GET /v2.0/networks?name=public HTTP/1.1" status: 200 len: 890 time: 0.0250528
2026-08-24 21:15:56.880 9 INFO neutron.pecan_wsgi.hooks.translation [None req-868c402e-b859-4699-b6ff-d39a79d34467 f6a09dcb87c1443d81cdea29c0219373 2b66b7221b444c0d9a45a9fb093f0681 - - default default] GET failed (client error): The resource could not be found.
2026-08-24 21:15:56.881 9 INFO neutron.api.wsgi [None req-868c402e-b859-4699-b6ff-d39a79d34467 f6a09dcb87c1443d81cdea29c0219373 2b66b7221b444c0d9a45a9fb093f0681 - - default default] 199.19.213.201,10.0.0.192 "GET /v2.0/subnets/public-subnet?network_id=a112a40b-3f4b-4cf0-8f5f-33c9988a431f HTTP/1.1" status: 404 len: 295 time: 0.0195525
2026-08-24 21:15:56.904 9 INFO neutron.api.wsgi [None req-df7d3211-79b7-4563-b953-9ecd30e1a0c1 f6a09dcb87c1443d81cdea29c0219373 2b66b7221b444c0d9a45a9fb093f0681 - - default default] 199.19.213.201,10.0.0.192 "GET /v2.0/subnets?name=public-subnet&network_id=a112a40b-3f4b-4cf0-8f5f-33c9988a431f HTTP/1.1" status: 200 len: 188 time: 0.0195203
2026-08-24 21:15:57.145 9 WARNING neutron.scheduler.dhcp_agent_scheduler [None req-7a07c720-543b-47da-b044-6c67cbede3cc f6a09dcb87c1443d81cdea29c0219373 2b66b7221b444c0d9a45a9fb093f0681 - - default default] No more DHCP agents
2026-08-24 21:15:57.146 9 WARNING neutron.api.rpc.agentnotifiers.dhcp_rpc_agent_api [None req-7a07c720-543b-47da-b044-6c67cbede3cc f6a09dcb87c1443d81cdea29c0219373 2b66b7221b444c0d9a45a9fb093f0681 - - default default] Unable to schedule network a112a40b-3f4b-4cf0-8f5f-33c9988a431f: no agents available; will retry on subsequent port and subnet creation events.
2026-08-24 21:15:57.625 9 INFO neutron.db.ovn_revision_numbers_db [None req-6eb85f32-b43b-4733-b9d4-82505b3cd702 - - - - - -] Successfully bumped revision number for resource 2be1c972-53c8-44cd-8b56-b92015f3e966 (type: ports) to 2
2026-08-24 21:15:57.660 9 INFO neutron.db.ovn_revision_numbers_db [None req-6eb85f32-b43b-4733-b9d4-82505b3cd702 - - - - - -] Successfully bumped revision number for resource 5d870038-e6b5-4c8a-af1d-0f09be183f39 (type: subnets) to 0
2026-08-24 21:15:57.673 9 INFO neutron.api.wsgi [None req-7a07c720-543b-47da-b044-6c67cbede3cc f6a09dcb87c1443d81cdea29c0219373 2b66b7221b444c0d9a45a9fb093f0681 - - default default] 199.19.213.201,10.0.0.192 "POST /v2.0/subnets HTTP/1.1" status: 201 len: 844 time: 0.7629557
2026-08-24 21:16:06.458 10 INFO neutron.api.wsgi [-] 10.0.0.192 "GET / HTTP/1.1" status: 200 len: 247 time: 0.0024204
2026-08-24 21:16:21.457 10 INFO neutron.api.wsgi [-] 10.0.0.192 "GET / HTTP/1.1" status: 200 len: 247 time: 0.0017409
2026-08-24 21:16:36.464 9 INFO neutron.api.wsgi [-] 10.0.0.192 "GET / HTTP/1.1" status: 200 len: 247 time: 0.0063863
2026-08-24 21:16:36.466 9 INFO neutron.api.wsgi [-] 10.0.0.192 "GET / HTTP/1.1" status: 200 len: 247 time: 0.0010083
2026-08-24 21:16:51.459 10 INFO neutron.api.wsgi [-] 10.0.0.192 "GET / HTTP/1.1" status: 200 len: 247 time: 0.0023396
2026-08-24 21:16:51.460 9 INFO neutron.api.wsgi [-] 10.0.0.192 "GET / HTTP/1.1" status: 200 len: 247 time: 0.0032852
2026-08-24 21:17:06.458 9 INFO neutron.api.wsgi [-] 10.0.0.192 "GET / HTTP/1.1" status: 200 len: 247 time: 0.0021000
2026-08-24 21:17:06.461 9 INFO neutron.api.wsgi [-] 10.0.0.192 "GET / HTTP/1.1" status: 200 len: 247 time: 0.0022862
2026-08-24 21:17:21.457 9 INFO neutron.api.wsgi [-] 10.0.0.192 "GET / HTTP/1.1" status: 200 len: 247 time: 0.0016618
2026-08-24 21:17:21.460 9 INFO neutron.api.wsgi [-] 10.0.0.192 "GET / HTTP/1.1" status: 200 len: 247 time: 0.0023785
2026-08-24 21:17:36.458 9 INFO neutron.api.wsgi [-] 10.0.0.192 "GET / HTTP/1.1" status: 200 len: 247 time: 0.0020952
2026-08-24 21:17:36.461 10 INFO neutron.api.wsgi [-] 10.0.0.192 "GET / HTTP/1.1" status: 200 len: 247 time: 0.0053139
2026-08-24 21:17:51.460 9 INFO neutron.api.wsgi [-] 10.0.0.192 "GET / HTTP/1.1" status: 200 len: 247 time: 0.0033686
2026-08-24 21:17:51.461 10 INFO neutron.api.wsgi [-] 10.0.0.192 "GET / HTTP/1.1" status: 200 len: 247 time: 0.0044813
2026-08-24 21:18:06.458 10 INFO neutron.api.wsgi [-] 10.0.0.192 "GET / HTTP/1.1" status: 200 len: 247 time: 0.0022774
2026-08-24 21:18:06.459 9 INFO neutron.api.wsgi [-] 10.0.0.192 "GET / HTTP/1.1" status: 200 len: 247 time: 0.0029998
2026-08-24 21:18:21.458 10 INFO neutron.api.wsgi [-] 10.0.0.192 "GET / HTTP/1.1" status: 200 len: 247 time: 0.0024037
2026-08-24 21:18:21.458 9 INFO neutron.api.wsgi [-] 10.0.0.192 "GET / HTTP/1.1" status: 200 len: 247 time: 0.0024865
2026-08-24 21:18:36.457 10 INFO neutron.api.wsgi [-] 10.0.0.192 "GET / HTTP/1.1" status: 200 len: 247 time: 0.0018122
2026-08-24 21:18:36.457 9 INFO neutron.api.wsgi [-] 10.0.0.192 "GET / HTTP/1.1" status: 200 len: 247 time: 0.0024767
2026-08-24 21:18:51.457 10 INFO neutron.api.wsgi [-] 10.0.0.192 "GET / HTTP/1.1" status: 200 len: 247 time: 0.0016274
2026-08-24 21:18:51.460 10 INFO neutron.api.wsgi [-] 10.0.0.192 "GET / HTTP/1.1" status: 200 len: 247 time: 0.0019403
2026-08-24 21:19:06.457 10 INFO neutron.api.wsgi [-] 10.0.0.192 "GET / HTTP/1.1" status: 200 len: 247 time: 0.0020275
2026-08-24 21:19:06.458 9 INFO neutron.api.wsgi [-] 10.0.0.192 "GET / HTTP/1.1" status: 200 len: 247 time: 0.0033193
2026-08-24 21:19:21.458 9 INFO neutron.api.wsgi [-] 10.0.0.192 "GET / HTTP/1.1" status: 200 len: 247 time: 0.0023770
2026-08-24 21:19:21.460 10 INFO neutron.api.wsgi [-] 10.0.0.192 "GET / HTTP/1.1" status: 200 len: 247 time: 0.0038097
2026-08-24 21:19:36.459 9 INFO neutron.api.wsgi [-] 10.0.0.192 "GET / HTTP/1.1" status: 200 len: 247 time: 0.0021782
2026-08-24 21:19:36.459 10 INFO neutron.api.wsgi [-] 10.0.0.192 "GET / HTTP/1.1" status: 200 len: 247 time: 0.0026033
2026-08-24 21:19:51.458 10 INFO neutron.api.wsgi [-] 10.0.0.192 "GET / HTTP/1.1" status: 200 len: 247 time: 0.0025105
2026-08-24 21:19:51.464 10 INFO neutron.api.wsgi [-] 10.0.0.192 "GET / HTTP/1.1" status: 200 len: 247 time: 0.0049996
2026-08-24 21:20:06.459 9 INFO neutron.api.wsgi [-] 10.0.0.192 "GET / HTTP/1.1" status: 200 len: 247 time: 0.0026925
2026-08-24 21:20:06.460 10 INFO neutron.api.wsgi [-] 10.0.0.192 "GET / HTTP/1.1" status: 200 len: 247 time: 0.0035241
2026-08-24 21:20:21.458 9 INFO neutron.api.wsgi [-] 10.0.0.192 "GET / HTTP/1.1" status: 200 len: 247 time: 0.0024955
2026-08-24 21:20:21.460 9 INFO neutron.api.wsgi [-] 10.0.0.192 "GET / HTTP/1.1" status: 200 len: 247 time: 0.0011830
2026-08-24 21:20:36.458 10 INFO neutron.api.wsgi [-] 10.0.0.192 "GET / HTTP/1.1" status: 200 len: 247 time: 0.0025623
2026-08-24 21:20:36.459 9 INFO neutron.api.wsgi [-] 10.0.0.192 "GET / HTTP/1.1" status: 200 len: 247 time: 0.0038655
2026-08-24 21:20:45.299 15 INFO neutron.db.ovn_revision_numbers_db [None req-a7520402-4d70-4907-bfd9-57529f324afa - - - - - -] Successfully bumped revision number for resource a112a40b-3f4b-4cf0-8f5f-33c9988a431f (type: networks) to 2
2026-08-24 21:20:45.299 15 INFO neutron.plugins.ml2.drivers.ovn.mech_driver.ovsdb.maintenance [None req-a7520402-4d70-4907-bfd9-57529f324afa - - - - - -] OVN maintenance task check_for_inconsistencies finished in 0.120 seconds
2026-08-24 21:20:46.423 9 INFO neutron.pecan_wsgi.hooks.translation [None req-172f3edd-1489-4f6f-ac1f-0b99cb138818 f6a09dcb87c1443d81cdea29c0219373 2b66b7221b444c0d9a45a9fb093f0681 - - default default] GET failed (client error): The resource could not be found.
2026-08-24 21:20:46.426 9 INFO neutron.api.wsgi [None req-172f3edd-1489-4f6f-ac1f-0b99cb138818 f6a09dcb87c1443d81cdea29c0219373 2b66b7221b444c0d9a45a9fb093f0681 - - default default] 199.19.213.201,10.0.0.192 "GET /v2.0/networks/lb-mgmt-net HTTP/1.1" status: 404 len: 295 time: 0.1383429
2026-08-24 21:20:46.449 9 INFO neutron.api.wsgi [None req-189d81dd-1b55-4f50-a245-5e3d77e38f12 f6a09dcb87c1443d81cdea29c0219373 2b66b7221b444c0d9a45a9fb093f0681 - - default default] 199.19.213.201,10.0.0.192 "GET /v2.0/networks?name=lb-mgmt-net HTTP/1.1" status: 200 len: 189 time: 0.0185566
2026-08-24 21:20:46.544 9 INFO neutron.db.segments_db [None req-319bf5f9-5003-4e63-bd73-52ee25ae18d2 f6a09dcb87c1443d81cdea29c0219373 2b66b7221b444c0d9a45a9fb093f0681 - - default default] Added segment 7cf924c8-e147-4f9c-9cd1-7ca25b1a32de of type geneve for network 2f7bfaf9-22e2-4d24-b441-a1eb44ff31c5
2026-08-24 21:20:46.661 9 INFO neutron.db.ovn_revision_numbers_db [None req-319bf5f9-5003-4e63-bd73-52ee25ae18d2 f6a09dcb87c1443d81cdea29c0219373 2b66b7221b444c0d9a45a9fb093f0681 - - default default] Successfully bumped revision number for resource 2f7bfaf9-22e2-4d24-b441-a1eb44ff31c5 (type: networks) to 1
2026-08-24 21:20:46.806 9 WARNING neutron.scheduler.dhcp_agent_scheduler [None req-319bf5f9-5003-4e63-bd73-52ee25ae18d2 f6a09dcb87c1443d81cdea29c0219373 2b66b7221b444c0d9a45a9fb093f0681 - - default default] No more DHCP agents
2026-08-24 21:20:46.807 9 WARNING neutron.api.rpc.agentnotifiers.dhcp_rpc_agent_api [None req-319bf5f9-5003-4e63-bd73-52ee25ae18d2 f6a09dcb87c1443d81cdea29c0219373 2b66b7221b444c0d9a45a9fb093f0681 - - default default] Unable to schedule network 2f7bfaf9-22e2-4d24-b441-a1eb44ff31c5: no agents available; will retry on subsequent port and subnet creation events.
2026-08-24 21:20:46.867 9 INFO neutron.db.ovn_revision_numbers_db [None req-319bf5f9-5003-4e63-bd73-52ee25ae18d2 f6a09dcb87c1443d81cdea29c0219373 2b66b7221b444c0d9a45a9fb093f0681 - - default default] Successfully bumped revision number for resource 442d3498-8468-4b13-bf77-ea3ad37d97e1 (type: ports) to 1
2026-08-24 21:20:46.886 9 INFO neutron.api.wsgi [None req-319bf5f9-5003-4e63-bd73-52ee25ae18d2 f6a09dcb87c1443d81cdea29c0219373 2b66b7221b444c0d9a45a9fb093f0681 - - default default] 199.19.213.201,10.0.0.192 "POST /v2.0/networks HTTP/1.1" status: 201 len: 889 time: 0.4303651
2026-08-24 21:20:47.840 9 INFO neutron.pecan_wsgi.hooks.translation [None req-b3ab98d2-b59d-437d-9a64-7d4218dc27a7 f6a09dcb87c1443d81cdea29c0219373 2b66b7221b444c0d9a45a9fb093f0681 - - default default] GET failed (client error): The resource could not be found.
2026-08-24 21:20:47.841 9 INFO neutron.api.wsgi [None req-b3ab98d2-b59d-437d-9a64-7d4218dc27a7 f6a09dcb87c1443d81cdea29c0219373 2b66b7221b444c0d9a45a9fb093f0681 - - default default] 199.19.213.201,10.0.0.192 "GET /v2.0/networks/lb-mgmt-net HTTP/1.1" status: 404 len: 295 time: 0.0388846
2026-08-24 21:20:47.874 9 INFO neutron.api.wsgi [None req-e8f392f1-f012-4df3-ab6e-658ff2f55f08 f6a09dcb87c1443d81cdea29c0219373 2b66b7221b444c0d9a45a9fb093f0681 - - default default] 199.19.213.201,10.0.0.192 "GET /v2.0/networks?name=lb-mgmt-net HTTP/1.1" status: 200 len: 874 time: 0.0283306
2026-08-24 21:20:47.891 9 INFO neutron.pecan_wsgi.hooks.translation [None req-43f3b1ee-700c-42bc-8606-204121a1c76d f6a09dcb87c1443d81cdea29c0219373 2b66b7221b444c0d9a45a9fb093f0681 - - default default] GET failed (client error): The resource could not be found.
2026-08-24 21:20:47.892 9 INFO neutron.api.wsgi [None req-43f3b1ee-700c-42bc-8606-204121a1c76d f6a09dcb87c1443d81cdea29c0219373 2b66b7221b444c0d9a45a9fb093f0681 - - default default] 199.19.213.201,10.0.0.192 "GET /v2.0/subnets/lb-mgmt-subnet?network_id=2f7bfaf9-22e2-4d24-b441-a1eb44ff31c5 HTTP/1.1" status: 404 len: 296 time: 0.0099797
2026-08-24 21:20:47.904 9 INFO neutron.api.wsgi [None req-16396398-1acf-4c40-b0bb-d17f01308e5e f6a09dcb87c1443d81cdea29c0219373 2b66b7221b444c0d9a45a9fb093f0681 - - default default] 199.19.213.201,10.0.0.192 "GET /v2.0/subnets?name=lb-mgmt-subnet&network_id=2f7bfaf9-22e2-4d24-b441-a1eb44ff31c5 HTTP/1.1" status: 200 len: 188 time: 0.0089169
2026-08-24 21:20:48.054 9 WARNING neutron.scheduler.dhcp_agent_scheduler [None req-32447531-fbc3-4170-b1c5-82e17ae55d01 f6a09dcb87c1443d81cdea29c0219373 2b66b7221b444c0d9a45a9fb093f0681 - - default default] No more DHCP agents
2026-08-24 21:20:48.055 9 WARNING neutron.api.rpc.agentnotifiers.dhcp_rpc_agent_api [None req-32447531-fbc3-4170-b1c5-82e17ae55d01 f6a09dcb87c1443d81cdea29c0219373 2b66b7221b444c0d9a45a9fb093f0681 - - default default] Unable to schedule network 2f7bfaf9-22e2-4d24-b441-a1eb44ff31c5: no agents available; will retry on subsequent port and subnet creation events.
2026-08-24 21:20:48.564 9 INFO neutron.db.ovn_revision_numbers_db [None req-0d5b07cf-2202-4353-af9d-c362c38e57c0 - - - - - -] Successfully bumped revision number for resource 442d3498-8468-4b13-bf77-ea3ad37d97e1 (type: ports) to 2
2026-08-24 21:20:48.602 9 INFO neutron.db.ovn_revision_numbers_db [None req-0d5b07cf-2202-4353-af9d-c362c38e57c0 - - - - - -] Successfully bumped revision number for resource b8afd063-d699-4430-b08b-646d7ca1eb82 (type: subnets) to 0
2026-08-24 21:20:48.635 9 INFO neutron.api.wsgi [None req-32447531-fbc3-4170-b1c5-82e17ae55d01 f6a09dcb87c1443d81cdea29c0219373 2b66b7221b444c0d9a45a9fb093f0681 - - default default] 199.19.213.201,10.0.0.192 "POST /v2.0/subnets HTTP/1.1" status: 201 len: 831 time: 0.7258041
2026-08-24 21:20:49.843 9 INFO neutron.api.v2.resource [None req-fd8a12df-4afc-4b6c-bd64-209f333b4708 f6a09dcb87c1443d81cdea29c0219373 2b66b7221b444c0d9a45a9fb093f0681 - - default default] show failed (client error): The resource could not be found.
2026-08-24 21:20:49.844 9 INFO neutron.api.wsgi [None req-fd8a12df-4afc-4b6c-bd64-209f333b4708 f6a09dcb87c1443d81cdea29c0219373 2b66b7221b444c0d9a45a9fb093f0681 - - default default] 199.19.213.201,10.0.0.192 "GET /v2.0/security-groups/lb-health-mgr-sec-grp HTTP/1.1" status: 404 len: 313 time: 0.0413589
2026-08-24 21:20:49.879 9 INFO neutron.api.wsgi [None req-8c1c3f0a-eb4a-49df-8173-53139841c8b1 f6a09dcb87c1443d81cdea29c0219373 2b66b7221b444c0d9a45a9fb093f0681 - - default default] 199.19.213.201,10.0.0.192 "GET /v2.0/security-groups?name=lb-health-mgr-sec-grp HTTP/1.1" status: 200 len: 197 time: 0.0308635
2026-08-24 21:20:50.009 9 INFO neutron.db.ovn_revision_numbers_db [None req-1efe1645-b9c5-4720-8619-169d83d296e4 f6a09dcb87c1443d81cdea29c0219373 2b66b7221b444c0d9a45a9fb093f0681 - - default default] Successfully bumped revision number for resource 0ac29bc3-006c-4e6c-8fa1-b8159449c1e0 (type: security_groups) to 1
2026-08-24 21:20:50.022 9 INFO neutron.db.ovn_revision_numbers_db [None req-1efe1645-b9c5-4720-8619-169d83d296e4 f6a09dcb87c1443d81cdea29c0219373 2b66b7221b444c0d9a45a9fb093f0681 - - default default] Successfully bumped revision number for resource 20f7c609-ccd6-48c4-bb9d-405d213c628f (type: security_group_rules) to 0
2026-08-24 21:20:50.035 9 INFO neutron.db.ovn_revision_numbers_db [None req-1efe1645-b9c5-4720-8619-169d83d296e4 f6a09dcb87c1443d81cdea29c0219373 2b66b7221b444c0d9a45a9fb093f0681 - - default default] Successfully bumped revision number for resource 5435789f-87f0-4c6f-8868-b563c25d2aa4 (type: security_group_rules) to 0
2026-08-24 21:20:50.064 9 INFO neutron.api.wsgi [None req-1efe1645-b9c5-4720-8619-169d83d296e4 f6a09dcb87c1443d81cdea29c0219373 2b66b7221b444c0d9a45a9fb093f0681 - - default default] 199.19.213.201,10.0.0.192 "POST /v2.0/security-groups HTTP/1.1" status: 201 len: 1797 time: 0.1796715
2026-08-24 21:20:51.256 9 INFO neutron.api.wsgi [None req-cbf12f58-09b7-45fa-801a-66b308e9164e f6a09dcb87c1443d81cdea29c0219373 2b66b7221b444c0d9a45a9fb093f0681 - - default default] 199.19.213.201,10.0.0.192 "GET /v2.0/security-groups/0ac29bc3-006c-4e6c-8fa1-b8159449c1e0 HTTP/1.1" status: 200 len: 1792 time: 0.0511174
2026-08-24 21:20:51.293 9 INFO neutron.api.wsgi [None req-d3dae512-8e65-4dc1-9fbc-406e5703addc f6a09dcb87c1443d81cdea29c0219373 2b66b7221b444c0d9a45a9fb093f0681 - - default default] 199.19.213.201,10.0.0.192 "GET /v2.0/security-groups/0ac29bc3-006c-4e6c-8fa1-b8159449c1e0 HTTP/1.1" status: 200 len: 1792 time: 0.0292668
2026-08-24 21:20:51.326 9 INFO neutron.api.wsgi [None req-b1b3cd5b-3c28-4dc6-b398-9be36e39951a f6a09dcb87c1443d81cdea29c0219373 2b66b7221b444c0d9a45a9fb093f0681 - - default default] 199.19.213.201,10.0.0.192 "GET /v2.0/security-groups/0ac29bc3-006c-4e6c-8fa1-b8159449c1e0 HTTP/1.1" status: 200 len: 1792 time: 0.0249484
2026-08-24 21:20:51.461 10 INFO neutron.api.wsgi [-] 10.0.0.192 "GET / HTTP/1.1" status: 200 len: 247 time: 0.0044401
2026-08-24 21:20:51.465 10 INFO neutron.api.wsgi [-] 10.0.0.192 "GET / HTTP/1.1" status: 200 len: 247 time: 0.0021539
2026-08-24 21:20:51.487 9 INFO neutron.db.ovn_revision_numbers_db [None req-f0327717-11d2-4ca5-96e0-e32ed118f778 f6a09dcb87c1443d81cdea29c0219373 2b66b7221b444c0d9a45a9fb093f0681 - - default default] Successfully bumped revision number for resource b9e0d348-f1c0-498b-8112-c78d6d6bffd1 (type: security_group_rules) to 0
2026-08-24 21:20:51.533 9 INFO neutron.api.wsgi [None req-f0327717-11d2-4ca5-96e0-e32ed118f778 f6a09dcb87c1443d81cdea29c0219373 2b66b7221b444c0d9a45a9fb093f0681 - - default default] 199.19.213.201,10.0.0.192 "POST /v2.0/security-group-rules HTTP/1.1" status: 201 len: 781 time: 0.1965990
2026-08-24 21:20:52.386 9 INFO neutron.api.wsgi [None req-979a04b4-4788-41b3-aead-e3722d3fc9d0 f6a09dcb87c1443d81cdea29c0219373 2b66b7221b444c0d9a45a9fb093f0681 - - default default] 199.19.213.201,10.0.0.192 "GET /v2.0/security-groups/0ac29bc3-006c-4e6c-8fa1-b8159449c1e0 HTTP/1.1" status: 200 len: 2406 time: 0.0489018
2026-08-24 21:20:52.425 9 INFO neutron.api.wsgi [None req-d19f2c24-e1a7-4bd5-a0f6-5bfbca9433d5 f6a09dcb87c1443d81cdea29c0219373 2b66b7221b444c0d9a45a9fb093f0681 - - default default] 199.19.213.201,10.0.0.192 "GET /v2.0/security-groups/0ac29bc3-006c-4e6c-8fa1-b8159449c1e0 HTTP/1.1" status: 200 len: 2406 time: 0.0302086
2026-08-24 21:20:52.456 9 INFO neutron.api.wsgi [None req-4d978c4d-26f2-498b-8463-4b9a092ee037 f6a09dcb87c1443d81cdea29c0219373 2b66b7221b444c0d9a45a9fb093f0681 - - default default] 199.19.213.201,10.0.0.192 "GET /v2.0/security-groups/0ac29bc3-006c-4e6c-8fa1-b8159449c1e0 HTTP/1.1" status: 200 len: 2406 time: 0.0233223
2026-08-24 21:20:52.581 9 INFO neutron.db.ovn_revision_numbers_db [None req-780f2233-1a0e-4dba-8e29-27bd932da89d f6a09dcb87c1443d81cdea29c0219373 2b66b7221b444c0d9a45a9fb093f0681 - - default default] Successfully bumped revision number for resource cf7d8b6a-0540-4df0-b981-8217ba92d1d4 (type: security_group_rules) to 0
2026-08-24 21:20:52.611 9 INFO neutron.api.wsgi [None req-780f2233-1a0e-4dba-8e29-27bd932da89d f6a09dcb87c1443d81cdea29c0219373 2b66b7221b444c0d9a45a9fb093f0681 - - default default] 199.19.213.201,10.0.0.192 "POST /v2.0/security-group-rules HTTP/1.1" status: 201 len: 783 time: 0.1492870
2026-08-24 21:20:53.567 9 INFO neutron.api.wsgi [None req-e7983990-5a8e-4c30-b39b-91e248f5d2d9 f6a09dcb87c1443d81cdea29c0219373 2b66b7221b444c0d9a45a9fb093f0681 - - default default] 199.19.213.201,10.0.0.192 "GET /v2.0/security-groups/0ac29bc3-006c-4e6c-8fa1-b8159449c1e0 HTTP/1.1" status: 200 len: 3022 time: 0.0494998
2026-08-24 21:20:53.594 9 INFO neutron.api.wsgi [None req-90a9df93-59ed-4164-9978-5af94cd63d39 f6a09dcb87c1443d81cdea29c0219373 2b66b7221b444c0d9a45a9fb093f0681 - - default default] 199.19.213.201,10.0.0.192 "GET /v2.0/security-groups/0ac29bc3-006c-4e6c-8fa1-b8159449c1e0 HTTP/1.1" status: 200 len: 3022 time: 0.0216379
2026-08-24 21:20:53.624 9 INFO neutron.api.wsgi [None req-e3408861-ea79-463a-9a83-d73ae1ad5755 f6a09dcb87c1443d81cdea29c0219373 2b66b7221b444c0d9a45a9fb093f0681 - - default default] 199.19.213.201,10.0.0.192 "GET /v2.0/security-groups/0ac29bc3-006c-4e6c-8fa1-b8159449c1e0 HTTP/1.1" status: 200 len: 3022 time: 0.0257688
2026-08-24 21:20:53.742 9 INFO neutron.db.ovn_revision_numbers_db [None req-3a8d0a00-c5b9-44ea-8c4e-d203ff89233b f6a09dcb87c1443d81cdea29c0219373 2b66b7221b444c0d9a45a9fb093f0681 - - default default] Successfully bumped revision number for resource bf64dfe6-0375-4b7d-9d4e-27041cee935a (type: security_group_rules) to 0
2026-08-24 21:20:53.768 9 INFO neutron.api.wsgi [None req-3a8d0a00-c5b9-44ea-8c4e-d203ff89233b f6a09dcb87c1443d81cdea29c0219373 2b66b7221b444c0d9a45a9fb093f0681 - - default default] 199.19.213.201,10.0.0.192 "POST /v2.0/security-group-rules HTTP/1.1" status: 201 len: 783 time: 0.1391637
2026-08-24 21:20:54.690 9 INFO neutron.api.wsgi [None req-4121044f-98c3-4b1d-ae6c-35b63e604b7d f6a09dcb87c1443d81cdea29c0219373 2b66b7221b444c0d9a45a9fb093f0681 - - default default] 199.19.213.201,10.0.0.192 "GET /v2.0/security-groups/0ac29bc3-006c-4e6c-8fa1-b8159449c1e0 HTTP/1.1" status: 200 len: 3638 time: 0.0601256
2026-08-24 21:20:54.730 9 INFO neutron.api.wsgi [None req-0cf0ddcc-9dc6-4cca-bbe5-cfee6c716d5f f6a09dcb87c1443d81cdea29c0219373 2b66b7221b444c0d9a45a9fb093f0681 - - default default] 199.19.213.201,10.0.0.192 "GET /v2.0/security-groups/0ac29bc3-006c-4e6c-8fa1-b8159449c1e0 HTTP/1.1" status: 200 len: 3638 time: 0.0311205
2026-08-24 21:20:54.761 9 INFO neutron.api.wsgi [None req-b4dae742-c90b-44bb-8f6b-34f7eb388167 f6a09dcb87c1443d81cdea29c0219373 2b66b7221b444c0d9a45a9fb093f0681 - - default default] 199.19.213.201,10.0.0.192 "GET /v2.0/security-groups/0ac29bc3-006c-4e6c-8fa1-b8159449c1e0 HTTP/1.1" status: 200 len: 3638 time: 0.0241959
2026-08-24 21:20:54.889 9 INFO neutron.db.ovn_revision_numbers_db [None req-88eb091d-e99c-4807-afda-862bee0609be f6a09dcb87c1443d81cdea29c0219373 2b66b7221b444c0d9a45a9fb093f0681 - - default default] Successfully bumped revision number for resource ff17a138-86d6-42d8-853d-6b446b99fcdc (type: security_group_rules) to 0
2026-08-24 21:20:54.917 9 INFO neutron.api.wsgi [None req-88eb091d-e99c-4807-afda-862bee0609be f6a09dcb87c1443d81cdea29c0219373 2b66b7221b444c0d9a45a9fb093f0681 - - default default] 199.19.213.201,10.0.0.192 "POST /v2.0/security-group-rules HTTP/1.1" status: 201 len: 783 time: 0.1486495
2026-08-24 21:20:55.837 9 INFO neutron.api.wsgi [None req-8bbf3b77-5f92-4951-89b4-efcb0488388d f6a09dcb87c1443d81cdea29c0219373 2b66b7221b444c0d9a45a9fb093f0681 - - default default] 199.19.213.201,10.0.0.192 "GET /v2.0/security-groups/0ac29bc3-006c-4e6c-8fa1-b8159449c1e0 HTTP/1.1" status: 200 len: 4254 time: 0.0608163
2026-08-24 21:20:55.876 9 INFO neutron.api.wsgi [None req-44bfeaff-52bb-4004-8801-960a6abd8269 f6a09dcb87c1443d81cdea29c0219373 2b66b7221b444c0d9a45a9fb093f0681 - - default default] 199.19.213.201,10.0.0.192 "GET /v2.0/security-groups/0ac29bc3-006c-4e6c-8fa1-b8159449c1e0 HTTP/1.1" status: 200 len: 4254 time: 0.0315969
2026-08-24 21:20:55.914 9 INFO neutron.api.wsgi [None req-68ead908-62af-4e5a-924b-9e811e7ff9b5 f6a09dcb87c1443d81cdea29c0219373 2b66b7221b444c0d9a45a9fb093f0681 - - default default] 199.19.213.201,10.0.0.192 "GET /v2.0/security-groups/0ac29bc3-006c-4e6c-8fa1-b8159449c1e0 HTTP/1.1" status: 200 len: 4254 time: 0.0298843
2026-08-24 21:20:56.062 9 INFO neutron.db.ovn_revision_numbers_db [None req-c3f05a93-1dca-41ed-af77-fd2ae9d6a42f f6a09dcb87c1443d81cdea29c0219373 2b66b7221b444c0d9a45a9fb093f0681 - - default default] Successfully bumped revision number for resource 068f34ad-6a00-445a-91a6-d6ca5a809111 (type: security_group_rules) to 0
2026-08-24 21:20:56.092 9 INFO neutron.api.wsgi [None req-c3f05a93-1dca-41ed-af77-fd2ae9d6a42f f6a09dcb87c1443d81cdea29c0219373 2b66b7221b444c0d9a45a9fb093f0681 - - default default] 199.19.213.201,10.0.0.192 "POST /v2.0/security-group-rules HTTP/1.1" status: 201 len: 783 time: 0.1706626
2026-08-24 21:20:57.383 9 INFO neutron.api.wsgi [None req-583c3bda-139d-4205-8efd-5ead95a292a6 f6a09dcb87c1443d81cdea29c0219373 2b66b7221b444c0d9a45a9fb093f0681 - - default default] 199.19.213.201,10.0.0.192 "GET /v2.0/networks/2f7bfaf9-22e2-4d24-b441-a1eb44ff31c5 HTTP/1.1" status: 200 len: 909 time: 0.0723743
2026-08-24 21:20:57.409 9 INFO neutron.pecan_wsgi.hooks.translation [None req-62b4a7f1-32de-4f29-b6c8-7bb4136aaae0 f6a09dcb87c1443d81cdea29c0219373 2b66b7221b444c0d9a45a9fb093f0681 - - default default] GET failed (client error): The resource could not be found.
2026-08-24 21:20:57.410 9 INFO neutron.api.wsgi [None req-62b4a7f1-32de-4f29-b6c8-7bb4136aaae0 f6a09dcb87c1443d81cdea29c0219373 2b66b7221b444c0d9a45a9fb093f0681 - - default default] 199.19.213.201,10.0.0.192 "GET /v2.0/ports/octavia-health-manager-port-instance?network_id=2f7bfaf9-22e2-4d24-b441-a1eb44ff31c5 HTTP/1.1" status: 404 len: 314 time: 0.0198276
2026-08-24 21:20:57.446 9 INFO neutron.api.wsgi [None req-1dc19a68-abc1-4b25-a113-b7da57511f1e f6a09dcb87c1443d81cdea29c0219373 2b66b7221b444c0d9a45a9fb093f0681 - - default default] 199.19.213.201,10.0.0.192 "GET /v2.0/ports?name=octavia-health-manager-port-instance&network_id=2f7bfaf9-22e2-4d24-b441-a1eb44ff31c5 HTTP/1.1" status: 200 len: 186 time: 0.0320163
2026-08-24 21:20:57.484 9 INFO neutron.api.wsgi [None req-8b29e842-8cfa-466e-83c5-693b4438bf72 f6a09dcb87c1443d81cdea29c0219373 2b66b7221b444c0d9a45a9fb093f0681 - - default default] 199.19.213.201,10.0.0.192 "GET /v2.0/security-groups/0ac29bc3-006c-4e6c-8fa1-b8159449c1e0 HTTP/1.1" status: 200 len: 4870 time: 0.0316181
2026-08-24 21:20:57.793 9 WARNING neutron.scheduler.dhcp_agent_scheduler [None req-f8e9a881-be49-45f4-8149-d32f0d444fed f6a09dcb87c1443d81cdea29c0219373 2b66b7221b444c0d9a45a9fb093f0681 - - default default] No more DHCP agents
2026-08-24 21:20:57.794 9 WARNING neutron.api.rpc.agentnotifiers.dhcp_rpc_agent_api [None req-f8e9a881-be49-45f4-8149-d32f0d444fed f6a09dcb87c1443d81cdea29c0219373 2b66b7221b444c0d9a45a9fb093f0681 - - default default] Unable to schedule network 2f7bfaf9-22e2-4d24-b441-a1eb44ff31c5: no agents available; will retry on subsequent port and subnet creation events.
2026-08-24 21:20:57.911 9 INFO neutron.db.ovn_revision_numbers_db [None req-f8e9a881-be49-45f4-8149-d32f0d444fed f6a09dcb87c1443d81cdea29c0219373 2b66b7221b444c0d9a45a9fb093f0681 - - default default] Successfully bumped revision number for resource ef8d1333-f330-47b5-89ec-acb07186eda3 (type: ports) to 1
2026-08-24 21:20:57.937 9 INFO neutron.api.wsgi [None req-f8e9a881-be49-45f4-8149-d32f0d444fed f6a09dcb87c1443d81cdea29c0219373 2b66b7221b444c0d9a45a9fb093f0681 - - default default] 199.19.213.201,10.0.0.192 "POST /v2.0/ports HTTP/1.1" status: 201 len: 1281 time: 0.4436111 /var/lib/openstack/lib/python3.12/site-packages/pycadf/identifier.py:71: UserWarning: Invalid uuid: unknown. To ensure interoperability, identifiers should be a valid uuid. warnings.warn(('Invalid uuid: %s. To ensure interoperability, '
2026-08-24 21:21:04.347 9 INFO neutron.pecan_wsgi.hooks.translation [None req-3cd2f23c-8b16-4c14-b36e-831b51e53b94 f6a09dcb87c1443d81cdea29c0219373 2b66b7221b444c0d9a45a9fb093f0681 - - default default] GET failed (client error): The resource could not be found.
2026-08-24 21:21:04.348 9 INFO neutron.api.wsgi [None req-3cd2f23c-8b16-4c14-b36e-831b51e53b94 f6a09dcb87c1443d81cdea29c0219373 2b66b7221b444c0d9a45a9fb093f0681 - - default default] 199.19.213.201,10.0.0.192 "GET /v2.0/ports/octavia-health-manager-port-instance HTTP/1.1" status: 404 len: 314 time: 0.0465162
2026-08-24 21:21:04.406 9 INFO neutron.api.wsgi [None req-af676961-9097-40f9-b206-b4f743c3c85f f6a09dcb87c1443d81cdea29c0219373 2b66b7221b444c0d9a45a9fb093f0681 - - default default] 199.19.213.201,10.0.0.192 "GET /v2.0/ports?name=octavia-health-manager-port-instance HTTP/1.1" status: 200 len: 1279 time: 0.0536478
2026-08-24 21:21:04.730 9 INFO neutron.db.ovn_revision_numbers_db [None req-0cfd4485-ec5c-4d81-aed0-2e4b433c3618 f6a09dcb87c1443d81cdea29c0219373 2b66b7221b444c0d9a45a9fb093f0681 - - default default] Successfully bumped revision number for resource ef8d1333-f330-47b5-89ec-acb07186eda3 (type: ports) to 1
2026-08-24 21:21:04.937 9 INFO neutron.db.ovn_revision_numbers_db [None req-0cfd4485-ec5c-4d81-aed0-2e4b433c3618 f6a09dcb87c1443d81cdea29c0219373 2b66b7221b444c0d9a45a9fb093f0681 - - default default] Successfully bumped revision number for resource ef8d1333-f330-47b5-89ec-acb07186eda3 (type: ports) to 4
2026-08-24 21:21:04.954 9 INFO neutron.api.wsgi [None req-0cfd4485-ec5c-4d81-aed0-2e4b433c3618 f6a09dcb87c1443d81cdea29c0219373 2b66b7221b444c0d9a45a9fb093f0681 - - default default] 199.19.213.201,10.0.0.192 "PUT /v2.0/ports/ef8d1333-f330-47b5-89ec-acb07186eda3 HTTP/1.1" status: 200 len: 1394 time: 0.5414023 /var/lib/openstack/lib/python3.12/site-packages/pycadf/identifier.py:71: UserWarning: Invalid uuid: unknown. To ensure interoperability, identifiers should be a valid uuid. warnings.warn(('Invalid uuid: %s. To ensure interoperability, '
2026-08-24 21:21:06.410 9 INFO neutron.api.wsgi [None req-c0cb13bd-6c25-4d5d-b874-43c558b619c1 f6a09dcb87c1443d81cdea29c0219373 2b66b7221b444c0d9a45a9fb093f0681 - - default default] 199.19.213.201,10.0.0.192 "GET /v2.0/ports HTTP/1.1" status: 200 len: 3511 time: 0.0857875
2026-08-24 21:21:06.459 9 INFO neutron.api.wsgi [-] 10.0.0.192 "GET / HTTP/1.1" status: 200 len: 247 time: 0.0028794
2026-08-24 21:21:06.462 9 INFO neutron.api.wsgi [-] 10.0.0.192 "GET / HTTP/1.1" status: 200 len: 247 time: 0.0020368
2026-08-24 21:21:07.431 9 INFO neutron.api.v2.resource [None req-7e056966-18c5-426b-a54a-e5ed6357842c f6a09dcb87c1443d81cdea29c0219373 2b66b7221b444c0d9a45a9fb093f0681 - - default default] show failed (client error): The resource could not be found.
2026-08-24 21:21:07.432 9 INFO neutron.api.wsgi [None req-7e056966-18c5-426b-a54a-e5ed6357842c f6a09dcb87c1443d81cdea29c0219373 2b66b7221b444c0d9a45a9fb093f0681 - - default default] 199.19.213.201,10.0.0.192 "GET /v2.0/security-groups/lb-mgmt-sec-grp HTTP/1.1" status: 404 len: 307 time: 0.0414703
2026-08-24 21:21:07.460 9 INFO neutron.api.wsgi [None req-d3510d56-1637-4fd7-a233-acb38aa067b9 f6a09dcb87c1443d81cdea29c0219373 2b66b7221b444c0d9a45a9fb093f0681 - - default default] 199.19.213.201,10.0.0.192 "GET /v2.0/security-groups?name=lb-mgmt-sec-grp HTTP/1.1" status: 200 len: 197 time: 0.0249457
2026-08-24 21:21:07.575 9 INFO neutron.db.ovn_revision_numbers_db [None req-35b256b2-04c6-4f8f-b861-ef4f8f0885e5 f6a09dcb87c1443d81cdea29c0219373 2b66b7221b444c0d9a45a9fb093f0681 - - default default] Successfully bumped revision number for resource 25630ff1-b41a-4e8b-b0e6-c50b843f3377 (type: security_groups) to 1
2026-08-24 21:21:07.591 9 INFO neutron.db.ovn_revision_numbers_db [None req-35b256b2-04c6-4f8f-b861-ef4f8f0885e5 f6a09dcb87c1443d81cdea29c0219373 2b66b7221b444c0d9a45a9fb093f0681 - - default default] Successfully bumped revision number for resource 1c8fd43f-81e8-47bd-acd7-c827c253d8ec (type: security_group_rules) to 0
2026-08-24 21:21:07.603 9 INFO neutron.db.ovn_revision_numbers_db [None req-35b256b2-04c6-4f8f-b861-ef4f8f0885e5 f6a09dcb87c1443d81cdea29c0219373 2b66b7221b444c0d9a45a9fb093f0681 - - default default] Successfully bumped revision number for resource 9dc7e0c5-df94-4512-8832-0edd62e99489 (type: security_group_rules) to 0
2026-08-24 21:21:07.635 9 INFO neutron.api.wsgi [None req-35b256b2-04c6-4f8f-b861-ef4f8f0885e5 f6a09dcb87c1443d81cdea29c0219373 2b66b7221b444c0d9a45a9fb093f0681 - - default default] 199.19.213.201,10.0.0.192 "POST /v2.0/security-groups HTTP/1.1" status: 201 len: 1791 time: 0.1701577
2026-08-24 21:21:08.522 9 INFO neutron.api.wsgi [None req-28b445ed-6f33-4373-9589-18eaf44e663b f6a09dcb87c1443d81cdea29c0219373 2b66b7221b444c0d9a45a9fb093f0681 - - default default] 199.19.213.201,10.0.0.192 "GET /v2.0/security-groups/25630ff1-b41a-4e8b-b0e6-c50b843f3377 HTTP/1.1" status: 200 len: 1786 time: 0.0459490
2026-08-24 21:21:08.549 9 INFO neutron.api.wsgi [None req-d5882ef8-7e64-4daf-9caf-75fce6412513 f6a09dcb87c1443d81cdea29c0219373 2b66b7221b444c0d9a45a9fb093f0681 - - default default] 199.19.213.201,10.0.0.192 "GET /v2.0/security-groups/25630ff1-b41a-4e8b-b0e6-c50b843f3377 HTTP/1.1" status: 200 len: 1786 time: 0.0190861
2026-08-24 21:21:08.625 9 INFO neutron.api.wsgi [None req-74df8efa-23bc-45cf-9714-967963f24e2c f6a09dcb87c1443d81cdea29c0219373 2b66b7221b444c0d9a45a9fb093f0681 - - default default] 199.19.213.201,10.0.0.192 "GET /v2.0/security-groups/25630ff1-b41a-4e8b-b0e6-c50b843f3377 HTTP/1.1" status: 200 len: 1786 time: 0.0692091
2026-08-24 21:21:08.735 9 INFO neutron.db.ovn_revision_numbers_db [None req-303b3281-d12d-4ca7-9078-e68aa44867cf f6a09dcb87c1443d81cdea29c0219373 2b66b7221b444c0d9a45a9fb093f0681 - - default default] Successfully bumped revision number for resource f2473b9c-643a-43b8-9edf-b4b72834b341 (type: security_group_rules) to 0
2026-08-24 21:21:08.762 9 INFO neutron.api.wsgi [None req-303b3281-d12d-4ca7-9078-e68aa44867cf f6a09dcb87c1443d81cdea29c0219373 2b66b7221b444c0d9a45a9fb093f0681 - - default default] 199.19.213.201,10.0.0.192 "POST /v2.0/security-group-rules HTTP/1.1" status: 201 len: 803 time: 0.1286168
2026-08-24 21:21:09.637 9 INFO neutron.api.wsgi [None req-8aab6a09-f2c2-4347-b748-a614de5b8d97 f6a09dcb87c1443d81cdea29c0219373 2b66b7221b444c0d9a45a9fb093f0681 - - default default] 199.19.213.201,10.0.0.192 "GET /v2.0/security-groups/25630ff1-b41a-4e8b-b0e6-c50b843f3377 HTTP/1.1" status: 200 len: 2422 time: 0.0531063
2026-08-24 21:21:09.668 9 INFO neutron.api.wsgi [None req-68dfacc7-b305-487a-98f8-5fa80f627497 f6a09dcb87c1443d81cdea29c0219373 2b66b7221b444c0d9a45a9fb093f0681 - - default default] 199.19.213.201,10.0.0.192 "GET /v2.0/security-groups/25630ff1-b41a-4e8b-b0e6-c50b843f3377 HTTP/1.1" status: 200 len: 2422 time: 0.0220604
2026-08-24 21:21:09.698 9 INFO neutron.api.wsgi [None req-27fdd358-5259-42c6-a318-1aaa0896aa29 f6a09dcb87c1443d81cdea29c0219373 2b66b7221b444c0d9a45a9fb093f0681 - - default default] 199.19.213.201,10.0.0.192 "GET /v2.0/security-groups/25630ff1-b41a-4e8b-b0e6-c50b843f3377 HTTP/1.1" status: 200 len: 2422 time: 0.0232253
2026-08-24 21:21:09.817 9 INFO neutron.db.ovn_revision_numbers_db [None req-006db4c0-b71d-450a-b804-9e96494cd8d2 f6a09dcb87c1443d81cdea29c0219373 2b66b7221b444c0d9a45a9fb093f0681 - - default default] Successfully bumped revision number for resource 73cb6162-7b22-4fb9-ab32-4db94ee9af94 (type: security_group_rules) to 0
2026-08-24 21:21:09.849 9 INFO neutron.api.wsgi [None req-006db4c0-b71d-450a-b804-9e96494cd8d2 f6a09dcb87c1443d81cdea29c0219373 2b66b7221b444c0d9a45a9fb093f0681 - - default default] 199.19.213.201,10.0.0.192 "POST /v2.0/security-group-rules HTTP/1.1" status: 201 len: 807 time: 0.1431301
2026-08-24 21:21:21.461 10 INFO neutron.api.wsgi [-] 10.0.0.192 "GET / HTTP/1.1" status: 200 len: 247 time: 0.0046055
2026-08-24 21:21:21.462 9 INFO neutron.api.wsgi [-] 10.0.0.192 "GET / HTTP/1.1" status: 200 len: 247 time: 0.0053916
2026-08-24 21:21:36.458 10 INFO neutron.api.wsgi [-] 10.0.0.192 "GET / HTTP/1.1" status: 200 len: 247 time: 0.0018792
2026-08-24 21:21:36.458 9 INFO neutron.api.wsgi [-] 10.0.0.192 "GET / HTTP/1.1" status: 200 len: 247 time: 0.0023689
2026-08-24 21:21:51.457 10 INFO neutron.api.wsgi [-] 10.0.0.192 "GET / HTTP/1.1" status: 200 len: 247 time: 0.0016000
2026-08-24 21:21:51.458 10 INFO neutron.api.wsgi [-] 10.0.0.192 "GET / HTTP/1.1" status: 200 len: 247 time: 0.0011802
2026-08-24 21:22:06.458 10 INFO neutron.api.wsgi [-] 10.0.0.192 "GET / HTTP/1.1" status: 200 len: 247 time: 0.0020692
2026-08-24 21:22:06.462 9 INFO neutron.api.wsgi [-] 10.0.0.192 "GET / HTTP/1.1" status: 200 len: 247 time: 0.0040145 /var/lib/openstack/lib/python3.12/site-packages/pycadf/identifier.py:71: UserWarning: Invalid uuid: unknown. To ensure interoperability, identifiers should be a valid uuid. warnings.warn(('Invalid uuid: %s. To ensure interoperability, '
2026-08-24 21:22:11.312 10 INFO neutron.api.wsgi [None req-a1946e74-213e-484f-b806-002571f66d55 f6a09dcb87c1443d81cdea29c0219373 2b66b7221b444c0d9a45a9fb093f0681 - - default default] 199.19.213.201,10.0.0.192 "GET /v2.0/quotas/2b66b7221b444c0d9a45a9fb093f0681 HTTP/1.1" status: 200 len: 467 time: 0.1664069 /var/lib/openstack/lib/python3.12/site-packages/neutron/extensions/quotasv2.py:139: UserWarning: Neutron quota engine will require "--force" parameter to set a quota limit without checking the resource usage. warnings.warn('Neutron quota engine will require "--force" '
2026-08-24 21:22:11.793 10 INFO neutron.api.wsgi [None req-091b2ecb-e39e-4ed9-a1f0-7a6afb143ea4 f6a09dcb87c1443d81cdea29c0219373 2b66b7221b444c0d9a45a9fb093f0681 - - default default] 199.19.213.201,10.0.0.192 "PUT /v2.0/quotas/2b66b7221b444c0d9a45a9fb093f0681 HTTP/1.1" status: 200 len: 466 time: 0.1331613
2026-08-24 21:22:21.457 10 INFO neutron.api.wsgi [-] 10.0.0.192 "GET / HTTP/1.1" status: 200 len: 247 time: 0.0019577
2026-08-24 21:22:21.458 9 INFO neutron.api.wsgi [-] 10.0.0.192 "GET / HTTP/1.1" status: 200 len: 247 time: 0.0025382
2026-08-24 21:22:36.457 9 INFO neutron.api.wsgi [-] 10.0.0.192 "GET / HTTP/1.1" status: 200 len: 247 time: 0.0019505
2026-08-24 21:22:36.459 10 INFO neutron.api.wsgi [-] 10.0.0.192 "GET / HTTP/1.1" status: 200 len: 247 time: 0.0036666
2026-08-24 21:22:51.458 9 INFO neutron.api.wsgi [-] 10.0.0.192 "GET / HTTP/1.1" status: 200 len: 247 time: 0.0020819
2026-08-24 21:22:51.459 10 INFO neutron.api.wsgi [-] 10.0.0.192 "GET / HTTP/1.1" status: 200 len: 247 time: 0.0026250
2026-08-24 21:23:06.458 9 INFO neutron.api.wsgi [-] 10.0.0.192 "GET / HTTP/1.1" status: 200 len: 247 time: 0.0024197
2026-08-24 21:23:06.461 9 INFO neutron.api.wsgi [-] 10.0.0.192 "GET / HTTP/1.1" status: 200 len: 247 time: 0.0021887
2026-08-24 21:23:21.459 10 INFO neutron.api.wsgi [-] 10.0.0.192 "GET / HTTP/1.1" status: 200 len: 247 time: 0.0024996
2026-08-24 21:23:21.462 10 INFO neutron.api.wsgi [-] 10.0.0.192 "GET / HTTP/1.1" status: 200 len: 247 time: 0.0021605
2026-08-24 21:23:36.457 10 INFO neutron.api.wsgi [-] 10.0.0.192 "GET / HTTP/1.1" status: 200 len: 247 time: 0.0022931
2026-08-24 21:23:36.459 9 INFO neutron.api.wsgi [-] 10.0.0.192 "GET / HTTP/1.1" status: 200 len: 247 time: 0.0040350
2026-08-24 21:23:51.457 10 INFO neutron.api.wsgi [-] 10.0.0.192 "GET / HTTP/1.1" status: 200 len: 247 time: 0.0015554
2026-08-24 21:23:51.458 9 INFO neutron.api.wsgi [-] 10.0.0.192 "GET / HTTP/1.1" status: 200 len: 247 time: 0.0021164
2026-08-24 21:24:06.459 10 INFO neutron.api.wsgi [-] 10.0.0.192 "GET / HTTP/1.1" status: 200 len: 247 time: 0.0026801
2026-08-24 21:24:06.462 10 INFO neutron.api.wsgi [-] 10.0.0.192 "GET / HTTP/1.1" status: 200 len: 247 time: 0.0018809
2026-08-24 21:24:21.459 9 INFO neutron.api.wsgi [-] 10.0.0.192 "GET / HTTP/1.1" status: 200 len: 247 time: 0.0029032
2026-08-24 21:24:21.466 9 INFO neutron.api.wsgi [-] 10.0.0.192 "GET / HTTP/1.1" status: 200 len: 247 time: 0.0062103
2026-08-24 21:24:36.458 10 INFO neutron.api.wsgi [-] 10.0.0.192 "GET / HTTP/1.1" status: 200 len: 247 time: 0.0018024
2026-08-24 21:24:36.471 10 INFO neutron.api.wsgi [-] 10.0.0.192 "GET / HTTP/1.1" status: 200 len: 247 time: 0.0018580
2026-08-24 21:24:51.457 10 INFO neutron.api.wsgi [-] 10.0.0.192 "GET / HTTP/1.1" status: 200 len: 247 time: 0.0015857
2026-08-24 21:24:51.458 9 INFO neutron.api.wsgi [-] 10.0.0.192 "GET / HTTP/1.1" status: 200 len: 247 time: 0.0018909
2026-08-24 21:25:06.458 10 INFO neutron.api.wsgi [-] 10.0.0.192 "GET / HTTP/1.1" status: 200 len: 247 time: 0.0024891
2026-08-24 21:25:06.460 10 INFO neutron.api.wsgi [-] 10.0.0.192 "GET / HTTP/1.1" status: 200 len: 247 time: 0.0013876
2026-08-24 21:25:21.457 9 INFO neutron.api.wsgi [-] 10.0.0.192 "GET / HTTP/1.1" status: 200 len: 247 time: 0.0015125
2026-08-24 21:25:21.459 9 INFO neutron.api.wsgi [-] 10.0.0.192 "GET / HTTP/1.1" status: 200 len: 247 time: 0.0014131
2026-08-24 21:25:36.458 10 INFO neutron.api.wsgi [-] 10.0.0.192 "GET / HTTP/1.1" status: 200 len: 247 time: 0.0025694
2026-08-24 21:25:36.460 10 INFO neutron.api.wsgi [-] 10.0.0.192 "GET / HTTP/1.1" status: 200 len: 247 time: 0.0013697
2026-08-24 21:25:45.298 15 INFO neutron.db.ovn_revision_numbers_db [None req-a7520402-4d70-4907-bfd9-57529f324afa - - - - - -] Successfully bumped revision number for resource 2f7bfaf9-22e2-4d24-b441-a1eb44ff31c5 (type: networks) to 2
2026-08-24 21:25:45.343 15 INFO neutron.db.ovn_revision_numbers_db [None req-a7520402-4d70-4907-bfd9-57529f324afa - - - - - -] Successfully bumped revision number for resource 0ac29bc3-006c-4e6c-8fa1-b8159449c1e0 (type: security_groups) to 6
2026-08-24 21:25:45.372 15 INFO neutron.db.ovn_revision_numbers_db [None req-a7520402-4d70-4907-bfd9-57529f324afa - - - - - -] Successfully bumped revision number for resource 25630ff1-b41a-4e8b-b0e6-c50b843f3377 (type: security_groups) to 3
2026-08-24 21:25:45.372 15 INFO neutron.plugins.ml2.drivers.ovn.mech_driver.ovsdb.maintenance [None req-a7520402-4d70-4907-bfd9-57529f324afa - - - - - -] OVN maintenance task check_for_inconsistencies finished in 0.167 seconds
2026-08-24 21:25:51.458 10 INFO neutron.api.wsgi [-] 10.0.0.192 "GET / HTTP/1.1" status: 200 len: 247 time: 0.0022647
2026-08-24 21:25:51.458 9 INFO neutron.api.wsgi [-] 10.0.0.192 "GET / HTTP/1.1" status: 200 len: 247 time: 0.0025272
2026-08-24 21:26:06.458 10 INFO neutron.api.wsgi [-] 10.0.0.192 "GET / HTTP/1.1" status: 200 len: 247 time: 0.0015905
2026-08-24 21:26:06.460 10 INFO neutron.api.wsgi [-] 10.0.0.192 "GET / HTTP/1.1" status: 200 len: 247 time: 0.0015433
2026-08-24 21:26:21.457 10 INFO neutron.api.wsgi [-] 10.0.0.192 "GET / HTTP/1.1" status: 200 len: 247 time: 0.0015647
2026-08-24 21:26:21.457 9 INFO neutron.api.wsgi [-] 10.0.0.192 "GET / HTTP/1.1" status: 200 len: 247 time: 0.0016241
2026-08-24 21:26:36.458 10 INFO neutron.api.wsgi [-] 10.0.0.192 "GET / HTTP/1.1" status: 200 len: 247 time: 0.0026443
2026-08-24 21:26:36.460 9 INFO neutron.api.wsgi [-] 10.0.0.192 "GET / HTTP/1.1" status: 200 len: 247 time: 0.0031726
2026-08-24 21:26:51.458 10 INFO neutron.api.wsgi [-] 10.0.0.192 "GET / HTTP/1.1" status: 200 len: 247 time: 0.0023425
2026-08-24 21:26:51.461 10 INFO neutron.api.wsgi [-] 10.0.0.192 "GET / HTTP/1.1" status: 200 len: 247 time: 0.0016568
2026-08-24 21:27:06.457 10 INFO neutron.api.wsgi [-] 10.0.0.192 "GET / HTTP/1.1" status: 200 len: 247 time: 0.0015166
2026-08-24 21:27:06.459 10 INFO neutron.api.wsgi [-] 10.0.0.192 "GET / HTTP/1.1" status: 200 len: 247 time: 0.0011644
2026-08-24 21:27:21.457 9 INFO neutron.api.wsgi [-] 10.0.0.192 "GET / HTTP/1.1" status: 200 len: 247 time: 0.0015376
2026-08-24 21:27:21.458 10 INFO neutron.api.wsgi [-] 10.0.0.192 "GET / HTTP/1.1" status: 200 len: 247 time: 0.0015810
2026-08-24 21:27:36.459 9 INFO neutron.api.wsgi [-] 10.0.0.192 "GET / HTTP/1.1" status: 200 len: 247 time: 0.0032060
