Apr 20 15:27:08.395258 np0000168355 nova-scheduler[109470]: DEBUG cotyledon.oslo_config_glue [-] vnc.server_proxyclient_address = 127.0.0.1 {{(pid=109470) log_opt_values /opt/stack/data/venv/lib/python3.12/site-packages/oslo_config/cfg.py:3006}}
Apr 20 15:27:08.395258 np0000168355 nova-scheduler[109470]: DEBUG cotyledon.oslo_config_glue [-] vnc.vencrypt_ca_certs = None {{(pid=109470) log_opt_values /opt/stack/data/venv/lib/python3.12/site-packages/oslo_config/cfg.py:3006}}
Apr 20 15:27:08.395258 np0000168355 nova-scheduler[109470]: DEBUG cotyledon.oslo_config_glue [-] vnc.vencrypt_client_cert = None {{(pid=109470) log_opt_values /opt/stack/data/venv/lib/python3.12/site-packages/oslo_config/cfg.py:3006}}
Apr 20 15:27:08.395258 np0000168355 nova-scheduler[109470]: DEBUG cotyledon.oslo_config_glue [-] vnc.vencrypt_client_key = None {{(pid=109470) log_opt_values /opt/stack/data/venv/lib/python3.12/site-packages/oslo_config/cfg.py:3006}}
Apr 20 15:27:08.395258 np0000168355 nova-scheduler[109470]: DEBUG cotyledon.oslo_config_glue [-] workarounds.disable_compute_service_check_for_ffu = False {{(pid=109470) log_opt_values /opt/stack/data/venv/lib/python3.12/site-packages/oslo_config/cfg.py:3006}}
Apr 20 15:27:08.395258 np0000168355 nova-scheduler[109470]: DEBUG cotyledon.oslo_config_glue [-] workarounds.disable_deep_image_inspection = False {{(pid=109470) log_opt_values /opt/stack/data/venv/lib/python3.12/site-packages/oslo_config/cfg.py:3006}}
Apr 20 15:27:08.395258 np0000168355 nova-scheduler[109470]: DEBUG cotyledon.oslo_config_glue [-] workarounds.disable_fallback_pcpu_query = False {{(pid=109470) log_opt_values /opt/stack/data/venv/lib/python3.12/site-packages/oslo_config/cfg.py:3006}}
Apr 20 15:27:08.395258 np0000168355 nova-scheduler[109470]: DEBUG cotyledon.oslo_config_glue [-] workarounds.disable_group_policy_check_upcall = False {{(pid=109470) log_opt_values /opt/stack/data/venv/lib/python3.12/site-packages/oslo_config/cfg.py:3006}}
Apr 20 15:27:08.395258 np0000168355 nova-scheduler[109470]: DEBUG cotyledon.oslo_config_glue [-] workarounds.disable_libvirt_livesnapshot = False {{(pid=109470) log_opt_values /opt/stack/data/venv/lib/python3.12/site-packages/oslo_config/cfg.py:3006}}
Apr 20 15:27:08.395494 np0000168355 nova-scheduler[109470]: DEBUG cotyledon.oslo_config_glue [-] workarounds.disable_rootwrap = False {{(pid=109470) log_opt_values /opt/stack/data/venv/lib/python3.12/site-packages/oslo_config/cfg.py:3006}}
Apr 20 15:27:08.395494 np0000168355 nova-scheduler[109470]: DEBUG cotyledon.oslo_config_glue [-] workarounds.enable_numa_live_migration = False {{(pid=109470) log_opt_values /opt/stack/data/venv/lib/python3.12/site-packages/oslo_config/cfg.py:3006}}
Apr 20 15:27:08.395494 np0000168355 nova-scheduler[109470]: DEBUG cotyledon.oslo_config_glue [-] workarounds.enable_qemu_monitor_announce_self = False {{(pid=109470) log_opt_values /opt/stack/data/venv/lib/python3.12/site-packages/oslo_config/cfg.py:3006}}
Apr 20 15:27:08.395494 np0000168355 nova-scheduler[109470]: DEBUG cotyledon.oslo_config_glue [-] workarounds.ensure_libvirt_rbd_instance_dir_cleanup = False {{(pid=109470) log_opt_values /opt/stack/data/venv/lib/python3.12/site-packages/oslo_config/cfg.py:3006}}
Apr 20 15:27:08.395494 np0000168355 nova-scheduler[109470]: DEBUG cotyledon.oslo_config_glue [-] workarounds.handle_virt_lifecycle_events = True {{(pid=109470) log_opt_values /opt/stack/data/venv/lib/python3.12/site-packages/oslo_config/cfg.py:3006}}
Apr 20 15:27:08.395494 np0000168355 nova-scheduler[109470]: DEBUG cotyledon.oslo_config_glue [-] workarounds.libvirt_disable_apic = False {{(pid=109470) log_opt_values /opt/stack/data/venv/lib/python3.12/site-packages/oslo_config/cfg.py:3006}}
Apr 20 15:27:08.395494 np0000168355 nova-scheduler[109470]: DEBUG cotyledon.oslo_config_glue [-] workarounds.never_download_image_if_on_rbd = False {{(pid=109470) log_opt_values /opt/stack/data/venv/lib/python3.12/site-packages/oslo_config/cfg.py:3006}}
Apr 20 15:27:08.395494 np0000168355 nova-scheduler[109470]: DEBUG cotyledon.oslo_config_glue [-] workarounds.qemu_monitor_announce_self_count = 3 {{(pid=109470) log_opt_values /opt/stack/data/venv/lib/python3.12/site-packages/oslo_config/cfg.py:3006}}
Apr 20 15:27:08.395494 np0000168355 nova-scheduler[109470]: DEBUG cotyledon.oslo_config_glue [-] workarounds.qemu_monitor_announce_self_interval = 1 {{(pid=109470) log_opt_values /opt/stack/data/venv/lib/python3.12/site-packages/oslo_config/cfg.py:3006}}
Apr 20 15:27:08.395709 np0000168355 nova-scheduler[109470]: DEBUG cotyledon.oslo_config_glue [-] workarounds.reserve_disk_resource_for_image_cache = False {{(pid=109470) log_opt_values /opt/stack/data/venv/lib/python3.12/site-packages/oslo_config/cfg.py:3006}}
Apr 20 15:27:08.395709 np0000168355 nova-scheduler[109470]: DEBUG cotyledon.oslo_config_glue [-] workarounds.skip_cpu_compare_at_startup = False {{(pid=109470) log_opt_values /opt/stack/data/venv/lib/python3.12/site-packages/oslo_config/cfg.py:3006}}
Apr 20 15:27:08.395709 np0000168355 nova-scheduler[109470]: DEBUG cotyledon.oslo_config_glue [-] workarounds.skip_cpu_compare_on_dest = False {{(pid=109470) log_opt_values /opt/stack/data/venv/lib/python3.12/site-packages/oslo_config/cfg.py:3006}}
Apr 20 15:27:08.395709 np0000168355 nova-scheduler[109470]: DEBUG cotyledon.oslo_config_glue [-] workarounds.skip_hypervisor_version_check_on_lm = False {{(pid=109470) log_opt_values /opt/stack/data/venv/lib/python3.12/site-packages/oslo_config/cfg.py:3006}}
Apr 20 15:27:08.395709 np0000168355 nova-scheduler[109470]: DEBUG cotyledon.oslo_config_glue [-] workarounds.skip_reserve_in_use_ironic_nodes = False {{(pid=109470) log_opt_values /opt/stack/data/venv/lib/python3.12/site-packages/oslo_config/cfg.py:3006}}
Apr 20 15:27:08.395709 np0000168355 nova-scheduler[109470]: DEBUG cotyledon.oslo_config_glue [-] workarounds.unified_limits_count_pcpu_as_vcpu = False {{(pid=109470) log_opt_values /opt/stack/data/venv/lib/python3.12/site-packages/oslo_config/cfg.py:3006}}
Apr 20 15:27:08.395709 np0000168355 nova-scheduler[109470]: DEBUG cotyledon.oslo_config_glue [-] workarounds.wait_for_vif_plugged_event_during_hard_reboot = [] {{(pid=109470) log_opt_values /opt/stack/data/venv/lib/python3.12/site-packages/oslo_config/cfg.py:3006}}
Apr 20 15:27:08.395709 np0000168355 nova-scheduler[109470]: DEBUG cotyledon.oslo_config_glue [-] wsgi.api_paste_config = /etc/nova/api-paste.ini {{(pid=109470) log_opt_values /opt/stack/data/venv/lib/python3.12/site-packages/oslo_config/cfg.py:3006}}
Apr 20 15:27:08.395906 np0000168355 nova-scheduler[109470]: DEBUG cotyledon.oslo_config_glue [-] wsgi.secure_proxy_ssl_header = None {{(pid=109470) log_opt_values /opt/stack/data/venv/lib/python3.12/site-packages/oslo_config/cfg.py:3006}}
Apr 20 15:27:08.395906 np0000168355 nova-scheduler[109470]: DEBUG cotyledon.oslo_config_glue [-] zvm.ca_file = None {{(pid=109470) log_opt_values /opt/stack/data/venv/lib/python3.12/site-packages/oslo_config/cfg.py:3006}}
Apr 20 15:27:08.395906 np0000168355 nova-scheduler[109470]: DEBUG cotyledon.oslo_config_glue [-] zvm.cloud_connector_url = None {{(pid=109470) log_opt_values /opt/stack/data/venv/lib/python3.12/site-packages/oslo_config/cfg.py:3006}}
Apr 20 15:27:08.395906 np0000168355 nova-scheduler[109470]: DEBUG cotyledon.oslo_config_glue [-] zvm.image_tmp_path = /opt/stack/data/nova/images {{(pid=109470) log_opt_values /opt/stack/data/venv/lib/python3.12/site-packages/oslo_config/cfg.py:3006}}
Apr 20 15:27:08.395906 np0000168355 nova-scheduler[109470]: DEBUG cotyledon.oslo_config_glue [-] zvm.reachable_timeout = 300 {{(pid=109470) log_opt_values /opt/stack/data/venv/lib/python3.12/site-packages/oslo_config/cfg.py:3006}}
Apr 20 15:27:08.395906 np0000168355 nova-scheduler[109470]: DEBUG cotyledon.oslo_config_glue [-] oslo_versionedobjects.fatal_exception_format_errors = False {{(pid=109470) log_opt_values /opt/stack/data/venv/lib/python3.12/site-packages/oslo_config/cfg.py:3006}}
Apr 20 15:27:08.395906 np0000168355 nova-scheduler[109470]: DEBUG cotyledon.oslo_config_glue [-] oslo_middleware.http_basic_auth_user_file = /etc/htpasswd {{(pid=109470) log_opt_values /opt/stack/data/venv/lib/python3.12/site-packages/oslo_config/cfg.py:3006}}
Apr 20 15:27:08.395906 np0000168355 nova-scheduler[109470]: DEBUG cotyledon.oslo_config_glue [-] oslo_messaging_metrics.metrics_buffer_size = 1000 {{(pid=109470) log_opt_values /opt/stack/data/venv/lib/python3.12/site-packages/oslo_config/cfg.py:3006}}
Apr 20 15:27:08.395906 np0000168355 nova-scheduler[109470]: DEBUG cotyledon.oslo_config_glue [-] oslo_messaging_metrics.metrics_enabled = False {{(pid=109470) log_opt_values /opt/stack/data/venv/lib/python3.12/site-packages/oslo_config/cfg.py:3006}}
Apr 20 15:27:08.396154 np0000168355 nova-scheduler[109470]: DEBUG cotyledon.oslo_config_glue [-] oslo_messaging_metrics.metrics_process_name = {{(pid=109470) log_opt_values /opt/stack/data/venv/lib/python3.12/site-packages/oslo_config/cfg.py:3006}}
Apr 20 15:27:08.396154 np0000168355 nova-scheduler[109470]: DEBUG cotyledon.oslo_config_glue [-] oslo_messaging_metrics.metrics_socket_file = /var/tmp/metrics_collector.sock {{(pid=109470) log_opt_values /opt/stack/data/venv/lib/python3.12/site-packages/oslo_config/cfg.py:3006}}
Apr 20 15:27:08.396154 np0000168355 nova-scheduler[109470]: DEBUG cotyledon.oslo_config_glue [-] oslo_messaging_metrics.metrics_thread_stop_timeout = 10 {{(pid=109470) log_opt_values /opt/stack/data/venv/lib/python3.12/site-packages/oslo_config/cfg.py:3006}}
Apr 20 15:27:08.396154 np0000168355 nova-scheduler[109470]: DEBUG cotyledon.oslo_config_glue [-] profiler.connection_string = messaging:// {{(pid=109470) log_opt_values /opt/stack/data/venv/lib/python3.12/site-packages/oslo_config/cfg.py:3006}}
Apr 20 15:27:08.396154 np0000168355 nova-scheduler[109470]: DEBUG cotyledon.oslo_config_glue [-] profiler.enabled = False {{(pid=109470) log_opt_values /opt/stack/data/venv/lib/python3.12/site-packages/oslo_config/cfg.py:3006}}
Apr 20 15:27:08.396154 np0000168355 nova-scheduler[109470]: DEBUG cotyledon.oslo_config_glue [-] profiler.es_doc_type = notification {{(pid=109470) log_opt_values /opt/stack/data/venv/lib/python3.12/site-packages/oslo_config/cfg.py:3006}}
Apr 20 15:27:08.396154 np0000168355 nova-scheduler[109470]: DEBUG cotyledon.oslo_config_glue [-] profiler.es_scroll_size = 10000 {{(pid=109470) log_opt_values /opt/stack/data/venv/lib/python3.12/site-packages/oslo_config/cfg.py:3006}}
Apr 20 15:27:08.396154 np0000168355 nova-scheduler[109470]: DEBUG cotyledon.oslo_config_glue [-] profiler.es_scroll_time = 2m {{(pid=109470) log_opt_values /opt/stack/data/venv/lib/python3.12/site-packages/oslo_config/cfg.py:3006}}
Apr 20 15:27:08.396154 np0000168355 nova-scheduler[109470]: DEBUG cotyledon.oslo_config_glue [-] profiler.filter_error_trace = False {{(pid=109470) log_opt_values /opt/stack/data/venv/lib/python3.12/site-packages/oslo_config/cfg.py:3006}}
Apr 20 15:27:08.396372 np0000168355 nova-scheduler[109470]: DEBUG cotyledon.oslo_config_glue [-] profiler.hmac_keys = **** {{(pid=109470) log_opt_values /opt/stack/data/venv/lib/python3.12/site-packages/oslo_config/cfg.py:3006}}
Apr 20 15:27:08.396372 np0000168355 nova-scheduler[109470]: DEBUG cotyledon.oslo_config_glue [-] profiler.sentinel_service_name = mymaster {{(pid=109470) log_opt_values /opt/stack/data/venv/lib/python3.12/site-packages/oslo_config/cfg.py:3006}}
Apr 20 15:27:08.396372 np0000168355 nova-scheduler[109470]: DEBUG cotyledon.oslo_config_glue [-] profiler.socket_timeout = 0.1 {{(pid=109470) log_opt_values /opt/stack/data/venv/lib/python3.12/site-packages/oslo_config/cfg.py:3006}}
Apr 20 15:27:08.396372 np0000168355 nova-scheduler[109470]: DEBUG cotyledon.oslo_config_glue [-] profiler.trace_requests = False {{(pid=109470) log_opt_values /opt/stack/data/venv/lib/python3.12/site-packages/oslo_config/cfg.py:3006}}
Apr 20 15:27:08.396372 np0000168355 nova-scheduler[109470]: DEBUG cotyledon.oslo_config_glue [-] profiler.trace_sqlalchemy = False {{(pid=109470) log_opt_values /opt/stack/data/venv/lib/python3.12/site-packages/oslo_config/cfg.py:3006}}
Apr 20 15:27:08.396372 np0000168355 nova-scheduler[109470]: DEBUG cotyledon.oslo_config_glue [-] profiler_jaeger.process_tags = {} {{(pid=109470) log_opt_values /opt/stack/data/venv/lib/python3.12/site-packages/oslo_config/cfg.py:3006}}
Apr 20 15:27:08.396372 np0000168355 nova-scheduler[109470]: DEBUG cotyledon.oslo_config_glue [-] profiler_jaeger.service_name_prefix = None {{(pid=109470) log_opt_values /opt/stack/data/venv/lib/python3.12/site-packages/oslo_config/cfg.py:3006}}
Apr 20 15:27:08.396372 np0000168355 nova-scheduler[109470]: DEBUG cotyledon.oslo_config_glue [-] profiler_otlp.service_name_prefix = None {{(pid=109470) log_opt_values /opt/stack/data/venv/lib/python3.12/site-packages/oslo_config/cfg.py:3006}}
Apr 20 15:27:08.396372 np0000168355 nova-scheduler[109470]: DEBUG cotyledon.oslo_config_glue [-] oslo_messaging_rabbit.amqp_auto_delete = False {{(pid=109470) log_opt_values /opt/stack/data/venv/lib/python3.12/site-packages/oslo_config/cfg.py:3006}}
Apr 20 15:27:08.396648 np0000168355 nova-scheduler[109470]: DEBUG cotyledon.oslo_config_glue [-] oslo_messaging_rabbit.amqp_durable_queues = False {{(pid=109470) log_opt_values /opt/stack/data/venv/lib/python3.12/site-packages/oslo_config/cfg.py:3006}}
Apr 20 15:27:08.396648 np0000168355 nova-scheduler[109470]: DEBUG cotyledon.oslo_config_glue [-] oslo_messaging_rabbit.conn_pool_min_size = 2 {{(pid=109470) log_opt_values /opt/stack/data/venv/lib/python3.12/site-packages/oslo_config/cfg.py:3006}}
Apr 20 15:27:08.396648 np0000168355 nova-scheduler[109470]: DEBUG cotyledon.oslo_config_glue [-] oslo_messaging_rabbit.conn_pool_ttl = 1200 {{(pid=109470) log_opt_values /opt/stack/data/venv/lib/python3.12/site-packages/oslo_config/cfg.py:3006}}
Apr 20 15:27:08.396648 np0000168355 nova-scheduler[109470]: DEBUG cotyledon.oslo_config_glue [-] oslo_messaging_rabbit.direct_mandatory_flag = True {{(pid=109470) log_opt_values /opt/stack/data/venv/lib/python3.12/site-packages/oslo_config/cfg.py:3006}}
Apr 20 15:27:08.396648 np0000168355 nova-scheduler[109470]: DEBUG cotyledon.oslo_config_glue [-] oslo_messaging_rabbit.enable_cancel_on_failover = False {{(pid=109470) log_opt_values /opt/stack/data/venv/lib/python3.12/site-packages/oslo_config/cfg.py:3006}}
Apr 20 15:27:08.396648 np0000168355 nova-scheduler[109470]: DEBUG cotyledon.oslo_config_glue [-] oslo_messaging_rabbit.heartbeat_in_pthread = False {{(pid=109470) log_opt_values /opt/stack/data/venv/lib/python3.12/site-packages/oslo_config/cfg.py:3006}}
Apr 20 15:27:08.396648 np0000168355 nova-scheduler[109470]: DEBUG cotyledon.oslo_config_glue [-] oslo_messaging_rabbit.heartbeat_rate = 3 {{(pid=109470) log_opt_values /opt/stack/data/venv/lib/python3.12/site-packages/oslo_config/cfg.py:3006}}
Apr 20 15:27:08.396648 np0000168355 nova-scheduler[109470]: DEBUG cotyledon.oslo_config_glue [-] oslo_messaging_rabbit.heartbeat_timeout_threshold = 60 {{(pid=109470) log_opt_values /opt/stack/data/venv/lib/python3.12/site-packages/oslo_config/cfg.py:3006}}
Apr 20 15:27:08.396648 np0000168355 nova-scheduler[109470]: DEBUG cotyledon.oslo_config_glue [-] oslo_messaging_rabbit.hostname = np0000168355 {{(pid=109470) log_opt_values /opt/stack/data/venv/lib/python3.12/site-packages/oslo_config/cfg.py:3006}}
Apr 20 15:27:08.396873 np0000168355 nova-scheduler[109470]: DEBUG cotyledon.oslo_config_glue [-] oslo_messaging_rabbit.kombu_compression = None {{(pid=109470) log_opt_values /opt/stack/data/venv/lib/python3.12/site-packages/oslo_config/cfg.py:3006}}
Apr 20 15:27:08.396873 np0000168355 nova-scheduler[109470]: DEBUG cotyledon.oslo_config_glue [-] oslo_messaging_rabbit.kombu_failover_strategy = round-robin {{(pid=109470) log_opt_values /opt/stack/data/venv/lib/python3.12/site-packages/oslo_config/cfg.py:3006}}
Apr 20 15:27:08.396873 np0000168355 nova-scheduler[109470]: DEBUG cotyledon.oslo_config_glue [-] oslo_messaging_rabbit.kombu_missing_consumer_retry_timeout = 60 {{(pid=109470) log_opt_values /opt/stack/data/venv/lib/python3.12/site-packages/oslo_config/cfg.py:3006}}
Apr 20 15:27:08.396873 np0000168355 nova-scheduler[109470]: DEBUG cotyledon.oslo_config_glue [-] oslo_messaging_rabbit.kombu_reconnect_delay = 1.0 {{(pid=109470) log_opt_values /opt/stack/data/venv/lib/python3.12/site-packages/oslo_config/cfg.py:3006}}
Apr 20 15:27:08.396873 np0000168355 nova-scheduler[109470]: DEBUG cotyledon.oslo_config_glue [-] oslo_messaging_rabbit.kombu_reconnect_splay = 0.0 {{(pid=109470) log_opt_values /opt/stack/data/venv/lib/python3.12/site-packages/oslo_config/cfg.py:3006}}
Apr 20 15:27:08.396873 np0000168355 nova-scheduler[109470]: DEBUG cotyledon.oslo_config_glue [-] oslo_messaging_rabbit.processname = nova-scheduler {{(pid=109470) log_opt_values /opt/stack/data/venv/lib/python3.12/site-packages/oslo_config/cfg.py:3006}}
Apr 20 15:27:08.396873 np0000168355 nova-scheduler[109470]: DEBUG cotyledon.oslo_config_glue [-] oslo_messaging_rabbit.rabbit_ha_queues = False {{(pid=109470) log_opt_values /opt/stack/data/venv/lib/python3.12/site-packages/oslo_config/cfg.py:3006}}
Apr 20 15:27:08.396873 np0000168355 nova-scheduler[109470]: DEBUG cotyledon.oslo_config_glue [-] oslo_messaging_rabbit.rabbit_interval_max = 30 {{(pid=109470) log_opt_values /opt/stack/data/venv/lib/python3.12/site-packages/oslo_config/cfg.py:3006}}
Apr 20 15:27:08.397098 np0000168355 nova-scheduler[109470]: DEBUG cotyledon.oslo_config_glue [-] oslo_messaging_rabbit.rabbit_login_method = AMQPLAIN {{(pid=109470) log_opt_values /opt/stack/data/venv/lib/python3.12/site-packages/oslo_config/cfg.py:3006}}
Apr 20 15:27:08.397098 np0000168355 nova-scheduler[109470]: DEBUG cotyledon.oslo_config_glue [-] oslo_messaging_rabbit.rabbit_qos_prefetch_count = 0 {{(pid=109470) log_opt_values /opt/stack/data/venv/lib/python3.12/site-packages/oslo_config/cfg.py:3006}}
Apr 20 15:27:08.397098 np0000168355 nova-scheduler[109470]: DEBUG cotyledon.oslo_config_glue [-] oslo_messaging_rabbit.rabbit_quorum_delivery_limit = 0 {{(pid=109470) log_opt_values /opt/stack/data/venv/lib/python3.12/site-packages/oslo_config/cfg.py:3006}}
Apr 20 15:27:08.397098 np0000168355 nova-scheduler[109470]: DEBUG cotyledon.oslo_config_glue [-] oslo_messaging_rabbit.rabbit_quorum_max_memory_bytes = 0 {{(pid=109470) log_opt_values /opt/stack/data/venv/lib/python3.12/site-packages/oslo_config/cfg.py:3006}}
Apr 20 15:27:08.397098 np0000168355 nova-scheduler[109470]: DEBUG cotyledon.oslo_config_glue [-] oslo_messaging_rabbit.rabbit_quorum_max_memory_length = 0 {{(pid=109470) log_opt_values /opt/stack/data/venv/lib/python3.12/site-packages/oslo_config/cfg.py:3006}}
Apr 20 15:27:08.397098 np0000168355 nova-scheduler[109470]: DEBUG cotyledon.oslo_config_glue [-] oslo_messaging_rabbit.rabbit_quorum_queue = False {{(pid=109470) log_opt_values /opt/stack/data/venv/lib/python3.12/site-packages/oslo_config/cfg.py:3006}}
Apr 20 15:27:08.397098 np0000168355 nova-scheduler[109470]: DEBUG cotyledon.oslo_config_glue [-] oslo_messaging_rabbit.rabbit_retry_backoff = 2 {{(pid=109470) log_opt_values /opt/stack/data/venv/lib/python3.12/site-packages/oslo_config/cfg.py:3006}}
Apr 20 15:27:08.397098 np0000168355 nova-scheduler[109470]: DEBUG cotyledon.oslo_config_glue [-] oslo_messaging_rabbit.rabbit_retry_interval = 1 {{(pid=109470) log_opt_values /opt/stack/data/venv/lib/python3.12/site-packages/oslo_config/cfg.py:3006}}
Apr 20 15:27:08.397306 np0000168355 nova-scheduler[109470]: DEBUG cotyledon.oslo_config_glue [-] oslo_messaging_rabbit.rabbit_stream_fanout = False {{(pid=109470) log_opt_values /opt/stack/data/venv/lib/python3.12/site-packages/oslo_config/cfg.py:3006}}
Apr 20 15:27:08.397306 np0000168355 nova-scheduler[109470]: DEBUG cotyledon.oslo_config_glue [-] oslo_messaging_rabbit.rabbit_transient_queues_ttl = 1800 {{(pid=109470) log_opt_values /opt/stack/data/venv/lib/python3.12/site-packages/oslo_config/cfg.py:3006}}
Apr 20 15:27:08.397306 np0000168355 nova-scheduler[109470]: DEBUG cotyledon.oslo_config_glue [-] oslo_messaging_rabbit.rabbit_transient_quorum_queue = False {{(pid=109470) log_opt_values /opt/stack/data/venv/lib/python3.12/site-packages/oslo_config/cfg.py:3006}}
Apr 20 15:27:08.397306 np0000168355 nova-scheduler[109470]: DEBUG cotyledon.oslo_config_glue [-] oslo_messaging_rabbit.rpc_conn_pool_size = 30 {{(pid=109470) log_opt_values /opt/stack/data/venv/lib/python3.12/site-packages/oslo_config/cfg.py:3006}}
Apr 20 15:27:08.397306 np0000168355 nova-scheduler[109470]: DEBUG cotyledon.oslo_config_glue [-] oslo_messaging_rabbit.ssl = False {{(pid=109470) log_opt_values /opt/stack/data/venv/lib/python3.12/site-packages/oslo_config/cfg.py:3006}}
Apr 20 15:27:08.397306 np0000168355 nova-scheduler[109470]: DEBUG cotyledon.oslo_config_glue [-] oslo_messaging_rabbit.ssl_ca_file = {{(pid=109470) log_opt_values /opt/stack/data/venv/lib/python3.12/site-packages/oslo_config/cfg.py:3006}}
Apr 20 15:27:08.397306 np0000168355 nova-scheduler[109470]: DEBUG cotyledon.oslo_config_glue [-] oslo_messaging_rabbit.ssl_cert_file = {{(pid=109470) log_opt_values /opt/stack/data/venv/lib/python3.12/site-packages/oslo_config/cfg.py:3006}}
Apr 20 15:27:08.397306 np0000168355 nova-scheduler[109470]: DEBUG cotyledon.oslo_config_glue [-] oslo_messaging_rabbit.ssl_enforce_fips_mode = False {{(pid=109470) log_opt_values /opt/stack/data/venv/lib/python3.12/site-packages/oslo_config/cfg.py:3006}}
Apr 20 15:27:08.397306 np0000168355 nova-scheduler[109470]: DEBUG cotyledon.oslo_config_glue [-] oslo_messaging_rabbit.ssl_key_file = {{(pid=109470) log_opt_values /opt/stack/data/venv/lib/python3.12/site-packages/oslo_config/cfg.py:3006}}
Apr 20 15:27:08.397535 np0000168355 nova-scheduler[109470]: DEBUG cotyledon.oslo_config_glue [-] oslo_messaging_rabbit.ssl_version = {{(pid=109470) log_opt_values /opt/stack/data/venv/lib/python3.12/site-packages/oslo_config/cfg.py:3006}}
Apr 20 15:27:08.397535 np0000168355 nova-scheduler[109470]: DEBUG cotyledon.oslo_config_glue [-] oslo_messaging_rabbit.use_queue_manager = False {{(pid=109470) log_opt_values /opt/stack/data/venv/lib/python3.12/site-packages/oslo_config/cfg.py:3006}}
Apr 20 15:27:08.397535 np0000168355 nova-scheduler[109470]: DEBUG cotyledon.oslo_config_glue [-] oslo_messaging_notifications.driver = ['messagingv2'] {{(pid=109470) log_opt_values /opt/stack/data/venv/lib/python3.12/site-packages/oslo_config/cfg.py:3006}}
Apr 20 15:27:08.397535 np0000168355 nova-scheduler[109470]: DEBUG cotyledon.oslo_config_glue [-] oslo_messaging_notifications.retry = -1 {{(pid=109470) log_opt_values /opt/stack/data/venv/lib/python3.12/site-packages/oslo_config/cfg.py:3006}}
Apr 20 15:27:08.397535 np0000168355 nova-scheduler[109470]: DEBUG cotyledon.oslo_config_glue [-] oslo_messaging_notifications.topics = ['notifications'] {{(pid=109470) log_opt_values /opt/stack/data/venv/lib/python3.12/site-packages/oslo_config/cfg.py:3006}}
Apr 20 15:27:08.397535 np0000168355 nova-scheduler[109470]: DEBUG cotyledon.oslo_config_glue [-] oslo_messaging_notifications.transport_url = **** {{(pid=109470) log_opt_values /opt/stack/data/venv/lib/python3.12/site-packages/oslo_config/cfg.py:3006}}
Apr 20 15:27:08.397535 np0000168355 nova-scheduler[109470]: DEBUG cotyledon.oslo_config_glue [-] oslo_limit.auth_section = None {{(pid=109470) log_opt_values /opt/stack/data/venv/lib/python3.12/site-packages/oslo_config/cfg.py:3006}}
Apr 20 15:27:08.397535 np0000168355 nova-scheduler[109470]: DEBUG cotyledon.oslo_config_glue [-] oslo_limit.auth_type = None {{(pid=109470) log_opt_values /opt/stack/data/venv/lib/python3.12/site-packages/oslo_config/cfg.py:3006}}
Apr 20 15:27:08.397535 np0000168355 nova-scheduler[109470]: DEBUG cotyledon.oslo_config_glue [-] oslo_limit.cafile = None {{(pid=109470) log_opt_values /opt/stack/data/venv/lib/python3.12/site-packages/oslo_config/cfg.py:3006}}
Apr 20 15:27:08.397763 np0000168355 nova-scheduler[109470]: DEBUG cotyledon.oslo_config_glue [-] oslo_limit.certfile = None {{(pid=109470) log_opt_values /opt/stack/data/venv/lib/python3.12/site-packages/oslo_config/cfg.py:3006}}
Apr 20 15:27:08.397763 np0000168355 nova-scheduler[109470]: DEBUG cotyledon.oslo_config_glue [-] oslo_limit.collect_timing = False {{(pid=109470) log_opt_values /opt/stack/data/venv/lib/python3.12/site-packages/oslo_config/cfg.py:3006}}
Apr 20 15:27:08.397763 np0000168355 nova-scheduler[109470]: DEBUG cotyledon.oslo_config_glue [-] oslo_limit.connect_retries = None {{(pid=109470) log_opt_values /opt/stack/data/venv/lib/python3.12/site-packages/oslo_config/cfg.py:3006}}
Apr 20 15:27:08.397763 np0000168355 nova-scheduler[109470]: DEBUG cotyledon.oslo_config_glue [-] oslo_limit.connect_retry_delay = None {{(pid=109470) log_opt_values /opt/stack/data/venv/lib/python3.12/site-packages/oslo_config/cfg.py:3006}}
Apr 20 15:27:08.397763 np0000168355 nova-scheduler[109470]: DEBUG cotyledon.oslo_config_glue [-] oslo_limit.endpoint_id = None {{(pid=109470) log_opt_values /opt/stack/data/venv/lib/python3.12/site-packages/oslo_config/cfg.py:3006}}
Apr 20 15:27:08.397763 np0000168355 nova-scheduler[109470]: DEBUG cotyledon.oslo_config_glue [-] oslo_limit.endpoint_interface = public {{(pid=109470) log_opt_values /opt/stack/data/venv/lib/python3.12/site-packages/oslo_config/cfg.py:3006}}
Apr 20 15:27:08.397763 np0000168355 nova-scheduler[109470]: DEBUG cotyledon.oslo_config_glue [-] oslo_limit.endpoint_override = None {{(pid=109470) log_opt_values /opt/stack/data/venv/lib/python3.12/site-packages/oslo_config/cfg.py:3006}}
Apr 20 15:27:08.397763 np0000168355 nova-scheduler[109470]: DEBUG cotyledon.oslo_config_glue [-] oslo_limit.endpoint_region_name = None {{(pid=109470) log_opt_values /opt/stack/data/venv/lib/python3.12/site-packages/oslo_config/cfg.py:3006}}
Apr 20 15:27:08.397763 np0000168355 nova-scheduler[109470]: DEBUG cotyledon.oslo_config_glue [-] oslo_limit.endpoint_service_name = None {{(pid=109470) log_opt_values /opt/stack/data/venv/lib/python3.12/site-packages/oslo_config/cfg.py:3006}}
Apr 20 15:27:08.397981 np0000168355 nova-scheduler[109470]: DEBUG cotyledon.oslo_config_glue [-] oslo_limit.endpoint_service_type = None {{(pid=109470) log_opt_values /opt/stack/data/venv/lib/python3.12/site-packages/oslo_config/cfg.py:3006}}
Apr 20 15:27:08.397981 np0000168355 nova-scheduler[109470]: DEBUG cotyledon.oslo_config_glue [-] oslo_limit.insecure = False {{(pid=109470) log_opt_values /opt/stack/data/venv/lib/python3.12/site-packages/oslo_config/cfg.py:3006}}
Apr 20 15:27:08.397981 np0000168355 nova-scheduler[109470]: DEBUG cotyledon.oslo_config_glue [-] oslo_limit.keyfile = None {{(pid=109470) log_opt_values /opt/stack/data/venv/lib/python3.12/site-packages/oslo_config/cfg.py:3006}}
Apr 20 15:27:08.397981 np0000168355 nova-scheduler[109470]: DEBUG cotyledon.oslo_config_glue [-] oslo_limit.max_version = None {{(pid=109470) log_opt_values /opt/stack/data/venv/lib/python3.12/site-packages/oslo_config/cfg.py:3006}}
Apr 20 15:27:08.397981 np0000168355 nova-scheduler[109470]: DEBUG cotyledon.oslo_config_glue [-] oslo_limit.min_version = None {{(pid=109470) log_opt_values /opt/stack/data/venv/lib/python3.12/site-packages/oslo_config/cfg.py:3006}}
Apr 20 15:27:08.397981 np0000168355 nova-scheduler[109470]: DEBUG cotyledon.oslo_config_glue [-] oslo_limit.region_name = None {{(pid=109470) log_opt_values /opt/stack/data/venv/lib/python3.12/site-packages/oslo_config/cfg.py:3006}}
Apr 20 15:27:08.397981 np0000168355 nova-scheduler[109470]: DEBUG cotyledon.oslo_config_glue [-] oslo_limit.retriable_status_codes = None {{(pid=109470) log_opt_values /opt/stack/data/venv/lib/python3.12/site-packages/oslo_config/cfg.py:3006}}
Apr 20 15:27:08.397981 np0000168355 nova-scheduler[109470]: DEBUG cotyledon.oslo_config_glue [-] oslo_limit.service_name = None {{(pid=109470) log_opt_values /opt/stack/data/venv/lib/python3.12/site-packages/oslo_config/cfg.py:3006}}
Apr 20 15:27:08.397981 np0000168355 nova-scheduler[109470]: DEBUG cotyledon.oslo_config_glue [-] oslo_limit.service_type = None {{(pid=109470) log_opt_values /opt/stack/data/venv/lib/python3.12/site-packages/oslo_config/cfg.py:3006}}
Apr 20 15:27:08.398248 np0000168355 nova-scheduler[109470]: DEBUG cotyledon.oslo_config_glue [-] oslo_limit.split_loggers = False {{(pid=109470) log_opt_values /opt/stack/data/venv/lib/python3.12/site-packages/oslo_config/cfg.py:3006}}
Apr 20 15:27:08.398276 np0000168355 nova-scheduler[109466]: DEBUG oslo_db.sqlalchemy.engines [None req-b7aa6e9f-cc5e-4ac2-b900-eab2b081856a None None] MySQL server mode set to STRICT_TRANS_TABLES,STRICT_ALL_TABLES,NO_ZERO_IN_DATE,NO_ZERO_DATE,ERROR_FOR_DIVISION_BY_ZERO,TRADITIONAL,NO_ENGINE_SUBSTITUTION {{(pid=109466) _check_effective_sql_mode /opt/stack/data/venv/lib/python3.12/site-packages/oslo_db/sqlalchemy/engines.py:325}}
Apr 20 15:27:08.398302 np0000168355 nova-scheduler[109470]: DEBUG cotyledon.oslo_config_glue [-] oslo_limit.status_code_retries = None {{(pid=109470) log_opt_values /opt/stack/data/venv/lib/python3.12/site-packages/oslo_config/cfg.py:3006}}
Apr 20 15:27:08.398302 np0000168355 nova-scheduler[109470]: DEBUG cotyledon.oslo_config_glue [-] oslo_limit.status_code_retry_delay = None {{(pid=109470) log_opt_values /opt/stack/data/venv/lib/python3.12/site-packages/oslo_config/cfg.py:3006}}
Apr 20 15:27:08.398302 np0000168355 nova-scheduler[109470]: DEBUG cotyledon.oslo_config_glue [-] oslo_limit.timeout = None {{(pid=109470) log_opt_values /opt/stack/data/venv/lib/python3.12/site-packages/oslo_config/cfg.py:3006}}
Apr 20 15:27:08.398302 np0000168355 nova-scheduler[109470]: DEBUG cotyledon.oslo_config_glue [-] oslo_limit.valid_interfaces = None {{(pid=109470) log_opt_values /opt/stack/data/venv/lib/python3.12/site-packages/oslo_config/cfg.py:3006}}
Apr 20 15:27:08.398302 np0000168355 nova-scheduler[109470]: DEBUG cotyledon.oslo_config_glue [-] oslo_limit.version = None {{(pid=109470) log_opt_values /opt/stack/data/venv/lib/python3.12/site-packages/oslo_config/cfg.py:3006}}
Apr 20 15:27:08.398302 np0000168355 nova-scheduler[109470]: DEBUG cotyledon.oslo_config_glue [-] oslo_reports.file_event_handler = None {{(pid=109470) log_opt_values /opt/stack/data/venv/lib/python3.12/site-packages/oslo_config/cfg.py:3006}}
Apr 20 15:27:08.398302 np0000168355 nova-scheduler[109470]: DEBUG cotyledon.oslo_config_glue [-] oslo_reports.file_event_handler_interval = 1 {{(pid=109470) log_opt_values /opt/stack/data/venv/lib/python3.12/site-packages/oslo_config/cfg.py:3006}}
Apr 20 15:27:08.398302 np0000168355 nova-scheduler[109470]: DEBUG cotyledon.oslo_config_glue [-] oslo_reports.log_dir = None {{(pid=109470) log_opt_values /opt/stack/data/venv/lib/python3.12/site-packages/oslo_config/cfg.py:3006}}
Apr 20 15:27:08.398302 np0000168355 nova-scheduler[109470]: DEBUG cotyledon.oslo_config_glue [-] ******************************************************************************** {{(pid=109470) log_opt_values /opt/stack/data/venv/lib/python3.12/site-packages/oslo_config/cfg.py:3013}}
Apr 20 15:27:08.398593 np0000168355 nova-scheduler[109470]: DEBUG cotyledon._service_worker [-] Run service ServiceWrapper(3) [109470] {{(pid=109470) wait_forever /opt/stack/data/venv/lib/python3.12/site-packages/cotyledon/_service_worker.py:218}}
Apr 20 15:27:08.398593 np0000168355 nova-scheduler[109470]: INFO nova.service [-] Starting scheduler node (version 33.1.0)
Apr 20 15:27:08.398648 np0000168355 nova-scheduler[109453]: INFO dbcounter [None req-4e4962d3-acb6-4883-9d3b-03692cc8d90f None None] Registered counter for database nova_cell0
Apr 20 15:27:08.398680 np0000168355 nova-scheduler[109470]: INFO dbcounter [None req-eef9c349-1259-4c06-88a7-132f2cd63bdd None None] Registered counter for database nova_cell0
Apr 20 15:27:08.398711 np0000168355 nova-scheduler[109466]: DEBUG dbcounter [-] [109466] Writer thread running {{(pid=109466) stat_writer /opt/stack/data/venv/lib/python3.12/site-packages/dbcounter.py:102}}
Apr 20 15:27:08.398746 np0000168355 nova-scheduler[109453]: DEBUG oslo_db.sqlalchemy.engines [None req-4e4962d3-acb6-4883-9d3b-03692cc8d90f None None] MySQL server mode set to STRICT_TRANS_TABLES,STRICT_ALL_TABLES,NO_ZERO_IN_DATE,NO_ZERO_DATE,ERROR_FOR_DIVISION_BY_ZERO,TRADITIONAL,NO_ENGINE_SUBSTITUTION {{(pid=109453) _check_effective_sql_mode /opt/stack/data/venv/lib/python3.12/site-packages/oslo_db/sqlalchemy/engines.py:325}}
Apr 20 15:27:08.400641 np0000168355 nova-scheduler[109446]: DEBUG nova.service [None req-a2ec511d-da1d-4ba4-9473-7df79c891057 None None] Creating RPC server for service: nova-scheduler on topic: scheduler {{(pid=109446) start /opt/stack/nova/nova/service.py:195}}
Apr 20 15:27:08.400888 np0000168355 nova-scheduler[109470]: DEBUG oslo_db.sqlalchemy.engines [None req-eef9c349-1259-4c06-88a7-132f2cd63bdd None None] MySQL server mode set to STRICT_TRANS_TABLES,STRICT_ALL_TABLES,NO_ZERO_IN_DATE,NO_ZERO_DATE,ERROR_FOR_DIVISION_BY_ZERO,TRADITIONAL,NO_ENGINE_SUBSTITUTION {{(pid=109470) _check_effective_sql_mode /opt/stack/data/venv/lib/python3.12/site-packages/oslo_db/sqlalchemy/engines.py:325}}
Apr 20 15:27:08.415318 np0000168355 nova-scheduler[109453]: DEBUG dbcounter [-] [109453] Writer thread running {{(pid=109453) stat_writer /opt/stack/data/venv/lib/python3.12/site-packages/dbcounter.py:102}}
Apr 20 15:27:08.415833 np0000168355 nova-scheduler[109470]: DEBUG dbcounter [-] [109470] Writer thread running {{(pid=109470) stat_writer /opt/stack/data/venv/lib/python3.12/site-packages/dbcounter.py:102}}
Apr 20 15:27:08.417001 np0000168355 nova-scheduler[109466]: DEBUG nova.service [None req-b7aa6e9f-cc5e-4ac2-b900-eab2b081856a None None] Creating RPC server for service: nova-scheduler on topic: scheduler {{(pid=109466) start /opt/stack/nova/nova/service.py:195}}
Apr 20 15:27:08.420825 np0000168355 nova-scheduler[109453]: DEBUG nova.service [None req-4e4962d3-acb6-4883-9d3b-03692cc8d90f None None] Creating RPC server for service: nova-scheduler on topic: scheduler {{(pid=109453) start /opt/stack/nova/nova/service.py:195}}
Apr 20 15:27:08.421101 np0000168355 nova-scheduler[109470]: DEBUG nova.service [None req-eef9c349-1259-4c06-88a7-132f2cd63bdd None None] Creating RPC server for service: nova-scheduler on topic: scheduler {{(pid=109470) start /opt/stack/nova/nova/service.py:195}}
Apr 20 15:27:08.439850 np0000168355 nova-scheduler[109446]: DEBUG nova.service [None req-a2ec511d-da1d-4ba4-9473-7df79c891057 None None] Join ServiceGroup membership for this service scheduler {{(pid=109446) start /opt/stack/nova/nova/service.py:221}}
Apr 20 15:27:08.440145 np0000168355 nova-scheduler[109446]: DEBUG nova.servicegroup.drivers.db [None req-a2ec511d-da1d-4ba4-9473-7df79c891057 None None] DB_Driver: join new ServiceGroup member np0000168355 to the scheduler group, service = {{(pid=109446) join /opt/stack/nova/nova/servicegroup/drivers/db.py:44}}
Apr 20 15:27:08.444059 np0000168355 nova-scheduler[109466]: DEBUG nova.service [None req-b7aa6e9f-cc5e-4ac2-b900-eab2b081856a None None] Join ServiceGroup membership for this service scheduler {{(pid=109466) start /opt/stack/nova/nova/service.py:221}}
Apr 20 15:27:08.444323 np0000168355 nova-scheduler[109466]: DEBUG nova.servicegroup.drivers.db [None req-b7aa6e9f-cc5e-4ac2-b900-eab2b081856a None None] DB_Driver: join new ServiceGroup member np0000168355 to the scheduler group, service = {{(pid=109466) join /opt/stack/nova/nova/servicegroup/drivers/db.py:44}}
Apr 20 15:27:08.447337 np0000168355 nova-scheduler[109453]: DEBUG nova.service [None req-4e4962d3-acb6-4883-9d3b-03692cc8d90f None None] Join ServiceGroup membership for this service scheduler {{(pid=109453) start /opt/stack/nova/nova/service.py:221}}
Apr 20 15:27:08.447660 np0000168355 nova-scheduler[109453]: DEBUG nova.servicegroup.drivers.db [None req-4e4962d3-acb6-4883-9d3b-03692cc8d90f None None] DB_Driver: join new ServiceGroup member np0000168355 to the scheduler group, service = {{(pid=109453) join /opt/stack/nova/nova/servicegroup/drivers/db.py:44}}
Apr 20 15:27:08.455135 np0000168355 nova-scheduler[109470]: DEBUG nova.service [None req-eef9c349-1259-4c06-88a7-132f2cd63bdd None None] Join ServiceGroup membership for this service scheduler {{(pid=109470) start /opt/stack/nova/nova/service.py:221}}
Apr 20 15:27:08.455394 np0000168355 nova-scheduler[109470]: DEBUG nova.servicegroup.drivers.db [None req-eef9c349-1259-4c06-88a7-132f2cd63bdd None None] DB_Driver: join new ServiceGroup member np0000168355 to the scheduler group, service = {{(pid=109470) join /opt/stack/nova/nova/servicegroup/drivers/db.py:44}}
Apr 20 15:27:13.467831 np0000168355 nova-scheduler[109466]: DEBUG oslo.service.backend._threading.loopingcall [-] Fixed interval looping call 'nova.servicegroup.drivers.db.DbDriver._report_state' sleeping for 119.98 seconds {{(pid=109466) _run_loop /opt/stack/data/venv/lib/python3.12/site-packages/oslo_service/backend/_threading/loopingcall.py:125}}
Apr 20 15:27:13.468478 np0000168355 nova-scheduler[109446]: DEBUG oslo.service.backend._threading.loopingcall [-] Fixed interval looping call 'nova.servicegroup.drivers.db.DbDriver._report_state' sleeping for 119.97 seconds {{(pid=109446) _run_loop /opt/stack/data/venv/lib/python3.12/site-packages/oslo_service/backend/_threading/loopingcall.py:125}}
Apr 20 15:27:13.469954 np0000168355 nova-scheduler[109453]: DEBUG oslo.service.backend._threading.loopingcall [-] Fixed interval looping call 'nova.servicegroup.drivers.db.DbDriver._report_state' sleeping for 119.98 seconds {{(pid=109453) _run_loop /opt/stack/data/venv/lib/python3.12/site-packages/oslo_service/backend/_threading/loopingcall.py:125}}
Apr 20 15:27:13.474230 np0000168355 nova-scheduler[109470]: DEBUG oslo.service.backend._threading.loopingcall [-] Fixed interval looping call 'nova.servicegroup.drivers.db.DbDriver._report_state' sleeping for 119.98 seconds {{(pid=109470) _run_loop /opt/stack/data/venv/lib/python3.12/site-packages/oslo_service/backend/_threading/loopingcall.py:125}}
Apr 20 15:27:17.012188 np0000168355 nova-scheduler[108763]: DEBUG dbcounter [-] [108763] Writing DB stats nova_api:SELECT=3 {{(pid=108763) stat_writer /opt/stack/data/venv/lib/python3.12/site-packages/dbcounter.py:115}}
Apr 20 15:27:17.120789 np0000168355 nova-scheduler[108763]: DEBUG dbcounter [-] [108763] Writing DB stats nova_cell0:SELECT=1 {{(pid=108763) stat_writer /opt/stack/data/venv/lib/python3.12/site-packages/dbcounter.py:115}}
Apr 20 15:27:17.129333 np0000168355 nova-scheduler[108763]: DEBUG dbcounter [-] [108763] Writing DB stats nova_cell1:SELECT=1 {{(pid=108763) stat_writer /opt/stack/data/venv/lib/python3.12/site-packages/dbcounter.py:115}}
Apr 20 15:27:17.447573 np0000168355 nova-scheduler[109466]: DEBUG oslo.service.backend._threading.loopingcall [None req-55c7d1f0-ffb2-4a35-9cd2-dc0e7a98b2c1 None None] Dynamic interval looping call 'nova.service.Service.periodic_tasks' sleeping for 60.00 seconds {{(pid=109466) _run_loop /opt/stack/data/venv/lib/python3.12/site-packages/oslo_service/backend/_threading/loopingcall.py:125}}
Apr 20 15:27:23.456480 np0000168355 nova-scheduler[109466]: DEBUG dbcounter [-] [109466] Writing DB stats nova_cell0:SELECT=4,nova_cell0:INSERT=1,nova_cell0:UPDATE=1 {{(pid=109466) stat_writer /opt/stack/data/venv/lib/python3.12/site-packages/dbcounter.py:115}}
Apr 20 15:27:23.459526 np0000168355 nova-scheduler[109446]: DEBUG dbcounter [-] [109446] Writing DB stats nova_cell0:SELECT=4,nova_cell0:INSERT=1,nova_cell0:UPDATE=1 {{(pid=109446) stat_writer /opt/stack/data/venv/lib/python3.12/site-packages/dbcounter.py:115}}
Apr 20 15:27:23.467645 np0000168355 nova-scheduler[109453]: DEBUG dbcounter [-] [109453] Writing DB stats nova_cell0:SELECT=3,nova_cell0:UPDATE=1 {{(pid=109453) stat_writer /opt/stack/data/venv/lib/python3.12/site-packages/dbcounter.py:115}}
Apr 20 15:27:23.472128 np0000168355 nova-scheduler[109470]: DEBUG dbcounter [-] [109470] Writing DB stats nova_cell0:SELECT=3 {{(pid=109470) stat_writer /opt/stack/data/venv/lib/python3.12/site-packages/dbcounter.py:115}}
Apr 20 15:27:36.458996 np0000168355 nova-scheduler[109470]: DEBUG oslo.service.backend._threading.loopingcall [None req-f49a65b5-f0a7-49c4-a2da-ddd552c6a4b7 None None] Dynamic interval looping call 'nova.service.Service.periodic_tasks' sleeping for 60.00 seconds {{(pid=109470) _run_loop /opt/stack/data/venv/lib/python3.12/site-packages/oslo_service/backend/_threading/loopingcall.py:125}}
Apr 20 15:27:46.450733 np0000168355 nova-scheduler[109453]: DEBUG oslo.service.backend._threading.loopingcall [None req-bf3dbdbb-00f0-4038-8b95-54434d5ba6e4 None None] Dynamic interval looping call 'nova.service.Service.periodic_tasks' sleeping for 60.00 seconds {{(pid=109453) _run_loop /opt/stack/data/venv/lib/python3.12/site-packages/oslo_service/backend/_threading/loopingcall.py:125}}
Apr 20 15:28:03.443856 np0000168355 nova-scheduler[109446]: DEBUG oslo.service.backend._threading.loopingcall [None req-99570cd3-6a7e-4b1b-938e-958926cb8cf3 None None] Dynamic interval looping call 'nova.service.Service.periodic_tasks' sleeping for 60.00 seconds {{(pid=109446) _run_loop /opt/stack/data/venv/lib/python3.12/site-packages/oslo_service/backend/_threading/loopingcall.py:125}}
Apr 20 15:28:17.448455 np0000168355 nova-scheduler[109466]: DEBUG oslo.service.backend._threading.loopingcall [None req-55c7d1f0-ffb2-4a35-9cd2-dc0e7a98b2c1 None None] Dynamic interval looping call 'nova.service.Service.periodic_tasks' sleeping for 60.00 seconds {{(pid=109466) _run_loop /opt/stack/data/venv/lib/python3.12/site-packages/oslo_service/backend/_threading/loopingcall.py:125}}
Apr 20 15:28:36.460572 np0000168355 nova-scheduler[109470]: DEBUG oslo.service.backend._threading.loopingcall [None req-f49a65b5-f0a7-49c4-a2da-ddd552c6a4b7 None None] Dynamic interval looping call 'nova.service.Service.periodic_tasks' sleeping for 60.00 seconds {{(pid=109470) _run_loop /opt/stack/data/venv/lib/python3.12/site-packages/oslo_service/backend/_threading/loopingcall.py:125}}
Apr 20 15:28:46.451591 np0000168355 nova-scheduler[109453]: DEBUG oslo.service.backend._threading.loopingcall [None req-bf3dbdbb-00f0-4038-8b95-54434d5ba6e4 None None] Dynamic interval looping call 'nova.service.Service.periodic_tasks' sleeping for 60.00 seconds {{(pid=109453) _run_loop /opt/stack/data/venv/lib/python3.12/site-packages/oslo_service/backend/_threading/loopingcall.py:125}}
Apr 20 15:29:03.444778 np0000168355 nova-scheduler[109446]: DEBUG oslo.service.backend._threading.loopingcall [None req-99570cd3-6a7e-4b1b-938e-958926cb8cf3 None None] Dynamic interval looping call 'nova.service.Service.periodic_tasks' sleeping for 60.00 seconds {{(pid=109446) _run_loop /opt/stack/data/venv/lib/python3.12/site-packages/oslo_service/backend/_threading/loopingcall.py:125}}
Apr 20 15:29:13.452433 np0000168355 nova-scheduler[109446]: DEBUG oslo.service.backend._threading.loopingcall [-] Fixed interval looping call 'nova.servicegroup.drivers.db.DbDriver._report_state' sleeping for 119.99 seconds {{(pid=109446) _run_loop /opt/stack/data/venv/lib/python3.12/site-packages/oslo_service/backend/_threading/loopingcall.py:125}}
Apr 20 15:29:13.454182 np0000168355 nova-scheduler[109466]: DEBUG oslo.service.backend._threading.loopingcall [-] Fixed interval looping call 'nova.servicegroup.drivers.db.DbDriver._report_state' sleeping for 119.99 seconds {{(pid=109466) _run_loop /opt/stack/data/venv/lib/python3.12/site-packages/oslo_service/backend/_threading/loopingcall.py:125}}
Apr 20 15:29:13.458824 np0000168355 nova-scheduler[109453]: DEBUG oslo.service.backend._threading.loopingcall [-] Fixed interval looping call 'nova.servicegroup.drivers.db.DbDriver._report_state' sleeping for 119.99 seconds {{(pid=109453) _run_loop /opt/stack/data/venv/lib/python3.12/site-packages/oslo_service/backend/_threading/loopingcall.py:125}}
Apr 20 15:29:13.460658 np0000168355 nova-scheduler[109470]: DEBUG oslo.service.backend._threading.loopingcall [-] Fixed interval looping call 'nova.servicegroup.drivers.db.DbDriver._report_state' sleeping for 119.99 seconds {{(pid=109470) _run_loop /opt/stack/data/venv/lib/python3.12/site-packages/oslo_service/backend/_threading/loopingcall.py:125}}
Apr 20 15:29:17.449472 np0000168355 nova-scheduler[109466]: DEBUG oslo.service.backend._threading.loopingcall [None req-55c7d1f0-ffb2-4a35-9cd2-dc0e7a98b2c1 None None] Dynamic interval looping call 'nova.service.Service.periodic_tasks' sleeping for 60.00 seconds {{(pid=109466) _run_loop /opt/stack/data/venv/lib/python3.12/site-packages/oslo_service/backend/_threading/loopingcall.py:125}}
Apr 20 15:29:23.444010 np0000168355 nova-scheduler[109446]: DEBUG dbcounter [-] [109446] Writing DB stats nova_cell0:SELECT=1,nova_cell0:UPDATE=1 {{(pid=109446) stat_writer /opt/stack/data/venv/lib/python3.12/site-packages/dbcounter.py:115}}
Apr 20 15:29:23.452459 np0000168355 nova-scheduler[109466]: DEBUG dbcounter [-] [109466] Writing DB stats nova_cell0:SELECT=1 {{(pid=109466) stat_writer /opt/stack/data/venv/lib/python3.12/site-packages/dbcounter.py:115}}
Apr 20 15:29:23.455048 np0000168355 nova-scheduler[109453]: DEBUG dbcounter [-] [109453] Writing DB stats nova_cell0:SELECT=1 {{(pid=109453) stat_writer /opt/stack/data/venv/lib/python3.12/site-packages/dbcounter.py:115}}
Apr 20 15:29:23.458611 np0000168355 nova-scheduler[109470]: DEBUG dbcounter [-] [109470] Writing DB stats nova_cell0:SELECT=1 {{(pid=109470) stat_writer /opt/stack/data/venv/lib/python3.12/site-packages/dbcounter.py:115}}
Apr 20 15:29:36.461564 np0000168355 nova-scheduler[109470]: DEBUG oslo.service.backend._threading.loopingcall [None req-f49a65b5-f0a7-49c4-a2da-ddd552c6a4b7 None None] Dynamic interval looping call 'nova.service.Service.periodic_tasks' sleeping for 60.00 seconds {{(pid=109470) _run_loop /opt/stack/data/venv/lib/python3.12/site-packages/oslo_service/backend/_threading/loopingcall.py:125}}
Apr 20 15:29:46.452451 np0000168355 nova-scheduler[109453]: DEBUG oslo.service.backend._threading.loopingcall [None req-bf3dbdbb-00f0-4038-8b95-54434d5ba6e4 None None] Dynamic interval looping call 'nova.service.Service.periodic_tasks' sleeping for 60.00 seconds {{(pid=109453) _run_loop /opt/stack/data/venv/lib/python3.12/site-packages/oslo_service/backend/_threading/loopingcall.py:125}}
Apr 20 15:30:03.445777 np0000168355 nova-scheduler[109446]: DEBUG oslo.service.backend._threading.loopingcall [None req-99570cd3-6a7e-4b1b-938e-958926cb8cf3 None None] Dynamic interval looping call 'nova.service.Service.periodic_tasks' sleeping for 60.00 seconds {{(pid=109446) _run_loop /opt/stack/data/venv/lib/python3.12/site-packages/oslo_service/backend/_threading/loopingcall.py:125}}
Apr 20 15:30:17.450290 np0000168355 nova-scheduler[109466]: DEBUG oslo.service.backend._threading.loopingcall [None req-55c7d1f0-ffb2-4a35-9cd2-dc0e7a98b2c1 None None] Dynamic interval looping call 'nova.service.Service.periodic_tasks' sleeping for 60.00 seconds {{(pid=109466) _run_loop /opt/stack/data/venv/lib/python3.12/site-packages/oslo_service/backend/_threading/loopingcall.py:125}}
Apr 20 15:30:36.462814 np0000168355 nova-scheduler[109470]: DEBUG oslo.service.backend._threading.loopingcall [None req-f49a65b5-f0a7-49c4-a2da-ddd552c6a4b7 None None] Dynamic interval looping call 'nova.service.Service.periodic_tasks' sleeping for 60.00 seconds {{(pid=109470) _run_loop /opt/stack/data/venv/lib/python3.12/site-packages/oslo_service/backend/_threading/loopingcall.py:125}}
Apr 20 15:30:46.453647 np0000168355 nova-scheduler[109453]: DEBUG oslo.service.backend._threading.loopingcall [None req-bf3dbdbb-00f0-4038-8b95-54434d5ba6e4 None None] Dynamic interval looping call 'nova.service.Service.periodic_tasks' sleeping for 60.00 seconds {{(pid=109453) _run_loop /opt/stack/data/venv/lib/python3.12/site-packages/oslo_service/backend/_threading/loopingcall.py:125}}
Apr 20 15:31:03.446682 np0000168355 nova-scheduler[109446]: DEBUG oslo.service.backend._threading.loopingcall [None req-99570cd3-6a7e-4b1b-938e-958926cb8cf3 None None] Dynamic interval looping call 'nova.service.Service.periodic_tasks' sleeping for 60.00 seconds {{(pid=109446) _run_loop /opt/stack/data/venv/lib/python3.12/site-packages/oslo_service/backend/_threading/loopingcall.py:125}}
Apr 20 15:31:13.455059 np0000168355 nova-scheduler[109446]: DEBUG oslo.service.backend._threading.loopingcall [-] Fixed interval looping call 'nova.servicegroup.drivers.db.DbDriver._report_state' sleeping for 119.99 seconds {{(pid=109446) _run_loop /opt/stack/data/venv/lib/python3.12/site-packages/oslo_service/backend/_threading/loopingcall.py:125}}
Apr 20 15:31:13.456113 np0000168355 nova-scheduler[109466]: DEBUG oslo.service.backend._threading.loopingcall [-] Fixed interval looping call 'nova.servicegroup.drivers.db.DbDriver._report_state' sleeping for 119.99 seconds {{(pid=109466) _run_loop /opt/stack/data/venv/lib/python3.12/site-packages/oslo_service/backend/_threading/loopingcall.py:125}}
Apr 20 15:31:13.457174 np0000168355 nova-scheduler[109470]: DEBUG oslo.service.backend._threading.loopingcall [-] Fixed interval looping call 'nova.servicegroup.drivers.db.DbDriver._report_state' sleeping for 119.99 seconds {{(pid=109470) _run_loop /opt/stack/data/venv/lib/python3.12/site-packages/oslo_service/backend/_threading/loopingcall.py:125}}
Apr 20 15:31:13.457853 np0000168355 nova-scheduler[109453]: DEBUG oslo.service.backend._threading.loopingcall [-] Fixed interval looping call 'nova.servicegroup.drivers.db.DbDriver._report_state' sleeping for 119.99 seconds {{(pid=109453) _run_loop /opt/stack/data/venv/lib/python3.12/site-packages/oslo_service/backend/_threading/loopingcall.py:125}}
Apr 20 15:31:17.451215 np0000168355 nova-scheduler[109466]: DEBUG oslo.service.backend._threading.loopingcall [None req-55c7d1f0-ffb2-4a35-9cd2-dc0e7a98b2c1 None None] Dynamic interval looping call 'nova.service.Service.periodic_tasks' sleeping for 60.00 seconds {{(pid=109466) _run_loop /opt/stack/data/venv/lib/python3.12/site-packages/oslo_service/backend/_threading/loopingcall.py:125}}
