2026-04-23 08:54:15.679 7 INFO neutron.services.segments.plugin [-] Segment d757a158-2e61-4003-aa02-7af90179da92 resource provider not found; error: Placement Client Error (4xx): {"errors": [{"status": 404, "title": "Not Found", "detail": "The resource could not be found.\n\n No resource provider with uuid d757a158-2e61-4003-aa02-7af90179da92 found for delete ", "request_id": "req-e268ad49-743b-4b07-834d-28d8a22516c6"}]} [pid: 7|app: 0|req: 806/1554] 10.0.0.54 () {32 vars in 724 bytes} [Thu Apr 23 08:54:15 2026] DELETE /v2.0/networks/c2d05c34-f0c3-4263-b788-ea9175de55bb => generated 0 bytes in 372 msecs (HTTP/1.1 204) 3 headers in 131 bytes (1 switches on core 0)
2026-04-23 08:54:15.803 8 INFO neutron.db.segments_db [None req-433b89ce-025f-4e58-8b21-57b4cf6187dd 7e6178cbb7034b71bc593773abb8fc4e f80bf61c599e47659232710333b8322a - - default default] Added segment 5fe2dffa-577b-47d5-b167-242fae0cc626 of type geneve for network a897b694-4b1b-4c00-8bd0-dbc874b248f7
2026-04-23 08:54:15.926 8 INFO neutron.db.ovn_revision_numbers_db [None req-433b89ce-025f-4e58-8b21-57b4cf6187dd 7e6178cbb7034b71bc593773abb8fc4e f80bf61c599e47659232710333b8322a - - default default] Successfully bumped revision number for resource a897b694-4b1b-4c00-8bd0-dbc874b248f7 (type: networks) to 1
2026-04-23 08:54:16.087 8 WARNING neutron.scheduler.dhcp_agent_scheduler [None req-433b89ce-025f-4e58-8b21-57b4cf6187dd 7e6178cbb7034b71bc593773abb8fc4e f80bf61c599e47659232710333b8322a - - default default] No more DHCP agents
2026-04-23 08:54:16.088 8 WARNING neutron.api.rpc.agentnotifiers.dhcp_rpc_agent_api [None req-433b89ce-025f-4e58-8b21-57b4cf6187dd 7e6178cbb7034b71bc593773abb8fc4e f80bf61c599e47659232710333b8322a - - default default] Unable to schedule network a897b694-4b1b-4c00-8bd0-dbc874b248f7: no agents available; will retry on subsequent port and subnet creation events.
2026-04-23 08:54:16.214 8 INFO neutron.db.ovn_revision_numbers_db [None req-433b89ce-025f-4e58-8b21-57b4cf6187dd 7e6178cbb7034b71bc593773abb8fc4e f80bf61c599e47659232710333b8322a - - default default] Successfully bumped revision number for resource ea64abb6-402d-4da5-ae97-585f58bee47e (type: ports) to 1 [pid: 8|app: 0|req: 749/1555] 10.0.0.54 () {34 vars in 668 bytes} [Thu Apr 23 08:54:15 2026] POST /v2.0/networks => generated 634 bytes in 523 msecs (HTTP/1.1 201) 4 headers in 162 bytes (1 switches on core 0)
2026-04-23 08:54:16.381 8 WARNING neutron.plugins.ml2.drivers.ovn.mech_driver.ovsdb.ovn_client [None req-9d85b8d3-d278-4070-ab4b-ebcd6025b17f - - - - - -] No port found with ID 82442151-a9ee-40da-80b5-46127c605459: RuntimeError: No port found with ID 82442151-a9ee-40da-80b5-46127c605459
2026-04-23 08:54:16.400 8 INFO neutron.plugins.ml2.drivers.ovn.mech_driver.mech_driver [None req-9d85b8d3-d278-4070-ab4b-ebcd6025b17f - - - - - -] OVN reports status down for port: ea64abb6-402d-4da5-ae97-585f58bee47e
2026-04-23 08:54:16.435 7 WARNING neutron.scheduler.dhcp_agent_scheduler [None req-6dbb2f62-205f-42db-9702-ff5ed1980670 7e6178cbb7034b71bc593773abb8fc4e f80bf61c599e47659232710333b8322a - - default default] No more DHCP agents
2026-04-23 08:54:16.437 7 WARNING neutron.api.rpc.agentnotifiers.dhcp_rpc_agent_api [None req-6dbb2f62-205f-42db-9702-ff5ed1980670 7e6178cbb7034b71bc593773abb8fc4e f80bf61c599e47659232710333b8322a - - default default] Unable to schedule network a897b694-4b1b-4c00-8bd0-dbc874b248f7: no agents available; will retry on subsequent port and subnet creation events.
2026-04-23 08:54:16.474 7 INFO neutron.db.ovn_revision_numbers_db [None req-6dbb2f62-205f-42db-9702-ff5ed1980670 7e6178cbb7034b71bc593773abb8fc4e f80bf61c599e47659232710333b8322a - - default default] Successfully bumped revision number for resource 2c9e6b06-0de2-4ef8-8b6c-7b51d1968103 (type: subnets) to 0 [pid: 7|app: 0|req: 807/1556] 10.0.0.54 () {34 vars in 667 bytes} [Thu Apr 23 08:54:16 2026] POST /v2.0/subnets => generated 646 bytes in 245 msecs (HTTP/1.1 201) 4 headers in 162 bytes (1 switches on core 0)
2026-04-23 08:54:16.622 8 INFO neutron.db.ovn_revision_numbers_db [None req-2ed92abc-4105-497a-9cbf-0c69ab013230 7e6178cbb7034b71bc593773abb8fc4e f80bf61c599e47659232710333b8322a - - default default] Successfully bumped revision number for resource 31e2f29d-e7cc-4036-990e-614df5b8be25 (type: routers) to 1 [pid: 8|app: 0|req: 750/1557] 10.0.0.54 () {34 vars in 667 bytes} [Thu Apr 23 08:54:16 2026] POST /v2.0/routers => generated 606 bytes in 144 msecs (HTTP/1.1 201) 4 headers in 162 bytes (1 switches on core 0)
2026-04-23 08:54:16.976 7 WARNING neutron.scheduler.dhcp_agent_scheduler [None req-082bc7eb-f48b-495e-945f-172a4753bb35 7e6178cbb7034b71bc593773abb8fc4e f80bf61c599e47659232710333b8322a - - default default] No more DHCP agents
2026-04-23 08:54:16.978 7 WARNING neutron.api.rpc.agentnotifiers.dhcp_rpc_agent_api [None req-082bc7eb-f48b-495e-945f-172a4753bb35 7e6178cbb7034b71bc593773abb8fc4e f80bf61c599e47659232710333b8322a - - default default] Unable to schedule network a897b694-4b1b-4c00-8bd0-dbc874b248f7: no agents available; will retry on subsequent port and subnet creation events.
2026-04-23 08:54:17.083 8 INFO neutron.plugins.ml2.drivers.ovn.mech_driver.mech_driver [None req-9d85b8d3-d278-4070-ab4b-ebcd6025b17f - - - - - -] OVN reports status down for port: 7b1e3077-26b8-4678-bf82-66a2d3726671
2026-04-23 08:54:17.139 7 INFO neutron.db.ovn_revision_numbers_db [None req-082bc7eb-f48b-495e-945f-172a4753bb35 7e6178cbb7034b71bc593773abb8fc4e f80bf61c599e47659232710333b8322a - - default default] Successfully bumped revision number for resource 7b1e3077-26b8-4678-bf82-66a2d3726671 (type: ports) to 1 [pid: 7|app: 0|req: 808/1558] 10.0.0.54 () {34 vars in 663 bytes} [Thu Apr 23 08:54:16 2026] POST /v2.0/ports => generated 964 bytes in 521 msecs (HTTP/1.1 201) 4 headers in 162 bytes (1 switches on core 0) /var/lib/openstack/lib/python3.12/site-packages/pycadf/identifier.py:70: UserWarning: Invalid uuid: neutron. To ensure interoperability, identifiers should be a valid uuid. warnings.warn(('Invalid uuid: %s. To ensure interoperability, '
2026-04-23 08:54:17.513 8 INFO neutron.db.ovn_revision_numbers_db [None req-caf8a508-ef27-4465-beb2-d7654fefd90c 5dece4b25432459298119f750b697c7e e7e61fa6f4304864b5a247200b81799a - - default default] Successfully bumped revision number for resource 1da68c3e-da5d-4ddc-baaf-7d6831f02026 (type: security_groups) to 1
2026-04-23 08:54:17.524 8 INFO neutron.db.ovn_revision_numbers_db [None req-caf8a508-ef27-4465-beb2-d7654fefd90c 5dece4b25432459298119f750b697c7e e7e61fa6f4304864b5a247200b81799a - - default default] Successfully bumped revision number for resource 497f8479-7c80-494c-a486-ba85e564ed97 (type: security_group_rules) to 0
2026-04-23 08:54:17.536 8 INFO neutron.db.ovn_revision_numbers_db [None req-caf8a508-ef27-4465-beb2-d7654fefd90c 5dece4b25432459298119f750b697c7e e7e61fa6f4304864b5a247200b81799a - - default default] Successfully bumped revision number for resource 49b34b31-92ad-4a7b-ac2a-618ff4179212 (type: security_group_rules) to 0
2026-04-23 08:54:17.549 8 INFO neutron.db.ovn_revision_numbers_db [None req-caf8a508-ef27-4465-beb2-d7654fefd90c 5dece4b25432459298119f750b697c7e e7e61fa6f4304864b5a247200b81799a - - default default] Successfully bumped revision number for resource 87dc0cfc-9190-4de5-83f8-22a1d307ea41 (type: security_group_rules) to 0
2026-04-23 08:54:17.566 8 INFO neutron.db.ovn_revision_numbers_db [None req-caf8a508-ef27-4465-beb2-d7654fefd90c 5dece4b25432459298119f750b697c7e e7e61fa6f4304864b5a247200b81799a - - default default] Successfully bumped revision number for resource 89b2f703-7a92-4050-839c-c294d6ff869a (type: security_group_rules) to 0 [pid: 8|app: 0|req: 751/1559] 10.0.0.54 () {32 vars in 772 bytes} [Thu Apr 23 08:54:17 2026] GET /v2.0/security-groups?tenant_id=1c7f5c50067e44e48170e86f63d91283&name=default => generated 2925 bytes in 467 msecs (HTTP/1.1 200) 4 headers in 158 bytes (1 switches on core 0)
2026-04-23 08:54:17.720 7 INFO neutron.db.ovn_revision_numbers_db [None req-2ccff4a6-7bd2-4a0b-98d0-56986d3bf072 7e6178cbb7034b71bc593773abb8fc4e f80bf61c599e47659232710333b8322a - - default default] Successfully bumped revision number for resource 7b1e3077-26b8-4678-bf82-66a2d3726671 (type: ports) to 2
2026-04-23 08:54:17.766 8 INFO neutron.plugins.ml2.drivers.ovn.mech_driver.mech_driver [None req-9d85b8d3-d278-4070-ab4b-ebcd6025b17f - - - - - -] OVN reports status up for port: 7b1e3077-26b8-4678-bf82-66a2d3726671
2026-04-23 08:54:17.812 8 INFO neutron.plugins.ml2.plugin [None req-9d85b8d3-d278-4070-ab4b-ebcd6025b17f - - - - - -] Attempt 1 to provision port 7b1e3077-26b8-4678-bf82-66a2d3726671 [pid: 8|app: 0|req: 752/1560] 10.0.0.54 () {32 vars in 738 bytes} [Thu Apr 23 08:54:17 2026] DELETE /v2.0/security-groups/1da68c3e-da5d-4ddc-baaf-7d6831f02026 => generated 0 bytes in 495 msecs (HTTP/1.1 204) 2 headers in 112 bytes (1 switches on core 0)
2026-04-23 08:54:18.221 8 INFO neutron.db.ovn_revision_numbers_db [None req-9d85b8d3-d278-4070-ab4b-ebcd6025b17f - - - - - -] Successfully bumped revision number for resource 7b1e3077-26b8-4678-bf82-66a2d3726671 (type: ports) to 3 /var/lib/openstack/lib/python3.12/site-packages/pycadf/identifier.py:70: UserWarning: Invalid uuid: neutron. To ensure interoperability, identifiers should be a valid uuid. warnings.warn(('Invalid uuid: %s. To ensure interoperability, '
2026-04-23 08:54:18.686 8 INFO neutron.db.ovn_revision_numbers_db [None req-8ab5d285-d117-4cf4-ba34-81d30961ba4b 5dece4b25432459298119f750b697c7e e7e61fa6f4304864b5a247200b81799a - - default default] Successfully bumped revision number for resource 86d1508a-80a6-49cc-becc-f2e35ebd3be6 (type: security_groups) to 1
2026-04-23 08:54:18.701 8 INFO neutron.db.ovn_revision_numbers_db [None req-8ab5d285-d117-4cf4-ba34-81d30961ba4b 5dece4b25432459298119f750b697c7e e7e61fa6f4304864b5a247200b81799a - - default default] Successfully bumped revision number for resource 7bcd974c-51d7-4116-a5fc-714e8e485df1 (type: security_group_rules) to 0
2026-04-23 08:54:18.712 8 INFO neutron.db.ovn_revision_numbers_db [None req-8ab5d285-d117-4cf4-ba34-81d30961ba4b 5dece4b25432459298119f750b697c7e e7e61fa6f4304864b5a247200b81799a - - default default] Successfully bumped revision number for resource 8bafa07a-b664-4b78-9272-7aa582cb7940 (type: security_group_rules) to 0
2026-04-23 08:54:18.724 8 INFO neutron.db.ovn_revision_numbers_db [None req-8ab5d285-d117-4cf4-ba34-81d30961ba4b 5dece4b25432459298119f750b697c7e e7e61fa6f4304864b5a247200b81799a - - default default] Successfully bumped revision number for resource ba1dadcc-cb90-406d-a72d-b4b7390e4ac3 (type: security_group_rules) to 0
2026-04-23 08:54:18.737 8 INFO neutron.db.ovn_revision_numbers_db [None req-8ab5d285-d117-4cf4-ba34-81d30961ba4b 5dece4b25432459298119f750b697c7e e7e61fa6f4304864b5a247200b81799a - - default default] Successfully bumped revision number for resource da03f7f6-6e1e-4bbd-aea1-8cefd18b2914 (type: security_group_rules) to 0 [pid: 8|app: 0|req: 753/1561] 10.0.0.54 () {32 vars in 772 bytes} [Thu Apr 23 08:54:18 2026] GET /v2.0/security-groups?tenant_id=ae570cbda35a426fb8e689d45ed35426&name=default => generated 2925 bytes in 599 msecs (HTTP/1.1 200) 4 headers in 158 bytes (1 switches on core 0) [pid: 8|app: 0|req: 756/1564] 10.0.0.54 () {32 vars in 738 bytes} [Thu Apr 23 08:54:18 2026] DELETE /v2.0/security-groups/86d1508a-80a6-49cc-becc-f2e35ebd3be6 => generated 0 bytes in 276 msecs (HTTP/1.1 204) 2 headers in 112 bytes (1 switches on core 0)
2026-04-23 08:54:19.119 7 WARNING neutron.scheduler.dhcp_agent_scheduler [None req-2ccff4a6-7bd2-4a0b-98d0-56986d3bf072 7e6178cbb7034b71bc593773abb8fc4e f80bf61c599e47659232710333b8322a - - default default] No more DHCP agents
2026-04-23 08:54:19.124 7 WARNING neutron.api.rpc.agentnotifiers.dhcp_rpc_agent_api [None req-2ccff4a6-7bd2-4a0b-98d0-56986d3bf072 7e6178cbb7034b71bc593773abb8fc4e f80bf61c599e47659232710333b8322a - - default default] Unable to schedule network a897b694-4b1b-4c00-8bd0-dbc874b248f7: no agents available; will retry on subsequent port and subnet creation events.
2026-04-23 08:54:19.418 7 INFO neutron.db.ovn_revision_numbers_db [None req-2ccff4a6-7bd2-4a0b-98d0-56986d3bf072 7e6178cbb7034b71bc593773abb8fc4e f80bf61c599e47659232710333b8322a - - default default] Successfully bumped revision number for resource 7b1e3077-26b8-4678-bf82-66a2d3726671 (type: router_ports) to 3 [pid: 7|app: 0|req: 809/1565] 10.0.0.54 () {34 vars in 781 bytes} [Thu Apr 23 08:54:17 2026] PUT /v2.0/routers/31e2f29d-e7cc-4036-990e-614df5b8be25/add_router_interface => generated 309 bytes in 2254 msecs (HTTP/1.1 200) 4 headers in 157 bytes (1 switches on core 0) /var/lib/openstack/lib/python3.12/site-packages/pycadf/identifier.py:70: UserWarning: Invalid uuid: neutron. To ensure interoperability, identifiers should be a valid uuid. warnings.warn(('Invalid uuid: %s. To ensure interoperability, '
2026-04-23 08:54:19.462 8 INFO neutron.db.ovn_revision_numbers_db [None req-38d66d4d-a91e-426b-8799-daf3d51896e9 5dece4b25432459298119f750b697c7e e7e61fa6f4304864b5a247200b81799a - - default default] Successfully bumped revision number for resource ef3ad324-65c3-4ea4-9a91-9abda7dd1974 (type: security_groups) to 1 [pid: 7|app: 0|req: 810/1566] 10.0.0.54 () {32 vars in 715 bytes} [Thu Apr 23 08:54:19 2026] GET /v2.0/ports/7b1e3077-26b8-4678-bf82-66a2d3726671 => generated 1026 bytes in 37 msecs (HTTP/1.1 200) 4 headers in 158 bytes (1 switches on core 0)
2026-04-23 08:54:19.476 8 INFO neutron.db.ovn_revision_numbers_db [None req-38d66d4d-a91e-426b-8799-daf3d51896e9 5dece4b25432459298119f750b697c7e e7e61fa6f4304864b5a247200b81799a - - default default] Successfully bumped revision number for resource 0222fdac-3377-4812-aa1f-d678b11bc19c (type: security_group_rules) to 0
2026-04-23 08:54:19.492 8 INFO neutron.db.ovn_revision_numbers_db [None req-38d66d4d-a91e-426b-8799-daf3d51896e9 5dece4b25432459298119f750b697c7e e7e61fa6f4304864b5a247200b81799a - - default default] Successfully bumped revision number for resource 345c8390-25d4-45a5-bcde-4a90a8035695 (type: security_group_rules) to 0
2026-04-23 08:54:19.509 8 INFO neutron.db.ovn_revision_numbers_db [None req-38d66d4d-a91e-426b-8799-daf3d51896e9 5dece4b25432459298119f750b697c7e e7e61fa6f4304864b5a247200b81799a - - default default] Successfully bumped revision number for resource 5bef9703-aef8-4084-8bec-7bcc7135f6c0 (type: security_group_rules) to 0
2026-04-23 08:54:19.522 8 INFO neutron.db.ovn_revision_numbers_db [None req-38d66d4d-a91e-426b-8799-daf3d51896e9 5dece4b25432459298119f750b697c7e e7e61fa6f4304864b5a247200b81799a - - default default] Successfully bumped revision number for resource 60be0c99-98d1-482f-b042-3688d248a97c (type: security_group_rules) to 0 [pid: 8|app: 0|req: 757/1567] 10.0.0.54 () {32 vars in 772 bytes} [Thu Apr 23 08:54:19 2026] GET /v2.0/security-groups?tenant_id=38ae8d2b02cb43008c5ec08ba27a2bb7&name=default => generated 2925 bytes in 414 msecs (HTTP/1.1 200) 4 headers in 158 bytes (1 switches on core 0)
2026-04-23 08:54:19.791 7 INFO neutron_taas.services.taas.taas_plugin [None req-048dea04-3b06-4318-8d30-373f8811a310 7e6178cbb7034b71bc593773abb8fc4e f80bf61c599e47659232710333b8322a - - default default] TaaS: Handle Delete Port: 7b1e3077-26b8-4678-bf82-66a2d3726671
2026-04-23 08:54:19.794 7 INFO neutron_taas.services.taas.tap_mirror_plugin [None req-048dea04-3b06-4318-8d30-373f8811a310 7e6178cbb7034b71bc593773abb8fc4e f80bf61c599e47659232710333b8322a - - default default] Tap Mirror: Handle Delete Port: 7b1e3077-26b8-4678-bf82-66a2d3726671 [pid: 8|app: 0|req: 758/1568] 10.0.0.54 () {32 vars in 738 bytes} [Thu Apr 23 08:54:19 2026] DELETE /v2.0/security-groups/ef3ad324-65c3-4ea4-9a91-9abda7dd1974 => generated 0 bytes in 315 msecs (HTTP/1.1 204) 2 headers in 112 bytes (1 switches on core 0) [pid: 7|app: 0|req: 811/1569] 10.0.0.54 () {34 vars in 787 bytes} [Thu Apr 23 08:54:19 2026] PUT /v2.0/routers/31e2f29d-e7cc-4036-990e-614df5b8be25/remove_router_interface => generated 309 bytes in 642 msecs (HTTP/1.1 200) 4 headers in 157 bytes (1 switches on core 0)
2026-04-23 08:54:20.201 8 INFO neutron.api.v2.resource [None req-6064eed6-542e-4917-9768-32b4abf9de51 7e6178cbb7034b71bc593773abb8fc4e f80bf61c599e47659232710333b8322a - - default default] remove_router_interface failed (client error): The resource could not be found. [pid: 8|app: 0|req: 759/1570] 10.0.0.54 () {34 vars in 787 bytes} [Thu Apr 23 08:54:20 2026] PUT /v2.0/routers/31e2f29d-e7cc-4036-990e-614df5b8be25/remove_router_interface => generated 197 bytes in 80 msecs (HTTP/1.1 404) 4 headers in 164 bytes (1 switches on core 0) /var/lib/openstack/lib/python3.12/site-packages/pycadf/identifier.py:70: UserWarning: Invalid uuid: neutron. To ensure interoperability, identifiers should be a valid uuid. warnings.warn(('Invalid uuid: %s. To ensure interoperability, ' [pid: 7|app: 0|req: 812/1571] 10.0.0.54 () {32 vars in 734 bytes} [Thu Apr 23 08:54:20 2026] GET /v2.0/ports?device_id=31e2f29d-e7cc-4036-990e-614df5b8be25 => generated 12 bytes in 23 msecs (HTTP/1.1 200) 4 headers in 156 bytes (1 switches on core 0) [pid: 8|app: 0|req: 760/1572] 10.0.0.54 () {32 vars in 722 bytes} [Thu Apr 23 08:54:20 2026] DELETE /v2.0/routers/31e2f29d-e7cc-4036-990e-614df5b8be25 => generated 0 bytes in 184 msecs (HTTP/1.1 204) 2 headers in 112 bytes (1 switches on core 0) [pid: 7|app: 0|req: 813/1573] 10.0.0.54 () {32 vars in 722 bytes} [Thu Apr 23 08:54:20 2026] DELETE /v2.0/subnets/2c9e6b06-0de2-4ef8-8b6c-7b51d1968103 => generated 0 bytes in 142 msecs (HTTP/1.1 204) 3 headers in 131 bytes (1 switches on core 0)
2026-04-23 08:54:20.715 8 INFO neutron_taas.services.taas.taas_plugin [None req-0962e089-be1b-4652-b280-4343564cb8cd 7e6178cbb7034b71bc593773abb8fc4e f80bf61c599e47659232710333b8322a - - default default] TaaS: Handle Delete Port: ea64abb6-402d-4da5-ae97-585f58bee47e
2026-04-23 08:54:20.717 8 INFO neutron_taas.services.taas.tap_mirror_plugin [None req-0962e089-be1b-4652-b280-4343564cb8cd 7e6178cbb7034b71bc593773abb8fc4e f80bf61c599e47659232710333b8322a - - default default] Tap Mirror: Handle Delete Port: ea64abb6-402d-4da5-ae97-585f58bee47e
2026-04-23 08:54:20.976 8 INFO neutron.services.segments.plugin [-] Segment 5fe2dffa-577b-47d5-b167-242fae0cc626 resource provider aggregate not found
2026-04-23 08:54:20.982 8 INFO neutron.services.segments.plugin [-] Segment 5fe2dffa-577b-47d5-b167-242fae0cc626 resource provider aggregate not found
2026-04-23 08:54:21.000 8 INFO neutron.services.segments.plugin [-] Segment 5fe2dffa-577b-47d5-b167-242fae0cc626 resource provider not found; error: Placement Client Error (4xx): {"errors": [{"status": 404, "title": "Not Found", "detail": "The resource could not be found.\n\n No resource provider with uuid 5fe2dffa-577b-47d5-b167-242fae0cc626 found for delete ", "request_id": "req-d35d5313-4e82-490c-b553-b63faa30c5e7"}]}
2026-04-23 08:54:21.015 8 INFO neutron.services.segments.plugin [-] Segment 5fe2dffa-577b-47d5-b167-242fae0cc626 resource provider not found; error: Placement Client Error (4xx): {"errors": [{"status": 404, "title": "Not Found", "detail": "The resource could not be found.\n\n No resource provider with uuid 5fe2dffa-577b-47d5-b167-242fae0cc626 found for delete ", "request_id": "req-ca25d6d3-f379-470e-8422-d302ee9c1704"}]} [pid: 8|app: 0|req: 761/1574] 10.0.0.54 () {32 vars in 724 bytes} [Thu Apr 23 08:54:20 2026] DELETE /v2.0/networks/a897b694-4b1b-4c00-8bd0-dbc874b248f7 => generated 0 bytes in 473 msecs (HTTP/1.1 204) 3 headers in 131 bytes (1 switches on core 0)
2026-04-23 08:54:21.132 7 INFO neutron.db.segments_db [None req-0e3cabde-498b-48c7-bf05-177a4abdc699 7e6178cbb7034b71bc593773abb8fc4e f80bf61c599e47659232710333b8322a - - default default] Added segment 676fecb9-998f-4c7c-8f23-b538e01e2056 of type geneve for network 2f8015a1-1bf0-44d0-b45e-bebdb65f53b1
2026-04-23 08:54:21.267 7 INFO neutron.db.ovn_revision_numbers_db [None req-0e3cabde-498b-48c7-bf05-177a4abdc699 7e6178cbb7034b71bc593773abb8fc4e f80bf61c599e47659232710333b8322a - - default default] Successfully bumped revision number for resource 2f8015a1-1bf0-44d0-b45e-bebdb65f53b1 (type: networks) to 1
2026-04-23 08:54:21.436 7 WARNING neutron.scheduler.dhcp_agent_scheduler [None req-0e3cabde-498b-48c7-bf05-177a4abdc699 7e6178cbb7034b71bc593773abb8fc4e f80bf61c599e47659232710333b8322a - - default default] No more DHCP agents
2026-04-23 08:54:21.437 7 WARNING neutron.api.rpc.agentnotifiers.dhcp_rpc_agent_api [None req-0e3cabde-498b-48c7-bf05-177a4abdc699 7e6178cbb7034b71bc593773abb8fc4e f80bf61c599e47659232710333b8322a - - default default] Unable to schedule network 2f8015a1-1bf0-44d0-b45e-bebdb65f53b1: no agents available; will retry on subsequent port and subnet creation events.
2026-04-23 08:54:21.545 7 INFO neutron.db.ovn_revision_numbers_db [None req-0e3cabde-498b-48c7-bf05-177a4abdc699 7e6178cbb7034b71bc593773abb8fc4e f80bf61c599e47659232710333b8322a - - default default] Successfully bumped revision number for resource fbe8d9ef-0f1d-4b33-8130-a224db9809c6 (type: ports) to 1 [pid: 7|app: 0|req: 814/1575] 10.0.0.54 () {34 vars in 668 bytes} [Thu Apr 23 08:54:21 2026] POST /v2.0/networks => generated 633 bytes in 517 msecs (HTTP/1.1 201) 4 headers in 162 bytes (1 switches on core 0)
2026-04-23 08:54:21.737 8 WARNING neutron.scheduler.dhcp_agent_scheduler [None req-8e7c99a7-ca33-41b1-8766-aa766e366756 7e6178cbb7034b71bc593773abb8fc4e f80bf61c599e47659232710333b8322a - - default default] No more DHCP agents
2026-04-23 08:54:21.738 8 WARNING neutron.api.rpc.agentnotifiers.dhcp_rpc_agent_api [None req-8e7c99a7-ca33-41b1-8766-aa766e366756 7e6178cbb7034b71bc593773abb8fc4e f80bf61c599e47659232710333b8322a - - default default] Unable to schedule network 2f8015a1-1bf0-44d0-b45e-bebdb65f53b1: no agents available; will retry on subsequent port and subnet creation events.
2026-04-23 08:54:21.769 8 INFO neutron.db.ovn_revision_numbers_db [None req-8e7c99a7-ca33-41b1-8766-aa766e366756 7e6178cbb7034b71bc593773abb8fc4e f80bf61c599e47659232710333b8322a - - default default] Successfully bumped revision number for resource acdcd465-057b-472a-a4ca-19cd506cfaaa (type: subnets) to 0 [pid: 8|app: 0|req: 762/1576] 10.0.0.54 () {34 vars in 667 bytes} [Thu Apr 23 08:54:21 2026] POST /v2.0/subnets => generated 646 bytes in 218 msecs (HTTP/1.1 201) 4 headers in 162 bytes (1 switches on core 0)
2026-04-23 08:54:21.914 7 INFO neutron.db.ovn_revision_numbers_db [None req-bc52b1ba-0815-4ad1-aa7d-143480f37bd5 7e6178cbb7034b71bc593773abb8fc4e f80bf61c599e47659232710333b8322a - - default default] Successfully bumped revision number for resource eafa728d-b1fb-4655-ad2c-4c42ab4f8e79 (type: routers) to 1 [pid: 7|app: 0|req: 815/1577] 10.0.0.54 () {34 vars in 667 bytes} [Thu Apr 23 08:54:21 2026] POST /v2.0/routers => generated 605 bytes in 144 msecs (HTTP/1.1 201) 4 headers in 162 bytes (1 switches on core 0)
2026-04-23 08:54:22.303 8 WARNING neutron.scheduler.dhcp_agent_scheduler [None req-e87ce513-dc8e-4180-969a-7fb6281d396d 7e6178cbb7034b71bc593773abb8fc4e f80bf61c599e47659232710333b8322a - - default default] No more DHCP agents
2026-04-23 08:54:22.304 8 WARNING neutron.api.rpc.agentnotifiers.dhcp_rpc_agent_api [None req-e87ce513-dc8e-4180-969a-7fb6281d396d 7e6178cbb7034b71bc593773abb8fc4e f80bf61c599e47659232710333b8322a - - default default] Unable to schedule network 2f8015a1-1bf0-44d0-b45e-bebdb65f53b1: no agents available; will retry on subsequent port and subnet creation events.
2026-04-23 08:54:22.449 8 INFO neutron.db.ovn_revision_numbers_db [None req-e87ce513-dc8e-4180-969a-7fb6281d396d 7e6178cbb7034b71bc593773abb8fc4e f80bf61c599e47659232710333b8322a - - default default] Successfully bumped revision number for resource fca0470f-2202-467f-b178-8af29b7c4a33 (type: ports) to 1
2026-04-23 08:54:22.960 8 WARNING neutron.scheduler.dhcp_agent_scheduler [None req-e87ce513-dc8e-4180-969a-7fb6281d396d 7e6178cbb7034b71bc593773abb8fc4e f80bf61c599e47659232710333b8322a - - default default] No more DHCP agents
2026-04-23 08:54:22.961 8 WARNING neutron.api.rpc.agentnotifiers.dhcp_rpc_agent_api [None req-e87ce513-dc8e-4180-969a-7fb6281d396d 7e6178cbb7034b71bc593773abb8fc4e f80bf61c599e47659232710333b8322a - - default default] Unable to schedule network 2f8015a1-1bf0-44d0-b45e-bebdb65f53b1: no agents available; will retry on subsequent port and subnet creation events.
2026-04-23 08:54:23.118 7 INFO neutron.db.ovn_revision_numbers_db [None req-caf12f06-0e92-42a6-9bca-dac68e01f3d2 5dece4b25432459298119f750b697c7e e7e61fa6f4304864b5a247200b81799a - - default default] Successfully bumped revision number for resource dae6b85f-e548-4476-b09a-b9b876d154bd (type: security_groups) to 1
2026-04-23 08:54:23.128 7 INFO neutron.db.ovn_revision_numbers_db [None req-caf12f06-0e92-42a6-9bca-dac68e01f3d2 5dece4b25432459298119f750b697c7e e7e61fa6f4304864b5a247200b81799a - - default default] Successfully bumped revision number for resource 10f9d402-1c49-41b2-b691-91ea2da9eed2 (type: security_group_rules) to 0
2026-04-23 08:54:23.140 7 INFO neutron.db.ovn_revision_numbers_db [None req-caf12f06-0e92-42a6-9bca-dac68e01f3d2 5dece4b25432459298119f750b697c7e e7e61fa6f4304864b5a247200b81799a - - default default] Successfully bumped revision number for resource 244d358c-0b4e-46cb-89a5-6f1d6110b4fe (type: security_group_rules) to 0
2026-04-23 08:54:23.160 7 INFO neutron.db.ovn_revision_numbers_db [None req-caf12f06-0e92-42a6-9bca-dac68e01f3d2 5dece4b25432459298119f750b697c7e e7e61fa6f4304864b5a247200b81799a - - default default] Successfully bumped revision number for resource 346326df-201c-49fb-a8b9-a56bc9e20e0b (type: security_group_rules) to 0
2026-04-23 08:54:23.185 7 INFO neutron.db.ovn_revision_numbers_db [None req-caf12f06-0e92-42a6-9bca-dac68e01f3d2 5dece4b25432459298119f750b697c7e e7e61fa6f4304864b5a247200b81799a - - default default] Successfully bumped revision number for resource a549f60f-50dd-459d-882f-7f2612690dc6 (type: security_group_rules) to 0 [pid: 7|app: 0|req: 816/1578] 10.0.0.54 () {32 vars in 772 bytes} [Thu Apr 23 08:54:22 2026] GET /v2.0/security-groups?tenant_id=7fd8754a09a145e5a62f9a54a27bff20&name=default => generated 2925 bytes in 440 msecs (HTTP/1.1 200) 4 headers in 158 bytes (1 switches on core 0)
2026-04-23 08:54:23.259 8 INFO neutron.db.ovn_revision_numbers_db [None req-e87ce513-dc8e-4180-969a-7fb6281d396d 7e6178cbb7034b71bc593773abb8fc4e f80bf61c599e47659232710333b8322a - - default default] Successfully bumped revision number for resource fca0470f-2202-467f-b178-8af29b7c4a33 (type: router_ports) to 1 [pid: 8|app: 0|req: 763/1579] 10.0.0.54 () {34 vars in 781 bytes} [Thu Apr 23 08:54:21 2026] PUT /v2.0/routers/eafa728d-b1fb-4655-ad2c-4c42ab4f8e79/add_router_interface => generated 309 bytes in 1322 msecs (HTTP/1.1 200) 4 headers in 157 bytes (1 switches on core 0) [pid: 8|app: 0|req: 764/1580] 10.0.0.54 () {32 vars in 715 bytes} [Thu Apr 23 08:54:23 2026] GET /v2.0/ports/fca0470f-2202-467f-b178-8af29b7c4a33 => generated 945 bytes in 38 msecs (HTTP/1.1 200) 4 headers in 157 bytes (1 switches on core 0) [pid: 8|app: 0|req: 765/1581] 10.0.0.54 () {32 vars in 715 bytes} [Thu Apr 23 08:54:23 2026] GET /v2.0/ports/fca0470f-2202-467f-b178-8af29b7c4a33 => generated 945 bytes in 49 msecs (HTTP/1.1 200) 4 headers in 157 bytes (1 switches on core 0)
2026-04-23 08:54:23.489 8 WARNING neutron.plugins.ml2.drivers.ovn.mech_driver.ovsdb.ovn_client [None req-9f9cbc58-f51c-4f2f-81b1-01f18c6fb83a - - - - - -] No port found with ID 7b1e3077-26b8-4678-bf82-66a2d3726671: RuntimeError: No port found with ID 7b1e3077-26b8-4678-bf82-66a2d3726671
2026-04-23 08:54:23.499 8 INFO neutron.plugins.ml2.drivers.ovn.mech_driver.mech_driver [None req-9f9cbc58-f51c-4f2f-81b1-01f18c6fb83a - - - - - -] OVN reports status down for port: fbe8d9ef-0f1d-4b33-8130-a224db9809c6 [pid: 7|app: 0|req: 817/1582] 10.0.0.54 () {32 vars in 738 bytes} [Thu Apr 23 08:54:23 2026] DELETE /v2.0/security-groups/dae6b85f-e548-4476-b09a-b9b876d154bd => generated 0 bytes in 280 msecs (HTTP/1.1 204) 2 headers in 112 bytes (1 switches on core 0)
2026-04-23 08:54:23.565 8 INFO neutron.plugins.ml2.drivers.ovn.mech_driver.mech_driver [None req-9f9cbc58-f51c-4f2f-81b1-01f18c6fb83a - - - - - -] OVN reports status down for port: fca0470f-2202-467f-b178-8af29b7c4a33
2026-04-23 08:54:23.619 8 WARNING neutron.plugins.ml2.drivers.ovn.mech_driver.ovsdb.ovn_client [None req-9f9cbc58-f51c-4f2f-81b1-01f18c6fb83a - - - - - -] Logical_Switch_Port fca0470f-2202-467f-b178-8af29b7c4a33 host information not removed, the port state is up
2026-04-23 08:54:23.620 8 INFO neutron.plugins.ml2.drivers.ovn.mech_driver.mech_driver [None req-9f9cbc58-f51c-4f2f-81b1-01f18c6fb83a - - - - - -] OVN reports status up for port: fca0470f-2202-467f-b178-8af29b7c4a33
2026-04-23 08:54:23.629 8 INFO neutron.plugins.ml2.plugin [None req-9f9cbc58-f51c-4f2f-81b1-01f18c6fb83a - - - - - -] Attempt 1 to provision port fca0470f-2202-467f-b178-8af29b7c4a33
2026-04-23 08:54:23.882 7 INFO neutron.db.ovn_revision_numbers_db [None req-cbcdd14c-1826-4973-9a16-5969e7acbfc0 5dece4b25432459298119f750b697c7e e7e61fa6f4304864b5a247200b81799a - - default default] Successfully bumped revision number for resource 23a745d9-f51b-4a66-ab0a-e536a0c6ed61 (type: security_groups) to 1
2026-04-23 08:54:23.896 7 INFO neutron.db.ovn_revision_numbers_db [None req-cbcdd14c-1826-4973-9a16-5969e7acbfc0 5dece4b25432459298119f750b697c7e e7e61fa6f4304864b5a247200b81799a - - default default] Successfully bumped revision number for resource 3be0d9d0-12a6-4c10-a738-69555862cc4a (type: security_group_rules) to 0
2026-04-23 08:54:23.909 7 INFO neutron.db.ovn_revision_numbers_db [None req-cbcdd14c-1826-4973-9a16-5969e7acbfc0 5dece4b25432459298119f750b697c7e e7e61fa6f4304864b5a247200b81799a - - default default] Successfully bumped revision number for resource 6b26c5fa-3d3a-4209-a44c-0d4e5f495fbe (type: security_group_rules) to 0
2026-04-23 08:54:23.930 7 INFO neutron.db.ovn_revision_numbers_db [None req-cbcdd14c-1826-4973-9a16-5969e7acbfc0 5dece4b25432459298119f750b697c7e e7e61fa6f4304864b5a247200b81799a - - default default] Successfully bumped revision number for resource c3a5f125-318d-4f7b-9619-6a87ce527fbd (type: security_group_rules) to 0
2026-04-23 08:54:23.976 7 INFO neutron.db.ovn_revision_numbers_db [None req-cbcdd14c-1826-4973-9a16-5969e7acbfc0 5dece4b25432459298119f750b697c7e e7e61fa6f4304864b5a247200b81799a - - default default] Successfully bumped revision number for resource ebf88102-da97-4867-af8f-2d22aeaf55dd (type: security_group_rules) to 0 [pid: 7|app: 0|req: 818/1583] 10.0.0.54 () {32 vars in 772 bytes} [Thu Apr 23 08:54:23 2026] GET /v2.0/security-groups?tenant_id=dd3c47f745e04a14ae80f985aab20419&name=default => generated 2925 bytes in 320 msecs (HTTP/1.1 200) 4 headers in 158 bytes (1 switches on core 0)
2026-04-23 08:54:24.129 8 INFO neutron.db.ovn_revision_numbers_db [None req-9f9cbc58-f51c-4f2f-81b1-01f18c6fb83a - - - - - -] Successfully bumped revision number for resource fca0470f-2202-467f-b178-8af29b7c4a33 (type: ports) to 2
2026-04-23 08:54:24.252 8 INFO neutron.db.ovn_revision_numbers_db [None req-7ebde38c-4d35-44da-94ba-e0b820697bf7 5dece4b25432459298119f750b697c7e e7e61fa6f4304864b5a247200b81799a - - default default] Successfully bumped revision number for resource c68cf12e-55c3-4815-b7b9-7c9165dbde9a (type: security_groups) to 1
2026-04-23 08:54:24.269 8 INFO neutron.db.ovn_revision_numbers_db [None req-7ebde38c-4d35-44da-94ba-e0b820697bf7 5dece4b25432459298119f750b697c7e e7e61fa6f4304864b5a247200b81799a - - default default] Successfully bumped revision number for resource 0c64208b-dc89-4df2-b0fc-1920fcc1bc0f (type: security_group_rules) to 0
2026-04-23 08:54:24.286 8 INFO neutron.db.ovn_revision_numbers_db [None req-7ebde38c-4d35-44da-94ba-e0b820697bf7 5dece4b25432459298119f750b697c7e e7e61fa6f4304864b5a247200b81799a - - default default] Successfully bumped revision number for resource 3db71797-e2d5-4d59-8c78-40c837bcd8b8 (type: security_group_rules) to 0
2026-04-23 08:54:24.302 8 INFO neutron.db.ovn_revision_numbers_db [None req-7ebde38c-4d35-44da-94ba-e0b820697bf7 5dece4b25432459298119f750b697c7e e7e61fa6f4304864b5a247200b81799a - - default default] Successfully bumped revision number for resource b293c3eb-38c1-4fbe-9036-58ff012f05ae (type: security_group_rules) to 0
2026-04-23 08:54:24.316 8 INFO neutron.db.ovn_revision_numbers_db [None req-7ebde38c-4d35-44da-94ba-e0b820697bf7 5dece4b25432459298119f750b697c7e e7e61fa6f4304864b5a247200b81799a - - default default] Successfully bumped revision number for resource eb16efa2-2338-4cb1-a749-617f4ab62753 (type: security_group_rules) to 0 [pid: 7|app: 0|req: 819/1584] 10.0.0.54 () {32 vars in 738 bytes} [Thu Apr 23 08:54:24 2026] DELETE /v2.0/security-groups/23a745d9-f51b-4a66-ab0a-e536a0c6ed61 => generated 0 bytes in 320 msecs (HTTP/1.1 204) 2 headers in 112 bytes (1 switches on core 0) [pid: 8|app: 0|req: 766/1585] 10.0.0.54 () {32 vars in 772 bytes} [Thu Apr 23 08:54:23 2026] GET /v2.0/security-groups?tenant_id=309fbbb705b5441b816583016e1b35b6&name=default => generated 2925 bytes in 666 msecs (HTTP/1.1 200) 4 headers in 158 bytes (1 switches on core 0) [pid: 7|app: 0|req: 820/1586] 10.0.0.54 () {32 vars in 715 bytes} [Thu Apr 23 08:54:24 2026] GET /v2.0/ports/fca0470f-2202-467f-b178-8af29b7c4a33 => generated 947 bytes in 66 msecs (HTTP/1.1 200) 4 headers in 157 bytes (1 switches on core 0) [pid: 8|app: 0|req: 767/1587] 10.0.0.54 () {32 vars in 738 bytes} [Thu Apr 23 08:54:24 2026] DELETE /v2.0/security-groups/c68cf12e-55c3-4815-b7b9-7c9165dbde9a => generated 0 bytes in 324 msecs (HTTP/1.1 204) 2 headers in 112 bytes (1 switches on core 0)
2026-04-23 08:54:24.722 7 INFO neutron_taas.services.taas.taas_plugin [None req-739d15b3-4cf6-41fe-90a3-f551ca7064a6 7e6178cbb7034b71bc593773abb8fc4e f80bf61c599e47659232710333b8322a - - default default] TaaS: Handle Delete Port: fca0470f-2202-467f-b178-8af29b7c4a33
2026-04-23 08:54:24.724 7 INFO neutron_taas.services.taas.tap_mirror_plugin [None req-739d15b3-4cf6-41fe-90a3-f551ca7064a6 7e6178cbb7034b71bc593773abb8fc4e f80bf61c599e47659232710333b8322a - - default default] Tap Mirror: Handle Delete Port: fca0470f-2202-467f-b178-8af29b7c4a33 [pid: 7|app: 0|req: 821/1588] 10.0.0.54 () {34 vars in 787 bytes} [Thu Apr 23 08:54:24 2026] PUT /v2.0/routers/eafa728d-b1fb-4655-ad2c-4c42ab4f8e79/remove_router_interface => generated 309 bytes in 597 msecs (HTTP/1.1 200) 4 headers in 157 bytes (1 switches on core 0) /var/lib/openstack/lib/python3.12/site-packages/pycadf/identifier.py:70: UserWarning: Invalid uuid: neutron. To ensure interoperability, identifiers should be a valid uuid. warnings.warn(('Invalid uuid: %s. To ensure interoperability, '
2026-04-23 08:54:25.187 8 INFO neutron.db.ovn_revision_numbers_db [None req-50a497a6-a9b6-4950-b92d-b0378ba7f059 5dece4b25432459298119f750b697c7e e7e61fa6f4304864b5a247200b81799a - - default default] Successfully bumped revision number for resource 3e1a983c-1729-417f-9bd1-d0abd66e2c10 (type: security_groups) to 1
2026-04-23 08:54:25.206 8 INFO neutron.db.ovn_revision_numbers_db [None req-50a497a6-a9b6-4950-b92d-b0378ba7f059 5dece4b25432459298119f750b697c7e e7e61fa6f4304864b5a247200b81799a - - default default] Successfully bumped revision number for resource 58dc6fdd-ef46-47b7-acae-a32346012930 (type: security_group_rules) to 0
2026-04-23 08:54:25.220 8 INFO neutron.db.ovn_revision_numbers_db [None req-50a497a6-a9b6-4950-b92d-b0378ba7f059 5dece4b25432459298119f750b697c7e e7e61fa6f4304864b5a247200b81799a - - default default] Successfully bumped revision number for resource 5a5448b7-1b85-4a94-8f9d-8097b5fccb6e (type: security_group_rules) to 0
2026-04-23 08:54:25.232 8 INFO neutron.db.ovn_revision_numbers_db [None req-50a497a6-a9b6-4950-b92d-b0378ba7f059 5dece4b25432459298119f750b697c7e e7e61fa6f4304864b5a247200b81799a - - default default] Successfully bumped revision number for resource b4ab1d79-468a-417a-bf79-b77f6a040b88 (type: security_group_rules) to 0
2026-04-23 08:54:25.256 7 INFO neutron.db.ovn_revision_numbers_db [None req-0369ea34-ac0b-43aa-8aa5-c3faf8d453ae 5dece4b25432459298119f750b697c7e e7e61fa6f4304864b5a247200b81799a - - default default] Successfully bumped revision number for resource 9746ef6c-30a8-43b3-9972-bb83aac1137d (type: security_groups) to 1
2026-04-23 08:54:25.259 8 INFO neutron.db.ovn_revision_numbers_db [None req-50a497a6-a9b6-4950-b92d-b0378ba7f059 5dece4b25432459298119f750b697c7e e7e61fa6f4304864b5a247200b81799a - - default default] Successfully bumped revision number for resource bcfbaf61-1e33-429d-881e-38d758e9e6df (type: security_group_rules) to 0
2026-04-23 08:54:25.268 7 INFO neutron.db.ovn_revision_numbers_db [None req-0369ea34-ac0b-43aa-8aa5-c3faf8d453ae 5dece4b25432459298119f750b697c7e e7e61fa6f4304864b5a247200b81799a - - default default] Successfully bumped revision number for resource 25deffb0-38a9-4d80-b350-e6c391fe8c53 (type: security_group_rules) to 0
2026-04-23 08:54:25.278 7 INFO neutron.db.ovn_revision_numbers_db [None req-0369ea34-ac0b-43aa-8aa5-c3faf8d453ae 5dece4b25432459298119f750b697c7e e7e61fa6f4304864b5a247200b81799a - - default default] Successfully bumped revision number for resource 2fae6e37-e82b-4627-80b7-0696452c7610 (type: security_group_rules) to 0
2026-04-23 08:54:25.292 7 INFO neutron.db.ovn_revision_numbers_db [None req-0369ea34-ac0b-43aa-8aa5-c3faf8d453ae 5dece4b25432459298119f750b697c7e e7e61fa6f4304864b5a247200b81799a - - default default] Successfully bumped revision number for resource 6ac38e43-3d9b-4868-9c72-2b73c0d278f6 (type: security_group_rules) to 0 [pid: 8|app: 0|req: 768/1589] 10.0.0.54 () {32 vars in 772 bytes} [Thu Apr 23 08:54:24 2026] GET /v2.0/security-groups?tenant_id=9b5a849b55aa439b9f0d3931477d4e40&name=default => generated 2925 bytes in 491 msecs (HTTP/1.1 200) 4 headers in 158 bytes (1 switches on core 0)
2026-04-23 08:54:25.303 7 INFO neutron.db.ovn_revision_numbers_db [None req-0369ea34-ac0b-43aa-8aa5-c3faf8d453ae 5dece4b25432459298119f750b697c7e e7e61fa6f4304864b5a247200b81799a - - default default] Successfully bumped revision number for resource a2a9e54e-4ea4-4bca-b66b-4196ef55b89b (type: security_group_rules) to 0 [pid: 8|app: 0|req: 769/1590] 10.0.0.54 () {32 vars in 734 bytes} [Thu Apr 23 08:54:25 2026] GET /v2.0/ports?device_id=eafa728d-b1fb-4655-ad2c-4c42ab4f8e79 => generated 12 bytes in 13 msecs (HTTP/1.1 200) 4 headers in 156 bytes (1 switches on core 0) [pid: 7|app: 0|req: 822/1591] 10.0.0.54 () {32 vars in 772 bytes} [Thu Apr 23 08:54:25 2026] GET /v2.0/security-groups?tenant_id=ebbf1bbca611441e8730c545d69c3ad7&name=default => generated 2925 bytes in 301 msecs (HTTP/1.1 200) 4 headers in 158 bytes (1 switches on core 0) [pid: 8|app: 0|req: 770/1592] 10.0.0.54 () {32 vars in 738 bytes} [Thu Apr 23 08:54:25 2026] DELETE /v2.0/security-groups/3e1a983c-1729-417f-9bd1-d0abd66e2c10 => generated 0 bytes in 278 msecs (HTTP/1.1 204) 2 headers in 112 bytes (1 switches on core 0) [pid: 7|app: 0|req: 823/1593] 10.0.0.54 () {32 vars in 722 bytes} [Thu Apr 23 08:54:25 2026] DELETE /v2.0/routers/eafa728d-b1fb-4655-ad2c-4c42ab4f8e79 => generated 0 bytes in 266 msecs (HTTP/1.1 204) 2 headers in 112 bytes (1 switches on core 0) [pid: 7|app: 0|req: 824/1594] 10.0.0.54 () {32 vars in 722 bytes} [Thu Apr 23 08:54:25 2026] DELETE /v2.0/subnets/acdcd465-057b-472a-a4ca-19cd506cfaaa => generated 0 bytes in 146 msecs (HTTP/1.1 204) 3 headers in 131 bytes (1 switches on core 0) [pid: 8|app: 0|req: 771/1595] 10.0.0.54 () {32 vars in 738 bytes} [Thu Apr 23 08:54:25 2026] DELETE /v2.0/security-groups/9746ef6c-30a8-43b3-9972-bb83aac1137d => generated 0 bytes in 310 msecs (HTTP/1.1 204) 2 headers in 112 bytes (1 switches on core 0)
2026-04-23 08:54:25.920 7 INFO neutron_taas.services.taas.taas_plugin [None req-95ef40ad-4ac8-431e-8c10-ebcfc0b4975a 7e6178cbb7034b71bc593773abb8fc4e f80bf61c599e47659232710333b8322a - - default default] TaaS: Handle Delete Port: fbe8d9ef-0f1d-4b33-8130-a224db9809c6
2026-04-23 08:54:25.922 7 INFO neutron_taas.services.taas.tap_mirror_plugin [None req-95ef40ad-4ac8-431e-8c10-ebcfc0b4975a 7e6178cbb7034b71bc593773abb8fc4e f80bf61c599e47659232710333b8322a - - default default] Tap Mirror: Handle Delete Port: fbe8d9ef-0f1d-4b33-8130-a224db9809c6
2026-04-23 08:54:26.119 7 INFO neutron.services.segments.plugin [-] Segment 676fecb9-998f-4c7c-8f23-b538e01e2056 resource provider aggregate not found
2026-04-23 08:54:26.128 7 INFO neutron.services.segments.plugin [-] Segment 676fecb9-998f-4c7c-8f23-b538e01e2056 resource provider aggregate not found
2026-04-23 08:54:26.143 7 INFO neutron.services.segments.plugin [-] Segment 676fecb9-998f-4c7c-8f23-b538e01e2056 resource provider not found; error: Placement Client Error (4xx): {"errors": [{"status": 404, "title": "Not Found", "detail": "The resource could not be found.\n\n No resource provider with uuid 676fecb9-998f-4c7c-8f23-b538e01e2056 found for delete ", "request_id": "req-f5315e8f-5cbc-4f31-ae7e-8618c1fbf073"}]}
2026-04-23 08:54:26.165 7 INFO neutron.services.segments.plugin [-] Segment 676fecb9-998f-4c7c-8f23-b538e01e2056 resource provider not found; error: Placement Client Error (4xx): {"errors": [{"status": 404, "title": "Not Found", "detail": "The resource could not be found.\n\n No resource provider with uuid 676fecb9-998f-4c7c-8f23-b538e01e2056 found for delete ", "request_id": "req-e0a4c979-6e31-4fcc-8dc3-8048eb36af14"}]} [pid: 8|app: 0|req: 772/1596] 10.0.0.156 () {28 vars in 598 bytes} [Thu Apr 23 08:54:25 2026] GET /v2.0/security-groups => generated 20305 bytes in 300 msecs (HTTP/1.1 200) 4 headers in 159 bytes (1 switches on core 0) [pid: 7|app: 0|req: 825/1597] 10.0.0.54 () {32 vars in 724 bytes} [Thu Apr 23 08:54:25 2026] DELETE /v2.0/networks/2f8015a1-1bf0-44d0-b45e-bebdb65f53b1 => generated 0 bytes in 440 msecs (HTTP/1.1 204) 3 headers in 131 bytes (1 switches on core 0) [pid: 7|app: 0|req: 826/1598] 10.0.0.156 () {28 vars in 578 bytes} [Thu Apr 23 08:54:26 2026] GET /v2.0/ports => generated 5175 bytes in 56 msecs (HTTP/1.1 200) 4 headers in 158 bytes (1 switches on core 0) [pid: 7|app: 0|req: 827/1599] 10.0.0.156 () {28 vars in 582 bytes} [Thu Apr 23 08:54:26 2026] GET /v2.0/subnets => generated 1308 bytes in 30 msecs (HTTP/1.1 200) 4 headers in 158 bytes (1 switches on core 0) [pid: 7|app: 0|req: 828/1600] 10.0.0.156 () {28 vars in 580 bytes} [Thu Apr 23 08:54:26 2026] GET /v2.0/agents => generated 1214 bytes in 67 msecs (HTTP/1.1 200) 4 headers in 158 bytes (1 switches on core 0) [pid: 7|app: 0|req: 829/1601] 10.0.0.156 () {28 vars in 590 bytes} [Thu Apr 23 08:54:26 2026] GET /v2.0/floatingips => generated 19 bytes in 16 msecs (HTTP/1.1 200) 4 headers in 156 bytes (1 switches on core 0) [pid: 7|app: 0|req: 830/1602] 10.0.0.156 () {28 vars in 584 bytes} [Thu Apr 23 08:54:26 2026] GET /v2.0/networks => generated 2174 bytes in 66 msecs (HTTP/1.1 200) 4 headers in 158 bytes (1 switches on core 0) [pid: 7|app: 0|req: 831/1603] 10.0.0.156 () {28 vars in 582 bytes} [Thu Apr 23 08:54:26 2026] GET /v2.0/subnets => generated 1308 bytes in 29 msecs (HTTP/1.1 200) 4 headers in 158 bytes (1 switches on core 0) [pid: 7|app: 0|req: 832/1604] 10.0.0.156 () {28 vars in 590 bytes} [Thu Apr 23 08:54:26 2026] GET /v2.0/subnetpools => generated 19 bytes in 8 msecs (HTTP/1.1 200) 4 headers in 156 bytes (1 switches on core 0) [pid: 7|app: 0|req: 833/1605] 10.0.0.156 () {28 vars in 582 bytes} [Thu Apr 23 08:54:26 2026] GET /v2.0/routers => generated 622 bytes in 33 msecs (HTTP/1.1 200) 4 headers in 157 bytes (1 switches on core 0) [pid: 7|app: 0|req: 834/1606] 10.0.0.156 () {28 vars in 623 bytes} [Thu Apr 23 08:54:26 2026] GET /v2.0/agents?binary=ovn-controller => generated 416 bytes in 9 msecs (HTTP/1.1 200) 4 headers in 157 bytes (1 switches on core 0) [pid: 7|app: 0|req: 835/1607] 10.0.0.156 () {28 vars in 618 bytes} [Thu Apr 23 08:54:26 2026] GET /v2.0/network-ip-availabilities => generated 1104 bytes in 15 msecs (HTTP/1.1 200) 4 headers in 158 bytes (1 switches on core 0)
2026-04-23 08:54:26.673 8 WARNING neutron.scheduler.dhcp_agent_scheduler [None req-46a37e31-0651-4773-9b34-92d2c8530636 7e6178cbb7034b71bc593773abb8fc4e f80bf61c599e47659232710333b8322a - - default default] No more DHCP agents
2026-04-23 08:54:26.674 8 WARNING neutron.api.rpc.agentnotifiers.dhcp_rpc_agent_api [None req-46a37e31-0651-4773-9b34-92d2c8530636 7e6178cbb7034b71bc593773abb8fc4e f80bf61c599e47659232710333b8322a - - default default] Unable to schedule network 982bf292-6ea5-4320-821c-933fc684b743: no agents available; will retry on subsequent port and subnet creation events.
2026-04-23 08:54:26.855 8 INFO neutron.db.ovn_revision_numbers_db [None req-46a37e31-0651-4773-9b34-92d2c8530636 7e6178cbb7034b71bc593773abb8fc4e f80bf61c599e47659232710333b8322a - - default default] Successfully bumped revision number for resource 79c70f61-d7d5-4b9f-9714-ed20334452e5 (type: ports) to 1
2026-04-23 08:54:27.455 8 INFO neutron.plugins.ml2.drivers.ovn.mech_driver.ovsdb.commands [None req-25ac6454-eda7-49b4-8d54-c506c61b6541 - - - - - -] Schedule LRP lrp-79c70f61-d7d5-4b9f-9714-ed20334452e5 on gateway c78329b2-e452-4dd1-a449-75a42d78bb23 with priority 1
2026-04-23 08:54:27.571 8 INFO neutron.db.ovn_revision_numbers_db [None req-46a37e31-0651-4773-9b34-92d2c8530636 7e6178cbb7034b71bc593773abb8fc4e f80bf61c599e47659232710333b8322a - - default default] Successfully bumped revision number for resource 79c70f61-d7d5-4b9f-9714-ed20334452e5 (type: router_ports) to 1
2026-04-23 08:54:27.644 8 INFO neutron.db.ovn_revision_numbers_db [None req-46a37e31-0651-4773-9b34-92d2c8530636 7e6178cbb7034b71bc593773abb8fc4e f80bf61c599e47659232710333b8322a - - default default] Successfully bumped revision number for resource 9a490a41-9bd0-4b19-8684-6d246df2c5e4 (type: routers) to 2 [pid: 8|app: 0|req: 773/1608] 10.0.0.54 () {34 vars in 667 bytes} [Thu Apr 23 08:54:26 2026] POST /v2.0/routers => generated 952 bytes in 1460 msecs (HTTP/1.1 201) 4 headers in 162 bytes (1 switches on core 0) [pid: 7|app: 0|req: 836/1609] 10.0.0.54 () {32 vars in 719 bytes} [Thu Apr 23 08:54:27 2026] GET /v2.0/routers/9a490a41-9bd0-4b19-8684-6d246df2c5e4 => generated 958 bytes in 66 msecs (HTTP/1.1 200) 4 headers in 157 bytes (1 switches on core 0) [pid: 7|app: 0|req: 837/1610] 10.0.0.54 () {32 vars in 645 bytes} [Thu Apr 23 08:54:27 2026] GET /v2.0/routers => generated 961 bytes in 94 msecs (HTTP/1.1 200) 4 headers in 157 bytes (1 switches on core 0)
2026-04-23 08:54:28.125 8 INFO neutron.db.ovn_revision_numbers_db [None req-f00e7e7b-9ae2-4555-9d81-e7e1a736321c 26256f711f134cf7a4537f4631631518 ac5503f144e9452687abbe3ae72a17c7 - - default default] Successfully bumped revision number for resource 2d482dbb-ab89-43a3-aac6-8102db8bc95f (type: security_groups) to 1
2026-04-23 08:54:28.137 8 INFO neutron.db.ovn_revision_numbers_db [None req-f00e7e7b-9ae2-4555-9d81-e7e1a736321c 26256f711f134cf7a4537f4631631518 ac5503f144e9452687abbe3ae72a17c7 - - default default] Successfully bumped revision number for resource 44732a75-e2ac-4970-a0c3-7ae720ae3d48 (type: security_group_rules) to 0
2026-04-23 08:54:28.148 8 INFO neutron.db.ovn_revision_numbers_db [None req-f00e7e7b-9ae2-4555-9d81-e7e1a736321c 26256f711f134cf7a4537f4631631518 ac5503f144e9452687abbe3ae72a17c7 - - default default] Successfully bumped revision number for resource 945dfa65-fd2b-4860-a353-a1a2562317c2 (type: security_group_rules) to 0
2026-04-23 08:54:28.165 8 INFO neutron.db.ovn_revision_numbers_db [None req-f00e7e7b-9ae2-4555-9d81-e7e1a736321c 26256f711f134cf7a4537f4631631518 ac5503f144e9452687abbe3ae72a17c7 - - default default] Successfully bumped revision number for resource a28f4cfb-c945-4d2f-9560-2e7023e980e6 (type: security_group_rules) to 0
2026-04-23 08:54:28.180 8 INFO neutron.db.ovn_revision_numbers_db [None req-f00e7e7b-9ae2-4555-9d81-e7e1a736321c 26256f711f134cf7a4537f4631631518 ac5503f144e9452687abbe3ae72a17c7 - - default default] Successfully bumped revision number for resource e0421453-45a1-474a-861e-6b3f51fa806a (type: security_group_rules) to 0
2026-04-23 08:54:28.267 8 INFO neutron.db.segments_db [None req-f00e7e7b-9ae2-4555-9d81-e7e1a736321c 26256f711f134cf7a4537f4631631518 ac5503f144e9452687abbe3ae72a17c7 - - default default] Added segment b3ea25fc-dbc3-47a1-bff1-5c24bb86c8dc of type geneve for network c513a023-19f9-40ea-aa33-054404799b0b
2026-04-23 08:54:28.324 7 INFO neutron.db.ovn_revision_numbers_db [None req-3e2daead-938a-42af-be3d-8c78d399a21a 7e6178cbb7034b71bc593773abb8fc4e f80bf61c599e47659232710333b8322a - - default default] Successfully bumped revision number for resource 9a490a41-9bd0-4b19-8684-6d246df2c5e4 (type: routers) to 3 [pid: 7|app: 0|req: 838/1611] 10.0.0.54 () {34 vars in 739 bytes} [Thu Apr 23 08:54:27 2026] PUT /v2.0/routers/9a490a41-9bd0-4b19-8684-6d246df2c5e4 => generated 965 bytes in 488 msecs (HTTP/1.1 200) 4 headers in 157 bytes (1 switches on core 0)
2026-04-23 08:54:28.398 8 WARNING neutron.plugins.ml2.drivers.ovn.mech_driver.ovsdb.ovn_client [None req-a75b167b-7d65-4e79-b082-6cf6a1036d2d - - - - - -] No port found with ID fca0470f-2202-467f-b178-8af29b7c4a33: RuntimeError: No port found with ID fca0470f-2202-467f-b178-8af29b7c4a33 [pid: 7|app: 0|req: 839/1612] 10.0.0.54 () {32 vars in 719 bytes} [Thu Apr 23 08:54:28 2026] GET /v2.0/routers/9a490a41-9bd0-4b19-8684-6d246df2c5e4 => generated 965 bytes in 81 msecs (HTTP/1.1 200) 4 headers in 157 bytes (1 switches on core 0)
2026-04-23 08:54:28.436 8 INFO neutron.plugins.ml2.drivers.ovn.mech_driver.mech_driver [None req-a75b167b-7d65-4e79-b082-6cf6a1036d2d - - - - - -] OVN reports status down for port: 79c70f61-d7d5-4b9f-9714-ed20334452e5
2026-04-23 08:54:28.466 8 INFO neutron.db.ovn_revision_numbers_db [None req-f00e7e7b-9ae2-4555-9d81-e7e1a736321c 26256f711f134cf7a4537f4631631518 ac5503f144e9452687abbe3ae72a17c7 - - default default] Successfully bumped revision number for resource c513a023-19f9-40ea-aa33-054404799b0b (type: networks) to 1
