2026-04-23 08:55:39.932 8 INFO neutron_taas.services.taas.tap_mirror_plugin [req-15716fe0-f886-429f-a8d7-ae14acd2abdd req-a828a55c-abde-43b8-9443-2ea2df907e17 75e9359b38d544e492278fe1b04c8b31 a869331fd8ce4d91bb9c84f9d9c8bbc4 - - default default] Tap Mirror: Handle Delete Port: de2f32ce-de68-4953-99eb-fbb0faf1936c [pid: 7|app: 0|req: 1101/2131] 10.0.0.54 () {32 vars in 738 bytes} [Thu Apr 23 08:55:39 2026] DELETE /v2.0/security-groups/4943677a-3176-4cf0-9313-924de73224ba => generated 0 bytes in 302 msecs (HTTP/1.1 204) 2 headers in 112 bytes (1 switches on core 0) [pid: 7|app: 0|req: 1102/2132] 10.0.0.33 () {34 vars in 988 bytes} [Thu Apr 23 08:55:40 2026] GET /v2.0/ports?device_id=f3e0245c-b36b-474c-9f56-77552a049704 => generated 12 bytes in 23 msecs (HTTP/1.1 200) 4 headers in 156 bytes (1 switches on core 0) [pid: 8|app: 0|req: 1031/2133] 199.204.45.144 () {36 vars in 996 bytes} [Thu Apr 23 08:55:39 2026] DELETE /v2.0/ports/de2f32ce-de68-4953-99eb-fbb0faf1936c => generated 0 bytes in 345 msecs (HTTP/1.1 204) 3 headers in 131 bytes (1 switches on core 0)
2026-04-23 08:55:40.790 7 INFO neutron.db.ovn_revision_numbers_db [None req-f1211eef-652b-48c1-b96f-c40c60d5f4c9 5dece4b25432459298119f750b697c7e e7e61fa6f4304864b5a247200b81799a - - default default] Successfully bumped revision number for resource ee3ab9f4-decd-4a50-ab40-0a1d2e4b1cf0 (type: security_groups) to 1
2026-04-23 08:55:40.806 7 INFO neutron.db.ovn_revision_numbers_db [None req-f1211eef-652b-48c1-b96f-c40c60d5f4c9 5dece4b25432459298119f750b697c7e e7e61fa6f4304864b5a247200b81799a - - default default] Successfully bumped revision number for resource 0b24cde5-8974-4790-9396-b26fc5e57acb (type: security_group_rules) to 0
2026-04-23 08:55:40.819 7 INFO neutron.db.ovn_revision_numbers_db [None req-f1211eef-652b-48c1-b96f-c40c60d5f4c9 5dece4b25432459298119f750b697c7e e7e61fa6f4304864b5a247200b81799a - - default default] Successfully bumped revision number for resource 26537bca-a5ca-4056-86f1-8b51740c24aa (type: security_group_rules) to 0
2026-04-23 08:55:40.830 7 INFO neutron.db.ovn_revision_numbers_db [None req-f1211eef-652b-48c1-b96f-c40c60d5f4c9 5dece4b25432459298119f750b697c7e e7e61fa6f4304864b5a247200b81799a - - default default] Successfully bumped revision number for resource 927700b8-9fc6-4c04-8c15-8126546950e4 (type: security_group_rules) to 0
2026-04-23 08:55:40.842 7 INFO neutron.db.ovn_revision_numbers_db [None req-f1211eef-652b-48c1-b96f-c40c60d5f4c9 5dece4b25432459298119f750b697c7e e7e61fa6f4304864b5a247200b81799a - - default default] Successfully bumped revision number for resource fe264d91-f3e3-4a40-8eee-51cf243c4ce0 (type: security_group_rules) to 0
2026-04-23 08:55:40.863 8 INFO neutron.notifiers.nova [-] Nova event matching ['req-6b2ace00-a88c-4d8c-8350-cf2c4d55822c'] response: {'server_uuid': 'f3e0245c-b36b-474c-9f56-77552a049704', 'name': 'network-vif-unplugged', 'status': 'completed', 'tag': 'de2f32ce-de68-4953-99eb-fbb0faf1936c', 'code': 200}
2026-04-23 08:55:40.863 8 INFO neutron.notifiers.nova [-] Nova event matching ['req-6b2ace00-a88c-4d8c-8350-cf2c4d55822c'] response: {'server_uuid': 'f3e0245c-b36b-474c-9f56-77552a049704', 'name': 'network-vif-deleted', 'tag': 'de2f32ce-de68-4953-99eb-fbb0faf1936c', 'status': 'completed', 'code': 200} [pid: 7|app: 0|req: 1103/2134] 10.0.0.54 () {32 vars in 772 bytes} [Thu Apr 23 08:55:40 2026] GET /v2.0/security-groups?tenant_id=3b0627bcc6a6478497f739e6e8e309e1&name=default => generated 2925 bytes in 429 msecs (HTTP/1.1 200) 4 headers in 158 bytes (1 switches on core 0) [pid: 7|app: 0|req: 1104/2135] 10.0.0.33 () {34 vars in 988 bytes} [Thu Apr 23 08:55:41 2026] GET /v2.0/ports?device_id=f3e0245c-b36b-474c-9f56-77552a049704 => generated 12 bytes in 26 msecs (HTTP/1.1 200) 4 headers in 156 bytes (1 switches on core 0) [pid: 8|app: 0|req: 1032/2136] 10.0.0.54 () {32 vars in 738 bytes} [Thu Apr 23 08:55:40 2026] DELETE /v2.0/security-groups/ee3ab9f4-decd-4a50-ab40-0a1d2e4b1cf0 => generated 0 bytes in 326 msecs (HTTP/1.1 204) 2 headers in 112 bytes (1 switches on core 0)
2026-04-23 08:55:41.468 7 INFO neutron.db.ovn_revision_numbers_db [None req-83925d01-bb1b-4ebd-aaf2-eaa9405b02ff 5dece4b25432459298119f750b697c7e e7e61fa6f4304864b5a247200b81799a - - default default] Successfully bumped revision number for resource 3359dcb7-c27c-4b6a-b6e4-01266b06e4a5 (type: security_groups) to 1
2026-04-23 08:55:41.479 7 INFO neutron.db.ovn_revision_numbers_db [None req-83925d01-bb1b-4ebd-aaf2-eaa9405b02ff 5dece4b25432459298119f750b697c7e e7e61fa6f4304864b5a247200b81799a - - default default] Successfully bumped revision number for resource 6749d8d1-e781-459c-bdfb-2f6605b4aafa (type: security_group_rules) to 0
2026-04-23 08:55:41.492 7 INFO neutron.db.ovn_revision_numbers_db [None req-83925d01-bb1b-4ebd-aaf2-eaa9405b02ff 5dece4b25432459298119f750b697c7e e7e61fa6f4304864b5a247200b81799a - - default default] Successfully bumped revision number for resource 87e78f81-18fb-4c7c-82af-0ec91e2ba6e9 (type: security_group_rules) to 0
2026-04-23 08:55:41.503 7 INFO neutron.db.ovn_revision_numbers_db [None req-83925d01-bb1b-4ebd-aaf2-eaa9405b02ff 5dece4b25432459298119f750b697c7e e7e61fa6f4304864b5a247200b81799a - - default default] Successfully bumped revision number for resource 96ad9a91-38cf-402d-bfeb-f050668ce3fc (type: security_group_rules) to 0
2026-04-23 08:55:41.513 7 INFO neutron.db.ovn_revision_numbers_db [None req-83925d01-bb1b-4ebd-aaf2-eaa9405b02ff 5dece4b25432459298119f750b697c7e e7e61fa6f4304864b5a247200b81799a - - default default] Successfully bumped revision number for resource bec39cb4-f412-4c49-a2ac-f7a8a55f897e (type: security_group_rules) to 0 [pid: 7|app: 0|req: 1105/2137] 10.0.0.54 () {32 vars in 772 bytes} [Thu Apr 23 08:55:41 2026] GET /v2.0/security-groups?tenant_id=c336a94c11f54d128e58def83d589055&name=default => generated 2925 bytes in 242 msecs (HTTP/1.1 200) 4 headers in 158 bytes (1 switches on core 0) [pid: 8|app: 0|req: 1033/2138] 10.0.0.54 () {32 vars in 738 bytes} [Thu Apr 23 08:55:41 2026] DELETE /v2.0/security-groups/3359dcb7-c27c-4b6a-b6e4-01266b06e4a5 => generated 0 bytes in 287 msecs (HTTP/1.1 204) 2 headers in 112 bytes (1 switches on core 0)
2026-04-23 08:55:42.043 7 INFO neutron.db.ovn_revision_numbers_db [None req-da5412e7-c908-444c-b867-bdab820fd272 5dece4b25432459298119f750b697c7e e7e61fa6f4304864b5a247200b81799a - - default default] Successfully bumped revision number for resource 3374caef-19da-4284-91cb-d65d1e91dbce (type: security_groups) to 1
2026-04-23 08:55:42.060 7 INFO neutron.db.ovn_revision_numbers_db [None req-da5412e7-c908-444c-b867-bdab820fd272 5dece4b25432459298119f750b697c7e e7e61fa6f4304864b5a247200b81799a - - default default] Successfully bumped revision number for resource 0fad082c-70ac-46ed-9081-8d12020f30bf (type: security_group_rules) to 0
2026-04-23 08:55:42.076 7 INFO neutron.db.ovn_revision_numbers_db [None req-da5412e7-c908-444c-b867-bdab820fd272 5dece4b25432459298119f750b697c7e e7e61fa6f4304864b5a247200b81799a - - default default] Successfully bumped revision number for resource 6325541b-3d78-47be-8c9a-422a0d24bca6 (type: security_group_rules) to 0
2026-04-23 08:55:42.088 7 INFO neutron.db.ovn_revision_numbers_db [None req-da5412e7-c908-444c-b867-bdab820fd272 5dece4b25432459298119f750b697c7e e7e61fa6f4304864b5a247200b81799a - - default default] Successfully bumped revision number for resource a3584c33-6cbe-41b3-86eb-e616ceced4c9 (type: security_group_rules) to 0
2026-04-23 08:55:42.101 7 INFO neutron.db.ovn_revision_numbers_db [None req-da5412e7-c908-444c-b867-bdab820fd272 5dece4b25432459298119f750b697c7e e7e61fa6f4304864b5a247200b81799a - - default default] Successfully bumped revision number for resource ab98e2cb-1b4c-4696-ae58-8d49cd95eed4 (type: security_group_rules) to 0
2026-04-23 08:55:42.109 8 INFO neutron.db.ovn_revision_numbers_db [None req-ba20cd34-ccb4-4de3-bb7c-8ac2c64bec7e 5dece4b25432459298119f750b697c7e e7e61fa6f4304864b5a247200b81799a - - default default] Successfully bumped revision number for resource baaf7041-d9ae-47bb-984b-9900303fae3b (type: security_groups) to 1
2026-04-23 08:55:42.119 8 INFO neutron.db.ovn_revision_numbers_db [None req-ba20cd34-ccb4-4de3-bb7c-8ac2c64bec7e 5dece4b25432459298119f750b697c7e e7e61fa6f4304864b5a247200b81799a - - default default] Successfully bumped revision number for resource 037e1ab5-e9c8-4ea2-98f1-fe20294d04fd (type: security_group_rules) to 0
2026-04-23 08:55:42.130 8 INFO neutron.db.ovn_revision_numbers_db [None req-ba20cd34-ccb4-4de3-bb7c-8ac2c64bec7e 5dece4b25432459298119f750b697c7e e7e61fa6f4304864b5a247200b81799a - - default default] Successfully bumped revision number for resource 6f7235a1-5b1a-401f-8ad7-19f40afb9d2b (type: security_group_rules) to 0
2026-04-23 08:55:42.140 8 INFO neutron.db.ovn_revision_numbers_db [None req-ba20cd34-ccb4-4de3-bb7c-8ac2c64bec7e 5dece4b25432459298119f750b697c7e e7e61fa6f4304864b5a247200b81799a - - default default] Successfully bumped revision number for resource 72899eeb-c25f-4e67-ad7e-5ac7813ac23c (type: security_group_rules) to 0
2026-04-23 08:55:42.151 8 INFO neutron.db.ovn_revision_numbers_db [None req-ba20cd34-ccb4-4de3-bb7c-8ac2c64bec7e 5dece4b25432459298119f750b697c7e e7e61fa6f4304864b5a247200b81799a - - default default] Successfully bumped revision number for resource ed0614c0-aa9a-485b-9bb7-15291fe3edec (type: security_group_rules) to 0 [pid: 8|app: 0|req: 1034/2139] 10.0.0.54 () {32 vars in 772 bytes} [Thu Apr 23 08:55:41 2026] GET /v2.0/security-groups?tenant_id=f8ff11eddc47497193bea7a3dd88df46&name=default => generated 2925 bytes in 263 msecs (HTTP/1.1 200) 4 headers in 158 bytes (1 switches on core 0)
2026-04-23 08:55:42.181 7 INFO neutron.db.segments_db [None req-da5412e7-c908-444c-b867-bdab820fd272 5dece4b25432459298119f750b697c7e e7e61fa6f4304864b5a247200b81799a - - default default] Added segment c2bb9a0b-bff7-4546-b049-f0c98fb06aaa of type geneve for network 8e642580-089b-443f-9d55-8ed13f30ff66
2026-04-23 08:55:42.314 7 INFO neutron.db.ovn_revision_numbers_db [None req-da5412e7-c908-444c-b867-bdab820fd272 5dece4b25432459298119f750b697c7e e7e61fa6f4304864b5a247200b81799a - - default default] Successfully bumped revision number for resource 8e642580-089b-443f-9d55-8ed13f30ff66 (type: networks) to 1 [pid: 8|app: 0|req: 1035/2140] 10.0.0.54 () {32 vars in 738 bytes} [Thu Apr 23 08:55:42 2026] DELETE /v2.0/security-groups/baaf7041-d9ae-47bb-984b-9900303fae3b => generated 0 bytes in 286 msecs (HTTP/1.1 204) 2 headers in 112 bytes (1 switches on core 0) [pid: 8|app: 0|req: 1036/2141] 10.0.0.33 () {34 vars in 988 bytes} [Thu Apr 23 08:55:42 2026] GET /v2.0/ports?device_id=f3e0245c-b36b-474c-9f56-77552a049704 => generated 12 bytes in 19 msecs (HTTP/1.1 200) 4 headers in 156 bytes (1 switches on core 0)
2026-04-23 08:55:42.899 7 WARNING neutron.scheduler.dhcp_agent_scheduler [None req-da5412e7-c908-444c-b867-bdab820fd272 5dece4b25432459298119f750b697c7e e7e61fa6f4304864b5a247200b81799a - - default default] No more DHCP agents
2026-04-23 08:55:42.902 7 WARNING neutron.api.rpc.agentnotifiers.dhcp_rpc_agent_api [None req-da5412e7-c908-444c-b867-bdab820fd272 5dece4b25432459298119f750b697c7e e7e61fa6f4304864b5a247200b81799a - - default default] Unable to schedule network 8e642580-089b-443f-9d55-8ed13f30ff66: no agents available; will retry on subsequent port and subnet creation events.
2026-04-23 08:55:42.981 8 INFO neutron.plugins.ml2.drivers.ovn.mech_driver.mech_driver [None req-c16d2013-1378-46c8-98ec-6806d2a0ae4e - - - - - -] OVN reports status down for port: 7d6dbd8f-a644-4a81-9521-7d672332e09d
2026-04-23 08:55:43.024 7 INFO neutron.db.ovn_revision_numbers_db [None req-da5412e7-c908-444c-b867-bdab820fd272 5dece4b25432459298119f750b697c7e e7e61fa6f4304864b5a247200b81799a - - default default] Successfully bumped revision number for resource 7d6dbd8f-a644-4a81-9521-7d672332e09d (type: ports) to 1 [pid: 7|app: 0|req: 1106/2142] 10.0.0.54 () {34 vars in 669 bytes} [Thu Apr 23 08:55:41 2026] POST /v2.0/networks => generated 742 bytes in 1337 msecs (HTTP/1.1 201) 4 headers in 162 bytes (1 switches on core 0)
2026-04-23 08:55:43.192 8 WARNING neutron.scheduler.dhcp_agent_scheduler [None req-f12aa182-3a57-44f7-844c-7787e02b0883 5dece4b25432459298119f750b697c7e e7e61fa6f4304864b5a247200b81799a - - default default] No more DHCP agents
2026-04-23 08:55:43.193 8 WARNING neutron.api.rpc.agentnotifiers.dhcp_rpc_agent_api [None req-f12aa182-3a57-44f7-844c-7787e02b0883 5dece4b25432459298119f750b697c7e e7e61fa6f4304864b5a247200b81799a - - default default] Unable to schedule network 8e642580-089b-443f-9d55-8ed13f30ff66: no agents available; will retry on subsequent port and subnet creation events.
2026-04-23 08:55:43.669 8 INFO neutron.db.ovn_revision_numbers_db [None req-928daf78-fbd2-4f1d-8e45-127202f14139 - - - - - -] Successfully bumped revision number for resource 7d6dbd8f-a644-4a81-9521-7d672332e09d (type: ports) to 2
2026-04-23 08:55:43.704 8 INFO neutron.db.ovn_revision_numbers_db [None req-928daf78-fbd2-4f1d-8e45-127202f14139 - - - - - -] Successfully bumped revision number for resource 0f48712a-6438-4c60-a5ed-0cb009c73371 (type: subnets) to 0 [pid: 8|app: 0|req: 1037/2143] 10.0.0.54 () {34 vars in 667 bytes} [Thu Apr 23 08:55:43 2026] POST /v2.0/subnets => generated 687 bytes in 670 msecs (HTTP/1.1 201) 4 headers in 162 bytes (1 switches on core 0)
2026-04-23 08:55:44.129 7 WARNING neutron.scheduler.dhcp_agent_scheduler [None req-59ce67ff-5e9b-4fc8-beca-0710d10a67bf 5dece4b25432459298119f750b697c7e e7e61fa6f4304864b5a247200b81799a - - default default] No more DHCP agents
2026-04-23 08:55:44.131 7 WARNING neutron.api.rpc.agentnotifiers.dhcp_rpc_agent_api [None req-59ce67ff-5e9b-4fc8-beca-0710d10a67bf 5dece4b25432459298119f750b697c7e e7e61fa6f4304864b5a247200b81799a - - default default] Unable to schedule network 982bf292-6ea5-4320-821c-933fc684b743: no agents available; will retry on subsequent port and subnet creation events.
2026-04-23 08:55:44.268 8 INFO neutron.plugins.ml2.drivers.ovn.mech_driver.mech_driver [None req-c16d2013-1378-46c8-98ec-6806d2a0ae4e - - - - - -] OVN reports status down for port: 77b1fd41-d4f5-4ca2-8ba7-8cf9959346ab
2026-04-23 08:55:44.308 7 INFO neutron.db.ovn_revision_numbers_db [None req-59ce67ff-5e9b-4fc8-beca-0710d10a67bf 5dece4b25432459298119f750b697c7e e7e61fa6f4304864b5a247200b81799a - - default default] Successfully bumped revision number for resource 77b1fd41-d4f5-4ca2-8ba7-8cf9959346ab (type: ports) to 1 [pid: 8|app: 0|req: 1038/2144] 10.0.0.153 () {34 vars in 989 bytes} [Thu Apr 23 08:55:44 2026] GET /v2.0/ports?device_id=ebd70aa4-55cc-4326-bdd8-113713a130da => generated 1209 bytes in 54 msecs (HTTP/1.1 200) 4 headers in 158 bytes (1 switches on core 0) [pid: 8|app: 0|req: 1039/2145] 10.0.0.153 () {34 vars in 1039 bytes} [Thu Apr 23 08:55:44 2026] GET /v2.0/security-groups?id=1282cb59-ced8-49e8-9613-de7a550f202d&fields=id&fields=name => generated 113 bytes in 28 msecs (HTTP/1.1 200) 4 headers in 157 bytes (1 switches on core 0)
2026-04-23 08:55:44.837 7 INFO neutron.plugins.ml2.drivers.ovn.mech_driver.ovsdb.commands [-] Schedule LRP lrp-77b1fd41-d4f5-4ca2-8ba7-8cf9959346ab on gateway c78329b2-e452-4dd1-a449-75a42d78bb23 with priority 1
2026-04-23 08:55:45.001 7 INFO neutron.db.ovn_revision_numbers_db [None req-59ce67ff-5e9b-4fc8-beca-0710d10a67bf 5dece4b25432459298119f750b697c7e e7e61fa6f4304864b5a247200b81799a - - default default] Successfully bumped revision number for resource 77b1fd41-d4f5-4ca2-8ba7-8cf9959346ab (type: router_ports) to 1
2026-04-23 08:55:45.030 8 INFO neutron.plugins.ml2.drivers.ovn.mech_driver.ovsdb.ovsdb_monitor [None req-1992b62e-1e2b-4ed0-ae05-47ca19d386b4 - - - - - -] Router a807c973-7530-491c-8db4-2ea89d2a3694 is bound to host instance
2026-04-23 08:55:45.061 7 INFO neutron.db.ovn_revision_numbers_db [None req-59ce67ff-5e9b-4fc8-beca-0710d10a67bf 5dece4b25432459298119f750b697c7e e7e61fa6f4304864b5a247200b81799a - - default default] Successfully bumped revision number for resource a807c973-7530-491c-8db4-2ea89d2a3694 (type: routers) to 2 [pid: 7|app: 0|req: 1107/2146] 10.0.0.54 () {34 vars in 667 bytes} [Thu Apr 23 08:55:43 2026] POST /v2.0/routers => generated 965 bytes in 1350 msecs (HTTP/1.1 201) 4 headers in 162 bytes (1 switches on core 0)
2026-04-23 08:55:45.097 8 INFO neutron.plugins.ml2.drivers.ovn.mech_driver.mech_driver [None req-c16d2013-1378-46c8-98ec-6806d2a0ae4e - - - - - -] OVN reports status up for port: 77b1fd41-d4f5-4ca2-8ba7-8cf9959346ab
2026-04-23 08:55:45.187 8 INFO neutron.plugins.ml2.plugin [None req-c16d2013-1378-46c8-98ec-6806d2a0ae4e - - - - - -] Attempt 1 to provision port 77b1fd41-d4f5-4ca2-8ba7-8cf9959346ab
2026-04-23 08:55:45.225 8 INFO neutron_taas.services.taas.taas_plugin [None req-9c2cf4f4-0e86-49e8-a71c-cd041cb48e21 5dece4b25432459298119f750b697c7e e7e61fa6f4304864b5a247200b81799a - - default default] TaaS: Handle Delete Port: 0a22b021-7908-46c8-837d-ebedb55f14a7
2026-04-23 08:55:45.243 8 INFO neutron_taas.services.taas.tap_mirror_plugin [None req-9c2cf4f4-0e86-49e8-a71c-cd041cb48e21 5dece4b25432459298119f750b697c7e e7e61fa6f4304864b5a247200b81799a - - default default] Tap Mirror: Handle Delete Port: 0a22b021-7908-46c8-837d-ebedb55f14a7
2026-04-23 08:55:45.556 7 WARNING neutron.scheduler.dhcp_agent_scheduler [None req-18b0f7ab-2e36-4b8a-9a7e-15ea005d3bd3 5dece4b25432459298119f750b697c7e e7e61fa6f4304864b5a247200b81799a - - default default] No more DHCP agents
2026-04-23 08:55:45.558 7 WARNING neutron.api.rpc.agentnotifiers.dhcp_rpc_agent_api [None req-18b0f7ab-2e36-4b8a-9a7e-15ea005d3bd3 5dece4b25432459298119f750b697c7e e7e61fa6f4304864b5a247200b81799a - - default default] Unable to schedule network 8e642580-089b-443f-9d55-8ed13f30ff66: no agents available; will retry on subsequent port and subnet creation events.
2026-04-23 08:55:45.756 7 INFO neutron.db.ovn_revision_numbers_db [None req-18b0f7ab-2e36-4b8a-9a7e-15ea005d3bd3 5dece4b25432459298119f750b697c7e e7e61fa6f4304864b5a247200b81799a - - default default] Successfully bumped revision number for resource 16ffb057-0641-4cd7-a36d-1ef4c1c3bfdb (type: ports) to 1
2026-04-23 08:55:46.443 7 WARNING neutron.scheduler.dhcp_agent_scheduler [None req-18b0f7ab-2e36-4b8a-9a7e-15ea005d3bd3 5dece4b25432459298119f750b697c7e e7e61fa6f4304864b5a247200b81799a - - default default] No more DHCP agents
2026-04-23 08:55:46.445 7 WARNING neutron.api.rpc.agentnotifiers.dhcp_rpc_agent_api [None req-18b0f7ab-2e36-4b8a-9a7e-15ea005d3bd3 5dece4b25432459298119f750b697c7e e7e61fa6f4304864b5a247200b81799a - - default default] Unable to schedule network 8e642580-089b-443f-9d55-8ed13f30ff66: no agents available; will retry on subsequent port and subnet creation events. [pid: 8|app: 0|req: 1040/2147] 10.0.0.54 () {34 vars in 787 bytes} [Thu Apr 23 08:55:44 2026] PUT /v2.0/routers/36ba730e-b59a-426e-be92-0131ad72233f/remove_router_interface => generated 309 bytes in 1976 msecs (HTTP/1.1 200) 4 headers in 157 bytes (1 switches on core 0) /var/lib/openstack/lib/python3.12/site-packages/pycadf/identifier.py:70: UserWarning: Invalid uuid: neutron. To ensure interoperability, identifiers should be a valid uuid. warnings.warn(('Invalid uuid: %s. To ensure interoperability, '
2026-04-23 08:55:46.788 8 INFO neutron.db.ovn_revision_numbers_db [None req-1d78d081-40be-45fd-add0-5c4c18ac585f - - - - - -] Successfully bumped revision number for resource 77b1fd41-d4f5-4ca2-8ba7-8cf9959346ab (type: ports) to 4 [pid: 8|app: 0|req: 1041/2148] 10.0.0.33 () {34 vars in 988 bytes} [Thu Apr 23 08:55:46 2026] GET /v2.0/ports?device_id=ebd70aa4-55cc-4326-bdd8-113713a130da => generated 971 bytes in 149 msecs (HTTP/1.1 200) 4 headers in 157 bytes (1 switches on core 0)
2026-04-23 08:55:47.058 7 INFO neutron.db.ovn_revision_numbers_db [None req-18b0f7ab-2e36-4b8a-9a7e-15ea005d3bd3 5dece4b25432459298119f750b697c7e e7e61fa6f4304864b5a247200b81799a - - default default] Successfully bumped revision number for resource 16ffb057-0641-4cd7-a36d-1ef4c1c3bfdb (type: router_ports) to 1 [pid: 7|app: 0|req: 1108/2149] 10.0.0.54 () {34 vars in 781 bytes} [Thu Apr 23 08:55:45 2026] PUT /v2.0/routers/a807c973-7530-491c-8db4-2ea89d2a3694/add_router_interface => generated 309 bytes in 1979 msecs (HTTP/1.1 200) 4 headers in 157 bytes (1 switches on core 0)
2026-04-23 08:55:47.328 8 INFO neutron.db.ovn_revision_numbers_db [None req-6e881afc-02b2-4975-8b03-a7d44f55b984 ef8c0c4ff19d4098bca67166aff895b1 0f448377ffaf41b3808a528321109a9e - - default default] Successfully bumped revision number for resource 2a127174-2085-4569-b34e-fef7ad6fb731 (type: security_groups) to 1
2026-04-23 08:55:47.347 8 INFO neutron.db.ovn_revision_numbers_db [None req-6e881afc-02b2-4975-8b03-a7d44f55b984 ef8c0c4ff19d4098bca67166aff895b1 0f448377ffaf41b3808a528321109a9e - - default default] Successfully bumped revision number for resource 66a52c9f-9002-4227-a2f8-b6a909a98824 (type: security_group_rules) to 0
2026-04-23 08:55:47.372 8 INFO neutron.db.ovn_revision_numbers_db [None req-6e881afc-02b2-4975-8b03-a7d44f55b984 ef8c0c4ff19d4098bca67166aff895b1 0f448377ffaf41b3808a528321109a9e - - default default] Successfully bumped revision number for resource 8057ef49-cb7d-4ea9-abee-4aba7bf614b1 (type: security_group_rules) to 0
2026-04-23 08:55:47.392 8 INFO neutron.db.ovn_revision_numbers_db [None req-6e881afc-02b2-4975-8b03-a7d44f55b984 ef8c0c4ff19d4098bca67166aff895b1 0f448377ffaf41b3808a528321109a9e - - default default] Successfully bumped revision number for resource a0fed362-2520-4e20-9080-15171d2dc780 (type: security_group_rules) to 0
2026-04-23 08:55:47.424 8 INFO neutron.db.ovn_revision_numbers_db [None req-6e881afc-02b2-4975-8b03-a7d44f55b984 ef8c0c4ff19d4098bca67166aff895b1 0f448377ffaf41b3808a528321109a9e - - default default] Successfully bumped revision number for resource e28747fd-760e-4912-8305-b8ed8119b332 (type: security_group_rules) to 0
2026-04-23 08:55:47.461 7 INFO neutron_taas.services.taas.taas_plugin [None req-8066763c-81cc-4539-bb25-244d3e562e47 5dece4b25432459298119f750b697c7e e7e61fa6f4304864b5a247200b81799a - - default default] TaaS: Handle Delete Port: e92d04b2-0aa3-447c-b835-832dc904abd8
2026-04-23 08:55:47.465 7 INFO neutron_taas.services.taas.tap_mirror_plugin [None req-8066763c-81cc-4539-bb25-244d3e562e47 5dece4b25432459298119f750b697c7e e7e61fa6f4304864b5a247200b81799a - - default default] Tap Mirror: Handle Delete Port: e92d04b2-0aa3-447c-b835-832dc904abd8
2026-04-23 08:55:47.484 8 INFO neutron.db.ovn_revision_numbers_db [None req-1d78d081-40be-45fd-add0-5c4c18ac585f - - - - - -] Successfully bumped revision number for resource 77b1fd41-d4f5-4ca2-8ba7-8cf9959346ab (type: ports) to 5
2026-04-23 08:55:47.643 8 INFO neutron.db.ovn_revision_numbers_db [None req-6e881afc-02b2-4975-8b03-a7d44f55b984 ef8c0c4ff19d4098bca67166aff895b1 0f448377ffaf41b3808a528321109a9e - - default default] Successfully bumped revision number for resource 2e8f3aa1-1fde-4702-880a-073cb48047c6 (type: security_groups) to 1
2026-04-23 08:55:47.677 8 INFO neutron.db.ovn_revision_numbers_db [None req-6e881afc-02b2-4975-8b03-a7d44f55b984 ef8c0c4ff19d4098bca67166aff895b1 0f448377ffaf41b3808a528321109a9e - - default default] Successfully bumped revision number for resource 30cdd616-5164-4eb2-b640-586573a9e593 (type: security_group_rules) to 0
2026-04-23 08:55:47.711 8 INFO neutron.db.ovn_revision_numbers_db [None req-6e881afc-02b2-4975-8b03-a7d44f55b984 ef8c0c4ff19d4098bca67166aff895b1 0f448377ffaf41b3808a528321109a9e - - default default] Successfully bumped revision number for resource 584d2d3b-0862-4c54-8c2a-f06e8043cf0a (type: security_group_rules) to 0 [pid: 8|app: 0|req: 1042/2150] 10.0.0.54 () {34 vars in 682 bytes} [Thu Apr 23 08:55:46 2026] POST /v2.0/security-groups => generated 1601 bytes in 916 msecs (HTTP/1.1 201) 4 headers in 163 bytes (1 switches on core 0) [pid: 8|app: 0|req: 1043/2151] 10.0.0.33 () {34 vars in 1038 bytes} [Thu Apr 23 08:55:47 2026] GET /v2.0/security-groups?id=1282cb59-ced8-49e8-9613-de7a550f202d&fields=id&fields=name => generated 113 bytes in 37 msecs (HTTP/1.1 200) 4 headers in 157 bytes (1 switches on core 0) [pid: 8|app: 0|req: 1044/2152] 199.204.45.144 () {34 vars in 993 bytes} [Thu Apr 23 08:55:47 2026] GET /v2.0/ports?device_id=ebd70aa4-55cc-4326-bdd8-113713a130da => generated 971 bytes in 46 msecs (HTTP/1.1 200) 4 headers in 157 bytes (1 switches on core 0) [pid: 7|app: 0|req: 1109/2153] 10.0.0.54 () {32 vars in 722 bytes} [Thu Apr 23 08:55:47 2026] DELETE /v2.0/routers/36ba730e-b59a-426e-be92-0131ad72233f => generated 0 bytes in 863 msecs (HTTP/1.1 204) 2 headers in 112 bytes (1 switches on core 0)
2026-04-23 08:55:48.031 8 INFO neutron.plugins.ml2.drivers.ovn.mech_driver.mech_driver [None req-c16d2013-1378-46c8-98ec-6806d2a0ae4e - - - - - -] OVN reports status down for port: 16ffb057-0641-4cd7-a36d-1ef4c1c3bfdb
2026-04-23 08:55:48.089 8 INFO neutron.db.ovn_revision_numbers_db [None req-4dc3e7d4-a851-46ab-b94b-4050e445a1c5 ef8c0c4ff19d4098bca67166aff895b1 0f448377ffaf41b3808a528321109a9e - - default default] Successfully bumped revision number for resource e99f1ba7-972b-492a-917f-107dcae4b6a5 (type: security_groups) to 1
2026-04-23 08:55:48.105 8 INFO neutron.db.ovn_revision_numbers_db [None req-4dc3e7d4-a851-46ab-b94b-4050e445a1c5 ef8c0c4ff19d4098bca67166aff895b1 0f448377ffaf41b3808a528321109a9e - - default default] Successfully bumped revision number for resource 49a561ab-40b6-4f35-9078-cb2b0aadeea6 (type: security_group_rules) to 0
2026-04-23 08:55:48.111 7 INFO neutron_taas.services.taas.taas_plugin [req-0f124985-f502-46cc-ba5a-11c4c95bec6e req-830aa09a-06cb-4d66-af0c-4a5848abbad7 bf70f7e6390f4ceaacb707f95a801bb3 4006375e339d452ebc0b9c2af2f0728e - - default default] TaaS: Handle Delete Port: de863a51-fd17-42a7-94a0-21e727f1240f
2026-04-23 08:55:48.114 7 INFO neutron_taas.services.taas.tap_mirror_plugin [req-0f124985-f502-46cc-ba5a-11c4c95bec6e req-830aa09a-06cb-4d66-af0c-4a5848abbad7 bf70f7e6390f4ceaacb707f95a801bb3 4006375e339d452ebc0b9c2af2f0728e - - default default] Tap Mirror: Handle Delete Port: de863a51-fd17-42a7-94a0-21e727f1240f
2026-04-23 08:55:48.121 8 INFO neutron.db.ovn_revision_numbers_db [None req-4dc3e7d4-a851-46ab-b94b-4050e445a1c5 ef8c0c4ff19d4098bca67166aff895b1 0f448377ffaf41b3808a528321109a9e - - default default] Successfully bumped revision number for resource ecd0c348-5a59-401b-ab83-318744f29f85 (type: security_group_rules) to 0
2026-04-23 08:55:48.147 8 WARNING neutron.plugins.ml2.drivers.ovn.mech_driver.ovsdb.ovn_client [None req-c16d2013-1378-46c8-98ec-6806d2a0ae4e - - - - - -] Logical_Switch_Port 16ffb057-0641-4cd7-a36d-1ef4c1c3bfdb host information not removed, the port state is up
2026-04-23 08:55:48.148 8 INFO neutron.plugins.ml2.drivers.ovn.mech_driver.mech_driver [None req-c16d2013-1378-46c8-98ec-6806d2a0ae4e - - - - - -] OVN reports status up for port: 16ffb057-0641-4cd7-a36d-1ef4c1c3bfdb
2026-04-23 08:55:48.169 8 INFO neutron.plugins.ml2.plugin [None req-c16d2013-1378-46c8-98ec-6806d2a0ae4e - - - - - -] Attempt 1 to provision port 16ffb057-0641-4cd7-a36d-1ef4c1c3bfdb [pid: 8|app: 0|req: 1045/2154] 10.0.0.54 () {34 vars in 682 bytes} [Thu Apr 23 08:55:47 2026] POST /v2.0/security-groups => generated 1601 bytes in 349 msecs (HTTP/1.1 201) 4 headers in 163 bytes (1 switches on core 0)
2026-04-23 08:55:48.297 7 INFO neutron.db.l3_db [req-0f124985-f502-46cc-ba5a-11c4c95bec6e req-830aa09a-06cb-4d66-af0c-4a5848abbad7 bf70f7e6390f4ceaacb707f95a801bb3 4006375e339d452ebc0b9c2af2f0728e - - default default] Floating IP 69e9aeef-b3e9-4095-abb1-2df1d1ea2e55 disassociated. External IP: 10.96.250.204, port: de863a51-fd17-42a7-94a0-21e727f1240f. [pid: 7|app: 0|req: 1110/2155] 199.204.45.144 () {36 vars in 996 bytes} [Thu Apr 23 08:55:47 2026] DELETE /v2.0/ports/de863a51-fd17-42a7-94a0-21e727f1240f => generated 0 bytes in 536 msecs (HTTP/1.1 204) 3 headers in 131 bytes (1 switches on core 0)
2026-04-23 08:55:48.500 7 INFO neutron.notifiers.nova [-] Nova event matching ['req-4f2a6222-4bfe-4cae-9b30-79aee25b4377'] response: {'server_uuid': 'ebd70aa4-55cc-4326-bdd8-113713a130da', 'name': 'network-vif-deleted', 'tag': 'de863a51-fd17-42a7-94a0-21e727f1240f', 'status': 'completed', 'code': 200} [pid: 8|app: 0|req: 1046/2156] 10.0.0.54 () {32 vars in 722 bytes} [Thu Apr 23 08:55:48 2026] DELETE /v2.0/subnets/ab2089cf-0bec-4b3e-b8b8-daf87f76b505 => generated 0 bytes in 383 msecs (HTTP/1.1 204) 3 headers in 131 bytes (1 switches on core 0)
2026-04-23 08:55:48.671 7 INFO neutron.db.ovn_revision_numbers_db [None req-2b749f30-272f-42f5-a85f-5c6c27ce35af 5dece4b25432459298119f750b697c7e e7e61fa6f4304864b5a247200b81799a - - default default] Successfully bumped revision number for resource 10477a3b-17ea-4f01-9c64-7ebb33faf714 (type: security_groups) to 1
2026-04-23 08:55:48.689 7 INFO neutron.db.ovn_revision_numbers_db [None req-2b749f30-272f-42f5-a85f-5c6c27ce35af 5dece4b25432459298119f750b697c7e e7e61fa6f4304864b5a247200b81799a - - default default] Successfully bumped revision number for resource 5cd47854-b14d-47e9-8f42-81b2e9f6ade1 (type: security_group_rules) to 0
2026-04-23 08:55:48.704 7 INFO neutron.db.ovn_revision_numbers_db [None req-2b749f30-272f-42f5-a85f-5c6c27ce35af 5dece4b25432459298119f750b697c7e e7e61fa6f4304864b5a247200b81799a - - default default] Successfully bumped revision number for resource 80cec4dd-3556-4222-aaf9-97447b5da95f (type: security_group_rules) to 0
2026-04-23 08:55:48.715 7 INFO neutron.db.ovn_revision_numbers_db [None req-2b749f30-272f-42f5-a85f-5c6c27ce35af 5dece4b25432459298119f750b697c7e e7e61fa6f4304864b5a247200b81799a - - default default] Successfully bumped revision number for resource b23b299a-9000-4bd5-9212-d2f40e8fd97e (type: security_group_rules) to 0
2026-04-23 08:55:48.727 7 INFO neutron.db.ovn_revision_numbers_db [None req-2b749f30-272f-42f5-a85f-5c6c27ce35af 5dece4b25432459298119f750b697c7e e7e61fa6f4304864b5a247200b81799a - - default default] Successfully bumped revision number for resource f30e759f-83db-4e64-b020-030f6483284d (type: security_group_rules) to 0
2026-04-23 08:55:48.816 7 INFO neutron.db.segments_db [None req-2b749f30-272f-42f5-a85f-5c6c27ce35af 5dece4b25432459298119f750b697c7e e7e61fa6f4304864b5a247200b81799a - - default default] Added segment f568c976-4921-4f97-b343-e5758f8357af of type geneve for network dd4c145f-12b4-43fb-b8d9-59ab58994a9a
2026-04-23 08:55:48.819 8 INFO neutron.db.ovn_revision_numbers_db [None req-e9ee0bc3-f281-4aa7-b496-621065803c7e ef8c0c4ff19d4098bca67166aff895b1 0f448377ffaf41b3808a528321109a9e - - default default] Successfully bumped revision number for resource ab0e025c-7bbb-4391-ad7d-bc24f4466c6f (type: security_groups) to 1
2026-04-23 08:55:48.838 8 INFO neutron.db.ovn_revision_numbers_db [None req-e9ee0bc3-f281-4aa7-b496-621065803c7e ef8c0c4ff19d4098bca67166aff895b1 0f448377ffaf41b3808a528321109a9e - - default default] Successfully bumped revision number for resource 1c253cd8-08b5-44d4-8dc1-bccbcb3acc6b (type: security_group_rules) to 0
2026-04-23 08:55:48.865 8 INFO neutron.db.ovn_revision_numbers_db [None req-e9ee0bc3-f281-4aa7-b496-621065803c7e ef8c0c4ff19d4098bca67166aff895b1 0f448377ffaf41b3808a528321109a9e - - default default] Successfully bumped revision number for resource 991c0462-75aa-4504-b725-e1e95afb8ef4 (type: security_group_rules) to 0 [pid: 8|app: 0|req: 1047/2157] 10.0.0.54 () {34 vars in 682 bytes} [Thu Apr 23 08:55:48 2026] POST /v2.0/security-groups => generated 1601 bytes in 374 msecs (HTTP/1.1 201) 4 headers in 163 bytes (1 switches on core 0)
2026-04-23 08:55:48.979 7 INFO neutron.db.ovn_revision_numbers_db [None req-2b749f30-272f-42f5-a85f-5c6c27ce35af 5dece4b25432459298119f750b697c7e e7e61fa6f4304864b5a247200b81799a - - default default] Successfully bumped revision number for resource dd4c145f-12b4-43fb-b8d9-59ab58994a9a (type: networks) to 1
2026-04-23 08:55:49.060 8 INFO neutron.db.ovn_revision_numbers_db [None req-c16d2013-1378-46c8-98ec-6806d2a0ae4e - - - - - -] Successfully bumped revision number for resource 16ffb057-0641-4cd7-a36d-1ef4c1c3bfdb (type: ports) to 2
2026-04-23 08:55:49.110 7 WARNING neutron.scheduler.dhcp_agent_scheduler [None req-2b749f30-272f-42f5-a85f-5c6c27ce35af 5dece4b25432459298119f750b697c7e e7e61fa6f4304864b5a247200b81799a - - default default] No more DHCP agents
2026-04-23 08:55:49.112 7 WARNING neutron.api.rpc.agentnotifiers.dhcp_rpc_agent_api [None req-2b749f30-272f-42f5-a85f-5c6c27ce35af 5dece4b25432459298119f750b697c7e e7e61fa6f4304864b5a247200b81799a - - default default] Unable to schedule network dd4c145f-12b4-43fb-b8d9-59ab58994a9a: no agents available; will retry on subsequent port and subnet creation events.
2026-04-23 08:55:49.228 7 INFO neutron.db.ovn_revision_numbers_db [None req-2b749f30-272f-42f5-a85f-5c6c27ce35af 5dece4b25432459298119f750b697c7e e7e61fa6f4304864b5a247200b81799a - - default default] Successfully bumped revision number for resource c7f57e0d-defb-47ff-a409-8d5fb3afe15d (type: ports) to 1 [pid: 7|app: 0|req: 1111/2158] 10.0.0.54 () {34 vars in 669 bytes} [Thu Apr 23 08:55:48 2026] POST /v2.0/networks => generated 744 bytes in 782 msecs (HTTP/1.1 201) 4 headers in 162 bytes (1 switches on core 0)
2026-04-23 08:55:49.268 8 INFO neutron_taas.services.taas.taas_plugin [None req-2bfb6e45-ed52-4f44-98ca-f16cf0763475 5dece4b25432459298119f750b697c7e e7e61fa6f4304864b5a247200b81799a - - default default] TaaS: Handle Delete Port: 010b7347-7a7a-4a53-89d6-68938113fe6b [pid: 7|app: 0|req: 1114/2161] 10.0.0.33 () {34 vars in 988 bytes} [Thu Apr 23 08:55:49 2026] GET /v2.0/ports?device_id=ebd70aa4-55cc-4326-bdd8-113713a130da => generated 12 bytes in 15 msecs (HTTP/1.1 200) 4 headers in 156 bytes (1 switches on core 0)
2026-04-23 08:55:49.275 8 INFO neutron_taas.services.taas.tap_mirror_plugin [None req-2bfb6e45-ed52-4f44-98ca-f16cf0763475 5dece4b25432459298119f750b697c7e e7e61fa6f4304864b5a247200b81799a - - default default] Tap Mirror: Handle Delete Port: 010b7347-7a7a-4a53-89d6-68938113fe6b
2026-04-23 08:55:49.431 7 INFO neutron.db.ovn_revision_numbers_db [None req-9d44d1f8-c247-4383-ba5c-c4e285fb792a ef8c0c4ff19d4098bca67166aff895b1 0f448377ffaf41b3808a528321109a9e - - default default] Successfully bumped revision number for resource 7352b100-b4c2-480a-99cc-744ac4c72d72 (type: security_groups) to 1
2026-04-23 08:55:49.448 7 INFO neutron.db.ovn_revision_numbers_db [None req-9d44d1f8-c247-4383-ba5c-c4e285fb792a ef8c0c4ff19d4098bca67166aff895b1 0f448377ffaf41b3808a528321109a9e - - default default] Successfully bumped revision number for resource 3ea4d418-d67a-45b8-8dac-55adc07df034 (type: security_group_rules) to 0
2026-04-23 08:55:49.461 7 INFO neutron.db.ovn_revision_numbers_db [None req-9d44d1f8-c247-4383-ba5c-c4e285fb792a ef8c0c4ff19d4098bca67166aff895b1 0f448377ffaf41b3808a528321109a9e - - default default] Successfully bumped revision number for resource f9efb7b9-f56b-4b25-b5f5-86fcd29be8f4 (type: security_group_rules) to 0 [pid: 7|app: 0|req: 1115/2162] 10.0.0.54 () {34 vars in 682 bytes} [Thu Apr 23 08:55:49 2026] POST /v2.0/security-groups => generated 1601 bytes in 226 msecs (HTTP/1.1 201) 4 headers in 163 bytes (1 switches on core 0)
2026-04-23 08:55:49.522 8 INFO neutron.services.segments.plugin [-] Segment 638418c1-7e83-40da-bc46-e4ee1906e103 resource provider aggregate not found
2026-04-23 08:55:49.530 8 INFO neutron.services.segments.plugin [-] Segment 638418c1-7e83-40da-bc46-e4ee1906e103 resource provider aggregate not found
2026-04-23 08:55:49.544 8 INFO neutron.services.segments.plugin [-] Segment 638418c1-7e83-40da-bc46-e4ee1906e103 resource provider not found; error: Placement Client Error (4xx): {"errors": [{"status": 404, "title": "Not Found", "detail": "The resource could not be found.\n\n No resource provider with uuid 638418c1-7e83-40da-bc46-e4ee1906e103 found for delete ", "request_id": "req-23a1710c-51a3-44b9-bb56-61626c62b59a"}]}
2026-04-23 08:55:49.547 8 INFO neutron.services.segments.plugin [-] Segment 638418c1-7e83-40da-bc46-e4ee1906e103 resource provider not found; error: Placement Client Error (4xx): {"errors": [{"status": 404, "title": "Not Found", "detail": "The resource could not be found.\n\n No resource provider with uuid 638418c1-7e83-40da-bc46-e4ee1906e103 found for delete ", "request_id": "req-f919d152-69d2-491c-b02b-7fef611c351f"}]} [pid: 8|app: 0|req: 1048/2163] 10.0.0.54 () {32 vars in 724 bytes} [Thu Apr 23 08:55:48 2026] DELETE /v2.0/networks/749c706d-bb1f-4481-8707-63a0c78aa86a => generated 0 bytes in 637 msecs (HTTP/1.1 204) 3 headers in 131 bytes (1 switches on core 0)
2026-04-23 08:55:49.626 7 WARNING neutron.scheduler.dhcp_agent_scheduler [None req-ae1f8097-2fa4-4bb6-81e3-915730e740d4 5dece4b25432459298119f750b697c7e e7e61fa6f4304864b5a247200b81799a - - default default] No more DHCP agents
2026-04-23 08:55:49.627 7 WARNING neutron.api.rpc.agentnotifiers.dhcp_rpc_agent_api [None req-ae1f8097-2fa4-4bb6-81e3-915730e740d4 5dece4b25432459298119f750b697c7e e7e61fa6f4304864b5a247200b81799a - - default default] Unable to schedule network dd4c145f-12b4-43fb-b8d9-59ab58994a9a: no agents available; will retry on subsequent port and subnet creation events.
2026-04-23 08:55:49.714 8 INFO neutron.db.ovn_revision_numbers_db [None req-20f742c6-bc2d-43b6-bd23-740bbc88c5e3 ef8c0c4ff19d4098bca67166aff895b1 0f448377ffaf41b3808a528321109a9e - - default default] Successfully bumped revision number for resource a237ad49-4747-4b5d-af7c-e4b8b48af93f (type: security_groups) to 1
2026-04-23 08:55:49.730 8 INFO neutron.db.ovn_revision_numbers_db [None req-20f742c6-bc2d-43b6-bd23-740bbc88c5e3 ef8c0c4ff19d4098bca67166aff895b1 0f448377ffaf41b3808a528321109a9e - - default default] Successfully bumped revision number for resource 39048297-41d6-4334-9c4a-7ea5d167142f (type: security_group_rules) to 0
2026-04-23 08:55:49.739 8 INFO neutron.db.ovn_revision_numbers_db [None req-20f742c6-bc2d-43b6-bd23-740bbc88c5e3 ef8c0c4ff19d4098bca67166aff895b1 0f448377ffaf41b3808a528321109a9e - - default default] Successfully bumped revision number for resource 8cdeb2e5-84bd-4096-920f-05487fc4cfd2 (type: security_group_rules) to 0 [pid: 8|app: 0|req: 1049/2164] 10.0.0.54 () {34 vars in 682 bytes} [Thu Apr 23 08:55:49 2026] POST /v2.0/security-groups => generated 1601 bytes in 194 msecs (HTTP/1.1 201) 4 headers in 163 bytes (1 switches on core 0) [pid: 8|app: 0|req: 1050/2165] 10.0.0.54 () {32 vars in 772 bytes} [Thu Apr 23 08:55:49 2026] GET /v2.0/security-groups?tenant_id=a869331fd8ce4d91bb9c84f9d9c8bbc4&name=default => generated 2925 bytes in 29 msecs (HTTP/1.1 200) 4 headers in 158 bytes (1 switches on core 0) [pid: 8|app: 0|req: 1051/2166] 10.0.0.54 () {34 vars in 765 bytes} [Thu Apr 23 08:55:49 2026] PUT /v2.0/security-groups/2e8f3aa1-1fde-4702-880a-073cb48047c6/tags => generated 17 bytes in 64 msecs (HTTP/1.1 200) 4 headers in 156 bytes (1 switches on core 0)
2026-04-23 08:55:50.069 7 INFO neutron.db.ovn_revision_numbers_db [None req-5227df44-d5c0-4ca6-a8b0-afa55bf7d51b - - - - - -] Successfully bumped revision number for resource c7f57e0d-defb-47ff-a409-8d5fb3afe15d (type: ports) to 2
2026-04-23 08:55:50.103 7 INFO neutron.db.ovn_revision_numbers_db [None req-5227df44-d5c0-4ca6-a8b0-afa55bf7d51b - - - - - -] Successfully bumped revision number for resource 2f47dd7c-9353-4715-92b4-4b575ab672c0 (type: subnets) to 0 [pid: 7|app: 0|req: 1116/2167] 10.0.0.54 () {34 vars in 667 bytes} [Thu Apr 23 08:55:49 2026] POST /v2.0/subnets => generated 688 bytes in 631 msecs (HTTP/1.1 201) 4 headers in 162 bytes (1 switches on core 0) [pid: 8|app: 0|req: 1052/2168] 10.0.0.54 () {32 vars in 738 bytes} [Thu Apr 23 08:55:49 2026] DELETE /v2.0/security-groups/866c67e0-24cf-45d8-85bc-b4087608437c => generated 0 bytes in 289 msecs (HTTP/1.1 204) 2 headers in 112 bytes (1 switches on core 0) [pid: 7|app: 0|req: 1117/2169] 10.0.0.54 () {34 vars in 765 bytes} [Thu Apr 23 08:55:50 2026] PUT /v2.0/security-groups/e99f1ba7-972b-492a-917f-107dcae4b6a5/tags => generated 25 bytes in 72 msecs (HTTP/1.1 200) 4 headers in 156 bytes (1 switches on core 0) [pid: 7|app: 0|req: 1118/2170] 10.0.0.54 () {34 vars in 765 bytes} [Thu Apr 23 08:55:50 2026] PUT /v2.0/security-groups/ab0e025c-7bbb-4391-ad7d-bc24f4466c6f/tags => generated 34 bytes in 54 msecs (HTTP/1.1 200) 4 headers in 156 bytes (1 switches on core 0) [pid: 7|app: 0|req: 1119/2171] 10.0.0.54 () {34 vars in 765 bytes} [Thu Apr 23 08:55:50 2026] PUT /v2.0/security-groups/7352b100-b4c2-480a-99cc-744ac4c72d72/tags => generated 19 bytes in 44 msecs (HTTP/1.1 200) 4 headers in 156 bytes (1 switches on core 0) [pid: 7|app: 0|req: 1120/2172] 10.0.0.54 () {32 vars in 678 bytes} [Thu Apr 23 08:55:50 2026] GET /v2.0/security-groups?tags=red => generated 4804 bytes in 40 msecs (HTTP/1.1 200) 4 headers in 158 bytes (1 switches on core 0) [pid: 7|app: 0|req: 1121/2173] 10.0.0.33 () {34 vars in 988 bytes} [Thu Apr 23 08:55:50 2026] GET /v2.0/ports?device_id=ebd70aa4-55cc-4326-bdd8-113713a130da => generated 12 bytes in 15 msecs (HTTP/1.1 200) 4 headers in 156 bytes (1 switches on core 0) [pid: 7|app: 0|req: 1122/2174] 10.0.0.54 () {32 vars in 692 bytes} [Thu Apr 23 08:55:50 2026] GET /v2.0/security-groups?tags=red%2Cblue => generated 3218 bytes in 36 msecs (HTTP/1.1 200) 4 headers in 158 bytes (1 switches on core 0) [pid: 7|app: 0|req: 1123/2175] 10.0.0.54 () {32 vars in 688 bytes} [Thu Apr 23 08:55:50 2026] GET /v2.0/security-groups?tags-any=blue => generated 3218 bytes in 51 msecs (HTTP/1.1 200) 4 headers in 158 bytes (1 switches on core 0)
2026-04-23 08:55:50.500 8 WARNING neutron.scheduler.dhcp_agent_scheduler [None req-d8aecf95-078b-41c5-9e09-6e63e88174c7 5dece4b25432459298119f750b697c7e e7e61fa6f4304864b5a247200b81799a - - default default] No more DHCP agents
2026-04-23 08:55:50.502 8 WARNING neutron.api.rpc.agentnotifiers.dhcp_rpc_agent_api [None req-d8aecf95-078b-41c5-9e09-6e63e88174c7 5dece4b25432459298119f750b697c7e e7e61fa6f4304864b5a247200b81799a - - default default] Unable to schedule network 982bf292-6ea5-4320-821c-933fc684b743: no agents available; will retry on subsequent port and subnet creation events. [pid: 7|app: 0|req: 1124/2176] 10.0.0.54 () {32 vars in 700 bytes} [Thu Apr 23 08:55:50 2026] GET /v2.0/security-groups?tags-any=red%2Cblue => generated 4804 bytes in 55 msecs (HTTP/1.1 200) 4 headers in 158 bytes (1 switches on core 0) [pid: 7|app: 0|req: 1125/2177] 10.0.0.54 () {32 vars in 686 bytes} [Thu Apr 23 08:55:50 2026] GET /v2.0/security-groups?not-tags=red => generated 6094 bytes in 41 msecs (HTTP/1.1 200) 4 headers in 158 bytes (1 switches on core 0) [pid: 7|app: 0|req: 1126/2178] 10.0.0.54 () {32 vars in 700 bytes} [Thu Apr 23 08:55:50 2026] GET /v2.0/security-groups?not-tags=red%2Cblue => generated 7680 bytes in 75 msecs (HTTP/1.1 200) 4 headers in 158 bytes (1 switches on core 0)
2026-04-23 08:55:50.683 8 INFO neutron.db.ovn_revision_numbers_db [None req-d8aecf95-078b-41c5-9e09-6e63e88174c7 5dece4b25432459298119f750b697c7e e7e61fa6f4304864b5a247200b81799a - - default default] Successfully bumped revision number for resource c9841ab1-7458-4928-806b-0252c7e9613e (type: ports) to 1 [pid: 7|app: 0|req: 1127/2179] 10.0.0.54 () {32 vars in 696 bytes} [Thu Apr 23 08:55:50 2026] GET /v2.0/security-groups?not-tags-any=blue => generated 7680 bytes in 58 msecs (HTTP/1.1 200) 4 headers in 158 bytes (1 switches on core 0) [pid: 7|app: 0|req: 1128/2180] 10.0.0.54 () {32 vars in 708 bytes} [Thu Apr 23 08:55:50 2026] GET /v2.0/security-groups?not-tags-any=red%2Cblue => generated 6094 bytes in 37 msecs (HTTP/1.1 200) 4 headers in 158 bytes (1 switches on core 0) [pid: 7|app: 0|req: 1129/2181] 10.0.0.54 () {32 vars in 738 bytes} [Thu Apr 23 08:55:50 2026] DELETE /v2.0/security-groups/2e8f3aa1-1fde-4702-880a-073cb48047c6 => generated 0 bytes in 166 msecs (HTTP/1.1 204) 2 headers in 112 bytes (1 switches on core 0) [pid: 7|app: 0|req: 1130/2182] 10.0.0.54 () {32 vars in 738 bytes} [Thu Apr 23 08:55:50 2026] DELETE /v2.0/security-groups/e99f1ba7-972b-492a-917f-107dcae4b6a5 => generated 0 bytes in 149 msecs (HTTP/1.1 204) 2 headers in 112 bytes (1 switches on core 0) [pid: 7|app: 0|req: 1131/2183] 10.0.0.54 () {32 vars in 738 bytes} [Thu Apr 23 08:55:51 2026] DELETE /v2.0/security-groups/ab0e025c-7bbb-4391-ad7d-bc24f4466c6f => generated 0 bytes in 138 msecs (HTTP/1.1 204) 2 headers in 112 bytes (1 switches on core 0) [pid: 7|app: 0|req: 1132/2184] 10.0.0.54 () {32 vars in 738 bytes} [Thu Apr 23 08:55:51 2026] DELETE /v2.0/security-groups/7352b100-b4c2-480a-99cc-744ac4c72d72 => generated 0 bytes in 138 msecs (HTTP/1.1 204) 2 headers in 112 bytes (1 switches on core 0)
2026-04-23 08:55:51.413 8 INFO neutron.plugins.ml2.drivers.ovn.mech_driver.ovsdb.commands [None req-25ac6454-eda7-49b4-8d54-c506c61b6541 - - - - - -] Schedule LRP lrp-c9841ab1-7458-4928-806b-0252c7e9613e on gateway c78329b2-e452-4dd1-a449-75a42d78bb23 with priority 1
2026-04-23 08:55:51.530 8 INFO neutron.plugins.ml2.drivers.ovn.mech_driver.ovsdb.ovsdb_monitor [None req-1d78d081-40be-45fd-add0-5c4c18ac585f - - - - - -] Router 5db1e2c9-818d-4515-9f49-09d2711c892e is bound to host instance
2026-04-23 08:55:51.609 8 INFO neutron.db.ovn_revision_numbers_db [None req-d8aecf95-078b-41c5-9e09-6e63e88174c7 5dece4b25432459298119f750b697c7e e7e61fa6f4304864b5a247200b81799a - - default default] Successfully bumped revision number for resource c9841ab1-7458-4928-806b-0252c7e9613e (type: router_ports) to 1 [pid: 7|app: 0|req: 1133/2185] 10.0.0.54 () {32 vars in 738 bytes} [Thu Apr 23 08:55:51 2026] DELETE /v2.0/security-groups/a237ad49-4747-4b5d-af7c-e4b8b48af93f => generated 0 bytes in 255 msecs (HTTP/1.1 204) 2 headers in 112 bytes (1 switches on core 0) [pid: 7|app: 0|req: 1134/2186] 10.0.0.33 () {34 vars in 988 bytes} [Thu Apr 23 08:55:51 2026] GET /v2.0/ports?device_id=ebd70aa4-55cc-4326-bdd8-113713a130da => generated 12 bytes in 15 msecs (HTTP/1.1 200) 4 headers in 156 bytes (1 switches on core 0)
2026-04-23 08:55:51.741 8 INFO neutron.db.ovn_revision_numbers_db [None req-d8aecf95-078b-41c5-9e09-6e63e88174c7 5dece4b25432459298119f750b697c7e e7e61fa6f4304864b5a247200b81799a - - default default] Successfully bumped revision number for resource 5db1e2c9-818d-4515-9f49-09d2711c892e (type: routers) to 2 [pid: 8|app: 0|req: 1053/2187] 10.0.0.54 () {34 vars in 667 bytes} [Thu Apr 23 08:55:50 2026] POST /v2.0/routers => generated 966 bytes in 1618 msecs (HTTP/1.1 201) 4 headers in 162 bytes (1 switches on core 0)
2026-04-23 08:55:52.277 7 WARNING neutron.scheduler.dhcp_agent_scheduler [None req-bd2578b1-037f-4fa4-9388-c1c1a9334da0 5dece4b25432459298119f750b697c7e e7e61fa6f4304864b5a247200b81799a - - default default] No more DHCP agents
2026-04-23 08:55:52.279 7 WARNING neutron.api.rpc.agentnotifiers.dhcp_rpc_agent_api [None req-bd2578b1-037f-4fa4-9388-c1c1a9334da0 5dece4b25432459298119f750b697c7e e7e61fa6f4304864b5a247200b81799a - - default default] Unable to schedule network dd4c145f-12b4-43fb-b8d9-59ab58994a9a: no agents available; will retry on subsequent port and subnet creation events.
2026-04-23 08:55:52.471 8 INFO neutron.db.ovn_revision_numbers_db [None req-a14fd758-5e70-44a0-9372-0ac94df561c6 - - - - - -] Successfully bumped revision number for resource c9841ab1-7458-4928-806b-0252c7e9613e (type: ports) to 4
2026-04-23 08:55:52.487 7 INFO neutron.db.ovn_revision_numbers_db [None req-bd2578b1-037f-4fa4-9388-c1c1a9334da0 5dece4b25432459298119f750b697c7e e7e61fa6f4304864b5a247200b81799a - - default default] Successfully bumped revision number for resource e959db12-c383-4b53-a43f-388a08b00e8f (type: ports) to 1 [pid: 8|app: 0|req: 1054/2188] 10.0.0.54 () {32 vars in 772 bytes} [Thu Apr 23 08:55:52 2026] GET /v2.0/security-groups?tenant_id=0f448377ffaf41b3808a528321109a9e&name=default => generated 2925 bytes in 188 msecs (HTTP/1.1 200) 4 headers in 158 bytes (1 switches on core 0)
2026-04-23 08:55:52.990 8 INFO neutron.db.ovn_revision_numbers_db [None req-a14fd758-5e70-44a0-9372-0ac94df561c6 - - - - - -] Successfully bumped revision number for resource c9841ab1-7458-4928-806b-0252c7e9613e (type: ports) to 5 [pid: 8|app: 0|req: 1055/2189] 10.0.0.54 () {32 vars in 738 bytes} [Thu Apr 23 08:55:52 2026] DELETE /v2.0/security-groups/2a127174-2085-4569-b34e-fef7ad6fb731 => generated 0 bytes in 551 msecs (HTTP/1.1 204) 2 headers in 112 bytes (1 switches on core 0)
2026-04-23 08:55:53.249 7 WARNING neutron.scheduler.dhcp_agent_scheduler [None req-bd2578b1-037f-4fa4-9388-c1c1a9334da0 5dece4b25432459298119f750b697c7e e7e61fa6f4304864b5a247200b81799a - - default default] No more DHCP agents
2026-04-23 08:55:53.250 7 WARNING neutron.api.rpc.agentnotifiers.dhcp_rpc_agent_api [None req-bd2578b1-037f-4fa4-9388-c1c1a9334da0 5dece4b25432459298119f750b697c7e e7e61fa6f4304864b5a247200b81799a - - default default] Unable to schedule network dd4c145f-12b4-43fb-b8d9-59ab58994a9a: no agents available; will retry on subsequent port and subnet creation events. [pid: 8|app: 0|req: 1056/2190] 10.0.0.54 () {32 vars in 738 bytes} [Thu Apr 23 08:55:53 2026] DELETE /v2.0/security-groups/1282cb59-ced8-49e8-9613-de7a550f202d => generated 0 bytes in 259 msecs (HTTP/1.1 204) 2 headers in 112 bytes (1 switches on core 0)
2026-04-23 08:55:53.617 8 INFO neutron.db.ovn_revision_numbers_db [None req-dd33a5d8-84b7-4445-8326-8f9bd1df5b49 5dece4b25432459298119f750b697c7e e7e61fa6f4304864b5a247200b81799a - - default default] Successfully bumped revision number for resource 47cb6c81-3826-4c9c-b1a2-61797a68c859 (type: security_groups) to 1
2026-04-23 08:55:53.628 8 INFO neutron.db.ovn_revision_numbers_db [None req-dd33a5d8-84b7-4445-8326-8f9bd1df5b49 5dece4b25432459298119f750b697c7e e7e61fa6f4304864b5a247200b81799a - - default default] Successfully bumped revision number for resource 2645606c-8cc2-48c8-8b91-f1cca8e60d13 (type: security_group_rules) to 0
