Feb 25 03:19:19.057865 np0000156875 devstack@c-api.service[112605]: DEBUG cinder.api.extensions [-] Ext name: VolumeHostAttribute {{(pid=112605) _check_extension /opt/stack/cinder/cinder/api/extensions.py:174}}
Feb 25 03:19:19.057945 np0000156875 devstack@c-api.service[112605]: DEBUG cinder.api.extensions [-] Ext alias: os-vol-host-attr {{(pid=112605) _check_extension /opt/stack/cinder/cinder/api/extensions.py:175}}
Feb 25 03:19:19.057996 np0000156875 devstack@c-api.service[112605]: DEBUG cinder.api.extensions [-] Ext description: Expose host as an attribute of a volume. {{(pid=112605) _check_extension /opt/stack/cinder/cinder/api/extensions.py:176}}
Feb 25 03:19:19.058059 np0000156875 devstack@c-api.service[112605]: DEBUG cinder.api.extensions [-] Ext updated: 2011-11-03T00:00:00+00:00 {{(pid=112605) _check_extension /opt/stack/cinder/cinder/api/extensions.py:178}}
Feb 25 03:19:19.058107 np0000156875 devstack@c-api.service[112605]: DEBUG cinder.api.extensions [-] Loaded extension: os-vol-host-attr {{(pid=112605) register /opt/stack/cinder/cinder/api/extensions.py:135}}
Feb 25 03:19:19.058195 np0000156875 devstack@c-api.service[112605]: DEBUG cinder.api.extensions [-] Loading extension cinder.api.contrib.scheduler_hints.Scheduler_hints {{(pid=112605) load_extension /opt/stack/cinder/cinder/api/extensions.py:194}}
Feb 25 03:19:19.058250 np0000156875 devstack@c-api.service[112605]: DEBUG cinder.api.extensions [-] Calling extension factory cinder.api.contrib.scheduler_hints.Scheduler_hints {{(pid=112605) load_extension /opt/stack/cinder/cinder/api/extensions.py:200}}
Feb 25 03:19:19.058311 np0000156875 devstack@c-api.service[112605]: DEBUG cinder.api.extensions [-] Ext name: SchedulerHints {{(pid=112605) _check_extension /opt/stack/cinder/cinder/api/extensions.py:174}}
Feb 25 03:19:19.058359 np0000156875 devstack@c-api.service[112605]: DEBUG cinder.api.extensions [-] Ext alias: OS-SCH-HNT {{(pid=112605) _check_extension /opt/stack/cinder/cinder/api/extensions.py:175}}
Feb 25 03:19:19.058455 np0000156875 devstack@c-api.service[112605]: DEBUG cinder.api.extensions [-] Ext description: Pass arbitrary key/value pairs to the scheduler. {{(pid=112605) _check_extension /opt/stack/cinder/cinder/api/extensions.py:176}}
Feb 25 03:19:19.058501 np0000156875 devstack@c-api.service[112605]: DEBUG cinder.api.extensions [-] Ext updated: 2013-04-18T00:00:00+00:00 {{(pid=112605) _check_extension /opt/stack/cinder/cinder/api/extensions.py:178}}
Feb 25 03:19:19.058572 np0000156875 devstack@c-api.service[112605]: DEBUG cinder.api.extensions [-] Loaded extension: OS-SCH-HNT {{(pid=112605) register /opt/stack/cinder/cinder/api/extensions.py:135}}
Feb 25 03:19:19.058656 np0000156875 devstack@c-api.service[112605]: DEBUG cinder.api.extensions [-] Loading extension cinder.api.contrib.volume_encryption_metadata.Volume_encryption_metadata {{(pid=112605) load_extension /opt/stack/cinder/cinder/api/extensions.py:194}}
Feb 25 03:19:19.058966 np0000156875 devstack@c-api.service[112605]: DEBUG cinder.api.extensions [-] Calling extension factory cinder.api.contrib.volume_encryption_metadata.Volume_encryption_metadata {{(pid=112605) load_extension /opt/stack/cinder/cinder/api/extensions.py:200}}
Feb 25 03:19:19.059035 np0000156875 devstack@c-api.service[112605]: DEBUG cinder.api.extensions [-] Ext name: VolumeEncryptionMetadata {{(pid=112605) _check_extension /opt/stack/cinder/cinder/api/extensions.py:174}}
Feb 25 03:19:19.059087 np0000156875 devstack@c-api.service[112605]: DEBUG cinder.api.extensions [-] Ext alias: os-volume-encryption-metadata {{(pid=112605) _check_extension /opt/stack/cinder/cinder/api/extensions.py:175}}
Feb 25 03:19:19.059146 np0000156875 devstack@c-api.service[112605]: DEBUG cinder.api.extensions [-] Ext description: Volume encryption metadata retrieval support. {{(pid=112605) _check_extension /opt/stack/cinder/cinder/api/extensions.py:176}}
Feb 25 03:19:19.059186 np0000156875 devstack@c-api.service[112605]: DEBUG cinder.api.extensions [-] Ext updated: 2013-07-10T00:00:00+00:00 {{(pid=112605) _check_extension /opt/stack/cinder/cinder/api/extensions.py:178}}
Feb 25 03:19:19.059269 np0000156875 devstack@c-api.service[112605]: DEBUG cinder.api.extensions [-] Loaded extension: os-volume-encryption-metadata {{(pid=112605) register /opt/stack/cinder/cinder/api/extensions.py:135}}
Feb 25 03:19:19.059330 np0000156875 devstack@c-api.service[112605]: DEBUG cinder.api.extensions [-] Loading extension cinder.api.contrib.volume_unmanage.Volume_unmanage {{(pid=112605) load_extension /opt/stack/cinder/cinder/api/extensions.py:194}}
Feb 25 03:19:19.059811 np0000156875 devstack@c-api.service[112605]: DEBUG cinder.api.extensions [-] Calling extension factory cinder.api.contrib.volume_unmanage.Volume_unmanage {{(pid=112605) load_extension /opt/stack/cinder/cinder/api/extensions.py:200}}
Feb 25 03:19:19.059904 np0000156875 devstack@c-api.service[112605]: DEBUG cinder.api.extensions [-] Ext name: VolumeUnmanage {{(pid=112605) _check_extension /opt/stack/cinder/cinder/api/extensions.py:174}}
Feb 25 03:19:19.059904 np0000156875 devstack@c-api.service[112605]: DEBUG cinder.api.extensions [-] Ext alias: os-volume-unmanage {{(pid=112605) _check_extension /opt/stack/cinder/cinder/api/extensions.py:175}}
Feb 25 03:19:19.060011 np0000156875 devstack@c-api.service[112605]: DEBUG cinder.api.extensions [-] Ext description: Enable volume unmanage operation. {{(pid=112605) _check_extension /opt/stack/cinder/cinder/api/extensions.py:176}}
Feb 25 03:19:19.060011 np0000156875 devstack@c-api.service[112605]: DEBUG cinder.api.extensions [-] Ext updated: 2012-05-31T00:00:00+00:00 {{(pid=112605) _check_extension /opt/stack/cinder/cinder/api/extensions.py:178}}
Feb 25 03:19:19.060113 np0000156875 devstack@c-api.service[112605]: DEBUG cinder.api.extensions [-] Loaded extension: os-volume-unmanage {{(pid=112605) register /opt/stack/cinder/cinder/api/extensions.py:135}}
Feb 25 03:19:19.060161 np0000156875 devstack@c-api.service[112605]: DEBUG cinder.api.extensions [-] Loading extension cinder.api.contrib.snapshot_manage.Snapshot_manage {{(pid=112605) load_extension /opt/stack/cinder/cinder/api/extensions.py:194}}
Feb 25 03:19:19.060201 np0000156875 devstack@c-api.service[112605]: DEBUG cinder.api.extensions [-] Calling extension factory cinder.api.contrib.snapshot_manage.Snapshot_manage {{(pid=112605) load_extension /opt/stack/cinder/cinder/api/extensions.py:200}}
Feb 25 03:19:19.060348 np0000156875 devstack@c-api.service[112605]: DEBUG cinder.api.extensions [-] Ext name: SnapshotManage {{(pid=112605) _check_extension /opt/stack/cinder/cinder/api/extensions.py:174}}
Feb 25 03:19:19.060403 np0000156875 devstack@c-api.service[112605]: DEBUG cinder.api.extensions [-] Ext alias: os-snapshot-manage {{(pid=112605) _check_extension /opt/stack/cinder/cinder/api/extensions.py:175}}
Feb 25 03:19:19.060445 np0000156875 devstack@c-api.service[112605]: DEBUG cinder.api.extensions [-] Ext description: Allows existing backend storage to be 'managed' by Cinder. {{(pid=112605) _check_extension /opt/stack/cinder/cinder/api/extensions.py:176}}
Feb 25 03:19:19.060532 np0000156875 devstack@c-api.service[112605]: DEBUG cinder.api.extensions [-] Ext updated: 2014-12-31T00:00:00+00:00 {{(pid=112605) _check_extension /opt/stack/cinder/cinder/api/extensions.py:178}}
Feb 25 03:19:19.060577 np0000156875 devstack@c-api.service[112605]: DEBUG cinder.api.extensions [-] Loaded extension: os-snapshot-manage {{(pid=112605) register /opt/stack/cinder/cinder/api/extensions.py:135}}
Feb 25 03:19:19.060669 np0000156875 devstack@c-api.service[112605]: DEBUG cinder.api.extensions [-] Loading extension cinder.api.contrib.used_limits.Used_limits {{(pid=112605) load_extension /opt/stack/cinder/cinder/api/extensions.py:194}}
Feb 25 03:19:19.060988 np0000156875 devstack@c-api.service[112605]: DEBUG cinder.api.extensions [-] Calling extension factory cinder.api.contrib.used_limits.Used_limits {{(pid=112605) load_extension /opt/stack/cinder/cinder/api/extensions.py:200}}
Feb 25 03:19:19.061044 np0000156875 devstack@c-api.service[112605]: DEBUG cinder.api.extensions [-] Ext name: UsedLimits {{(pid=112605) _check_extension /opt/stack/cinder/cinder/api/extensions.py:174}}
Feb 25 03:19:19.061090 np0000156875 devstack@c-api.service[112605]: DEBUG cinder.api.extensions [-] Ext alias: os-used-limits {{(pid=112605) _check_extension /opt/stack/cinder/cinder/api/extensions.py:175}}
Feb 25 03:19:19.061173 np0000156875 devstack@c-api.service[112605]: DEBUG cinder.api.extensions [-] Ext description: Provide data on limited resources that are being used. {{(pid=112605) _check_extension /opt/stack/cinder/cinder/api/extensions.py:176}}
Feb 25 03:19:19.061230 np0000156875 devstack@c-api.service[112605]: DEBUG cinder.api.extensions [-] Ext updated: 2013-10-03T00:00:00+00:00 {{(pid=112605) _check_extension /opt/stack/cinder/cinder/api/extensions.py:178}}
Feb 25 03:19:19.061274 np0000156875 devstack@c-api.service[112605]: DEBUG cinder.api.extensions [-] Loaded extension: os-used-limits {{(pid=112605) register /opt/stack/cinder/cinder/api/extensions.py:135}}
Feb 25 03:19:19.061362 np0000156875 devstack@c-api.service[112605]: DEBUG cinder.api.extensions [-] Loading extension cinder.api.contrib.types_extra_specs.Types_extra_specs {{(pid=112605) load_extension /opt/stack/cinder/cinder/api/extensions.py:194}}
Feb 25 03:19:19.061928 np0000156875 devstack@c-api.service[112605]: DEBUG cinder.api.extensions [-] Calling extension factory cinder.api.contrib.types_extra_specs.Types_extra_specs {{(pid=112605) load_extension /opt/stack/cinder/cinder/api/extensions.py:200}}
Feb 25 03:19:19.061986 np0000156875 devstack@c-api.service[112605]: DEBUG cinder.api.extensions [-] Ext name: TypesExtraSpecs {{(pid=112605) _check_extension /opt/stack/cinder/cinder/api/extensions.py:174}}
Feb 25 03:19:19.062032 np0000156875 devstack@c-api.service[112605]: DEBUG cinder.api.extensions [-] Ext alias: os-types-extra-specs {{(pid=112605) _check_extension /opt/stack/cinder/cinder/api/extensions.py:175}}
Feb 25 03:19:19.062120 np0000156875 devstack@c-api.service[112605]: DEBUG cinder.api.extensions [-] Ext description: Type extra specs support. {{(pid=112605) _check_extension /opt/stack/cinder/cinder/api/extensions.py:176}}
Feb 25 03:19:19.062172 np0000156875 devstack@c-api.service[112605]: DEBUG cinder.api.extensions [-] Ext updated: 2011-08-24T00:00:00+00:00 {{(pid=112605) _check_extension /opt/stack/cinder/cinder/api/extensions.py:178}}
Feb 25 03:19:19.062213 np0000156875 devstack@c-api.service[112605]: DEBUG cinder.api.extensions [-] Loaded extension: os-types-extra-specs {{(pid=112605) register /opt/stack/cinder/cinder/api/extensions.py:135}}
Feb 25 03:19:19.062304 np0000156875 devstack@c-api.service[112605]: DEBUG cinder.api.extensions [-] Loading extension cinder.api.contrib.snapshot_actions.Snapshot_actions {{(pid=112605) load_extension /opt/stack/cinder/cinder/api/extensions.py:194}}
Feb 25 03:19:19.062800 np0000156875 devstack@c-api.service[112605]: DEBUG cinder.api.extensions [-] Calling extension factory cinder.api.contrib.snapshot_actions.Snapshot_actions {{(pid=112605) load_extension /opt/stack/cinder/cinder/api/extensions.py:200}}
Feb 25 03:19:19.062848 np0000156875 devstack@c-api.service[112605]: DEBUG cinder.api.extensions [-] Ext name: SnapshotActions {{(pid=112605) _check_extension /opt/stack/cinder/cinder/api/extensions.py:174}}
Feb 25 03:19:19.062932 np0000156875 devstack@c-api.service[112605]: DEBUG cinder.api.extensions [-] Ext alias: os-snapshot-actions {{(pid=112605) _check_extension /opt/stack/cinder/cinder/api/extensions.py:175}}
Feb 25 03:19:19.063007 np0000156875 devstack@c-api.service[112605]: DEBUG cinder.api.extensions [-] Ext description: Enable snapshot manager actions. {{(pid=112605) _check_extension /opt/stack/cinder/cinder/api/extensions.py:176}}
Feb 25 03:19:19.063050 np0000156875 devstack@c-api.service[112605]: DEBUG cinder.api.extensions [-] Ext updated: 2013-07-16T00:00:00+00:00 {{(pid=112605) _check_extension /opt/stack/cinder/cinder/api/extensions.py:178}}
Feb 25 03:19:19.063093 np0000156875 devstack@c-api.service[112605]: DEBUG cinder.api.extensions [-] Loaded extension: os-snapshot-actions {{(pid=112605) register /opt/stack/cinder/cinder/api/extensions.py:135}}
Feb 25 03:19:19.063196 np0000156875 devstack@c-api.service[112605]: DEBUG cinder.api.extensions [-] Loading extension cinder.api.contrib.services.Services {{(pid=112605) load_extension /opt/stack/cinder/cinder/api/extensions.py:194}}
Feb 25 03:19:19.063427 np0000156875 devstack@c-api.service[112605]: DEBUG cinder.api.extensions [-] Calling extension factory cinder.api.contrib.services.Services {{(pid=112605) load_extension /opt/stack/cinder/cinder/api/extensions.py:200}}
Feb 25 03:19:19.063476 np0000156875 devstack@c-api.service[112605]: DEBUG cinder.api.extensions [-] Ext name: Services {{(pid=112605) _check_extension /opt/stack/cinder/cinder/api/extensions.py:174}}
Feb 25 03:19:19.063553 np0000156875 devstack@c-api.service[112605]: DEBUG cinder.api.extensions [-] Ext alias: os-services {{(pid=112605) _check_extension /opt/stack/cinder/cinder/api/extensions.py:175}}
Feb 25 03:19:19.063645 np0000156875 devstack@c-api.service[112605]: DEBUG cinder.api.extensions [-] Ext description: Services support. {{(pid=112605) _check_extension /opt/stack/cinder/cinder/api/extensions.py:176}}
Feb 25 03:19:19.063717 np0000156875 devstack@c-api.service[112605]: DEBUG cinder.api.extensions [-] Ext updated: 2012-10-28T00:00:00-00:00 {{(pid=112605) _check_extension /opt/stack/cinder/cinder/api/extensions.py:178}}
Feb 25 03:19:19.063804 np0000156875 devstack@c-api.service[112605]: DEBUG cinder.api.extensions [-] Loaded extension: os-services {{(pid=112605) register /opt/stack/cinder/cinder/api/extensions.py:135}}
Feb 25 03:19:19.063804 np0000156875 devstack@c-api.service[112605]: DEBUG cinder.api.extensions [-] Loading extension cinder.api.contrib.admin_actions.Admin_actions {{(pid=112605) load_extension /opt/stack/cinder/cinder/api/extensions.py:194}}
Feb 25 03:19:19.064746 np0000156875 devstack@c-api.service[112605]: DEBUG cinder.api.extensions [-] Calling extension factory cinder.api.contrib.admin_actions.Admin_actions {{(pid=112605) load_extension /opt/stack/cinder/cinder/api/extensions.py:200}}
Feb 25 03:19:19.064808 np0000156875 devstack@c-api.service[112605]: DEBUG cinder.api.extensions [-] Ext name: AdminActions {{(pid=112605) _check_extension /opt/stack/cinder/cinder/api/extensions.py:174}}
Feb 25 03:19:19.064909 np0000156875 devstack@c-api.service[112605]: DEBUG cinder.api.extensions [-] Ext alias: os-admin-actions {{(pid=112605) _check_extension /opt/stack/cinder/cinder/api/extensions.py:175}}
Feb 25 03:19:19.064909 np0000156875 devstack@c-api.service[112605]: DEBUG cinder.api.extensions [-] Ext description: Enable admin actions. {{(pid=112605) _check_extension /opt/stack/cinder/cinder/api/extensions.py:176}}
Feb 25 03:19:19.065123 np0000156875 devstack@c-api.service[112605]: DEBUG cinder.api.extensions [-] Ext updated: 2012-08-25T00:00:00+00:00 {{(pid=112605) _check_extension /opt/stack/cinder/cinder/api/extensions.py:178}}
Feb 25 03:19:19.065123 np0000156875 devstack@c-api.service[112605]: DEBUG cinder.api.extensions [-] Loaded extension: os-admin-actions {{(pid=112605) register /opt/stack/cinder/cinder/api/extensions.py:135}}
Feb 25 03:19:19.065123 np0000156875 devstack@c-api.service[112605]: DEBUG cinder.api.extensions [-] Loading extension cinder.api.contrib.volume_tenant_attribute.Volume_tenant_attribute {{(pid=112605) load_extension /opt/stack/cinder/cinder/api/extensions.py:194}}
Feb 25 03:19:19.065391 np0000156875 devstack@c-api.service[112605]: DEBUG cinder.api.extensions [-] Calling extension factory cinder.api.contrib.volume_tenant_attribute.Volume_tenant_attribute {{(pid=112605) load_extension /opt/stack/cinder/cinder/api/extensions.py:200}}
Feb 25 03:19:19.065456 np0000156875 devstack@c-api.service[112605]: DEBUG cinder.api.extensions [-] Ext name: VolumeTenantAttribute {{(pid=112605) _check_extension /opt/stack/cinder/cinder/api/extensions.py:174}}
Feb 25 03:19:19.065530 np0000156875 devstack@c-api.service[112605]: DEBUG cinder.api.extensions [-] Ext alias: os-vol-tenant-attr {{(pid=112605) _check_extension /opt/stack/cinder/cinder/api/extensions.py:175}}
Feb 25 03:19:19.065590 np0000156875 devstack@c-api.service[112605]: DEBUG cinder.api.extensions [-] Ext description: Expose the internal project_id as an attribute of a volume. {{(pid=112605) _check_extension /opt/stack/cinder/cinder/api/extensions.py:176}}
Feb 25 03:19:19.065667 np0000156875 devstack@c-api.service[112605]: DEBUG cinder.api.extensions [-] Ext updated: 2011-11-03T00:00:00+00:00 {{(pid=112605) _check_extension /opt/stack/cinder/cinder/api/extensions.py:178}}
Feb 25 03:19:19.065732 np0000156875 devstack@c-api.service[112605]: DEBUG cinder.api.extensions [-] Loaded extension: os-vol-tenant-attr {{(pid=112605) register /opt/stack/cinder/cinder/api/extensions.py:135}}
Feb 25 03:19:19.065794 np0000156875 devstack@c-api.service[112605]: DEBUG cinder.api.extensions [-] Loading extension cinder.api.contrib.snapshot_unmanage.Snapshot_unmanage {{(pid=112605) load_extension /opt/stack/cinder/cinder/api/extensions.py:194}}
Feb 25 03:19:19.066261 np0000156875 devstack@c-api.service[112605]: DEBUG cinder.api.extensions [-] Calling extension factory cinder.api.contrib.snapshot_unmanage.Snapshot_unmanage {{(pid=112605) load_extension /opt/stack/cinder/cinder/api/extensions.py:200}}
Feb 25 03:19:19.066336 np0000156875 devstack@c-api.service[112605]: DEBUG cinder.api.extensions [-] Ext name: SnapshotUnmanage {{(pid=112605) _check_extension /opt/stack/cinder/cinder/api/extensions.py:174}}
Feb 25 03:19:19.066402 np0000156875 devstack@c-api.service[112605]: DEBUG cinder.api.extensions [-] Ext alias: os-snapshot-unmanage {{(pid=112605) _check_extension /opt/stack/cinder/cinder/api/extensions.py:175}}
Feb 25 03:19:19.066488 np0000156875 devstack@c-api.service[112605]: DEBUG cinder.api.extensions [-] Ext description: Enable volume unmanage operation. {{(pid=112605) _check_extension /opt/stack/cinder/cinder/api/extensions.py:176}}
Feb 25 03:19:19.066559 np0000156875 devstack@c-api.service[112605]: DEBUG cinder.api.extensions [-] Ext updated: 2014-12-31T00:00:00+00:00 {{(pid=112605) _check_extension /opt/stack/cinder/cinder/api/extensions.py:178}}
Feb 25 03:19:19.066620 np0000156875 devstack@c-api.service[112605]: DEBUG cinder.api.extensions [-] Loaded extension: os-snapshot-unmanage {{(pid=112605) register /opt/stack/cinder/cinder/api/extensions.py:135}}
Feb 25 03:19:19.066700 np0000156875 devstack@c-api.service[112605]: DEBUG cinder.api.extensions [-] Loading extension cinder.api.contrib.volume_type_encryption.Volume_type_encryption {{(pid=112605) load_extension /opt/stack/cinder/cinder/api/extensions.py:194}}
Feb 25 03:19:19.067260 np0000156875 devstack@c-api.service[112605]: DEBUG cinder.api.extensions [-] Calling extension factory cinder.api.contrib.volume_type_encryption.Volume_type_encryption {{(pid=112605) load_extension /opt/stack/cinder/cinder/api/extensions.py:200}}
Feb 25 03:19:19.067307 np0000156875 devstack@c-api.service[112605]: DEBUG cinder.api.extensions [-] Ext name: VolumeTypeEncryption {{(pid=112605) _check_extension /opt/stack/cinder/cinder/api/extensions.py:174}}
Feb 25 03:19:19.067391 np0000156875 devstack@c-api.service[112605]: DEBUG cinder.api.extensions [-] Ext alias: encryption {{(pid=112605) _check_extension /opt/stack/cinder/cinder/api/extensions.py:175}}
Feb 25 03:19:19.067447 np0000156875 devstack@c-api.service[112605]: DEBUG cinder.api.extensions [-] Ext description: Encryption support for volume types. {{(pid=112605) _check_extension /opt/stack/cinder/cinder/api/extensions.py:176}}
Feb 25 03:19:19.067491 np0000156875 devstack@c-api.service[112605]: DEBUG cinder.api.extensions [-] Ext updated: 2013-07-01T00:00:00+00:00 {{(pid=112605) _check_extension /opt/stack/cinder/cinder/api/extensions.py:178}}
Feb 25 03:19:19.067563 np0000156875 devstack@c-api.service[112605]: DEBUG cinder.api.extensions [-] Loaded extension: encryption {{(pid=112605) register /opt/stack/cinder/cinder/api/extensions.py:135}}
Feb 25 03:19:19.067648 np0000156875 devstack@c-api.service[112605]: DEBUG cinder.api.extensions [-] Loading extension cinder.api.contrib.volume_mig_status_attribute.Volume_mig_status_attribute {{(pid=112605) load_extension /opt/stack/cinder/cinder/api/extensions.py:194}}
Feb 25 03:19:19.067952 np0000156875 devstack@c-api.service[112605]: DEBUG cinder.api.extensions [-] Calling extension factory cinder.api.contrib.volume_mig_status_attribute.Volume_mig_status_attribute {{(pid=112605) load_extension /opt/stack/cinder/cinder/api/extensions.py:200}}
Feb 25 03:19:19.068010 np0000156875 devstack@c-api.service[112605]: DEBUG cinder.api.extensions [-] Ext name: VolumeMigStatusAttribute {{(pid=112605) _check_extension /opt/stack/cinder/cinder/api/extensions.py:174}}
Feb 25 03:19:19.068073 np0000156875 devstack@c-api.service[112605]: DEBUG cinder.api.extensions [-] Ext alias: os-vol-mig-status-attr {{(pid=112605) _check_extension /opt/stack/cinder/cinder/api/extensions.py:175}}
Feb 25 03:19:19.068149 np0000156875 devstack@c-api.service[112605]: DEBUG cinder.api.extensions [-] Ext description: Expose migration_status as an attribute of a volume. {{(pid=112605) _check_extension /opt/stack/cinder/cinder/api/extensions.py:176}}
Feb 25 03:19:19.068200 np0000156875 devstack@c-api.service[112605]: DEBUG cinder.api.extensions [-] Ext updated: 2013-08-08T00:00:00+00:00 {{(pid=112605) _check_extension /opt/stack/cinder/cinder/api/extensions.py:178}}
Feb 25 03:19:19.068280 np0000156875 devstack@c-api.service[112605]: DEBUG cinder.api.extensions [-] Loaded extension: os-vol-mig-status-attr {{(pid=112605) register /opt/stack/cinder/cinder/api/extensions.py:135}}
Feb 25 03:19:19.068343 np0000156875 devstack@c-api.service[112605]: DEBUG cinder.api.extensions [-] Loading extension cinder.api.contrib.volume_actions.Volume_actions {{(pid=112605) load_extension /opt/stack/cinder/cinder/api/extensions.py:194}}
Feb 25 03:19:19.069315 np0000156875 devstack@c-api.service[112605]: DEBUG cinder.api.extensions [-] Calling extension factory cinder.api.contrib.volume_actions.Volume_actions {{(pid=112605) load_extension /opt/stack/cinder/cinder/api/extensions.py:200}}
Feb 25 03:19:19.069373 np0000156875 devstack@c-api.service[112605]: DEBUG cinder.api.extensions [-] Ext name: VolumeActions {{(pid=112605) _check_extension /opt/stack/cinder/cinder/api/extensions.py:174}}
Feb 25 03:19:19.069447 np0000156875 devstack@c-api.service[112605]: DEBUG cinder.api.extensions [-] Ext alias: os-volume-actions {{(pid=112605) _check_extension /opt/stack/cinder/cinder/api/extensions.py:175}}
Feb 25 03:19:19.069503 np0000156875 devstack@c-api.service[112605]: DEBUG cinder.api.extensions [-] Ext description: Enable volume actions. {{(pid=112605) _check_extension /opt/stack/cinder/cinder/api/extensions.py:176}}
Feb 25 03:19:19.069580 np0000156875 devstack@c-api.service[112605]: DEBUG cinder.api.extensions [-] Ext updated: 2012-05-31T00:00:00+00:00 {{(pid=112605) _check_extension /opt/stack/cinder/cinder/api/extensions.py:178}}
Feb 25 03:19:19.069638 np0000156875 devstack@c-api.service[112605]: DEBUG cinder.api.extensions [-] Loaded extension: os-volume-actions {{(pid=112605) register /opt/stack/cinder/cinder/api/extensions.py:135}}
Feb 25 03:19:19.096893 np0000156875 devstack@c-api.service[112604]: INFO dbcounter [None req-049ad167-fe62-455d-9d62-27bbcb12b692 None None] Registered counter for database cinder
Feb 25 03:19:19.097039 np0000156875 devstack@c-api.service[112603]: INFO dbcounter [None req-0785836e-964c-40f5-ba6b-031f2af95b8e None None] Registered counter for database cinder
Feb 25 03:19:19.099159 np0000156875 devstack@c-api.service[112606]: INFO dbcounter [None req-d2736096-826a-480d-ba76-4773ab51d028 None None] Registered counter for database cinder
Feb 25 03:19:19.113378 np0000156875 devstack@c-api.service[112604]: DEBUG oslo_db.sqlalchemy.engines [None req-049ad167-fe62-455d-9d62-27bbcb12b692 None None] MySQL server mode set to STRICT_TRANS_TABLES,STRICT_ALL_TABLES,NO_ZERO_IN_DATE,NO_ZERO_DATE,ERROR_FOR_DIVISION_BY_ZERO,TRADITIONAL,NO_ENGINE_SUBSTITUTION {{(pid=112604) _check_effective_sql_mode /opt/stack/data/venv/lib/python3.12/site-packages/oslo_db/sqlalchemy/engines.py:325}}
Feb 25 03:19:19.118983 np0000156875 devstack@c-api.service[112603]: DEBUG oslo_db.sqlalchemy.engines [None req-0785836e-964c-40f5-ba6b-031f2af95b8e None None] MySQL server mode set to STRICT_TRANS_TABLES,STRICT_ALL_TABLES,NO_ZERO_IN_DATE,NO_ZERO_DATE,ERROR_FOR_DIVISION_BY_ZERO,TRADITIONAL,NO_ENGINE_SUBSTITUTION {{(pid=112603) _check_effective_sql_mode /opt/stack/data/venv/lib/python3.12/site-packages/oslo_db/sqlalchemy/engines.py:325}}
Feb 25 03:19:19.122948 np0000156875 devstack@c-api.service[112605]: INFO dbcounter [None req-bac7dc8b-036c-4efd-b1dd-e3b8e99da3c1 None None] Registered counter for database cinder
Feb 25 03:19:19.126004 np0000156875 devstack@c-api.service[112606]: DEBUG oslo_db.sqlalchemy.engines [None req-d2736096-826a-480d-ba76-4773ab51d028 None None] MySQL server mode set to STRICT_TRANS_TABLES,STRICT_ALL_TABLES,NO_ZERO_IN_DATE,NO_ZERO_DATE,ERROR_FOR_DIVISION_BY_ZERO,TRADITIONAL,NO_ENGINE_SUBSTITUTION {{(pid=112606) _check_effective_sql_mode /opt/stack/data/venv/lib/python3.12/site-packages/oslo_db/sqlalchemy/engines.py:325}}
Feb 25 03:19:19.138285 np0000156875 devstack@c-api.service[112605]: DEBUG oslo_db.sqlalchemy.engines [None req-bac7dc8b-036c-4efd-b1dd-e3b8e99da3c1 None None] MySQL server mode set to STRICT_TRANS_TABLES,STRICT_ALL_TABLES,NO_ZERO_IN_DATE,NO_ZERO_DATE,ERROR_FOR_DIVISION_BY_ZERO,TRADITIONAL,NO_ENGINE_SUBSTITUTION {{(pid=112605) _check_effective_sql_mode /opt/stack/data/venv/lib/python3.12/site-packages/oslo_db/sqlalchemy/engines.py:325}}
Feb 25 03:19:19.232043 np0000156875 devstack@c-api.service[112604]: DEBUG dbcounter [-] [112604] Writer thread running {{(pid=112604) stat_writer /opt/stack/data/venv/lib/python3.12/site-packages/dbcounter.py:102}}
Feb 25 03:19:19.234634 np0000156875 devstack@c-api.service[112604]: INFO cinder.rpc [None req-049ad167-fe62-455d-9d62-27bbcb12b692 None None] Automatically selected cinder-scheduler objects version 1.39 as minimum service version.
Feb 25 03:19:19.235309 np0000156875 devstack@c-api.service[112603]: DEBUG dbcounter [-] [112603] Writer thread running {{(pid=112603) stat_writer /opt/stack/data/venv/lib/python3.12/site-packages/dbcounter.py:102}}
Feb 25 03:19:19.237247 np0000156875 devstack@c-api.service[112604]: INFO cinder.rpc [None req-049ad167-fe62-455d-9d62-27bbcb12b692 None None] Automatically selected cinder-scheduler RPC version 3.12 as minimum service version.
Feb 25 03:19:19.238097 np0000156875 devstack@c-api.service[112603]: INFO cinder.rpc [None req-0785836e-964c-40f5-ba6b-031f2af95b8e None None] Automatically selected cinder-scheduler objects version 1.39 as minimum service version.
Feb 25 03:19:19.239298 np0000156875 devstack@c-api.service[112604]: INFO cinder.rpc [None req-049ad167-fe62-455d-9d62-27bbcb12b692 None None] Automatically selected cinder-volume objects version 1.39 as minimum service version.
Feb 25 03:19:19.240728 np0000156875 devstack@c-api.service[112603]: INFO cinder.rpc [None req-0785836e-964c-40f5-ba6b-031f2af95b8e None None] Automatically selected cinder-scheduler RPC version 3.12 as minimum service version.
Feb 25 03:19:19.241226 np0000156875 devstack@c-api.service[112604]: INFO cinder.rpc [None req-049ad167-fe62-455d-9d62-27bbcb12b692 None None] Automatically selected cinder-volume RPC version 3.20 as minimum service version.
Feb 25 03:19:19.242111 np0000156875 devstack@c-api.service[112604]: WARNING castellan.key_manager.migration [None req-049ad167-fe62-455d-9d62-27bbcb12b692 None None] Using MigrationKeyManager to provide support for legacy fixed_key encryption
Feb 25 03:19:19.243416 np0000156875 devstack@c-api.service[112603]: INFO cinder.rpc [None req-0785836e-964c-40f5-ba6b-031f2af95b8e None None] Automatically selected cinder-volume objects version 1.39 as minimum service version.
Feb 25 03:19:19.243795 np0000156875 devstack@c-api.service[112604]: WARNING castellan.key_manager.migration [None req-049ad167-fe62-455d-9d62-27bbcb12b692 None None] Using MigrationKeyManager to provide support for legacy fixed_key encryption
Feb 25 03:19:19.245628 np0000156875 devstack@c-api.service[112603]: INFO cinder.rpc [None req-0785836e-964c-40f5-ba6b-031f2af95b8e None None] Automatically selected cinder-volume RPC version 3.20 as minimum service version.
Feb 25 03:19:19.246812 np0000156875 devstack@c-api.service[112603]: WARNING castellan.key_manager.migration [None req-0785836e-964c-40f5-ba6b-031f2af95b8e None None] Using MigrationKeyManager to provide support for legacy fixed_key encryption
Feb 25 03:19:19.248501 np0000156875 devstack@c-api.service[112604]: DEBUG oslo_db.sqlalchemy.engines [None req-049ad167-fe62-455d-9d62-27bbcb12b692 None None] MySQL server mode set to STRICT_TRANS_TABLES,STRICT_ALL_TABLES,NO_ZERO_IN_DATE,NO_ZERO_DATE,ERROR_FOR_DIVISION_BY_ZERO,TRADITIONAL,NO_ENGINE_SUBSTITUTION {{(pid=112604) _check_effective_sql_mode /opt/stack/data/venv/lib/python3.12/site-packages/oslo_db/sqlalchemy/engines.py:325}}
Feb 25 03:19:19.249139 np0000156875 devstack@c-api.service[112603]: WARNING castellan.key_manager.migration [None req-0785836e-964c-40f5-ba6b-031f2af95b8e None None] Using MigrationKeyManager to provide support for legacy fixed_key encryption
Feb 25 03:19:19.250530 np0000156875 devstack@c-api.service[112604]: INFO cinder.rpc [None req-049ad167-fe62-455d-9d62-27bbcb12b692 None None] Automatically selected cinder-backup objects version 1.39 as minimum service version.
Feb 25 03:19:19.252398 np0000156875 devstack@c-api.service[112604]: INFO cinder.rpc [None req-049ad167-fe62-455d-9d62-27bbcb12b692 None None] Automatically selected cinder-backup RPC version 2.4 as minimum service version.
Feb 25 03:19:19.253324 np0000156875 devstack@c-api.service[112606]: DEBUG dbcounter [-] [112606] Writer thread running {{(pid=112606) stat_writer /opt/stack/data/venv/lib/python3.12/site-packages/dbcounter.py:102}}
Feb 25 03:19:19.253454 np0000156875 devstack@c-api.service[112604]: WARNING castellan.key_manager.migration [None req-049ad167-fe62-455d-9d62-27bbcb12b692 None None] Using MigrationKeyManager to provide support for legacy fixed_key encryption
Feb 25 03:19:19.255891 np0000156875 devstack@c-api.service[112606]: INFO cinder.rpc [None req-d2736096-826a-480d-ba76-4773ab51d028 None None] Automatically selected cinder-scheduler objects version 1.39 as minimum service version.
Feb 25 03:19:19.257249 np0000156875 devstack@c-api.service[112603]: DEBUG oslo_db.sqlalchemy.engines [None req-0785836e-964c-40f5-ba6b-031f2af95b8e None None] MySQL server mode set to STRICT_TRANS_TABLES,STRICT_ALL_TABLES,NO_ZERO_IN_DATE,NO_ZERO_DATE,ERROR_FOR_DIVISION_BY_ZERO,TRADITIONAL,NO_ENGINE_SUBSTITUTION {{(pid=112603) _check_effective_sql_mode /opt/stack/data/venv/lib/python3.12/site-packages/oslo_db/sqlalchemy/engines.py:325}}
Feb 25 03:19:19.258478 np0000156875 devstack@c-api.service[112605]: DEBUG dbcounter [-] [112605] Writer thread running {{(pid=112605) stat_writer /opt/stack/data/venv/lib/python3.12/site-packages/dbcounter.py:102}}
Feb 25 03:19:19.258558 np0000156875 devstack@c-api.service[112606]: INFO cinder.rpc [None req-d2736096-826a-480d-ba76-4773ab51d028 None None] Automatically selected cinder-scheduler RPC version 3.12 as minimum service version.
Feb 25 03:19:19.259790 np0000156875 devstack@c-api.service[112603]: INFO cinder.rpc [None req-0785836e-964c-40f5-ba6b-031f2af95b8e None None] Automatically selected cinder-backup objects version 1.39 as minimum service version.
Feb 25 03:19:19.260656 np0000156875 devstack@c-api.service[112606]: INFO cinder.rpc [None req-d2736096-826a-480d-ba76-4773ab51d028 None None] Automatically selected cinder-volume objects version 1.39 as minimum service version.
Feb 25 03:19:19.261413 np0000156875 devstack@c-api.service[112605]: INFO cinder.rpc [None req-bac7dc8b-036c-4efd-b1dd-e3b8e99da3c1 None None] Automatically selected cinder-scheduler objects version 1.39 as minimum service version.
Feb 25 03:19:19.262239 np0000156875 devstack@c-api.service[112603]: INFO cinder.rpc [None req-0785836e-964c-40f5-ba6b-031f2af95b8e None None] Automatically selected cinder-backup RPC version 2.4 as minimum service version.
Feb 25 03:19:19.262559 np0000156875 devstack@c-api.service[112606]: INFO cinder.rpc [None req-d2736096-826a-480d-ba76-4773ab51d028 None None] Automatically selected cinder-volume RPC version 3.20 as minimum service version.
Feb 25 03:19:19.263426 np0000156875 devstack@c-api.service[112603]: WARNING castellan.key_manager.migration [None req-0785836e-964c-40f5-ba6b-031f2af95b8e None None] Using MigrationKeyManager to provide support for legacy fixed_key encryption
Feb 25 03:19:19.263500 np0000156875 devstack@c-api.service[112606]: WARNING castellan.key_manager.migration [None req-d2736096-826a-480d-ba76-4773ab51d028 None None] Using MigrationKeyManager to provide support for legacy fixed_key encryption
Feb 25 03:19:19.263950 np0000156875 devstack@c-api.service[112605]: INFO cinder.rpc [None req-bac7dc8b-036c-4efd-b1dd-e3b8e99da3c1 None None] Automatically selected cinder-scheduler RPC version 3.12 as minimum service version.
Feb 25 03:19:19.265699 np0000156875 devstack@c-api.service[112606]: WARNING castellan.key_manager.migration [None req-d2736096-826a-480d-ba76-4773ab51d028 None None] Using MigrationKeyManager to provide support for legacy fixed_key encryption
Feb 25 03:19:19.266076 np0000156875 devstack@c-api.service[112604]: WARNING castellan.key_manager.migration [None req-049ad167-fe62-455d-9d62-27bbcb12b692 None None] Using MigrationKeyManager to provide support for legacy fixed_key encryption
Feb 25 03:19:19.266557 np0000156875 devstack@c-api.service[112605]: INFO cinder.rpc [None req-bac7dc8b-036c-4efd-b1dd-e3b8e99da3c1 None None] Automatically selected cinder-volume objects version 1.39 as minimum service version.
Feb 25 03:19:19.269072 np0000156875 devstack@c-api.service[112605]: INFO cinder.rpc [None req-bac7dc8b-036c-4efd-b1dd-e3b8e99da3c1 None None] Automatically selected cinder-volume RPC version 3.20 as minimum service version.
Feb 25 03:19:19.269312 np0000156875 devstack@c-api.service[112604]: WARNING castellan.key_manager.migration [None req-049ad167-fe62-455d-9d62-27bbcb12b692 None None] Using MigrationKeyManager to provide support for legacy fixed_key encryption
Feb 25 03:19:19.270296 np0000156875 devstack@c-api.service[112605]: WARNING castellan.key_manager.migration [None req-bac7dc8b-036c-4efd-b1dd-e3b8e99da3c1 None None] Using MigrationKeyManager to provide support for legacy fixed_key encryption
Feb 25 03:19:19.271989 np0000156875 devstack@c-api.service[112606]: DEBUG oslo_db.sqlalchemy.engines [None req-d2736096-826a-480d-ba76-4773ab51d028 None None] MySQL server mode set to STRICT_TRANS_TABLES,STRICT_ALL_TABLES,NO_ZERO_IN_DATE,NO_ZERO_DATE,ERROR_FOR_DIVISION_BY_ZERO,TRADITIONAL,NO_ENGINE_SUBSTITUTION {{(pid=112606) _check_effective_sql_mode /opt/stack/data/venv/lib/python3.12/site-packages/oslo_db/sqlalchemy/engines.py:325}}
Feb 25 03:19:19.272681 np0000156875 devstack@c-api.service[112604]: WARNING castellan.key_manager.migration [None req-049ad167-fe62-455d-9d62-27bbcb12b692 None None] Using MigrationKeyManager to provide support for legacy fixed_key encryption
Feb 25 03:19:19.272797 np0000156875 devstack@c-api.service[112605]: WARNING castellan.key_manager.migration [None req-bac7dc8b-036c-4efd-b1dd-e3b8e99da3c1 None None] Using MigrationKeyManager to provide support for legacy fixed_key encryption
Feb 25 03:19:19.273303 np0000156875 devstack@c-api.service[112603]: WARNING castellan.key_manager.migration [None req-0785836e-964c-40f5-ba6b-031f2af95b8e None None] Using MigrationKeyManager to provide support for legacy fixed_key encryption
Feb 25 03:19:19.274079 np0000156875 devstack@c-api.service[112606]: INFO cinder.rpc [None req-d2736096-826a-480d-ba76-4773ab51d028 None None] Automatically selected cinder-backup objects version 1.39 as minimum service version.
Feb 25 03:19:19.276011 np0000156875 devstack@c-api.service[112606]: INFO cinder.rpc [None req-d2736096-826a-480d-ba76-4773ab51d028 None None] Automatically selected cinder-backup RPC version 2.4 as minimum service version.
Feb 25 03:19:19.276893 np0000156875 devstack@c-api.service[112606]: WARNING castellan.key_manager.migration [None req-d2736096-826a-480d-ba76-4773ab51d028 None None] Using MigrationKeyManager to provide support for legacy fixed_key encryption
Feb 25 03:19:19.277277 np0000156875 devstack@c-api.service[112603]: WARNING castellan.key_manager.migration [None req-0785836e-964c-40f5-ba6b-031f2af95b8e None None] Using MigrationKeyManager to provide support for legacy fixed_key encryption
Feb 25 03:19:19.277353 np0000156875 devstack@c-api.service[112604]: WARNING castellan.key_manager.migration [None req-049ad167-fe62-455d-9d62-27bbcb12b692 None None] Using MigrationKeyManager to provide support for legacy fixed_key encryption
Feb 25 03:19:19.277573 np0000156875 devstack@c-api.service[112605]: DEBUG oslo_db.sqlalchemy.engines [None req-bac7dc8b-036c-4efd-b1dd-e3b8e99da3c1 None None] MySQL server mode set to STRICT_TRANS_TABLES,STRICT_ALL_TABLES,NO_ZERO_IN_DATE,NO_ZERO_DATE,ERROR_FOR_DIVISION_BY_ZERO,TRADITIONAL,NO_ENGINE_SUBSTITUTION {{(pid=112605) _check_effective_sql_mode /opt/stack/data/venv/lib/python3.12/site-packages/oslo_db/sqlalchemy/engines.py:325}}
Feb 25 03:19:19.279593 np0000156875 devstack@c-api.service[112605]: INFO cinder.rpc [None req-bac7dc8b-036c-4efd-b1dd-e3b8e99da3c1 None None] Automatically selected cinder-backup objects version 1.39 as minimum service version.
Feb 25 03:19:19.280391 np0000156875 devstack@c-api.service[112604]: WARNING castellan.key_manager.migration [None req-049ad167-fe62-455d-9d62-27bbcb12b692 None None] Using MigrationKeyManager to provide support for legacy fixed_key encryption
Feb 25 03:19:19.281353 np0000156875 devstack@c-api.service[112605]: INFO cinder.rpc [None req-bac7dc8b-036c-4efd-b1dd-e3b8e99da3c1 None None] Automatically selected cinder-backup RPC version 2.4 as minimum service version.
Feb 25 03:19:19.282215 np0000156875 devstack@c-api.service[112605]: WARNING castellan.key_manager.migration [None req-bac7dc8b-036c-4efd-b1dd-e3b8e99da3c1 None None] Using MigrationKeyManager to provide support for legacy fixed_key encryption
Feb 25 03:19:19.282280 np0000156875 devstack@c-api.service[112603]: WARNING castellan.key_manager.migration [None req-0785836e-964c-40f5-ba6b-031f2af95b8e None None] Using MigrationKeyManager to provide support for legacy fixed_key encryption
Feb 25 03:19:19.283348 np0000156875 devstack@c-api.service[112604]: WARNING castellan.key_manager.migration [None req-049ad167-fe62-455d-9d62-27bbcb12b692 None None] Using MigrationKeyManager to provide support for legacy fixed_key encryption
Feb 25 03:19:19.286504 np0000156875 devstack@c-api.service[112603]: WARNING castellan.key_manager.migration [None req-0785836e-964c-40f5-ba6b-031f2af95b8e None None] Using MigrationKeyManager to provide support for legacy fixed_key encryption
Feb 25 03:19:19.287638 np0000156875 devstack@c-api.service[112604]: WARNING castellan.key_manager.migration [None req-049ad167-fe62-455d-9d62-27bbcb12b692 None None] Using MigrationKeyManager to provide support for legacy fixed_key encryption
Feb 25 03:19:19.289632 np0000156875 devstack@c-api.service[112603]: WARNING castellan.key_manager.migration [None req-0785836e-964c-40f5-ba6b-031f2af95b8e None None] Using MigrationKeyManager to provide support for legacy fixed_key encryption
Feb 25 03:19:19.290294 np0000156875 devstack@c-api.service[112606]: WARNING castellan.key_manager.migration [None req-d2736096-826a-480d-ba76-4773ab51d028 None None] Using MigrationKeyManager to provide support for legacy fixed_key encryption
Feb 25 03:19:19.290517 np0000156875 devstack@c-api.service[112604]: WARNING castellan.key_manager.migration [None req-049ad167-fe62-455d-9d62-27bbcb12b692 None None] Using MigrationKeyManager to provide support for legacy fixed_key encryption
Feb 25 03:19:19.292702 np0000156875 devstack@c-api.service[112603]: WARNING castellan.key_manager.migration [None req-0785836e-964c-40f5-ba6b-031f2af95b8e None None] Using MigrationKeyManager to provide support for legacy fixed_key encryption
Feb 25 03:19:19.293476 np0000156875 devstack@c-api.service[112604]: WARNING castellan.key_manager.migration [None req-049ad167-fe62-455d-9d62-27bbcb12b692 None None] Using MigrationKeyManager to provide support for legacy fixed_key encryption
Feb 25 03:19:19.293700 np0000156875 devstack@c-api.service[112606]: WARNING castellan.key_manager.migration [None req-d2736096-826a-480d-ba76-4773ab51d028 None None] Using MigrationKeyManager to provide support for legacy fixed_key encryption
Feb 25 03:19:19.294410 np0000156875 devstack@c-api.service[112605]: WARNING castellan.key_manager.migration [None req-bac7dc8b-036c-4efd-b1dd-e3b8e99da3c1 None None] Using MigrationKeyManager to provide support for legacy fixed_key encryption
Feb 25 03:19:19.295000 np0000156875 devstack@c-api.service[112604]: WARNING castellan.key_manager.migration [None req-049ad167-fe62-455d-9d62-27bbcb12b692 None None] Using MigrationKeyManager to provide support for legacy fixed_key encryption
Feb 25 03:19:19.295786 np0000156875 devstack@c-api.service[112603]: WARNING castellan.key_manager.migration [None req-0785836e-964c-40f5-ba6b-031f2af95b8e None None] Using MigrationKeyManager to provide support for legacy fixed_key encryption
Feb 25 03:19:19.296908 np0000156875 devstack@c-api.service[112606]: WARNING castellan.key_manager.migration [None req-d2736096-826a-480d-ba76-4773ab51d028 None None] Using MigrationKeyManager to provide support for legacy fixed_key encryption
Feb 25 03:19:19.297651 np0000156875 devstack@c-api.service[112605]: WARNING castellan.key_manager.migration [None req-bac7dc8b-036c-4efd-b1dd-e3b8e99da3c1 None None] Using MigrationKeyManager to provide support for legacy fixed_key encryption
Feb 25 03:19:19.297895 np0000156875 devstack@c-api.service[112604]: WARNING castellan.key_manager.migration [None req-049ad167-fe62-455d-9d62-27bbcb12b692 None None] Using MigrationKeyManager to provide support for legacy fixed_key encryption
Feb 25 03:19:19.298696 np0000156875 devstack@c-api.service[112603]: WARNING castellan.key_manager.migration [None req-0785836e-964c-40f5-ba6b-031f2af95b8e None None] Using MigrationKeyManager to provide support for legacy fixed_key encryption
Feb 25 03:19:19.301068 np0000156875 devstack@c-api.service[112606]: WARNING castellan.key_manager.migration [None req-d2736096-826a-480d-ba76-4773ab51d028 None None] Using MigrationKeyManager to provide support for legacy fixed_key encryption
Feb 25 03:19:19.301852 np0000156875 devstack@c-api.service[112603]: WARNING castellan.key_manager.migration [None req-0785836e-964c-40f5-ba6b-031f2af95b8e None None] Using MigrationKeyManager to provide support for legacy fixed_key encryption
Feb 25 03:19:19.302457 np0000156875 devstack@c-api.service[112605]: WARNING castellan.key_manager.migration [None req-bac7dc8b-036c-4efd-b1dd-e3b8e99da3c1 None None] Using MigrationKeyManager to provide support for legacy fixed_key encryption
Feb 25 03:19:19.303410 np0000156875 devstack@c-api.service[112603]: WARNING castellan.key_manager.migration [None req-0785836e-964c-40f5-ba6b-031f2af95b8e None None] Using MigrationKeyManager to provide support for legacy fixed_key encryption
Feb 25 03:19:19.303698 np0000156875 devstack@c-api.service[112604]: WARNING castellan.key_manager.migration [None req-049ad167-fe62-455d-9d62-27bbcb12b692 None None] Using MigrationKeyManager to provide support for legacy fixed_key encryption
Feb 25 03:19:19.305407 np0000156875 devstack@c-api.service[112606]: WARNING castellan.key_manager.migration [None req-d2736096-826a-480d-ba76-4773ab51d028 None None] Using MigrationKeyManager to provide support for legacy fixed_key encryption
Feb 25 03:19:19.306104 np0000156875 devstack@c-api.service[112603]: WARNING castellan.key_manager.migration [None req-0785836e-964c-40f5-ba6b-031f2af95b8e None None] Using MigrationKeyManager to provide support for legacy fixed_key encryption
Feb 25 03:19:19.306663 np0000156875 devstack@c-api.service[112605]: WARNING castellan.key_manager.migration [None req-bac7dc8b-036c-4efd-b1dd-e3b8e99da3c1 None None] Using MigrationKeyManager to provide support for legacy fixed_key encryption
Feb 25 03:19:19.307414 np0000156875 devstack@c-api.service[112604]: WARNING castellan.key_manager.migration [None req-049ad167-fe62-455d-9d62-27bbcb12b692 None None] Using MigrationKeyManager to provide support for legacy fixed_key encryption
Feb 25 03:19:19.308625 np0000156875 devstack@c-api.service[112606]: WARNING castellan.key_manager.migration [None req-d2736096-826a-480d-ba76-4773ab51d028 None None] Using MigrationKeyManager to provide support for legacy fixed_key encryption
Feb 25 03:19:19.309277 np0000156875 devstack@c-api.service[112604]: WARNING cinder.api.contrib.hosts [None req-049ad167-fe62-455d-9d62-27bbcb12b692 None None] Deprecated: The Host API is deprecated and will be be removed in a future version.
Feb 25 03:19:19.309909 np0000156875 devstack@c-api.service[112605]: WARNING castellan.key_manager.migration [None req-bac7dc8b-036c-4efd-b1dd-e3b8e99da3c1 None None] Using MigrationKeyManager to provide support for legacy fixed_key encryption
Feb 25 03:19:19.310086 np0000156875 devstack@c-api.service[112604]: WARNING castellan.key_manager.migration [None req-049ad167-fe62-455d-9d62-27bbcb12b692 None None] Using MigrationKeyManager to provide support for legacy fixed_key encryption
Feb 25 03:19:19.311714 np0000156875 devstack@c-api.service[112604]: WARNING castellan.key_manager.migration [None req-049ad167-fe62-455d-9d62-27bbcb12b692 None None] Using MigrationKeyManager to provide support for legacy fixed_key encryption
Feb 25 03:19:19.311791 np0000156875 devstack@c-api.service[112606]: WARNING castellan.key_manager.migration [None req-d2736096-826a-480d-ba76-4773ab51d028 None None] Using MigrationKeyManager to provide support for legacy fixed_key encryption
Feb 25 03:19:19.312062 np0000156875 devstack@c-api.service[112603]: WARNING castellan.key_manager.migration [None req-0785836e-964c-40f5-ba6b-031f2af95b8e None None] Using MigrationKeyManager to provide support for legacy fixed_key encryption
Feb 25 03:19:19.313150 np0000156875 devstack@c-api.service[112605]: WARNING castellan.key_manager.migration [None req-bac7dc8b-036c-4efd-b1dd-e3b8e99da3c1 None None] Using MigrationKeyManager to provide support for legacy fixed_key encryption
Feb 25 03:19:19.313408 np0000156875 devstack@c-api.service[112604]: WARNING castellan.key_manager.migration [None req-049ad167-fe62-455d-9d62-27bbcb12b692 None None] Using MigrationKeyManager to provide support for legacy fixed_key encryption
Feb 25 03:19:19.314788 np0000156875 devstack@c-api.service[112606]: WARNING castellan.key_manager.migration [None req-d2736096-826a-480d-ba76-4773ab51d028 None None] Using MigrationKeyManager to provide support for legacy fixed_key encryption
Feb 25 03:19:19.314989 np0000156875 devstack@c-api.service[112604]: WARNING castellan.key_manager.migration [None req-049ad167-fe62-455d-9d62-27bbcb12b692 None None] Using MigrationKeyManager to provide support for legacy fixed_key encryption
Feb 25 03:19:19.315496 np0000156875 devstack@c-api.service[112603]: WARNING castellan.key_manager.migration [None req-0785836e-964c-40f5-ba6b-031f2af95b8e None None] Using MigrationKeyManager to provide support for legacy fixed_key encryption
Feb 25 03:19:19.316302 np0000156875 devstack@c-api.service[112605]: WARNING castellan.key_manager.migration [None req-bac7dc8b-036c-4efd-b1dd-e3b8e99da3c1 None None] Using MigrationKeyManager to provide support for legacy fixed_key encryption
Feb 25 03:19:19.316543 np0000156875 devstack@c-api.service[112604]: WARNING castellan.key_manager.migration [None req-049ad167-fe62-455d-9d62-27bbcb12b692 None None] Using MigrationKeyManager to provide support for legacy fixed_key encryption
Feb 25 03:19:19.317310 np0000156875 devstack@c-api.service[112603]: WARNING cinder.api.contrib.hosts [None req-0785836e-964c-40f5-ba6b-031f2af95b8e None None] Deprecated: The Host API is deprecated and will be be removed in a future version.
Feb 25 03:19:19.317819 np0000156875 devstack@c-api.service[112606]: WARNING castellan.key_manager.migration [None req-d2736096-826a-480d-ba76-4773ab51d028 None None] Using MigrationKeyManager to provide support for legacy fixed_key encryption
Feb 25 03:19:19.317987 np0000156875 devstack@c-api.service[112604]: WARNING castellan.key_manager.migration [None req-049ad167-fe62-455d-9d62-27bbcb12b692 None None] Using MigrationKeyManager to provide support for legacy fixed_key encryption
Feb 25 03:19:19.318169 np0000156875 devstack@c-api.service[112603]: WARNING castellan.key_manager.migration [None req-0785836e-964c-40f5-ba6b-031f2af95b8e None None] Using MigrationKeyManager to provide support for legacy fixed_key encryption
Feb 25 03:19:19.319178 np0000156875 devstack@c-api.service[112605]: WARNING castellan.key_manager.migration [None req-bac7dc8b-036c-4efd-b1dd-e3b8e99da3c1 None None] Using MigrationKeyManager to provide support for legacy fixed_key encryption
Feb 25 03:19:19.319330 np0000156875 devstack@c-api.service[112606]: WARNING castellan.key_manager.migration [None req-d2736096-826a-480d-ba76-4773ab51d028 None None] Using MigrationKeyManager to provide support for legacy fixed_key encryption
