Feb 25 03:18:58.770065 np0000156875 systemd[1]: Starting devstack@n-api-meta.service - Devstack devstack@n-api-meta.service...
Feb 25 03:18:58.778080 np0000156875 devstack@n-api-meta.service[108467]: [uWSGI] getting INI configuration from /etc/nova/nova-metadata-uwsgi.ini
Feb 25 03:18:58.778813 np0000156875 devstack@n-api-meta.service[108467]: open("./http_plugin.so"): No such file or directory [core/utils.c line 3709]
Feb 25 03:18:58.778813 np0000156875 devstack@n-api-meta.service[108467]: !!! UNABLE to load uWSGI plugin: ./http_plugin.so: cannot open shared object file: No such file or directory !!!
Feb 25 03:18:58.778813 np0000156875 devstack@n-api-meta.service[108467]: open("./python3_plugin.so"): No such file or directory [core/utils.c line 3709]
Feb 25 03:18:58.778813 np0000156875 devstack@n-api-meta.service[108467]: !!! UNABLE to load uWSGI plugin: ./python3_plugin.so: cannot open shared object file: No such file or directory !!!
Feb 25 03:18:58.778813 np0000156875 devstack@n-api-meta.service[108467]: *** Starting uWSGI 2.0.31 (64bit) on [Wed Feb 25 03:18:58 2026] ***
Feb 25 03:18:58.778813 np0000156875 devstack@n-api-meta.service[108467]: compiled with version: 13.3.0 on 25 February 2026 03:08:10
Feb 25 03:18:58.778813 np0000156875 devstack@n-api-meta.service[108467]: os: Linux-6.8.0-100-generic #100-Ubuntu SMP PREEMPT_DYNAMIC Tue Jan 13 16:40:06 UTC 2026
Feb 25 03:18:58.778813 np0000156875 devstack@n-api-meta.service[108467]: nodename: np0000156875
Feb 25 03:18:58.778813 np0000156875 devstack@n-api-meta.service[108467]: machine: x86_64
Feb 25 03:18:58.778813 np0000156875 devstack@n-api-meta.service[108467]: clock source: unix
Feb 25 03:18:58.778813 np0000156875 devstack@n-api-meta.service[108467]: pcre jit disabled
Feb 25 03:18:58.778813 np0000156875 devstack@n-api-meta.service[108467]: detected number of CPU cores: 16
Feb 25 03:18:58.778813 np0000156875 devstack@n-api-meta.service[108467]: current working directory: /
Feb 25 03:18:58.778813 np0000156875 devstack@n-api-meta.service[108467]: detected binary path: /opt/stack/data/venv/bin/uwsgi
Feb 25 03:18:58.778813 np0000156875 devstack@n-api-meta.service[108467]: your processes number limit is 256923
Feb 25 03:18:58.778813 np0000156875 devstack@n-api-meta.service[108467]: your memory page size is 4096 bytes
Feb 25 03:18:58.778813 np0000156875 devstack@n-api-meta.service[108467]: detected max file descriptor number: 2048
Feb 25 03:18:58.778813 np0000156875 devstack@n-api-meta.service[108467]: lock engine: pthread robust mutexes
Feb 25 03:18:58.778813 np0000156875 devstack@n-api-meta.service[108467]: thunder lock: enabled
Feb 25 03:18:58.779905 np0000156875 devstack@n-api-meta.service[108467]: uWSGI http bound on 0.0.0.0:8775 fd 5
Feb 25 03:18:58.779905 np0000156875 devstack@n-api-meta.service[108467]: uwsgi socket 0 bound to TCP address 127.0.0.1:36891 (port auto-assigned) fd 4
Feb 25 03:18:58.779905 np0000156875 devstack@n-api-meta.service[108467]: Python version: 3.12.3 (main, Jan 22 2026, 20:57:42) [GCC 13.3.0]
Feb 25 03:18:58.779905 np0000156875 devstack@n-api-meta.service[108467]: PEP 405 virtualenv detected: /opt/stack/data/venv
Feb 25 03:18:58.779905 np0000156875 devstack@n-api-meta.service[108467]: Set PythonHome to /opt/stack/data/venv
Feb 25 03:18:58.817133 np0000156875 devstack@n-api-meta.service[108467]: Python main interpreter initialized at 0x73a56aca3668
Feb 25 03:18:58.817133 np0000156875 devstack@n-api-meta.service[108467]: python threads support enabled
Feb 25 03:18:58.817133 np0000156875 devstack@n-api-meta.service[108467]: your server socket listen backlog is limited to 100 connections
Feb 25 03:18:58.817133 np0000156875 devstack@n-api-meta.service[108467]: your mercy for graceful operations on workers is 80 seconds
Feb 25 03:18:58.817711 np0000156875 devstack@n-api-meta.service[108467]: mapped 671795 bytes (656 KB) for 4 cores
Feb 25 03:18:58.817856 np0000156875 devstack@n-api-meta.service[108467]: *** Operational MODE: preforking ***
Feb 25 03:18:58.818112 np0000156875 devstack@n-api-meta.service[108467]: *** uWSGI is running in multiple interpreter mode ***
Feb 25 03:18:58.818112 np0000156875 devstack@n-api-meta.service[108467]: spawned uWSGI master process (pid: 108467)
Feb 25 03:18:58.818318 np0000156875 systemd[1]: Started devstack@n-api-meta.service - Devstack devstack@n-api-meta.service.
Feb 25 03:18:58.819002 np0000156875 devstack@n-api-meta.service[108467]: spawned uWSGI worker 1 (pid: 108468, cores: 1)
Feb 25 03:18:58.819506 np0000156875 devstack@n-api-meta.service[108467]: spawned uWSGI worker 2 (pid: 108469, cores: 1)
Feb 25 03:18:58.820073 np0000156875 devstack@n-api-meta.service[108467]: spawned uWSGI worker 3 (pid: 108470, cores: 1)
Feb 25 03:18:58.820808 np0000156875 devstack@n-api-meta.service[108467]: spawned uWSGI worker 4 (pid: 108471, cores: 1)
Feb 25 03:18:58.821442 np0000156875 devstack@n-api-meta.service[108467]: spawned uWSGI http 1 (pid: 108472)
Feb 25 03:18:58.821442 np0000156875 devstack@n-api-meta.service[108467]: running "unix_signal:15 gracefully_kill_them_all" (master-start)...
Feb 25 03:18:59.171318 np0000156875 devstack@n-api-meta.service[108471]: Service is starting with native threading. This is currently experimental. Do not use it in production without first testing it in pre-production.
Feb 25 03:18:59.195146 np0000156875 devstack@n-api-meta.service[108468]: Service is starting with native threading. This is currently experimental. Do not use it in production without first testing it in pre-production.
Feb 25 03:18:59.212560 np0000156875 devstack@n-api-meta.service[108469]: Service is starting with native threading. This is currently experimental. Do not use it in production without first testing it in pre-production.
Feb 25 03:18:59.234692 np0000156875 devstack@n-api-meta.service[108470]: Service is starting with native threading. This is currently experimental. Do not use it in production without first testing it in pre-production.
Feb 25 03:19:00.599675 np0000156875 devstack@n-api-meta.service[108471]: INFO dbcounter [None req-07e7249a-42ab-4a13-b562-f62ebc487eb2 None None] Registered counter for database nova_api
Feb 25 03:19:00.618296 np0000156875 devstack@n-api-meta.service[108471]: DEBUG oslo_db.sqlalchemy.engines [None req-07e7249a-42ab-4a13-b562-f62ebc487eb2 None None] MySQL server mode set to STRICT_TRANS_TABLES,STRICT_ALL_TABLES,NO_ZERO_IN_DATE,NO_ZERO_DATE,ERROR_FOR_DIVISION_BY_ZERO,TRADITIONAL,NO_ENGINE_SUBSTITUTION {{(pid=108471) _check_effective_sql_mode /opt/stack/data/venv/lib/python3.12/site-packages/oslo_db/sqlalchemy/engines.py:325}}
Feb 25 03:19:00.653003 np0000156875 devstack@n-api-meta.service[108468]: INFO dbcounter [None req-5520d108-3977-4a84-a92b-f431f71814c6 None None] Registered counter for database nova_api
Feb 25 03:19:00.653450 np0000156875 devstack@n-api-meta.service[108469]: INFO dbcounter [None req-09750ccc-fefd-4c58-bae5-81846552a20d None None] Registered counter for database nova_api
Feb 25 03:19:00.656895 np0000156875 devstack@n-api-meta.service[108471]: DEBUG dbcounter [-] [108471] Writer thread running {{(pid=108471) stat_writer /opt/stack/data/venv/lib/python3.12/site-packages/dbcounter.py:102}}
Feb 25 03:19:00.660005 np0000156875 devstack@n-api-meta.service[108471]: DEBUG nova.context [None req-07e7249a-42ab-4a13-b562-f62ebc487eb2 None None] Found 2 cells: 00000000-0000-0000-0000-000000000000(cell0),dd430199-78cb-46b0-ade6-94c6ead13924(cell1) {{(pid=108471) load_cells /opt/stack/nova/nova/context.py:509}}
Feb 25 03:19:00.660252 np0000156875 devstack@n-api-meta.service[108471]: INFO nova.utils [None req-07e7249a-42ab-4a13-b562-f62ebc487eb2 None None] The cell worker thread pool MainProcess.cell_worker is initialized
Feb 25 03:19:00.662845 np0000156875 devstack@n-api-meta.service[108471]: DEBUG oslo_concurrency.lockutils [None req-07e7249a-42ab-4a13-b562-f62ebc487eb2 None None] Acquiring lock "00000000-0000-0000-0000-000000000000" by "nova.context.set_target_cell..get_or_set_cached_cell_and_set_connections" {{(pid=108471) inner /opt/stack/data/venv/lib/python3.12/site-packages/oslo_concurrency/lockutils.py:506}}
Feb 25 03:19:00.663060 np0000156875 devstack@n-api-meta.service[108471]: DEBUG oslo_concurrency.lockutils [None req-07e7249a-42ab-4a13-b562-f62ebc487eb2 None None] Lock "00000000-0000-0000-0000-000000000000" acquired by "nova.context.set_target_cell..get_or_set_cached_cell_and_set_connections" :: waited 0.000s {{(pid=108471) inner /opt/stack/data/venv/lib/python3.12/site-packages/oslo_concurrency/lockutils.py:519}}
Feb 25 03:19:00.663574 np0000156875 devstack@n-api-meta.service[108471]: DEBUG oslo_concurrency.lockutils [None req-07e7249a-42ab-4a13-b562-f62ebc487eb2 None None] Lock "00000000-0000-0000-0000-000000000000" "released" by "nova.context.set_target_cell..get_or_set_cached_cell_and_set_connections" :: held 0.001s {{(pid=108471) inner /opt/stack/data/venv/lib/python3.12/site-packages/oslo_concurrency/lockutils.py:538}}
Feb 25 03:19:00.664526 np0000156875 devstack@n-api-meta.service[108471]: DEBUG oslo_concurrency.lockutils [None req-07e7249a-42ab-4a13-b562-f62ebc487eb2 None None] Acquiring lock "dd430199-78cb-46b0-ade6-94c6ead13924" by "nova.context.set_target_cell..get_or_set_cached_cell_and_set_connections" {{(pid=108471) inner /opt/stack/data/venv/lib/python3.12/site-packages/oslo_concurrency/lockutils.py:506}}
Feb 25 03:19:00.664745 np0000156875 devstack@n-api-meta.service[108471]: DEBUG oslo_concurrency.lockutils [None req-07e7249a-42ab-4a13-b562-f62ebc487eb2 None None] Lock "dd430199-78cb-46b0-ade6-94c6ead13924" acquired by "nova.context.set_target_cell..get_or_set_cached_cell_and_set_connections" :: waited 0.000s {{(pid=108471) inner /opt/stack/data/venv/lib/python3.12/site-packages/oslo_concurrency/lockutils.py:519}}
Feb 25 03:19:00.665940 np0000156875 devstack@n-api-meta.service[108471]: DEBUG oslo_concurrency.lockutils [None req-07e7249a-42ab-4a13-b562-f62ebc487eb2 None None] Lock "dd430199-78cb-46b0-ade6-94c6ead13924" "released" by "nova.context.set_target_cell..get_or_set_cached_cell_and_set_connections" :: held 0.001s {{(pid=108471) inner /opt/stack/data/venv/lib/python3.12/site-packages/oslo_concurrency/lockutils.py:538}}
Feb 25 03:19:00.669652 np0000156875 devstack@n-api-meta.service[108471]: INFO dbcounter [None req-07e7249a-42ab-4a13-b562-f62ebc487eb2 None None] Registered counter for database nova_cell0
Feb 25 03:19:00.671292 np0000156875 devstack@n-api-meta.service[108469]: DEBUG oslo_db.sqlalchemy.engines [None req-09750ccc-fefd-4c58-bae5-81846552a20d None None] MySQL server mode set to STRICT_TRANS_TABLES,STRICT_ALL_TABLES,NO_ZERO_IN_DATE,NO_ZERO_DATE,ERROR_FOR_DIVISION_BY_ZERO,TRADITIONAL,NO_ENGINE_SUBSTITUTION {{(pid=108469) _check_effective_sql_mode /opt/stack/data/venv/lib/python3.12/site-packages/oslo_db/sqlalchemy/engines.py:325}}
Feb 25 03:19:00.676029 np0000156875 devstack@n-api-meta.service[108471]: INFO dbcounter [None req-07e7249a-42ab-4a13-b562-f62ebc487eb2 None None] Registered counter for database nova_cell1
Feb 25 03:19:00.677792 np0000156875 devstack@n-api-meta.service[108468]: DEBUG oslo_db.sqlalchemy.engines [None req-5520d108-3977-4a84-a92b-f431f71814c6 None None] MySQL server mode set to STRICT_TRANS_TABLES,STRICT_ALL_TABLES,NO_ZERO_IN_DATE,NO_ZERO_DATE,ERROR_FOR_DIVISION_BY_ZERO,TRADITIONAL,NO_ENGINE_SUBSTITUTION {{(pid=108468) _check_effective_sql_mode /opt/stack/data/venv/lib/python3.12/site-packages/oslo_db/sqlalchemy/engines.py:325}}
Feb 25 03:19:00.688524 np0000156875 devstack@n-api-meta.service[108471]: DEBUG oslo_db.sqlalchemy.engines [None req-07e7249a-42ab-4a13-b562-f62ebc487eb2 None None] MySQL server mode set to STRICT_TRANS_TABLES,STRICT_ALL_TABLES,NO_ZERO_IN_DATE,NO_ZERO_DATE,ERROR_FOR_DIVISION_BY_ZERO,TRADITIONAL,NO_ENGINE_SUBSTITUTION {{(pid=108471) _check_effective_sql_mode /opt/stack/data/venv/lib/python3.12/site-packages/oslo_db/sqlalchemy/engines.py:325}}
Feb 25 03:19:00.695136 np0000156875 devstack@n-api-meta.service[108471]: DEBUG oslo_db.sqlalchemy.engines [None req-07e7249a-42ab-4a13-b562-f62ebc487eb2 None None] MySQL server mode set to STRICT_TRANS_TABLES,STRICT_ALL_TABLES,NO_ZERO_IN_DATE,NO_ZERO_DATE,ERROR_FOR_DIVISION_BY_ZERO,TRADITIONAL,NO_ENGINE_SUBSTITUTION {{(pid=108471) _check_effective_sql_mode /opt/stack/data/venv/lib/python3.12/site-packages/oslo_db/sqlalchemy/engines.py:325}}
Feb 25 03:19:00.705228 np0000156875 devstack@n-api-meta.service[108469]: DEBUG dbcounter [-] [108469] Writer thread running {{(pid=108469) stat_writer /opt/stack/data/venv/lib/python3.12/site-packages/dbcounter.py:102}}
Feb 25 03:19:00.708136 np0000156875 devstack@n-api-meta.service[108469]: DEBUG nova.context [None req-09750ccc-fefd-4c58-bae5-81846552a20d None None] Found 2 cells: 00000000-0000-0000-0000-000000000000(cell0),dd430199-78cb-46b0-ade6-94c6ead13924(cell1) {{(pid=108469) load_cells /opt/stack/nova/nova/context.py:509}}
Feb 25 03:19:00.708375 np0000156875 devstack@n-api-meta.service[108469]: INFO nova.utils [None req-09750ccc-fefd-4c58-bae5-81846552a20d None None] The cell worker thread pool MainProcess.cell_worker is initialized
Feb 25 03:19:00.710165 np0000156875 devstack@n-api-meta.service[108469]: DEBUG oslo_concurrency.lockutils [None req-09750ccc-fefd-4c58-bae5-81846552a20d None None] Acquiring lock "00000000-0000-0000-0000-000000000000" by "nova.context.set_target_cell..get_or_set_cached_cell_and_set_connections" {{(pid=108469) inner /opt/stack/data/venv/lib/python3.12/site-packages/oslo_concurrency/lockutils.py:506}}
Feb 25 03:19:00.710322 np0000156875 devstack@n-api-meta.service[108469]: DEBUG oslo_concurrency.lockutils [None req-09750ccc-fefd-4c58-bae5-81846552a20d None None] Lock "00000000-0000-0000-0000-000000000000" acquired by "nova.context.set_target_cell..get_or_set_cached_cell_and_set_connections" :: waited 0.000s {{(pid=108469) inner /opt/stack/data/venv/lib/python3.12/site-packages/oslo_concurrency/lockutils.py:519}}
Feb 25 03:19:00.710689 np0000156875 devstack@n-api-meta.service[108469]: DEBUG oslo_concurrency.lockutils [None req-09750ccc-fefd-4c58-bae5-81846552a20d None None] Lock "00000000-0000-0000-0000-000000000000" "released" by "nova.context.set_target_cell..get_or_set_cached_cell_and_set_connections" :: held 0.000s {{(pid=108469) inner /opt/stack/data/venv/lib/python3.12/site-packages/oslo_concurrency/lockutils.py:538}}
Feb 25 03:19:00.711700 np0000156875 devstack@n-api-meta.service[108469]: DEBUG oslo_concurrency.lockutils [None req-09750ccc-fefd-4c58-bae5-81846552a20d None None] Acquiring lock "dd430199-78cb-46b0-ade6-94c6ead13924" by "nova.context.set_target_cell..get_or_set_cached_cell_and_set_connections" {{(pid=108469) inner /opt/stack/data/venv/lib/python3.12/site-packages/oslo_concurrency/lockutils.py:506}}
Feb 25 03:19:00.711843 np0000156875 devstack@n-api-meta.service[108469]: DEBUG oslo_concurrency.lockutils [None req-09750ccc-fefd-4c58-bae5-81846552a20d None None] Lock "dd430199-78cb-46b0-ade6-94c6ead13924" acquired by "nova.context.set_target_cell..get_or_set_cached_cell_and_set_connections" :: waited 0.000s {{(pid=108469) inner /opt/stack/data/venv/lib/python3.12/site-packages/oslo_concurrency/lockutils.py:519}}
Feb 25 03:19:00.712740 np0000156875 devstack@n-api-meta.service[108469]: DEBUG oslo_concurrency.lockutils [None req-09750ccc-fefd-4c58-bae5-81846552a20d None None] Lock "dd430199-78cb-46b0-ade6-94c6ead13924" "released" by "nova.context.set_target_cell..get_or_set_cached_cell_and_set_connections" :: held 0.001s {{(pid=108469) inner /opt/stack/data/venv/lib/python3.12/site-packages/oslo_concurrency/lockutils.py:538}}
Feb 25 03:19:00.716635 np0000156875 devstack@n-api-meta.service[108468]: DEBUG dbcounter [-] [108468] Writer thread running {{(pid=108468) stat_writer /opt/stack/data/venv/lib/python3.12/site-packages/dbcounter.py:102}}
Feb 25 03:19:00.716881 np0000156875 devstack@n-api-meta.service[108469]: INFO dbcounter [None req-09750ccc-fefd-4c58-bae5-81846552a20d None None] Registered counter for database nova_cell0
Feb 25 03:19:00.717623 np0000156875 devstack@n-api-meta.service[108468]: DEBUG nova.context [None req-5520d108-3977-4a84-a92b-f431f71814c6 None None] Found 2 cells: 00000000-0000-0000-0000-000000000000(cell0),dd430199-78cb-46b0-ade6-94c6ead13924(cell1) {{(pid=108468) load_cells /opt/stack/nova/nova/context.py:509}}
Feb 25 03:19:00.717961 np0000156875 devstack@n-api-meta.service[108468]: INFO nova.utils [None req-5520d108-3977-4a84-a92b-f431f71814c6 None None] The cell worker thread pool MainProcess.cell_worker is initialized
Feb 25 03:19:00.720396 np0000156875 devstack@n-api-meta.service[108468]: DEBUG oslo_concurrency.lockutils [None req-5520d108-3977-4a84-a92b-f431f71814c6 None None] Acquiring lock "00000000-0000-0000-0000-000000000000" by "nova.context.set_target_cell..get_or_set_cached_cell_and_set_connections" {{(pid=108468) inner /opt/stack/data/venv/lib/python3.12/site-packages/oslo_concurrency/lockutils.py:506}}
Feb 25 03:19:00.720617 np0000156875 devstack@n-api-meta.service[108468]: DEBUG oslo_concurrency.lockutils [None req-5520d108-3977-4a84-a92b-f431f71814c6 None None] Lock "00000000-0000-0000-0000-000000000000" acquired by "nova.context.set_target_cell..get_or_set_cached_cell_and_set_connections" :: waited 0.000s {{(pid=108468) inner /opt/stack/data/venv/lib/python3.12/site-packages/oslo_concurrency/lockutils.py:519}}
Feb 25 03:19:00.721091 np0000156875 devstack@n-api-meta.service[108468]: DEBUG oslo_concurrency.lockutils [None req-5520d108-3977-4a84-a92b-f431f71814c6 None None] Lock "00000000-0000-0000-0000-000000000000" "released" by "nova.context.set_target_cell..get_or_set_cached_cell_and_set_connections" :: held 0.000s {{(pid=108468) inner /opt/stack/data/venv/lib/python3.12/site-packages/oslo_concurrency/lockutils.py:538}}
Feb 25 03:19:00.722311 np0000156875 devstack@n-api-meta.service[108468]: DEBUG oslo_concurrency.lockutils [None req-5520d108-3977-4a84-a92b-f431f71814c6 None None] Acquiring lock "dd430199-78cb-46b0-ade6-94c6ead13924" by "nova.context.set_target_cell..get_or_set_cached_cell_and_set_connections" {{(pid=108468) inner /opt/stack/data/venv/lib/python3.12/site-packages/oslo_concurrency/lockutils.py:506}}
Feb 25 03:19:00.723622 np0000156875 devstack@n-api-meta.service[108468]: DEBUG oslo_concurrency.lockutils [None req-5520d108-3977-4a84-a92b-f431f71814c6 None None] Lock "dd430199-78cb-46b0-ade6-94c6ead13924" acquired by "nova.context.set_target_cell..get_or_set_cached_cell_and_set_connections" :: waited 0.000s {{(pid=108468) inner /opt/stack/data/venv/lib/python3.12/site-packages/oslo_concurrency/lockutils.py:519}}
Feb 25 03:19:00.723716 np0000156875 devstack@n-api-meta.service[108469]: INFO dbcounter [None req-09750ccc-fefd-4c58-bae5-81846552a20d None None] Registered counter for database nova_cell1
Feb 25 03:19:00.723767 np0000156875 devstack@n-api-meta.service[108468]: DEBUG oslo_concurrency.lockutils [None req-5520d108-3977-4a84-a92b-f431f71814c6 None None] Lock "dd430199-78cb-46b0-ade6-94c6ead13924" "released" by "nova.context.set_target_cell..get_or_set_cached_cell_and_set_connections" :: held 0.001s {{(pid=108468) inner /opt/stack/data/venv/lib/python3.12/site-packages/oslo_concurrency/lockutils.py:538}}
Feb 25 03:19:00.727392 np0000156875 devstack@n-api-meta.service[108468]: INFO dbcounter [None req-5520d108-3977-4a84-a92b-f431f71814c6 None None] Registered counter for database nova_cell0
Feb 25 03:19:00.732908 np0000156875 devstack@n-api-meta.service[108468]: INFO dbcounter [None req-5520d108-3977-4a84-a92b-f431f71814c6 None None] Registered counter for database nova_cell1
Feb 25 03:19:00.734195 np0000156875 devstack@n-api-meta.service[108469]: DEBUG oslo_db.sqlalchemy.engines [None req-09750ccc-fefd-4c58-bae5-81846552a20d None None] MySQL server mode set to STRICT_TRANS_TABLES,STRICT_ALL_TABLES,NO_ZERO_IN_DATE,NO_ZERO_DATE,ERROR_FOR_DIVISION_BY_ZERO,TRADITIONAL,NO_ENGINE_SUBSTITUTION {{(pid=108469) _check_effective_sql_mode /opt/stack/data/venv/lib/python3.12/site-packages/oslo_db/sqlalchemy/engines.py:325}}
Feb 25 03:19:00.740404 np0000156875 devstack@n-api-meta.service[108469]: DEBUG oslo_db.sqlalchemy.engines [None req-09750ccc-fefd-4c58-bae5-81846552a20d None None] MySQL server mode set to STRICT_TRANS_TABLES,STRICT_ALL_TABLES,NO_ZERO_IN_DATE,NO_ZERO_DATE,ERROR_FOR_DIVISION_BY_ZERO,TRADITIONAL,NO_ENGINE_SUBSTITUTION {{(pid=108469) _check_effective_sql_mode /opt/stack/data/venv/lib/python3.12/site-packages/oslo_db/sqlalchemy/engines.py:325}}
Feb 25 03:19:00.746459 np0000156875 devstack@n-api-meta.service[108468]: DEBUG oslo_db.sqlalchemy.engines [None req-5520d108-3977-4a84-a92b-f431f71814c6 None None] MySQL server mode set to STRICT_TRANS_TABLES,STRICT_ALL_TABLES,NO_ZERO_IN_DATE,NO_ZERO_DATE,ERROR_FOR_DIVISION_BY_ZERO,TRADITIONAL,NO_ENGINE_SUBSTITUTION {{(pid=108468) _check_effective_sql_mode /opt/stack/data/venv/lib/python3.12/site-packages/oslo_db/sqlalchemy/engines.py:325}}
Feb 25 03:19:00.751460 np0000156875 devstack@n-api-meta.service[108468]: DEBUG oslo_db.sqlalchemy.engines [None req-5520d108-3977-4a84-a92b-f431f71814c6 None None] MySQL server mode set to STRICT_TRANS_TABLES,STRICT_ALL_TABLES,NO_ZERO_IN_DATE,NO_ZERO_DATE,ERROR_FOR_DIVISION_BY_ZERO,TRADITIONAL,NO_ENGINE_SUBSTITUTION {{(pid=108468) _check_effective_sql_mode /opt/stack/data/venv/lib/python3.12/site-packages/oslo_db/sqlalchemy/engines.py:325}}
Feb 25 03:19:00.795912 np0000156875 devstack@n-api-meta.service[108471]: DEBUG dbcounter [-] [108471] Writer thread running {{(pid=108471) stat_writer /opt/stack/data/venv/lib/python3.12/site-packages/dbcounter.py:102}}
Feb 25 03:19:00.796756 np0000156875 devstack@n-api-meta.service[108471]: DEBUG dbcounter [-] [108471] Writer thread running {{(pid=108471) stat_writer /opt/stack/data/venv/lib/python3.12/site-packages/dbcounter.py:102}}
Feb 25 03:19:00.803619 np0000156875 devstack@n-api-meta.service[108471]: INFO dbcounter [None req-07e7249a-42ab-4a13-b562-f62ebc487eb2 None None] Registered counter for database nova_cell0
Feb 25 03:19:00.812733 np0000156875 devstack@n-api-meta.service[108470]: INFO dbcounter [None req-6035eae1-b312-42f8-bfa3-b32fa86a9dfe None None] Registered counter for database nova_api
Feb 25 03:19:00.814210 np0000156875 devstack@n-api-meta.service[108471]: DEBUG oslo_db.sqlalchemy.engines [None req-07e7249a-42ab-4a13-b562-f62ebc487eb2 None None] MySQL server mode set to STRICT_TRANS_TABLES,STRICT_ALL_TABLES,NO_ZERO_IN_DATE,NO_ZERO_DATE,ERROR_FOR_DIVISION_BY_ZERO,TRADITIONAL,NO_ENGINE_SUBSTITUTION {{(pid=108471) _check_effective_sql_mode /opt/stack/data/venv/lib/python3.12/site-packages/oslo_db/sqlalchemy/engines.py:325}}
Feb 25 03:19:00.822472 np0000156875 devstack@n-api-meta.service[108471]: DEBUG dbcounter [-] [108471] Writer thread running {{(pid=108471) stat_writer /opt/stack/data/venv/lib/python3.12/site-packages/dbcounter.py:102}}
Feb 25 03:19:00.832717 np0000156875 devstack@n-api-meta.service[108470]: DEBUG oslo_db.sqlalchemy.engines [None req-6035eae1-b312-42f8-bfa3-b32fa86a9dfe None None] MySQL server mode set to STRICT_TRANS_TABLES,STRICT_ALL_TABLES,NO_ZERO_IN_DATE,NO_ZERO_DATE,ERROR_FOR_DIVISION_BY_ZERO,TRADITIONAL,NO_ENGINE_SUBSTITUTION {{(pid=108470) _check_effective_sql_mode /opt/stack/data/venv/lib/python3.12/site-packages/oslo_db/sqlalchemy/engines.py:325}}
Feb 25 03:19:00.847654 np0000156875 devstack@n-api-meta.service[108469]: DEBUG dbcounter [-] [108469] Writer thread running {{(pid=108469) stat_writer /opt/stack/data/venv/lib/python3.12/site-packages/dbcounter.py:102}}
Feb 25 03:19:00.852907 np0000156875 devstack@n-api-meta.service[108469]: DEBUG dbcounter [-] [108469] Writer thread running {{(pid=108469) stat_writer /opt/stack/data/venv/lib/python3.12/site-packages/dbcounter.py:102}}
Feb 25 03:19:00.856986 np0000156875 devstack@n-api-meta.service[108468]: DEBUG dbcounter [-] [108468] Writer thread running {{(pid=108468) stat_writer /opt/stack/data/venv/lib/python3.12/site-packages/dbcounter.py:102}}
Feb 25 03:19:00.857722 np0000156875 devstack@n-api-meta.service[108468]: DEBUG dbcounter [-] [108468] Writer thread running {{(pid=108468) stat_writer /opt/stack/data/venv/lib/python3.12/site-packages/dbcounter.py:102}}
Feb 25 03:19:00.859629 np0000156875 devstack@n-api-meta.service[108469]: INFO dbcounter [None req-09750ccc-fefd-4c58-bae5-81846552a20d None None] Registered counter for database nova_cell0
Feb 25 03:19:00.864891 np0000156875 devstack@n-api-meta.service[108468]: INFO dbcounter [None req-5520d108-3977-4a84-a92b-f431f71814c6 None None] Registered counter for database nova_cell0
Feb 25 03:19:00.871641 np0000156875 devstack@n-api-meta.service[108469]: DEBUG oslo_db.sqlalchemy.engines [None req-09750ccc-fefd-4c58-bae5-81846552a20d None None] MySQL server mode set to STRICT_TRANS_TABLES,STRICT_ALL_TABLES,NO_ZERO_IN_DATE,NO_ZERO_DATE,ERROR_FOR_DIVISION_BY_ZERO,TRADITIONAL,NO_ENGINE_SUBSTITUTION {{(pid=108469) _check_effective_sql_mode /opt/stack/data/venv/lib/python3.12/site-packages/oslo_db/sqlalchemy/engines.py:325}}
Feb 25 03:19:00.876577 np0000156875 devstack@n-api-meta.service[108470]: DEBUG dbcounter [-] [108470] Writer thread running {{(pid=108470) stat_writer /opt/stack/data/venv/lib/python3.12/site-packages/dbcounter.py:102}}
Feb 25 03:19:00.876914 np0000156875 devstack@n-api-meta.service[108468]: DEBUG oslo_db.sqlalchemy.engines [None req-5520d108-3977-4a84-a92b-f431f71814c6 None None] MySQL server mode set to STRICT_TRANS_TABLES,STRICT_ALL_TABLES,NO_ZERO_IN_DATE,NO_ZERO_DATE,ERROR_FOR_DIVISION_BY_ZERO,TRADITIONAL,NO_ENGINE_SUBSTITUTION {{(pid=108468) _check_effective_sql_mode /opt/stack/data/venv/lib/python3.12/site-packages/oslo_db/sqlalchemy/engines.py:325}}
Feb 25 03:19:00.877365 np0000156875 devstack@n-api-meta.service[108470]: DEBUG nova.context [None req-6035eae1-b312-42f8-bfa3-b32fa86a9dfe None None] Found 2 cells: 00000000-0000-0000-0000-000000000000(cell0),dd430199-78cb-46b0-ade6-94c6ead13924(cell1) {{(pid=108470) load_cells /opt/stack/nova/nova/context.py:509}}
Feb 25 03:19:00.877666 np0000156875 devstack@n-api-meta.service[108470]: INFO nova.utils [None req-6035eae1-b312-42f8-bfa3-b32fa86a9dfe None None] The cell worker thread pool MainProcess.cell_worker is initialized
Feb 25 03:19:00.878487 np0000156875 devstack@n-api-meta.service[108471]: WARNING nova.api.metadata.handler [None req-07e7249a-42ab-4a13-b562-f62ebc487eb2 None None] metadata_proxy_shared_secret is not configured, the metadata information returned by the proxy cannot be trusted
Feb 25 03:19:00.879696 np0000156875 devstack@n-api-meta.service[108470]: DEBUG oslo_concurrency.lockutils [None req-6035eae1-b312-42f8-bfa3-b32fa86a9dfe None None] Acquiring lock "00000000-0000-0000-0000-000000000000" by "nova.context.set_target_cell..get_or_set_cached_cell_and_set_connections" {{(pid=108470) inner /opt/stack/data/venv/lib/python3.12/site-packages/oslo_concurrency/lockutils.py:506}}
Feb 25 03:19:00.879906 np0000156875 devstack@n-api-meta.service[108470]: DEBUG oslo_concurrency.lockutils [None req-6035eae1-b312-42f8-bfa3-b32fa86a9dfe None None] Lock "00000000-0000-0000-0000-000000000000" acquired by "nova.context.set_target_cell..get_or_set_cached_cell_and_set_connections" :: waited 0.000s {{(pid=108470) inner /opt/stack/data/venv/lib/python3.12/site-packages/oslo_concurrency/lockutils.py:519}}
Feb 25 03:19:00.880307 np0000156875 devstack@n-api-meta.service[108470]: DEBUG oslo_concurrency.lockutils [None req-6035eae1-b312-42f8-bfa3-b32fa86a9dfe None None] Lock "00000000-0000-0000-0000-000000000000" "released" by "nova.context.set_target_cell..get_or_set_cached_cell_and_set_connections" :: held 0.000s {{(pid=108470) inner /opt/stack/data/venv/lib/python3.12/site-packages/oslo_concurrency/lockutils.py:538}}
Feb 25 03:19:00.880928 np0000156875 devstack@n-api-meta.service[108471]: DEBUG nova.api.openstack.wsgi_app [None req-07e7249a-42ab-4a13-b562-f62ebc487eb2 None None] ******************************************************************************** {{(pid=108471) log_opt_values /opt/stack/data/venv/lib/python3.12/site-packages/oslo_config/cfg.py:2979}}
Feb 25 03:19:00.881043 np0000156875 devstack@n-api-meta.service[108471]: DEBUG nova.api.openstack.wsgi_app [None req-07e7249a-42ab-4a13-b562-f62ebc487eb2 None None] Configuration options gathered from: {{(pid=108471) log_opt_values /opt/stack/data/venv/lib/python3.12/site-packages/oslo_config/cfg.py:2980}}
Feb 25 03:19:00.881155 np0000156875 devstack@n-api-meta.service[108471]: DEBUG nova.api.openstack.wsgi_app [None req-07e7249a-42ab-4a13-b562-f62ebc487eb2 None None] command line args: [] {{(pid=108471) log_opt_values /opt/stack/data/venv/lib/python3.12/site-packages/oslo_config/cfg.py:2981}}
Feb 25 03:19:00.881226 np0000156875 devstack@n-api-meta.service[108470]: DEBUG oslo_concurrency.lockutils [None req-6035eae1-b312-42f8-bfa3-b32fa86a9dfe None None] Acquiring lock "dd430199-78cb-46b0-ade6-94c6ead13924" by "nova.context.set_target_cell..get_or_set_cached_cell_and_set_connections" {{(pid=108470) inner /opt/stack/data/venv/lib/python3.12/site-packages/oslo_concurrency/lockutils.py:506}}
Feb 25 03:19:00.881310 np0000156875 devstack@n-api-meta.service[108471]: DEBUG nova.api.openstack.wsgi_app [None req-07e7249a-42ab-4a13-b562-f62ebc487eb2 None None] config files: ['/etc/nova/api-paste.ini', '/etc/nova/nova.conf'] {{(pid=108471) log_opt_values /opt/stack/data/venv/lib/python3.12/site-packages/oslo_config/cfg.py:2982}}
Feb 25 03:19:00.881363 np0000156875 devstack@n-api-meta.service[108470]: DEBUG oslo_concurrency.lockutils [None req-6035eae1-b312-42f8-bfa3-b32fa86a9dfe None None] Lock "dd430199-78cb-46b0-ade6-94c6ead13924" acquired by "nova.context.set_target_cell..get_or_set_cached_cell_and_set_connections" :: waited 0.000s {{(pid=108470) inner /opt/stack/data/venv/lib/python3.12/site-packages/oslo_concurrency/lockutils.py:519}}
Feb 25 03:19:00.881417 np0000156875 devstack@n-api-meta.service[108471]: DEBUG nova.api.openstack.wsgi_app [None req-07e7249a-42ab-4a13-b562-f62ebc487eb2 None None] ================================================================================ {{(pid=108471) log_opt_values /opt/stack/data/venv/lib/python3.12/site-packages/oslo_config/cfg.py:2987}}
Feb 25 03:19:00.881620 np0000156875 devstack@n-api-meta.service[108471]: DEBUG nova.api.openstack.wsgi_app [None req-07e7249a-42ab-4a13-b562-f62ebc487eb2 None None] allow_resize_to_same_host = True {{(pid=108471) log_opt_values /opt/stack/data/venv/lib/python3.12/site-packages/oslo_config/cfg.py:2995}}
Feb 25 03:19:00.881751 np0000156875 devstack@n-api-meta.service[108471]: DEBUG nova.api.openstack.wsgi_app [None req-07e7249a-42ab-4a13-b562-f62ebc487eb2 None None] arq_binding_timeout = 300 {{(pid=108471) log_opt_values /opt/stack/data/venv/lib/python3.12/site-packages/oslo_config/cfg.py:2995}}
Feb 25 03:19:00.881886 np0000156875 devstack@n-api-meta.service[108471]: DEBUG nova.api.openstack.wsgi_app [None req-07e7249a-42ab-4a13-b562-f62ebc487eb2 None None] block_device_allocate_retries = 60 {{(pid=108471) log_opt_values /opt/stack/data/venv/lib/python3.12/site-packages/oslo_config/cfg.py:2995}}
Feb 25 03:19:00.882016 np0000156875 devstack@n-api-meta.service[108471]: DEBUG nova.api.openstack.wsgi_app [None req-07e7249a-42ab-4a13-b562-f62ebc487eb2 None None] block_device_allocate_retries_interval = 3 {{(pid=108471) log_opt_values /opt/stack/data/venv/lib/python3.12/site-packages/oslo_config/cfg.py:2995}}
Feb 25 03:19:00.882146 np0000156875 devstack@n-api-meta.service[108471]: DEBUG nova.api.openstack.wsgi_app [None req-07e7249a-42ab-4a13-b562-f62ebc487eb2 None None] cell_worker_thread_pool_size = 5 {{(pid=108471) log_opt_values /opt/stack/data/venv/lib/python3.12/site-packages/oslo_config/cfg.py:2995}}
Feb 25 03:19:00.882230 np0000156875 devstack@n-api-meta.service[108470]: DEBUG oslo_concurrency.lockutils [None req-6035eae1-b312-42f8-bfa3-b32fa86a9dfe None None] Lock "dd430199-78cb-46b0-ade6-94c6ead13924" "released" by "nova.context.set_target_cell..get_or_set_cached_cell_and_set_connections" :: held 0.001s {{(pid=108470) inner /opt/stack/data/venv/lib/python3.12/site-packages/oslo_concurrency/lockutils.py:538}}
Feb 25 03:19:00.882291 np0000156875 devstack@n-api-meta.service[108471]: DEBUG nova.api.openstack.wsgi_app [None req-07e7249a-42ab-4a13-b562-f62ebc487eb2 None None] cert = self.pem {{(pid=108471) log_opt_values /opt/stack/data/venv/lib/python3.12/site-packages/oslo_config/cfg.py:2995}}
Feb 25 03:19:00.882414 np0000156875 devstack@n-api-meta.service[108471]: DEBUG nova.api.openstack.wsgi_app [None req-07e7249a-42ab-4a13-b562-f62ebc487eb2 None None] compute_driver = libvirt.LibvirtDriver {{(pid=108471) log_opt_values /opt/stack/data/venv/lib/python3.12/site-packages/oslo_config/cfg.py:2995}}
Feb 25 03:19:00.882548 np0000156875 devstack@n-api-meta.service[108471]: DEBUG nova.api.openstack.wsgi_app [None req-07e7249a-42ab-4a13-b562-f62ebc487eb2 None None] compute_monitors = [] {{(pid=108471) log_opt_values /opt/stack/data/venv/lib/python3.12/site-packages/oslo_config/cfg.py:2995}}
Feb 25 03:19:00.882639 np0000156875 devstack@n-api-meta.service[108469]: DEBUG dbcounter [-] [108469] Writer thread running {{(pid=108469) stat_writer /opt/stack/data/venv/lib/python3.12/site-packages/dbcounter.py:102}}
Feb 25 03:19:00.882721 np0000156875 devstack@n-api-meta.service[108471]: DEBUG nova.api.openstack.wsgi_app [None req-07e7249a-42ab-4a13-b562-f62ebc487eb2 None None] config_dir = [] {{(pid=108471) log_opt_values /opt/stack/data/venv/lib/python3.12/site-packages/oslo_config/cfg.py:2995}}
Feb 25 03:19:00.882857 np0000156875 devstack@n-api-meta.service[108471]: DEBUG nova.api.openstack.wsgi_app [None req-07e7249a-42ab-4a13-b562-f62ebc487eb2 None None] config_drive_format = iso9660 {{(pid=108471) log_opt_values /opt/stack/data/venv/lib/python3.12/site-packages/oslo_config/cfg.py:2995}}
Feb 25 03:19:00.882962 np0000156875 devstack@n-api-meta.service[108471]: DEBUG nova.api.openstack.wsgi_app [None req-07e7249a-42ab-4a13-b562-f62ebc487eb2 None None] config_file = ['/etc/nova/api-paste.ini', '/etc/nova/nova.conf'] {{(pid=108471) log_opt_values /opt/stack/data/venv/lib/python3.12/site-packages/oslo_config/cfg.py:2995}}
Feb 25 03:19:00.883099 np0000156875 devstack@n-api-meta.service[108471]: DEBUG nova.api.openstack.wsgi_app [None req-07e7249a-42ab-4a13-b562-f62ebc487eb2 None None] config_source = [] {{(pid=108471) log_opt_values /opt/stack/data/venv/lib/python3.12/site-packages/oslo_config/cfg.py:2995}}
Feb 25 03:19:00.883278 np0000156875 devstack@n-api-meta.service[108471]: DEBUG nova.api.openstack.wsgi_app [None req-07e7249a-42ab-4a13-b562-f62ebc487eb2 None None] console_host = np0000156875 {{(pid=108471) log_opt_values /opt/stack/data/venv/lib/python3.12/site-packages/oslo_config/cfg.py:2995}}
Feb 25 03:19:00.883383 np0000156875 devstack@n-api-meta.service[108471]: DEBUG nova.api.openstack.wsgi_app [None req-07e7249a-42ab-4a13-b562-f62ebc487eb2 None None] control_exchange = nova {{(pid=108471) log_opt_values /opt/stack/data/venv/lib/python3.12/site-packages/oslo_config/cfg.py:2995}}
Feb 25 03:19:00.883512 np0000156875 devstack@n-api-meta.service[108471]: DEBUG nova.api.openstack.wsgi_app [None req-07e7249a-42ab-4a13-b562-f62ebc487eb2 None None] cpu_allocation_ratio = None {{(pid=108471) log_opt_values /opt/stack/data/venv/lib/python3.12/site-packages/oslo_config/cfg.py:2995}}
Feb 25 03:19:00.883663 np0000156875 devstack@n-api-meta.service[108471]: DEBUG nova.api.openstack.wsgi_app [None req-07e7249a-42ab-4a13-b562-f62ebc487eb2 None None] daemon = False {{(pid=108471) log_opt_values /opt/stack/data/venv/lib/python3.12/site-packages/oslo_config/cfg.py:2995}}
Feb 25 03:19:00.883795 np0000156875 devstack@n-api-meta.service[108471]: DEBUG nova.api.openstack.wsgi_app [None req-07e7249a-42ab-4a13-b562-f62ebc487eb2 None None] debug = True {{(pid=108471) log_opt_values /opt/stack/data/venv/lib/python3.12/site-packages/oslo_config/cfg.py:2995}}
Feb 25 03:19:00.883922 np0000156875 devstack@n-api-meta.service[108471]: DEBUG nova.api.openstack.wsgi_app [None req-07e7249a-42ab-4a13-b562-f62ebc487eb2 None None] default_access_ip_network_name = None {{(pid=108471) log_opt_values /opt/stack/data/venv/lib/python3.12/site-packages/oslo_config/cfg.py:2995}}
Feb 25 03:19:00.884053 np0000156875 devstack@n-api-meta.service[108471]: DEBUG nova.api.openstack.wsgi_app [None req-07e7249a-42ab-4a13-b562-f62ebc487eb2 None None] default_availability_zone = nova {{(pid=108471) log_opt_values /opt/stack/data/venv/lib/python3.12/site-packages/oslo_config/cfg.py:2995}}
Feb 25 03:19:00.884184 np0000156875 devstack@n-api-meta.service[108471]: DEBUG nova.api.openstack.wsgi_app [None req-07e7249a-42ab-4a13-b562-f62ebc487eb2 None None] default_ephemeral_format = ext4 {{(pid=108471) log_opt_values /opt/stack/data/venv/lib/python3.12/site-packages/oslo_config/cfg.py:2995}}
Feb 25 03:19:00.884311 np0000156875 devstack@n-api-meta.service[108471]: DEBUG nova.api.openstack.wsgi_app [None req-07e7249a-42ab-4a13-b562-f62ebc487eb2 None None] default_green_pool_size = 1000 {{(pid=108471) log_opt_values /opt/stack/data/venv/lib/python3.12/site-packages/oslo_config/cfg.py:2995}}
Feb 25 03:19:00.884554 np0000156875 devstack@n-api-meta.service[108471]: DEBUG nova.api.openstack.wsgi_app [None req-07e7249a-42ab-4a13-b562-f62ebc487eb2 None None] default_log_levels = ['amqp=WARN', 'boto=WARN', 'sqlalchemy=WARN', 'suds=INFO', 'oslo.messaging=INFO', 'oslo_messaging=INFO', 'iso8601=WARN', 'requests.packages.urllib3.connectionpool=WARN', 'urllib3.connectionpool=WARN', 'websocket=WARN', 'requests.packages.urllib3.util.retry=WARN', 'urllib3.util.retry=WARN', 'keystonemiddleware=WARN', 'routes.middleware=WARN', 'stevedore=WARN', 'taskflow=WARN', 'keystoneauth=WARN', 'oslo.cache=INFO', 'oslo_policy=INFO', 'dogpile.core.dogpile=INFO', 'glanceclient=WARN', 'oslo.privsep.daemon=INFO'] {{(pid=108471) log_opt_values /opt/stack/data/venv/lib/python3.12/site-packages/oslo_config/cfg.py:2995}}
Feb 25 03:19:00.884711 np0000156875 devstack@n-api-meta.service[108471]: DEBUG nova.api.openstack.wsgi_app [None req-07e7249a-42ab-4a13-b562-f62ebc487eb2 None None] default_schedule_zone = None {{(pid=108471) log_opt_values /opt/stack/data/venv/lib/python3.12/site-packages/oslo_config/cfg.py:2995}}
Feb 25 03:19:00.884793 np0000156875 devstack@n-api-meta.service[108471]: DEBUG nova.api.openstack.wsgi_app [None req-07e7249a-42ab-4a13-b562-f62ebc487eb2 None None] default_thread_pool_size = 10 {{(pid=108471) log_opt_values /opt/stack/data/venv/lib/python3.12/site-packages/oslo_config/cfg.py:2995}}
Feb 25 03:19:00.884920 np0000156875 devstack@n-api-meta.service[108471]: DEBUG nova.api.openstack.wsgi_app [None req-07e7249a-42ab-4a13-b562-f62ebc487eb2 None None] disk_allocation_ratio = None {{(pid=108471) log_opt_values /opt/stack/data/venv/lib/python3.12/site-packages/oslo_config/cfg.py:2995}}
Feb 25 03:19:00.885047 np0000156875 devstack@n-api-meta.service[108471]: DEBUG nova.api.openstack.wsgi_app [None req-07e7249a-42ab-4a13-b562-f62ebc487eb2 None None] enable_new_services = True {{(pid=108471) log_opt_values /opt/stack/data/venv/lib/python3.12/site-packages/oslo_config/cfg.py:2995}}
Feb 25 03:19:00.885174 np0000156875 devstack@n-api-meta.service[108471]: DEBUG nova.api.openstack.wsgi_app [None req-07e7249a-42ab-4a13-b562-f62ebc487eb2 None None] flat_injected = False {{(pid=108471) log_opt_values /opt/stack/data/venv/lib/python3.12/site-packages/oslo_config/cfg.py:2995}}
Feb 25 03:19:00.885303 np0000156875 devstack@n-api-meta.service[108471]: DEBUG nova.api.openstack.wsgi_app [None req-07e7249a-42ab-4a13-b562-f62ebc487eb2 None None] force_config_drive = False {{(pid=108471) log_opt_values /opt/stack/data/venv/lib/python3.12/site-packages/oslo_config/cfg.py:2995}}
Feb 25 03:19:00.885427 np0000156875 devstack@n-api-meta.service[108471]: DEBUG nova.api.openstack.wsgi_app [None req-07e7249a-42ab-4a13-b562-f62ebc487eb2 None None] force_raw_images = True {{(pid=108471) log_opt_values /opt/stack/data/venv/lib/python3.12/site-packages/oslo_config/cfg.py:2995}}
Feb 25 03:19:00.885565 np0000156875 devstack@n-api-meta.service[108471]: DEBUG nova.api.openstack.wsgi_app [None req-07e7249a-42ab-4a13-b562-f62ebc487eb2 None None] graceful_shutdown_timeout = 5 {{(pid=108471) log_opt_values /opt/stack/data/venv/lib/python3.12/site-packages/oslo_config/cfg.py:2995}}
Feb 25 03:19:00.885720 np0000156875 devstack@n-api-meta.service[108471]: DEBUG nova.api.openstack.wsgi_app [None req-07e7249a-42ab-4a13-b562-f62ebc487eb2 None None] heal_instance_info_cache_interval = -1 {{(pid=108471) log_opt_values /opt/stack/data/venv/lib/python3.12/site-packages/oslo_config/cfg.py:2995}}
Feb 25 03:19:00.885904 np0000156875 devstack@n-api-meta.service[108471]: DEBUG nova.api.openstack.wsgi_app [None req-07e7249a-42ab-4a13-b562-f62ebc487eb2 None None] host = np0000156875 {{(pid=108471) log_opt_values /opt/stack/data/venv/lib/python3.12/site-packages/oslo_config/cfg.py:2995}}
Feb 25 03:19:00.886048 np0000156875 devstack@n-api-meta.service[108471]: DEBUG nova.api.openstack.wsgi_app [None req-07e7249a-42ab-4a13-b562-f62ebc487eb2 None None] initial_cpu_allocation_ratio = 4.0 {{(pid=108471) log_opt_values /opt/stack/data/venv/lib/python3.12/site-packages/oslo_config/cfg.py:2995}}
Feb 25 03:19:00.886178 np0000156875 devstack@n-api-meta.service[108471]: DEBUG nova.api.openstack.wsgi_app [None req-07e7249a-42ab-4a13-b562-f62ebc487eb2 None None] initial_disk_allocation_ratio = 1.0 {{(pid=108471) log_opt_values /opt/stack/data/venv/lib/python3.12/site-packages/oslo_config/cfg.py:2995}}
Feb 25 03:19:00.886302 np0000156875 devstack@n-api-meta.service[108470]: INFO dbcounter [None req-6035eae1-b312-42f8-bfa3-b32fa86a9dfe None None] Registered counter for database nova_cell0
Feb 25 03:19:00.886367 np0000156875 devstack@n-api-meta.service[108471]: DEBUG nova.api.openstack.wsgi_app [None req-07e7249a-42ab-4a13-b562-f62ebc487eb2 None None] initial_ram_allocation_ratio = 1.0 {{(pid=108471) log_opt_values /opt/stack/data/venv/lib/python3.12/site-packages/oslo_config/cfg.py:2995}}
Feb 25 03:19:00.886478 np0000156875 devstack@n-api-meta.service[108471]: DEBUG nova.api.openstack.wsgi_app [None req-07e7249a-42ab-4a13-b562-f62ebc487eb2 None None] injected_network_template = /opt/stack/nova/nova/virt/interfaces.template {{(pid=108471) log_opt_values /opt/stack/data/venv/lib/python3.12/site-packages/oslo_config/cfg.py:2995}}
Feb 25 03:19:00.886618 np0000156875 devstack@n-api-meta.service[108471]: DEBUG nova.api.openstack.wsgi_app [None req-07e7249a-42ab-4a13-b562-f62ebc487eb2 None None] instance_build_timeout = 0 {{(pid=108471) log_opt_values /opt/stack/data/venv/lib/python3.12/site-packages/oslo_config/cfg.py:2995}}
Feb 25 03:19:00.886757 np0000156875 devstack@n-api-meta.service[108471]: DEBUG nova.api.openstack.wsgi_app [None req-07e7249a-42ab-4a13-b562-f62ebc487eb2 None None] instance_delete_interval = 300 {{(pid=108471) log_opt_values /opt/stack/data/venv/lib/python3.12/site-packages/oslo_config/cfg.py:2995}}
Feb 25 03:19:00.886888 np0000156875 devstack@n-api-meta.service[108471]: DEBUG nova.api.openstack.wsgi_app [None req-07e7249a-42ab-4a13-b562-f62ebc487eb2 None None] instance_format = [instance: %(uuid)s] {{(pid=108471) log_opt_values /opt/stack/data/venv/lib/python3.12/site-packages/oslo_config/cfg.py:2995}}
Feb 25 03:19:00.887021 np0000156875 devstack@n-api-meta.service[108471]: DEBUG nova.api.openstack.wsgi_app [None req-07e7249a-42ab-4a13-b562-f62ebc487eb2 None None] instance_name_template = instance-%08x {{(pid=108471) log_opt_values /opt/stack/data/venv/lib/python3.12/site-packages/oslo_config/cfg.py:2995}}
Feb 25 03:19:00.887148 np0000156875 devstack@n-api-meta.service[108471]: DEBUG nova.api.openstack.wsgi_app [None req-07e7249a-42ab-4a13-b562-f62ebc487eb2 None None] instance_usage_audit = False {{(pid=108471) log_opt_values /opt/stack/data/venv/lib/python3.12/site-packages/oslo_config/cfg.py:2995}}
Feb 25 03:19:00.887304 np0000156875 devstack@n-api-meta.service[108471]: DEBUG nova.api.openstack.wsgi_app [None req-07e7249a-42ab-4a13-b562-f62ebc487eb2 None None] instance_usage_audit_period = month {{(pid=108471) log_opt_values /opt/stack/data/venv/lib/python3.12/site-packages/oslo_config/cfg.py:2995}}
Feb 25 03:19:00.887429 np0000156875 devstack@n-api-meta.service[108471]: DEBUG nova.api.openstack.wsgi_app [None req-07e7249a-42ab-4a13-b562-f62ebc487eb2 None None] instance_uuid_format = [instance: %(uuid)s] {{(pid=108471) log_opt_values /opt/stack/data/venv/lib/python3.12/site-packages/oslo_config/cfg.py:2995}}
Feb 25 03:19:00.887559 np0000156875 devstack@n-api-meta.service[108471]: DEBUG nova.api.openstack.wsgi_app [None req-07e7249a-42ab-4a13-b562-f62ebc487eb2 None None] instances_path = /opt/stack/data/nova/instances {{(pid=108471) log_opt_values /opt/stack/data/venv/lib/python3.12/site-packages/oslo_config/cfg.py:2995}}
Feb 25 03:19:00.887716 np0000156875 devstack@n-api-meta.service[108471]: DEBUG nova.api.openstack.wsgi_app [None req-07e7249a-42ab-4a13-b562-f62ebc487eb2 None None] internal_service_availability_zone = internal {{(pid=108471) log_opt_values /opt/stack/data/venv/lib/python3.12/site-packages/oslo_config/cfg.py:2995}}
Feb 25 03:19:00.887902 np0000156875 devstack@n-api-meta.service[108471]: DEBUG nova.api.openstack.wsgi_app [None req-07e7249a-42ab-4a13-b562-f62ebc487eb2 None None] key = None {{(pid=108471) log_opt_values /opt/stack/data/venv/lib/python3.12/site-packages/oslo_config/cfg.py:2995}}
Feb 25 03:19:00.887967 np0000156875 devstack@n-api-meta.service[108471]: DEBUG nova.api.openstack.wsgi_app [None req-07e7249a-42ab-4a13-b562-f62ebc487eb2 None None] live_migration_retry_count = 30 {{(pid=108471) log_opt_values /opt/stack/data/venv/lib/python3.12/site-packages/oslo_config/cfg.py:2995}}
Feb 25 03:19:00.888118 np0000156875 devstack@n-api-meta.service[108471]: DEBUG nova.api.openstack.wsgi_app [None req-07e7249a-42ab-4a13-b562-f62ebc487eb2 None None] log_color = False {{(pid=108471) log_opt_values /opt/stack/data/venv/lib/python3.12/site-packages/oslo_config/cfg.py:2995}}
Feb 25 03:19:00.888273 np0000156875 devstack@n-api-meta.service[108471]: DEBUG nova.api.openstack.wsgi_app [None req-07e7249a-42ab-4a13-b562-f62ebc487eb2 None None] log_config_append = None {{(pid=108471) log_opt_values /opt/stack/data/venv/lib/python3.12/site-packages/oslo_config/cfg.py:2995}}
Feb 25 03:19:00.888409 np0000156875 devstack@n-api-meta.service[108471]: DEBUG nova.api.openstack.wsgi_app [None req-07e7249a-42ab-4a13-b562-f62ebc487eb2 None None] log_date_format = %Y-%m-%d %H:%M:%S {{(pid=108471) log_opt_values /opt/stack/data/venv/lib/python3.12/site-packages/oslo_config/cfg.py:2995}}
Feb 25 03:19:00.888538 np0000156875 devstack@n-api-meta.service[108471]: DEBUG nova.api.openstack.wsgi_app [None req-07e7249a-42ab-4a13-b562-f62ebc487eb2 None None] log_dir = None {{(pid=108471) log_opt_values /opt/stack/data/venv/lib/python3.12/site-packages/oslo_config/cfg.py:2995}}
Feb 25 03:19:00.888700 np0000156875 devstack@n-api-meta.service[108471]: DEBUG nova.api.openstack.wsgi_app [None req-07e7249a-42ab-4a13-b562-f62ebc487eb2 None None] log_file = None {{(pid=108471) log_opt_values /opt/stack/data/venv/lib/python3.12/site-packages/oslo_config/cfg.py:2995}}
Feb 25 03:19:00.888781 np0000156875 devstack@n-api-meta.service[108471]: DEBUG nova.api.openstack.wsgi_app [None req-07e7249a-42ab-4a13-b562-f62ebc487eb2 None None] log_options = True {{(pid=108471) log_opt_values /opt/stack/data/venv/lib/python3.12/site-packages/oslo_config/cfg.py:2995}}
Feb 25 03:19:00.888925 np0000156875 devstack@n-api-meta.service[108471]: DEBUG nova.api.openstack.wsgi_app [None req-07e7249a-42ab-4a13-b562-f62ebc487eb2 None None] log_rotate_interval = 1 {{(pid=108471) log_opt_values /opt/stack/data/venv/lib/python3.12/site-packages/oslo_config/cfg.py:2995}}
Feb 25 03:19:00.889059 np0000156875 devstack@n-api-meta.service[108471]: DEBUG nova.api.openstack.wsgi_app [None req-07e7249a-42ab-4a13-b562-f62ebc487eb2 None None] log_rotate_interval_type = days {{(pid=108471) log_opt_values /opt/stack/data/venv/lib/python3.12/site-packages/oslo_config/cfg.py:2995}}
Feb 25 03:19:00.889192 np0000156875 devstack@n-api-meta.service[108471]: DEBUG nova.api.openstack.wsgi_app [None req-07e7249a-42ab-4a13-b562-f62ebc487eb2 None None] log_rotation_type = none {{(pid=108471) log_opt_values /opt/stack/data/venv/lib/python3.12/site-packages/oslo_config/cfg.py:2995}}
Feb 25 03:19:00.889296 np0000156875 devstack@n-api-meta.service[108471]: DEBUG nova.api.openstack.wsgi_app [None req-07e7249a-42ab-4a13-b562-f62ebc487eb2 None None] logging_context_format_string = %(color)s%(levelname)s %(name)s [%(global_request_id)s %(request_id)s %(project_name)s %(user_name)s%(color)s] %(instance)s%(color)s%(message)s {{(pid=108471) log_opt_values /opt/stack/data/venv/lib/python3.12/site-packages/oslo_config/cfg.py:2995}}
Feb 25 03:19:00.889392 np0000156875 devstack@n-api-meta.service[108471]: DEBUG nova.api.openstack.wsgi_app [None req-07e7249a-42ab-4a13-b562-f62ebc487eb2 None None] logging_debug_format_suffix = {{(pid=%(process)d) %(funcName)s %(pathname)s:%(lineno)d}} {{(pid=108471) log_opt_values /opt/stack/data/venv/lib/python3.12/site-packages/oslo_config/cfg.py:2995}}
Feb 25 03:19:00.889528 np0000156875 devstack@n-api-meta.service[108471]: DEBUG nova.api.openstack.wsgi_app [None req-07e7249a-42ab-4a13-b562-f62ebc487eb2 None None] logging_default_format_string = %(color)s%(levelname)s %(name)s [-%(color)s] %(instance)s%(color)s%(message)s {{(pid=108471) log_opt_values /opt/stack/data/venv/lib/python3.12/site-packages/oslo_config/cfg.py:2995}}
Feb 25 03:19:00.889688 np0000156875 devstack@n-api-meta.service[108471]: DEBUG nova.api.openstack.wsgi_app [None req-07e7249a-42ab-4a13-b562-f62ebc487eb2 None None] logging_exception_prefix = ERROR %(name)s %(instance)s {{(pid=108471) log_opt_values /opt/stack/data/venv/lib/python3.12/site-packages/oslo_config/cfg.py:2995}}
