2026-06-11 08:12:38.577 8 INFO neutron.db.ovn_revision_numbers_db [None req-44ffd3ae-d2b1-4455-8881-4627fc8b1e30 3f0694c102194a3ca514e92d55388a27 be9a25c25b894979bdbc4f21648415aa - - default default] Successfully bumped revision number for resource 41a88ade-f5d1-4205-ac1e-630ea32b32ca (type: networks) to 2 [pid: 8|app: 0|req: 760/1619] 10.0.0.126 () {34 vars in 742 bytes} [Thu Jun 11 08:12:38 2026] PUT /v2.0/networks/41a88ade-f5d1-4205-ac1e-630ea32b32ca => generated 636 bytes in 399 msecs (HTTP/1.1 200) 4 headers in 157 bytes (1 switches on core 0) [pid: 8|app: 0|req: 761/1620] 10.0.0.126 () {32 vars in 642 bytes} [Thu Jun 11 08:12:38 2026] GET /v2.0/ports => generated 3017 bytes in 120 msecs (HTTP/1.1 200) 4 headers in 158 bytes (1 switches on core 0) [pid: 7|app: 0|req: 860/1621] 10.0.0.126 () {32 vars in 723 bytes} [Thu Jun 11 08:12:38 2026] DELETE /v2.0/subnets/cf20754b-78dd-4826-83cd-7684428531bf => generated 0 bytes in 622 msecs (HTTP/1.1 204) 3 headers in 131 bytes (1 switches on core 0)
2026-06-11 08:12:39.130 7 INFO neutron_taas.services.taas.taas_plugin [None req-ad5feba1-4f2d-4b3d-8694-fdc880230870 91d37b41be8d435c885f9fd941326add 1eea762de95243b28a2f1bb4801a7d5f - - default default] TaaS: Handle Delete Port: d050dcd4-21a4-4c58-9cbb-dd877e632a11
2026-06-11 08:12:39.134 7 INFO neutron_taas.services.taas.tap_mirror_plugin [None req-ad5feba1-4f2d-4b3d-8694-fdc880230870 91d37b41be8d435c885f9fd941326add 1eea762de95243b28a2f1bb4801a7d5f - - default default] Tap Mirror: Handle Delete Port: d050dcd4-21a4-4c58-9cbb-dd877e632a11
2026-06-11 08:12:39.192 8 WARNING neutron.scheduler.dhcp_agent_scheduler [None req-a605a4c7-debc-49a7-9112-15a7603441cd 3f0694c102194a3ca514e92d55388a27 be9a25c25b894979bdbc4f21648415aa - - default default] No more DHCP agents
2026-06-11 08:12:39.194 8 WARNING neutron.api.rpc.agentnotifiers.dhcp_rpc_agent_api [None req-a605a4c7-debc-49a7-9112-15a7603441cd 3f0694c102194a3ca514e92d55388a27 be9a25c25b894979bdbc4f21648415aa - - default default] Unable to schedule network 41a88ade-f5d1-4205-ac1e-630ea32b32ca: no agents available; will retry on subsequent port and subnet creation events.
2026-06-11 08:12:39.313 8 INFO neutron.db.ovn_revision_numbers_db [None req-a605a4c7-debc-49a7-9112-15a7603441cd 3f0694c102194a3ca514e92d55388a27 be9a25c25b894979bdbc4f21648415aa - - default default] Successfully bumped revision number for resource ce5a364e-38f8-4928-8db3-b34eb89a94de (type: subnets) to 0 [pid: 7|app: 0|req: 861/1622] 10.0.0.126 () {32 vars in 719 bytes} [Thu Jun 11 08:12:38 2026] DELETE /v2.0/ports/d050dcd4-21a4-4c58-9cbb-dd877e632a11 => generated 0 bytes in 419 msecs (HTTP/1.1 204) 3 headers in 131 bytes (1 switches on core 0) [pid: 8|app: 0|req: 762/1623] 10.0.0.126 () {34 vars in 668 bytes} [Thu Jun 11 08:12:38 2026] POST /v2.0/subnets => generated 646 bytes in 765 msecs (HTTP/1.1 201) 4 headers in 162 bytes (1 switches on core 0)
2026-06-11 08:12:39.597 8 INFO neutron_taas.services.taas.taas_plugin [None req-f024875c-2c2c-4bb8-b95d-f1dff95a390f 91d37b41be8d435c885f9fd941326add 1eea762de95243b28a2f1bb4801a7d5f - - default default] TaaS: Handle Delete Port: 7a69989e-9599-4970-ab3c-5830882d6a56
2026-06-11 08:12:39.602 8 INFO neutron_taas.services.taas.tap_mirror_plugin [None req-f024875c-2c2c-4bb8-b95d-f1dff95a390f 91d37b41be8d435c885f9fd941326add 1eea762de95243b28a2f1bb4801a7d5f - - default default] Tap Mirror: Handle Delete Port: 7a69989e-9599-4970-ab3c-5830882d6a56 [pid: 7|app: 0|req: 862/1624] 10.0.0.126 () {32 vars in 723 bytes} [Thu Jun 11 08:12:39 2026] DELETE /v2.0/subnets/5c0d19a8-db6b-4854-9dc1-75d0b9f16d36 => generated 0 bytes in 515 msecs (HTTP/1.1 204) 3 headers in 131 bytes (1 switches on core 0) [pid: 8|app: 0|req: 763/1625] 10.0.0.126 () {32 vars in 719 bytes} [Thu Jun 11 08:12:39 2026] DELETE /v2.0/ports/7a69989e-9599-4970-ab3c-5830882d6a56 => generated 0 bytes in 643 msecs (HTTP/1.1 204) 3 headers in 131 bytes (1 switches on core 0)
2026-06-11 08:12:40.244 8 INFO neutron_taas.services.taas.taas_plugin [None req-693d4153-4d36-4c9b-9333-b3955ca74610 9bec112b758d4d279a0483a9f75ca197 4515523a31364a7f93f34f91e66cf172 - - default default] TaaS: Handle Delete Port: 531b7d74-89e8-4e7a-875c-c1dcd2d5b11c
2026-06-11 08:12:40.247 8 INFO neutron_taas.services.taas.tap_mirror_plugin [None req-693d4153-4d36-4c9b-9333-b3955ca74610 9bec112b758d4d279a0483a9f75ca197 4515523a31364a7f93f34f91e66cf172 - - default default] Tap Mirror: Handle Delete Port: 531b7d74-89e8-4e7a-875c-c1dcd2d5b11c
2026-06-11 08:12:40.578 8 INFO neutron.services.segments.plugin [-] Segment bc3a0bcb-8fee-4a8f-ac44-0ecf361f4b75 resource provider aggregate not found
2026-06-11 08:12:40.582 8 INFO neutron.services.segments.plugin [-] Segment bc3a0bcb-8fee-4a8f-ac44-0ecf361f4b75 resource provider aggregate not found
2026-06-11 08:12:40.594 8 INFO neutron.services.segments.plugin [-] Segment bc3a0bcb-8fee-4a8f-ac44-0ecf361f4b75 resource provider not found; error: Placement Client Error (4xx): {"errors": [{"status": 404, "title": "Not Found", "detail": "The resource could not be found.\n\n No resource provider with uuid bc3a0bcb-8fee-4a8f-ac44-0ecf361f4b75 found for delete ", "request_id": "req-1c7d14d9-0e14-44d3-9900-76d4605383dd"}]}
2026-06-11 08:12:40.595 8 INFO neutron.services.segments.plugin [-] Segment bc3a0bcb-8fee-4a8f-ac44-0ecf361f4b75 resource provider not found; error: Placement Client Error (4xx): {"errors": [{"status": 404, "title": "Not Found", "detail": "The resource could not be found.\n\n No resource provider with uuid bc3a0bcb-8fee-4a8f-ac44-0ecf361f4b75 found for delete ", "request_id": "req-bf0e563e-3252-40c1-9b9d-0fc22633f451"}]} [pid: 8|app: 0|req: 764/1626] 10.0.0.126 () {32 vars in 725 bytes} [Thu Jun 11 08:12:40 2026] DELETE /v2.0/networks/6f4f83dc-9ead-4a44-a4e8-5112178d7396 => generated 0 bytes in 762 msecs (HTTP/1.1 204) 3 headers in 131 bytes (1 switches on core 0) [pid: 8|app: 0|req: 765/1627] 10.0.0.126 () {32 vars in 642 bytes} [Thu Jun 11 08:12:40 2026] GET /v2.0/ports => generated 1523 bytes in 55 msecs (HTTP/1.1 200) 4 headers in 158 bytes (1 switches on core 0)
2026-06-11 08:12:41.061 7 INFO neutron.db.ovn_revision_numbers_db [None req-89960a41-838c-404f-bbdb-4e453a20d5b3 - - - - - -] Successfully bumped revision number for resource d8fce3c0-63b7-4f38-8905-aee0b6042ec3 (type: ports) to 2
2026-06-11 08:12:41.094 8 INFO neutron_taas.services.taas.taas_plugin [None req-eefab358-086c-498e-a39d-610209d02135 9bec112b758d4d279a0483a9f75ca197 4515523a31364a7f93f34f91e66cf172 - - default default] TaaS: Handle Delete Port: 4436e6ab-4801-4aef-9dfe-5e7cd3e4eda9
2026-06-11 08:12:41.099 8 INFO neutron_taas.services.taas.tap_mirror_plugin [None req-eefab358-086c-498e-a39d-610209d02135 9bec112b758d4d279a0483a9f75ca197 4515523a31364a7f93f34f91e66cf172 - - default default] Tap Mirror: Handle Delete Port: 4436e6ab-4801-4aef-9dfe-5e7cd3e4eda9
2026-06-11 08:12:41.201 7 INFO neutron.db.ovn_revision_numbers_db [None req-89960a41-838c-404f-bbdb-4e453a20d5b3 - - - - - -] Successfully bumped revision number for resource ce5a364e-38f8-4928-8db3-b34eb89a94de (type: subnets) to 1 [pid: 7|app: 0|req: 863/1628] 10.0.0.126 () {34 vars in 740 bytes} [Thu Jun 11 08:12:39 2026] PUT /v2.0/subnets/ce5a364e-38f8-4928-8db3-b34eb89a94de => generated 656 bytes in 1282 msecs (HTTP/1.1 200) 4 headers in 157 bytes (1 switches on core 0)
2026-06-11 08:12:41.335 7 INFO neutron.db.segments_db [None req-52605209-30bd-4907-b12b-05f3d1273401 91d37b41be8d435c885f9fd941326add 1eea762de95243b28a2f1bb4801a7d5f - - default default] Added segment b6436073-bbc4-46ca-aeff-4466227a81d8 of type geneve for network c3b00bb4-25ba-418d-a092-79b71ef5a817
2026-06-11 08:12:42.257 7 INFO neutron.db.ovn_revision_numbers_db [None req-52605209-30bd-4907-b12b-05f3d1273401 91d37b41be8d435c885f9fd941326add 1eea762de95243b28a2f1bb4801a7d5f - - default default] Successfully bumped revision number for resource c3b00bb4-25ba-418d-a092-79b71ef5a817 (type: networks) to 1 [pid: 8|app: 0|req: 766/1629] 10.0.0.126 () {32 vars in 725 bytes} [Thu Jun 11 08:12:40 2026] DELETE /v2.0/networks/c54c9c48-e48c-4497-8383-db1c9eba0711 => generated 0 bytes in 1339 msecs (HTTP/1.1 204) 3 headers in 131 bytes (1 switches on core 0)
2026-06-11 08:12:42.437 8 INFO neutron_taas.services.taas.taas_plugin [None req-6a0d1a40-0a5b-4589-9424-15a59eb1b044 3f0694c102194a3ca514e92d55388a27 be9a25c25b894979bdbc4f21648415aa - - default default] TaaS: Handle Delete Port: d8fce3c0-63b7-4f38-8905-aee0b6042ec3
2026-06-11 08:12:42.440 8 INFO neutron_taas.services.taas.tap_mirror_plugin [None req-6a0d1a40-0a5b-4589-9424-15a59eb1b044 3f0694c102194a3ca514e92d55388a27 be9a25c25b894979bdbc4f21648415aa - - default default] Tap Mirror: Handle Delete Port: d8fce3c0-63b7-4f38-8905-aee0b6042ec3
2026-06-11 08:12:42.589 7 WARNING neutron.scheduler.dhcp_agent_scheduler [None req-52605209-30bd-4907-b12b-05f3d1273401 91d37b41be8d435c885f9fd941326add 1eea762de95243b28a2f1bb4801a7d5f - - default default] No more DHCP agents
2026-06-11 08:12:42.591 7 WARNING neutron.api.rpc.agentnotifiers.dhcp_rpc_agent_api [None req-52605209-30bd-4907-b12b-05f3d1273401 91d37b41be8d435c885f9fd941326add 1eea762de95243b28a2f1bb4801a7d5f - - default default] Unable to schedule network c3b00bb4-25ba-418d-a092-79b71ef5a817: no agents available; will retry on subsequent port and subnet creation events.
2026-06-11 08:12:42.619 8 INFO neutron.services.segments.plugin [-] Segment be6abfce-77e4-40c8-b3de-3325d0ca216d resource provider aggregate not found
2026-06-11 08:12:42.624 8 INFO neutron.services.segments.plugin [-] Segment be6abfce-77e4-40c8-b3de-3325d0ca216d resource provider aggregate not found
2026-06-11 08:12:42.634 8 INFO neutron.services.segments.plugin [-] Segment be6abfce-77e4-40c8-b3de-3325d0ca216d resource provider not found; error: Placement Client Error (4xx): {"errors": [{"status": 404, "title": "Not Found", "detail": "The resource could not be found.\n\n No resource provider with uuid be6abfce-77e4-40c8-b3de-3325d0ca216d found for delete ", "request_id": "req-e131ef6c-4d03-4bbc-a1df-4667b1991497"}]}
2026-06-11 08:12:42.645 7 INFO neutron.plugins.ml2.drivers.ovn.mech_driver.mech_driver [None req-762c2775-8147-4151-bbbc-ee4b001922aa - - - - - -] OVN reports status down for port: f0d528c6-7fae-4825-b844-3be8ef8d9d12
2026-06-11 08:12:42.647 8 INFO neutron.services.segments.plugin [-] Segment be6abfce-77e4-40c8-b3de-3325d0ca216d resource provider not found; error: Placement Client Error (4xx): {"errors": [{"status": 404, "title": "Not Found", "detail": "The resource could not be found.\n\n No resource provider with uuid be6abfce-77e4-40c8-b3de-3325d0ca216d found for delete ", "request_id": "req-241d66c1-3ab6-4d1f-90e0-ff8ad4c3be8b"}]}
2026-06-11 08:12:42.877 7 INFO neutron.db.ovn_revision_numbers_db [None req-52605209-30bd-4907-b12b-05f3d1273401 91d37b41be8d435c885f9fd941326add 1eea762de95243b28a2f1bb4801a7d5f - - default default] Successfully bumped revision number for resource f0d528c6-7fae-4825-b844-3be8ef8d9d12 (type: ports) to 1 [pid: 7|app: 0|req: 864/1630] 10.0.0.126 () {34 vars in 669 bytes} [Thu Jun 11 08:12:41 2026] POST /v2.0/networks => generated 672 bytes in 1828 msecs (HTTP/1.1 201) 4 headers in 162 bytes (1 switches on core 0)
2026-06-11 08:12:43.163 7 INFO neutron.db.segments_db [None req-d571fad6-49c2-44f3-ba1e-1ebdafae1ab3 9bec112b758d4d279a0483a9f75ca197 4515523a31364a7f93f34f91e66cf172 - - default default] Added segment abec01ab-d9a3-4a6e-aae6-5cbe0def3449 of type geneve for network dabf9999-8337-45a2-99b1-fcbbb079ec2c [pid: 8|app: 0|req: 767/1631] 10.0.0.126 () {32 vars in 725 bytes} [Thu Jun 11 08:12:42 2026] DELETE /v2.0/networks/41a88ade-f5d1-4205-ac1e-630ea32b32ca => generated 0 bytes in 1016 msecs (HTTP/1.1 204) 3 headers in 131 bytes (1 switches on core 0)
2026-06-11 08:12:43.387 7 INFO neutron.db.ovn_revision_numbers_db [None req-d571fad6-49c2-44f3-ba1e-1ebdafae1ab3 9bec112b758d4d279a0483a9f75ca197 4515523a31364a7f93f34f91e66cf172 - - default default] Successfully bumped revision number for resource dabf9999-8337-45a2-99b1-fcbbb079ec2c (type: networks) to 1 [pid: 8|app: 0|req: 768/1632] 10.0.0.8 () {28 vars in 582 bytes} [Thu Jun 11 08:12:43 2026] GET /v2.0/networks => generated 6126 bytes in 223 msecs (HTTP/1.1 200) 4 headers in 158 bytes (1 switches on core 0)
2026-06-11 08:12:43.724 7 WARNING neutron.scheduler.dhcp_agent_scheduler [None req-d571fad6-49c2-44f3-ba1e-1ebdafae1ab3 9bec112b758d4d279a0483a9f75ca197 4515523a31364a7f93f34f91e66cf172 - - default default] No more DHCP agents
2026-06-11 08:12:43.726 7 WARNING neutron.api.rpc.agentnotifiers.dhcp_rpc_agent_api [None req-d571fad6-49c2-44f3-ba1e-1ebdafae1ab3 9bec112b758d4d279a0483a9f75ca197 4515523a31364a7f93f34f91e66cf172 - - default default] Unable to schedule network dabf9999-8337-45a2-99b1-fcbbb079ec2c: no agents available; will retry on subsequent port and subnet creation events.
2026-06-11 08:12:43.763 8 INFO neutron.db.segments_db [None req-dd0d6185-6242-4659-873f-fbb46f30bfc7 91d37b41be8d435c885f9fd941326add 1eea762de95243b28a2f1bb4801a7d5f - - default default] Added segment c0ffc4f8-1bff-4394-80c9-95235393040a of type geneve for network 337b7a2a-30ad-4d93-beaa-850d5c0e6eca
2026-06-11 08:12:43.772 8 INFO neutron.plugins.ml2.drivers.ovn.mech_driver.mech_driver [None req-6880e573-3fb4-4191-9945-539d5e9e4393 - - - - - -] OVN reports status down for port: 55480207-7e00-4948-8940-4b31a80d4f38
2026-06-11 08:12:43.813 7 INFO neutron.db.ovn_revision_numbers_db [None req-d571fad6-49c2-44f3-ba1e-1ebdafae1ab3 9bec112b758d4d279a0483a9f75ca197 4515523a31364a7f93f34f91e66cf172 - - default default] Successfully bumped revision number for resource 55480207-7e00-4948-8940-4b31a80d4f38 (type: ports) to 1 [pid: 7|app: 0|req: 865/1633] 10.0.0.126 () {34 vars in 669 bytes} [Thu Jun 11 08:12:43 2026] POST /v2.0/networks => generated 648 bytes in 1013 msecs (HTTP/1.1 201) 4 headers in 162 bytes (1 switches on core 0)
2026-06-11 08:12:44.068 7 INFO neutron.pecan_wsgi.hooks.translation [None req-f692b837-e13a-47df-9d86-d071351744e2 3f0694c102194a3ca514e92d55388a27 be9a25c25b894979bdbc4f21648415aa - - default default] DELETE failed (client error): The resource could not be found. [pid: 7|app: 0|req: 866/1634] 10.0.0.126 () {32 vars in 725 bytes} [Thu Jun 11 08:12:44 2026] DELETE /v2.0/networks/41a88ade-f5d1-4205-ac1e-630ea32b32ca => generated 138 bytes in 24 msecs (HTTP/1.1 404) 4 headers in 164 bytes (1 switches on core 0) [pid: 7|app: 0|req: 867/1635] 10.0.0.8 () {28 vars in 576 bytes} [Thu Jun 11 08:12:44 2026] GET /v2.0/ports => generated 9551 bytes in 105 msecs (HTTP/1.1 200) 4 headers in 158 bytes (1 switches on core 0)
2026-06-11 08:12:44.272 8 INFO neutron.db.ovn_revision_numbers_db [None req-dd0d6185-6242-4659-873f-fbb46f30bfc7 91d37b41be8d435c885f9fd941326add 1eea762de95243b28a2f1bb4801a7d5f - - default default] Successfully bumped revision number for resource 337b7a2a-30ad-4d93-beaa-850d5c0e6eca (type: networks) to 1
2026-06-11 08:12:44.475 7 WARNING neutron.scheduler.dhcp_agent_scheduler [None req-d154de4c-9c63-42dc-9809-acca2236322d 9bec112b758d4d279a0483a9f75ca197 4515523a31364a7f93f34f91e66cf172 - - default default] No more DHCP agents
2026-06-11 08:12:44.478 7 WARNING neutron.api.rpc.agentnotifiers.dhcp_rpc_agent_api [None req-d154de4c-9c63-42dc-9809-acca2236322d 9bec112b758d4d279a0483a9f75ca197 4515523a31364a7f93f34f91e66cf172 - - default default] Unable to schedule network dabf9999-8337-45a2-99b1-fcbbb079ec2c: no agents available; will retry on subsequent port and subnet creation events.
2026-06-11 08:12:44.480 8 WARNING neutron.scheduler.dhcp_agent_scheduler [None req-dd0d6185-6242-4659-873f-fbb46f30bfc7 91d37b41be8d435c885f9fd941326add 1eea762de95243b28a2f1bb4801a7d5f - - default default] No more DHCP agents
2026-06-11 08:12:44.481 8 WARNING neutron.api.rpc.agentnotifiers.dhcp_rpc_agent_api [None req-dd0d6185-6242-4659-873f-fbb46f30bfc7 91d37b41be8d435c885f9fd941326add 1eea762de95243b28a2f1bb4801a7d5f - - default default] Unable to schedule network 337b7a2a-30ad-4d93-beaa-850d5c0e6eca: no agents available; will retry on subsequent port and subnet creation events.
2026-06-11 08:12:44.530 8 INFO neutron.plugins.ml2.drivers.ovn.mech_driver.mech_driver [None req-6880e573-3fb4-4191-9945-539d5e9e4393 - - - - - -] OVN reports status down for port: 7d1917a8-ec51-4e13-b343-0fbb6713d791
2026-06-11 08:12:44.642 8 INFO neutron.db.ovn_revision_numbers_db [None req-dd0d6185-6242-4659-873f-fbb46f30bfc7 91d37b41be8d435c885f9fd941326add 1eea762de95243b28a2f1bb4801a7d5f - - default default] Successfully bumped revision number for resource 7d1917a8-ec51-4e13-b343-0fbb6713d791 (type: ports) to 1
2026-06-11 08:12:44.660 8 INFO neutron.services.segments.plugin [-] Segment b1879751-114d-4193-bedf-1b7f132be19e resource provider aggregate not found
2026-06-11 08:12:44.685 8 INFO neutron.services.segments.plugin [-] Segment b1879751-114d-4193-bedf-1b7f132be19e resource provider not found; error: Placement Client Error (4xx): {"errors": [{"status": 404, "title": "Not Found", "detail": "The resource could not be found.\n\n No resource provider with uuid b1879751-114d-4193-bedf-1b7f132be19e found for delete ", "request_id": "req-172ade95-32dc-410f-8b29-3a3e0a04f223"}]}
2026-06-11 08:12:44.695 8 INFO neutron.services.segments.plugin [-] Segment b1879751-114d-4193-bedf-1b7f132be19e resource provider aggregate not found [pid: 8|app: 0|req: 769/1636] 10.0.0.126 () {34 vars in 669 bytes} [Thu Jun 11 08:12:43 2026] POST /v2.0/networks => generated 673 bytes in 1199 msecs (HTTP/1.1 201) 4 headers in 162 bytes (1 switches on core 0)
2026-06-11 08:12:44.715 8 INFO neutron.services.segments.plugin [-] Segment b1879751-114d-4193-bedf-1b7f132be19e resource provider not found; error: Placement Client Error (4xx): {"errors": [{"status": 404, "title": "Not Found", "detail": "The resource could not be found.\n\n No resource provider with uuid b1879751-114d-4193-bedf-1b7f132be19e found for delete ", "request_id": "req-b816522e-182b-4386-8b9f-729c8691d52d"}]} [pid: 8|app: 0|req: 770/1637] 10.0.0.126 () {32 vars in 693 bytes} [Thu Jun 11 08:12:44 2026] GET /v2.0/networks?router%3Aexternal=True => generated 689 bytes in 90 msecs (HTTP/1.1 200) 4 headers in 157 bytes (1 switches on core 0) [pid: 8|app: 0|req: 771/1638] 10.0.0.8 () {28 vars in 580 bytes} [Thu Jun 11 08:12:44 2026] GET /v2.0/subnets => generated 2623 bytes in 33 msecs (HTTP/1.1 200) 4 headers in 158 bytes (1 switches on core 0) [pid: 8|app: 0|req: 772/1639] 10.0.0.126 () {32 vars in 741 bytes} [Thu Jun 11 08:12:44 2026] GET /v2.0/subnets?network_id=20cf6170-7c8b-47a6-bc51-fa67aaf7fed5 => generated 649 bytes in 24 msecs (HTTP/1.1 200) 4 headers in 157 bytes (1 switches on core 0) [pid: 8|app: 0|req: 773/1640] 10.0.0.8 () {28 vars in 616 bytes} [Thu Jun 11 08:12:44 2026] GET /v2.0/network-ip-availabilities => generated 3147 bytes in 15 msecs (HTTP/1.1 200) 4 headers in 158 bytes (1 switches on core 0) [pid: 8|app: 0|req: 774/1641] 10.0.0.126 () {32 vars in 652 bytes} [Thu Jun 11 08:12:44 2026] GET /v2.0/extensions => generated 20541 bytes in 6 msecs (HTTP/1.1 200) 4 headers in 159 bytes (1 switches on core 0) [pid: 8|app: 0|req: 775/1642] 10.0.0.8 () {28 vars in 588 bytes} [Thu Jun 11 08:12:44 2026] GET /v2.0/floatingips => generated 19 bytes in 16 msecs (HTTP/1.1 200) 4 headers in 156 bytes (1 switches on core 0) [pid: 8|app: 0|req: 776/1643] 10.0.0.126 () {32 vars in 648 bytes} [Thu Jun 11 08:12:44 2026] GET /v2.0/networks => generated 1388 bytes in 43 msecs (HTTP/1.1 200) 4 headers in 158 bytes (1 switches on core 0) [pid: 8|app: 0|req: 777/1644] 10.0.0.8 () {28 vars in 596 bytes} [Thu Jun 11 08:12:44 2026] GET /v2.0/security-groups => generated 26109 bytes in 48 msecs (HTTP/1.1 200) 4 headers in 159 bytes (1 switches on core 0) [pid: 8|app: 0|req: 778/1645] 10.0.0.126 () {32 vars in 646 bytes} [Thu Jun 11 08:12:44 2026] GET /v2.0/subnets => generated 1312 bytes in 31 msecs (HTTP/1.1 200) 4 headers in 158 bytes (1 switches on core 0)
2026-06-11 08:12:45.035 7 INFO neutron.db.ovn_revision_numbers_db [None req-4f6898e5-c3b7-4928-9a62-aee11dac0c15 - - - - - -] Successfully bumped revision number for resource 55480207-7e00-4948-8940-4b31a80d4f38 (type: ports) to 2 [pid: 8|app: 0|req: 779/1646] 10.0.0.8 () {28 vars in 580 bytes} [Thu Jun 11 08:12:45 2026] GET /v2.0/routers => generated 15 bytes in 16 msecs (HTTP/1.1 200) 4 headers in 156 bytes (1 switches on core 0)
2026-06-11 08:12:45.105 7 INFO neutron.db.ovn_revision_numbers_db [None req-4f6898e5-c3b7-4928-9a62-aee11dac0c15 - - - - - -] Successfully bumped revision number for resource e5b3e92d-e991-437a-8967-5c69d00deade (type: subnets) to 0 [pid: 8|app: 0|req: 780/1647] 10.0.0.126 () {32 vars in 722 bytes} [Thu Jun 11 08:12:45 2026] GET /v2.0/networks/66be66ee-e732-468b-9072-64dea13d8129 => generated 710 bytes in 65 msecs (HTTP/1.1 200) 4 headers in 157 bytes (1 switches on core 0) [pid: 8|app: 0|req: 781/1648] 10.0.0.8 () {28 vars in 621 bytes} [Thu Jun 11 08:12:45 2026] GET /v2.0/agents?binary=ovn-controller => generated 416 bytes in 22 msecs (HTTP/1.1 200) 4 headers in 157 bytes (1 switches on core 0) [pid: 8|app: 0|req: 782/1649] 10.0.0.126 () {32 vars in 720 bytes} [Thu Jun 11 08:12:45 2026] GET /v2.0/subnets/0e1a2b20-e795-419a-b44c-7fd102d58ee8 => generated 673 bytes in 36 msecs (HTTP/1.1 200) 4 headers in 157 bytes (1 switches on core 0) [pid: 7|app: 0|req: 868/1650] 10.0.0.126 () {34 vars in 668 bytes} [Thu Jun 11 08:12:44 2026] POST /v2.0/subnets => generated 626 bytes in 993 msecs (HTTP/1.1 201) 4 headers in 162 bytes (1 switches on core 0) [pid: 8|app: 0|req: 783/1651] 10.0.0.8 () {28 vars in 578 bytes} [Thu Jun 11 08:12:45 2026] GET /v2.0/agents => generated 1214 bytes in 17 msecs (HTTP/1.1 200) 4 headers in 158 bytes (1 switches on core 0)
2026-06-11 08:12:45.192 7 INFO neutron.pecan_wsgi.hooks.translation [None req-c77ec567-46ab-4418-a678-f212674eace0 3f0694c102194a3ca514e92d55388a27 be9a25c25b894979bdbc4f21648415aa - - default default] DELETE failed (client error): The resource could not be found. [pid: 7|app: 0|req: 869/1652] 10.0.0.126 () {32 vars in 723 bytes} [Thu Jun 11 08:12:45 2026] DELETE /v2.0/subnets/ce5a364e-38f8-4928-8db3-b34eb89a94de => generated 136 bytes in 18 msecs (HTTP/1.1 404) 4 headers in 164 bytes (1 switches on core 0) [pid: 7|app: 0|req: 870/1653] 10.0.0.8 () {28 vars in 580 bytes} [Thu Jun 11 08:12:45 2026] GET /v2.0/subnets => generated 2623 bytes in 34 msecs (HTTP/1.1 200) 4 headers in 158 bytes (1 switches on core 0)
2026-06-11 08:12:45.492 8 INFO neutron.db.ovn_revision_numbers_db [None req-4bb4370c-6332-4dd2-aedd-267be3ed3a8f 9bec112b758d4d279a0483a9f75ca197 4515523a31364a7f93f34f91e66cf172 - - default default] Successfully bumped revision number for resource 4bdd5d7e-9c58-43c4-8baf-cc6273f16be0 (type: routers) to 1 [pid: 8|app: 0|req: 784/1654] 10.0.0.126 () {34 vars in 668 bytes} [Thu Jun 11 08:12:45 2026] POST /v2.0/routers => generated 603 bytes in 416 msecs (HTTP/1.1 201) 4 headers in 162 bytes (1 switches on core 0)
2026-06-11 08:12:45.661 8 INFO neutron.pecan_wsgi.hooks.translation [None req-6fcf4471-ac22-4a2a-af68-1274ac4fe20a 3f0694c102194a3ca514e92d55388a27 be9a25c25b894979bdbc4f21648415aa - - default default] DELETE failed (client error): The resource could not be found. [pid: 8|app: 0|req: 785/1655] 10.0.0.126 () {32 vars in 725 bytes} [Thu Jun 11 08:12:45 2026] DELETE /v2.0/networks/41a88ade-f5d1-4205-ac1e-630ea32b32ca => generated 138 bytes in 66 msecs (HTTP/1.1 404) 4 headers in 164 bytes (1 switches on core 0) [pid: 8|app: 0|req: 786/1656] 10.0.0.8 () {28 vars in 588 bytes} [Thu Jun 11 08:12:45 2026] GET /v2.0/subnetpools => generated 19 bytes in 10 msecs (HTTP/1.1 200) 4 headers in 156 bytes (1 switches on core 0)
2026-06-11 08:12:45.717 7 WARNING neutron.scheduler.dhcp_agent_scheduler [None req-20f12df7-9e99-4bde-aafb-06695e9ab2a7 91d37b41be8d435c885f9fd941326add 1eea762de95243b28a2f1bb4801a7d5f - - default default] No more DHCP agents
2026-06-11 08:12:45.719 7 WARNING neutron.api.rpc.agentnotifiers.dhcp_rpc_agent_api [None req-20f12df7-9e99-4bde-aafb-06695e9ab2a7 91d37b41be8d435c885f9fd941326add 1eea762de95243b28a2f1bb4801a7d5f - - default default] Unable to schedule network c3b00bb4-25ba-418d-a092-79b71ef5a817: no agents available; will retry on subsequent port and subnet creation events.
2026-06-11 08:12:46.003 7 INFO neutron.db.ovn_revision_numbers_db [None req-20f12df7-9e99-4bde-aafb-06695e9ab2a7 91d37b41be8d435c885f9fd941326add 1eea762de95243b28a2f1bb4801a7d5f - - default default] Successfully bumped revision number for resource a3ddec95-04eb-4e30-8c81-71cb5706c63c (type: subnets) to 0
2026-06-11 08:12:46.041 7 WARNING neutron.scheduler.dhcp_agent_scheduler [None req-20f12df7-9e99-4bde-aafb-06695e9ab2a7 91d37b41be8d435c885f9fd941326add 1eea762de95243b28a2f1bb4801a7d5f - - default default] No more DHCP agents
2026-06-11 08:12:46.043 7 WARNING neutron.api.rpc.agentnotifiers.dhcp_rpc_agent_api [None req-20f12df7-9e99-4bde-aafb-06695e9ab2a7 91d37b41be8d435c885f9fd941326add 1eea762de95243b28a2f1bb4801a7d5f - - default default] Unable to schedule network 337b7a2a-30ad-4d93-beaa-850d5c0e6eca: no agents available; will retry on subsequent port and subnet creation events.
2026-06-11 08:12:46.214 7 INFO neutron.db.ovn_revision_numbers_db [None req-20f12df7-9e99-4bde-aafb-06695e9ab2a7 91d37b41be8d435c885f9fd941326add 1eea762de95243b28a2f1bb4801a7d5f - - default default] Successfully bumped revision number for resource 5025fd9d-7c79-40eb-a5cb-d804b47b62ee (type: subnets) to 0 [pid: 7|app: 0|req: 871/1657] 10.0.0.126 () {34 vars in 668 bytes} [Thu Jun 11 08:12:45 2026] POST /v2.0/subnets => generated 1323 bytes in 1382 msecs (HTTP/1.1 201) 4 headers in 163 bytes (1 switches on core 0)
2026-06-11 08:12:46.646 8 WARNING neutron.scheduler.dhcp_agent_scheduler [None req-70c8b5c5-8dac-4d43-a821-b97477b2ac74 9bec112b758d4d279a0483a9f75ca197 4515523a31364a7f93f34f91e66cf172 - - default default] No more DHCP agents
2026-06-11 08:12:46.647 8 WARNING neutron.api.rpc.agentnotifiers.dhcp_rpc_agent_api [None req-70c8b5c5-8dac-4d43-a821-b97477b2ac74 9bec112b758d4d279a0483a9f75ca197 4515523a31364a7f93f34f91e66cf172 - - default default] Unable to schedule network dabf9999-8337-45a2-99b1-fcbbb079ec2c: no agents available; will retry on subsequent port and subnet creation events.
2026-06-11 08:12:46.748 8 INFO neutron.plugins.ml2.drivers.ovn.mech_driver.mech_driver [None req-6880e573-3fb4-4191-9945-539d5e9e4393 - - - - - -] OVN reports status down for port: 171703fc-3079-4b3f-8185-3d374efe476d
2026-06-11 08:12:47.020 8 INFO neutron.db.ovn_revision_numbers_db [None req-70c8b5c5-8dac-4d43-a821-b97477b2ac74 9bec112b758d4d279a0483a9f75ca197 4515523a31364a7f93f34f91e66cf172 - - default default] Successfully bumped revision number for resource 171703fc-3079-4b3f-8185-3d374efe476d (type: ports) to 1 [pid: 8|app: 0|req: 787/1658] 10.0.0.126 () {34 vars in 664 bytes} [Thu Jun 11 08:12:45 2026] POST /v2.0/ports => generated 947 bytes in 2037 msecs (HTTP/1.1 201) 4 headers in 162 bytes (1 switches on core 0) /var/lib/openstack/lib/python3.12/site-packages/pycadf/identifier.py:70: UserWarning: Invalid uuid: neutron. To ensure interoperability, identifiers should be a valid uuid. warnings.warn(('Invalid uuid: %s. To ensure interoperability, ' [pid: 8|app: 0|req: 788/1659] 10.0.0.126 () {32 vars in 646 bytes} [Thu Jun 11 08:12:47 2026] GET /v2.0/subnets => generated 1959 bytes in 29 msecs (HTTP/1.1 200) 4 headers in 158 bytes (1 switches on core 0) [pid: 7|app: 0|req: 872/1660] 10.0.0.126 () {32 vars in 723 bytes} [Thu Jun 11 08:12:46 2026] DELETE /v2.0/subnets/0e1a2b20-e795-419a-b44c-7fd102d58ee8 => generated 0 bytes in 1930 msecs (HTTP/1.1 204) 3 headers in 131 bytes (1 switches on core 0) [pid: 7|app: 0|req: 873/1661] 10.0.0.126 () {32 vars in 723 bytes} [Thu Jun 11 08:12:48 2026] DELETE /v2.0/subnets/a3ddec95-04eb-4e30-8c81-71cb5706c63c => generated 0 bytes in 865 msecs (HTTP/1.1 204) 3 headers in 131 bytes (1 switches on core 0)
2026-06-11 08:12:49.423 8 INFO neutron.plugins.ml2.drivers.ovn.mech_driver.mech_driver [None req-6880e573-3fb4-4191-9945-539d5e9e4393 - - - - - -] OVN reports status up for port: 171703fc-3079-4b3f-8185-3d374efe476d
2026-06-11 08:12:49.531 7 INFO neutron_taas.services.taas.taas_plugin [None req-7dcf053f-93b6-4ea2-8286-1209a98bcb0f 3f0694c102194a3ca514e92d55388a27 be9a25c25b894979bdbc4f21648415aa - - default default] TaaS: Handle Delete Port: b1d5d597-7c09-4b88-808d-b68193067ec6
2026-06-11 08:12:49.534 7 INFO neutron_taas.services.taas.tap_mirror_plugin [None req-7dcf053f-93b6-4ea2-8286-1209a98bcb0f 3f0694c102194a3ca514e92d55388a27 be9a25c25b894979bdbc4f21648415aa - - default default] Tap Mirror: Handle Delete Port: b1d5d597-7c09-4b88-808d-b68193067ec6
2026-06-11 08:12:49.658 8 INFO neutron.plugins.ml2.plugin [None req-6880e573-3fb4-4191-9945-539d5e9e4393 - - - - - -] Attempt 1 to provision port 171703fc-3079-4b3f-8185-3d374efe476d
2026-06-11 08:12:49.765 8 INFO neutron.db.ovn_revision_numbers_db [None req-816d8004-264f-463d-9d3c-4540d528fb41 9bec112b758d4d279a0483a9f75ca197 4515523a31364a7f93f34f91e66cf172 - - default default] Successfully bumped revision number for resource 171703fc-3079-4b3f-8185-3d374efe476d (type: ports) to 2
2026-06-11 08:12:50.087 7 INFO neutron.services.segments.plugin [-] Segment bbf3fb5e-8b19-490d-9534-ea7bb6201be5 resource provider aggregate not found
2026-06-11 08:12:50.092 7 INFO neutron.services.segments.plugin [-] Segment bbf3fb5e-8b19-490d-9534-ea7bb6201be5 resource provider aggregate not found
2026-06-11 08:12:50.106 7 INFO neutron.services.segments.plugin [-] Segment bbf3fb5e-8b19-490d-9534-ea7bb6201be5 resource provider not found; error: Placement Client Error (4xx): {"errors": [{"status": 404, "title": "Not Found", "detail": "The resource could not be found.\n\n No resource provider with uuid bbf3fb5e-8b19-490d-9534-ea7bb6201be5 found for delete ", "request_id": "req-419d40e2-bfa3-4070-ba84-296caea7cee4"}]}
2026-06-11 08:12:50.110 7 INFO neutron.services.segments.plugin [-] Segment bbf3fb5e-8b19-490d-9534-ea7bb6201be5 resource provider not found; error: Placement Client Error (4xx): {"errors": [{"status": 404, "title": "Not Found", "detail": "The resource could not be found.\n\n No resource provider with uuid bbf3fb5e-8b19-490d-9534-ea7bb6201be5 found for delete ", "request_id": "req-da0e0984-4ac8-46c4-bb70-a01ceb772291"}]} [pid: 7|app: 0|req: 874/1662] 10.0.0.126 () {32 vars in 725 bytes} [Thu Jun 11 08:12:49 2026] DELETE /v2.0/networks/66be66ee-e732-468b-9072-64dea13d8129 => generated 0 bytes in 783 msecs (HTTP/1.1 204) 3 headers in 131 bytes (1 switches on core 0)
2026-06-11 08:12:50.367 8 INFO neutron.db.ovn_revision_numbers_db [None req-6880e573-3fb4-4191-9945-539d5e9e4393 - - - - - -] Successfully bumped revision number for resource 171703fc-3079-4b3f-8185-3d374efe476d (type: ports) to 3 [pid: 7|app: 0|req: 875/1663] 10.0.0.126 () {32 vars in 723 bytes} [Thu Jun 11 08:12:50 2026] DELETE /v2.0/subnets/5025fd9d-7c79-40eb-a5cb-d804b47b62ee => generated 0 bytes in 190 msecs (HTTP/1.1 204) 3 headers in 131 bytes (1 switches on core 0) [pid: 7|app: 0|req: 878/1666] 10.0.0.126 () {32 vars in 646 bytes} [Thu Jun 11 08:12:50 2026] GET /v2.0/subnets => generated 649 bytes in 29 msecs (HTTP/1.1 200) 4 headers in 157 bytes (1 switches on core 0)
2026-06-11 08:12:50.556 7 INFO neutron_taas.services.taas.taas_plugin [None req-4d250489-c8a2-425e-96ba-1e8214bf572d 91d37b41be8d435c885f9fd941326add 1eea762de95243b28a2f1bb4801a7d5f - - default default] TaaS: Handle Delete Port: 7d1917a8-ec51-4e13-b343-0fbb6713d791
2026-06-11 08:12:50.559 7 INFO neutron_taas.services.taas.tap_mirror_plugin [None req-4d250489-c8a2-425e-96ba-1e8214bf572d 91d37b41be8d435c885f9fd941326add 1eea762de95243b28a2f1bb4801a7d5f - - default default] Tap Mirror: Handle Delete Port: 7d1917a8-ec51-4e13-b343-0fbb6713d791 [pid: 7|app: 0|req: 879/1667] 10.0.0.126 () {32 vars in 725 bytes} [Thu Jun 11 08:12:50 2026] DELETE /v2.0/networks/337b7a2a-30ad-4d93-beaa-850d5c0e6eca => generated 0 bytes in 392 msecs (HTTP/1.1 204) 3 headers in 131 bytes (1 switches on core 0)
2026-06-11 08:12:50.911 8 WARNING neutron.scheduler.dhcp_agent_scheduler [None req-816d8004-264f-463d-9d3c-4540d528fb41 9bec112b758d4d279a0483a9f75ca197 4515523a31364a7f93f34f91e66cf172 - - default default] No more DHCP agents
2026-06-11 08:12:50.912 8 WARNING neutron.api.rpc.agentnotifiers.dhcp_rpc_agent_api [None req-816d8004-264f-463d-9d3c-4540d528fb41 9bec112b758d4d279a0483a9f75ca197 4515523a31364a7f93f34f91e66cf172 - - default default] Unable to schedule network dabf9999-8337-45a2-99b1-fcbbb079ec2c: no agents available; will retry on subsequent port and subnet creation events. [pid: 7|app: 0|req: 880/1668] 10.0.0.126 () {32 vars in 773 bytes} [Thu Jun 11 08:12:50 2026] GET /v2.0/security-groups?tenant_id=be9a25c25b894979bdbc4f21648415aa&name=default => generated 2925 bytes in 122 msecs (HTTP/1.1 200) 4 headers in 158 bytes (1 switches on core 0)
2026-06-11 08:12:51.093 7 INFO neutron_taas.services.taas.taas_plugin [None req-c99e04af-8b34-4f6d-b6e1-2cd2e31101fc 91d37b41be8d435c885f9fd941326add 1eea762de95243b28a2f1bb4801a7d5f - - default default] TaaS: Handle Delete Port: f0d528c6-7fae-4825-b844-3be8ef8d9d12
2026-06-11 08:12:51.097 7 INFO neutron_taas.services.taas.tap_mirror_plugin [None req-c99e04af-8b34-4f6d-b6e1-2cd2e31101fc 91d37b41be8d435c885f9fd941326add 1eea762de95243b28a2f1bb4801a7d5f - - default default] Tap Mirror: Handle Delete Port: f0d528c6-7fae-4825-b844-3be8ef8d9d12
2026-06-11 08:12:51.175 8 INFO neutron.db.ovn_revision_numbers_db [None req-816d8004-264f-463d-9d3c-4540d528fb41 9bec112b758d4d279a0483a9f75ca197 4515523a31364a7f93f34f91e66cf172 - - default default] Successfully bumped revision number for resource 171703fc-3079-4b3f-8185-3d374efe476d (type: router_ports) to 3 [pid: 8|app: 0|req: 789/1669] 10.0.0.126 () {34 vars in 782 bytes} [Thu Jun 11 08:12:47 2026] PUT /v2.0/routers/4bdd5d7e-9c58-43c4-8baf-cc6273f16be0/add_router_interface => generated 309 bytes in 3437 msecs (HTTP/1.1 200) 4 headers in 157 bytes (1 switches on core 0) /var/lib/openstack/lib/python3.12/site-packages/pycadf/identifier.py:70: UserWarning: Invalid uuid: neutron. To ensure interoperability, identifiers should be a valid uuid. warnings.warn(('Invalid uuid: %s. To ensure interoperability, ' [pid: 7|app: 0|req: 881/1670] 10.0.0.126 () {32 vars in 725 bytes} [Thu Jun 11 08:12:50 2026] DELETE /v2.0/networks/c3b00bb4-25ba-418d-a092-79b71ef5a817 => generated 0 bytes in 491 msecs (HTTP/1.1 204) 3 headers in 131 bytes (1 switches on core 0) [pid: 7|app: 0|req: 882/1671] 10.0.0.126 () {32 vars in 716 bytes} [Thu Jun 11 08:12:51 2026] GET /v2.0/ports/171703fc-3079-4b3f-8185-3d374efe476d => generated 1009 bytes in 75 msecs (HTTP/1.1 200) 4 headers in 158 bytes (1 switches on core 0) [pid: 8|app: 0|req: 790/1672] 10.0.0.126 () {32 vars in 739 bytes} [Thu Jun 11 08:12:51 2026] DELETE /v2.0/security-groups/d3ba538f-9019-435a-a31b-5805e2b0062d => generated 0 bytes in 344 msecs (HTTP/1.1 204) 2 headers in 112 bytes (1 switches on core 0)
2026-06-11 08:12:51.625 7 INFO neutron_taas.services.taas.taas_plugin [None req-2eef56eb-4990-4a0b-82a8-d5e0adb5168a 91d37b41be8d435c885f9fd941326add 1eea762de95243b28a2f1bb4801a7d5f - - default default] TaaS: Handle Delete Port: 4f50dd65-ab7c-49da-a5b0-cabb95c209e2
2026-06-11 08:12:51.629 7 INFO neutron_taas.services.taas.tap_mirror_plugin [None req-2eef56eb-4990-4a0b-82a8-d5e0adb5168a 91d37b41be8d435c885f9fd941326add 1eea762de95243b28a2f1bb4801a7d5f - - default default] Tap Mirror: Handle Delete Port: 4f50dd65-ab7c-49da-a5b0-cabb95c209e2
2026-06-11 08:12:51.873 8 INFO neutron_taas.services.taas.taas_plugin [None req-dc96a7ff-b066-439e-9087-d9c2e778c3e3 9bec112b758d4d279a0483a9f75ca197 4515523a31364a7f93f34f91e66cf172 - - default default] TaaS: Handle Delete Port: 171703fc-3079-4b3f-8185-3d374efe476d
2026-06-11 08:12:51.879 8 INFO neutron_taas.services.taas.tap_mirror_plugin [None req-dc96a7ff-b066-439e-9087-d9c2e778c3e3 9bec112b758d4d279a0483a9f75ca197 4515523a31364a7f93f34f91e66cf172 - - default default] Tap Mirror: Handle Delete Port: 171703fc-3079-4b3f-8185-3d374efe476d [pid: 7|app: 0|req: 883/1673] 10.0.0.126 () {32 vars in 725 bytes} [Thu Jun 11 08:12:51 2026] DELETE /v2.0/networks/ead42ce3-6733-4a22-9468-e64dccf8f1de => generated 0 bytes in 409 msecs (HTTP/1.1 204) 3 headers in 131 bytes (1 switches on core 0)
2026-06-11 08:12:52.043 7 INFO neutron_taas.services.taas.taas_plugin [None req-6b417d86-92fe-458e-a247-485c241b6f68 91d37b41be8d435c885f9fd941326add 1eea762de95243b28a2f1bb4801a7d5f - - default default] TaaS: Handle Delete Port: 7d099205-e118-40a0-ad04-0ac1069abc8b
2026-06-11 08:12:52.047 7 INFO neutron_taas.services.taas.tap_mirror_plugin [None req-6b417d86-92fe-458e-a247-485c241b6f68 91d37b41be8d435c885f9fd941326add 1eea762de95243b28a2f1bb4801a7d5f - - default default] Tap Mirror: Handle Delete Port: 7d099205-e118-40a0-ad04-0ac1069abc8b
2026-06-11 08:12:52.135 7 INFO neutron.services.segments.plugin [-] Segment c0ffc4f8-1bff-4394-80c9-95235393040a resource provider aggregate not found
2026-06-11 08:12:52.139 7 INFO neutron.services.segments.plugin [-] Segment c0ffc4f8-1bff-4394-80c9-95235393040a resource provider aggregate not found
2026-06-11 08:12:52.155 7 INFO neutron.services.segments.plugin [-] Segment c0ffc4f8-1bff-4394-80c9-95235393040a resource provider not found; error: Placement Client Error (4xx): {"errors": [{"status": 404, "title": "Not Found", "detail": "The resource could not be found.\n\n No resource provider with uuid c0ffc4f8-1bff-4394-80c9-95235393040a found for delete ", "request_id": "req-ebb169c5-07ad-44ec-8e30-8bf76a9eb512"}]}
2026-06-11 08:12:52.168 7 INFO neutron.services.segments.plugin [-] Segment c0ffc4f8-1bff-4394-80c9-95235393040a resource provider not found; error: Placement Client Error (4xx): {"errors": [{"status": 404, "title": "Not Found", "detail": "The resource could not be found.\n\n No resource provider with uuid c0ffc4f8-1bff-4394-80c9-95235393040a found for delete ", "request_id": "req-9e2c69e3-b04f-43b8-899e-2107b4040fbb"}]}
2026-06-11 08:12:52.172 7 INFO neutron.services.segments.plugin [-] Segment b6436073-bbc4-46ca-aeff-4466227a81d8 resource provider aggregate not found
2026-06-11 08:12:52.196 7 INFO neutron.services.segments.plugin [-] Segment b6436073-bbc4-46ca-aeff-4466227a81d8 resource provider aggregate not found
2026-06-11 08:12:52.204 7 INFO neutron.services.segments.plugin [-] Segment b6436073-bbc4-46ca-aeff-4466227a81d8 resource provider not found; error: Placement Client Error (4xx): {"errors": [{"status": 404, "title": "Not Found", "detail": "The resource could not be found.\n\n No resource provider with uuid b6436073-bbc4-46ca-aeff-4466227a81d8 found for delete ", "request_id": "req-a74faf2a-4443-41ed-b31a-1549c62c7867"}]}
2026-06-11 08:12:52.222 7 INFO neutron.services.segments.plugin [-] Segment b6436073-bbc4-46ca-aeff-4466227a81d8 resource provider not found; error: Placement Client Error (4xx): {"errors": [{"status": 404, "title": "Not Found", "detail": "The resource could not be found.\n\n No resource provider with uuid b6436073-bbc4-46ca-aeff-4466227a81d8 found for delete ", "request_id": "req-0cc28d23-3891-4cf8-9a50-85c0093a54d0"}]}
2026-06-11 08:12:52.228 7 INFO neutron.services.segments.plugin [-] Segment c64738e6-e088-415e-90e2-ca57a82e150d resource provider aggregate not found
2026-06-11 08:12:52.238 7 INFO neutron.services.segments.plugin [-] Segment c64738e6-e088-415e-90e2-ca57a82e150d resource provider aggregate not found
2026-06-11 08:12:52.264 7 INFO neutron.services.segments.plugin [-] Segment c64738e6-e088-415e-90e2-ca57a82e150d resource provider not found; error: Placement Client Error (4xx): {"errors": [{"status": 404, "title": "Not Found", "detail": "The resource could not be found.\n\n No resource provider with uuid c64738e6-e088-415e-90e2-ca57a82e150d found for delete ", "request_id": "req-7331f2d5-1074-4c2f-b1b4-59b9f1ca0674"}]}
2026-06-11 08:12:52.273 7 INFO neutron.services.segments.plugin [-] Segment c64738e6-e088-415e-90e2-ca57a82e150d resource provider not found; error: Placement Client Error (4xx): {"errors": [{"status": 404, "title": "Not Found", "detail": "The resource could not be found.\n\n No resource provider with uuid c64738e6-e088-415e-90e2-ca57a82e150d found for delete ", "request_id": "req-75f5ce41-f681-413f-8337-c381253645be"}]} [pid: 8|app: 0|req: 791/1674] 10.0.0.126 () {34 vars in 788 bytes} [Thu Jun 11 08:12:51 2026] PUT /v2.0/routers/4bdd5d7e-9c58-43c4-8baf-cc6273f16be0/remove_router_interface => generated 309 bytes in 786 msecs (HTTP/1.1 200) 4 headers in 157 bytes (1 switches on core 0) /var/lib/openstack/lib/python3.12/site-packages/pycadf/identifier.py:70: UserWarning: Invalid uuid: neutron. To ensure interoperability, identifiers should be a valid uuid. warnings.warn(('Invalid uuid: %s. To ensure interoperability, '
2026-06-11 08:12:52.384 8 INFO neutron.api.v2.resource [None req-7605dc6a-2584-428a-a0ce-6594ad2c9f48 9bec112b758d4d279a0483a9f75ca197 4515523a31364a7f93f34f91e66cf172 - - default default] remove_router_interface failed (client error): The resource could not be found. [pid: 8|app: 0|req: 792/1675] 10.0.0.126 () {34 vars in 788 bytes} [Thu Jun 11 08:12:52 2026] PUT /v2.0/routers/4bdd5d7e-9c58-43c4-8baf-cc6273f16be0/remove_router_interface => generated 197 bytes in 65 msecs (HTTP/1.1 404) 4 headers in 164 bytes (1 switches on core 0) [pid: 7|app: 0|req: 884/1676] 10.0.0.126 () {32 vars in 725 bytes} [Thu Jun 11 08:12:51 2026] DELETE /v2.0/networks/d1fd1343-b9ee-4c1a-b741-8f21aecb7422 => generated 0 bytes in 472 msecs (HTTP/1.1 204) 3 headers in 131 bytes (1 switches on core 0) [pid: 8|app: 0|req: 793/1677] 10.0.0.126 () {32 vars in 735 bytes} [Thu Jun 11 08:12:52 2026] GET /v2.0/ports?device_id=4bdd5d7e-9c58-43c4-8baf-cc6273f16be0 => generated 12 bytes in 22 msecs (HTTP/1.1 200) 4 headers in 156 bytes (1 switches on core 0) [pid: 7|app: 0|req: 885/1678] 10.0.0.126 () {32 vars in 723 bytes} [Thu Jun 11 08:12:52 2026] DELETE /v2.0/routers/4bdd5d7e-9c58-43c4-8baf-cc6273f16be0 => generated 0 bytes in 218 msecs (HTTP/1.1 204) 2 headers in 112 bytes (1 switches on core 0) [pid: 8|app: 0|req: 794/1679] 10.0.0.126 () {32 vars in 723 bytes} [Thu Jun 11 08:12:52 2026] DELETE /v2.0/subnets/e5b3e92d-e991-437a-8967-5c69d00deade => generated 0 bytes in 220 msecs (HTTP/1.1 204) 3 headers in 131 bytes (1 switches on core 0) [pid: 7|app: 0|req: 886/1680] 10.0.0.126 () {32 vars in 773 bytes} [Thu Jun 11 08:12:52 2026] GET /v2.0/security-groups?tenant_id=1eea762de95243b28a2f1bb4801a7d5f&name=default => generated 2925 bytes in 179 msecs (HTTP/1.1 200) 4 headers in 158 bytes (1 switches on core 0)
2026-06-11 08:12:53.054 8 INFO neutron_taas.services.taas.taas_plugin [None req-725ea343-ba5f-40b7-bb1b-bb92a74a553e 9bec112b758d4d279a0483a9f75ca197 4515523a31364a7f93f34f91e66cf172 - - default default] TaaS: Handle Delete Port: 55480207-7e00-4948-8940-4b31a80d4f38
2026-06-11 08:12:53.062 8 INFO neutron_taas.services.taas.tap_mirror_plugin [None req-725ea343-ba5f-40b7-bb1b-bb92a74a553e 9bec112b758d4d279a0483a9f75ca197 4515523a31364a7f93f34f91e66cf172 - - default default] Tap Mirror: Handle Delete Port: 55480207-7e00-4948-8940-4b31a80d4f38
2026-06-11 08:12:53.428 8 INFO neutron.services.segments.plugin [-] Segment abec01ab-d9a3-4a6e-aae6-5cbe0def3449 resource provider aggregate not found
2026-06-11 08:12:53.435 8 INFO neutron.services.segments.plugin [-] Segment abec01ab-d9a3-4a6e-aae6-5cbe0def3449 resource provider aggregate not found
2026-06-11 08:12:53.454 8 INFO neutron.services.segments.plugin [-] Segment abec01ab-d9a3-4a6e-aae6-5cbe0def3449 resource provider not found; error: Placement Client Error (4xx): {"errors": [{"status": 404, "title": "Not Found", "detail": "The resource could not be found.\n\n No resource provider with uuid abec01ab-d9a3-4a6e-aae6-5cbe0def3449 found for delete ", "request_id": "req-0c977123-7bfc-49c4-9345-9c09098aeb6d"}]}
2026-06-11 08:12:53.456 8 INFO neutron.services.segments.plugin [-] Segment abec01ab-d9a3-4a6e-aae6-5cbe0def3449 resource provider not found; error: Placement Client Error (4xx): {"errors": [{"status": 404, "title": "Not Found", "detail": "The resource could not be found.\n\n No resource provider with uuid abec01ab-d9a3-4a6e-aae6-5cbe0def3449 found for delete ", "request_id": "req-14ca0cce-5f69-421e-b4ec-2b2bb5aa2506"}]} [pid: 8|app: 0|req: 795/1681] 10.0.0.126 () {32 vars in 725 bytes} [Thu Jun 11 08:12:52 2026] DELETE /v2.0/networks/dabf9999-8337-45a2-99b1-fcbbb079ec2c => generated 0 bytes in 673 msecs (HTTP/1.1 204) 3 headers in 131 bytes (1 switches on core 0) [pid: 7|app: 0|req: 887/1682] 10.0.0.126 () {32 vars in 739 bytes} [Thu Jun 11 08:12:53 2026] DELETE /v2.0/security-groups/0de0a1c4-f774-41d8-bdb1-66795cb90e6f => generated 0 bytes in 555 msecs (HTTP/1.1 204) 2 headers in 112 bytes (1 switches on core 0)
2026-06-11 08:12:53.694 8 INFO neutron.db.segments_db [None req-eb7c7ab3-3ba6-46aa-9024-4e7366bf8040 9bec112b758d4d279a0483a9f75ca197 4515523a31364a7f93f34f91e66cf172 - - default default] Added segment bcd23ec5-7884-43c3-8552-7bca708d5e7e of type geneve for network c039ae9b-79b9-4a48-bede-cfb6858a05af
2026-06-11 08:12:53.850 8 INFO neutron.db.ovn_revision_numbers_db [None req-eb7c7ab3-3ba6-46aa-9024-4e7366bf8040 9bec112b758d4d279a0483a9f75ca197 4515523a31364a7f93f34f91e66cf172 - - default default] Successfully bumped revision number for resource c039ae9b-79b9-4a48-bede-cfb6858a05af (type: networks) to 1
2026-06-11 08:12:54.067 8 WARNING neutron.scheduler.dhcp_agent_scheduler [None req-eb7c7ab3-3ba6-46aa-9024-4e7366bf8040 9bec112b758d4d279a0483a9f75ca197 4515523a31364a7f93f34f91e66cf172 - - default default] No more DHCP agents
2026-06-11 08:12:54.069 8 WARNING neutron.api.rpc.agentnotifiers.dhcp_rpc_agent_api [None req-eb7c7ab3-3ba6-46aa-9024-4e7366bf8040 9bec112b758d4d279a0483a9f75ca197 4515523a31364a7f93f34f91e66cf172 - - default default] Unable to schedule network c039ae9b-79b9-4a48-bede-cfb6858a05af: no agents available; will retry on subsequent port and subnet creation events.
2026-06-11 08:12:54.170 8 INFO neutron.db.ovn_revision_numbers_db [None req-eb7c7ab3-3ba6-46aa-9024-4e7366bf8040 9bec112b758d4d279a0483a9f75ca197 4515523a31364a7f93f34f91e66cf172 - - default default] Successfully bumped revision number for resource 9088ff5b-ec13-4c8d-961f-d15d0e45432c (type: ports) to 1 [pid: 8|app: 0|req: 796/1683] 10.0.0.126 () {34 vars in 669 bytes} [Thu Jun 11 08:12:53 2026] POST /v2.0/networks => generated 648 bytes in 686 msecs (HTTP/1.1 201) 4 headers in 162 bytes (1 switches on core 0)
2026-06-11 08:12:54.262 7 INFO neutron.db.ovn_revision_numbers_db [None req-ce57582d-17ac-4517-a3a2-44d4d0814554 a1a7d1a21b98443d80b3aad6091ebe6c 30529640b7584fed9389224321bd5aea - - default default] Successfully bumped revision number for resource dbdfe24a-bede-4475-a446-fc495d87bf15 (type: security_groups) to 1
2026-06-11 08:12:54.288 7 INFO neutron.services.segments.plugin [-] Segment 8abd94b4-36be-4343-b569-05afc3be1af2 resource provider aggregate not found
2026-06-11 08:12:54.296 7 INFO neutron.services.segments.plugin [-] Segment 8abd94b4-36be-4343-b569-05afc3be1af2 resource provider aggregate not found
2026-06-11 08:12:54.300 7 INFO neutron.db.ovn_revision_numbers_db [None req-ce57582d-17ac-4517-a3a2-44d4d0814554 a1a7d1a21b98443d80b3aad6091ebe6c 30529640b7584fed9389224321bd5aea - - default default] Successfully bumped revision number for resource 09d31b21-7487-4f16-8577-341113af7418 (type: security_group_rules) to 0
2026-06-11 08:12:54.311 7 INFO neutron.services.segments.plugin [-] Segment 8abd94b4-36be-4343-b569-05afc3be1af2 resource provider not found; error: Placement Client Error (4xx): {"errors": [{"status": 404, "title": "Not Found", "detail": "The resource could not be found.\n\n No resource provider with uuid 8abd94b4-36be-4343-b569-05afc3be1af2 found for delete ", "request_id": "req-e2485927-6108-48c1-9ab5-d56f26e79c9b"}]}
2026-06-11 08:12:54.318 7 INFO neutron.services.segments.plugin [-] Segment 8abd94b4-36be-4343-b569-05afc3be1af2 resource provider not found; error: Placement Client Error (4xx): {"errors": [{"status": 404, "title": "Not Found", "detail": "The resource could not be found.\n\n No resource provider with uuid 8abd94b4-36be-4343-b569-05afc3be1af2 found for delete ", "request_id": "req-d903ef75-18b4-481e-9ec0-cf176f25f9a7"}]}
2026-06-11 08:12:54.329 7 INFO neutron.db.ovn_revision_numbers_db [None req-ce57582d-17ac-4517-a3a2-44d4d0814554 a1a7d1a21b98443d80b3aad6091ebe6c 30529640b7584fed9389224321bd5aea - - default default] Successfully bumped revision number for resource 14b9e361-179a-41c5-93a1-abb433b99b1f (type: security_group_rules) to 0
2026-06-11 08:12:54.344 7 INFO neutron.db.ovn_revision_numbers_db [None req-ce57582d-17ac-4517-a3a2-44d4d0814554 a1a7d1a21b98443d80b3aad6091ebe6c 30529640b7584fed9389224321bd5aea - - default default] Successfully bumped revision number for resource 62e2ac4f-f58e-40d6-a901-dcd438fa9271 (type: security_group_rules) to 0
2026-06-11 08:12:54.367 7 INFO neutron.db.ovn_revision_numbers_db [None req-ce57582d-17ac-4517-a3a2-44d4d0814554 a1a7d1a21b98443d80b3aad6091ebe6c 30529640b7584fed9389224321bd5aea - - default default] Successfully bumped revision number for resource b8445f27-9223-43ce-9d50-f5de8e12ee75 (type: security_group_rules) to 0
2026-06-11 08:12:54.461 7 INFO neutron.db.segments_db [None req-ce57582d-17ac-4517-a3a2-44d4d0814554 a1a7d1a21b98443d80b3aad6091ebe6c 30529640b7584fed9389224321bd5aea - - default default] Added segment 5b2c6f0f-3933-4bf6-ac74-562a84d80461 of type geneve for network 69c1b547-ad9f-4ef5-9b33-6a3d2f6fcbd7
2026-06-11 08:12:54.472 8 WARNING neutron.scheduler.dhcp_agent_scheduler [None req-eabe0df2-2c9e-4e0d-a849-31fdcc7bb274 9bec112b758d4d279a0483a9f75ca197 4515523a31364a7f93f34f91e66cf172 - - default default] No more DHCP agents
