2026-06-11 08:11:48.633 8 INFO neutron.db.ovn_revision_numbers_db [None req-afb78722-7b76-4f57-a492-5b034f95b479 - - - - - -] Successfully bumped revision number for resource 00c23eb9-d8bf-4f7d-a88c-01dae0f066f5 (type: ports) to 2
2026-06-11 08:11:48.942 8 INFO neutron.db.ovn_revision_numbers_db [None req-afb78722-7b76-4f57-a492-5b034f95b479 - - - - - -] Successfully bumped revision number for resource 41bc6739-f289-4940-b9f0-9589f4a64104 (type: subnets) to 0
2026-06-11 08:11:48.971 8 WARNING neutron.scheduler.dhcp_agent_scheduler [None req-f0c953b2-9b0d-4715-9537-2ea5da65fbf4 564455bbc24c40cd90749af0eae1ff03 86354b9a816c4762966318cf80cc525a - - default default] No more DHCP agents
2026-06-11 08:11:48.973 8 WARNING neutron.api.rpc.agentnotifiers.dhcp_rpc_agent_api [None req-f0c953b2-9b0d-4715-9537-2ea5da65fbf4 564455bbc24c40cd90749af0eae1ff03 86354b9a816c4762966318cf80cc525a - - default default] Unable to schedule network 6513b150-b022-44e3-8037-cfab962f1f2e: no agents available; will retry on subsequent port and subnet creation events.
2026-06-11 08:11:49.025 7 WARNING neutron.scheduler.dhcp_agent_scheduler [None req-b75f83c2-3cf5-4ea5-8065-563ff9480659 b79d196ec14b41d98d06eb1ccf0ba70d e810c185fd1146f7845affa9c9aed1fa - - default default] No more DHCP agents
2026-06-11 08:11:49.027 7 WARNING neutron.api.rpc.agentnotifiers.dhcp_rpc_agent_api [None req-b75f83c2-3cf5-4ea5-8065-563ff9480659 b79d196ec14b41d98d06eb1ccf0ba70d e810c185fd1146f7845affa9c9aed1fa - - default default] Unable to schedule network 6973e829-95e4-45a0-a5f1-799460a8b9e1: no agents available; will retry on subsequent port and subnet creation events.
2026-06-11 08:11:49.080 7 INFO neutron.plugins.ml2.drivers.ovn.mech_driver.mech_driver [None req-762c2775-8147-4151-bbbc-ee4b001922aa - - - - - -] OVN reports status down for port: f29113bc-ea42-47da-a4ca-a19d642f9699
2026-06-11 08:11:49.161 7 INFO neutron.db.ovn_revision_numbers_db [None req-b75f83c2-3cf5-4ea5-8065-563ff9480659 b79d196ec14b41d98d06eb1ccf0ba70d e810c185fd1146f7845affa9c9aed1fa - - default default] Successfully bumped revision number for resource f29113bc-ea42-47da-a4ca-a19d642f9699 (type: ports) to 1 [pid: 7|app: 0|req: 781/1448] 10.0.0.126 () {34 vars in 664 bytes} [Thu Jun 11 08:11:48 2026] POST /v2.0/ports => generated 774 bytes in 727 msecs (HTTP/1.1 201) 4 headers in 162 bytes (1 switches on core 0) /var/lib/openstack/lib/python3.12/site-packages/pycadf/identifier.py:70: UserWarning: Invalid uuid: neutron. To ensure interoperability, identifiers should be a valid uuid. warnings.warn(('Invalid uuid: %s. To ensure interoperability, ' [pid: 7|app: 0|req: 782/1449] 10.0.0.8 () {28 vars in 588 bytes} [Thu Jun 11 08:11:49 2026] GET /v2.0/subnetpools => generated 19 bytes in 9 msecs (HTTP/1.1 200) 4 headers in 156 bytes (1 switches on core 0) [pid: 7|app: 0|req: 783/1450] 199.204.45.244 () {34 vars in 983 bytes} [Thu Jun 11 08:11:49 2026] GET /v2.0/subnets?id=a19e46f7-126f-4be7-97dd-5f993641f83a => generated 694 bytes in 23 msecs (HTTP/1.1 200) 4 headers in 157 bytes (1 switches on core 0) [pid: 7|app: 0|req: 784/1451] 10.0.0.177 () {34 vars in 989 bytes} [Thu Jun 11 08:11:49 2026] GET /v2.0/ports?device_id=48514ef9-8f12-402d-ac76-2e6d7000f186 => generated 12 bytes in 15 msecs (HTTP/1.1 200) 4 headers in 156 bytes (1 switches on core 0)
2026-06-11 08:11:49.441 7 INFO neutron.db.segments_db [None req-27974cf2-84be-42af-9810-d3707e146c73 b79d196ec14b41d98d06eb1ccf0ba70d e810c185fd1146f7845affa9c9aed1fa - - default default] Added segment fa7dbc7a-e728-45c7-920e-59acb4015ea5 of type geneve for network 90136e21-c5a8-4b08-8f32-ea4843f932d5
2026-06-11 08:11:49.461 8 INFO neutron.db.ovn_revision_numbers_db [None req-4a7dcc37-c8c0-4878-84b2-068f959731fe - - - - - -] Successfully bumped revision number for resource 5fd2c372-faee-4270-a147-f374bda557f9 (type: ports) to 2
2026-06-11 08:11:49.580 8 INFO neutron.db.ovn_revision_numbers_db [None req-4a7dcc37-c8c0-4878-84b2-068f959731fe - - - - - -] Successfully bumped revision number for resource aedf5fa0-1423-4cf1-a70a-0c7dc6c44d3a (type: subnets) to 0 [pid: 8|app: 0|req: 668/1452] 10.0.0.126 () {34 vars in 668 bytes} [Thu Jun 11 08:11:47 2026] POST /v2.0/subnets => generated 1274 bytes in 2188 msecs (HTTP/1.1 201) 4 headers in 163 bytes (1 switches on core 0) /var/lib/openstack/lib/python3.12/site-packages/pycadf/identifier.py:70: UserWarning: Invalid uuid: neutron. To ensure interoperability, identifiers should be a valid uuid. warnings.warn(('Invalid uuid: %s. To ensure interoperability, '
2026-06-11 08:11:49.632 7 INFO neutron.db.ovn_revision_numbers_db [None req-27974cf2-84be-42af-9810-d3707e146c73 b79d196ec14b41d98d06eb1ccf0ba70d e810c185fd1146f7845affa9c9aed1fa - - default default] Successfully bumped revision number for resource 90136e21-c5a8-4b08-8f32-ea4843f932d5 (type: networks) to 1 [pid: 8|app: 0|req: 669/1453] 10.0.0.8 () {28 vars in 580 bytes} [Thu Jun 11 08:11:49 2026] GET /v2.0/subnets => generated 3286 bytes in 51 msecs (HTTP/1.1 200) 4 headers in 158 bytes (1 switches on core 0) [pid: 8|app: 0|req: 670/1454] 199.204.45.244 () {34 vars in 1051 bytes} [Thu Jun 11 08:11:49 2026] GET /v2.0/ports?network_id=154b0a6f-288b-4b9d-a2ad-a320a58e2000&device_owner=network%3Adhcp => generated 12 bytes in 26 msecs (HTTP/1.1 200) 4 headers in 156 bytes (1 switches on core 0)
2026-06-11 08:11:49.808 7 WARNING neutron.scheduler.dhcp_agent_scheduler [None req-27974cf2-84be-42af-9810-d3707e146c73 b79d196ec14b41d98d06eb1ccf0ba70d e810c185fd1146f7845affa9c9aed1fa - - default default] No more DHCP agents
2026-06-11 08:11:49.809 7 WARNING neutron.api.rpc.agentnotifiers.dhcp_rpc_agent_api [None req-27974cf2-84be-42af-9810-d3707e146c73 b79d196ec14b41d98d06eb1ccf0ba70d e810c185fd1146f7845affa9c9aed1fa - - default default] Unable to schedule network 90136e21-c5a8-4b08-8f32-ea4843f932d5: no agents available; will retry on subsequent port and subnet creation events.
2026-06-11 08:11:49.861 8 INFO neutron.plugins.ml2.drivers.ovn.mech_driver.mech_driver [None req-18e07d93-97b2-4380-a6bf-e2f66072e250 - - - - - -] OVN reports status down for port: b963f0c6-fa4b-451d-b50a-83948fd16c07
2026-06-11 08:11:49.892 7 INFO neutron.db.ovn_revision_numbers_db [None req-27974cf2-84be-42af-9810-d3707e146c73 b79d196ec14b41d98d06eb1ccf0ba70d e810c185fd1146f7845affa9c9aed1fa - - default default] Successfully bumped revision number for resource b963f0c6-fa4b-451d-b50a-83948fd16c07 (type: ports) to 1 [pid: 7|app: 0|req: 785/1455] 10.0.0.126 () {34 vars in 669 bytes} [Thu Jun 11 08:11:49 2026] POST /v2.0/networks => generated 650 bytes in 633 msecs (HTTP/1.1 201) 4 headers in 162 bytes (1 switches on core 0) [pid: 7|app: 0|req: 786/1456] 10.0.0.126 () {32 vars in 646 bytes} [Thu Jun 11 08:11:49 2026] GET /v2.0/subnets => generated 1910 bytes in 46 msecs (HTTP/1.1 200) 4 headers in 158 bytes (1 switches on core 0) [pid: 7|app: 0|req: 787/1457] 10.0.0.8 () {28 vars in 580 bytes} [Thu Jun 11 08:11:49 2026] GET /v2.0/routers => generated 978 bytes in 81 msecs (HTTP/1.1 200) 4 headers in 157 bytes (1 switches on core 0)
2026-06-11 08:11:50.056 8 INFO neutron.db.ovn_revision_numbers_db [None req-0cea0509-3009-4d44-8ce4-bee831fd89fc c1f12b13a76a4864a8cefffb03b21abd 0bef75d8d16c4a529b4ae5b6ec37faae - - default default] Successfully bumped revision number for resource b10a465f-d175-43b2-9909-702634f2ff24 (type: security_groups) to 1
2026-06-11 08:11:50.077 8 INFO neutron.db.ovn_revision_numbers_db [None req-0cea0509-3009-4d44-8ce4-bee831fd89fc c1f12b13a76a4864a8cefffb03b21abd 0bef75d8d16c4a529b4ae5b6ec37faae - - default default] Successfully bumped revision number for resource 849e4c20-9969-4e2d-9bb2-e3aef068b575 (type: security_group_rules) to 0
2026-06-11 08:11:50.092 8 INFO neutron.db.ovn_revision_numbers_db [None req-0cea0509-3009-4d44-8ce4-bee831fd89fc c1f12b13a76a4864a8cefffb03b21abd 0bef75d8d16c4a529b4ae5b6ec37faae - - default default] Successfully bumped revision number for resource 9c4ca3af-d754-4b3d-b05a-35332d48410e (type: security_group_rules) to 0 [pid: 7|app: 0|req: 788/1458] 199.204.45.244 () {34 vars in 1011 bytes} [Thu Jun 11 08:11:50 2026] GET /v2.0/networks/154b0a6f-288b-4b9d-a2ad-a320a58e2000?fields=segments => generated 14 bytes in 44 msecs (HTTP/1.1 200) 4 headers in 156 bytes (1 switches on core 0)
2026-06-11 08:11:50.106 8 INFO neutron.db.ovn_revision_numbers_db [None req-0cea0509-3009-4d44-8ce4-bee831fd89fc c1f12b13a76a4864a8cefffb03b21abd 0bef75d8d16c4a529b4ae5b6ec37faae - - default default] Successfully bumped revision number for resource ba3bd6ae-e232-472e-b937-487b2db4f03a (type: security_group_rules) to 0
2026-06-11 08:11:50.124 8 INFO neutron.db.ovn_revision_numbers_db [None req-0cea0509-3009-4d44-8ce4-bee831fd89fc c1f12b13a76a4864a8cefffb03b21abd 0bef75d8d16c4a529b4ae5b6ec37faae - - default default] Successfully bumped revision number for resource fda1be6c-c68e-44a3-bc4e-3cb912e424c1 (type: security_group_rules) to 0 [pid: 8|app: 0|req: 671/1461] 10.0.0.126 () {32 vars in 773 bytes} [Thu Jun 11 08:11:49 2026] GET /v2.0/security-groups?tenant_id=f8bc7821ac5743f598338f81bdb78b29&name=default => generated 2925 bytes in 494 msecs (HTTP/1.1 200) 4 headers in 158 bytes (1 switches on core 0)
2026-06-11 08:11:50.463 7 WARNING neutron.scheduler.dhcp_agent_scheduler [None req-55ec9174-b36a-4163-9c25-cafb6ec04c66 b79d196ec14b41d98d06eb1ccf0ba70d e810c185fd1146f7845affa9c9aed1fa - - default default] No more DHCP agents
2026-06-11 08:11:50.465 7 WARNING neutron.api.rpc.agentnotifiers.dhcp_rpc_agent_api [None req-55ec9174-b36a-4163-9c25-cafb6ec04c66 b79d196ec14b41d98d06eb1ccf0ba70d e810c185fd1146f7845affa9c9aed1fa - - default default] Unable to schedule network 90136e21-c5a8-4b08-8f32-ea4843f932d5: no agents available; will retry on subsequent port and subnet creation events. [pid: 8|app: 0|req: 672/1462] 10.0.0.126 () {32 vars in 723 bytes} [Thu Jun 11 08:11:50 2026] DELETE /v2.0/subnets/41bc6739-f289-4940-b9f0-9589f4a64104 => generated 0 bytes in 596 msecs (HTTP/1.1 204) 3 headers in 131 bytes (1 switches on core 0) [pid: 8|app: 0|req: 673/1463] 10.0.0.8 () {28 vars in 621 bytes} [Thu Jun 11 08:11:50 2026] GET /v2.0/agents?binary=ovn-controller => generated 416 bytes in 8 msecs (HTTP/1.1 200) 4 headers in 157 bytes (1 switches on core 0) [pid: 8|app: 0|req: 674/1464] 199.204.45.244 () {34 vars in 1111 bytes} [Thu Jun 11 08:11:50 2026] GET /v2.0/networks/154b0a6f-288b-4b9d-a2ad-a320a58e2000?fields=provider%3Aphysical_network&fields=provider%3Anetwork_type => generated 79 bytes in 39 msecs (HTTP/1.1 200) 4 headers in 156 bytes (1 switches on core 0)
2026-06-11 08:11:51.157 7 INFO neutron.db.ovn_revision_numbers_db [None req-e0da96d4-2ff0-48b0-a8b1-f3130e405018 - - - - - -] Successfully bumped revision number for resource b963f0c6-fa4b-451d-b50a-83948fd16c07 (type: ports) to 2
2026-06-11 08:11:51.202 7 INFO neutron.db.ovn_revision_numbers_db [None req-e0da96d4-2ff0-48b0-a8b1-f3130e405018 - - - - - -] Successfully bumped revision number for resource ff43ca6e-fa49-4162-9214-5ac86a6ea5b9 (type: subnets) to 0 [pid: 7|app: 0|req: 791/1465] 10.0.0.126 () {34 vars in 668 bytes} [Thu Jun 11 08:11:50 2026] POST /v2.0/subnets => generated 626 bytes in 1120 msecs (HTTP/1.1 201) 4 headers in 162 bytes (1 switches on core 0) [pid: 8|app: 0|req: 675/1466] 10.0.0.126 () {32 vars in 739 bytes} [Thu Jun 11 08:11:50 2026] DELETE /v2.0/security-groups/b10a465f-d175-43b2-9909-702634f2ff24 => generated 0 bytes in 398 msecs (HTTP/1.1 204) 2 headers in 112 bytes (1 switches on core 0) [pid: 7|app: 0|req: 792/1467] 10.0.0.177 () {34 vars in 989 bytes} [Thu Jun 11 08:11:51 2026] GET /v2.0/ports?device_id=48514ef9-8f12-402d-ac76-2e6d7000f186 => generated 12 bytes in 18 msecs (HTTP/1.1 200) 4 headers in 156 bytes (1 switches on core 0) [pid: 7|app: 0|req: 793/1468] 10.0.0.8 () {28 vars in 578 bytes} [Thu Jun 11 08:11:51 2026] GET /v2.0/agents => generated 1214 bytes in 11 msecs (HTTP/1.1 200) 4 headers in 158 bytes (1 switches on core 0) [pid: 8|app: 0|req: 676/1469] 10.0.0.126 () {32 vars in 723 bytes} [Thu Jun 11 08:11:51 2026] DELETE /v2.0/subnets/aedf5fa0-1423-4cf1-a70a-0c7dc6c44d3a => generated 0 bytes in 162 msecs (HTTP/1.1 204) 3 headers in 131 bytes (1 switches on core 0) [pid: 8|app: 0|req: 677/1470] 10.0.0.8 () {28 vars in 596 bytes} [Thu Jun 11 08:11:51 2026] GET /v2.0/security-groups => generated 28975 bytes in 54 msecs (HTTP/1.1 200) 4 headers in 159 bytes (1 switches on core 0)
2026-06-11 08:11:51.522 7 WARNING neutron.scheduler.dhcp_agent_scheduler [None req-91ae4d95-f42b-4923-b384-9a431460dcde b79d196ec14b41d98d06eb1ccf0ba70d e810c185fd1146f7845affa9c9aed1fa - - default default] No more DHCP agents
2026-06-11 08:11:51.524 7 WARNING neutron.api.rpc.agentnotifiers.dhcp_rpc_agent_api [None req-91ae4d95-f42b-4923-b384-9a431460dcde b79d196ec14b41d98d06eb1ccf0ba70d e810c185fd1146f7845affa9c9aed1fa - - default default] Unable to schedule network 90136e21-c5a8-4b08-8f32-ea4843f932d5: no agents available; will retry on subsequent port and subnet creation events.
2026-06-11 08:11:51.558 8 INFO neutron.db.ovn_revision_numbers_db [None req-fc1a477d-dd6a-4112-b05f-c7c53b175b1c c1f12b13a76a4864a8cefffb03b21abd 0bef75d8d16c4a529b4ae5b6ec37faae - - default default] Successfully bumped revision number for resource 63773d17-004a-4d6f-9bd5-9ae565a39482 (type: security_groups) to 1
2026-06-11 08:11:51.600 8 INFO neutron.db.ovn_revision_numbers_db [None req-fc1a477d-dd6a-4112-b05f-c7c53b175b1c c1f12b13a76a4864a8cefffb03b21abd 0bef75d8d16c4a529b4ae5b6ec37faae - - default default] Successfully bumped revision number for resource 6a027b79-9749-4fb2-9cb7-848b01857479 (type: security_group_rules) to 0
2026-06-11 08:11:51.629 7 INFO neutron.plugins.ml2.drivers.ovn.mech_driver.mech_driver [None req-762c2775-8147-4151-bbbc-ee4b001922aa - - - - - -] OVN reports status down for port: bbd15088-0a31-432a-8e6d-e178f8861b3c
2026-06-11 08:11:51.635 8 INFO neutron.db.ovn_revision_numbers_db [None req-fc1a477d-dd6a-4112-b05f-c7c53b175b1c c1f12b13a76a4864a8cefffb03b21abd 0bef75d8d16c4a529b4ae5b6ec37faae - - default default] Successfully bumped revision number for resource 961a7911-3d5d-4359-832d-8b2949b5fa29 (type: security_group_rules) to 0
2026-06-11 08:11:52.307 8 INFO neutron.db.ovn_revision_numbers_db [None req-fc1a477d-dd6a-4112-b05f-c7c53b175b1c c1f12b13a76a4864a8cefffb03b21abd 0bef75d8d16c4a529b4ae5b6ec37faae - - default default] Successfully bumped revision number for resource d5a17c63-0074-4307-85fb-602df28cfd1d (type: security_group_rules) to 0
2026-06-11 08:11:52.674 7 INFO neutron.db.ovn_revision_numbers_db [None req-91ae4d95-f42b-4923-b384-9a431460dcde b79d196ec14b41d98d06eb1ccf0ba70d e810c185fd1146f7845affa9c9aed1fa - - default default] Successfully bumped revision number for resource bbd15088-0a31-432a-8e6d-e178f8861b3c (type: ports) to 1
2026-06-11 08:11:52.709 8 INFO neutron.db.ovn_revision_numbers_db [None req-fc1a477d-dd6a-4112-b05f-c7c53b175b1c c1f12b13a76a4864a8cefffb03b21abd 0bef75d8d16c4a529b4ae5b6ec37faae - - default default] Successfully bumped revision number for resource e2af9821-4a3a-497a-b625-02c97d90e983 (type: security_group_rules) to 0 [pid: 8|app: 0|req: 678/1471] 10.0.0.126 () {32 vars in 773 bytes} [Thu Jun 11 08:11:51 2026] GET /v2.0/security-groups?tenant_id=c7a17846790e4571932da1e42bdc3754&name=default => generated 2925 bytes in 1319 msecs (HTTP/1.1 200) 4 headers in 158 bytes (1 switches on core 0) [pid: 8|app: 0|req: 679/1472] 10.0.0.126 () {32 vars in 646 bytes} [Thu Jun 11 08:11:52 2026] GET /v2.0/subnets => generated 649 bytes in 37 msecs (HTTP/1.1 200) 4 headers in 157 bytes (1 switches on core 0) [pid: 8|app: 0|req: 680/1473] 10.0.0.8 () {28 vars in 576 bytes} [Thu Jun 11 08:11:52 2026] GET /v2.0/ports => generated 16767 bytes in 86 msecs (HTTP/1.1 200) 4 headers in 159 bytes (1 switches on core 0) [pid: 8|app: 0|req: 681/1474] 10.0.0.177 () {34 vars in 989 bytes} [Thu Jun 11 08:11:52 2026] GET /v2.0/ports?device_id=48514ef9-8f12-402d-ac76-2e6d7000f186 => generated 12 bytes in 16 msecs (HTTP/1.1 200) 4 headers in 156 bytes (1 switches on core 0) [pid: 7|app: 0|req: 794/1475] 10.0.0.126 () {34 vars in 664 bytes} [Thu Jun 11 08:11:51 2026] POST /v2.0/ports => generated 948 bytes in 1974 msecs (HTTP/1.1 201) 4 headers in 162 bytes (1 switches on core 0) /var/lib/openstack/lib/python3.12/site-packages/pycadf/identifier.py:70: UserWarning: Invalid uuid: neutron. To ensure interoperability, identifiers should be a valid uuid. warnings.warn(('Invalid uuid: %s. To ensure interoperability, '
2026-06-11 08:11:53.360 7 INFO neutron_taas.services.taas.taas_plugin [None req-01858099-769c-40e9-aaa5-650a83236b25 564455bbc24c40cd90749af0eae1ff03 86354b9a816c4762966318cf80cc525a - - default default] TaaS: Handle Delete Port: 5fd2c372-faee-4270-a147-f374bda557f9
2026-06-11 08:11:53.363 7 INFO neutron_taas.services.taas.tap_mirror_plugin [None req-01858099-769c-40e9-aaa5-650a83236b25 564455bbc24c40cd90749af0eae1ff03 86354b9a816c4762966318cf80cc525a - - default default] Tap Mirror: Handle Delete Port: 5fd2c372-faee-4270-a147-f374bda557f9 [pid: 8|app: 0|req: 682/1476] 10.0.0.126 () {32 vars in 739 bytes} [Thu Jun 11 08:11:52 2026] DELETE /v2.0/security-groups/63773d17-004a-4d6f-9bd5-9ae565a39482 => generated 0 bytes in 580 msecs (HTTP/1.1 204) 2 headers in 112 bytes (1 switches on core 0) [pid: 8|app: 0|req: 683/1477] 10.0.0.8 () {28 vars in 616 bytes} [Thu Jun 11 08:11:53 2026] GET /v2.0/network-ip-availabilities => generated 3421 bytes in 26 msecs (HTTP/1.1 200) 4 headers in 158 bytes (1 switches on core 0)
2026-06-11 08:11:53.603 7 INFO neutron.services.segments.plugin [-] Segment 1a9c282c-7c5a-4280-83ff-99c88cfdf375 resource provider aggregate not found
2026-06-11 08:11:53.604 7 INFO neutron.services.segments.plugin [-] Segment 1a9c282c-7c5a-4280-83ff-99c88cfdf375 resource provider aggregate not found
2026-06-11 08:11:53.622 7 INFO neutron.services.segments.plugin [-] Segment 1a9c282c-7c5a-4280-83ff-99c88cfdf375 resource provider not found; error: Placement Client Error (4xx): {"errors": [{"status": 404, "title": "Not Found", "detail": "The resource could not be found.\n\n No resource provider with uuid 1a9c282c-7c5a-4280-83ff-99c88cfdf375 found for delete ", "request_id": "req-31563f7a-7dd9-4e89-8e5d-0e6bb69705bd"}]}
2026-06-11 08:11:53.624 7 INFO neutron.services.segments.plugin [-] Segment 1a9c282c-7c5a-4280-83ff-99c88cfdf375 resource provider not found; error: Placement Client Error (4xx): {"errors": [{"status": 404, "title": "Not Found", "detail": "The resource could not be found.\n\n No resource provider with uuid 1a9c282c-7c5a-4280-83ff-99c88cfdf375 found for delete ", "request_id": "req-93a28594-8b72-42ff-bab6-9e6720130195"}]}
2026-06-11 08:11:53.696 8 INFO neutron_taas.services.taas.taas_plugin [None req-0dc2e193-e10b-4357-a890-8fd0e6907bed b79d196ec14b41d98d06eb1ccf0ba70d e810c185fd1146f7845affa9c9aed1fa - - default default] TaaS: Handle Delete Port: bbd15088-0a31-432a-8e6d-e178f8861b3c
2026-06-11 08:11:53.700 8 INFO neutron_taas.services.taas.tap_mirror_plugin [None req-0dc2e193-e10b-4357-a890-8fd0e6907bed b79d196ec14b41d98d06eb1ccf0ba70d e810c185fd1146f7845affa9c9aed1fa - - default default] Tap Mirror: Handle Delete Port: bbd15088-0a31-432a-8e6d-e178f8861b3c [pid: 7|app: 0|req: 795/1478] 10.0.0.126 () {32 vars in 725 bytes} [Thu Jun 11 08:11:53 2026] DELETE /v2.0/networks/6513b150-b022-44e3-8037-cfab962f1f2e => generated 0 bytes in 537 msecs (HTTP/1.1 204) 3 headers in 131 bytes (1 switches on core 0)
2026-06-11 08:11:53.932 7 INFO neutron_taas.services.taas.taas_plugin [None req-eb1e8ecd-e926-4740-b022-cf1b57445030 564455bbc24c40cd90749af0eae1ff03 86354b9a816c4762966318cf80cc525a - - default default] TaaS: Handle Delete Port: 00c23eb9-d8bf-4f7d-a88c-01dae0f066f5
2026-06-11 08:11:53.943 7 INFO neutron_taas.services.taas.tap_mirror_plugin [None req-eb1e8ecd-e926-4740-b022-cf1b57445030 564455bbc24c40cd90749af0eae1ff03 86354b9a816c4762966318cf80cc525a - - default default] Tap Mirror: Handle Delete Port: 00c23eb9-d8bf-4f7d-a88c-01dae0f066f5 [pid: 8|app: 0|req: 684/1479] 10.0.0.126 () {32 vars in 719 bytes} [Thu Jun 11 08:11:53 2026] DELETE /v2.0/ports/bbd15088-0a31-432a-8e6d-e178f8861b3c => generated 0 bytes in 488 msecs (HTTP/1.1 204) 3 headers in 131 bytes (1 switches on core 0)
2026-06-11 08:11:54.028 8 INFO neutron.pecan_wsgi.hooks.translation [None req-145b10ac-5a66-461f-9019-2cf09c5f78ae b79d196ec14b41d98d06eb1ccf0ba70d e810c185fd1146f7845affa9c9aed1fa - - default default] DELETE failed (client error): The resource could not be found. [pid: 8|app: 0|req: 685/1480] 10.0.0.126 () {32 vars in 719 bytes} [Thu Jun 11 08:11:54 2026] DELETE /v2.0/ports/bbd15088-0a31-432a-8e6d-e178f8861b3c => generated 132 bytes in 22 msecs (HTTP/1.1 404) 4 headers in 164 bytes (1 switches on core 0) [pid: 7|app: 0|req: 796/1481] 10.0.0.126 () {32 vars in 725 bytes} [Thu Jun 11 08:11:53 2026] DELETE /v2.0/networks/8504089a-9bcf-4a45-96ef-6e3ee08f0c58 => generated 0 bytes in 674 msecs (HTTP/1.1 204) 3 headers in 131 bytes (1 switches on core 0)
2026-06-11 08:11:54.459 7 INFO neutron.pecan_wsgi.hooks.translation [None req-cd38638d-6270-43b2-87c2-1d7cf079a4b4 b79d196ec14b41d98d06eb1ccf0ba70d e810c185fd1146f7845affa9c9aed1fa - - default default] GET failed (client error): The resource could not be found. [pid: 7|app: 0|req: 797/1482] 10.0.0.126 () {32 vars in 716 bytes} [Thu Jun 11 08:11:54 2026] GET /v2.0/ports/bbd15088-0a31-432a-8e6d-e178f8861b3c => generated 132 bytes in 18 msecs (HTTP/1.1 404) 4 headers in 164 bytes (1 switches on core 0) [pid: 8|app: 0|req: 686/1483] 10.0.0.126 () {32 vars in 739 bytes} [Thu Jun 11 08:11:54 2026] DELETE /v2.0/security-groups/c4e20f62-6529-4ab0-8f40-5d6f46a5f09f => generated 0 bytes in 448 msecs (HTTP/1.1 204) 2 headers in 112 bytes (1 switches on core 0)
2026-06-11 08:11:54.563 7 INFO neutron_taas.services.taas.taas_plugin [None req-ae60fb8f-930c-4945-b02b-705ac24468e6 564455bbc24c40cd90749af0eae1ff03 86354b9a816c4762966318cf80cc525a - - default default] TaaS: Handle Delete Port: 17f99121-2e29-4506-b577-aa20e407aa3d
2026-06-11 08:11:54.567 7 INFO neutron_taas.services.taas.tap_mirror_plugin [None req-ae60fb8f-930c-4945-b02b-705ac24468e6 564455bbc24c40cd90749af0eae1ff03 86354b9a816c4762966318cf80cc525a - - default default] Tap Mirror: Handle Delete Port: 17f99121-2e29-4506-b577-aa20e407aa3d [pid: 8|app: 0|req: 687/1484] 10.0.0.126 () {32 vars in 723 bytes} [Thu Jun 11 08:11:54 2026] DELETE /v2.0/subnets/ff43ca6e-fa49-4162-9214-5ac86a6ea5b9 => generated 0 bytes in 508 msecs (HTTP/1.1 204) 3 headers in 131 bytes (1 switches on core 0)
2026-06-11 08:11:55.013 8 INFO neutron.api.v2.resource [None req-9107942a-7cee-4149-b814-541228e46be9 0fcb6d551bff49c892fc2002b646f52b 0d015428ab9a4e54b36749a7ad726415 - - default default] show failed (client error): The resource could not be found. [pid: 8|app: 0|req: 688/1485] 10.0.0.126 () {32 vars in 736 bytes} [Thu Jun 11 08:11:54 2026] GET /v2.0/security-groups/c4e20f62-6529-4ab0-8f40-5d6f46a5f09f => generated 146 bytes in 24 msecs (HTTP/1.1 404) 4 headers in 164 bytes (1 switches on core 0) [pid: 7|app: 0|req: 798/1486] 10.0.0.126 () {32 vars in 725 bytes} [Thu Jun 11 08:11:54 2026] DELETE /v2.0/networks/44f54499-2ca0-450e-a47d-3c6546ea36f4 => generated 0 bytes in 670 msecs (HTTP/1.1 204) 3 headers in 131 bytes (1 switches on core 0)
2026-06-11 08:11:55.166 8 INFO neutron_taas.services.taas.taas_plugin [None req-e481db37-2bba-498f-8302-9c137cc525d1 b79d196ec14b41d98d06eb1ccf0ba70d e810c185fd1146f7845affa9c9aed1fa - - default default] TaaS: Handle Delete Port: b963f0c6-fa4b-451d-b50a-83948fd16c07
2026-06-11 08:11:55.169 8 INFO neutron_taas.services.taas.tap_mirror_plugin [None req-e481db37-2bba-498f-8302-9c137cc525d1 b79d196ec14b41d98d06eb1ccf0ba70d e810c185fd1146f7845affa9c9aed1fa - - default default] Tap Mirror: Handle Delete Port: b963f0c6-fa4b-451d-b50a-83948fd16c07
2026-06-11 08:11:55.266 7 INFO neutron_taas.services.taas.taas_plugin [None req-5e52bd02-09e5-434a-b668-fdc8948212b5 0fcb6d551bff49c892fc2002b646f52b 0d015428ab9a4e54b36749a7ad726415 - - default default] TaaS: Handle Delete Port: 730ccb4e-ec72-4390-b793-4c26cacbd0b4
2026-06-11 08:11:55.269 7 INFO neutron_taas.services.taas.tap_mirror_plugin [None req-5e52bd02-09e5-434a-b668-fdc8948212b5 0fcb6d551bff49c892fc2002b646f52b 0d015428ab9a4e54b36749a7ad726415 - - default default] Tap Mirror: Handle Delete Port: 730ccb4e-ec72-4390-b793-4c26cacbd0b4
2026-06-11 08:11:55.640 7 INFO neutron.services.segments.plugin [-] Segment 6936170c-9889-46bf-af49-962a504143a2 resource provider aggregate not found
2026-06-11 08:11:55.645 7 INFO neutron.services.segments.plugin [-] Segment 6936170c-9889-46bf-af49-962a504143a2 resource provider aggregate not found
2026-06-11 08:11:55.658 7 INFO neutron.services.segments.plugin [-] Segment 6936170c-9889-46bf-af49-962a504143a2 resource provider not found; error: Placement Client Error (4xx): {"errors": [{"status": 404, "title": "Not Found", "detail": "The resource could not be found.\n\n No resource provider with uuid 6936170c-9889-46bf-af49-962a504143a2 found for delete ", "request_id": "req-3687e996-77e6-4022-8384-8e3caafc4e26"}]}
2026-06-11 08:11:55.663 7 INFO neutron.services.segments.plugin [-] Segment 6936170c-9889-46bf-af49-962a504143a2 resource provider not found; error: Placement Client Error (4xx): {"errors": [{"status": 404, "title": "Not Found", "detail": "The resource could not be found.\n\n No resource provider with uuid 6936170c-9889-46bf-af49-962a504143a2 found for delete ", "request_id": "req-7964b3c5-b92f-4d75-98da-e142eb41857b"}]}
2026-06-11 08:11:55.678 7 INFO neutron.services.segments.plugin [-] Segment 5a023e9c-09ae-49c7-8c5c-d978bf45e983 resource provider aggregate not found
2026-06-11 08:11:55.697 7 INFO neutron.services.segments.plugin [-] Segment 5a023e9c-09ae-49c7-8c5c-d978bf45e983 resource provider aggregate not found
2026-06-11 08:11:55.700 7 INFO neutron.services.segments.plugin [-] Segment 5a023e9c-09ae-49c7-8c5c-d978bf45e983 resource provider not found; error: Placement Client Error (4xx): {"errors": [{"status": 404, "title": "Not Found", "detail": "The resource could not be found.\n\n No resource provider with uuid 5a023e9c-09ae-49c7-8c5c-d978bf45e983 found for delete ", "request_id": "req-f639e7ae-0bc0-473d-a36c-b67132c9710e"}]}
2026-06-11 08:11:55.713 7 INFO neutron.services.segments.plugin [-] Segment 5a023e9c-09ae-49c7-8c5c-d978bf45e983 resource provider not found; error: Placement Client Error (4xx): {"errors": [{"status": 404, "title": "Not Found", "detail": "The resource could not be found.\n\n No resource provider with uuid 5a023e9c-09ae-49c7-8c5c-d978bf45e983 found for delete ", "request_id": "req-a4c2ef11-5ef6-4f85-a031-8e507f4b63a3"}]} [pid: 7|app: 0|req: 799/1487] 10.0.0.126 () {32 vars in 731 bytes} [Thu Jun 11 08:11:55 2026] DELETE /v2.0/floatingips/65c1ad15-0eca-42f3-90ea-81219d89ddc2 => generated 0 bytes in 581 msecs (HTTP/1.1 204) 2 headers in 112 bytes (1 switches on core 0)
2026-06-11 08:11:55.837 7 INFO neutron_taas.services.taas.taas_plugin [None req-1bea39e9-5ca1-41b6-a1bd-4c442fed7a6d 564455bbc24c40cd90749af0eae1ff03 86354b9a816c4762966318cf80cc525a - - default default] TaaS: Handle Delete Port: 48514b0a-bc98-4b5a-abe1-b76a56b1473f
2026-06-11 08:11:55.840 7 INFO neutron_taas.services.taas.tap_mirror_plugin [None req-1bea39e9-5ca1-41b6-a1bd-4c442fed7a6d 564455bbc24c40cd90749af0eae1ff03 86354b9a816c4762966318cf80cc525a - - default default] Tap Mirror: Handle Delete Port: 48514b0a-bc98-4b5a-abe1-b76a56b1473f
2026-06-11 08:11:56.981 8 INFO neutron.services.segments.plugin [-] Segment fa7dbc7a-e728-45c7-920e-59acb4015ea5 resource provider aggregate not found
2026-06-11 08:11:56.989 8 INFO neutron.services.segments.plugin [-] Segment fa7dbc7a-e728-45c7-920e-59acb4015ea5 resource provider aggregate not found
2026-06-11 08:11:57.006 8 INFO neutron.services.segments.plugin [-] Segment fa7dbc7a-e728-45c7-920e-59acb4015ea5 resource provider not found; error: Placement Client Error (4xx): {"errors": [{"status": 404, "title": "Not Found", "detail": "The resource could not be found.\n\n No resource provider with uuid fa7dbc7a-e728-45c7-920e-59acb4015ea5 found for delete ", "request_id": "req-0410d9aa-51b0-4737-8c00-67397ca5179e"}]}
2026-06-11 08:11:57.011 8 INFO neutron.services.segments.plugin [-] Segment fa7dbc7a-e728-45c7-920e-59acb4015ea5 resource provider not found; error: Placement Client Error (4xx): {"errors": [{"status": 404, "title": "Not Found", "detail": "The resource could not be found.\n\n No resource provider with uuid fa7dbc7a-e728-45c7-920e-59acb4015ea5 found for delete ", "request_id": "req-5caa4973-a818-4ce8-a16c-4bf6406326bd"}]} [pid: 8|app: 0|req: 689/1488] 10.0.0.126 () {32 vars in 725 bytes} [Thu Jun 11 08:11:55 2026] DELETE /v2.0/networks/90136e21-c5a8-4b08-8f32-ea4843f932d5 => generated 0 bytes in 2150 msecs (HTTP/1.1 204) 3 headers in 131 bytes (1 switches on core 0) [pid: 7|app: 0|req: 800/1489] 10.0.0.126 () {32 vars in 725 bytes} [Thu Jun 11 08:11:55 2026] DELETE /v2.0/networks/7c388c28-04c6-4268-80ee-b3e0f50a9c8f => generated 0 bytes in 1452 msecs (HTTP/1.1 204) 3 headers in 131 bytes (1 switches on core 0)
2026-06-11 08:11:57.264 7 INFO neutron.db.segments_db [None req-713d690f-fdd8-48d9-aefb-88996cd0bd7f b79d196ec14b41d98d06eb1ccf0ba70d e810c185fd1146f7845affa9c9aed1fa - - default default] Added segment dde8ff40-b19d-476b-9bd4-adb3dd7f8323 of type geneve for network 7b74e3af-75ba-46b7-a4b2-5d9ef220031e
2026-06-11 08:11:57.390 7 INFO neutron.db.ovn_revision_numbers_db [None req-713d690f-fdd8-48d9-aefb-88996cd0bd7f b79d196ec14b41d98d06eb1ccf0ba70d e810c185fd1146f7845affa9c9aed1fa - - default default] Successfully bumped revision number for resource 7b74e3af-75ba-46b7-a4b2-5d9ef220031e (type: networks) to 1
2026-06-11 08:11:57.469 8 INFO neutron_taas.services.taas.taas_plugin [None req-e5a8d1a1-c05a-41c6-9504-063a0fd69f26 c1f12b13a76a4864a8cefffb03b21abd 0bef75d8d16c4a529b4ae5b6ec37faae - - default default] TaaS: Handle Delete Port: 3ed84db8-c429-4d59-80c8-c35bccfb198b
2026-06-11 08:11:57.473 8 INFO neutron_taas.services.taas.tap_mirror_plugin [None req-e5a8d1a1-c05a-41c6-9504-063a0fd69f26 c1f12b13a76a4864a8cefffb03b21abd 0bef75d8d16c4a529b4ae5b6ec37faae - - default default] Tap Mirror: Handle Delete Port: 3ed84db8-c429-4d59-80c8-c35bccfb198b
2026-06-11 08:11:57.719 7 INFO neutron.services.segments.plugin [-] Segment add55b0a-d1f6-459a-9865-8d3febeb5e92 resource provider aggregate not found
2026-06-11 08:11:57.736 7 INFO neutron.services.segments.plugin [-] Segment add55b0a-d1f6-459a-9865-8d3febeb5e92 resource provider aggregate not found
2026-06-11 08:11:57.740 7 INFO neutron.services.segments.plugin [-] Segment add55b0a-d1f6-459a-9865-8d3febeb5e92 resource provider not found; error: Placement Client Error (4xx): {"errors": [{"status": 404, "title": "Not Found", "detail": "The resource could not be found.\n\n No resource provider with uuid add55b0a-d1f6-459a-9865-8d3febeb5e92 found for delete ", "request_id": "req-e36b577a-040c-485e-8042-5e8587f5f9fa"}]}
2026-06-11 08:11:57.750 7 INFO neutron.services.segments.plugin [-] Segment add55b0a-d1f6-459a-9865-8d3febeb5e92 resource provider not found; error: Placement Client Error (4xx): {"errors": [{"status": 404, "title": "Not Found", "detail": "The resource could not be found.\n\n No resource provider with uuid add55b0a-d1f6-459a-9865-8d3febeb5e92 found for delete ", "request_id": "req-be074fcc-4621-41b4-b15b-e8b00498c0f6"}]}
2026-06-11 08:11:57.878 7 WARNING neutron.scheduler.dhcp_agent_scheduler [None req-713d690f-fdd8-48d9-aefb-88996cd0bd7f b79d196ec14b41d98d06eb1ccf0ba70d e810c185fd1146f7845affa9c9aed1fa - - default default] No more DHCP agents
2026-06-11 08:11:57.879 7 WARNING neutron.api.rpc.agentnotifiers.dhcp_rpc_agent_api [None req-713d690f-fdd8-48d9-aefb-88996cd0bd7f b79d196ec14b41d98d06eb1ccf0ba70d e810c185fd1146f7845affa9c9aed1fa - - default default] Unable to schedule network 7b74e3af-75ba-46b7-a4b2-5d9ef220031e: no agents available; will retry on subsequent port and subnet creation events.
2026-06-11 08:11:58.637 8 INFO neutron.plugins.ml2.drivers.ovn.mech_driver.mech_driver [None req-18e07d93-97b2-4380-a6bf-e2f66072e250 - - - - - -] OVN reports status down for port: e7c0e196-9f22-429d-b440-071c34eb7124
2026-06-11 08:11:58.662 7 INFO neutron.db.ovn_revision_numbers_db [None req-713d690f-fdd8-48d9-aefb-88996cd0bd7f b79d196ec14b41d98d06eb1ccf0ba70d e810c185fd1146f7845affa9c9aed1fa - - default default] Successfully bumped revision number for resource e7c0e196-9f22-429d-b440-071c34eb7124 (type: ports) to 1 [pid: 7|app: 0|req: 801/1490] 10.0.0.126 () {34 vars in 669 bytes} [Thu Jun 11 08:11:57 2026] POST /v2.0/networks => generated 650 bytes in 1542 msecs (HTTP/1.1 201) 4 headers in 162 bytes (1 switches on core 0)
2026-06-11 08:11:59.345 7 INFO neutron.db.ovn_revision_numbers_db [None req-22be917a-abec-44d9-b7ad-f7f54ebe78bb c1f12b13a76a4864a8cefffb03b21abd 0bef75d8d16c4a529b4ae5b6ec37faae - - default default] Successfully bumped revision number for resource 6b77bab5-ebf1-4fde-b314-0222805eb786 (type: security_groups) to 1
2026-06-11 08:11:59.860 7 INFO neutron.db.ovn_revision_numbers_db [None req-22be917a-abec-44d9-b7ad-f7f54ebe78bb c1f12b13a76a4864a8cefffb03b21abd 0bef75d8d16c4a529b4ae5b6ec37faae - - default default] Successfully bumped revision number for resource 513bed0f-d3bd-4343-a274-bcb99c0dfc84 (type: security_group_rules) to 0 [pid: 8|app: 0|req: 690/1491] 10.0.0.126 () {34 vars in 788 bytes} [Thu Jun 11 08:11:57 2026] PUT /v2.0/routers/6b8c4c34-3ce3-4a82-9b39-5b5db086f5bf/remove_router_interface => generated 309 bytes in 2910 msecs (HTTP/1.1 200) 4 headers in 157 bytes (1 switches on core 0)
2026-06-11 08:12:00.079 7 INFO neutron.db.ovn_revision_numbers_db [None req-22be917a-abec-44d9-b7ad-f7f54ebe78bb c1f12b13a76a4864a8cefffb03b21abd 0bef75d8d16c4a529b4ae5b6ec37faae - - default default] Successfully bumped revision number for resource 53079a57-d257-4e1d-9c48-2d7b9acb15d1 (type: security_group_rules) to 0
2026-06-11 08:12:00.100 7 INFO neutron.db.ovn_revision_numbers_db [None req-22be917a-abec-44d9-b7ad-f7f54ebe78bb c1f12b13a76a4864a8cefffb03b21abd 0bef75d8d16c4a529b4ae5b6ec37faae - - default default] Successfully bumped revision number for resource e3652c6f-4fa8-4511-b97c-d0d977ea507e (type: security_group_rules) to 0
2026-06-11 08:12:00.116 7 INFO neutron.db.ovn_revision_numbers_db [None req-22be917a-abec-44d9-b7ad-f7f54ebe78bb c1f12b13a76a4864a8cefffb03b21abd 0bef75d8d16c4a529b4ae5b6ec37faae - - default default] Successfully bumped revision number for resource f6a7d26c-0a38-4f23-b2eb-c6f86b0b886b (type: security_group_rules) to 0 /var/lib/openstack/lib/python3.12/site-packages/pycadf/identifier.py:70: UserWarning: Invalid uuid: neutron. To ensure interoperability, identifiers should be a valid uuid. warnings.warn(('Invalid uuid: %s. To ensure interoperability, ' [pid: 8|app: 0|req: 691/1492] 10.0.0.126 () {32 vars in 773 bytes} [Thu Jun 11 08:12:00 2026] GET /v2.0/security-groups?tenant_id=86354b9a816c4762966318cf80cc525a&name=default => generated 2925 bytes in 91 msecs (HTTP/1.1 200) 4 headers in 158 bytes (1 switches on core 0) [pid: 7|app: 0|req: 802/1493] 10.0.0.126 () {32 vars in 773 bytes} [Thu Jun 11 08:11:58 2026] GET /v2.0/security-groups?tenant_id=5207bc3062dc49a3a6a21b0929bdd455&name=default => generated 2925 bytes in 1453 msecs (HTTP/1.1 200) 4 headers in 158 bytes (1 switches on core 0)
2026-06-11 08:12:00.422 8 WARNING neutron.scheduler.dhcp_agent_scheduler [None req-956f25b4-c94b-47fb-8f4e-bbb53051d8b9 b79d196ec14b41d98d06eb1ccf0ba70d e810c185fd1146f7845affa9c9aed1fa - - default default] No more DHCP agents
2026-06-11 08:12:00.423 8 WARNING neutron.api.rpc.agentnotifiers.dhcp_rpc_agent_api [None req-956f25b4-c94b-47fb-8f4e-bbb53051d8b9 b79d196ec14b41d98d06eb1ccf0ba70d e810c185fd1146f7845affa9c9aed1fa - - default default] Unable to schedule network 7b74e3af-75ba-46b7-a4b2-5d9ef220031e: no agents available; will retry on subsequent port and subnet creation events.
2026-06-11 08:12:00.711 7 INFO neutron_taas.services.taas.taas_plugin [None req-7a93d9b2-9e92-47a0-b2c9-801ef690c9ac c1f12b13a76a4864a8cefffb03b21abd 0bef75d8d16c4a529b4ae5b6ec37faae - - default default] TaaS: Handle Delete Port: 6cdd8fbb-e616-4eb4-b120-acc0fe5e43db
2026-06-11 08:12:00.715 7 INFO neutron_taas.services.taas.tap_mirror_plugin [None req-7a93d9b2-9e92-47a0-b2c9-801ef690c9ac c1f12b13a76a4864a8cefffb03b21abd 0bef75d8d16c4a529b4ae5b6ec37faae - - default default] Tap Mirror: Handle Delete Port: 6cdd8fbb-e616-4eb4-b120-acc0fe5e43db
2026-06-11 08:12:00.987 8 INFO neutron.db.ovn_revision_numbers_db [None req-7b2224d7-13b1-4699-bd0e-2dc76138f683 - - - - - -] Successfully bumped revision number for resource e7c0e196-9f22-429d-b440-071c34eb7124 (type: ports) to 2
2026-06-11 08:12:01.031 8 INFO neutron.db.ovn_revision_numbers_db [None req-7b2224d7-13b1-4699-bd0e-2dc76138f683 - - - - - -] Successfully bumped revision number for resource 47f535f6-e3db-49a1-8736-7074506ded71 (type: subnets) to 0 [pid: 8|app: 0|req: 692/1494] 10.0.0.126 () {34 vars in 668 bytes} [Thu Jun 11 08:12:00 2026] POST /v2.0/subnets => generated 626 bytes in 890 msecs (HTTP/1.1 201) 4 headers in 162 bytes (1 switches on core 0) [pid: 7|app: 0|req: 803/1495] 10.0.0.126 () {32 vars in 723 bytes} [Thu Jun 11 08:12:00 2026] DELETE /v2.0/routers/6b8c4c34-3ce3-4a82-9b39-5b5db086f5bf => generated 0 bytes in 1100 msecs (HTTP/1.1 204) 2 headers in 112 bytes (1 switches on core 0) [pid: 8|app: 0|req: 693/1496] 10.0.0.126 () {32 vars in 739 bytes} [Thu Jun 11 08:12:01 2026] DELETE /v2.0/security-groups/ece1e40a-88c0-44b9-96ad-ae734287c689 => generated 0 bytes in 755 msecs (HTTP/1.1 204) 2 headers in 112 bytes (1 switches on core 0) [pid: 7|app: 0|req: 804/1497] 10.0.0.126 () {32 vars in 739 bytes} [Thu Jun 11 08:12:01 2026] DELETE /v2.0/security-groups/6b77bab5-ebf1-4fde-b314-0222805eb786 => generated 0 bytes in 745 msecs (HTTP/1.1 204) 2 headers in 112 bytes (1 switches on core 0)
2026-06-11 08:12:02.595 8 WARNING neutron.scheduler.dhcp_agent_scheduler [None req-0b23a5d5-247e-4541-b942-a3495589b118 b79d196ec14b41d98d06eb1ccf0ba70d e810c185fd1146f7845affa9c9aed1fa - - default default] No more DHCP agents
2026-06-11 08:12:02.596 8 WARNING neutron.api.rpc.agentnotifiers.dhcp_rpc_agent_api [None req-0b23a5d5-247e-4541-b942-a3495589b118 b79d196ec14b41d98d06eb1ccf0ba70d e810c185fd1146f7845affa9c9aed1fa - - default default] Unable to schedule network 7b74e3af-75ba-46b7-a4b2-5d9ef220031e: no agents available; will retry on subsequent port and subnet creation events.
2026-06-11 08:12:02.753 7 INFO neutron.plugins.ml2.drivers.ovn.mech_driver.mech_driver [None req-762c2775-8147-4151-bbbc-ee4b001922aa - - - - - -] OVN reports status down for port: 1e5156e7-8dd8-47f7-8d54-2921e02e7dea [pid: 7|app: 0|req: 805/1498] 10.0.0.126 () {32 vars in 723 bytes} [Thu Jun 11 08:12:02 2026] DELETE /v2.0/subnets/a19e46f7-126f-4be7-97dd-5f993641f83a => generated 0 bytes in 1452 msecs (HTTP/1.1 204) 3 headers in 131 bytes (1 switches on core 0)
2026-06-11 08:12:03.590 8 INFO neutron.db.ovn_revision_numbers_db [None req-0b23a5d5-247e-4541-b942-a3495589b118 b79d196ec14b41d98d06eb1ccf0ba70d e810c185fd1146f7845affa9c9aed1fa - - default default] Successfully bumped revision number for resource 1e5156e7-8dd8-47f7-8d54-2921e02e7dea (type: ports) to 1
2026-06-11 08:12:03.620 7 INFO neutron_taas.services.taas.taas_plugin [None req-8553a321-5217-42e3-b2d1-83961025d91a c1f12b13a76a4864a8cefffb03b21abd 0bef75d8d16c4a529b4ae5b6ec37faae - - default default] TaaS: Handle Delete Port: fd708c30-5d2c-47a5-b60c-408a3b9a9830
2026-06-11 08:12:03.623 7 INFO neutron_taas.services.taas.tap_mirror_plugin [None req-8553a321-5217-42e3-b2d1-83961025d91a c1f12b13a76a4864a8cefffb03b21abd 0bef75d8d16c4a529b4ae5b6ec37faae - - default default] Tap Mirror: Handle Delete Port: fd708c30-5d2c-47a5-b60c-408a3b9a9830 [pid: 8|app: 0|req: 694/1499] 10.0.0.126 () {34 vars in 664 bytes} [Thu Jun 11 08:12:01 2026] POST /v2.0/ports => generated 912 bytes in 1943 msecs (HTTP/1.1 201) 4 headers in 162 bytes (1 switches on core 0)
2026-06-11 08:12:03.948 8 INFO neutron_taas.services.taas.taas_plugin [None req-bb054c5f-7350-4236-9227-2450562f4b84 b79d196ec14b41d98d06eb1ccf0ba70d e810c185fd1146f7845affa9c9aed1fa - - default default] TaaS: Handle Delete Port: 1e5156e7-8dd8-47f7-8d54-2921e02e7dea
2026-06-11 08:12:03.952 8 INFO neutron_taas.services.taas.tap_mirror_plugin [None req-bb054c5f-7350-4236-9227-2450562f4b84 b79d196ec14b41d98d06eb1ccf0ba70d e810c185fd1146f7845affa9c9aed1fa - - default default] Tap Mirror: Handle Delete Port: 1e5156e7-8dd8-47f7-8d54-2921e02e7dea
2026-06-11 08:12:03.971 7 INFO neutron.services.segments.plugin [-] Segment a425e858-bb78-49b6-aa46-8c8c6d12794b resource provider aggregate not found
2026-06-11 08:12:03.983 7 INFO neutron.services.segments.plugin [-] Segment a425e858-bb78-49b6-aa46-8c8c6d12794b resource provider aggregate not found
2026-06-11 08:12:04.003 7 INFO neutron.services.segments.plugin [-] Segment a425e858-bb78-49b6-aa46-8c8c6d12794b resource provider not found; error: Placement Client Error (4xx): {"errors": [{"status": 404, "title": "Not Found", "detail": "The resource could not be found.\n\n No resource provider with uuid a425e858-bb78-49b6-aa46-8c8c6d12794b found for delete ", "request_id": "req-ba2fd485-92bc-42ee-8c37-158582d6ba31"}]}
2026-06-11 08:12:04.006 7 INFO neutron.services.segments.plugin [-] Segment a425e858-bb78-49b6-aa46-8c8c6d12794b resource provider not found; error: Placement Client Error (4xx): {"errors": [{"status": 404, "title": "Not Found", "detail": "The resource could not be found.\n\n No resource provider with uuid a425e858-bb78-49b6-aa46-8c8c6d12794b found for delete ", "request_id": "req-ed02a3e1-8c7c-462f-99cc-df3faff67bf3"}]} [pid: 7|app: 0|req: 806/1500] 10.0.0.126 () {32 vars in 725 bytes} [Thu Jun 11 08:12:03 2026] DELETE /v2.0/networks/154b0a6f-288b-4b9d-a2ad-a320a58e2000 => generated 0 bytes in 585 msecs (HTTP/1.1 204) 3 headers in 131 bytes (1 switches on core 0) [pid: 8|app: 0|req: 695/1501] 10.0.0.126 () {32 vars in 719 bytes} [Thu Jun 11 08:12:03 2026] DELETE /v2.0/ports/1e5156e7-8dd8-47f7-8d54-2921e02e7dea => generated 0 bytes in 416 msecs (HTTP/1.1 204) 3 headers in 131 bytes (1 switches on core 0)
2026-06-11 08:12:04.199 7 INFO neutron.pecan_wsgi.hooks.translation [None req-a3f07586-c347-46bf-8e81-618ad6d1517b b79d196ec14b41d98d06eb1ccf0ba70d e810c185fd1146f7845affa9c9aed1fa - - default default] GET failed (client error): The resource could not be found. [pid: 7|app: 0|req: 807/1502] 10.0.0.126 () {32 vars in 716 bytes} [Thu Jun 11 08:12:04 2026] GET /v2.0/ports/1e5156e7-8dd8-47f7-8d54-2921e02e7dea => generated 132 bytes in 19 msecs (HTTP/1.1 404) 4 headers in 164 bytes (1 switches on core 0) [pid: 7|app: 0|req: 808/1503] 10.0.0.126 () {32 vars in 773 bytes} [Thu Jun 11 08:12:04 2026] GET /v2.0/security-groups?tenant_id=0d015428ab9a4e54b36749a7ad726415&name=default => generated 2925 bytes in 31 msecs (HTTP/1.1 200) 4 headers in 158 bytes (1 switches on core 0) [pid: 8|app: 0|req: 696/1504] 10.0.0.126 () {32 vars in 723 bytes} [Thu Jun 11 08:12:04 2026] DELETE /v2.0/subnets/47f535f6-e3db-49a1-8736-7074506ded71 => generated 0 bytes in 205 msecs (HTTP/1.1 204) 3 headers in 131 bytes (1 switches on core 0)
2026-06-11 08:12:04.537 8 INFO neutron_taas.services.taas.taas_plugin [None req-3ebdc1ff-fcc0-4070-aa01-870c2318d507 b79d196ec14b41d98d06eb1ccf0ba70d e810c185fd1146f7845affa9c9aed1fa - - default default] TaaS: Handle Delete Port: e7c0e196-9f22-429d-b440-071c34eb7124
2026-06-11 08:12:04.540 8 INFO neutron_taas.services.taas.tap_mirror_plugin [None req-3ebdc1ff-fcc0-4070-aa01-870c2318d507 b79d196ec14b41d98d06eb1ccf0ba70d e810c185fd1146f7845affa9c9aed1fa - - default default] Tap Mirror: Handle Delete Port: e7c0e196-9f22-429d-b440-071c34eb7124 [pid: 7|app: 0|req: 809/1505] 10.0.0.126 () {32 vars in 739 bytes} [Thu Jun 11 08:12:04 2026] DELETE /v2.0/security-groups/a2232a5a-33ee-4323-af8d-f77d36634267 => generated 0 bytes in 273 msecs (HTTP/1.1 204) 2 headers in 112 bytes (1 switches on core 0)
2026-06-11 08:12:04.732 8 INFO neutron.services.segments.plugin [-] Segment dde8ff40-b19d-476b-9bd4-adb3dd7f8323 resource provider aggregate not found
2026-06-11 08:12:04.743 8 INFO neutron.services.segments.plugin [-] Segment dde8ff40-b19d-476b-9bd4-adb3dd7f8323 resource provider aggregate not found
2026-06-11 08:12:04.758 8 INFO neutron.services.segments.plugin [-] Segment dde8ff40-b19d-476b-9bd4-adb3dd7f8323 resource provider not found; error: Placement Client Error (4xx): {"errors": [{"status": 404, "title": "Not Found", "detail": "The resource could not be found.\n\n No resource provider with uuid dde8ff40-b19d-476b-9bd4-adb3dd7f8323 found for delete ", "request_id": "req-128b77e9-49da-42b0-b9c6-01fad94ab483"}]}
2026-06-11 08:12:04.760 8 INFO neutron.services.segments.plugin [-] Segment dde8ff40-b19d-476b-9bd4-adb3dd7f8323 resource provider not found; error: Placement Client Error (4xx): {"errors": [{"status": 404, "title": "Not Found", "detail": "The resource could not be found.\n\n No resource provider with uuid dde8ff40-b19d-476b-9bd4-adb3dd7f8323 found for delete ", "request_id": "req-13eac603-65e2-4715-8c7f-f0a26607dae4"}]} [pid: 8|app: 0|req: 697/1506] 10.0.0.126 () {32 vars in 725 bytes} [Thu Jun 11 08:12:04 2026] DELETE /v2.0/networks/7b74e3af-75ba-46b7-a4b2-5d9ef220031e => generated 0 bytes in 379 msecs (HTTP/1.1 204) 3 headers in 131 bytes (1 switches on core 0)
2026-06-11 08:12:04.891 7 INFO neutron.db.ovn_revision_numbers_db [None req-d0bf2a6e-9d9b-46f9-a9dd-2ae73a016ba0 9af86ffb68f94972bb7f36d485f5e228 3e5701165e974199b934dbc9f5f74796 - - default default] Successfully bumped revision number for resource 4f751b47-269f-4dff-9b6e-28de3a24ed60 (type: security_groups) to 1
2026-06-11 08:12:04.910 7 INFO neutron.db.ovn_revision_numbers_db [None req-d0bf2a6e-9d9b-46f9-a9dd-2ae73a016ba0 9af86ffb68f94972bb7f36d485f5e228 3e5701165e974199b934dbc9f5f74796 - - default default] Successfully bumped revision number for resource 4c24b196-abca-474a-9765-74b728fe83b5 (type: security_group_rules) to 0
2026-06-11 08:12:04.929 7 INFO neutron.db.ovn_revision_numbers_db [None req-d0bf2a6e-9d9b-46f9-a9dd-2ae73a016ba0 9af86ffb68f94972bb7f36d485f5e228 3e5701165e974199b934dbc9f5f74796 - - default default] Successfully bumped revision number for resource a766456c-b6c0-48b3-9bc5-5da416b15bb2 (type: security_group_rules) to 0
2026-06-11 08:12:04.942 7 INFO neutron.db.ovn_revision_numbers_db [None req-d0bf2a6e-9d9b-46f9-a9dd-2ae73a016ba0 9af86ffb68f94972bb7f36d485f5e228 3e5701165e974199b934dbc9f5f74796 - - default default] Successfully bumped revision number for resource e0a4e90d-d164-4dc0-bb91-f5ac7a8dc365 (type: security_group_rules) to 0
2026-06-11 08:12:04.954 7 INFO neutron.db.ovn_revision_numbers_db [None req-d0bf2a6e-9d9b-46f9-a9dd-2ae73a016ba0 9af86ffb68f94972bb7f36d485f5e228 3e5701165e974199b934dbc9f5f74796 - - default default] Successfully bumped revision number for resource ec923b98-2912-449c-b603-2f47825c5d8e (type: security_group_rules) to 0
2026-06-11 08:12:05.146 7 INFO neutron.db.ovn_revision_numbers_db [None req-d0bf2a6e-9d9b-46f9-a9dd-2ae73a016ba0 9af86ffb68f94972bb7f36d485f5e228 3e5701165e974199b934dbc9f5f74796 - - default default] Successfully bumped revision number for resource 07b9c841-bb9f-45af-9209-3819fe3f3049 (type: security_groups) to 1
2026-06-11 08:12:05.173 7 INFO neutron.db.ovn_revision_numbers_db [None req-d0bf2a6e-9d9b-46f9-a9dd-2ae73a016ba0 9af86ffb68f94972bb7f36d485f5e228 3e5701165e974199b934dbc9f5f74796 - - default default] Successfully bumped revision number for resource 15a0f2f6-333a-4ca9-a45b-e7bd3e36396e (type: security_group_rules) to 0
2026-06-11 08:12:05.175 8 INFO neutron.db.ovn_revision_numbers_db [None req-5033a6da-658c-4317-8a31-7ef9f3f6b3cc 90aadea6b5294ce19c0a152d4379e5b2 ee76dcb1cfb54f968cb4747eade6b071 - - default default] Successfully bumped revision number for resource c5a28233-c2e5-4df3-8b82-22b9f010f75b (type: security_groups) to 1
2026-06-11 08:12:05.187 7 INFO neutron.db.ovn_revision_numbers_db [None req-d0bf2a6e-9d9b-46f9-a9dd-2ae73a016ba0 9af86ffb68f94972bb7f36d485f5e228 3e5701165e974199b934dbc9f5f74796 - - default default] Successfully bumped revision number for resource 31a494e2-5dd2-4b8c-b238-c55fbd8d6317 (type: security_group_rules) to 0
2026-06-11 08:12:05.195 8 INFO neutron.db.ovn_revision_numbers_db [None req-5033a6da-658c-4317-8a31-7ef9f3f6b3cc 90aadea6b5294ce19c0a152d4379e5b2 ee76dcb1cfb54f968cb4747eade6b071 - - default default] Successfully bumped revision number for resource 3713f7b2-0d91-40a4-b8f1-71fdf74487aa (type: security_group_rules) to 0
2026-06-11 08:12:05.213 8 INFO neutron.db.ovn_revision_numbers_db [None req-5033a6da-658c-4317-8a31-7ef9f3f6b3cc 90aadea6b5294ce19c0a152d4379e5b2 ee76dcb1cfb54f968cb4747eade6b071 - - default default] Successfully bumped revision number for resource 9b351f74-36eb-42b9-a012-a4bc6e961a22 (type: security_group_rules) to 0 [pid: 7|app: 0|req: 810/1507] 10.0.0.126 () {34 vars in 683 bytes} [Thu Jun 11 08:12:04 2026] POST /v2.0/security-groups => generated 1624 bytes in 635 msecs (HTTP/1.1 201) 4 headers in 163 bytes (1 switches on core 0)
2026-06-11 08:12:05.235 8 INFO neutron.db.ovn_revision_numbers_db [None req-5033a6da-658c-4317-8a31-7ef9f3f6b3cc 90aadea6b5294ce19c0a152d4379e5b2 ee76dcb1cfb54f968cb4747eade6b071 - - default default] Successfully bumped revision number for resource bf5282d4-c73b-4f74-8eb2-8710c67de89c (type: security_group_rules) to 0
2026-06-11 08:12:05.252 8 INFO neutron.db.ovn_revision_numbers_db [None req-5033a6da-658c-4317-8a31-7ef9f3f6b3cc 90aadea6b5294ce19c0a152d4379e5b2 ee76dcb1cfb54f968cb4747eade6b071 - - default default] Successfully bumped revision number for resource d89b259a-4cd6-4941-80f9-10b9891f2d53 (type: security_group_rules) to 0
