2026-06-11 08:13:44.158 8 INFO neutron.plugins.ml2.drivers.ovn.mech_driver.mech_driver [None req-a4686190-cc40-40b5-9215-16175f7f0545 - - - - - -] OVN reports status up for port: 0c50f346-f4ab-420e-b3c2-80936cae87d0
2026-06-11 08:13:44.236 8 WARNING neutron.scheduler.dhcp_agent_scheduler [None req-cf2ec4a6-b24f-4731-96ad-097e098c1096 f7bcebeb2c56495aaafdb5c1741dc02f 1e7ae503dc4941ff9dfc928a75005c9d - - default default] No more DHCP agents
2026-06-11 08:13:44.238 8 WARNING neutron.api.rpc.agentnotifiers.dhcp_rpc_agent_api [None req-cf2ec4a6-b24f-4731-96ad-097e098c1096 f7bcebeb2c56495aaafdb5c1741dc02f 1e7ae503dc4941ff9dfc928a75005c9d - - default default] Unable to schedule network 0409e260-5142-49dc-b2ea-442527995f62: no agents available; will retry on subsequent port and subnet creation events.
2026-06-11 08:13:44.568 8 INFO neutron.plugins.ml2.plugin [None req-a4686190-cc40-40b5-9215-16175f7f0545 - - - - - -] Attempt 1 to provision port 0c50f346-f4ab-420e-b3c2-80936cae87d0
2026-06-11 08:13:44.568 8 INFO neutron.db.ovn_revision_numbers_db [None req-cf2ec4a6-b24f-4731-96ad-097e098c1096 f7bcebeb2c56495aaafdb5c1741dc02f 1e7ae503dc4941ff9dfc928a75005c9d - - default default] Successfully bumped revision number for resource 0c50f346-f4ab-420e-b3c2-80936cae87d0 (type: router_ports) to 1 [pid: 8|app: 0|req: 870/1827] 10.0.0.126 () {34 vars in 782 bytes} [Thu Jun 11 08:13:41 2026] PUT /v2.0/routers/d19cb589-daa7-4e23-9b19-b4519ca2a63f/add_router_interface => generated 309 bytes in 2580 msecs (HTTP/1.1 200) 4 headers in 157 bytes (1 switches on core 0)
2026-06-11 08:13:44.671 7 INFO neutron.db.ovn_revision_numbers_db [None req-577b0694-3a21-48ce-9501-1a1fb6d50edf c1f12b13a76a4864a8cefffb03b21abd 0bef75d8d16c4a529b4ae5b6ec37faae - - default default] Successfully bumped revision number for resource 711fc13c-d88f-4315-96b9-b2bcff281faf (type: security_groups) to 1 [pid: 8|app: 0|req: 871/1828] 10.0.0.126 () {32 vars in 716 bytes} [Thu Jun 11 08:13:44 2026] GET /v2.0/ports/0c50f346-f4ab-420e-b3c2-80936cae87d0 => generated 953 bytes in 150 msecs (HTTP/1.1 200) 4 headers in 157 bytes (1 switches on core 0)
2026-06-11 08:13:44.757 7 INFO neutron.db.ovn_revision_numbers_db [None req-577b0694-3a21-48ce-9501-1a1fb6d50edf c1f12b13a76a4864a8cefffb03b21abd 0bef75d8d16c4a529b4ae5b6ec37faae - - default default] Successfully bumped revision number for resource 5127b9c7-0f5e-481a-a6b6-0412bca24757 (type: security_group_rules) to 0 [pid: 8|app: 0|req: 872/1829] 10.0.0.126 () {32 vars in 716 bytes} [Thu Jun 11 08:13:44 2026] GET /v2.0/ports/0c50f346-f4ab-420e-b3c2-80936cae87d0 => generated 953 bytes in 97 msecs (HTTP/1.1 200) 4 headers in 157 bytes (1 switches on core 0)
2026-06-11 08:13:44.868 7 INFO neutron.db.ovn_revision_numbers_db [None req-577b0694-3a21-48ce-9501-1a1fb6d50edf c1f12b13a76a4864a8cefffb03b21abd 0bef75d8d16c4a529b4ae5b6ec37faae - - default default] Successfully bumped revision number for resource 566c6054-d03c-4241-b79d-3ad9c3658453 (type: security_group_rules) to 0
2026-06-11 08:13:44.898 7 INFO neutron.db.ovn_revision_numbers_db [None req-577b0694-3a21-48ce-9501-1a1fb6d50edf c1f12b13a76a4864a8cefffb03b21abd 0bef75d8d16c4a529b4ae5b6ec37faae - - default default] Successfully bumped revision number for resource a427618c-7914-4d1d-869a-e73bea195cdb (type: security_group_rules) to 0
2026-06-11 08:13:44.930 7 INFO neutron.db.ovn_revision_numbers_db [None req-577b0694-3a21-48ce-9501-1a1fb6d50edf c1f12b13a76a4864a8cefffb03b21abd 0bef75d8d16c4a529b4ae5b6ec37faae - - default default] Successfully bumped revision number for resource d6d3c5d3-ca8c-44b1-8906-53ba2eb9a691 (type: security_group_rules) to 0
2026-06-11 08:13:45.016 7 INFO neutron.db.segments_db [None req-577b0694-3a21-48ce-9501-1a1fb6d50edf c1f12b13a76a4864a8cefffb03b21abd 0bef75d8d16c4a529b4ae5b6ec37faae - - default default] Added segment b5c752ab-4c4d-4f68-bad2-683876c47e08 of type geneve for network b3eab9fa-6025-42d2-82c5-c8a3626b6a8e
2026-06-11 08:13:45.297 8 INFO neutron.db.ovn_revision_numbers_db [None req-a4686190-cc40-40b5-9215-16175f7f0545 - - - - - -] Successfully bumped revision number for resource 0c50f346-f4ab-420e-b3c2-80936cae87d0 (type: ports) to 2
2026-06-11 08:13:45.449 7 INFO neutron.db.ovn_revision_numbers_db [None req-577b0694-3a21-48ce-9501-1a1fb6d50edf c1f12b13a76a4864a8cefffb03b21abd 0bef75d8d16c4a529b4ae5b6ec37faae - - default default] Successfully bumped revision number for resource b3eab9fa-6025-42d2-82c5-c8a3626b6a8e (type: networks) to 1
2026-06-11 08:13:45.746 7 WARNING neutron.scheduler.dhcp_agent_scheduler [None req-577b0694-3a21-48ce-9501-1a1fb6d50edf c1f12b13a76a4864a8cefffb03b21abd 0bef75d8d16c4a529b4ae5b6ec37faae - - default default] No more DHCP agents
2026-06-11 08:13:45.748 7 WARNING neutron.api.rpc.agentnotifiers.dhcp_rpc_agent_api [None req-577b0694-3a21-48ce-9501-1a1fb6d50edf c1f12b13a76a4864a8cefffb03b21abd 0bef75d8d16c4a529b4ae5b6ec37faae - - default default] Unable to schedule network b3eab9fa-6025-42d2-82c5-c8a3626b6a8e: no agents available; will retry on subsequent port and subnet creation events. [pid: 8|app: 0|req: 873/1830] 10.0.0.126 () {32 vars in 716 bytes} [Thu Jun 11 08:13:45 2026] GET /v2.0/ports/0c50f346-f4ab-420e-b3c2-80936cae87d0 => generated 955 bytes in 36 msecs (HTTP/1.1 200) 4 headers in 157 bytes (1 switches on core 0)
2026-06-11 08:13:45.941 7 INFO neutron.db.ovn_revision_numbers_db [None req-577b0694-3a21-48ce-9501-1a1fb6d50edf c1f12b13a76a4864a8cefffb03b21abd 0bef75d8d16c4a529b4ae5b6ec37faae - - default default] Successfully bumped revision number for resource e208cf32-2939-455d-8a00-2b826fb75015 (type: ports) to 1 [pid: 7|app: 0|req: 958/1831] 10.0.0.126 () {34 vars in 670 bytes} [Thu Jun 11 08:13:43 2026] POST /v2.0/networks => generated 763 bytes in 2667 msecs (HTTP/1.1 201) 4 headers in 162 bytes (1 switches on core 0)
2026-06-11 08:13:46.200 8 INFO neutron_taas.services.taas.taas_plugin [None req-2b0dbf24-98d5-4f66-8d72-fd3518102847 f7bcebeb2c56495aaafdb5c1741dc02f 1e7ae503dc4941ff9dfc928a75005c9d - - default default] TaaS: Handle Delete Port: 0c50f346-f4ab-420e-b3c2-80936cae87d0
2026-06-11 08:13:46.204 8 INFO neutron_taas.services.taas.tap_mirror_plugin [None req-2b0dbf24-98d5-4f66-8d72-fd3518102847 f7bcebeb2c56495aaafdb5c1741dc02f 1e7ae503dc4941ff9dfc928a75005c9d - - default default] Tap Mirror: Handle Delete Port: 0c50f346-f4ab-420e-b3c2-80936cae87d0
2026-06-11 08:13:46.953 7 WARNING neutron.scheduler.dhcp_agent_scheduler [None req-967be3fb-fd4f-4a0c-bff7-bf676ac5b3d1 c1f12b13a76a4864a8cefffb03b21abd 0bef75d8d16c4a529b4ae5b6ec37faae - - default default] No more DHCP agents
2026-06-11 08:13:46.954 7 WARNING neutron.api.rpc.agentnotifiers.dhcp_rpc_agent_api [None req-967be3fb-fd4f-4a0c-bff7-bf676ac5b3d1 c1f12b13a76a4864a8cefffb03b21abd 0bef75d8d16c4a529b4ae5b6ec37faae - - default default] Unable to schedule network b3eab9fa-6025-42d2-82c5-c8a3626b6a8e: no agents available; will retry on subsequent port and subnet creation events. [pid: 8|app: 0|req: 874/1832] 10.0.0.126 () {34 vars in 788 bytes} [Thu Jun 11 08:13:45 2026] PUT /v2.0/routers/d19cb589-daa7-4e23-9b19-b4519ca2a63f/remove_router_interface => generated 309 bytes in 1286 msecs (HTTP/1.1 200) 4 headers in 157 bytes (1 switches on core 0) /var/lib/openstack/lib/python3.12/site-packages/pycadf/identifier.py:70: UserWarning: Invalid uuid: neutron. To ensure interoperability, identifiers should be a valid uuid. warnings.warn(('Invalid uuid: %s. To ensure interoperability, ' [pid: 8|app: 0|req: 875/1833] 10.0.0.126 () {32 vars in 716 bytes} [Thu Jun 11 08:13:47 2026] GET /v2.0/ports/98a5f4b9-3e65-48f0-9775-6aa37a6facae => generated 947 bytes in 97 msecs (HTTP/1.1 200) 4 headers in 157 bytes (1 switches on core 0)
2026-06-11 08:13:47.583 8 INFO neutron_taas.services.taas.taas_plugin [None req-8fae8716-499e-40c1-b9e6-6afc8e85e99c f7bcebeb2c56495aaafdb5c1741dc02f 1e7ae503dc4941ff9dfc928a75005c9d - - default default] TaaS: Handle Delete Port: 98a5f4b9-3e65-48f0-9775-6aa37a6facae
2026-06-11 08:13:47.586 8 INFO neutron_taas.services.taas.tap_mirror_plugin [None req-8fae8716-499e-40c1-b9e6-6afc8e85e99c f7bcebeb2c56495aaafdb5c1741dc02f 1e7ae503dc4941ff9dfc928a75005c9d - - default default] Tap Mirror: Handle Delete Port: 98a5f4b9-3e65-48f0-9775-6aa37a6facae
2026-06-11 08:13:47.615 7 WARNING neutron.plugins.ml2.drivers.ovn.mech_driver.ovsdb.ovn_client [None req-72381d12-cc1e-4014-b553-531c0bcc1ebf - - - - - -] No hosting information found for port 98a5f4b9-3e65-48f0-9775-6aa37a6facae: RuntimeError: No hosting information found for port 98a5f4b9-3e65-48f0-9775-6aa37a6facae
2026-06-11 08:13:47.779 7 INFO neutron.db.ovn_revision_numbers_db [None req-72381d12-cc1e-4014-b553-531c0bcc1ebf - - - - - -] Successfully bumped revision number for resource 98a5f4b9-3e65-48f0-9775-6aa37a6facae (type: router_ports) to 2
2026-06-11 08:13:47.797 7 INFO neutron.plugins.ml2.drivers.ovn.mech_driver.mech_driver [None req-72381d12-cc1e-4014-b553-531c0bcc1ebf - - - - - -] OVN reports status down for port: e208cf32-2939-455d-8a00-2b826fb75015 [pid: 8|app: 0|req: 876/1834] 10.0.0.126 () {34 vars in 788 bytes} [Thu Jun 11 08:13:47 2026] PUT /v2.0/routers/d19cb589-daa7-4e23-9b19-b4519ca2a63f/remove_router_interface => generated 309 bytes in 955 msecs (HTTP/1.1 200) 4 headers in 157 bytes (1 switches on core 0) /var/lib/openstack/lib/python3.12/site-packages/pycadf/identifier.py:70: UserWarning: Invalid uuid: neutron. To ensure interoperability, identifiers should be a valid uuid. warnings.warn(('Invalid uuid: %s. To ensure interoperability, ' [pid: 8|app: 0|req: 877/1835] 10.0.0.126 () {32 vars in 735 bytes} [Thu Jun 11 08:13:48 2026] GET /v2.0/ports?device_id=d19cb589-daa7-4e23-9b19-b4519ca2a63f => generated 12 bytes in 19 msecs (HTTP/1.1 200) 4 headers in 156 bytes (1 switches on core 0)
2026-06-11 08:13:48.317 7 INFO neutron.db.ovn_revision_numbers_db [None req-248a319e-a098-4cd1-8434-b5c005bcf715 - - - - - -] Successfully bumped revision number for resource e208cf32-2939-455d-8a00-2b826fb75015 (type: ports) to 2
2026-06-11 08:13:48.578 7 INFO neutron.db.ovn_revision_numbers_db [None req-248a319e-a098-4cd1-8434-b5c005bcf715 - - - - - -] Successfully bumped revision number for resource ee00f514-5205-4fbc-b298-695c4d37014b (type: subnets) to 0 [pid: 7|app: 0|req: 959/1836] 10.0.0.126 () {34 vars in 668 bytes} [Thu Jun 11 08:13:46 2026] POST /v2.0/subnets => generated 688 bytes in 2833 msecs (HTTP/1.1 201) 4 headers in 162 bytes (1 switches on core 0) [pid: 8|app: 0|req: 878/1837] 10.0.0.126 () {32 vars in 723 bytes} [Thu Jun 11 08:13:48 2026] DELETE /v2.0/routers/d19cb589-daa7-4e23-9b19-b4519ca2a63f => generated 0 bytes in 838 msecs (HTTP/1.1 204) 2 headers in 112 bytes (1 switches on core 0) [pid: 8|app: 0|req: 879/1838] 10.0.0.126 () {32 vars in 723 bytes} [Thu Jun 11 08:13:49 2026] DELETE /v2.0/subnets/49347e9b-7420-4ce5-bde0-d46b4e00fa26 => generated 0 bytes in 274 msecs (HTTP/1.1 204) 3 headers in 131 bytes (1 switches on core 0)
2026-06-11 08:13:49.859 7 WARNING neutron.scheduler.dhcp_agent_scheduler [None req-8f89ac01-781e-481c-b37a-daacf72d6933 c1f12b13a76a4864a8cefffb03b21abd 0bef75d8d16c4a529b4ae5b6ec37faae - - default default] No more DHCP agents
2026-06-11 08:13:49.861 7 WARNING neutron.api.rpc.agentnotifiers.dhcp_rpc_agent_api [None req-8f89ac01-781e-481c-b37a-daacf72d6933 c1f12b13a76a4864a8cefffb03b21abd 0bef75d8d16c4a529b4ae5b6ec37faae - - default default] Unable to schedule network 20cf6170-7c8b-47a6-bc51-fa67aaf7fed5: no agents available; will retry on subsequent port and subnet creation events. [pid: 8|app: 0|req: 880/1839] 10.0.0.126 () {32 vars in 723 bytes} [Thu Jun 11 08:13:49 2026] DELETE /v2.0/subnets/be234328-a835-4fbd-b52c-035ea9cc3f65 => generated 0 bytes in 501 msecs (HTTP/1.1 204) 3 headers in 131 bytes (1 switches on core 0)
2026-06-11 08:13:50.030 8 INFO neutron_taas.services.taas.taas_plugin [None req-5cc341b1-fb8f-47dd-b220-22d6f0928fa6 f7bcebeb2c56495aaafdb5c1741dc02f 1e7ae503dc4941ff9dfc928a75005c9d - - default default] TaaS: Handle Delete Port: 3f86ccac-0585-4856-9a05-8223ec7ca30d
2026-06-11 08:13:50.035 8 INFO neutron_taas.services.taas.tap_mirror_plugin [None req-5cc341b1-fb8f-47dd-b220-22d6f0928fa6 f7bcebeb2c56495aaafdb5c1741dc02f 1e7ae503dc4941ff9dfc928a75005c9d - - default default] Tap Mirror: Handle Delete Port: 3f86ccac-0585-4856-9a05-8223ec7ca30d
2026-06-11 08:13:50.104 7 INFO neutron.db.ovn_revision_numbers_db [None req-8f89ac01-781e-481c-b37a-daacf72d6933 c1f12b13a76a4864a8cefffb03b21abd 0bef75d8d16c4a529b4ae5b6ec37faae - - default default] Successfully bumped revision number for resource 11a0c055-ead3-43e4-84e8-0cf36eb56501 (type: ports) to 1
2026-06-11 08:13:50.288 8 WARNING neutron.plugins.ml2.drivers.ovn.mech_driver.ovsdb.ovn_client [None req-9b473b43-eff6-424e-af00-5f939705b204 - - - - - -] No port found with ID 0c50f346-f4ab-420e-b3c2-80936cae87d0: RuntimeError: No port found with ID 0c50f346-f4ab-420e-b3c2-80936cae87d0
2026-06-11 08:13:50.305 8 INFO neutron.plugins.ml2.drivers.ovn.mech_driver.mech_driver [None req-9b473b43-eff6-424e-af00-5f939705b204 - - - - - -] OVN reports status down for port: 11a0c055-ead3-43e4-84e8-0cf36eb56501
2026-06-11 08:13:50.655 8 INFO neutron.services.segments.plugin [-] Segment ebc48c14-6d04-4220-a73b-f9010d9b82df resource provider aggregate not found
2026-06-11 08:13:50.659 8 INFO neutron.services.segments.plugin [-] Segment ebc48c14-6d04-4220-a73b-f9010d9b82df resource provider aggregate not found
2026-06-11 08:13:50.674 8 INFO neutron.services.segments.plugin [-] Segment ebc48c14-6d04-4220-a73b-f9010d9b82df resource provider not found; error: Placement Client Error (4xx): {"errors": [{"status": 404, "title": "Not Found", "detail": "The resource could not be found.\n\n No resource provider with uuid ebc48c14-6d04-4220-a73b-f9010d9b82df found for delete ", "request_id": "req-f756127f-4c07-46bc-89dc-0675899c3885"}]}
2026-06-11 08:13:50.676 8 INFO neutron.services.segments.plugin [-] Segment ebc48c14-6d04-4220-a73b-f9010d9b82df resource provider not found; error: Placement Client Error (4xx): {"errors": [{"status": 404, "title": "Not Found", "detail": "The resource could not be found.\n\n No resource provider with uuid ebc48c14-6d04-4220-a73b-f9010d9b82df found for delete ", "request_id": "req-a600558d-5f53-478a-843d-811c568af477"}]} [pid: 8|app: 0|req: 881/1840] 10.0.0.126 () {32 vars in 725 bytes} [Thu Jun 11 08:13:49 2026] DELETE /v2.0/networks/0409e260-5142-49dc-b2ea-442527995f62 => generated 0 bytes in 926 msecs (HTTP/1.1 204) 3 headers in 131 bytes (1 switches on core 0)
2026-06-11 08:13:50.947 8 INFO neutron_taas.services.taas.taas_plugin [None req-3df42090-66c3-45f4-848a-4f0a0e959340 f7bcebeb2c56495aaafdb5c1741dc02f 1e7ae503dc4941ff9dfc928a75005c9d - - default default] TaaS: Handle Delete Port: b1e71886-9814-4bd9-addf-31aa53db5de8
2026-06-11 08:13:50.951 8 INFO neutron_taas.services.taas.tap_mirror_plugin [None req-3df42090-66c3-45f4-848a-4f0a0e959340 f7bcebeb2c56495aaafdb5c1741dc02f 1e7ae503dc4941ff9dfc928a75005c9d - - default default] Tap Mirror: Handle Delete Port: b1e71886-9814-4bd9-addf-31aa53db5de8
2026-06-11 08:13:51.020 7 INFO neutron.plugins.ml2.drivers.ovn.mech_driver.ovsdb.commands [None req-f2384557-3069-4ffb-972d-71542fdd8c8e - - - - - -] Schedule LRP lrp-11a0c055-ead3-43e4-84e8-0cf36eb56501 on gateway ab85ab16-ead8-4775-b252-c84e607c68e2 with priority 1
2026-06-11 08:13:51.037 8 INFO neutron.plugins.ml2.drivers.ovn.mech_driver.mech_driver [None req-9b473b43-eff6-424e-af00-5f939705b204 - - - - - -] OVN reports status up for port: 11a0c055-ead3-43e4-84e8-0cf36eb56501
2026-06-11 08:13:51.077 8 INFO neutron.plugins.ml2.drivers.ovn.mech_driver.ovsdb.ovsdb_monitor [None req-b3d852b6-327e-44c2-8a22-bd1933fa11a7 - - - - - -] Router 00894a85-0948-4b97-a950-1a20473da3cb is bound to host instance
2026-06-11 08:13:51.197 8 INFO neutron.plugins.ml2.plugin [None req-9b473b43-eff6-424e-af00-5f939705b204 - - - - - -] Attempt 1 to provision port 11a0c055-ead3-43e4-84e8-0cf36eb56501
2026-06-11 08:13:51.367 7 INFO neutron.db.ovn_revision_numbers_db [None req-8f89ac01-781e-481c-b37a-daacf72d6933 c1f12b13a76a4864a8cefffb03b21abd 0bef75d8d16c4a529b4ae5b6ec37faae - - default default] Successfully bumped revision number for resource 11a0c055-ead3-43e4-84e8-0cf36eb56501 (type: router_ports) to 1
2026-06-11 08:13:51.469 7 INFO neutron.db.ovn_revision_numbers_db [None req-8f89ac01-781e-481c-b37a-daacf72d6933 c1f12b13a76a4864a8cefffb03b21abd 0bef75d8d16c4a529b4ae5b6ec37faae - - default default] Successfully bumped revision number for resource 00894a85-0948-4b97-a950-1a20473da3cb (type: routers) to 2 [pid: 7|app: 0|req: 960/1843] 10.0.0.126 () {34 vars in 668 bytes} [Thu Jun 11 08:13:49 2026] POST /v2.0/routers => generated 966 bytes in 2993 msecs (HTTP/1.1 201) 4 headers in 162 bytes (1 switches on core 0) [pid: 8|app: 0|req: 884/1844] 10.0.0.126 () {32 vars in 725 bytes} [Thu Jun 11 08:13:50 2026] DELETE /v2.0/networks/f9983c75-71e1-4bd8-bbae-c7f99ad0154d => generated 0 bytes in 1448 msecs (HTTP/1.1 204) 3 headers in 131 bytes (1 switches on core 0)
2026-06-11 08:13:52.713 8 INFO neutron.services.segments.plugin [-] Segment 5aadcf29-bf59-4e4d-a37f-ea6121a631a0 resource provider aggregate not found
2026-06-11 08:13:52.717 8 INFO neutron.services.segments.plugin [-] Segment 5aadcf29-bf59-4e4d-a37f-ea6121a631a0 resource provider aggregate not found
2026-06-11 08:13:52.738 8 INFO neutron.services.segments.plugin [-] Segment 5aadcf29-bf59-4e4d-a37f-ea6121a631a0 resource provider not found; error: Placement Client Error (4xx): {"errors": [{"status": 404, "title": "Not Found", "detail": "The resource could not be found.\n\n No resource provider with uuid 5aadcf29-bf59-4e4d-a37f-ea6121a631a0 found for delete ", "request_id": "req-58720372-cd9c-4207-902a-22e58b31da5b"}]}
2026-06-11 08:13:52.742 8 INFO neutron.services.segments.plugin [-] Segment 5aadcf29-bf59-4e4d-a37f-ea6121a631a0 resource provider not found; error: Placement Client Error (4xx): {"errors": [{"status": 404, "title": "Not Found", "detail": "The resource could not be found.\n\n No resource provider with uuid 5aadcf29-bf59-4e4d-a37f-ea6121a631a0 found for delete ", "request_id": "req-a4839519-8b08-47ea-b8ae-1ceb8472e9c8"}]}
2026-06-11 08:13:53.265 7 INFO neutron.db.ovn_revision_numbers_db [None req-4ddd653e-5e3b-46c5-81a8-8ec65c0346ad c1f12b13a76a4864a8cefffb03b21abd 0bef75d8d16c4a529b4ae5b6ec37faae - - default default] Successfully bumped revision number for resource cb24ce01-c02e-4219-96fb-cadf3875cb69 (type: security_groups) to 1
2026-06-11 08:13:53.442 8 INFO neutron.db.ovn_revision_numbers_db [None req-22c00ac9-4b1e-441b-8741-b463530bb04a - - - - - -] Successfully bumped revision number for resource 11a0c055-ead3-43e4-84e8-0cf36eb56501 (type: ports) to 4
2026-06-11 08:13:53.442 7 INFO neutron.db.ovn_revision_numbers_db [None req-4ddd653e-5e3b-46c5-81a8-8ec65c0346ad c1f12b13a76a4864a8cefffb03b21abd 0bef75d8d16c4a529b4ae5b6ec37faae - - default default] Successfully bumped revision number for resource 188ec5cb-aadf-43b5-badd-1de9c1f1405f (type: security_group_rules) to 0
2026-06-11 08:13:53.517 7 INFO neutron.db.ovn_revision_numbers_db [None req-4ddd653e-5e3b-46c5-81a8-8ec65c0346ad c1f12b13a76a4864a8cefffb03b21abd 0bef75d8d16c4a529b4ae5b6ec37faae - - default default] Successfully bumped revision number for resource 24f9f39b-8ee1-435a-840c-23fef5afd075 (type: security_group_rules) to 0
2026-06-11 08:13:53.523 8 WARNING neutron.scheduler.dhcp_agent_scheduler [None req-1245463b-bcc3-4b61-a3db-1a883a34c9cc c1f12b13a76a4864a8cefffb03b21abd 0bef75d8d16c4a529b4ae5b6ec37faae - - default default] No more DHCP agents
2026-06-11 08:13:53.529 8 WARNING neutron.api.rpc.agentnotifiers.dhcp_rpc_agent_api [None req-1245463b-bcc3-4b61-a3db-1a883a34c9cc c1f12b13a76a4864a8cefffb03b21abd 0bef75d8d16c4a529b4ae5b6ec37faae - - default default] Unable to schedule network b3eab9fa-6025-42d2-82c5-c8a3626b6a8e: no agents available; will retry on subsequent port and subnet creation events.
2026-06-11 08:13:53.540 7 INFO neutron.db.ovn_revision_numbers_db [None req-4ddd653e-5e3b-46c5-81a8-8ec65c0346ad c1f12b13a76a4864a8cefffb03b21abd 0bef75d8d16c4a529b4ae5b6ec37faae - - default default] Successfully bumped revision number for resource d20f0a95-abe3-4c5a-9e15-7fd856c4ec15 (type: security_group_rules) to 0
2026-06-11 08:13:53.556 7 INFO neutron.db.ovn_revision_numbers_db [None req-4ddd653e-5e3b-46c5-81a8-8ec65c0346ad c1f12b13a76a4864a8cefffb03b21abd 0bef75d8d16c4a529b4ae5b6ec37faae - - default default] Successfully bumped revision number for resource f046a95f-8cbd-432b-aca1-d09b5030749d (type: security_group_rules) to 0 [pid: 7|app: 0|req: 961/1845] 10.0.0.126 () {32 vars in 773 bytes} [Thu Jun 11 08:13:52 2026] GET /v2.0/security-groups?tenant_id=9bce4d527adc409aa961ad06732a0932&name=default => generated 2925 bytes in 1587 msecs (HTTP/1.1 200) 4 headers in 158 bytes (1 switches on core 0)
2026-06-11 08:13:53.704 7 INFO neutron.db.segments_db [None req-6fd60a74-e998-4e09-a938-480a5641f3aa f7bcebeb2c56495aaafdb5c1741dc02f 1e7ae503dc4941ff9dfc928a75005c9d - - default default] Added segment 5da1b722-a787-48e9-a8bc-70e7cb635738 of type geneve for network 02c02a90-6196-4819-b3ae-53a96d27ed85
2026-06-11 08:13:53.811 8 INFO neutron.db.ovn_revision_numbers_db [None req-1245463b-bcc3-4b61-a3db-1a883a34c9cc c1f12b13a76a4864a8cefffb03b21abd 0bef75d8d16c4a529b4ae5b6ec37faae - - default default] Successfully bumped revision number for resource 0606c474-3c24-49c5-9d74-cb0280fb35a3 (type: ports) to 1
2026-06-11 08:13:53.857 7 INFO neutron.db.ovn_revision_numbers_db [None req-6fd60a74-e998-4e09-a938-480a5641f3aa f7bcebeb2c56495aaafdb5c1741dc02f 1e7ae503dc4941ff9dfc928a75005c9d - - default default] Successfully bumped revision number for resource 02c02a90-6196-4819-b3ae-53a96d27ed85 (type: networks) to 1
2026-06-11 08:13:53.918 8 INFO neutron.plugins.ml2.drivers.ovn.mech_driver.mech_driver [None req-9b473b43-eff6-424e-af00-5f939705b204 - - - - - -] OVN reports status down for port: 0606c474-3c24-49c5-9d74-cb0280fb35a3
2026-06-11 08:13:54.105 7 WARNING neutron.scheduler.dhcp_agent_scheduler [None req-6fd60a74-e998-4e09-a938-480a5641f3aa f7bcebeb2c56495aaafdb5c1741dc02f 1e7ae503dc4941ff9dfc928a75005c9d - - default default] No more DHCP agents
2026-06-11 08:13:54.107 7 WARNING neutron.api.rpc.agentnotifiers.dhcp_rpc_agent_api [None req-6fd60a74-e998-4e09-a938-480a5641f3aa f7bcebeb2c56495aaafdb5c1741dc02f 1e7ae503dc4941ff9dfc928a75005c9d - - default default] Unable to schedule network 02c02a90-6196-4819-b3ae-53a96d27ed85: no agents available; will retry on subsequent port and subnet creation events.
2026-06-11 08:13:54.207 7 INFO neutron.db.ovn_revision_numbers_db [None req-6fd60a74-e998-4e09-a938-480a5641f3aa f7bcebeb2c56495aaafdb5c1741dc02f 1e7ae503dc4941ff9dfc928a75005c9d - - default default] Successfully bumped revision number for resource 8bcb4e6e-6d05-4ea3-81b4-e61eae3caf0d (type: ports) to 1 [pid: 7|app: 0|req: 962/1846] 10.0.0.126 () {34 vars in 669 bytes} [Thu Jun 11 08:13:53 2026] POST /v2.0/networks => generated 652 bytes in 629 msecs (HTTP/1.1 201) 4 headers in 162 bytes (1 switches on core 0)
2026-06-11 08:13:54.247 8 INFO neutron.db.ovn_revision_numbers_db [None req-22c00ac9-4b1e-441b-8741-b463530bb04a - - - - - -] Successfully bumped revision number for resource 11a0c055-ead3-43e4-84e8-0cf36eb56501 (type: ports) to 5
2026-06-11 08:13:54.261 8 INFO neutron.plugins.ml2.drivers.ovn.mech_driver.mech_driver [None req-9b473b43-eff6-424e-af00-5f939705b204 - - - - - -] OVN reports status down for port: 8bcb4e6e-6d05-4ea3-81b4-e61eae3caf0d [pid: 7|app: 0|req: 963/1847] 10.0.0.126 () {32 vars in 739 bytes} [Thu Jun 11 08:13:54 2026] DELETE /v2.0/security-groups/cb24ce01-c02e-4219-96fb-cadf3875cb69 => generated 0 bytes in 343 msecs (HTTP/1.1 204) 2 headers in 112 bytes (1 switches on core 0)
2026-06-11 08:13:54.848 7 WARNING neutron.scheduler.dhcp_agent_scheduler [None req-9ef3652c-725b-4717-8410-69ca76eefebb f7bcebeb2c56495aaafdb5c1741dc02f 1e7ae503dc4941ff9dfc928a75005c9d - - default default] No more DHCP agents
2026-06-11 08:13:54.849 7 WARNING neutron.api.rpc.agentnotifiers.dhcp_rpc_agent_api [None req-9ef3652c-725b-4717-8410-69ca76eefebb f7bcebeb2c56495aaafdb5c1741dc02f 1e7ae503dc4941ff9dfc928a75005c9d - - default default] Unable to schedule network 02c02a90-6196-4819-b3ae-53a96d27ed85: no agents available; will retry on subsequent port and subnet creation events.
2026-06-11 08:13:54.888 7 INFO neutron.db.ovn_revision_numbers_db [None req-9ef3652c-725b-4717-8410-69ca76eefebb f7bcebeb2c56495aaafdb5c1741dc02f 1e7ae503dc4941ff9dfc928a75005c9d - - default default] Successfully bumped revision number for resource d743ae01-52fa-427e-afac-0c9f79a285ab (type: subnets) to 0 [pid: 7|app: 0|req: 964/1848] 10.0.0.126 () {34 vars in 668 bytes} [Thu Jun 11 08:13:54 2026] POST /v2.0/subnets => generated 646 bytes in 332 msecs (HTTP/1.1 201) 4 headers in 162 bytes (1 switches on core 0)
2026-06-11 08:13:55.019 8 INFO neutron.plugins.ml2.drivers.ovn.mech_driver.mech_driver [None req-9b473b43-eff6-424e-af00-5f939705b204 - - - - - -] OVN reports status up for port: 0606c474-3c24-49c5-9d74-cb0280fb35a3
2026-06-11 08:13:55.058 8 INFO neutron.plugins.ml2.plugin [None req-9b473b43-eff6-424e-af00-5f939705b204 - - - - - -] Attempt 1 to provision port 0606c474-3c24-49c5-9d74-cb0280fb35a3
2026-06-11 08:13:55.203 8 WARNING neutron.scheduler.dhcp_agent_scheduler [None req-1245463b-bcc3-4b61-a3db-1a883a34c9cc c1f12b13a76a4864a8cefffb03b21abd 0bef75d8d16c4a529b4ae5b6ec37faae - - default default] No more DHCP agents
2026-06-11 08:13:55.206 8 WARNING neutron.api.rpc.agentnotifiers.dhcp_rpc_agent_api [None req-1245463b-bcc3-4b61-a3db-1a883a34c9cc c1f12b13a76a4864a8cefffb03b21abd 0bef75d8d16c4a529b4ae5b6ec37faae - - default default] Unable to schedule network b3eab9fa-6025-42d2-82c5-c8a3626b6a8e: no agents available; will retry on subsequent port and subnet creation events.
2026-06-11 08:13:55.666 7 INFO neutron.db.ovn_revision_numbers_db [None req-a266e2ab-d066-44a4-94c2-ea001d996e9c c1f12b13a76a4864a8cefffb03b21abd 0bef75d8d16c4a529b4ae5b6ec37faae - - default default] Successfully bumped revision number for resource 7257a2cc-8921-478f-9380-737ea56e8265 (type: security_groups) to 1
2026-06-11 08:13:55.689 7 INFO neutron.db.ovn_revision_numbers_db [None req-a266e2ab-d066-44a4-94c2-ea001d996e9c c1f12b13a76a4864a8cefffb03b21abd 0bef75d8d16c4a529b4ae5b6ec37faae - - default default] Successfully bumped revision number for resource 0fece5cd-9157-4b51-bf5b-49e7d5de0c9d (type: security_group_rules) to 0
2026-06-11 08:13:55.706 7 INFO neutron.db.ovn_revision_numbers_db [None req-a266e2ab-d066-44a4-94c2-ea001d996e9c c1f12b13a76a4864a8cefffb03b21abd 0bef75d8d16c4a529b4ae5b6ec37faae - - default default] Successfully bumped revision number for resource 1a22d347-46b6-4098-a827-0115411bd91f (type: security_group_rules) to 0
2026-06-11 08:13:55.726 7 INFO neutron.db.ovn_revision_numbers_db [None req-a266e2ab-d066-44a4-94c2-ea001d996e9c c1f12b13a76a4864a8cefffb03b21abd 0bef75d8d16c4a529b4ae5b6ec37faae - - default default] Successfully bumped revision number for resource 55fb48e9-50ce-43e7-9a65-4063b98c3672 (type: security_group_rules) to 0
2026-06-11 08:13:55.756 7 INFO neutron.db.ovn_revision_numbers_db [None req-a266e2ab-d066-44a4-94c2-ea001d996e9c c1f12b13a76a4864a8cefffb03b21abd 0bef75d8d16c4a529b4ae5b6ec37faae - - default default] Successfully bumped revision number for resource a6395fb3-8daa-48a8-91ef-f79c0f248475 (type: security_group_rules) to 0 [pid: 7|app: 0|req: 965/1849] 10.0.0.126 () {32 vars in 773 bytes} [Thu Jun 11 08:13:54 2026] GET /v2.0/security-groups?tenant_id=27c03f43af584f7992296c494ac50126&name=default => generated 2925 bytes in 888 msecs (HTTP/1.1 200) 4 headers in 158 bytes (1 switches on core 0)
2026-06-11 08:13:55.866 8 INFO neutron.db.ovn_revision_numbers_db [None req-1245463b-bcc3-4b61-a3db-1a883a34c9cc c1f12b13a76a4864a8cefffb03b21abd 0bef75d8d16c4a529b4ae5b6ec37faae - - default default] Successfully bumped revision number for resource 0606c474-3c24-49c5-9d74-cb0280fb35a3 (type: router_ports) to 1 [pid: 8|app: 0|req: 885/1850] 10.0.0.126 () {34 vars in 782 bytes} [Thu Jun 11 08:13:52 2026] PUT /v2.0/routers/00894a85-0948-4b97-a950-1a20473da3cb/add_router_interface => generated 309 bytes in 3612 msecs (HTTP/1.1 200) 4 headers in 157 bytes (1 switches on core 0)
2026-06-11 08:13:55.945 7 INFO neutron.db.ovn_revision_numbers_db [None req-3a6d5bbe-c3b9-4b2a-bdc2-047e498c7f1d f7bcebeb2c56495aaafdb5c1741dc02f 1e7ae503dc4941ff9dfc928a75005c9d - - default default] Successfully bumped revision number for resource 0acece69-978e-462c-a8b8-d462b2278261 (type: routers) to 1 [pid: 7|app: 0|req: 966/1851] 10.0.0.126 () {34 vars in 668 bytes} [Thu Jun 11 08:13:55 2026] POST /v2.0/routers => generated 607 bytes in 172 msecs (HTTP/1.1 201) 4 headers in 162 bytes (1 switches on core 0)
2026-06-11 08:13:56.286 8 INFO neutron.db.ovn_revision_numbers_db [None req-9b473b43-eff6-424e-af00-5f939705b204 - - - - - -] Successfully bumped revision number for resource 0606c474-3c24-49c5-9d74-cb0280fb35a3 (type: ports) to 2
2026-06-11 08:13:56.370 7 WARNING neutron.scheduler.dhcp_agent_scheduler [None req-21e82114-2e1e-4179-b829-829d54f301ad f7bcebeb2c56495aaafdb5c1741dc02f 1e7ae503dc4941ff9dfc928a75005c9d - - default default] No more DHCP agents
2026-06-11 08:13:56.372 7 WARNING neutron.api.rpc.agentnotifiers.dhcp_rpc_agent_api [None req-21e82114-2e1e-4179-b829-829d54f301ad f7bcebeb2c56495aaafdb5c1741dc02f 1e7ae503dc4941ff9dfc928a75005c9d - - default default] Unable to schedule network 02c02a90-6196-4819-b3ae-53a96d27ed85: no agents available; will retry on subsequent port and subnet creation events.
2026-06-11 08:13:56.490 7 INFO neutron.db.ovn_revision_numbers_db [None req-21e82114-2e1e-4179-b829-829d54f301ad f7bcebeb2c56495aaafdb5c1741dc02f 1e7ae503dc4941ff9dfc928a75005c9d - - default default] Successfully bumped revision number for resource 1d26cb6a-511b-4444-ae1f-8595373486b4 (type: ports) to 1 [pid: 8|app: 0|req: 886/1852] 10.0.0.126 () {32 vars in 739 bytes} [Thu Jun 11 08:13:55 2026] DELETE /v2.0/security-groups/7257a2cc-8921-478f-9380-737ea56e8265 => generated 0 bytes in 613 msecs (HTTP/1.1 204) 2 headers in 112 bytes (1 switches on core 0) [pid: 7|app: 0|req: 967/1853] 10.0.0.126 () {34 vars in 664 bytes} [Thu Jun 11 08:13:55 2026] POST /v2.0/ports => generated 964 bytes in 555 msecs (HTTP/1.1 201) 4 headers in 162 bytes (1 switches on core 0) /var/lib/openstack/lib/python3.12/site-packages/pycadf/identifier.py:70: UserWarning: Invalid uuid: neutron. To ensure interoperability, identifiers should be a valid uuid. warnings.warn(('Invalid uuid: %s. To ensure interoperability, '
2026-06-11 08:13:56.808 7 INFO neutron.db.ovn_revision_numbers_db [None req-9d67b833-f759-43bb-9cfd-94fcd8f46960 c1f12b13a76a4864a8cefffb03b21abd 0bef75d8d16c4a529b4ae5b6ec37faae - - default default] Successfully bumped revision number for resource ad3de37e-ecc9-43d7-9274-994cb17e8cf9 (type: security_groups) to 1
2026-06-11 08:13:56.832 7 INFO neutron.db.ovn_revision_numbers_db [None req-9d67b833-f759-43bb-9cfd-94fcd8f46960 c1f12b13a76a4864a8cefffb03b21abd 0bef75d8d16c4a529b4ae5b6ec37faae - - default default] Successfully bumped revision number for resource 52ea86f5-fadb-4dde-8681-bb0cea7d2752 (type: security_group_rules) to 0
2026-06-11 08:13:56.850 7 INFO neutron.db.ovn_revision_numbers_db [None req-9d67b833-f759-43bb-9cfd-94fcd8f46960 c1f12b13a76a4864a8cefffb03b21abd 0bef75d8d16c4a529b4ae5b6ec37faae - - default default] Successfully bumped revision number for resource 826e170a-db2c-42a8-bdbe-1468ea64a0f1 (type: security_group_rules) to 0
2026-06-11 08:13:56.868 7 INFO neutron.db.ovn_revision_numbers_db [None req-9d67b833-f759-43bb-9cfd-94fcd8f46960 c1f12b13a76a4864a8cefffb03b21abd 0bef75d8d16c4a529b4ae5b6ec37faae - - default default] Successfully bumped revision number for resource 99cd1608-7ffb-4c1a-96b5-c5d830334e8e (type: security_group_rules) to 0
2026-06-11 08:13:56.895 7 INFO neutron.db.ovn_revision_numbers_db [None req-9d67b833-f759-43bb-9cfd-94fcd8f46960 c1f12b13a76a4864a8cefffb03b21abd 0bef75d8d16c4a529b4ae5b6ec37faae - - default default] Successfully bumped revision number for resource d325212a-5d3d-4986-8430-f7ea33172a82 (type: security_group_rules) to 0 [pid: 7|app: 0|req: 968/1854] 10.0.0.126 () {32 vars in 773 bytes} [Thu Jun 11 08:13:56 2026] GET /v2.0/security-groups?tenant_id=b9204442b5c94e168d205e436baba366&name=default => generated 2925 bytes in 301 msecs (HTTP/1.1 200) 4 headers in 158 bytes (1 switches on core 0)
2026-06-11 08:13:57.103 8 INFO neutron.db.ovn_revision_numbers_db [None req-95d07c45-2c33-4fd7-bb52-8ed6be6ed48a f7bcebeb2c56495aaafdb5c1741dc02f 1e7ae503dc4941ff9dfc928a75005c9d - - default default] Successfully bumped revision number for resource 1d26cb6a-511b-4444-ae1f-8595373486b4 (type: ports) to 2 [pid: 7|app: 0|req: 969/1855] 10.0.0.126 () {32 vars in 739 bytes} [Thu Jun 11 08:13:56 2026] DELETE /v2.0/security-groups/ad3de37e-ecc9-43d7-9274-994cb17e8cf9 => generated 0 bytes in 271 msecs (HTTP/1.1 204) 2 headers in 112 bytes (1 switches on core 0)
2026-06-11 08:13:57.792 8 WARNING neutron.scheduler.dhcp_agent_scheduler [None req-95d07c45-2c33-4fd7-bb52-8ed6be6ed48a f7bcebeb2c56495aaafdb5c1741dc02f 1e7ae503dc4941ff9dfc928a75005c9d - - default default] No more DHCP agents
2026-06-11 08:13:57.793 8 WARNING neutron.api.rpc.agentnotifiers.dhcp_rpc_agent_api [None req-95d07c45-2c33-4fd7-bb52-8ed6be6ed48a f7bcebeb2c56495aaafdb5c1741dc02f 1e7ae503dc4941ff9dfc928a75005c9d - - default default] Unable to schedule network 02c02a90-6196-4819-b3ae-53a96d27ed85: no agents available; will retry on subsequent port and subnet creation events.
2026-06-11 08:13:58.500 7 INFO neutron.db.ovn_revision_numbers_db [None req-5eaa3fe5-86a7-4e77-a9b6-c11f146e9b84 29da29366e47432c99e57a41192e56cc 4711f121b9ba4e7d8ed894874b961a1a - - default default] Successfully bumped revision number for resource 645311eb-f499-4459-bcdb-1150d98e553f (type: security_groups) to 1
2026-06-11 08:13:58.545 7 INFO neutron.db.ovn_revision_numbers_db [None req-5eaa3fe5-86a7-4e77-a9b6-c11f146e9b84 29da29366e47432c99e57a41192e56cc 4711f121b9ba4e7d8ed894874b961a1a - - default default] Successfully bumped revision number for resource 108f5075-1b29-475e-b2c2-86025dc777ac (type: security_group_rules) to 0
2026-06-11 08:13:58.578 7 INFO neutron.db.ovn_revision_numbers_db [None req-5eaa3fe5-86a7-4e77-a9b6-c11f146e9b84 29da29366e47432c99e57a41192e56cc 4711f121b9ba4e7d8ed894874b961a1a - - default default] Successfully bumped revision number for resource 462015f0-ea28-4b56-abde-3976f4265f26 (type: security_group_rules) to 0
2026-06-11 08:13:58.703 8 INFO neutron.db.ovn_revision_numbers_db [None req-95d07c45-2c33-4fd7-bb52-8ed6be6ed48a f7bcebeb2c56495aaafdb5c1741dc02f 1e7ae503dc4941ff9dfc928a75005c9d - - default default] Successfully bumped revision number for resource 1d26cb6a-511b-4444-ae1f-8595373486b4 (type: router_ports) to 2 [pid: 8|app: 0|req: 887/1856] 10.0.0.126 () {34 vars in 782 bytes} [Thu Jun 11 08:13:56 2026] PUT /v2.0/routers/0acece69-978e-462c-a8b8-d462b2278261/add_router_interface => generated 309 bytes in 2173 msecs (HTTP/1.1 200) 4 headers in 157 bytes (1 switches on core 0) /var/lib/openstack/lib/python3.12/site-packages/pycadf/identifier.py:70: UserWarning: Invalid uuid: neutron. To ensure interoperability, identifiers should be a valid uuid. warnings.warn(('Invalid uuid: %s. To ensure interoperability, '
2026-06-11 08:13:58.759 7 INFO neutron.db.ovn_revision_numbers_db [None req-5eaa3fe5-86a7-4e77-a9b6-c11f146e9b84 29da29366e47432c99e57a41192e56cc 4711f121b9ba4e7d8ed894874b961a1a - - default default] Successfully bumped revision number for resource 55a2e750-6c26-44b6-bbd8-37bcbe385480 (type: security_group_rules) to 0 [pid: 8|app: 0|req: 888/1857] 10.0.0.177 () {34 vars in 981 bytes} [Thu Jun 11 08:13:58 2026] GET /v2.0/networks?id=b3eab9fa-6025-42d2-82c5-c8a3626b6a8e => generated 711 bytes in 60 msecs (HTTP/1.1 200) 4 headers in 157 bytes (1 switches on core 0)
2026-06-11 08:13:58.781 7 INFO neutron.db.ovn_revision_numbers_db [None req-5eaa3fe5-86a7-4e77-a9b6-c11f146e9b84 29da29366e47432c99e57a41192e56cc 4711f121b9ba4e7d8ed894874b961a1a - - default default] Successfully bumped revision number for resource 8fbab914-98b9-44a0-9ddd-87b9227a5bd6 (type: security_group_rules) to 0
2026-06-11 08:13:58.864 7 INFO neutron.db.segments_db [None req-5eaa3fe5-86a7-4e77-a9b6-c11f146e9b84 29da29366e47432c99e57a41192e56cc 4711f121b9ba4e7d8ed894874b961a1a - - default default] Added segment f03090e2-2416-4945-9355-73c2a903b145 of type geneve for network bc518f42-7310-4193-bd4b-939003a294d6 [pid: 8|app: 0|req: 889/1858] 10.0.0.126 () {32 vars in 716 bytes} [Thu Jun 11 08:13:58 2026] GET /v2.0/ports/1d26cb6a-511b-4444-ae1f-8595373486b4 => generated 1024 bytes in 96 msecs (HTTP/1.1 200) 4 headers in 158 bytes (1 switches on core 0) [pid: 8|app: 0|req: 890/1859] 10.0.0.177 () {34 vars in 964 bytes} [Thu Jun 11 08:13:58 2026] GET /v2.0/quotas/c3f349a8dc6d4081b1e1ccaf420e81bc => generated 292 bytes in 14 msecs (HTTP/1.1 200) 4 headers in 157 bytes (1 switches on core 0)
2026-06-11 08:13:59.012 7 INFO neutron.db.ovn_revision_numbers_db [None req-5eaa3fe5-86a7-4e77-a9b6-c11f146e9b84 29da29366e47432c99e57a41192e56cc 4711f121b9ba4e7d8ed894874b961a1a - - default default] Successfully bumped revision number for resource bc518f42-7310-4193-bd4b-939003a294d6 (type: networks) to 1
2026-06-11 08:13:59.193 8 INFO neutron_taas.services.taas.taas_plugin [None req-1f9ab43f-981f-4f67-840b-5cf5c576d193 f7bcebeb2c56495aaafdb5c1741dc02f 1e7ae503dc4941ff9dfc928a75005c9d - - default default] TaaS: Handle Delete Port: 1d26cb6a-511b-4444-ae1f-8595373486b4
2026-06-11 08:13:59.196 8 INFO neutron_taas.services.taas.tap_mirror_plugin [None req-1f9ab43f-981f-4f67-840b-5cf5c576d193 f7bcebeb2c56495aaafdb5c1741dc02f 1e7ae503dc4941ff9dfc928a75005c9d - - default default] Tap Mirror: Handle Delete Port: 1d26cb6a-511b-4444-ae1f-8595373486b4
2026-06-11 08:13:59.215 7 WARNING neutron.scheduler.dhcp_agent_scheduler [None req-5eaa3fe5-86a7-4e77-a9b6-c11f146e9b84 29da29366e47432c99e57a41192e56cc 4711f121b9ba4e7d8ed894874b961a1a - - default default] No more DHCP agents
2026-06-11 08:13:59.217 7 WARNING neutron.api.rpc.agentnotifiers.dhcp_rpc_agent_api [None req-5eaa3fe5-86a7-4e77-a9b6-c11f146e9b84 29da29366e47432c99e57a41192e56cc 4711f121b9ba4e7d8ed894874b961a1a - - default default] Unable to schedule network bc518f42-7310-4193-bd4b-939003a294d6: no agents available; will retry on subsequent port and subnet creation events.
2026-06-11 08:13:59.274 7 INFO neutron.plugins.ml2.drivers.ovn.mech_driver.mech_driver [None req-72381d12-cc1e-4014-b553-531c0bcc1ebf - - - - - -] OVN reports status down for port: 74735a25-ba89-48a7-a148-f0ebcb75c3cf
2026-06-11 08:13:59.338 7 INFO neutron.db.ovn_revision_numbers_db [None req-5eaa3fe5-86a7-4e77-a9b6-c11f146e9b84 29da29366e47432c99e57a41192e56cc 4711f121b9ba4e7d8ed894874b961a1a - - default default] Successfully bumped revision number for resource 74735a25-ba89-48a7-a148-f0ebcb75c3cf (type: ports) to 1 [pid: 7|app: 0|req: 970/1860] 10.0.0.126 () {34 vars in 670 bytes} [Thu Jun 11 08:13:58 2026] POST /v2.0/networks => generated 651 bytes in 1308 msecs (HTTP/1.1 201) 4 headers in 162 bytes (1 switches on core 0) [pid: 7|app: 0|req: 971/1861] 10.0.0.177 () {34 vars in 1001 bytes} [Thu Jun 11 08:13:59 2026] GET /v2.0/ports?tenant_id=c3f349a8dc6d4081b1e1ccaf420e81bc&fields=id => generated 103 bytes in 86 msecs (HTTP/1.1 200) 4 headers in 157 bytes (1 switches on core 0) [pid: 8|app: 0|req: 891/1862] 10.0.0.126 () {34 vars in 788 bytes} [Thu Jun 11 08:13:58 2026] PUT /v2.0/routers/0acece69-978e-462c-a8b8-d462b2278261/remove_router_interface => generated 309 bytes in 660 msecs (HTTP/1.1 200) 4 headers in 157 bytes (1 switches on core 0) /var/lib/openstack/lib/python3.12/site-packages/pycadf/identifier.py:70: UserWarning: Invalid uuid: neutron. To ensure interoperability, identifiers should be a valid uuid. warnings.warn(('Invalid uuid: %s. To ensure interoperability, ' [pid: 8|app: 0|req: 892/1863] 10.0.0.177 () {34 vars in 1007 bytes} [Thu Jun 11 08:13:59 2026] GET /v2.0/networks/b3eab9fa-6025-42d2-82c5-c8a3626b6a8e?fields=segments => generated 14 bytes in 47 msecs (HTTP/1.1 200) 4 headers in 156 bytes (1 switches on core 0)
2026-06-11 08:13:59.645 8 INFO neutron.api.v2.resource [None req-380b4631-8170-4f9d-bb6b-93814680b375 f7bcebeb2c56495aaafdb5c1741dc02f 1e7ae503dc4941ff9dfc928a75005c9d - - default default] remove_router_interface failed (client error): The resource could not be found. [pid: 8|app: 0|req: 893/1864] 10.0.0.126 () {34 vars in 788 bytes} [Thu Jun 11 08:13:59 2026] PUT /v2.0/routers/0acece69-978e-462c-a8b8-d462b2278261/remove_router_interface => generated 197 bytes in 55 msecs (HTTP/1.1 404) 4 headers in 164 bytes (1 switches on core 0) [pid: 8|app: 0|req: 894/1865] 10.0.0.177 () {34 vars in 1107 bytes} [Thu Jun 11 08:13:59 2026] GET /v2.0/networks/b3eab9fa-6025-42d2-82c5-c8a3626b6a8e?fields=provider%3Aphysical_network&fields=provider%3Anetwork_type => generated 79 bytes in 43 msecs (HTTP/1.1 200) 4 headers in 156 bytes (1 switches on core 0) [pid: 8|app: 0|req: 895/1866] 10.0.0.126 () {32 vars in 735 bytes} [Thu Jun 11 08:13:59 2026] GET /v2.0/ports?device_id=0acece69-978e-462c-a8b8-d462b2278261 => generated 12 bytes in 20 msecs (HTTP/1.1 200) 4 headers in 156 bytes (1 switches on core 0) [pid: 8|app: 0|req: 896/1867] 10.0.0.126 () {32 vars in 723 bytes} [Thu Jun 11 08:13:59 2026] DELETE /v2.0/routers/0acece69-978e-462c-a8b8-d462b2278261 => generated 0 bytes in 240 msecs (HTTP/1.1 204) 2 headers in 112 bytes (1 switches on core 0)
2026-06-11 08:13:59.955 7 WARNING neutron.scheduler.dhcp_agent_scheduler [None req-45deedf1-6f95-4eb6-a1f5-3ea5acad0ab6 29da29366e47432c99e57a41192e56cc 4711f121b9ba4e7d8ed894874b961a1a - - default default] No more DHCP agents
2026-06-11 08:13:59.957 7 WARNING neutron.api.rpc.agentnotifiers.dhcp_rpc_agent_api [None req-45deedf1-6f95-4eb6-a1f5-3ea5acad0ab6 29da29366e47432c99e57a41192e56cc 4711f121b9ba4e7d8ed894874b961a1a - - default default] Unable to schedule network 20cf6170-7c8b-47a6-bc51-fa67aaf7fed5: no agents available; will retry on subsequent port and subnet creation events. [pid: 8|app: 0|req: 897/1868] 10.0.0.177 () {34 vars in 989 bytes} [Thu Jun 11 08:13:59 2026] GET /v2.0/ports?device_id=db085047-8697-4c47-8268-823ec68424bc => generated 12 bytes in 14 msecs (HTTP/1.1 200) 4 headers in 156 bytes (1 switches on core 0)
2026-06-11 08:14:00.382 7 INFO neutron.db.ovn_revision_numbers_db [None req-45deedf1-6f95-4eb6-a1f5-3ea5acad0ab6 29da29366e47432c99e57a41192e56cc 4711f121b9ba4e7d8ed894874b961a1a - - default default] Successfully bumped revision number for resource 5f816576-70f7-4b0c-adbc-a6e57b518ef5 (type: ports) to 1 [pid: 8|app: 0|req: 898/1869] 10.0.0.126 () {32 vars in 723 bytes} [Thu Jun 11 08:13:59 2026] DELETE /v2.0/subnets/d743ae01-52fa-427e-afac-0c9f79a285ab => generated 0 bytes in 888 msecs (HTTP/1.1 204) 3 headers in 131 bytes (1 switches on core 0)
2026-06-11 08:14:00.997 8 INFO neutron_taas.services.taas.taas_plugin [None req-deec744b-754f-4c0d-a7c6-9ef2352296ec f7bcebeb2c56495aaafdb5c1741dc02f 1e7ae503dc4941ff9dfc928a75005c9d - - default default] TaaS: Handle Delete Port: 8bcb4e6e-6d05-4ea3-81b4-e61eae3caf0d
2026-06-11 08:14:01.000 8 INFO neutron_taas.services.taas.tap_mirror_plugin [None req-deec744b-754f-4c0d-a7c6-9ef2352296ec f7bcebeb2c56495aaafdb5c1741dc02f 1e7ae503dc4941ff9dfc928a75005c9d - - default default] Tap Mirror: Handle Delete Port: 8bcb4e6e-6d05-4ea3-81b4-e61eae3caf0d
2026-06-11 08:14:01.132 8 WARNING neutron.plugins.ml2.drivers.ovn.mech_driver.ovsdb.ovn_client [None req-3291dd55-c61a-405a-b5c4-b2801c50a525 - - - - - -] No hosting information found for port 0606c474-3c24-49c5-9d74-cb0280fb35a3: RuntimeError: No hosting information found for port 0606c474-3c24-49c5-9d74-cb0280fb35a3
2026-06-11 08:14:01.280 8 INFO neutron.db.ovn_revision_numbers_db [None req-3291dd55-c61a-405a-b5c4-b2801c50a525 - - - - - -] Successfully bumped revision number for resource 0606c474-3c24-49c5-9d74-cb0280fb35a3 (type: router_ports) to 2
2026-06-11 08:14:01.319 8 INFO neutron.services.segments.plugin [-] Segment 5da1b722-a787-48e9-a8bc-70e7cb635738 resource provider aggregate not found
2026-06-11 08:14:01.327 8 INFO neutron.services.segments.plugin [-] Segment 5da1b722-a787-48e9-a8bc-70e7cb635738 resource provider aggregate not found
2026-06-11 08:14:01.349 8 INFO neutron.services.segments.plugin [-] Segment 5da1b722-a787-48e9-a8bc-70e7cb635738 resource provider not found; error: Placement Client Error (4xx): {"errors": [{"status": 404, "title": "Not Found", "detail": "The resource could not be found.\n\n No resource provider with uuid 5da1b722-a787-48e9-a8bc-70e7cb635738 found for delete ", "request_id": "req-3e8a0b22-46ec-4ec3-89ea-fdcdee713738"}]}
2026-06-11 08:14:01.352 8 INFO neutron.services.segments.plugin [-] Segment 5da1b722-a787-48e9-a8bc-70e7cb635738 resource provider not found; error: Placement Client Error (4xx): {"errors": [{"status": 404, "title": "Not Found", "detail": "The resource could not be found.\n\n No resource provider with uuid 5da1b722-a787-48e9-a8bc-70e7cb635738 found for delete ", "request_id": "req-f170ac5d-adf2-49cf-8ecb-447e670d632c"}]}
2026-06-11 08:14:01.385 8 INFO neutron.plugins.ml2.drivers.ovn.mech_driver.mech_driver [None req-3291dd55-c61a-405a-b5c4-b2801c50a525 - - - - - -] OVN reports status down for port: 1d26cb6a-511b-4444-ae1f-8595373486b4
2026-06-11 08:14:01.398 8 INFO neutron.plugins.ml2.drivers.ovn.mech_driver.mech_driver [None req-3291dd55-c61a-405a-b5c4-b2801c50a525 - - - - - -] OVN reports status up for port: 1d26cb6a-511b-4444-ae1f-8595373486b4 [pid: 8|app: 0|req: 899/1870] 10.0.0.126 () {32 vars in 725 bytes} [Thu Jun 11 08:14:00 2026] DELETE /v2.0/networks/02c02a90-6196-4819-b3ae-53a96d27ed85 => generated 0 bytes in 564 msecs (HTTP/1.1 204) 3 headers in 131 bytes (1 switches on core 0)
2026-06-11 08:14:01.435 8 INFO neutron.plugins.ml2.drivers.ovn.mech_driver.mech_driver [None req-3291dd55-c61a-405a-b5c4-b2801c50a525 - - - - - -] OVN reports status down for port: 5f816576-70f7-4b0c-adbc-a6e57b518ef5 [pid: 8|app: 0|req: 900/1871] 10.0.0.177 () {34 vars in 989 bytes} [Thu Jun 11 08:14:01 2026] GET /v2.0/ports?device_id=db085047-8697-4c47-8268-823ec68424bc => generated 12 bytes in 36 msecs (HTTP/1.1 200) 4 headers in 156 bytes (1 switches on core 0)
2026-06-11 08:14:01.491 7 INFO neutron.plugins.ml2.drivers.ovn.mech_driver.ovsdb.commands [None req-f2384557-3069-4ffb-972d-71542fdd8c8e - - - - - -] Schedule LRP lrp-5f816576-70f7-4b0c-adbc-a6e57b518ef5 on gateway ab85ab16-ead8-4775-b252-c84e607c68e2 with priority 1
2026-06-11 08:14:01.553 7 INFO neutron.db.ovn_revision_numbers_db [None req-45deedf1-6f95-4eb6-a1f5-3ea5acad0ab6 29da29366e47432c99e57a41192e56cc 4711f121b9ba4e7d8ed894874b961a1a - - default default] Successfully bumped revision number for resource 5f816576-70f7-4b0c-adbc-a6e57b518ef5 (type: router_ports) to 1
2026-06-11 08:14:01.588 8 INFO neutron.plugins.ml2.drivers.ovn.mech_driver.ovsdb.ovsdb_monitor [None req-22c00ac9-4b1e-441b-8741-b463530bb04a - - - - - -] Router 2a65a349-0fda-4d58-a378-8398ecc9a469 is bound to host instance
2026-06-11 08:14:01.622 7 INFO neutron.db.ovn_revision_numbers_db [None req-45deedf1-6f95-4eb6-a1f5-3ea5acad0ab6 29da29366e47432c99e57a41192e56cc 4711f121b9ba4e7d8ed894874b961a1a - - default default] Successfully bumped revision number for resource 2a65a349-0fda-4d58-a378-8398ecc9a469 (type: routers) to 2 [pid: 7|app: 0|req: 972/1872] 10.0.0.126 () {34 vars in 668 bytes} [Thu Jun 11 08:13:59 2026] POST /v2.0/routers => generated 954 bytes in 2175 msecs (HTTP/1.1 201) 4 headers in 162 bytes (1 switches on core 0)
2026-06-11 08:14:01.648 8 WARNING neutron.plugins.ml2.drivers.ovn.mech_driver.ovsdb.ovn_client [None req-3291dd55-c61a-405a-b5c4-b2801c50a525 - - - - - -] Logical_Switch_Port %s host information not removed, the port state is up
2026-06-11 08:14:01.649 8 INFO neutron.plugins.ml2.drivers.ovn.mech_driver.mech_driver [None req-3291dd55-c61a-405a-b5c4-b2801c50a525 - - - - - -] OVN reports status up for port: 5f816576-70f7-4b0c-adbc-a6e57b518ef5
2026-06-11 08:14:01.689 8 INFO neutron.db.segments_db [None req-a5c8de95-ab4e-4c61-b594-c92129eabf03 f7bcebeb2c56495aaafdb5c1741dc02f 1e7ae503dc4941ff9dfc928a75005c9d - - default default] Added segment ff9af2ed-59c0-4f3e-9a95-e018c20f3b6e of type geneve for network f934d53f-8bd0-4c3e-b1b8-0bef2203b600
2026-06-11 08:14:01.710 8 INFO neutron.plugins.ml2.plugin [None req-3291dd55-c61a-405a-b5c4-b2801c50a525 - - - - - -] Attempt 1 to provision port 5f816576-70f7-4b0c-adbc-a6e57b518ef5 [pid: 7|app: 0|req: 973/1873] 10.0.0.126 () {32 vars in 775 bytes} [Thu Jun 11 08:14:01 2026] GET /v2.0/subnets?project_id=4711f121b9ba4e7d8ed894874b961a1a&cidr=10.100.0.0%2F28 => generated 14 bytes in 224 msecs (HTTP/1.1 200) 4 headers in 156 bytes (1 switches on core 0) [pid: 7|app: 0|req: 974/1874] 10.0.0.126 () {32 vars in 693 bytes} [Thu Jun 11 08:14:01 2026] GET /v2.0/networks?router%3Aexternal=True => generated 791 bytes in 62 msecs (HTTP/1.1 200) 4 headers in 157 bytes (1 switches on core 0) [pid: 7|app: 0|req: 975/1875] 10.0.0.126 () {32 vars in 783 bytes} [Thu Jun 11 08:14:01 2026] GET /v2.0/subnets?network_id=20cf6170-7c8b-47a6-bc51-fa67aaf7fed5&cidr=10.100.0.0%2F28 => generated 14 bytes in 39 msecs (HTTP/1.1 200) 4 headers in 156 bytes (1 switches on core 0)
2026-06-11 08:14:02.044 8 INFO neutron.db.ovn_revision_numbers_db [None req-a5c8de95-ab4e-4c61-b594-c92129eabf03 f7bcebeb2c56495aaafdb5c1741dc02f 1e7ae503dc4941ff9dfc928a75005c9d - - default default] Successfully bumped revision number for resource f934d53f-8bd0-4c3e-b1b8-0bef2203b600 (type: networks) to 1
