2026-06-11 08:24:49.275 7 INFO neutron.db.ovn_revision_numbers_db [None req-be84dd3f-ed8f-4745-b5b9-17a7b3da8ffc c1f12b13a76a4864a8cefffb03b21abd 0bef75d8d16c4a529b4ae5b6ec37faae - - default default] Successfully bumped revision number for resource 9df832b4-b8d7-4d84-8053-b34c47a69290 (type: security_group_rules) to 0
2026-06-11 08:24:49.339 7 INFO neutron.db.ovn_revision_numbers_db [None req-be84dd3f-ed8f-4745-b5b9-17a7b3da8ffc c1f12b13a76a4864a8cefffb03b21abd 0bef75d8d16c4a529b4ae5b6ec37faae - - default default] Successfully bumped revision number for resource a19b564e-b664-46c5-b662-b510a72dc88b (type: security_group_rules) to 0
2026-06-11 08:24:49.466 7 INFO neutron.db.ovn_revision_numbers_db [None req-be84dd3f-ed8f-4745-b5b9-17a7b3da8ffc c1f12b13a76a4864a8cefffb03b21abd 0bef75d8d16c4a529b4ae5b6ec37faae - - default default] Successfully bumped revision number for resource a6f10eeb-c010-40e4-bd75-2adc72cfe5b4 (type: security_group_rules) to 0 [pid: 7|app: 0|req: 1821/3607] 10.0.0.126 () {32 vars in 773 bytes} [Thu Jun 11 08:24:48 2026] GET /v2.0/security-groups?tenant_id=d173b5b4f6844df4b8bf57d039ba7744&name=default => generated 2929 bytes in 704 msecs (HTTP/1.1 200) 4 headers in 158 bytes (1 switches on core 0) [pid: 8|app: 0|req: 1787/3610] 10.0.0.126 () {32 vars in 739 bytes} [Thu Jun 11 08:24:49 2026] DELETE /v2.0/security-groups/0606e235-8801-45d8-a9a3-f5631c72a00b => generated 0 bytes in 823 msecs (HTTP/1.1 204) 2 headers in 112 bytes (1 switches on core 0)
2026-06-11 08:24:57.223 7 INFO neutron.db.ovn_revision_numbers_db [None req-28a34933-137f-4a28-a0bf-ed9002af895a a81d5aa3e48a4826b0872b023ba6d546 799673524712480389473a07fa523e5e - - default default] Successfully bumped revision number for resource 6c42da40-a137-4bef-9468-0fc226d59a4a (type: security_groups) to 1
2026-06-11 08:24:57.646 7 INFO neutron.db.ovn_revision_numbers_db [None req-28a34933-137f-4a28-a0bf-ed9002af895a a81d5aa3e48a4826b0872b023ba6d546 799673524712480389473a07fa523e5e - - default default] Successfully bumped revision number for resource 034f7564-f00d-42a6-aa1e-05f03e8238ea (type: security_group_rules) to 0
2026-06-11 08:24:57.743 7 INFO neutron.db.ovn_revision_numbers_db [None req-28a34933-137f-4a28-a0bf-ed9002af895a a81d5aa3e48a4826b0872b023ba6d546 799673524712480389473a07fa523e5e - - default default] Successfully bumped revision number for resource a347660b-a72b-4e24-8e7a-4e3bb96b67f8 (type: security_group_rules) to 0
2026-06-11 08:24:57.935 7 INFO neutron.db.ovn_revision_numbers_db [None req-28a34933-137f-4a28-a0bf-ed9002af895a a81d5aa3e48a4826b0872b023ba6d546 799673524712480389473a07fa523e5e - - default default] Successfully bumped revision number for resource b7a82431-0694-4e7d-af71-8b7e15aaf0e7 (type: security_group_rules) to 0
2026-06-11 08:24:58.053 7 INFO neutron.db.ovn_revision_numbers_db [None req-28a34933-137f-4a28-a0bf-ed9002af895a a81d5aa3e48a4826b0872b023ba6d546 799673524712480389473a07fa523e5e - - default default] Successfully bumped revision number for resource e16380bb-0499-44bf-98f3-4517950472e1 (type: security_group_rules) to 0
2026-06-11 08:24:58.273 7 INFO neutron.db.ovn_revision_numbers_db [None req-28a34933-137f-4a28-a0bf-ed9002af895a a81d5aa3e48a4826b0872b023ba6d546 799673524712480389473a07fa523e5e - - default default] Successfully bumped revision number for resource fc906b2c-d8b9-4ea9-b4c3-3c2800fa4c9d (type: security_groups) to 1
2026-06-11 08:24:58.312 7 INFO neutron.db.ovn_revision_numbers_db [None req-28a34933-137f-4a28-a0bf-ed9002af895a a81d5aa3e48a4826b0872b023ba6d546 799673524712480389473a07fa523e5e - - default default] Successfully bumped revision number for resource 00090dd6-2393-4f5c-a95c-2f1ebc441fb7 (type: security_group_rules) to 0
2026-06-11 08:24:58.331 7 INFO neutron.db.ovn_revision_numbers_db [None req-28a34933-137f-4a28-a0bf-ed9002af895a a81d5aa3e48a4826b0872b023ba6d546 799673524712480389473a07fa523e5e - - default default] Successfully bumped revision number for resource be186dbc-90d6-4f70-9f2e-4c900cbe32e7 (type: security_group_rules) to 0 [pid: 7|app: 0|req: 1824/3611] 10.0.0.126 () {34 vars in 683 bytes} [Thu Jun 11 08:24:56 2026] POST /v2.0/security-groups => generated 1603 bytes in 1773 msecs (HTTP/1.1 201) 4 headers in 163 bytes (1 switches on core 0)
2026-06-11 08:24:58.618 8 INFO neutron.db.ovn_revision_numbers_db [None req-5486c892-b8e2-4204-be16-e65786347f20 a81d5aa3e48a4826b0872b023ba6d546 799673524712480389473a07fa523e5e - - default default] Successfully bumped revision number for resource 730da907-b88b-431d-89c0-d04e9a68e21b (type: security_groups) to 1
2026-06-11 08:24:58.645 8 INFO neutron.db.ovn_revision_numbers_db [None req-5486c892-b8e2-4204-be16-e65786347f20 a81d5aa3e48a4826b0872b023ba6d546 799673524712480389473a07fa523e5e - - default default] Successfully bumped revision number for resource 0326a182-43eb-4a27-b8f7-2b117609c251 (type: security_group_rules) to 0
2026-06-11 08:24:58.663 8 INFO neutron.db.ovn_revision_numbers_db [None req-5486c892-b8e2-4204-be16-e65786347f20 a81d5aa3e48a4826b0872b023ba6d546 799673524712480389473a07fa523e5e - - default default] Successfully bumped revision number for resource d664282b-b6a8-43b2-b1a0-389552209bbc (type: security_group_rules) to 0 [pid: 8|app: 0|req: 1788/3612] 10.0.0.126 () {34 vars in 683 bytes} [Thu Jun 11 08:24:58 2026] POST /v2.0/security-groups => generated 1603 bytes in 330 msecs (HTTP/1.1 201) 4 headers in 163 bytes (1 switches on core 0)
2026-06-11 08:24:58.963 7 INFO neutron.db.ovn_revision_numbers_db [None req-62705dea-1f91-4d58-bbba-2539cd355e5e a81d5aa3e48a4826b0872b023ba6d546 799673524712480389473a07fa523e5e - - default default] Successfully bumped revision number for resource 7b1e4493-354f-43f4-bef1-7d07016f3540 (type: security_groups) to 1
2026-06-11 08:24:59.009 7 INFO neutron.db.ovn_revision_numbers_db [None req-62705dea-1f91-4d58-bbba-2539cd355e5e a81d5aa3e48a4826b0872b023ba6d546 799673524712480389473a07fa523e5e - - default default] Successfully bumped revision number for resource b7b69019-49c9-4a2b-8912-94ee6d704a30 (type: security_group_rules) to 0
2026-06-11 08:24:59.061 7 INFO neutron.db.ovn_revision_numbers_db [None req-62705dea-1f91-4d58-bbba-2539cd355e5e a81d5aa3e48a4826b0872b023ba6d546 799673524712480389473a07fa523e5e - - default default] Successfully bumped revision number for resource d691cf95-21f1-4a15-939d-6aaa1678c8d6 (type: security_group_rules) to 0 [pid: 7|app: 0|req: 1825/3613] 10.0.0.126 () {34 vars in 683 bytes} [Thu Jun 11 08:24:58 2026] POST /v2.0/security-groups => generated 1603 bytes in 391 msecs (HTTP/1.1 201) 4 headers in 163 bytes (1 switches on core 0)
2026-06-11 08:24:59.324 8 INFO neutron.db.ovn_revision_numbers_db [None req-645a4956-41f2-42e1-bef5-e43ef7bff74c a81d5aa3e48a4826b0872b023ba6d546 799673524712480389473a07fa523e5e - - default default] Successfully bumped revision number for resource f2c2d279-df62-4d5c-ace9-53d50e0df98a (type: security_groups) to 1
2026-06-11 08:24:59.349 8 INFO neutron.db.ovn_revision_numbers_db [None req-645a4956-41f2-42e1-bef5-e43ef7bff74c a81d5aa3e48a4826b0872b023ba6d546 799673524712480389473a07fa523e5e - - default default] Successfully bumped revision number for resource 34863918-ada8-4253-95d4-a6c641acda3a (type: security_group_rules) to 0
2026-06-11 08:24:59.368 8 INFO neutron.db.ovn_revision_numbers_db [None req-645a4956-41f2-42e1-bef5-e43ef7bff74c a81d5aa3e48a4826b0872b023ba6d546 799673524712480389473a07fa523e5e - - default default] Successfully bumped revision number for resource fbea95ac-60c2-402b-888a-c456535553ff (type: security_group_rules) to 0 [pid: 8|app: 0|req: 1789/3614] 10.0.0.126 () {34 vars in 683 bytes} [Thu Jun 11 08:24:59 2026] POST /v2.0/security-groups => generated 1603 bytes in 311 msecs (HTTP/1.1 201) 4 headers in 163 bytes (1 switches on core 0)
2026-06-11 08:24:59.634 7 INFO neutron.db.ovn_revision_numbers_db [None req-12c38d14-06aa-4e1f-bf83-c5e18bcb33c7 a81d5aa3e48a4826b0872b023ba6d546 799673524712480389473a07fa523e5e - - default default] Successfully bumped revision number for resource 90ae5ae4-1eb8-4f3b-b09f-f1a710f0f229 (type: security_groups) to 1
2026-06-11 08:24:59.694 7 INFO neutron.db.ovn_revision_numbers_db [None req-12c38d14-06aa-4e1f-bf83-c5e18bcb33c7 a81d5aa3e48a4826b0872b023ba6d546 799673524712480389473a07fa523e5e - - default default] Successfully bumped revision number for resource 6bc0da55-310d-4e9b-9271-a5d17b29666b (type: security_group_rules) to 0
2026-06-11 08:24:59.753 7 INFO neutron.db.ovn_revision_numbers_db [None req-12c38d14-06aa-4e1f-bf83-c5e18bcb33c7 a81d5aa3e48a4826b0872b023ba6d546 799673524712480389473a07fa523e5e - - default default] Successfully bumped revision number for resource f74a2e78-9d18-4a42-8104-d8366e445d50 (type: security_group_rules) to 0 [pid: 7|app: 0|req: 1826/3615] 10.0.0.126 () {34 vars in 683 bytes} [Thu Jun 11 08:24:59 2026] POST /v2.0/security-groups => generated 1603 bytes in 374 msecs (HTTP/1.1 201) 4 headers in 163 bytes (1 switches on core 0) [pid: 8|app: 0|req: 1790/3616] 10.0.0.126 () {34 vars in 766 bytes} [Thu Jun 11 08:24:59 2026] PUT /v2.0/security-groups/fc906b2c-d8b9-4ea9-b4c3-3c2800fa4c9d/tags => generated 17 bytes in 81 msecs (HTTP/1.1 200) 4 headers in 156 bytes (1 switches on core 0) [pid: 7|app: 0|req: 1827/3617] 10.0.0.126 () {34 vars in 766 bytes} [Thu Jun 11 08:24:59 2026] PUT /v2.0/security-groups/730da907-b88b-431d-89c0-d04e9a68e21b/tags => generated 25 bytes in 50 msecs (HTTP/1.1 200) 4 headers in 156 bytes (1 switches on core 0) [pid: 8|app: 0|req: 1791/3618] 10.0.0.126 () {34 vars in 766 bytes} [Thu Jun 11 08:24:59 2026] PUT /v2.0/security-groups/7b1e4493-354f-43f4-bef1-7d07016f3540/tags => generated 34 bytes in 210 msecs (HTTP/1.1 200) 4 headers in 156 bytes (1 switches on core 0) [pid: 7|app: 0|req: 1828/3619] 10.0.0.126 () {34 vars in 766 bytes} [Thu Jun 11 08:25:00 2026] PUT /v2.0/security-groups/f2c2d279-df62-4d5c-ace9-53d50e0df98a/tags => generated 19 bytes in 63 msecs (HTTP/1.1 200) 4 headers in 156 bytes (1 switches on core 0) [pid: 8|app: 0|req: 1792/3620] 10.0.0.126 () {32 vars in 679 bytes} [Thu Jun 11 08:25:00 2026] GET /v2.0/security-groups?tags=red => generated 4810 bytes in 47 msecs (HTTP/1.1 200) 4 headers in 158 bytes (1 switches on core 0) [pid: 7|app: 0|req: 1829/3621] 10.0.0.126 () {32 vars in 693 bytes} [Thu Jun 11 08:25:00 2026] GET /v2.0/security-groups?tags=red%2Cblue => generated 3222 bytes in 44 msecs (HTTP/1.1 200) 4 headers in 158 bytes (1 switches on core 0) [pid: 8|app: 0|req: 1793/3622] 10.0.0.126 () {32 vars in 689 bytes} [Thu Jun 11 08:25:00 2026] GET /v2.0/security-groups?tags-any=blue => generated 3222 bytes in 53 msecs (HTTP/1.1 200) 4 headers in 158 bytes (1 switches on core 0) [pid: 7|app: 0|req: 1830/3623] 10.0.0.126 () {32 vars in 701 bytes} [Thu Jun 11 08:25:00 2026] GET /v2.0/security-groups?tags-any=red%2Cblue => generated 4810 bytes in 65 msecs (HTTP/1.1 200) 4 headers in 158 bytes (1 switches on core 0) [pid: 8|app: 0|req: 1794/3624] 10.0.0.126 () {32 vars in 687 bytes} [Thu Jun 11 08:25:00 2026] GET /v2.0/security-groups?not-tags=red => generated 6102 bytes in 47 msecs (HTTP/1.1 200) 4 headers in 158 bytes (1 switches on core 0) [pid: 7|app: 0|req: 1831/3625] 10.0.0.126 () {32 vars in 701 bytes} [Thu Jun 11 08:25:00 2026] GET /v2.0/security-groups?not-tags=red%2Cblue => generated 7690 bytes in 63 msecs (HTTP/1.1 200) 4 headers in 158 bytes (1 switches on core 0) [pid: 8|app: 0|req: 1795/3626] 10.0.0.126 () {32 vars in 697 bytes} [Thu Jun 11 08:25:00 2026] GET /v2.0/security-groups?not-tags-any=blue => generated 7690 bytes in 51 msecs (HTTP/1.1 200) 4 headers in 158 bytes (1 switches on core 0) [pid: 7|app: 0|req: 1832/3627] 10.0.0.126 () {32 vars in 709 bytes} [Thu Jun 11 08:25:00 2026] GET /v2.0/security-groups?not-tags-any=red%2Cblue => generated 6102 bytes in 56 msecs (HTTP/1.1 200) 4 headers in 158 bytes (1 switches on core 0) [pid: 8|app: 0|req: 1796/3628] 10.0.0.126 () {32 vars in 739 bytes} [Thu Jun 11 08:25:00 2026] DELETE /v2.0/security-groups/fc906b2c-d8b9-4ea9-b4c3-3c2800fa4c9d => generated 0 bytes in 198 msecs (HTTP/1.1 204) 2 headers in 112 bytes (1 switches on core 0) [pid: 7|app: 0|req: 1833/3629] 10.0.0.126 () {32 vars in 739 bytes} [Thu Jun 11 08:25:00 2026] DELETE /v2.0/security-groups/730da907-b88b-431d-89c0-d04e9a68e21b => generated 0 bytes in 374 msecs (HTTP/1.1 204) 2 headers in 112 bytes (1 switches on core 0) [pid: 8|app: 0|req: 1797/3630] 10.0.0.126 () {32 vars in 739 bytes} [Thu Jun 11 08:25:01 2026] DELETE /v2.0/security-groups/7b1e4493-354f-43f4-bef1-7d07016f3540 => generated 0 bytes in 283 msecs (HTTP/1.1 204) 2 headers in 112 bytes (1 switches on core 0) [pid: 7|app: 0|req: 1834/3631] 10.0.0.126 () {32 vars in 739 bytes} [Thu Jun 11 08:25:01 2026] DELETE /v2.0/security-groups/f2c2d279-df62-4d5c-ace9-53d50e0df98a => generated 0 bytes in 406 msecs (HTTP/1.1 204) 2 headers in 112 bytes (1 switches on core 0) [pid: 8|app: 0|req: 1798/3632] 10.0.0.126 () {32 vars in 739 bytes} [Thu Jun 11 08:25:02 2026] DELETE /v2.0/security-groups/90ae5ae4-1eb8-4f3b-b09f-f1a710f0f229 => generated 0 bytes in 843 msecs (HTTP/1.1 204) 2 headers in 112 bytes (1 switches on core 0) [pid: 8|app: 0|req: 1800/3635] 10.0.0.126 () {32 vars in 773 bytes} [Thu Jun 11 08:25:05 2026] GET /v2.0/security-groups?tenant_id=799673524712480389473a07fa523e5e&name=default => generated 2929 bytes in 213 msecs (HTTP/1.1 200) 4 headers in 158 bytes (1 switches on core 0) [pid: 7|app: 0|req: 1836/3636] 10.0.0.126 () {32 vars in 739 bytes} [Thu Jun 11 08:25:05 2026] DELETE /v2.0/security-groups/6c42da40-a137-4bef-9468-0fc226d59a4a => generated 0 bytes in 596 msecs (HTTP/1.1 204) 2 headers in 112 bytes (1 switches on core 0)
2026-06-11 08:25:06.583 8 INFO neutron.db.ovn_revision_numbers_db [None req-43fbfbd1-71d6-48a6-9ead-cfad665ebd73 c1f12b13a76a4864a8cefffb03b21abd 0bef75d8d16c4a529b4ae5b6ec37faae - - default default] Successfully bumped revision number for resource 6fda408d-e0b5-4587-876b-69e5f699e2a2 (type: security_groups) to 1
2026-06-11 08:25:06.616 8 INFO neutron.db.ovn_revision_numbers_db [None req-43fbfbd1-71d6-48a6-9ead-cfad665ebd73 c1f12b13a76a4864a8cefffb03b21abd 0bef75d8d16c4a529b4ae5b6ec37faae - - default default] Successfully bumped revision number for resource 566c74e8-3ad9-46d6-994b-1f26b76c82ac (type: security_group_rules) to 0
2026-06-11 08:25:06.672 8 INFO neutron.db.ovn_revision_numbers_db [None req-43fbfbd1-71d6-48a6-9ead-cfad665ebd73 c1f12b13a76a4864a8cefffb03b21abd 0bef75d8d16c4a529b4ae5b6ec37faae - - default default] Successfully bumped revision number for resource 9c68fc75-7ee6-448c-90f5-afc8689187ef (type: security_group_rules) to 0
2026-06-11 08:25:06.948 8 INFO neutron.db.ovn_revision_numbers_db [None req-43fbfbd1-71d6-48a6-9ead-cfad665ebd73 c1f12b13a76a4864a8cefffb03b21abd 0bef75d8d16c4a529b4ae5b6ec37faae - - default default] Successfully bumped revision number for resource b4a27415-f92c-4e51-bb85-5ef4238a3aa0 (type: security_group_rules) to 0
2026-06-11 08:25:07.108 8 INFO neutron.db.ovn_revision_numbers_db [None req-43fbfbd1-71d6-48a6-9ead-cfad665ebd73 c1f12b13a76a4864a8cefffb03b21abd 0bef75d8d16c4a529b4ae5b6ec37faae - - default default] Successfully bumped revision number for resource d77251e0-451a-4b48-b3da-5df9666c4045 (type: security_group_rules) to 0 [pid: 8|app: 0|req: 1801/3637] 10.0.0.126 () {32 vars in 773 bytes} [Thu Jun 11 08:25:06 2026] GET /v2.0/security-groups?tenant_id=15deafa06a5a43e29c3341860ce502c4&name=default => generated 2929 bytes in 843 msecs (HTTP/1.1 200) 4 headers in 158 bytes (1 switches on core 0) [pid: 7|app: 0|req: 1837/3638] 10.0.0.126 () {32 vars in 739 bytes} [Thu Jun 11 08:25:07 2026] DELETE /v2.0/security-groups/6fda408d-e0b5-4587-876b-69e5f699e2a2 => generated 0 bytes in 364 msecs (HTTP/1.1 204) 2 headers in 112 bytes (1 switches on core 0)
2026-06-11 08:25:08.301 8 INFO neutron.db.ovn_revision_numbers_db [None req-28f87e70-128c-45c8-9fee-fac0e8fa1a5e c1f12b13a76a4864a8cefffb03b21abd 0bef75d8d16c4a529b4ae5b6ec37faae - - default default] Successfully bumped revision number for resource 4eda003b-c799-4c0b-80e2-049a6afc3d50 (type: security_groups) to 1
2026-06-11 08:25:08.325 8 INFO neutron.db.ovn_revision_numbers_db [None req-28f87e70-128c-45c8-9fee-fac0e8fa1a5e c1f12b13a76a4864a8cefffb03b21abd 0bef75d8d16c4a529b4ae5b6ec37faae - - default default] Successfully bumped revision number for resource 23bdd87f-c4f7-4250-baa3-f47c15bee7fe (type: security_group_rules) to 0
2026-06-11 08:25:08.350 8 INFO neutron.db.ovn_revision_numbers_db [None req-28f87e70-128c-45c8-9fee-fac0e8fa1a5e c1f12b13a76a4864a8cefffb03b21abd 0bef75d8d16c4a529b4ae5b6ec37faae - - default default] Successfully bumped revision number for resource 408d4ec5-d105-414b-9dea-bc25c7bdaaf9 (type: security_group_rules) to 0
2026-06-11 08:25:08.366 8 INFO neutron.db.ovn_revision_numbers_db [None req-28f87e70-128c-45c8-9fee-fac0e8fa1a5e c1f12b13a76a4864a8cefffb03b21abd 0bef75d8d16c4a529b4ae5b6ec37faae - - default default] Successfully bumped revision number for resource e6ccc0b5-6a1e-4bba-9ea0-686bb298a3c8 (type: security_group_rules) to 0
2026-06-11 08:25:08.384 8 INFO neutron.db.ovn_revision_numbers_db [None req-28f87e70-128c-45c8-9fee-fac0e8fa1a5e c1f12b13a76a4864a8cefffb03b21abd 0bef75d8d16c4a529b4ae5b6ec37faae - - default default] Successfully bumped revision number for resource e7afb02a-4a1f-4d97-8c93-5626186c6e73 (type: security_group_rules) to 0 [pid: 8|app: 0|req: 1802/3639] 10.0.0.126 () {32 vars in 773 bytes} [Thu Jun 11 08:25:08 2026] GET /v2.0/security-groups?tenant_id=c00b4a3f157f4bd4b2578e674f7b9756&name=default => generated 2929 bytes in 344 msecs (HTTP/1.1 200) 4 headers in 158 bytes (1 switches on core 0) [pid: 7|app: 0|req: 1838/3640] 10.0.0.126 () {32 vars in 739 bytes} [Thu Jun 11 08:25:08 2026] DELETE /v2.0/security-groups/4eda003b-c799-4c0b-80e2-049a6afc3d50 => generated 0 bytes in 486 msecs (HTTP/1.1 204) 2 headers in 112 bytes (1 switches on core 0)
2026-06-11 08:25:15.113 8 INFO neutron.db.ovn_revision_numbers_db [None req-dd73026d-adff-4b11-a52e-84dfe425555e a3ad00f0c5884229a5d7295a84716076 8ac4b6ed0f7d45c4ad6916796652a1e5 - - default default] Successfully bumped revision number for resource 8c3fc250-c908-4952-b8b5-785c37263f7e (type: security_groups) to 1
2026-06-11 08:25:15.169 8 INFO neutron.db.ovn_revision_numbers_db [None req-dd73026d-adff-4b11-a52e-84dfe425555e a3ad00f0c5884229a5d7295a84716076 8ac4b6ed0f7d45c4ad6916796652a1e5 - - default default] Successfully bumped revision number for resource 2e5c823d-8699-48e7-850e-e57f52b64642 (type: security_group_rules) to 0
2026-06-11 08:25:15.203 8 INFO neutron.db.ovn_revision_numbers_db [None req-dd73026d-adff-4b11-a52e-84dfe425555e a3ad00f0c5884229a5d7295a84716076 8ac4b6ed0f7d45c4ad6916796652a1e5 - - default default] Successfully bumped revision number for resource 452b9593-b0be-4868-ae14-21ac82be0b34 (type: security_group_rules) to 0
2026-06-11 08:25:15.227 8 INFO neutron.db.ovn_revision_numbers_db [None req-dd73026d-adff-4b11-a52e-84dfe425555e a3ad00f0c5884229a5d7295a84716076 8ac4b6ed0f7d45c4ad6916796652a1e5 - - default default] Successfully bumped revision number for resource de735e47-4137-4b4d-82a0-549424bc2e87 (type: security_group_rules) to 0
2026-06-11 08:25:15.250 8 INFO neutron.db.ovn_revision_numbers_db [None req-dd73026d-adff-4b11-a52e-84dfe425555e a3ad00f0c5884229a5d7295a84716076 8ac4b6ed0f7d45c4ad6916796652a1e5 - - default default] Successfully bumped revision number for resource e80753a4-545e-4df3-ad49-d705d57200e5 (type: security_group_rules) to 0
2026-06-11 08:25:15.333 8 INFO neutron.db.segments_db [None req-dd73026d-adff-4b11-a52e-84dfe425555e a3ad00f0c5884229a5d7295a84716076 8ac4b6ed0f7d45c4ad6916796652a1e5 - - default default] Added segment b111f247-62a9-40c2-8763-18c3520b6317 of type geneve for network 7cb1e19b-01a1-4dd7-b5a6-c73a07ba6711
2026-06-11 08:25:15.569 8 INFO neutron.db.ovn_revision_numbers_db [None req-dd73026d-adff-4b11-a52e-84dfe425555e a3ad00f0c5884229a5d7295a84716076 8ac4b6ed0f7d45c4ad6916796652a1e5 - - default default] Successfully bumped revision number for resource 7cb1e19b-01a1-4dd7-b5a6-c73a07ba6711 (type: networks) to 1
2026-06-11 08:25:15.781 8 WARNING neutron.scheduler.dhcp_agent_scheduler [None req-dd73026d-adff-4b11-a52e-84dfe425555e a3ad00f0c5884229a5d7295a84716076 8ac4b6ed0f7d45c4ad6916796652a1e5 - - default default] No more DHCP agents
2026-06-11 08:25:15.783 8 WARNING neutron.api.rpc.agentnotifiers.dhcp_rpc_agent_api [None req-dd73026d-adff-4b11-a52e-84dfe425555e a3ad00f0c5884229a5d7295a84716076 8ac4b6ed0f7d45c4ad6916796652a1e5 - - default default] Unable to schedule network 7cb1e19b-01a1-4dd7-b5a6-c73a07ba6711: no agents available; will retry on subsequent port and subnet creation events.
2026-06-11 08:25:15.858 8 INFO neutron.plugins.ml2.drivers.ovn.mech_driver.mech_driver [None req-8a84ca97-8587-49f6-b1b0-b3f7c619afba - - - - - -] OVN reports status down for port: 88e87d8b-2c6a-4441-8d4b-e977d2e7762f
2026-06-11 08:25:15.993 8 INFO neutron.db.ovn_revision_numbers_db [None req-dd73026d-adff-4b11-a52e-84dfe425555e a3ad00f0c5884229a5d7295a84716076 8ac4b6ed0f7d45c4ad6916796652a1e5 - - default default] Successfully bumped revision number for resource 88e87d8b-2c6a-4441-8d4b-e977d2e7762f (type: ports) to 1 [pid: 8|app: 0|req: 1803/3641] 10.0.0.126 () {34 vars in 669 bytes} [Thu Jun 11 08:25:14 2026] POST /v2.0/networks => generated 648 bytes in 1521 msecs (HTTP/1.1 201) 4 headers in 162 bytes (1 switches on core 0)
2026-06-11 08:25:16.668 7 WARNING neutron.scheduler.dhcp_agent_scheduler [None req-33cf57c5-4da1-4d88-a7f2-582a5e40fdfb a3ad00f0c5884229a5d7295a84716076 8ac4b6ed0f7d45c4ad6916796652a1e5 - - default default] No more DHCP agents
2026-06-11 08:25:16.670 7 WARNING neutron.api.rpc.agentnotifiers.dhcp_rpc_agent_api [None req-33cf57c5-4da1-4d88-a7f2-582a5e40fdfb a3ad00f0c5884229a5d7295a84716076 8ac4b6ed0f7d45c4ad6916796652a1e5 - - default default] Unable to schedule network 7cb1e19b-01a1-4dd7-b5a6-c73a07ba6711: no agents available; will retry on subsequent port and subnet creation events.
2026-06-11 08:25:17.300 7 INFO neutron.db.ovn_revision_numbers_db [None req-ff2dc082-258d-40a6-ad96-e932e8dd11a9 - - - - - -] Successfully bumped revision number for resource 88e87d8b-2c6a-4441-8d4b-e977d2e7762f (type: ports) to 2
2026-06-11 08:25:17.366 7 INFO neutron.db.ovn_revision_numbers_db [None req-ff2dc082-258d-40a6-ad96-e932e8dd11a9 - - - - - -] Successfully bumped revision number for resource c53816a6-9980-47f8-aa30-2b22589a966f (type: subnets) to 0 [pid: 7|app: 0|req: 1839/3642] 10.0.0.126 () {34 vars in 668 bytes} [Thu Jun 11 08:25:16 2026] POST /v2.0/subnets => generated 626 bytes in 1282 msecs (HTTP/1.1 201) 4 headers in 162 bytes (1 switches on core 0)
2026-06-11 08:25:17.778 8 INFO neutron.db.segments_db [None req-eba2581d-cd43-4f8f-b711-aa7e77c5b4e9 a3ad00f0c5884229a5d7295a84716076 8ac4b6ed0f7d45c4ad6916796652a1e5 - - default default] Added segment 4a924c09-1ef2-4262-a3b1-9190047ae9c2 of type geneve for network 952de3aa-60a2-4e40-8e13-78542566e7c4
2026-06-11 08:25:18.235 8 INFO neutron.db.ovn_revision_numbers_db [None req-eba2581d-cd43-4f8f-b711-aa7e77c5b4e9 a3ad00f0c5884229a5d7295a84716076 8ac4b6ed0f7d45c4ad6916796652a1e5 - - default default] Successfully bumped revision number for resource 952de3aa-60a2-4e40-8e13-78542566e7c4 (type: networks) to 1
2026-06-11 08:25:19.288 8 WARNING neutron.scheduler.dhcp_agent_scheduler [None req-eba2581d-cd43-4f8f-b711-aa7e77c5b4e9 a3ad00f0c5884229a5d7295a84716076 8ac4b6ed0f7d45c4ad6916796652a1e5 - - default default] No more DHCP agents
2026-06-11 08:25:19.289 8 WARNING neutron.api.rpc.agentnotifiers.dhcp_rpc_agent_api [None req-eba2581d-cd43-4f8f-b711-aa7e77c5b4e9 a3ad00f0c5884229a5d7295a84716076 8ac4b6ed0f7d45c4ad6916796652a1e5 - - default default] Unable to schedule network 952de3aa-60a2-4e40-8e13-78542566e7c4: no agents available; will retry on subsequent port and subnet creation events.
2026-06-11 08:25:19.844 8 INFO neutron.db.ovn_revision_numbers_db [None req-eba2581d-cd43-4f8f-b711-aa7e77c5b4e9 a3ad00f0c5884229a5d7295a84716076 8ac4b6ed0f7d45c4ad6916796652a1e5 - - default default] Successfully bumped revision number for resource bd70c8bd-967a-462e-bd4f-935e07565ade (type: ports) to 1
2026-06-11 08:25:19.908 7 INFO neutron.plugins.ml2.drivers.ovn.mech_driver.mech_driver [None req-ee80b973-aaf0-4435-b0c0-4bd37b38414c - - - - - -] OVN reports status down for port: bd70c8bd-967a-462e-bd4f-935e07565ade [pid: 8|app: 0|req: 1804/3645] 10.0.0.126 () {34 vars in 669 bytes} [Thu Jun 11 08:25:17 2026] POST /v2.0/networks => generated 651 bytes in 2459 msecs (HTTP/1.1 201) 4 headers in 162 bytes (1 switches on core 0)
2026-06-11 08:25:20.380 7 WARNING neutron.scheduler.dhcp_agent_scheduler [None req-c848218b-08a7-4604-9721-85c88ce3d7f4 a3ad00f0c5884229a5d7295a84716076 8ac4b6ed0f7d45c4ad6916796652a1e5 - - default default] No more DHCP agents
2026-06-11 08:25:20.381 7 WARNING neutron.api.rpc.agentnotifiers.dhcp_rpc_agent_api [None req-c848218b-08a7-4604-9721-85c88ce3d7f4 a3ad00f0c5884229a5d7295a84716076 8ac4b6ed0f7d45c4ad6916796652a1e5 - - default default] Unable to schedule network 952de3aa-60a2-4e40-8e13-78542566e7c4: no agents available; will retry on subsequent port and subnet creation events.
2026-06-11 08:25:21.017 7 INFO neutron.db.ovn_revision_numbers_db [None req-0062d955-6e0c-4794-a187-f5f0e2ac2556 - - - - - -] Successfully bumped revision number for resource bd70c8bd-967a-462e-bd4f-935e07565ade (type: ports) to 2
2026-06-11 08:25:21.083 7 INFO neutron.db.ovn_revision_numbers_db [None req-0062d955-6e0c-4794-a187-f5f0e2ac2556 - - - - - -] Successfully bumped revision number for resource d50715a3-5cfe-4fa5-9cf1-51c7a81ebeea (type: subnets) to 0 [pid: 7|app: 0|req: 1842/3646] 10.0.0.126 () {34 vars in 668 bytes} [Thu Jun 11 08:25:19 2026] POST /v2.0/subnets => generated 629 bytes in 1142 msecs (HTTP/1.1 201) 4 headers in 162 bytes (1 switches on core 0)
2026-06-11 08:25:21.239 8 INFO neutron.db.segments_db [None req-f9c572c5-094b-45b5-bb66-dcaa1fd6a550 a3ad00f0c5884229a5d7295a84716076 8ac4b6ed0f7d45c4ad6916796652a1e5 - - default default] Added segment 3cb8cc83-9dc3-496a-9852-481da36c523d of type geneve for network 62423a3b-b572-457c-bbf9-629fcaa62e60
2026-06-11 08:25:21.638 8 INFO neutron.db.ovn_revision_numbers_db [None req-f9c572c5-094b-45b5-bb66-dcaa1fd6a550 a3ad00f0c5884229a5d7295a84716076 8ac4b6ed0f7d45c4ad6916796652a1e5 - - default default] Successfully bumped revision number for resource 62423a3b-b572-457c-bbf9-629fcaa62e60 (type: networks) to 1
2026-06-11 08:25:21.951 8 WARNING neutron.scheduler.dhcp_agent_scheduler [None req-f9c572c5-094b-45b5-bb66-dcaa1fd6a550 a3ad00f0c5884229a5d7295a84716076 8ac4b6ed0f7d45c4ad6916796652a1e5 - - default default] No more DHCP agents
2026-06-11 08:25:21.952 8 WARNING neutron.api.rpc.agentnotifiers.dhcp_rpc_agent_api [None req-f9c572c5-094b-45b5-bb66-dcaa1fd6a550 a3ad00f0c5884229a5d7295a84716076 8ac4b6ed0f7d45c4ad6916796652a1e5 - - default default] Unable to schedule network 62423a3b-b572-457c-bbf9-629fcaa62e60: no agents available; will retry on subsequent port and subnet creation events.
2026-06-11 08:25:22.050 7 INFO neutron.plugins.ml2.drivers.ovn.mech_driver.mech_driver [None req-ee80b973-aaf0-4435-b0c0-4bd37b38414c - - - - - -] OVN reports status down for port: e7e8b91b-ff84-40b2-a357-9b301b3ad915
2026-06-11 08:25:22.296 8 INFO neutron.db.ovn_revision_numbers_db [None req-f9c572c5-094b-45b5-bb66-dcaa1fd6a550 a3ad00f0c5884229a5d7295a84716076 8ac4b6ed0f7d45c4ad6916796652a1e5 - - default default] Successfully bumped revision number for resource e7e8b91b-ff84-40b2-a357-9b301b3ad915 (type: ports) to 1 [pid: 8|app: 0|req: 1805/3647] 10.0.0.126 () {34 vars in 669 bytes} [Thu Jun 11 08:25:21 2026] POST /v2.0/networks => generated 649 bytes in 1281 msecs (HTTP/1.1 201) 4 headers in 162 bytes (1 switches on core 0)
2026-06-11 08:25:22.743 7 WARNING neutron.scheduler.dhcp_agent_scheduler [None req-cbb13c6f-44b1-435d-af53-8521dbdc645e a3ad00f0c5884229a5d7295a84716076 8ac4b6ed0f7d45c4ad6916796652a1e5 - - default default] No more DHCP agents
2026-06-11 08:25:22.745 7 WARNING neutron.api.rpc.agentnotifiers.dhcp_rpc_agent_api [None req-cbb13c6f-44b1-435d-af53-8521dbdc645e a3ad00f0c5884229a5d7295a84716076 8ac4b6ed0f7d45c4ad6916796652a1e5 - - default default] Unable to schedule network 62423a3b-b572-457c-bbf9-629fcaa62e60: no agents available; will retry on subsequent port and subnet creation events.
2026-06-11 08:25:25.015 7 INFO neutron.db.ovn_revision_numbers_db [None req-b07c3402-8416-4ec6-9bf9-ad3084d9ded1 - - - - - -] Successfully bumped revision number for resource e7e8b91b-ff84-40b2-a357-9b301b3ad915 (type: ports) to 2
2026-06-11 08:25:25.089 7 INFO neutron.db.ovn_revision_numbers_db [None req-b07c3402-8416-4ec6-9bf9-ad3084d9ded1 - - - - - -] Successfully bumped revision number for resource 811c50bd-7fd7-4dc8-9c05-d79451e19293 (type: subnets) to 0 [pid: 7|app: 0|req: 1843/3648] 10.0.0.126 () {34 vars in 668 bytes} [Thu Jun 11 08:25:22 2026] POST /v2.0/subnets => generated 629 bytes in 2823 msecs (HTTP/1.1 201) 4 headers in 162 bytes (1 switches on core 0)
2026-06-11 08:25:25.341 8 INFO neutron.db.segments_db [None req-104919e9-5dad-4f63-808a-07fc81b6fa58 a3ad00f0c5884229a5d7295a84716076 8ac4b6ed0f7d45c4ad6916796652a1e5 - - default default] Added segment afe04aec-e691-493a-8d94-564847085be7 of type geneve for network 2ef05c3f-6d1e-49ee-8046-3f44d0d31735
2026-06-11 08:25:25.531 8 INFO neutron.db.ovn_revision_numbers_db [None req-104919e9-5dad-4f63-808a-07fc81b6fa58 a3ad00f0c5884229a5d7295a84716076 8ac4b6ed0f7d45c4ad6916796652a1e5 - - default default] Successfully bumped revision number for resource 2ef05c3f-6d1e-49ee-8046-3f44d0d31735 (type: networks) to 1
2026-06-11 08:25:25.757 8 WARNING neutron.scheduler.dhcp_agent_scheduler [None req-104919e9-5dad-4f63-808a-07fc81b6fa58 a3ad00f0c5884229a5d7295a84716076 8ac4b6ed0f7d45c4ad6916796652a1e5 - - default default] No more DHCP agents
2026-06-11 08:25:25.758 8 WARNING neutron.api.rpc.agentnotifiers.dhcp_rpc_agent_api [None req-104919e9-5dad-4f63-808a-07fc81b6fa58 a3ad00f0c5884229a5d7295a84716076 8ac4b6ed0f7d45c4ad6916796652a1e5 - - default default] Unable to schedule network 2ef05c3f-6d1e-49ee-8046-3f44d0d31735: no agents available; will retry on subsequent port and subnet creation events.
2026-06-11 08:25:26.011 8 INFO neutron.plugins.ml2.drivers.ovn.mech_driver.mech_driver [None req-8a84ca97-8587-49f6-b1b0-b3f7c619afba - - - - - -] OVN reports status down for port: f96d8f51-d378-4a50-92a8-395fc75747a8
2026-06-11 08:25:26.779 8 INFO neutron.db.ovn_revision_numbers_db [None req-104919e9-5dad-4f63-808a-07fc81b6fa58 a3ad00f0c5884229a5d7295a84716076 8ac4b6ed0f7d45c4ad6916796652a1e5 - - default default] Successfully bumped revision number for resource f96d8f51-d378-4a50-92a8-395fc75747a8 (type: ports) to 1 [pid: 8|app: 0|req: 1806/3649] 10.0.0.126 () {34 vars in 669 bytes} [Thu Jun 11 08:25:25 2026] POST /v2.0/networks => generated 651 bytes in 1790 msecs (HTTP/1.1 201) 4 headers in 162 bytes (1 switches on core 0)
2026-06-11 08:25:27.328 7 WARNING neutron.scheduler.dhcp_agent_scheduler [None req-a1437da6-c1aa-4799-9cda-1f726cadf4c8 a3ad00f0c5884229a5d7295a84716076 8ac4b6ed0f7d45c4ad6916796652a1e5 - - default default] No more DHCP agents
2026-06-11 08:25:27.330 7 WARNING neutron.api.rpc.agentnotifiers.dhcp_rpc_agent_api [None req-a1437da6-c1aa-4799-9cda-1f726cadf4c8 a3ad00f0c5884229a5d7295a84716076 8ac4b6ed0f7d45c4ad6916796652a1e5 - - default default] Unable to schedule network 2ef05c3f-6d1e-49ee-8046-3f44d0d31735: no agents available; will retry on subsequent port and subnet creation events.
2026-06-11 08:25:27.894 7 INFO neutron.db.ovn_revision_numbers_db [None req-286c3ad5-04d4-4433-9610-4ef0a2fe23f8 - - - - - -] Successfully bumped revision number for resource f96d8f51-d378-4a50-92a8-395fc75747a8 (type: ports) to 2
2026-06-11 08:25:27.934 7 INFO neutron.db.ovn_revision_numbers_db [None req-286c3ad5-04d4-4433-9610-4ef0a2fe23f8 - - - - - -] Successfully bumped revision number for resource 462db386-edd9-43b5-9ef1-361b4a1501e6 (type: subnets) to 0 [pid: 7|app: 0|req: 1844/3650] 10.0.0.126 () {34 vars in 668 bytes} [Thu Jun 11 08:25:27 2026] POST /v2.0/subnets => generated 629 bytes in 919 msecs (HTTP/1.1 201) 4 headers in 162 bytes (1 switches on core 0)
2026-06-11 08:25:28.098 8 INFO neutron.db.segments_db [None req-fcd174fa-ebec-451d-bcee-63cd41d486bd a3ad00f0c5884229a5d7295a84716076 8ac4b6ed0f7d45c4ad6916796652a1e5 - - default default] Added segment 32407453-d719-431e-bb59-a82c37b91048 of type geneve for network 3d552415-697e-4bb0-bd74-5c5583e02385
2026-06-11 08:25:28.229 8 INFO neutron.db.ovn_revision_numbers_db [None req-fcd174fa-ebec-451d-bcee-63cd41d486bd a3ad00f0c5884229a5d7295a84716076 8ac4b6ed0f7d45c4ad6916796652a1e5 - - default default] Successfully bumped revision number for resource 3d552415-697e-4bb0-bd74-5c5583e02385 (type: networks) to 1
2026-06-11 08:25:28.440 8 WARNING neutron.scheduler.dhcp_agent_scheduler [None req-fcd174fa-ebec-451d-bcee-63cd41d486bd a3ad00f0c5884229a5d7295a84716076 8ac4b6ed0f7d45c4ad6916796652a1e5 - - default default] No more DHCP agents
2026-06-11 08:25:28.442 8 WARNING neutron.api.rpc.agentnotifiers.dhcp_rpc_agent_api [None req-fcd174fa-ebec-451d-bcee-63cd41d486bd a3ad00f0c5884229a5d7295a84716076 8ac4b6ed0f7d45c4ad6916796652a1e5 - - default default] Unable to schedule network 3d552415-697e-4bb0-bd74-5c5583e02385: no agents available; will retry on subsequent port and subnet creation events.
2026-06-11 08:25:28.503 8 INFO neutron.plugins.ml2.drivers.ovn.mech_driver.mech_driver [None req-8a84ca97-8587-49f6-b1b0-b3f7c619afba - - - - - -] OVN reports status down for port: 435938b6-c963-45d6-b3af-0afd39d260ce
2026-06-11 08:25:28.601 8 INFO neutron.db.ovn_revision_numbers_db [None req-fcd174fa-ebec-451d-bcee-63cd41d486bd a3ad00f0c5884229a5d7295a84716076 8ac4b6ed0f7d45c4ad6916796652a1e5 - - default default] Successfully bumped revision number for resource 435938b6-c963-45d6-b3af-0afd39d260ce (type: ports) to 1 [pid: 8|app: 0|req: 1807/3651] 10.0.0.126 () {34 vars in 669 bytes} [Thu Jun 11 08:25:27 2026] POST /v2.0/networks => generated 650 bytes in 693 msecs (HTTP/1.1 201) 4 headers in 162 bytes (1 switches on core 0)
2026-06-11 08:25:28.913 7 WARNING neutron.scheduler.dhcp_agent_scheduler [None req-06f2f493-b4d7-4709-b9fd-b97b1951af57 a3ad00f0c5884229a5d7295a84716076 8ac4b6ed0f7d45c4ad6916796652a1e5 - - default default] No more DHCP agents
2026-06-11 08:25:28.915 7 WARNING neutron.api.rpc.agentnotifiers.dhcp_rpc_agent_api [None req-06f2f493-b4d7-4709-b9fd-b97b1951af57 a3ad00f0c5884229a5d7295a84716076 8ac4b6ed0f7d45c4ad6916796652a1e5 - - default default] Unable to schedule network 3d552415-697e-4bb0-bd74-5c5583e02385: no agents available; will retry on subsequent port and subnet creation events.
2026-06-11 08:25:29.776 7 INFO neutron.db.ovn_revision_numbers_db [None req-c5300e4e-ae82-4320-acf9-3127b55e363d - - - - - -] Successfully bumped revision number for resource 435938b6-c963-45d6-b3af-0afd39d260ce (type: ports) to 2
2026-06-11 08:25:30.214 7 INFO neutron.db.ovn_revision_numbers_db [None req-c5300e4e-ae82-4320-acf9-3127b55e363d - - - - - -] Successfully bumped revision number for resource c93c979e-a4c8-4d62-a431-b9614719fc6a (type: subnets) to 0 [pid: 7|app: 0|req: 1845/3652] 10.0.0.126 () {34 vars in 668 bytes} [Thu Jun 11 08:25:28 2026] POST /v2.0/subnets => generated 629 bytes in 2150 msecs (HTTP/1.1 201) 4 headers in 162 bytes (1 switches on core 0) [pid: 8|app: 0|req: 1808/3653] 10.0.0.126 () {34 vars in 750 bytes} [Thu Jun 11 08:25:30 2026] PUT /v2.0/subnets/c53816a6-9980-47f8-aa30-2b22589a966f/tags => generated 17 bytes in 75 msecs (HTTP/1.1 200) 4 headers in 156 bytes (1 switches on core 0) [pid: 7|app: 0|req: 1846/3654] 10.0.0.126 () {34 vars in 750 bytes} [Thu Jun 11 08:25:30 2026] PUT /v2.0/subnets/d50715a3-5cfe-4fa5-9cf1-51c7a81ebeea/tags => generated 25 bytes in 60 msecs (HTTP/1.1 200) 4 headers in 156 bytes (1 switches on core 0) [pid: 8|app: 0|req: 1809/3655] 10.0.0.126 () {34 vars in 750 bytes} [Thu Jun 11 08:25:30 2026] PUT /v2.0/subnets/811c50bd-7fd7-4dc8-9c05-d79451e19293/tags => generated 34 bytes in 66 msecs (HTTP/1.1 200) 4 headers in 156 bytes (1 switches on core 0) [pid: 7|app: 0|req: 1847/3656] 10.0.0.126 () {34 vars in 750 bytes} [Thu Jun 11 08:25:31 2026] PUT /v2.0/subnets/462db386-edd9-43b5-9ef1-361b4a1501e6/tags => generated 19 bytes in 85 msecs (HTTP/1.1 200) 4 headers in 156 bytes (1 switches on core 0) [pid: 8|app: 0|req: 1810/3657] 10.0.0.126 () {32 vars in 663 bytes} [Thu Jun 11 08:25:31 2026] GET /v2.0/subnets?tags=red => generated 1904 bytes in 64 msecs (HTTP/1.1 200) 4 headers in 158 bytes (1 switches on core 0) [pid: 7|app: 0|req: 1848/3658] 10.0.0.126 () {32 vars in 677 bytes} [Thu Jun 11 08:25:31 2026] GET /v2.0/subnets?tags=red%2Cblue => generated 1283 bytes in 48 msecs (HTTP/1.1 200) 4 headers in 158 bytes (1 switches on core 0) [pid: 8|app: 0|req: 1811/3659] 10.0.0.126 () {32 vars in 673 bytes} [Thu Jun 11 08:25:31 2026] GET /v2.0/subnets?tags-any=blue => generated 1283 bytes in 54 msecs (HTTP/1.1 200) 4 headers in 158 bytes (1 switches on core 0) [pid: 7|app: 0|req: 1849/3660] 10.0.0.126 () {32 vars in 685 bytes} [Thu Jun 11 08:25:31 2026] GET /v2.0/subnets?tags-any=red%2Cblue => generated 1904 bytes in 48 msecs (HTTP/1.1 200) 4 headers in 158 bytes (1 switches on core 0) [pid: 8|app: 0|req: 1812/3661] 10.0.0.126 () {32 vars in 671 bytes} [Thu Jun 11 08:25:31 2026] GET /v2.0/subnets?not-tags=red => generated 1894 bytes in 57 msecs (HTTP/1.1 200) 4 headers in 158 bytes (1 switches on core 0) [pid: 7|app: 0|req: 1850/3662] 10.0.0.126 () {32 vars in 685 bytes} [Thu Jun 11 08:25:31 2026] GET /v2.0/subnets?not-tags=red%2Cblue => generated 2515 bytes in 51 msecs (HTTP/1.1 200) 4 headers in 158 bytes (1 switches on core 0) [pid: 8|app: 0|req: 1813/3663] 10.0.0.126 () {32 vars in 681 bytes} [Thu Jun 11 08:25:31 2026] GET /v2.0/subnets?not-tags-any=blue => generated 2515 bytes in 60 msecs (HTTP/1.1 200) 4 headers in 158 bytes (1 switches on core 0) [pid: 7|app: 0|req: 1851/3664] 10.0.0.126 () {32 vars in 693 bytes} [Thu Jun 11 08:25:31 2026] GET /v2.0/subnets?not-tags-any=red%2Cblue => generated 1894 bytes in 45 msecs (HTTP/1.1 200) 4 headers in 158 bytes (1 switches on core 0) [pid: 8|app: 0|req: 1814/3665] 10.0.0.126 () {32 vars in 723 bytes} [Thu Jun 11 08:25:31 2026] DELETE /v2.0/subnets/c53816a6-9980-47f8-aa30-2b22589a966f => generated 0 bytes in 206 msecs (HTTP/1.1 204) 3 headers in 131 bytes (1 switches on core 0) [pid: 7|app: 0|req: 1852/3666] 10.0.0.126 () {32 vars in 723 bytes} [Thu Jun 11 08:25:31 2026] DELETE /v2.0/subnets/d50715a3-5cfe-4fa5-9cf1-51c7a81ebeea => generated 0 bytes in 243 msecs (HTTP/1.1 204) 3 headers in 131 bytes (1 switches on core 0) [pid: 8|app: 0|req: 1815/3667] 10.0.0.126 () {32 vars in 723 bytes} [Thu Jun 11 08:25:32 2026] DELETE /v2.0/subnets/811c50bd-7fd7-4dc8-9c05-d79451e19293 => generated 0 bytes in 287 msecs (HTTP/1.1 204) 3 headers in 131 bytes (1 switches on core 0) [pid: 7|app: 0|req: 1853/3668] 10.0.0.126 () {32 vars in 723 bytes} [Thu Jun 11 08:25:32 2026] DELETE /v2.0/subnets/462db386-edd9-43b5-9ef1-361b4a1501e6 => generated 0 bytes in 293 msecs (HTTP/1.1 204) 3 headers in 131 bytes (1 switches on core 0) [pid: 8|app: 0|req: 1816/3669] 10.0.0.126 () {32 vars in 723 bytes} [Thu Jun 11 08:25:32 2026] DELETE /v2.0/subnets/c93c979e-a4c8-4d62-a431-b9614719fc6a => generated 0 bytes in 303 msecs (HTTP/1.1 204) 3 headers in 131 bytes (1 switches on core 0)
2026-06-11 08:25:33.145 7 INFO neutron_taas.services.taas.taas_plugin [None req-4c4ab8e2-9332-49cb-85a7-d2799ee00860 a3ad00f0c5884229a5d7295a84716076 8ac4b6ed0f7d45c4ad6916796652a1e5 - - default default] TaaS: Handle Delete Port: 88e87d8b-2c6a-4441-8d4b-e977d2e7762f
2026-06-11 08:25:33.149 7 INFO neutron_taas.services.taas.tap_mirror_plugin [None req-4c4ab8e2-9332-49cb-85a7-d2799ee00860 a3ad00f0c5884229a5d7295a84716076 8ac4b6ed0f7d45c4ad6916796652a1e5 - - default default] Tap Mirror: Handle Delete Port: 88e87d8b-2c6a-4441-8d4b-e977d2e7762f [pid: 7|app: 0|req: 1854/3670] 10.0.0.126 () {32 vars in 725 bytes} [Thu Jun 11 08:25:32 2026] DELETE /v2.0/networks/7cb1e19b-01a1-4dd7-b5a6-c73a07ba6711 => generated 0 bytes in 480 msecs (HTTP/1.1 204) 3 headers in 131 bytes (1 switches on core 0)
2026-06-11 08:25:33.484 7 INFO neutron.services.segments.plugin [-] Segment b111f247-62a9-40c2-8763-18c3520b6317 resource provider aggregate not found
2026-06-11 08:25:33.489 7 INFO neutron.services.segments.plugin [-] Segment b111f247-62a9-40c2-8763-18c3520b6317 resource provider aggregate not found
2026-06-11 08:25:33.502 7 INFO neutron.services.segments.plugin [-] Segment b111f247-62a9-40c2-8763-18c3520b6317 resource provider not found; error: Placement Client Error (4xx): {"errors": [{"status": 404, "title": "Not Found", "detail": "The resource could not be found.\n\n No resource provider with uuid b111f247-62a9-40c2-8763-18c3520b6317 found for delete ", "request_id": "req-34e06c4a-3eb6-43ed-8062-14d40107939b"}]}
2026-06-11 08:25:33.504 7 INFO neutron.services.segments.plugin [-] Segment b111f247-62a9-40c2-8763-18c3520b6317 resource provider not found; error: Placement Client Error (4xx): {"errors": [{"status": 404, "title": "Not Found", "detail": "The resource could not be found.\n\n No resource provider with uuid b111f247-62a9-40c2-8763-18c3520b6317 found for delete ", "request_id": "req-4e73e52a-1690-4020-abb0-a7e3b4ea17d6"}]}
2026-06-11 08:25:33.577 8 INFO neutron_taas.services.taas.taas_plugin [None req-6fd7f7ed-b791-465e-853a-2a8404e4f186 a3ad00f0c5884229a5d7295a84716076 8ac4b6ed0f7d45c4ad6916796652a1e5 - - default default] TaaS: Handle Delete Port: bd70c8bd-967a-462e-bd4f-935e07565ade
2026-06-11 08:25:33.581 8 INFO neutron_taas.services.taas.tap_mirror_plugin [None req-6fd7f7ed-b791-465e-853a-2a8404e4f186 a3ad00f0c5884229a5d7295a84716076 8ac4b6ed0f7d45c4ad6916796652a1e5 - - default default] Tap Mirror: Handle Delete Port: bd70c8bd-967a-462e-bd4f-935e07565ade
2026-06-11 08:25:33.963 8 INFO neutron.services.segments.plugin [-] Segment 4a924c09-1ef2-4262-a3b1-9190047ae9c2 resource provider aggregate not found
2026-06-11 08:25:33.966 8 INFO neutron.services.segments.plugin [-] Segment 4a924c09-1ef2-4262-a3b1-9190047ae9c2 resource provider aggregate not found
2026-06-11 08:25:33.981 8 INFO neutron.services.segments.plugin [-] Segment 4a924c09-1ef2-4262-a3b1-9190047ae9c2 resource provider not found; error: Placement Client Error (4xx): {"errors": [{"status": 404, "title": "Not Found", "detail": "The resource could not be found.\n\n No resource provider with uuid 4a924c09-1ef2-4262-a3b1-9190047ae9c2 found for delete ", "request_id": "req-f975b8dc-da23-4a12-8c27-6e31abbc1d52"}]}
2026-06-11 08:25:33.990 8 INFO neutron.services.segments.plugin [-] Segment 4a924c09-1ef2-4262-a3b1-9190047ae9c2 resource provider not found; error: Placement Client Error (4xx): {"errors": [{"status": 404, "title": "Not Found", "detail": "The resource could not be found.\n\n No resource provider with uuid 4a924c09-1ef2-4262-a3b1-9190047ae9c2 found for delete ", "request_id": "req-1abe9029-9271-4bc9-9929-e4dc0f38e2ba"}]} [pid: 8|app: 0|req: 1817/3671] 10.0.0.126 () {32 vars in 725 bytes} [Thu Jun 11 08:25:33 2026] DELETE /v2.0/networks/952de3aa-60a2-4e40-8e13-78542566e7c4 => generated 0 bytes in 576 msecs (HTTP/1.1 204) 3 headers in 131 bytes (1 switches on core 0)
2026-06-11 08:25:34.191 7 INFO neutron_taas.services.taas.taas_plugin [None req-3cd8f7a3-f7af-43e9-ab54-8ba2c073fee7 a3ad00f0c5884229a5d7295a84716076 8ac4b6ed0f7d45c4ad6916796652a1e5 - - default default] TaaS: Handle Delete Port: e7e8b91b-ff84-40b2-a357-9b301b3ad915
2026-06-11 08:25:34.194 7 INFO neutron_taas.services.taas.tap_mirror_plugin [None req-3cd8f7a3-f7af-43e9-ab54-8ba2c073fee7 a3ad00f0c5884229a5d7295a84716076 8ac4b6ed0f7d45c4ad6916796652a1e5 - - default default] Tap Mirror: Handle Delete Port: e7e8b91b-ff84-40b2-a357-9b301b3ad915 [pid: 7|app: 0|req: 1855/3672] 10.0.0.126 () {32 vars in 725 bytes} [Thu Jun 11 08:25:34 2026] DELETE /v2.0/networks/62423a3b-b572-457c-bbf9-629fcaa62e60 => generated 0 bytes in 396 msecs (HTTP/1.1 204) 3 headers in 131 bytes (1 switches on core 0)
2026-06-11 08:25:34.562 8 INFO neutron_taas.services.taas.taas_plugin [None req-c585c392-4dd1-4d48-801a-c55fb42b8500 a3ad00f0c5884229a5d7295a84716076 8ac4b6ed0f7d45c4ad6916796652a1e5 - - default default] TaaS: Handle Delete Port: f96d8f51-d378-4a50-92a8-395fc75747a8
2026-06-11 08:25:34.565 8 INFO neutron_taas.services.taas.tap_mirror_plugin [None req-c585c392-4dd1-4d48-801a-c55fb42b8500 a3ad00f0c5884229a5d7295a84716076 8ac4b6ed0f7d45c4ad6916796652a1e5 - - default default] Tap Mirror: Handle Delete Port: f96d8f51-d378-4a50-92a8-395fc75747a8 [pid: 8|app: 0|req: 1818/3675] 10.0.0.126 () {32 vars in 725 bytes} [Thu Jun 11 08:25:34 2026] DELETE /v2.0/networks/2ef05c3f-6d1e-49ee-8046-3f44d0d31735 => generated 0 bytes in 571 msecs (HTTP/1.1 204) 3 headers in 131 bytes (1 switches on core 0)
2026-06-11 08:25:35.137 7 INFO neutron_taas.services.taas.taas_plugin [None req-ff3461b3-8c55-45a4-943e-13e71ef3a648 a3ad00f0c5884229a5d7295a84716076 8ac4b6ed0f7d45c4ad6916796652a1e5 - - default default] TaaS: Handle Delete Port: 435938b6-c963-45d6-b3af-0afd39d260ce
2026-06-11 08:25:35.141 7 INFO neutron_taas.services.taas.tap_mirror_plugin [None req-ff3461b3-8c55-45a4-943e-13e71ef3a648 a3ad00f0c5884229a5d7295a84716076 8ac4b6ed0f7d45c4ad6916796652a1e5 - - default default] Tap Mirror: Handle Delete Port: 435938b6-c963-45d6-b3af-0afd39d260ce [pid: 7|app: 0|req: 1858/3676] 10.0.0.126 () {32 vars in 725 bytes} [Thu Jun 11 08:25:35 2026] DELETE /v2.0/networks/3d552415-697e-4bb0-bd74-5c5583e02385 => generated 0 bytes in 437 msecs (HTTP/1.1 204) 3 headers in 131 bytes (1 switches on core 0)
2026-06-11 08:25:35.520 7 INFO neutron.services.segments.plugin [-] Segment 3cb8cc83-9dc3-496a-9852-481da36c523d resource provider aggregate not found
2026-06-11 08:25:35.526 7 INFO neutron.services.segments.plugin [-] Segment 3cb8cc83-9dc3-496a-9852-481da36c523d resource provider aggregate not found
2026-06-11 08:25:35.538 7 INFO neutron.services.segments.plugin [-] Segment 3cb8cc83-9dc3-496a-9852-481da36c523d resource provider not found; error: Placement Client Error (4xx): {"errors": [{"status": 404, "title": "Not Found", "detail": "The resource could not be found.\n\n No resource provider with uuid 3cb8cc83-9dc3-496a-9852-481da36c523d found for delete ", "request_id": "req-8c93d011-8033-44d4-a52f-094dae98e151"}]}
2026-06-11 08:25:35.546 7 INFO neutron.services.segments.plugin [-] Segment 3cb8cc83-9dc3-496a-9852-481da36c523d resource provider not found; error: Placement Client Error (4xx): {"errors": [{"status": 404, "title": "Not Found", "detail": "The resource could not be found.\n\n No resource provider with uuid 3cb8cc83-9dc3-496a-9852-481da36c523d found for delete ", "request_id": "req-80883736-6887-4561-9687-1a3a58a41bda"}]}
2026-06-11 08:25:35.553 7 INFO neutron.services.segments.plugin [-] Segment 32407453-d719-431e-bb59-a82c37b91048 resource provider aggregate not found
2026-06-11 08:25:35.562 7 INFO neutron.services.segments.plugin [-] Segment 32407453-d719-431e-bb59-a82c37b91048 resource provider aggregate not found
2026-06-11 08:25:35.566 7 INFO neutron.services.segments.plugin [-] Segment 32407453-d719-431e-bb59-a82c37b91048 resource provider not found; error: Placement Client Error (4xx): {"errors": [{"status": 404, "title": "Not Found", "detail": "The resource could not be found.\n\n No resource provider with uuid 32407453-d719-431e-bb59-a82c37b91048 found for delete ", "request_id": "req-92ac61a8-8110-4247-a82d-d2dadfe9fd6a"}]}
2026-06-11 08:25:35.580 7 INFO neutron.services.segments.plugin [-] Segment 32407453-d719-431e-bb59-a82c37b91048 resource provider not found; error: Placement Client Error (4xx): {"errors": [{"status": 404, "title": "Not Found", "detail": "The resource could not be found.\n\n No resource provider with uuid 32407453-d719-431e-bb59-a82c37b91048 found for delete ", "request_id": "req-5254b7a8-b25e-491c-9391-6a405e6d1f6d"}]}
2026-06-11 08:25:36.002 8 INFO neutron.services.segments.plugin [-] Segment afe04aec-e691-493a-8d94-564847085be7 resource provider aggregate not found
2026-06-11 08:25:36.011 8 INFO neutron.services.segments.plugin [-] Segment afe04aec-e691-493a-8d94-564847085be7 resource provider aggregate not found
2026-06-11 08:25:36.019 8 INFO neutron.services.segments.plugin [-] Segment afe04aec-e691-493a-8d94-564847085be7 resource provider not found; error: Placement Client Error (4xx): {"errors": [{"status": 404, "title": "Not Found", "detail": "The resource could not be found.\n\n No resource provider with uuid afe04aec-e691-493a-8d94-564847085be7 found for delete ", "request_id": "req-daf67993-c760-4700-b340-08f299127801"}]}
2026-06-11 08:25:36.033 8 INFO neutron.services.segments.plugin [-] Segment afe04aec-e691-493a-8d94-564847085be7 resource provider not found; error: Placement Client Error (4xx): {"errors": [{"status": 404, "title": "Not Found", "detail": "The resource could not be found.\n\n No resource provider with uuid afe04aec-e691-493a-8d94-564847085be7 found for delete ", "request_id": "req-fbc4ec87-91b6-4d97-8cf6-6cfc8b6c0b01"}]} [pid: 8|app: 0|req: 1819/3677] 10.0.0.126 () {32 vars in 773 bytes} [Thu Jun 11 08:25:36 2026] GET /v2.0/security-groups?tenant_id=8ac4b6ed0f7d45c4ad6916796652a1e5&name=default => generated 2929 bytes in 171 msecs (HTTP/1.1 200) 4 headers in 158 bytes (1 switches on core 0) [pid: 7|app: 0|req: 1859/3678] 10.0.0.126 () {32 vars in 739 bytes} [Thu Jun 11 08:25:36 2026] DELETE /v2.0/security-groups/8c3fc250-c908-4952-b8b5-785c37263f7e => generated 0 bytes in 538 msecs (HTTP/1.1 204) 2 headers in 112 bytes (1 switches on core 0)
