2026-04-27 02:39:15.278 9 WARNING neutron_lib.context [req-6dc7ab73-5b6d-46a8-8bde-1c8a717adbcc req-eae80f6e-6e4a-4dab-86af-5aadb8dcb635 4d52ee49ff0a49b2acf7d66c655663af 8e79b6f3b612443e8e46bb2f05bfa053 - - default default] Method 'is_advsvc' is deprecated since 2023.2 release (neutron-lib 3.8.0) and will be removed once support for the old RBAC API policies will be removed from Neutron. Please use method 'is_service_role' instead.
2026-04-27 02:39:15.408 9 INFO neutron.db.ovn_revision_numbers_db [req-da962887-3531-4459-973a-a8651682c3d2 req-e3c4c74e-a548-47a8-993a-711efb12c06b a5f068ce68e34913a324afb438976dc0 b9e3d56f15e6430f8ee86f0c6e4b860a - - default default] Successfully bumped revision number for resource 797672ea-4944-44b9-9e0a-7eda6805e069 (type: ports) to 1
2026-04-27 02:39:15.442 9 INFO neutron.wsgi [req-da962887-3531-4459-973a-a8651682c3d2 req-e3c4c74e-a548-47a8-993a-711efb12c06b a5f068ce68e34913a324afb438976dc0 b9e3d56f15e6430f8ee86f0c6e4b860a - - default default] 199.204.45.210 "POST /v2.0/ports HTTP/1.1" status: 201 len: 1162 time: 1.6320076
2026-04-27 02:39:15.553 9 WARNING neutron.plugins.ml2.drivers.ovn.mech_driver.ovsdb.ovn_client [None req-e66e1c73-3690-4534-9534-2c7e1f794d09 - - - - - -] No hosting information found for port 48f70509-40b8-4484-b8ec-6f1e3bfcf625: RuntimeError: No hosting information found for port 48f70509-40b8-4484-b8ec-6f1e3bfcf625
2026-04-27 02:39:15.594 9 INFO neutron.plugins.ml2.drivers.ovn.mech_driver.mech_driver [None req-e66e1c73-3690-4534-9534-2c7e1f794d09 - - - - - -] OVN reports status down for port: a6d3ff24-d7db-4cd7-9cfd-f57905034c28
2026-04-27 02:39:15.945 9 WARNING neutron.scheduler.dhcp_agent_scheduler [req-6dc7ab73-5b6d-46a8-8bde-1c8a717adbcc req-eae80f6e-6e4a-4dab-86af-5aadb8dcb635 4d52ee49ff0a49b2acf7d66c655663af 8e79b6f3b612443e8e46bb2f05bfa053 - - default default] No more DHCP agents
2026-04-27 02:39:15.947 9 WARNING neutron.api.rpc.agentnotifiers.dhcp_rpc_agent_api [req-6dc7ab73-5b6d-46a8-8bde-1c8a717adbcc req-eae80f6e-6e4a-4dab-86af-5aadb8dcb635 4d52ee49ff0a49b2acf7d66c655663af 8e79b6f3b612443e8e46bb2f05bfa053 - - default default] Unable to schedule network f4a43eef-4606-4b5c-8e19-17dd16224f75: no agents available; will retry on subsequent port and subnet creation events.
2026-04-27 02:39:15.971 10 INFO neutron.wsgi [req-05ad459c-c2dd-449f-bc91-13ec8afcb374 req-7e300757-1b87-4be8-830e-ab8e8e33ef56 440ebaa87c15468d872e98b73d2db5ed af7430fc10bd47f8a67fcc6a9e22e532 - - default default] 10.0.0.64 "GET /v2.0/ports?device_id=a76e5070-74e7-42af-b2e9-d4f598b556bb HTTP/1.1" status: 200 len: 1170 time: 0.1171885
2026-04-27 02:39:16.091 10 INFO neutron.wsgi [req-aec23df6-c0bb-4928-83aa-5f07553c91c1 req-978f9651-b9c9-4c7e-bef3-d5463e74b969 440ebaa87c15468d872e98b73d2db5ed af7430fc10bd47f8a67fcc6a9e22e532 - - default default] 10.0.0.64 "GET /v2.0/ports/74ce563e-d642-4ca5-bc08-79773445acb8 HTTP/1.1" status: 200 len: 1167 time: 0.0635104
2026-04-27 02:39:16.171 10 INFO neutron.wsgi [req-9a34c57a-c5b9-4ad9-b315-9dcd67570fa0 req-9c87e299-ccac-48a4-92bf-074da8dc693c 4d52ee49ff0a49b2acf7d66c655663af 8e79b6f3b612443e8e46bb2f05bfa053 - - default default] 10.0.0.64 "GET /v2.0/ports?device_id=ea12253a-805d-4f32-bb8a-542bbc5312c2 HTTP/1.1" status: 200 len: 1160 time: 0.0978501
2026-04-27 02:39:16.197 10 WARNING neutron.plugins.ml2.drivers.ovn.mech_driver.ovsdb.ovn_client [None req-7c0bb731-d3c6-4903-bb15-094de17c8316 - - - - - -] No hosting information found for port 8f4e3ddf-0fc4-498d-af37-828caf18a177: RuntimeError: No hosting information found for port 8f4e3ddf-0fc4-498d-af37-828caf18a177
2026-04-27 02:39:16.245 10 INFO neutron.wsgi [req-9a34c57a-c5b9-4ad9-b315-9dcd67570fa0 req-68e56d0b-43eb-4986-a185-e492dbb94ab7 4d52ee49ff0a49b2acf7d66c655663af 8e79b6f3b612443e8e46bb2f05bfa053 - - default default] 10.0.0.64 "GET /v2.0/security-groups?id=77a85f0b-c237-4358-bbd4-907e40300d12&fields=id&fields=name HTTP/1.1" status: 200 len: 313 time: 0.0636542
2026-04-27 02:39:16.295 9 INFO neutron.db.ovn_revision_numbers_db [req-6dc7ab73-5b6d-46a8-8bde-1c8a717adbcc req-eae80f6e-6e4a-4dab-86af-5aadb8dcb635 4d52ee49ff0a49b2acf7d66c655663af 8e79b6f3b612443e8e46bb2f05bfa053 - - default default] Successfully bumped revision number for resource 77c4158d-ee8e-4721-ba26-d078b2b85934 (type: ports) to 1
2026-04-27 02:39:16.369 9 INFO neutron.wsgi [req-6dc7ab73-5b6d-46a8-8bde-1c8a717adbcc req-eae80f6e-6e4a-4dab-86af-5aadb8dcb635 4d52ee49ff0a49b2acf7d66c655663af 8e79b6f3b612443e8e46bb2f05bfa053 - - default default] 199.204.45.210 "POST /v2.0/ports HTTP/1.1" status: 201 len: 1162 time: 1.0988634
2026-04-27 02:39:16.372 9 INFO neutron.db.ovn_revision_numbers_db [req-da962887-3531-4459-973a-a8651682c3d2 req-c8ae6477-4710-476b-9da6-20d6fb39fbfc ec827a8a7a3f46a3a04d421d8e3e7988 3ade82478ed64c7db8d18762975797e1 - - 3c9a3e2df4314531a21ba8851fd274b4 3c9a3e2df4314531a21ba8851fd274b4] Successfully bumped revision number for resource 797672ea-4944-44b9-9e0a-7eda6805e069 (type: ports) to 2 /var/lib/openstack/lib/python3.10/site-packages/pycadf/identifier.py:71: UserWarning: Invalid uuid: neutron. To ensure interoperability, identifiers should be a valid uuid. warnings.warn(('Invalid uuid: %s. To ensure interoperability, '
2026-04-27 02:39:16.744 9 INFO neutron.db.ovn_revision_numbers_db [req-da962887-3531-4459-973a-a8651682c3d2 req-c8ae6477-4710-476b-9da6-20d6fb39fbfc ec827a8a7a3f46a3a04d421d8e3e7988 3ade82478ed64c7db8d18762975797e1 - - 3c9a3e2df4314531a21ba8851fd274b4 3c9a3e2df4314531a21ba8851fd274b4] Successfully bumped revision number for resource 797672ea-4944-44b9-9e0a-7eda6805e069 (type: ports) to 2
2026-04-27 02:39:16.765 10 INFO neutron.wsgi [req-1ac2c582-a6d8-42cf-984b-6bd922b51775 req-19a04f88-2f33-4ea8-9f4b-31c95c2ab2f2 a5f068ce68e34913a324afb438976dc0 b9e3d56f15e6430f8ee86f0c6e4b860a - - default default] 10.0.0.64 "GET /v2.0/ports?device_id=a36f99ad-6b7f-4d20-b072-121380ff26f9 HTTP/1.1" status: 200 len: 1172 time: 0.4561169
2026-04-27 02:39:16.765 9 INFO neutron.wsgi [req-da962887-3531-4459-973a-a8651682c3d2 req-c8ae6477-4710-476b-9da6-20d6fb39fbfc ec827a8a7a3f46a3a04d421d8e3e7988 3ade82478ed64c7db8d18762975797e1 - - 3c9a3e2df4314531a21ba8851fd274b4 3c9a3e2df4314531a21ba8851fd274b4] 199.204.45.210 "PUT /v2.0/ports/797672ea-4944-44b9-9e0a-7eda6805e069 HTTP/1.1" status: 200 len: 1380 time: 1.3155665
2026-04-27 02:39:16.775 10 INFO neutron.wsgi [req-df0cc6fc-0564-4ee7-85cf-ef120c717a81 req-aa1ccfd2-8518-4651-afbd-8a8e0a63b9cd 440ebaa87c15468d872e98b73d2db5ed af7430fc10bd47f8a67fcc6a9e22e532 - - default default] 199.204.45.210 "GET /v2.0/subnets?network_id=696336dc-fff9-4fab-a095-e760567f77db HTTP/1.1" status: 200 len: 859 time: 0.4596188
2026-04-27 02:39:16.816 9 INFO neutron.notifiers.nova [-] Nova event matching ['req-dc94746d-936f-407c-96b5-bf61ae18b5a9'] response: {'name': 'network-changed', 'server_uuid': 'a36f99ad-6b7f-4d20-b072-121380ff26f9', 'tag': '797672ea-4944-44b9-9e0a-7eda6805e069', 'status': 'completed', 'code': 200} /var/lib/openstack/lib/python3.10/site-packages/pycadf/identifier.py:71: UserWarning: Invalid uuid: neutron. To ensure interoperability, identifiers should be a valid uuid. warnings.warn(('Invalid uuid: %s. To ensure interoperability, '
2026-04-27 02:39:16.859 10 INFO neutron.wsgi [req-df0cc6fc-0564-4ee7-85cf-ef120c717a81 req-c12d4239-7195-4df5-aada-1d70ac56a8d9 440ebaa87c15468d872e98b73d2db5ed af7430fc10bd47f8a67fcc6a9e22e532 - - default default] 199.204.45.210 "GET /v2.0/ports?device_id=a76e5070-74e7-42af-b2e9-d4f598b556bb&device_owner=compute%3Anova&network_id=696336dc-fff9-4fab-a095-e760567f77db HTTP/1.1" status: 200 len: 1170 time: 0.0787275
2026-04-27 02:39:16.863 9 INFO neutron.wsgi [req-da962887-3531-4459-973a-a8651682c3d2 req-3e78f371-de2c-491e-9216-86972efcf092 ec827a8a7a3f46a3a04d421d8e3e7988 3ade82478ed64c7db8d18762975797e1 - - 3c9a3e2df4314531a21ba8851fd274b4 3c9a3e2df4314531a21ba8851fd274b4] 199.204.45.210 "GET /v2.0/ports?tenant_id=b9e3d56f15e6430f8ee86f0c6e4b860a&device_id=a36f99ad-6b7f-4d20-b072-121380ff26f9 HTTP/1.1" status: 200 len: 1411 time: 0.0466638
2026-04-27 02:39:16.884 10 INFO neutron.wsgi [req-1ac2c582-a6d8-42cf-984b-6bd922b51775 req-d0797174-14fc-4788-bb15-531da325f013 a5f068ce68e34913a324afb438976dc0 b9e3d56f15e6430f8ee86f0c6e4b860a - - default default] 10.0.0.64 "GET /v2.0/security-groups?id=3da7f88f-638f-4c4c-9e42-12f2348b4445&fields=id&fields=name HTTP/1.1" status: 200 len: 286 time: 0.1077480
2026-04-27 02:39:16.897 9 INFO neutron.wsgi [req-da962887-3531-4459-973a-a8651682c3d2 req-00f4dad1-55cd-4c08-97a4-ec74ef911701 ec827a8a7a3f46a3a04d421d8e3e7988 3ade82478ed64c7db8d18762975797e1 - - 3c9a3e2df4314531a21ba8851fd274b4 3c9a3e2df4314531a21ba8851fd274b4] 199.204.45.210 "GET /v2.0/floatingips?fixed_ip_address=10.100.0.14&port_id=797672ea-4944-44b9-9e0a-7eda6805e069 HTTP/1.1" status: 200 len: 217 time: 0.0269175
2026-04-27 02:39:16.947 9 INFO neutron.wsgi [req-da962887-3531-4459-973a-a8651682c3d2 req-a1815242-68e8-4812-bd36-ac917597320b ec827a8a7a3f46a3a04d421d8e3e7988 3ade82478ed64c7db8d18762975797e1 - - 3c9a3e2df4314531a21ba8851fd274b4 3c9a3e2df4314531a21ba8851fd274b4] 199.204.45.210 "GET /v2.0/subnets?id=ff01fd26-c453-48ae-af21-6155653d0184 HTTP/1.1" status: 200 len: 870 time: 0.0426421
2026-04-27 02:39:16.987 9 INFO neutron.wsgi [req-da962887-3531-4459-973a-a8651682c3d2 req-311a9830-99dd-4410-ad8e-04e5f55a6b9b ec827a8a7a3f46a3a04d421d8e3e7988 3ade82478ed64c7db8d18762975797e1 - - 3c9a3e2df4314531a21ba8851fd274b4 3c9a3e2df4314531a21ba8851fd274b4] 199.204.45.210 "GET /v2.0/ports?network_id=2274d707-4f1a-4bbe-8ab3-a06c94bc6d2a&device_owner=network%3Adhcp HTTP/1.1" status: 200 len: 210 time: 0.0327256
2026-04-27 02:39:17.012 9 INFO neutron.db.ovn_revision_numbers_db [req-6dc7ab73-5b6d-46a8-8bde-1c8a717adbcc req-17a708f0-12ba-4d64-8244-ffc03d427007 ec827a8a7a3f46a3a04d421d8e3e7988 3ade82478ed64c7db8d18762975797e1 - - 3c9a3e2df4314531a21ba8851fd274b4 3c9a3e2df4314531a21ba8851fd274b4] Successfully bumped revision number for resource 77c4158d-ee8e-4721-ba26-d078b2b85934 (type: ports) to 2
2026-04-27 02:39:17.024 10 INFO neutron.wsgi [None req-3a0da06b-5fb5-4f06-9bd2-14d6b3ffe667 1f6c72ecd8664957a2347edd69858b2e e6ed90169e6849e8835ffc7bb1967d96 - - default default] 10.0.0.219 "PUT /v2.0/routers/4e5c8538-49a9-43c1-85db-aa9207b471c8/remove_router_interface HTTP/1.1" status: 200 len: 503 time: 2.3963270 /var/lib/openstack/lib/python3.10/site-packages/pycadf/identifier.py:71: UserWarning: Invalid uuid: neutron. To ensure interoperability, identifiers should be a valid uuid. warnings.warn(('Invalid uuid: %s. To ensure interoperability, '
2026-04-27 02:39:17.077 9 INFO neutron.wsgi [req-da962887-3531-4459-973a-a8651682c3d2 req-a8115ff3-ce41-426a-ba2b-32ddb3f720f3 ec827a8a7a3f46a3a04d421d8e3e7988 3ade82478ed64c7db8d18762975797e1 - - 3c9a3e2df4314531a21ba8851fd274b4 3c9a3e2df4314531a21ba8851fd274b4] 199.204.45.210 "GET /v2.0/networks/2274d707-4f1a-4bbe-8ab3-a06c94bc6d2a?fields=segments HTTP/1.1" status: 200 len: 212 time: 0.0787170
2026-04-27 02:39:17.185 9 INFO neutron.wsgi [req-da962887-3531-4459-973a-a8651682c3d2 req-1b51babb-5e5d-4097-ab2c-79f5727b90f6 ec827a8a7a3f46a3a04d421d8e3e7988 3ade82478ed64c7db8d18762975797e1 - - 3c9a3e2df4314531a21ba8851fd274b4 3c9a3e2df4314531a21ba8851fd274b4] 199.204.45.210 "GET /v2.0/networks/2274d707-4f1a-4bbe-8ab3-a06c94bc6d2a?fields=provider%3Aphysical_network&fields=provider%3Anetwork_type HTTP/1.1" status: 200 len: 277 time: 0.0966120 /var/lib/openstack/lib/python3.10/site-packages/pycadf/identifier.py:71: UserWarning: Invalid uuid: neutron. To ensure interoperability, identifiers should be a valid uuid. warnings.warn(('Invalid uuid: %s. To ensure interoperability, '
2026-04-27 02:39:17.291 9 INFO neutron.wsgi [req-48866884-205e-40ea-abd1-60ae815bc210 req-db509e0b-ebeb-4c99-8eb4-4a708663e336 ec827a8a7a3f46a3a04d421d8e3e7988 3ade82478ed64c7db8d18762975797e1 - - 3c9a3e2df4314531a21ba8851fd274b4 3c9a3e2df4314531a21ba8851fd274b4] 199.204.45.210 "GET /v2.0/ports?tenant_id=b9e3d56f15e6430f8ee86f0c6e4b860a&device_id=a36f99ad-6b7f-4d20-b072-121380ff26f9 HTTP/1.1" status: 200 len: 1411 time: 0.0464542
2026-04-27 02:39:17.364 9 INFO neutron.db.ovn_revision_numbers_db [req-6dc7ab73-5b6d-46a8-8bde-1c8a717adbcc req-17a708f0-12ba-4d64-8244-ffc03d427007 ec827a8a7a3f46a3a04d421d8e3e7988 3ade82478ed64c7db8d18762975797e1 - - 3c9a3e2df4314531a21ba8851fd274b4 3c9a3e2df4314531a21ba8851fd274b4] Successfully bumped revision number for resource 77c4158d-ee8e-4721-ba26-d078b2b85934 (type: ports) to 2
2026-04-27 02:39:17.424 9 INFO neutron.wsgi [req-48866884-205e-40ea-abd1-60ae815bc210 req-5ee2ba8b-ef8d-4c5a-a838-38be7b1b8d19 ec827a8a7a3f46a3a04d421d8e3e7988 3ade82478ed64c7db8d18762975797e1 - - 3c9a3e2df4314531a21ba8851fd274b4 3c9a3e2df4314531a21ba8851fd274b4] 199.204.45.210 "GET /v2.0/networks?id=2274d707-4f1a-4bbe-8ab3-a06c94bc6d2a HTTP/1.1" status: 200 len: 975 time: 0.1201255
2026-04-27 02:39:17.430 9 INFO neutron.wsgi [req-6dc7ab73-5b6d-46a8-8bde-1c8a717adbcc req-17a708f0-12ba-4d64-8244-ffc03d427007 ec827a8a7a3f46a3a04d421d8e3e7988 3ade82478ed64c7db8d18762975797e1 - - 3c9a3e2df4314531a21ba8851fd274b4 3c9a3e2df4314531a21ba8851fd274b4] 199.204.45.210 "PUT /v2.0/ports/77c4158d-ee8e-4721-ba26-d078b2b85934 HTTP/1.1" status: 200 len: 1380 time: 1.0480068
2026-04-27 02:39:17.456 10 INFO neutron.wsgi [req-4f0d7ebc-b1e5-4880-839a-b68eb0e77a2c req-079cb73d-9856-4791-8343-7392b97ac456 4d52ee49ff0a49b2acf7d66c655663af 8e79b6f3b612443e8e46bb2f05bfa053 - - default default] 10.0.0.64 "GET /v2.0/ports?device_id=ea12253a-805d-4f32-bb8a-542bbc5312c2 HTTP/1.1" status: 200 len: 1172 time: 0.1076460
2026-04-27 02:39:17.469 9 INFO neutron.wsgi [req-48866884-205e-40ea-abd1-60ae815bc210 req-e503566f-30ff-45c9-9915-43a0e2abd71e ec827a8a7a3f46a3a04d421d8e3e7988 3ade82478ed64c7db8d18762975797e1 - - 3c9a3e2df4314531a21ba8851fd274b4 3c9a3e2df4314531a21ba8851fd274b4] 199.204.45.210 "GET /v2.0/floatingips?fixed_ip_address=10.100.0.14&port_id=797672ea-4944-44b9-9e0a-7eda6805e069 HTTP/1.1" status: 200 len: 217 time: 0.0310891
2026-04-27 02:39:17.491 10 INFO neutron.plugins.ml2.drivers.ovn.mech_driver.mech_driver [None req-7c0bb731-d3c6-4903-bb15-094de17c8316 - - - - - -] OVN reports status up for port: 797672ea-4944-44b9-9e0a-7eda6805e069
2026-04-27 02:39:17.520 10 INFO neutron.plugins.ml2.plugin [None req-7c0bb731-d3c6-4903-bb15-094de17c8316 - - - - - -] Attempt 1 to provision port 797672ea-4944-44b9-9e0a-7eda6805e069
2026-04-27 02:39:17.527 9 INFO neutron.wsgi [req-48866884-205e-40ea-abd1-60ae815bc210 req-09e2eb5d-e92c-42cc-8441-c19a726cfb78 ec827a8a7a3f46a3a04d421d8e3e7988 3ade82478ed64c7db8d18762975797e1 - - 3c9a3e2df4314531a21ba8851fd274b4 3c9a3e2df4314531a21ba8851fd274b4] 199.204.45.210 "GET /v2.0/subnets?id=ff01fd26-c453-48ae-af21-6155653d0184 HTTP/1.1" status: 200 len: 870 time: 0.0480297
2026-04-27 02:39:17.566 9 INFO neutron.wsgi [req-48866884-205e-40ea-abd1-60ae815bc210 req-a1954ca4-982e-4a3b-a164-0a16f75bdde5 ec827a8a7a3f46a3a04d421d8e3e7988 3ade82478ed64c7db8d18762975797e1 - - 3c9a3e2df4314531a21ba8851fd274b4 3c9a3e2df4314531a21ba8851fd274b4] 199.204.45.210 "GET /v2.0/ports?network_id=2274d707-4f1a-4bbe-8ab3-a06c94bc6d2a&device_owner=network%3Adhcp HTTP/1.1" status: 200 len: 210 time: 0.0216160
2026-04-27 02:39:17.571 10 INFO neutron.wsgi [req-4f0d7ebc-b1e5-4880-839a-b68eb0e77a2c req-507e8f49-b31d-4c29-a67c-df81b62681bb 4d52ee49ff0a49b2acf7d66c655663af 8e79b6f3b612443e8e46bb2f05bfa053 - - default default] 10.0.0.64 "GET /v2.0/security-groups?id=77a85f0b-c237-4358-bbd4-907e40300d12&fields=id&fields=name HTTP/1.1" status: 200 len: 313 time: 0.1025128
2026-04-27 02:39:17.605 9 INFO neutron.wsgi [req-6dc7ab73-5b6d-46a8-8bde-1c8a717adbcc req-a3f24114-28b7-483d-b591-6b5b0c8ce44d ec827a8a7a3f46a3a04d421d8e3e7988 3ade82478ed64c7db8d18762975797e1 - - 3c9a3e2df4314531a21ba8851fd274b4 3c9a3e2df4314531a21ba8851fd274b4] 199.204.45.210 "GET /v2.0/ports?tenant_id=8e79b6f3b612443e8e46bb2f05bfa053&device_id=ea12253a-805d-4f32-bb8a-542bbc5312c2 HTTP/1.1" status: 200 len: 1411 time: 0.1016109
2026-04-27 02:39:17.642 9 INFO neutron.wsgi [req-6dc7ab73-5b6d-46a8-8bde-1c8a717adbcc req-9dbd4f12-992a-4efb-9e7e-40c125de292c ec827a8a7a3f46a3a04d421d8e3e7988 3ade82478ed64c7db8d18762975797e1 - - 3c9a3e2df4314531a21ba8851fd274b4 3c9a3e2df4314531a21ba8851fd274b4] 199.204.45.210 "GET /v2.0/floatingips?fixed_ip_address=10.100.0.12&port_id=77c4158d-ee8e-4721-ba26-d078b2b85934 HTTP/1.1" status: 200 len: 217 time: 0.0286946
2026-04-27 02:39:17.713 9 INFO neutron.wsgi [req-6dc7ab73-5b6d-46a8-8bde-1c8a717adbcc req-6b443ebd-7b3a-4a47-8883-0173ca12a103 ec827a8a7a3f46a3a04d421d8e3e7988 3ade82478ed64c7db8d18762975797e1 - - 3c9a3e2df4314531a21ba8851fd274b4 3c9a3e2df4314531a21ba8851fd274b4] 199.204.45.210 "GET /v2.0/subnets?id=d4c58358-0ca3-435c-b52d-34a5e086bad3 HTTP/1.1" status: 200 len: 868 time: 0.0559449
2026-04-27 02:39:17.717 9 INFO neutron.wsgi [req-48866884-205e-40ea-abd1-60ae815bc210 req-a42a4f0c-1802-49f8-99e2-2b66b9819b83 ec827a8a7a3f46a3a04d421d8e3e7988 3ade82478ed64c7db8d18762975797e1 - - 3c9a3e2df4314531a21ba8851fd274b4 3c9a3e2df4314531a21ba8851fd274b4] 199.204.45.210 "GET /v2.0/networks/2274d707-4f1a-4bbe-8ab3-a06c94bc6d2a?fields=segments HTTP/1.1" status: 200 len: 212 time: 0.1413431
2026-04-27 02:39:17.753 9 INFO neutron.wsgi [req-6dc7ab73-5b6d-46a8-8bde-1c8a717adbcc req-e29e3881-2c59-4184-a8d6-247d7d0308d9 ec827a8a7a3f46a3a04d421d8e3e7988 3ade82478ed64c7db8d18762975797e1 - - 3c9a3e2df4314531a21ba8851fd274b4 3c9a3e2df4314531a21ba8851fd274b4] 199.204.45.210 "GET /v2.0/ports?network_id=f4a43eef-4606-4b5c-8e19-17dd16224f75&device_owner=network%3Adhcp HTTP/1.1" status: 200 len: 210 time: 0.0298491
2026-04-27 02:39:17.834 10 INFO neutron.notifiers.nova [-] Nova event matching ['req-a30be746-7f88-4478-ad28-3144288ecfeb'] response: {'server_uuid': 'a36f99ad-6b7f-4d20-b072-121380ff26f9', 'name': 'network-vif-plugged', 'status': 'completed', 'tag': '797672ea-4944-44b9-9e0a-7eda6805e069', 'code': 200}
2026-04-27 02:39:17.963 10 INFO neutron.db.ovn_revision_numbers_db [req-df0cc6fc-0564-4ee7-85cf-ef120c717a81 req-34e626d7-9d47-4007-8c51-bd6be3751cad 440ebaa87c15468d872e98b73d2db5ed af7430fc10bd47f8a67fcc6a9e22e532 - - default default] Successfully bumped revision number for resource 74ce563e-d642-4ca5-bc08-79773445acb8 (type: ports) to 5 /var/lib/openstack/lib/python3.10/site-packages/pycadf/identifier.py:71: UserWarning: Invalid uuid: neutron. To ensure interoperability, identifiers should be a valid uuid. warnings.warn(('Invalid uuid: %s. To ensure interoperability, '
2026-04-27 02:39:17.997 10 INFO neutron.wsgi [req-df0cc6fc-0564-4ee7-85cf-ef120c717a81 req-34e626d7-9d47-4007-8c51-bd6be3751cad 440ebaa87c15468d872e98b73d2db5ed af7430fc10bd47f8a67fcc6a9e22e532 - - default default] 199.204.45.210 "PUT /v2.0/ports/74ce563e-d642-4ca5-bc08-79773445acb8 HTTP/1.1" status: 200 len: 1349 time: 1.1272004
2026-04-27 02:39:18.142 10 INFO neutron.wsgi [req-df0cc6fc-0564-4ee7-85cf-ef120c717a81 req-74c67cce-37bb-46fd-b3ff-6c8eee71c742 ec827a8a7a3f46a3a04d421d8e3e7988 3ade82478ed64c7db8d18762975797e1 - - 3c9a3e2df4314531a21ba8851fd274b4 3c9a3e2df4314531a21ba8851fd274b4] 199.204.45.210 "GET /v2.0/ports?tenant_id=af7430fc10bd47f8a67fcc6a9e22e532&device_id=a76e5070-74e7-42af-b2e9-d4f598b556bb HTTP/1.1" status: 200 len: 1590 time: 0.1205251
2026-04-27 02:39:18.200 9 INFO neutron.wsgi [req-48866884-205e-40ea-abd1-60ae815bc210 req-710c766a-a6dc-41c1-af03-7a6e4b90cc6b ec827a8a7a3f46a3a04d421d8e3e7988 3ade82478ed64c7db8d18762975797e1 - - 3c9a3e2df4314531a21ba8851fd274b4 3c9a3e2df4314531a21ba8851fd274b4] 199.204.45.210 "GET /v2.0/networks/2274d707-4f1a-4bbe-8ab3-a06c94bc6d2a?fields=provider%3Aphysical_network&fields=provider%3Anetwork_type HTTP/1.1" status: 200 len: 277 time: 0.4765873
2026-04-27 02:39:18.216 10 INFO neutron.wsgi [req-272efdf4-a92f-4c74-a383-a3e20a572e62 req-55197459-090b-458b-9d7c-f93b54575c86 a5f068ce68e34913a324afb438976dc0 b9e3d56f15e6430f8ee86f0c6e4b860a - - default default] 10.0.0.64 "GET /v2.0/ports?device_id=a36f99ad-6b7f-4d20-b072-121380ff26f9 HTTP/1.1" status: 200 len: 1174 time: 0.2426357
2026-04-27 02:39:18.219 9 INFO neutron.wsgi [req-6dc7ab73-5b6d-46a8-8bde-1c8a717adbcc req-757e0427-26bd-4bb4-9f98-81b5fdf3114c ec827a8a7a3f46a3a04d421d8e3e7988 3ade82478ed64c7db8d18762975797e1 - - 3c9a3e2df4314531a21ba8851fd274b4 3c9a3e2df4314531a21ba8851fd274b4] 199.204.45.210 "GET /v2.0/networks/f4a43eef-4606-4b5c-8e19-17dd16224f75?fields=segments HTTP/1.1" status: 200 len: 212 time: 0.4579287
2026-04-27 02:39:18.288 9 INFO neutron.wsgi [req-6dc7ab73-5b6d-46a8-8bde-1c8a717adbcc req-7ecf54b6-1abf-4210-85d5-35662bb6552c ec827a8a7a3f46a3a04d421d8e3e7988 3ade82478ed64c7db8d18762975797e1 - - 3c9a3e2df4314531a21ba8851fd274b4 3c9a3e2df4314531a21ba8851fd274b4] 199.204.45.210 "GET /v2.0/networks/f4a43eef-4606-4b5c-8e19-17dd16224f75?fields=provider%3Aphysical_network&fields=provider%3Anetwork_type HTTP/1.1" status: 200 len: 277 time: 0.0597491
2026-04-27 02:39:18.305 10 INFO neutron.db.ovn_revision_numbers_db [None req-7c0bb731-d3c6-4903-bb15-094de17c8316 - - - - - -] Successfully bumped revision number for resource 797672ea-4944-44b9-9e0a-7eda6805e069 (type: ports) to 4
2026-04-27 02:39:18.315 10 INFO neutron.wsgi [req-df0cc6fc-0564-4ee7-85cf-ef120c717a81 req-8801dc67-0d2d-43f2-a4b5-4aad14acfb02 ec827a8a7a3f46a3a04d421d8e3e7988 3ade82478ed64c7db8d18762975797e1 - - 3c9a3e2df4314531a21ba8851fd274b4 3c9a3e2df4314531a21ba8851fd274b4] 199.204.45.210 "GET /v2.0/networks?id=696336dc-fff9-4fab-a095-e760567f77db HTTP/1.1" status: 200 len: 982 time: 0.1620088
2026-04-27 02:39:18.348 10 INFO neutron.wsgi [req-272efdf4-a92f-4c74-a383-a3e20a572e62 req-e6b555a1-40d0-4642-a374-f1dd343f38f5 a5f068ce68e34913a324afb438976dc0 b9e3d56f15e6430f8ee86f0c6e4b860a - - default default] 10.0.0.64 "GET /v2.0/security-groups?id=3da7f88f-638f-4c4c-9e42-12f2348b4445&fields=id&fields=name HTTP/1.1" status: 200 len: 286 time: 0.1176355
2026-04-27 02:39:18.515 9 INFO neutron.plugins.ml2.drivers.ovn.mech_driver.mech_driver [None req-e66e1c73-3690-4534-9534-2c7e1f794d09 - - - - - -] OVN reports status up for port: 77c4158d-ee8e-4721-ba26-d078b2b85934
2026-04-27 02:39:18.554 9 INFO neutron.plugins.ml2.plugin [None req-e66e1c73-3690-4534-9534-2c7e1f794d09 - - - - - -] Attempt 1 to provision port 77c4158d-ee8e-4721-ba26-d078b2b85934
2026-04-27 02:39:18.698 10 INFO neutron.wsgi [req-df0cc6fc-0564-4ee7-85cf-ef120c717a81 req-e28368c1-ba5a-4d2a-864f-a50869c1f0d7 ec827a8a7a3f46a3a04d421d8e3e7988 3ade82478ed64c7db8d18762975797e1 - - 3c9a3e2df4314531a21ba8851fd274b4 3c9a3e2df4314531a21ba8851fd274b4] 199.204.45.210 "GET /v2.0/floatingips?fixed_ip_address=10.100.0.11&port_id=74ce563e-d642-4ca5-bc08-79773445acb8 HTTP/1.1" status: 200 len: 217 time: 0.3764179
2026-04-27 02:39:18.865 10 INFO neutron.wsgi [req-df0cc6fc-0564-4ee7-85cf-ef120c717a81 req-017e45b5-e925-400a-9a05-41a267720ec9 ec827a8a7a3f46a3a04d421d8e3e7988 3ade82478ed64c7db8d18762975797e1 - - 3c9a3e2df4314531a21ba8851fd274b4 3c9a3e2df4314531a21ba8851fd274b4] 199.204.45.210 "GET /v2.0/floatingips?fixed_ip_address=10.100.0.8&port_id=74ce563e-d642-4ca5-bc08-79773445acb8 HTTP/1.1" status: 200 len: 1059 time: 0.1487126
2026-04-27 02:39:18.873 9 INFO neutron.notifiers.nova [-] Nova event matching ['req-ab439221-4c3f-40d3-aae6-0c413839f052'] response: {'name': 'network-changed', 'server_uuid': 'ea12253a-805d-4f32-bb8a-542bbc5312c2', 'tag': '77c4158d-ee8e-4721-ba26-d078b2b85934', 'status': 'completed', 'code': 200}
2026-04-27 02:39:18.873 9 INFO neutron.notifiers.nova [-] Nova event matching ['req-ab439221-4c3f-40d3-aae6-0c413839f052'] response: {'server_uuid': 'ea12253a-805d-4f32-bb8a-542bbc5312c2', 'name': 'network-vif-plugged', 'status': 'completed', 'tag': '77c4158d-ee8e-4721-ba26-d078b2b85934', 'code': 200} /var/lib/openstack/lib/python3.10/site-packages/pycadf/identifier.py:71: UserWarning: Invalid uuid: neutron. To ensure interoperability, identifiers should be a valid uuid. warnings.warn(('Invalid uuid: %s. To ensure interoperability, '
2026-04-27 02:39:18.944 9 INFO neutron.db.ovn_revision_numbers_db [None req-e66e1c73-3690-4534-9534-2c7e1f794d09 - - - - - -] Successfully bumped revision number for resource 77c4158d-ee8e-4721-ba26-d078b2b85934 (type: ports) to 4
2026-04-27 02:39:18.959 9 INFO neutron.wsgi [req-35336f37-76d9-4c2e-8c6a-676f1863b77e req-ac1aa02c-75ea-45b6-8162-e6b39a9dc0ce ec827a8a7a3f46a3a04d421d8e3e7988 3ade82478ed64c7db8d18762975797e1 - - 3c9a3e2df4314531a21ba8851fd274b4 3c9a3e2df4314531a21ba8851fd274b4] 199.204.45.210 "GET /v2.0/ports?tenant_id=8e79b6f3b612443e8e46bb2f05bfa053&device_id=ea12253a-805d-4f32-bb8a-542bbc5312c2 HTTP/1.1" status: 200 len: 1413 time: 0.0530040
2026-04-27 02:39:19.022 10 INFO neutron.wsgi [req-df0cc6fc-0564-4ee7-85cf-ef120c717a81 req-64372f3e-9288-4f3a-9d25-2692373a1372 ec827a8a7a3f46a3a04d421d8e3e7988 3ade82478ed64c7db8d18762975797e1 - - 3c9a3e2df4314531a21ba8851fd274b4 3c9a3e2df4314531a21ba8851fd274b4] 199.204.45.210 "GET /v2.0/subnets?id=d4db0367-0c20-4e34-9b54-db50d1507da1 HTTP/1.1" status: 200 len: 877 time: 0.1418891
2026-04-27 02:39:19.061 9 INFO neutron.wsgi [req-35336f37-76d9-4c2e-8c6a-676f1863b77e req-0d293e1d-c277-4a2d-ac88-c5789532c348 ec827a8a7a3f46a3a04d421d8e3e7988 3ade82478ed64c7db8d18762975797e1 - - 3c9a3e2df4314531a21ba8851fd274b4 3c9a3e2df4314531a21ba8851fd274b4] 199.204.45.210 "GET /v2.0/networks?id=f4a43eef-4606-4b5c-8e19-17dd16224f75 HTTP/1.1" status: 200 len: 973 time: 0.0884032 /var/lib/openstack/lib/python3.10/site-packages/pycadf/identifier.py:71: UserWarning: Invalid uuid: neutron. To ensure interoperability, identifiers should be a valid uuid. warnings.warn(('Invalid uuid: %s. To ensure interoperability, '
2026-04-27 02:39:19.088 10 INFO neutron.wsgi [req-d677ed7d-b6de-487c-9536-e493b9ccbb5b req-3d3ae44a-5307-4647-a480-c309b5536710 4d52ee49ff0a49b2acf7d66c655663af 8e79b6f3b612443e8e46bb2f05bfa053 - - default default] 10.0.0.64 "GET /v2.0/ports?device_id=ea12253a-805d-4f32-bb8a-542bbc5312c2 HTTP/1.1" status: 200 len: 1174 time: 0.4067936
2026-04-27 02:39:19.100 9 INFO neutron.wsgi [req-35336f37-76d9-4c2e-8c6a-676f1863b77e req-ec4f7a3e-5b7d-4597-8719-dbb68dc8dfbe ec827a8a7a3f46a3a04d421d8e3e7988 3ade82478ed64c7db8d18762975797e1 - - 3c9a3e2df4314531a21ba8851fd274b4 3c9a3e2df4314531a21ba8851fd274b4] 199.204.45.210 "GET /v2.0/floatingips?fixed_ip_address=10.100.0.12&port_id=77c4158d-ee8e-4721-ba26-d078b2b85934 HTTP/1.1" status: 200 len: 217 time: 0.0304985
2026-04-27 02:39:19.103 10 INFO neutron.wsgi [req-df0cc6fc-0564-4ee7-85cf-ef120c717a81 req-023ea7d0-8f02-430a-bc5c-d72407c9dfab ec827a8a7a3f46a3a04d421d8e3e7988 3ade82478ed64c7db8d18762975797e1 - - 3c9a3e2df4314531a21ba8851fd274b4 3c9a3e2df4314531a21ba8851fd274b4] 199.204.45.210 "GET /v2.0/ports?network_id=696336dc-fff9-4fab-a095-e760567f77db&device_owner=network%3Adhcp HTTP/1.1" status: 200 len: 210 time: 0.0599608
2026-04-27 02:39:19.159 9 INFO neutron.wsgi [req-35336f37-76d9-4c2e-8c6a-676f1863b77e req-3e7385c9-fdfa-404e-8801-851e07ae0309 ec827a8a7a3f46a3a04d421d8e3e7988 3ade82478ed64c7db8d18762975797e1 - - 3c9a3e2df4314531a21ba8851fd274b4 3c9a3e2df4314531a21ba8851fd274b4] 199.204.45.210 "GET /v2.0/subnets?id=d4c58358-0ca3-435c-b52d-34a5e086bad3 HTTP/1.1" status: 200 len: 868 time: 0.0469990
2026-04-27 02:39:19.181 10 INFO neutron.wsgi [None req-425826dd-cfc7-4f8f-9037-7167b395d0a4 1f6c72ecd8664957a2347edd69858b2e e6ed90169e6849e8835ffc7bb1967d96 - - default default] 10.0.0.219 "DELETE /v2.0/routers/4e5c8538-49a9-43c1-85db-aa9207b471c8 HTTP/1.1" status: 204 len: 168 time: 2.1501863
2026-04-27 02:39:19.197 9 INFO neutron.wsgi [req-35336f37-76d9-4c2e-8c6a-676f1863b77e req-49e86491-73fc-410f-86fa-32543cd69bb0 ec827a8a7a3f46a3a04d421d8e3e7988 3ade82478ed64c7db8d18762975797e1 - - 3c9a3e2df4314531a21ba8851fd274b4 3c9a3e2df4314531a21ba8851fd274b4] 199.204.45.210 "GET /v2.0/ports?network_id=f4a43eef-4606-4b5c-8e19-17dd16224f75&device_owner=network%3Adhcp HTTP/1.1" status: 200 len: 210 time: 0.0291326
2026-04-27 02:39:19.202 10 INFO neutron.wsgi [req-d677ed7d-b6de-487c-9536-e493b9ccbb5b req-5c8bb641-0f6a-486b-b717-d6c82ec91cb5 4d52ee49ff0a49b2acf7d66c655663af 8e79b6f3b612443e8e46bb2f05bfa053 - - default default] 10.0.0.64 "GET /v2.0/security-groups?id=77a85f0b-c237-4358-bbd4-907e40300d12&fields=id&fields=name HTTP/1.1" status: 200 len: 313 time: 0.1023211
2026-04-27 02:39:19.212 10 INFO neutron.wsgi [req-df0cc6fc-0564-4ee7-85cf-ef120c717a81 req-c319ac2e-fa81-44d5-a9c2-38e29451ecb8 ec827a8a7a3f46a3a04d421d8e3e7988 3ade82478ed64c7db8d18762975797e1 - - 3c9a3e2df4314531a21ba8851fd274b4 3c9a3e2df4314531a21ba8851fd274b4] 199.204.45.210 "GET /v2.0/networks/696336dc-fff9-4fab-a095-e760567f77db?fields=segments HTTP/1.1" status: 200 len: 212 time: 0.0863976
2026-04-27 02:39:19.290 9 INFO neutron.wsgi [req-35336f37-76d9-4c2e-8c6a-676f1863b77e req-4eb4170f-9aaa-4b39-b991-c70edca0d2a0 ec827a8a7a3f46a3a04d421d8e3e7988 3ade82478ed64c7db8d18762975797e1 - - 3c9a3e2df4314531a21ba8851fd274b4 3c9a3e2df4314531a21ba8851fd274b4] 199.204.45.210 "GET /v2.0/networks/f4a43eef-4606-4b5c-8e19-17dd16224f75?fields=segments HTTP/1.1" status: 200 len: 212 time: 0.0837827
2026-04-27 02:39:19.326 10 INFO neutron.wsgi [req-df0cc6fc-0564-4ee7-85cf-ef120c717a81 req-96dcc173-ca36-4a7a-8cbf-94373374b5de ec827a8a7a3f46a3a04d421d8e3e7988 3ade82478ed64c7db8d18762975797e1 - - 3c9a3e2df4314531a21ba8851fd274b4 3c9a3e2df4314531a21ba8851fd274b4] 199.204.45.210 "GET /v2.0/networks/696336dc-fff9-4fab-a095-e760567f77db?fields=provider%3Aphysical_network&fields=provider%3Anetwork_type HTTP/1.1" status: 200 len: 277 time: 0.1074920
2026-04-27 02:39:19.375 9 INFO neutron.wsgi [req-35336f37-76d9-4c2e-8c6a-676f1863b77e req-4c1e42a9-e141-4040-a234-863e16ee91d2 ec827a8a7a3f46a3a04d421d8e3e7988 3ade82478ed64c7db8d18762975797e1 - - 3c9a3e2df4314531a21ba8851fd274b4 3c9a3e2df4314531a21ba8851fd274b4] 199.204.45.210 "GET /v2.0/networks/f4a43eef-4606-4b5c-8e19-17dd16224f75?fields=provider%3Aphysical_network&fields=provider%3Anetwork_type HTTP/1.1" status: 200 len: 277 time: 0.0780320
2026-04-27 02:39:19.536 10 INFO neutron.wsgi [req-b577a94c-4965-4728-a053-7926897b1daf req-29cccb0c-2f29-4ce3-8b45-80edc2b31f06 a5f068ce68e34913a324afb438976dc0 b9e3d56f15e6430f8ee86f0c6e4b860a - - default default] 10.0.0.64 "GET /v2.0/ports?device_id=a36f99ad-6b7f-4d20-b072-121380ff26f9 HTTP/1.1" status: 200 len: 1174 time: 0.0693235
2026-04-27 02:39:19.580 10 INFO neutron.wsgi [req-32205681-0fb9-46c0-bdd1-49b2bd7acc1c req-09fbb2d0-8450-4dfa-93a7-cc45fba1b663 440ebaa87c15468d872e98b73d2db5ed af7430fc10bd47f8a67fcc6a9e22e532 - - default default] 10.0.0.64 "GET /v2.0/ports?device_id=a76e5070-74e7-42af-b2e9-d4f598b556bb HTTP/1.1" status: 200 len: 1352 time: 0.0622411
2026-04-27 02:39:19.589 10 INFO neutron.wsgi [None req-0eb33a68-89d7-4301-8e1b-e3d2744c67b8 1f6c72ecd8664957a2347edd69858b2e e6ed90169e6849e8835ffc7bb1967d96 - - default default] 10.0.0.219 "DELETE /v2.0/subnets/70b34842-d250-483e-a742-c4069aa5318b HTTP/1.1" status: 204 len: 168 time: 0.3728204
2026-04-27 02:39:19.629 10 INFO neutron.wsgi [req-b577a94c-4965-4728-a053-7926897b1daf req-7b566638-29a0-4653-bf7b-e351d9f6a473 a5f068ce68e34913a324afb438976dc0 b9e3d56f15e6430f8ee86f0c6e4b860a - - default default] 10.0.0.64 "GET /v2.0/security-groups?id=3da7f88f-638f-4c4c-9e42-12f2348b4445&fields=id&fields=name HTTP/1.1" status: 200 len: 286 time: 0.0807796
2026-04-27 02:39:19.649 10 INFO neutron.wsgi [req-32205681-0fb9-46c0-bdd1-49b2bd7acc1c req-29fcf5d6-43cb-4d14-93f1-6a5c1800247c 440ebaa87c15468d872e98b73d2db5ed af7430fc10bd47f8a67fcc6a9e22e532 - - default default] 10.0.0.64 "GET /v2.0/security-groups?id=c50f75e0-22b5-4280-964c-2aca16d99b29&fields=id&fields=name HTTP/1.1" status: 200 len: 312 time: 0.0567210
2026-04-27 02:39:19.873 10 INFO neutron.notifiers.nova [-] Nova event matching ['req-49950db3-afff-4421-8f7e-a099788f2708'] response: {'name': 'network-changed', 'server_uuid': 'a76e5070-74e7-42af-b2e9-d4f598b556bb', 'tag': '74ce563e-d642-4ca5-bc08-79773445acb8', 'status': 'completed', 'code': 200}
2026-04-27 02:39:19.874 10 INFO neutron.notifiers.nova [-] Nova event matching ['req-49950db3-afff-4421-8f7e-a099788f2708'] response: {'server_uuid': 'a36f99ad-6b7f-4d20-b072-121380ff26f9', 'name': 'network-vif-plugged', 'status': 'completed', 'tag': '797672ea-4944-44b9-9e0a-7eda6805e069', 'code': 200}
2026-04-27 02:39:20.017 9 INFO neutron.wsgi [req-75e77538-b8be-41de-8196-5fa1bf50830a req-28fbd778-782b-4181-942c-950062aa7731 440ebaa87c15468d872e98b73d2db5ed af7430fc10bd47f8a67fcc6a9e22e532 - - default default] 199.204.45.210 "GET /v2.0/ports?device_id=a76e5070-74e7-42af-b2e9-d4f598b556bb&device_owner=compute%3Anova&fixed_ips=ip_address%3D10.100.0.11 HTTP/1.1" status: 200 len: 1352 time: 0.1999989
2026-04-27 02:39:20.050 10 INFO neutron.plugins.ml2.drivers.ovn.mech_driver.mech_driver [None req-7c0bb731-d3c6-4903-bb15-094de17c8316 - - - - - -] OVN reports status down for port: 797672ea-4944-44b9-9e0a-7eda6805e069
2026-04-27 02:39:20.086 10 INFO neutron.wsgi [req-b7fa5ec8-61b9-42b4-8a39-c2342a331d9d req-082e3b7a-cfc4-467e-af2b-d8f8d84abe2f a5f068ce68e34913a324afb438976dc0 b9e3d56f15e6430f8ee86f0c6e4b860a - - default default] 10.0.0.64 "GET /v2.0/ports?device_id=a36f99ad-6b7f-4d20-b072-121380ff26f9 HTTP/1.1" status: 200 len: 1174 time: 0.0787866
2026-04-27 02:39:20.139 10 INFO neutron.wsgi [req-b7fa5ec8-61b9-42b4-8a39-c2342a331d9d req-c485eb00-2d26-46eb-b4cc-2dd7f5c4927c a5f068ce68e34913a324afb438976dc0 b9e3d56f15e6430f8ee86f0c6e4b860a - - default default] 10.0.0.64 "GET /v2.0/security-groups?id=3da7f88f-638f-4c4c-9e42-12f2348b4445&fields=id&fields=name HTTP/1.1" status: 200 len: 286 time: 0.0468452
2026-04-27 02:39:20.320 9 INFO neutron.services.segments.plugin [-] Segment 1e859b19-10a7-4765-9d95-92f497b7bdc7 resource provider aggregate not found
2026-04-27 02:39:20.326 9 INFO neutron.services.segments.plugin [-] Segment 1e859b19-10a7-4765-9d95-92f497b7bdc7 resource provider aggregate not found
2026-04-27 02:39:20.353 9 INFO neutron.services.segments.plugin [-] Segment 1e859b19-10a7-4765-9d95-92f497b7bdc7 resource provider not found; error: Placement Client Error (4xx): {"errors": [{"status": 404, "title": "Not Found", "detail": "The resource could not be found.\n\n No resource provider with uuid 1e859b19-10a7-4765-9d95-92f497b7bdc7 found for delete ", "request_id": "req-123e5f40-be78-4b9b-95a5-cc28cc617745"}]}
2026-04-27 02:39:20.354 9 INFO neutron.services.segments.plugin [-] Segment 1e859b19-10a7-4765-9d95-92f497b7bdc7 resource provider not found; error: Placement Client Error (4xx): {"errors": [{"status": 404, "title": "Not Found", "detail": "The resource could not be found.\n\n No resource provider with uuid 1e859b19-10a7-4765-9d95-92f497b7bdc7 found for delete ", "request_id": "req-8c76291d-877b-440c-bcd8-879a4bc6eab7"}]}
2026-04-27 02:39:20.371 9 INFO neutron.wsgi [None req-2f184ba7-232d-47bc-a1a7-8fc82149f30f 1f6c72ecd8664957a2347edd69858b2e e6ed90169e6849e8835ffc7bb1967d96 - - default default] 10.0.0.219 "DELETE /v2.0/networks/285c0bec-0016-4301-b34d-5e053b7c712b HTTP/1.1" status: 204 len: 168 time: 0.7748995
2026-04-27 02:39:20.387 10 INFO neutron.wsgi [req-9c39b225-521b-4e38-b77c-9a487a6a646d req-635b2769-48d4-47d0-93ee-4470a3c30108 4d52ee49ff0a49b2acf7d66c655663af 8e79b6f3b612443e8e46bb2f05bfa053 - - default default] 10.0.0.64 "GET /v2.0/ports?device_id=ea12253a-805d-4f32-bb8a-542bbc5312c2 HTTP/1.1" status: 200 len: 1174 time: 0.0923536
2026-04-27 02:39:20.455 10 INFO neutron.wsgi [req-8ea11140-1cd4-4da3-8c0b-22c97300555a req-41ca940b-0ee4-41a3-854d-1b4e42e3df98 a5f068ce68e34913a324afb438976dc0 b9e3d56f15e6430f8ee86f0c6e4b860a - - default default] 199.204.45.210 "GET /v2.0/ports?device_id=a36f99ad-6b7f-4d20-b072-121380ff26f9 HTTP/1.1" status: 200 len: 1172 time: 0.0845332
2026-04-27 02:39:20.500 10 INFO neutron.wsgi [req-9c39b225-521b-4e38-b77c-9a487a6a646d req-e6af1218-deda-4c0a-b3c0-5d8b46994240 4d52ee49ff0a49b2acf7d66c655663af 8e79b6f3b612443e8e46bb2f05bfa053 - - default default] 10.0.0.64 "GET /v2.0/security-groups?id=77a85f0b-c237-4358-bbd4-907e40300d12&fields=id&fields=name HTTP/1.1" status: 200 len: 313 time: 0.1058271
2026-04-27 02:39:20.580 10 INFO neutron.wsgi [-] 10.0.0.113 "GET / HTTP/1.1" status: 200 len: 246 time: 0.0015011
2026-04-27 02:39:20.582 10 INFO neutron.wsgi [-] 10.0.0.113 "GET / HTTP/1.1" status: 200 len: 246 time: 0.0009956
2026-04-27 02:39:20.602 9 INFO neutron.wsgi [None req-e6525c25-fca1-453a-873c-06b12b565d2e 1f6c72ecd8664957a2347edd69858b2e e6ed90169e6849e8835ffc7bb1967d96 - - default default] 10.0.0.219 "GET /v2.0/security-groups?tenant_id=bb1032e31d2e42fbaab187ba7f398f0e&name=default HTTP/1.1" status: 200 len: 3120 time: 0.0725520
2026-04-27 02:39:20.655 10 INFO neutron.db.ovn_revision_numbers_db [None req-7c0bb731-d3c6-4903-bb15-094de17c8316 - - - - - -] Successfully bumped revision number for resource 797672ea-4944-44b9-9e0a-7eda6805e069 (type: ports) to 5
2026-04-27 02:39:20.664 10 INFO neutron.wsgi [req-d8e2fbf9-bc67-46ba-be6d-995a80f25ef8 req-7a93824a-1bb0-4a59-8d4b-63af6a7b21cf 4d52ee49ff0a49b2acf7d66c655663af 8e79b6f3b612443e8e46bb2f05bfa053 - - default default] 10.0.0.64 "GET /v2.0/ports?device_id=ea12253a-805d-4f32-bb8a-542bbc5312c2 HTTP/1.1" status: 200 len: 1174 time: 0.0553629
2026-04-27 02:39:20.932 9 INFO neutron.notifiers.nova [-] Nova event matching ['req-1ed39f6d-6d67-4094-b0a8-a581ca03e49d'] response: {'server_uuid': 'ea12253a-805d-4f32-bb8a-542bbc5312c2', 'name': 'network-vif-plugged', 'status': 'completed', 'tag': '77c4158d-ee8e-4721-ba26-d078b2b85934', 'code': 200}
2026-04-27 02:39:20.936 10 INFO neutron.wsgi [req-8ea11140-1cd4-4da3-8c0b-22c97300555a req-8ab46662-2c83-4e7d-bb03-8859cc8d880a a5f068ce68e34913a324afb438976dc0 b9e3d56f15e6430f8ee86f0c6e4b860a - - default default] 199.204.45.210 "DELETE /v2.0/ports/797672ea-4944-44b9-9e0a-7eda6805e069 HTTP/1.1" status: 204 len: 173 time: 0.4726751
2026-04-27 02:39:21.077 9 INFO neutron.db.ovn_revision_numbers_db [req-75e77538-b8be-41de-8196-5fa1bf50830a req-e4080990-8541-4ca8-a39c-4b0d9f4fce08 440ebaa87c15468d872e98b73d2db5ed af7430fc10bd47f8a67fcc6a9e22e532 - - default default] Successfully bumped revision number for resource 74ce563e-d642-4ca5-bc08-79773445acb8 (type: ports) to 6
2026-04-27 02:39:21.115 9 INFO neutron.wsgi [req-75e77538-b8be-41de-8196-5fa1bf50830a req-e4080990-8541-4ca8-a39c-4b0d9f4fce08 440ebaa87c15468d872e98b73d2db5ed af7430fc10bd47f8a67fcc6a9e22e532 - - default default] 199.204.45.210 "PUT /v2.0/ports/74ce563e-d642-4ca5-bc08-79773445acb8 HTTP/1.1" status: 200 len: 1167 time: 1.0886300 /var/lib/openstack/lib/python3.10/site-packages/pycadf/identifier.py:71: UserWarning: Invalid uuid: neutron. To ensure interoperability, identifiers should be a valid uuid. warnings.warn(('Invalid uuid: %s. To ensure interoperability, '
2026-04-27 02:39:21.229 9 INFO neutron.wsgi [None req-147415fe-a064-44da-9d2a-671b8eafb493 1f6c72ecd8664957a2347edd69858b2e e6ed90169e6849e8835ffc7bb1967d96 - - default default] 10.0.0.219 "DELETE /v2.0/security-groups/9543c82e-7036-4b59-95ad-98597ac816f3 HTTP/1.1" status: 204 len: 168 time: 0.6166871
2026-04-27 02:39:21.236 9 INFO neutron.wsgi [req-75e77538-b8be-41de-8196-5fa1bf50830a req-4f64e23a-bd7e-4540-81a8-26dc62a8fa24 ec827a8a7a3f46a3a04d421d8e3e7988 3ade82478ed64c7db8d18762975797e1 - - 3c9a3e2df4314531a21ba8851fd274b4 3c9a3e2df4314531a21ba8851fd274b4] 199.204.45.210 "GET /v2.0/ports?tenant_id=af7430fc10bd47f8a67fcc6a9e22e532&device_id=a76e5070-74e7-42af-b2e9-d4f598b556bb HTTP/1.1" status: 200 len: 1409 time: 0.0827098 /var/lib/openstack/lib/python3.10/site-packages/pycadf/identifier.py:71: UserWarning: Invalid uuid: neutron. To ensure interoperability, identifiers should be a valid uuid. warnings.warn(('Invalid uuid: %s. To ensure interoperability, '
2026-04-27 02:39:21.289 10 INFO neutron.wsgi [req-876a6277-267b-495a-bd43-47a7e560b7d0 req-5da1c658-564c-498e-a235-18c5b6621eeb a5f068ce68e34913a324afb438976dc0 b9e3d56f15e6430f8ee86f0c6e4b860a - - default default] 10.0.0.64 "GET /v2.0/ports?device_id=a36f99ad-6b7f-4d20-b072-121380ff26f9 HTTP/1.1" status: 200 len: 210 time: 0.0289588
2026-04-27 02:39:21.597 9 INFO neutron.wsgi [req-75e77538-b8be-41de-8196-5fa1bf50830a req-83ff920c-a02d-4ec2-88af-9558c3ab7943 ec827a8a7a3f46a3a04d421d8e3e7988 3ade82478ed64c7db8d18762975797e1 - - 3c9a3e2df4314531a21ba8851fd274b4 3c9a3e2df4314531a21ba8851fd274b4] 199.204.45.210 "GET /v2.0/networks?id=696336dc-fff9-4fab-a095-e760567f77db HTTP/1.1" status: 200 len: 982 time: 0.3535304
2026-04-27 02:39:21.659 9 INFO neutron.wsgi [req-75e77538-b8be-41de-8196-5fa1bf50830a req-c1c9964f-4ebe-45eb-85ab-251dd429d31e ec827a8a7a3f46a3a04d421d8e3e7988 3ade82478ed64c7db8d18762975797e1 - - 3c9a3e2df4314531a21ba8851fd274b4 3c9a3e2df4314531a21ba8851fd274b4] 199.204.45.210 "GET /v2.0/floatingips?fixed_ip_address=10.100.0.8&port_id=74ce563e-d642-4ca5-bc08-79773445acb8 HTTP/1.1" status: 200 len: 1059 time: 0.0555902
2026-04-27 02:39:21.718 9 INFO neutron.wsgi [req-75e77538-b8be-41de-8196-5fa1bf50830a req-fd462e96-c183-453d-aa72-c303be1ab5c8 ec827a8a7a3f46a3a04d421d8e3e7988 3ade82478ed64c7db8d18762975797e1 - - 3c9a3e2df4314531a21ba8851fd274b4 3c9a3e2df4314531a21ba8851fd274b4] 199.204.45.210 "GET /v2.0/subnets?id=d4db0367-0c20-4e34-9b54-db50d1507da1 HTTP/1.1" status: 200 len: 877 time: 0.0456922
2026-04-27 02:39:21.751 9 INFO neutron.wsgi [req-75e77538-b8be-41de-8196-5fa1bf50830a req-1745d349-ede6-4fbc-a179-ef041b2917bd ec827a8a7a3f46a3a04d421d8e3e7988 3ade82478ed64c7db8d18762975797e1 - - 3c9a3e2df4314531a21ba8851fd274b4 3c9a3e2df4314531a21ba8851fd274b4] 199.204.45.210 "GET /v2.0/ports?network_id=696336dc-fff9-4fab-a095-e760567f77db&device_owner=network%3Adhcp HTTP/1.1" status: 200 len: 210 time: 0.0266514
2026-04-27 02:39:21.888 9 INFO neutron.wsgi [req-75e77538-b8be-41de-8196-5fa1bf50830a req-cdc6f342-e358-4c5b-b95c-e648ddfe5f3d ec827a8a7a3f46a3a04d421d8e3e7988 3ade82478ed64c7db8d18762975797e1 - - 3c9a3e2df4314531a21ba8851fd274b4 3c9a3e2df4314531a21ba8851fd274b4] 199.204.45.210 "GET /v2.0/networks/696336dc-fff9-4fab-a095-e760567f77db?fields=segments HTTP/1.1" status: 200 len: 212 time: 0.1307123 /var/lib/openstack/lib/python3.10/site-packages/pycadf/identifier.py:71: UserWarning: Invalid uuid: neutron. To ensure interoperability, identifiers should be a valid uuid. warnings.warn(('Invalid uuid: %s. To ensure interoperability, '
2026-04-27 02:39:21.912 9 INFO neutron.db.ovn_revision_numbers_db [None req-ffc4c97e-ca64-46ed-be81-e1d1833ed22b 4d52ee49ff0a49b2acf7d66c655663af 8e79b6f3b612443e8e46bb2f05bfa053 - - default default] Successfully bumped revision number for resource dcfb6f39-3720-4a17-9f4c-8c8606e2f4b5 (type: floatingips) to 1
2026-04-27 02:39:21.916 10 INFO neutron.notifiers.nova [-] Nova event matching ['req-3fb06c83-34f1-47ce-8797-894f6a1f2c26'] response: {'server_uuid': 'a36f99ad-6b7f-4d20-b072-121380ff26f9', 'name': 'network-vif-unplugged', 'status': 'completed', 'tag': '797672ea-4944-44b9-9e0a-7eda6805e069', 'code': 200}
2026-04-27 02:39:21.916 10 INFO neutron.notifiers.nova [-] Nova event matching ['req-3fb06c83-34f1-47ce-8797-894f6a1f2c26'] response: {'server_uuid': 'a36f99ad-6b7f-4d20-b072-121380ff26f9', 'name': 'network-vif-unplugged', 'status': 'completed', 'tag': '797672ea-4944-44b9-9e0a-7eda6805e069', 'code': 200}
2026-04-27 02:39:21.916 10 INFO neutron.notifiers.nova [-] Nova event matching ['req-3fb06c83-34f1-47ce-8797-894f6a1f2c26'] response: {'server_uuid': 'a36f99ad-6b7f-4d20-b072-121380ff26f9', 'name': 'network-vif-deleted', 'tag': '797672ea-4944-44b9-9e0a-7eda6805e069', 'status': 'completed', 'code': 200}
2026-04-27 02:39:22.002 9 INFO neutron.wsgi [req-75e77538-b8be-41de-8196-5fa1bf50830a req-7fa95aea-0435-44c9-8601-9f5e7a9a85a7 ec827a8a7a3f46a3a04d421d8e3e7988 3ade82478ed64c7db8d18762975797e1 - - 3c9a3e2df4314531a21ba8851fd274b4 3c9a3e2df4314531a21ba8851fd274b4] 199.204.45.210 "GET /v2.0/networks/696336dc-fff9-4fab-a095-e760567f77db?fields=provider%3Aphysical_network&fields=provider%3Anetwork_type HTTP/1.1" status: 200 len: 277 time: 0.1054351
2026-04-27 02:39:22.097 9 INFO neutron.wsgi [req-33ae8c8f-9ee7-421f-9422-7cd0abf36924 req-d6fab677-1730-4a49-9fb9-e47ca2a3beeb ec827a8a7a3f46a3a04d421d8e3e7988 3ade82478ed64c7db8d18762975797e1 - - 3c9a3e2df4314531a21ba8851fd274b4 3c9a3e2df4314531a21ba8851fd274b4] 199.204.45.210 "GET /v2.0/ports?tenant_id=af7430fc10bd47f8a67fcc6a9e22e532&device_id=a76e5070-74e7-42af-b2e9-d4f598b556bb HTTP/1.1" status: 200 len: 1409 time: 0.0423388
2026-04-27 02:39:22.098 9 INFO neutron.db.ovn_revision_numbers_db [None req-ffc4c97e-ca64-46ed-be81-e1d1833ed22b 4d52ee49ff0a49b2acf7d66c655663af 8e79b6f3b612443e8e46bb2f05bfa053 - - default default] Successfully bumped revision number for resource dcfb6f39-3720-4a17-9f4c-8c8606e2f4b5 (type: floatingips) to 2
2026-04-27 02:39:22.098 9 INFO neutron.db.l3_db [None req-ffc4c97e-ca64-46ed-be81-e1d1833ed22b 4d52ee49ff0a49b2acf7d66c655663af 8e79b6f3b612443e8e46bb2f05bfa053 - - default default] Floating IP dcfb6f39-3720-4a17-9f4c-8c8606e2f4b5 associated. External IP: 10.96.250.218, port: 77c4158d-ee8e-4721-ba26-d078b2b85934.
2026-04-27 02:39:22.148 9 INFO neutron.wsgi [None req-ffc4c97e-ca64-46ed-be81-e1d1833ed22b 4d52ee49ff0a49b2acf7d66c655663af 8e79b6f3b612443e8e46bb2f05bfa053 - - default default] 10.0.0.219 "PUT /v2.0/floatingips/dcfb6f39-3720-4a17-9f4c-8c8606e2f4b5 HTTP/1.1" status: 200 len: 1050 time: 1.4704874
2026-04-27 02:39:22.176 9 INFO neutron.wsgi [req-33ae8c8f-9ee7-421f-9422-7cd0abf36924 req-04bb9573-2f11-4292-9cfc-701c84ee316a ec827a8a7a3f46a3a04d421d8e3e7988 3ade82478ed64c7db8d18762975797e1 - - 3c9a3e2df4314531a21ba8851fd274b4 3c9a3e2df4314531a21ba8851fd274b4] 199.204.45.210 "GET /v2.0/networks?id=696336dc-fff9-4fab-a095-e760567f77db HTTP/1.1" status: 200 len: 982 time: 0.0719266
2026-04-27 02:39:22.247 9 INFO neutron.wsgi [req-33ae8c8f-9ee7-421f-9422-7cd0abf36924 req-ea2ddcb4-1028-4313-8d13-4522aa4b06e9 ec827a8a7a3f46a3a04d421d8e3e7988 3ade82478ed64c7db8d18762975797e1 - - 3c9a3e2df4314531a21ba8851fd274b4 3c9a3e2df4314531a21ba8851fd274b4] 199.204.45.210 "GET /v2.0/floatingips?fixed_ip_address=10.100.0.8&port_id=74ce563e-d642-4ca5-bc08-79773445acb8 HTTP/1.1" status: 200 len: 1059 time: 0.0590727
2026-04-27 02:39:22.292 9 INFO neutron.wsgi [req-33ae8c8f-9ee7-421f-9422-7cd0abf36924 req-89685817-2a75-467e-bc9f-38fa14b6e09a ec827a8a7a3f46a3a04d421d8e3e7988 3ade82478ed64c7db8d18762975797e1 - - 3c9a3e2df4314531a21ba8851fd274b4 3c9a3e2df4314531a21ba8851fd274b4] 199.204.45.210 "GET /v2.0/subnets?id=d4db0367-0c20-4e34-9b54-db50d1507da1 HTTP/1.1" status: 200 len: 877 time: 0.0401073
2026-04-27 02:39:22.324 9 INFO neutron.wsgi [req-33ae8c8f-9ee7-421f-9422-7cd0abf36924 req-5869322d-96c7-4b45-8c10-1106a81c4669 ec827a8a7a3f46a3a04d421d8e3e7988 3ade82478ed64c7db8d18762975797e1 - - 3c9a3e2df4314531a21ba8851fd274b4 3c9a3e2df4314531a21ba8851fd274b4] 199.204.45.210 "GET /v2.0/ports?network_id=696336dc-fff9-4fab-a095-e760567f77db&device_owner=network%3Adhcp HTTP/1.1" status: 200 len: 210 time: 0.0273509
2026-04-27 02:39:22.400 9 INFO neutron.wsgi [req-33ae8c8f-9ee7-421f-9422-7cd0abf36924 req-bb8c499b-a4ca-4658-af55-9ccf44565865 ec827a8a7a3f46a3a04d421d8e3e7988 3ade82478ed64c7db8d18762975797e1 - - 3c9a3e2df4314531a21ba8851fd274b4 3c9a3e2df4314531a21ba8851fd274b4] 199.204.45.210 "GET /v2.0/networks/696336dc-fff9-4fab-a095-e760567f77db?fields=segments HTTP/1.1" status: 200 len: 212 time: 0.0700285
2026-04-27 02:39:22.487 9 INFO neutron.wsgi [req-33ae8c8f-9ee7-421f-9422-7cd0abf36924 req-f7872bf1-1417-49ba-94a2-e02548a9b126 ec827a8a7a3f46a3a04d421d8e3e7988 3ade82478ed64c7db8d18762975797e1 - - 3c9a3e2df4314531a21ba8851fd274b4 3c9a3e2df4314531a21ba8851fd274b4] 199.204.45.210 "GET /v2.0/networks/696336dc-fff9-4fab-a095-e760567f77db?fields=provider%3Aphysical_network&fields=provider%3Anetwork_type HTTP/1.1" status: 200 len: 277 time: 0.0794106
2026-04-27 02:39:22.984 9 INFO neutron.notifiers.nova [-] Nova event matching ['req-cfe4c147-5817-451f-aa33-662bea2ef67c'] response: {'name': 'network-changed', 'server_uuid': 'a76e5070-74e7-42af-b2e9-d4f598b556bb', 'tag': '74ce563e-d642-4ca5-bc08-79773445acb8', 'status': 'completed', 'code': 200}
2026-04-27 02:39:22.984 9 INFO neutron.notifiers.nova [-] Nova event matching ['req-cfe4c147-5817-451f-aa33-662bea2ef67c'] response: {'name': 'network-changed', 'server_uuid': 'ea12253a-805d-4f32-bb8a-542bbc5312c2', 'tag': '77c4158d-ee8e-4721-ba26-d078b2b85934', 'status': 'completed', 'code': 200}
2026-04-27 02:39:23.070 9 INFO neutron.wsgi [req-f1692525-bf78-439e-9158-ae7d3bd0a96d req-55f1c556-ce51-46b8-ad05-1b99602beb45 ec827a8a7a3f46a3a04d421d8e3e7988 3ade82478ed64c7db8d18762975797e1 - - 3c9a3e2df4314531a21ba8851fd274b4 3c9a3e2df4314531a21ba8851fd274b4] 199.204.45.210 "GET /v2.0/ports?tenant_id=af7430fc10bd47f8a67fcc6a9e22e532&device_id=a76e5070-74e7-42af-b2e9-d4f598b556bb HTTP/1.1" status: 200 len: 1409 time: 0.0584774
2026-04-27 02:39:23.137 9 INFO neutron.wsgi [req-f1692525-bf78-439e-9158-ae7d3bd0a96d req-84d456b5-728b-4701-97bd-0161035d578c ec827a8a7a3f46a3a04d421d8e3e7988 3ade82478ed64c7db8d18762975797e1 - - 3c9a3e2df4314531a21ba8851fd274b4 3c9a3e2df4314531a21ba8851fd274b4] 199.204.45.210 "GET /v2.0/networks?id=696336dc-fff9-4fab-a095-e760567f77db HTTP/1.1" status: 200 len: 982 time: 0.0570669
2026-04-27 02:39:23.180 10 INFO neutron.plugins.ml2.drivers.ovn.mech_driver.mech_driver [None req-7c0bb731-d3c6-4903-bb15-094de17c8316 - - - - - -] OVN reports status down for port: 74ce563e-d642-4ca5-bc08-79773445acb8
2026-04-27 02:39:23.212 9 INFO neutron.wsgi [req-f1692525-bf78-439e-9158-ae7d3bd0a96d req-58c494b6-e270-4c53-b3df-e0cc6950ece4 ec827a8a7a3f46a3a04d421d8e3e7988 3ade82478ed64c7db8d18762975797e1 - - 3c9a3e2df4314531a21ba8851fd274b4 3c9a3e2df4314531a21ba8851fd274b4] 199.204.45.210 "GET /v2.0/floatingips?fixed_ip_address=10.100.0.8&port_id=74ce563e-d642-4ca5-bc08-79773445acb8 HTTP/1.1" status: 200 len: 1059 time: 0.0630119
