2026-04-27 02:39:53.954 10 WARNING neutron.api.rpc.agentnotifiers.dhcp_rpc_agent_api [None req-93571f76-71e0-499e-a5d6-a41e5bf92a0e 08aa43f0b97d4670b8b0f5649bf75f31 5364d1305e014b69b125e839119666e5 - - default default] Unable to schedule network 1407edb9-d060-48cc-9aa9-06f449a6e221: no agents available; will retry on subsequent port and subnet creation events.
2026-04-27 02:39:54.055 10 INFO neutron.db.ovn_revision_numbers_db [None req-93571f76-71e0-499e-a5d6-a41e5bf92a0e 08aa43f0b97d4670b8b0f5649bf75f31 5364d1305e014b69b125e839119666e5 - - default default] Successfully bumped revision number for resource e2951724-4415-449c-8274-0af67be7ae99 (type: ports) to 1
2026-04-27 02:39:54.082 10 INFO neutron.wsgi [None req-93571f76-71e0-499e-a5d6-a41e5bf92a0e 08aa43f0b97d4670b8b0f5649bf75f31 5364d1305e014b69b125e839119666e5 - - default default] 10.0.0.219 "POST /v2.0/networks HTTP/1.1" status: 201 len: 847 time: 1.1197438
2026-04-27 02:39:54.094 10 WARNING neutron_lib.context [None req-bce92aa3-cd95-4ab9-a5b3-98d53f20e76b 08aa43f0b97d4670b8b0f5649bf75f31 5364d1305e014b69b125e839119666e5 - - default default] Method 'is_advsvc' is deprecated since 2023.2 release (neutron-lib 3.8.0) and will be removed once support for the old RBAC API policies will be removed from Neutron. Please use method 'is_service_role' instead.
2026-04-27 02:39:54.405 10 WARNING neutron.scheduler.dhcp_agent_scheduler [None req-bce92aa3-cd95-4ab9-a5b3-98d53f20e76b 08aa43f0b97d4670b8b0f5649bf75f31 5364d1305e014b69b125e839119666e5 - - default default] No more DHCP agents
2026-04-27 02:39:54.409 10 WARNING neutron.api.rpc.agentnotifiers.dhcp_rpc_agent_api [None req-bce92aa3-cd95-4ab9-a5b3-98d53f20e76b 08aa43f0b97d4670b8b0f5649bf75f31 5364d1305e014b69b125e839119666e5 - - default default] Unable to schedule network 1407edb9-d060-48cc-9aa9-06f449a6e221: no agents available; will retry on subsequent port and subnet creation events.
2026-04-27 02:39:54.447 10 INFO neutron.db.ovn_revision_numbers_db [None req-bce92aa3-cd95-4ab9-a5b3-98d53f20e76b 08aa43f0b97d4670b8b0f5649bf75f31 5364d1305e014b69b125e839119666e5 - - default default] Successfully bumped revision number for resource 6019d448-5ff7-45dd-b763-e7cdd18bf40d (type: subnets) to 0
2026-04-27 02:39:54.465 10 INFO neutron.wsgi [None req-bce92aa3-cd95-4ab9-a5b3-98d53f20e76b 08aa43f0b97d4670b8b0f5649bf75f31 5364d1305e014b69b125e839119666e5 - - default default] 10.0.0.219 "POST /v2.0/subnets HTTP/1.1" status: 201 len: 802 time: 0.3776054
2026-04-27 02:39:54.477 10 WARNING neutron_lib.context [None req-44dcb2f7-b432-4082-a4ae-62bc27568921 08aa43f0b97d4670b8b0f5649bf75f31 5364d1305e014b69b125e839119666e5 - - default default] Method 'is_advsvc' is deprecated since 2023.2 release (neutron-lib 3.8.0) and will be removed once support for the old RBAC API policies will be removed from Neutron. Please use method 'is_service_role' instead.
2026-04-27 02:39:55.266 10 WARNING neutron.scheduler.dhcp_agent_scheduler [None req-44dcb2f7-b432-4082-a4ae-62bc27568921 08aa43f0b97d4670b8b0f5649bf75f31 5364d1305e014b69b125e839119666e5 - - default default] No more DHCP agents
2026-04-27 02:39:55.269 10 WARNING neutron.api.rpc.agentnotifiers.dhcp_rpc_agent_api [None req-44dcb2f7-b432-4082-a4ae-62bc27568921 08aa43f0b97d4670b8b0f5649bf75f31 5364d1305e014b69b125e839119666e5 - - default default] Unable to schedule network 1afed879-a56d-40fb-a1c7-497ae1e04522: no agents available; will retry on subsequent port and subnet creation events.
2026-04-27 02:39:55.445 10 INFO neutron.db.ovn_revision_numbers_db [None req-44dcb2f7-b432-4082-a4ae-62bc27568921 08aa43f0b97d4670b8b0f5649bf75f31 5364d1305e014b69b125e839119666e5 - - default default] Successfully bumped revision number for resource d3f1cc8d-124a-4300-8a4f-e720a301603c (type: ports) to 1
2026-04-27 02:39:55.853 9 WARNING neutron_lib.context [None req-5edbdf4e-c8d9-4596-bd82-68356ea13a9f 42ee43e6e6914f338410c20cd6a206e7 7c606770bfa24b3c8048304c17993525 - - default default] Method 'is_advsvc' is deprecated since 2023.2 release (neutron-lib 3.8.0) and will be removed once support for the old RBAC API policies will be removed from Neutron. Please use method 'is_service_role' instead.
2026-04-27 02:39:56.024 9 INFO neutron.db.ovn_revision_numbers_db [None req-5edbdf4e-c8d9-4596-bd82-68356ea13a9f 42ee43e6e6914f338410c20cd6a206e7 7c606770bfa24b3c8048304c17993525 - - default default] Successfully bumped revision number for resource 7c31dc77-b39e-4d1f-96e6-0f47932ecbbe (type: security_groups) to 1
2026-04-27 02:39:56.041 9 INFO neutron.db.ovn_revision_numbers_db [None req-5edbdf4e-c8d9-4596-bd82-68356ea13a9f 42ee43e6e6914f338410c20cd6a206e7 7c606770bfa24b3c8048304c17993525 - - default default] Successfully bumped revision number for resource 0fcee12b-fae7-4be6-be2e-a76254d87ed1 (type: security_group_rules) to 0
2026-04-27 02:39:56.059 9 INFO neutron.db.ovn_revision_numbers_db [None req-5edbdf4e-c8d9-4596-bd82-68356ea13a9f 42ee43e6e6914f338410c20cd6a206e7 7c606770bfa24b3c8048304c17993525 - - default default] Successfully bumped revision number for resource 276cd599-c0d7-41d3-ab0e-093d0d7171d2 (type: security_group_rules) to 0
2026-04-27 02:39:56.077 9 INFO neutron.db.ovn_revision_numbers_db [None req-5edbdf4e-c8d9-4596-bd82-68356ea13a9f 42ee43e6e6914f338410c20cd6a206e7 7c606770bfa24b3c8048304c17993525 - - default default] Successfully bumped revision number for resource 562ea83a-90e1-4bbf-b2da-b3ef69bacb41 (type: security_group_rules) to 0
2026-04-27 02:39:56.091 9 INFO neutron.db.ovn_revision_numbers_db [None req-5edbdf4e-c8d9-4596-bd82-68356ea13a9f 42ee43e6e6914f338410c20cd6a206e7 7c606770bfa24b3c8048304c17993525 - - default default] Successfully bumped revision number for resource f3ab5c82-8bfe-407d-8cc6-05413b4d58c8 (type: security_group_rules) to 0
2026-04-27 02:39:56.150 9 INFO neutron.db.segments_db [None req-5edbdf4e-c8d9-4596-bd82-68356ea13a9f 42ee43e6e6914f338410c20cd6a206e7 7c606770bfa24b3c8048304c17993525 - - default default] Added segment 5e1a9f57-e207-411c-8541-974376721f39 of type geneve for network a2af7798-e51c-41b8-a3f8-d2d6feef085a
2026-04-27 02:39:56.211 10 INFO neutron.plugins.ml2.drivers.ovn.mech_driver.ovsdb.commands [None req-b6edbee0-7fa2-4325-b6a7-917c29b69ddf - - - - - -] Schedule LRP lrp-d3f1cc8d-124a-4300-8a4f-e720a301603c on gateway ae5217f7-6578-4aeb-b314-a1b8b051c6b6 with priority 1
2026-04-27 02:39:56.239 9 INFO neutron.plugins.ml2.drivers.ovn.mech_driver.mech_driver [None req-e66e1c73-3690-4534-9534-2c7e1f794d09 - - - - - -] OVN reports status up for port: d3f1cc8d-124a-4300-8a4f-e720a301603c
2026-04-27 02:39:56.251 9 INFO neutron.plugins.ml2.plugin [None req-e66e1c73-3690-4534-9534-2c7e1f794d09 - - - - - -] Attempt 1 to provision port d3f1cc8d-124a-4300-8a4f-e720a301603c
2026-04-27 02:39:56.262 10 INFO neutron.db.ovn_revision_numbers_db [None req-44dcb2f7-b432-4082-a4ae-62bc27568921 08aa43f0b97d4670b8b0f5649bf75f31 5364d1305e014b69b125e839119666e5 - - default default] Successfully bumped revision number for resource d3f1cc8d-124a-4300-8a4f-e720a301603c (type: router_ports) to 1
2026-04-27 02:39:56.375 10 INFO neutron.db.ovn_revision_numbers_db [None req-44dcb2f7-b432-4082-a4ae-62bc27568921 08aa43f0b97d4670b8b0f5649bf75f31 5364d1305e014b69b125e839119666e5 - - default default] Successfully bumped revision number for resource 8edc83f2-221c-4e43-b0e9-6f4e0675d92b (type: routers) to 2
2026-04-27 02:39:56.386 9 INFO neutron.db.ovn_revision_numbers_db [None req-5edbdf4e-c8d9-4596-bd82-68356ea13a9f 42ee43e6e6914f338410c20cd6a206e7 7c606770bfa24b3c8048304c17993525 - - default default] Successfully bumped revision number for resource a2af7798-e51c-41b8-a3f8-d2d6feef085a (type: networks) to 1
2026-04-27 02:39:56.397 10 INFO neutron.wsgi [None req-44dcb2f7-b432-4082-a4ae-62bc27568921 08aa43f0b97d4670b8b0f5649bf75f31 5364d1305e014b69b125e839119666e5 - - default default] 10.0.0.219 "POST /v2.0/routers HTTP/1.1" status: 201 len: 1153 time: 1.9262691
2026-04-27 02:39:56.654 9 WARNING neutron.scheduler.dhcp_agent_scheduler [None req-5edbdf4e-c8d9-4596-bd82-68356ea13a9f 42ee43e6e6914f338410c20cd6a206e7 7c606770bfa24b3c8048304c17993525 - - default default] No more DHCP agents
2026-04-27 02:39:56.658 9 WARNING neutron.api.rpc.agentnotifiers.dhcp_rpc_agent_api [None req-5edbdf4e-c8d9-4596-bd82-68356ea13a9f 42ee43e6e6914f338410c20cd6a206e7 7c606770bfa24b3c8048304c17993525 - - default default] Unable to schedule network a2af7798-e51c-41b8-a3f8-d2d6feef085a: no agents available; will retry on subsequent port and subnet creation events.
2026-04-27 02:39:56.767 9 INFO neutron.db.ovn_revision_numbers_db [None req-5edbdf4e-c8d9-4596-bd82-68356ea13a9f 42ee43e6e6914f338410c20cd6a206e7 7c606770bfa24b3c8048304c17993525 - - default default] Successfully bumped revision number for resource 8908cb00-ce98-4449-b3db-56ace6da5a03 (type: ports) to 1
2026-04-27 02:39:56.798 9 INFO neutron.wsgi [None req-5edbdf4e-c8d9-4596-bd82-68356ea13a9f 42ee43e6e6914f338410c20cd6a206e7 7c606770bfa24b3c8048304c17993525 - - default default] 10.0.0.219 "POST /v2.0/networks HTTP/1.1" status: 201 len: 832 time: 1.1146212
2026-04-27 02:39:56.809 9 WARNING neutron_lib.context [None req-c50ba7ff-3f86-4226-bc41-332d462d36a7 42ee43e6e6914f338410c20cd6a206e7 7c606770bfa24b3c8048304c17993525 - - default default] Method 'is_advsvc' is deprecated since 2023.2 release (neutron-lib 3.8.0) and will be removed once support for the old RBAC API policies will be removed from Neutron. Please use method 'is_service_role' instead.
2026-04-27 02:39:56.893 9 INFO neutron.db.segments_db [None req-c50ba7ff-3f86-4226-bc41-332d462d36a7 42ee43e6e6914f338410c20cd6a206e7 7c606770bfa24b3c8048304c17993525 - - default default] Added segment 30ce82bf-26a8-4d58-9233-af5c2f638809 of type geneve for network b03f9af6-6c3b-4963-8668-4cea8b1d40df
2026-04-27 02:39:57.045 9 INFO neutron.db.ovn_revision_numbers_db [None req-c50ba7ff-3f86-4226-bc41-332d462d36a7 42ee43e6e6914f338410c20cd6a206e7 7c606770bfa24b3c8048304c17993525 - - default default] Successfully bumped revision number for resource b03f9af6-6c3b-4963-8668-4cea8b1d40df (type: networks) to 1
2026-04-27 02:39:57.247 10 INFO neutron.db.ovn_revision_numbers_db [None req-5b20fe27-7e7d-4750-a541-8173cf80417f 1f6c72ecd8664957a2347edd69858b2e e6ed90169e6849e8835ffc7bb1967d96 - - default default] Successfully bumped revision number for resource eaf5cb93-e23a-4074-b21d-cdf76cc2bf9b (type: security_groups) to 1
2026-04-27 02:39:57.248 9 WARNING neutron.scheduler.dhcp_agent_scheduler [None req-c50ba7ff-3f86-4226-bc41-332d462d36a7 42ee43e6e6914f338410c20cd6a206e7 7c606770bfa24b3c8048304c17993525 - - default default] No more DHCP agents
2026-04-27 02:39:57.255 9 WARNING neutron.api.rpc.agentnotifiers.dhcp_rpc_agent_api [None req-c50ba7ff-3f86-4226-bc41-332d462d36a7 42ee43e6e6914f338410c20cd6a206e7 7c606770bfa24b3c8048304c17993525 - - default default] Unable to schedule network b03f9af6-6c3b-4963-8668-4cea8b1d40df: no agents available; will retry on subsequent port and subnet creation events.
2026-04-27 02:39:57.256 10 INFO neutron.wsgi [req-4bd7fca6-b8bf-4ba6-b6f0-bcc0414d0f6f req-b9520403-8bf6-47dc-a580-8b145288f633 4d52ee49ff0a49b2acf7d66c655663af 8e79b6f3b612443e8e46bb2f05bfa053 - - default default] 10.0.0.64 "GET /v2.0/ports?device_id=ea12253a-805d-4f32-bb8a-542bbc5312c2 HTTP/1.1" status: 200 len: 1174 time: 0.6082783
2026-04-27 02:39:57.313 10 INFO neutron.db.ovn_revision_numbers_db [None req-5b20fe27-7e7d-4750-a541-8173cf80417f 1f6c72ecd8664957a2347edd69858b2e e6ed90169e6849e8835ffc7bb1967d96 - - default default] Successfully bumped revision number for resource 2875dca6-4e8c-435e-8563-5fc64193b202 (type: security_group_rules) to 0
2026-04-27 02:39:57.348 10 INFO neutron.db.ovn_revision_numbers_db [None req-5b20fe27-7e7d-4750-a541-8173cf80417f 1f6c72ecd8664957a2347edd69858b2e e6ed90169e6849e8835ffc7bb1967d96 - - default default] Successfully bumped revision number for resource 41bfcc50-5ffb-4916-a1ec-4ab7896edc77 (type: security_group_rules) to 0
2026-04-27 02:39:57.353 9 INFO neutron.db.ovn_revision_numbers_db [None req-c50ba7ff-3f86-4226-bc41-332d462d36a7 42ee43e6e6914f338410c20cd6a206e7 7c606770bfa24b3c8048304c17993525 - - default default] Successfully bumped revision number for resource a25f2f5a-58cc-43da-af4c-667823f9ae65 (type: ports) to 1
2026-04-27 02:39:57.363 10 INFO neutron.wsgi [req-4bd7fca6-b8bf-4ba6-b6f0-bcc0414d0f6f req-7abaf718-67ad-48e4-8664-13a9bd0f04d1 4d52ee49ff0a49b2acf7d66c655663af 8e79b6f3b612443e8e46bb2f05bfa053 - - default default] 10.0.0.64 "GET /v2.0/security-groups?id=77a85f0b-c237-4358-bbd4-907e40300d12&fields=id&fields=name HTTP/1.1" status: 200 len: 313 time: 0.0921018
2026-04-27 02:39:57.373 10 INFO neutron.db.ovn_revision_numbers_db [None req-5b20fe27-7e7d-4750-a541-8173cf80417f 1f6c72ecd8664957a2347edd69858b2e e6ed90169e6849e8835ffc7bb1967d96 - - default default] Successfully bumped revision number for resource 658c1a67-f8ea-4c75-8a96-d5bc62a4bd4d (type: security_group_rules) to 0
2026-04-27 02:39:57.376 9 INFO neutron.wsgi [None req-c50ba7ff-3f86-4226-bc41-332d462d36a7 42ee43e6e6914f338410c20cd6a206e7 7c606770bfa24b3c8048304c17993525 - - default default] 10.0.0.219 "POST /v2.0/networks HTTP/1.1" status: 201 len: 833 time: 0.5724649
2026-04-27 02:39:57.389 9 WARNING neutron_lib.context [None req-29cf9951-804f-4ba3-8e3b-80aa00706b57 42ee43e6e6914f338410c20cd6a206e7 7c606770bfa24b3c8048304c17993525 - - default default] Method 'is_advsvc' is deprecated since 2023.2 release (neutron-lib 3.8.0) and will be removed once support for the old RBAC API policies will be removed from Neutron. Please use method 'is_service_role' instead.
2026-04-27 02:39:57.393 10 INFO neutron.db.ovn_revision_numbers_db [None req-5b20fe27-7e7d-4750-a541-8173cf80417f 1f6c72ecd8664957a2347edd69858b2e e6ed90169e6849e8835ffc7bb1967d96 - - default default] Successfully bumped revision number for resource 91683908-4836-4756-8810-e61f066f53ad (type: security_group_rules) to 0
2026-04-27 02:39:57.418 10 INFO neutron.wsgi [None req-5b20fe27-7e7d-4750-a541-8173cf80417f 1f6c72ecd8664957a2347edd69858b2e e6ed90169e6849e8835ffc7bb1967d96 - - default default] 10.0.0.219 "GET /v2.0/security-groups?tenant_id=20e23f0397ef410ab6079532b55954d8&name=default HTTP/1.1" status: 200 len: 3120 time: 0.9682014
2026-04-27 02:39:57.626 10 INFO neutron.wsgi [req-b02775a4-927f-4cee-9bb9-6649ece2c0ff req-90fe123f-f6a8-4dd1-a14a-45f2901c4aa6 4d52ee49ff0a49b2acf7d66c655663af 8e79b6f3b612443e8e46bb2f05bfa053 - - default default] 10.0.0.64 "GET /v2.0/ports?device_id=ea12253a-805d-4f32-bb8a-542bbc5312c2 HTTP/1.1" status: 200 len: 1174 time: 0.0773098
2026-04-27 02:39:57.689 10 WARNING neutron.scheduler.dhcp_agent_scheduler [None req-60788483-111d-462b-9984-3f66575149dc 08aa43f0b97d4670b8b0f5649bf75f31 5364d1305e014b69b125e839119666e5 - - default default] No more DHCP agents
2026-04-27 02:39:57.694 9 WARNING neutron.scheduler.dhcp_agent_scheduler [None req-29cf9951-804f-4ba3-8e3b-80aa00706b57 42ee43e6e6914f338410c20cd6a206e7 7c606770bfa24b3c8048304c17993525 - - default default] No more DHCP agents
2026-04-27 02:39:57.695 10 WARNING neutron.api.rpc.agentnotifiers.dhcp_rpc_agent_api [None req-60788483-111d-462b-9984-3f66575149dc 08aa43f0b97d4670b8b0f5649bf75f31 5364d1305e014b69b125e839119666e5 - - default default] Unable to schedule network 1407edb9-d060-48cc-9aa9-06f449a6e221: no agents available; will retry on subsequent port and subnet creation events.
2026-04-27 02:39:57.697 9 WARNING neutron.api.rpc.agentnotifiers.dhcp_rpc_agent_api [None req-29cf9951-804f-4ba3-8e3b-80aa00706b57 42ee43e6e6914f338410c20cd6a206e7 7c606770bfa24b3c8048304c17993525 - - default default] Unable to schedule network a2af7798-e51c-41b8-a3f8-d2d6feef085a: no agents available; will retry on subsequent port and subnet creation events.
2026-04-27 02:39:57.712 10 INFO neutron.wsgi [req-b02775a4-927f-4cee-9bb9-6649ece2c0ff req-306f569c-743a-4358-99a9-acd9ac920de6 4d52ee49ff0a49b2acf7d66c655663af 8e79b6f3b612443e8e46bb2f05bfa053 - - default default] 10.0.0.64 "GET /v2.0/security-groups?id=77a85f0b-c237-4358-bbd4-907e40300d12&fields=id&fields=name HTTP/1.1" status: 200 len: 313 time: 0.0720849
2026-04-27 02:39:57.739 9 INFO neutron.db.ovn_revision_numbers_db [None req-29cf9951-804f-4ba3-8e3b-80aa00706b57 42ee43e6e6914f338410c20cd6a206e7 7c606770bfa24b3c8048304c17993525 - - default default] Successfully bumped revision number for resource 08915431-a6e5-456a-9308-7745acfc6604 (type: subnets) to 0
2026-04-27 02:39:57.759 9 INFO neutron.wsgi [None req-29cf9951-804f-4ba3-8e3b-80aa00706b57 42ee43e6e6914f338410c20cd6a206e7 7c606770bfa24b3c8048304c17993525 - - default default] 10.0.0.219 "POST /v2.0/subnets HTTP/1.1" status: 201 len: 821 time: 0.3754361
2026-04-27 02:39:57.770 9 WARNING neutron_lib.context [None req-2603afa9-161d-4fbf-9792-dc94f894bf43 42ee43e6e6914f338410c20cd6a206e7 7c606770bfa24b3c8048304c17993525 - - default default] Method 'is_advsvc' is deprecated since 2023.2 release (neutron-lib 3.8.0) and will be removed once support for the old RBAC API policies will be removed from Neutron. Please use method 'is_service_role' instead.
2026-04-27 02:39:57.774 9 INFO neutron.wsgi [None req-6d287e92-ab0b-4fa1-a183-475ceef83959 1f6c72ecd8664957a2347edd69858b2e e6ed90169e6849e8835ffc7bb1967d96 - - default default] 10.0.0.219 "DELETE /v2.0/security-groups/eaf5cb93-e23a-4074-b21d-cdf76cc2bf9b HTTP/1.1" status: 204 len: 168 time: 0.3478751
2026-04-27 02:39:57.927 10 INFO neutron.db.ovn_revision_numbers_db [None req-60788483-111d-462b-9984-3f66575149dc 08aa43f0b97d4670b8b0f5649bf75f31 5364d1305e014b69b125e839119666e5 - - default default] Successfully bumped revision number for resource 7bac5319-575a-4d75-870d-e23be4bcd473 (type: ports) to 1
2026-04-27 02:39:58.023 10 INFO neutron.wsgi [req-ca4c6cb1-434f-4ff8-975c-d4b9090fccd2 req-14aec9a8-d223-439b-b84b-cf432ccbeb7d 4d52ee49ff0a49b2acf7d66c655663af 8e79b6f3b612443e8e46bb2f05bfa053 - - default default] 199.204.45.210 "GET /v2.0/ports?device_id=ea12253a-805d-4f32-bb8a-542bbc5312c2 HTTP/1.1" status: 200 len: 1174 time: 0.0812075
2026-04-27 02:39:58.213 10 INFO neutron.db.ovn_revision_numbers_db [None req-61ba8359-c994-4990-94ea-9026323d66f8 1f6c72ecd8664957a2347edd69858b2e e6ed90169e6849e8835ffc7bb1967d96 - - default default] Successfully bumped revision number for resource 6caa9063-a2bc-4944-a918-6bc9bac8f322 (type: security_groups) to 1
2026-04-27 02:39:58.255 10 INFO neutron.db.ovn_revision_numbers_db [None req-61ba8359-c994-4990-94ea-9026323d66f8 1f6c72ecd8664957a2347edd69858b2e e6ed90169e6849e8835ffc7bb1967d96 - - default default] Successfully bumped revision number for resource 54b4cb35-5595-40fd-81ca-dc233ca89e34 (type: security_group_rules) to 0
2026-04-27 02:39:58.265 9 WARNING neutron.scheduler.dhcp_agent_scheduler [None req-2603afa9-161d-4fbf-9792-dc94f894bf43 42ee43e6e6914f338410c20cd6a206e7 7c606770bfa24b3c8048304c17993525 - - default default] No more DHCP agents
2026-04-27 02:39:58.267 9 WARNING neutron.api.rpc.agentnotifiers.dhcp_rpc_agent_api [None req-2603afa9-161d-4fbf-9792-dc94f894bf43 42ee43e6e6914f338410c20cd6a206e7 7c606770bfa24b3c8048304c17993525 - - default default] Unable to schedule network b03f9af6-6c3b-4963-8668-4cea8b1d40df: no agents available; will retry on subsequent port and subnet creation events.
2026-04-27 02:39:58.296 10 INFO neutron.db.ovn_revision_numbers_db [None req-61ba8359-c994-4990-94ea-9026323d66f8 1f6c72ecd8664957a2347edd69858b2e e6ed90169e6849e8835ffc7bb1967d96 - - default default] Successfully bumped revision number for resource 5db5d9b7-7999-4e22-a1bc-215fc5514314 (type: security_group_rules) to 0
2026-04-27 02:39:58.309 9 INFO neutron.db.ovn_revision_numbers_db [None req-2603afa9-161d-4fbf-9792-dc94f894bf43 42ee43e6e6914f338410c20cd6a206e7 7c606770bfa24b3c8048304c17993525 - - default default] Successfully bumped revision number for resource d8d1df9f-5df0-4f25-8282-1694f47be76d (type: subnets) to 0
2026-04-27 02:39:58.332 10 INFO neutron.db.ovn_revision_numbers_db [None req-61ba8359-c994-4990-94ea-9026323d66f8 1f6c72ecd8664957a2347edd69858b2e e6ed90169e6849e8835ffc7bb1967d96 - - default default] Successfully bumped revision number for resource 87f52e7f-df9a-4e45-9ebb-c35e1af3c3d7 (type: security_group_rules) to 0
2026-04-27 02:39:58.340 9 INFO neutron.wsgi [None req-2603afa9-161d-4fbf-9792-dc94f894bf43 42ee43e6e6914f338410c20cd6a206e7 7c606770bfa24b3c8048304c17993525 - - default default] 10.0.0.219 "POST /v2.0/subnets HTTP/1.1" status: 201 len: 830 time: 0.5744681
2026-04-27 02:39:58.354 9 WARNING neutron_lib.context [None req-66aaceb3-7df0-4837-8e32-2bf3c76ce3d2 42ee43e6e6914f338410c20cd6a206e7 7c606770bfa24b3c8048304c17993525 - - default default] Method 'is_advsvc' is deprecated since 2023.2 release (neutron-lib 3.8.0) and will be removed once support for the old RBAC API policies will be removed from Neutron. Please use method 'is_service_role' instead.
2026-04-27 02:39:58.358 10 INFO neutron.db.ovn_revision_numbers_db [None req-61ba8359-c994-4990-94ea-9026323d66f8 1f6c72ecd8664957a2347edd69858b2e e6ed90169e6849e8835ffc7bb1967d96 - - default default] Successfully bumped revision number for resource e6bfa725-ecbe-4bd2-84dd-b71f805b290d (type: security_group_rules) to 0
2026-04-27 02:39:58.403 10 INFO neutron.wsgi [None req-61ba8359-c994-4990-94ea-9026323d66f8 1f6c72ecd8664957a2347edd69858b2e e6ed90169e6849e8835ffc7bb1967d96 - - default default] 10.0.0.219 "GET /v2.0/security-groups?tenant_id=7de958939b5e466690517ec714ac4436&name=default HTTP/1.1" status: 200 len: 3120 time: 0.5046890
2026-04-27 02:39:58.518 9 INFO neutron.db.ovn_revision_numbers_db [None req-66aaceb3-7df0-4837-8e32-2bf3c76ce3d2 42ee43e6e6914f338410c20cd6a206e7 7c606770bfa24b3c8048304c17993525 - - default default] Successfully bumped revision number for resource da152df4-5598-44d2-a3a4-b7ea6f1c0da4 (type: routers) to 1
2026-04-27 02:39:58.537 9 INFO neutron.wsgi [None req-66aaceb3-7df0-4837-8e32-2bf3c76ce3d2 42ee43e6e6914f338410c20cd6a206e7 7c606770bfa24b3c8048304c17993525 - - default default] 10.0.0.219 "POST /v2.0/routers HTTP/1.1" status: 201 len: 806 time: 0.1894662
2026-04-27 02:39:58.876 10 INFO neutron.wsgi [req-acb05fbe-9f7e-4aeb-ac49-13901ae7f830 req-c10ab2a7-38e0-4c8b-9173-3b13a92fffc6 4d52ee49ff0a49b2acf7d66c655663af 8e79b6f3b612443e8e46bb2f05bfa053 - - default default] 10.0.0.64 "GET /v2.0/ports?device_id=ea12253a-805d-4f32-bb8a-542bbc5312c2 HTTP/1.1" status: 200 len: 1174 time: 0.0798123
2026-04-27 02:39:59.001 10 INFO neutron.db.l3_db [req-ca4c6cb1-434f-4ff8-975c-d4b9090fccd2 req-6f08d275-8b09-4259-8d93-a0cf21ed92da 4d52ee49ff0a49b2acf7d66c655663af 8e79b6f3b612443e8e46bb2f05bfa053 - - default default] Floating IP dcfb6f39-3720-4a17-9f4c-8c8606e2f4b5 disassociated. External IP: 10.96.250.218, port: 77c4158d-ee8e-4721-ba26-d078b2b85934.
2026-04-27 02:39:59.016 10 INFO neutron.wsgi [req-acb05fbe-9f7e-4aeb-ac49-13901ae7f830 req-6b28f538-642b-4617-a403-7f2c44d27c3d 4d52ee49ff0a49b2acf7d66c655663af 8e79b6f3b612443e8e46bb2f05bfa053 - - default default] 10.0.0.64 "GET /v2.0/security-groups?id=77a85f0b-c237-4358-bbd4-907e40300d12&fields=id&fields=name HTTP/1.1" status: 200 len: 313 time: 0.1310089
2026-04-27 02:39:59.180 9 WARNING neutron.scheduler.dhcp_agent_scheduler [None req-e7bf6e21-6362-432c-bdb4-1d956421475e 42ee43e6e6914f338410c20cd6a206e7 7c606770bfa24b3c8048304c17993525 - - default default] No more DHCP agents
2026-04-27 02:39:59.182 9 WARNING neutron.api.rpc.agentnotifiers.dhcp_rpc_agent_api [None req-e7bf6e21-6362-432c-bdb4-1d956421475e 42ee43e6e6914f338410c20cd6a206e7 7c606770bfa24b3c8048304c17993525 - - default default] Unable to schedule network a2af7798-e51c-41b8-a3f8-d2d6feef085a: no agents available; will retry on subsequent port and subnet creation events.
2026-04-27 02:39:59.277 10 INFO neutron.wsgi [None req-3a248614-2352-43af-a3ca-216813572e29 1f6c72ecd8664957a2347edd69858b2e e6ed90169e6849e8835ffc7bb1967d96 - - default default] 10.0.0.219 "DELETE /v2.0/security-groups/6caa9063-a2bc-4944-a918-6bc9bac8f322 HTTP/1.1" status: 204 len: 168 time: 0.8614113
2026-04-27 02:39:59.282 10 INFO neutron.wsgi [req-ca4c6cb1-434f-4ff8-975c-d4b9090fccd2 req-6f08d275-8b09-4259-8d93-a0cf21ed92da 4d52ee49ff0a49b2acf7d66c655663af 8e79b6f3b612443e8e46bb2f05bfa053 - - default default] 199.204.45.210 "DELETE /v2.0/ports/77c4158d-ee8e-4721-ba26-d078b2b85934 HTTP/1.1" status: 204 len: 173 time: 1.2461948
2026-04-27 02:39:59.330 9 INFO neutron.db.ovn_revision_numbers_db [None req-e7bf6e21-6362-432c-bdb4-1d956421475e 42ee43e6e6914f338410c20cd6a206e7 7c606770bfa24b3c8048304c17993525 - - default default] Successfully bumped revision number for resource 68500141-cf74-4f53-afca-2fb4b0cdd42b (type: ports) to 1
2026-04-27 02:39:59.337 10 ERROR ovsdbapp.backend.ovs_idl.command [None req-60788483-111d-462b-9984-3f66575149dc 08aa43f0b97d4670b8b0f5649bf75f31 5364d1305e014b69b125e839119666e5 - - default default] Error executing command (DbGetCommand): ovsdbapp.backend.ovs_idl.idlutils.RowNotFound: Cannot find Logical_Router_Port with name=lrp-7bac5319-575a-4d75-870d-e23be4bcd473
2026-04-27 02:39:59.337 10 ERROR ovsdbapp.backend.ovs_idl.command
Traceback (most recent call last):
2026-04-27 02:39:59.337 10 ERROR ovsdbapp.backend.ovs_idl.command
File "/var/lib/openstack/lib/python3.10/site-packages/ovsdbapp/backend/ovs_idl/command.py", line 47, in execute
2026-04-27 02:39:59.337 10 ERROR ovsdbapp.backend.ovs_idl.command self.run_idl(None)
2026-04-27 02:39:59.337 10 ERROR ovsdbapp.backend.ovs_idl.command
File "/var/lib/openstack/lib/python3.10/site-packages/ovsdbapp/backend/ovs_idl/command.py", line 235, in run_idl
2026-04-27 02:39:59.337 10 ERROR ovsdbapp.backend.ovs_idl.command record = self.api.lookup(self.table, self.record)
2026-04-27 02:39:59.337 10 ERROR ovsdbapp.backend.ovs_idl.command
File "/var/lib/openstack/lib/python3.10/site-packages/ovsdbapp/backend/ovs_idl/__init__.py", line 184, in lookup
2026-04-27 02:39:59.337 10 ERROR ovsdbapp.backend.ovs_idl.command return self._lookup(table, record)
2026-04-27 02:39:59.337 10 ERROR ovsdbapp.backend.ovs_idl.command
File "/var/lib/openstack/lib/python3.10/site-packages/ovsdbapp/backend/ovs_idl/__init__.py", line 235, in _lookup
2026-04-27 02:39:59.337 10 ERROR ovsdbapp.backend.ovs_idl.command row = idlutils.row_by_value(self, rl.table, rl.column, record)
2026-04-27 02:39:59.337 10 ERROR ovsdbapp.backend.ovs_idl.command
File "/var/lib/openstack/lib/python3.10/site-packages/ovsdbapp/backend/ovs_idl/idlutils.py", line 114, in row_by_value
2026-04-27 02:39:59.337 10 ERROR ovsdbapp.backend.ovs_idl.command raise RowNotFound(table=table, col=column, match=match)
2026-04-27 02:39:59.337 10 ERROR ovsdbapp.backend.ovs_idl.command ovsdbapp.backend.ovs_idl.idlutils.RowNotFound: Cannot find Logical_Router_Port with name=lrp-7bac5319-575a-4d75-870d-e23be4bcd473
2026-04-27 02:39:59.337 10 ERROR ovsdbapp.backend.ovs_idl.command 
2026-04-27 02:39:59.338 10 ERROR neutron_lib.callbacks.manager [None req-60788483-111d-462b-9984-3f66575149dc 08aa43f0b97d4670b8b0f5649bf75f31 5364d1305e014b69b125e839119666e5 - - default default] Error during notification for neutron.services.ovn_l3.plugin.OVNL3RouterPlugin._port_update-8771891537647 port, after_update: ovsdbapp.backend.ovs_idl.idlutils.RowNotFound: Cannot find Logical_Router_Port with name=lrp-7bac5319-575a-4d75-870d-e23be4bcd473
2026-04-27 02:39:59.338 10 ERROR neutron_lib.callbacks.manager
Traceback (most recent call last):
2026-04-27 02:39:59.338 10 ERROR neutron_lib.callbacks.manager
File "/var/lib/openstack/lib/python3.10/site-packages/neutron_lib/callbacks/manager.py", line 189, in _notify_loop
2026-04-27 02:39:59.338 10 ERROR neutron_lib.callbacks.manager callback.method(resource, event, trigger, payload=payload)
2026-04-27 02:39:59.338 10 ERROR neutron_lib.callbacks.manager
File "/var/lib/openstack/lib/python3.10/site-packages/neutron/services/ovn_l3/plugin.py", line 391, in _port_update
2026-04-27 02:39:59.338 10 ERROR neutron_lib.callbacks.manager l3plugin._ovn_client.update_router_port(context,
2026-04-27 02:39:59.338 10 ERROR neutron_lib.callbacks.manager
File "/var/lib/openstack/lib/python3.10/site-packages/neutron/plugins/ml2/drivers/ovn/mech_driver/ovsdb/ovn_client.py", line 1878, in update_router_port
2026-04-27 02:39:59.338 10 ERROR neutron_lib.callbacks.manager self._update_lrouter_port(context, port, if_exists=if_exists,
2026-04-27 02:39:59.338 10 ERROR neutron_lib.callbacks.manager
File "/var/lib/openstack/lib/python3.10/site-packages/neutron/plugins/ml2/drivers/ovn/mech_driver/ovsdb/ovn_client.py", line 1855, in _update_lrouter_port
2026-04-27 02:39:59.338 10 ERROR neutron_lib.callbacks.manager external_ids = self._nb_idl.db_get(
2026-04-27 02:39:59.338 10 ERROR neutron_lib.callbacks.manager
File "/var/lib/openstack/lib/python3.10/site-packages/ovsdbapp/backend/ovs_idl/command.py", line 47, in execute
2026-04-27 02:39:59.338 10 ERROR neutron_lib.callbacks.manager self.run_idl(None)
2026-04-27 02:39:59.338 10 ERROR neutron_lib.callbacks.manager
File "/var/lib/openstack/lib/python3.10/site-packages/ovsdbapp/backend/ovs_idl/command.py", line 235, in run_idl
2026-04-27 02:39:59.338 10 ERROR neutron_lib.callbacks.manager record = self.api.lookup(self.table, self.record)
2026-04-27 02:39:59.338 10 ERROR neutron_lib.callbacks.manager
File "/var/lib/openstack/lib/python3.10/site-packages/ovsdbapp/backend/ovs_idl/__init__.py", line 184, in lookup
2026-04-27 02:39:59.338 10 ERROR neutron_lib.callbacks.manager return self._lookup(table, record)
2026-04-27 02:39:59.338 10 ERROR neutron_lib.callbacks.manager
File "/var/lib/openstack/lib/python3.10/site-packages/ovsdbapp/backend/ovs_idl/__init__.py", line 235, in _lookup
2026-04-27 02:39:59.338 10 ERROR neutron_lib.callbacks.manager row = idlutils.row_by_value(self, rl.table, rl.column, record)
2026-04-27 02:39:59.338 10 ERROR neutron_lib.callbacks.manager
File "/var/lib/openstack/lib/python3.10/site-packages/ovsdbapp/backend/ovs_idl/idlutils.py", line 114, in row_by_value
2026-04-27 02:39:59.338 10 ERROR neutron_lib.callbacks.manager raise RowNotFound(table=table, col=column, match=match)
2026-04-27 02:39:59.338 10 ERROR neutron_lib.callbacks.manager ovsdbapp.backend.ovs_idl.idlutils.RowNotFound: Cannot find Logical_Router_Port with name=lrp-7bac5319-575a-4d75-870d-e23be4bcd473
2026-04-27 02:39:59.338 10 ERROR neutron_lib.callbacks.manager 
2026-04-27 02:39:59.342 10 INFO neutron.notifiers.nova [-] Nova event matching ['req-0e927858-86a3-4a7a-88d9-fdeca57d52b9'] response: {'server_uuid': 'ea12253a-805d-4f32-bb8a-542bbc5312c2', 'name': 'network-vif-deleted', 'tag': '77c4158d-ee8e-4721-ba26-d078b2b85934', 'status': 'completed', 'code': 200}
2026-04-27 02:39:59.651 10 INFO neutron.db.ovn_revision_numbers_db [None req-60788483-111d-462b-9984-3f66575149dc 08aa43f0b97d4670b8b0f5649bf75f31 5364d1305e014b69b125e839119666e5 - - default default] Successfully bumped revision number for resource 7bac5319-575a-4d75-870d-e23be4bcd473 (type: ports) to 1
2026-04-27 02:39:59.752 10 WARNING neutron.scheduler.dhcp_agent_scheduler [None req-60788483-111d-462b-9984-3f66575149dc 08aa43f0b97d4670b8b0f5649bf75f31 5364d1305e014b69b125e839119666e5 - - default default] No more DHCP agents
2026-04-27 02:39:59.754 10 WARNING neutron.api.rpc.agentnotifiers.dhcp_rpc_agent_api [None req-60788483-111d-462b-9984-3f66575149dc 08aa43f0b97d4670b8b0f5649bf75f31 5364d1305e014b69b125e839119666e5 - - default default] Unable to schedule network 1407edb9-d060-48cc-9aa9-06f449a6e221: no agents available; will retry on subsequent port and subnet creation events.
2026-04-27 02:39:59.913 9 ERROR ovsdbapp.backend.ovs_idl.command [None req-e7bf6e21-6362-432c-bdb4-1d956421475e 42ee43e6e6914f338410c20cd6a206e7 7c606770bfa24b3c8048304c17993525 - - default default] Error executing command (DbGetCommand): ovsdbapp.backend.ovs_idl.idlutils.RowNotFound: Cannot find Logical_Router_Port with name=lrp-68500141-cf74-4f53-afca-2fb4b0cdd42b
2026-04-27 02:39:59.913 9 ERROR ovsdbapp.backend.ovs_idl.command
Traceback (most recent call last):
2026-04-27 02:39:59.913 9 ERROR ovsdbapp.backend.ovs_idl.command
File "/var/lib/openstack/lib/python3.10/site-packages/ovsdbapp/backend/ovs_idl/command.py", line 47, in execute
2026-04-27 02:39:59.913 9 ERROR ovsdbapp.backend.ovs_idl.command self.run_idl(None)
2026-04-27 02:39:59.913 9 ERROR ovsdbapp.backend.ovs_idl.command
File "/var/lib/openstack/lib/python3.10/site-packages/ovsdbapp/backend/ovs_idl/command.py", line 235, in run_idl
2026-04-27 02:39:59.913 9 ERROR ovsdbapp.backend.ovs_idl.command record = self.api.lookup(self.table, self.record)
2026-04-27 02:39:59.913 9 ERROR ovsdbapp.backend.ovs_idl.command
File "/var/lib/openstack/lib/python3.10/site-packages/ovsdbapp/backend/ovs_idl/__init__.py", line 184, in lookup
2026-04-27 02:39:59.913 9 ERROR ovsdbapp.backend.ovs_idl.command return self._lookup(table, record)
2026-04-27 02:39:59.913 9 ERROR ovsdbapp.backend.ovs_idl.command
File "/var/lib/openstack/lib/python3.10/site-packages/ovsdbapp/backend/ovs_idl/__init__.py", line 235, in _lookup
2026-04-27 02:39:59.913 9 ERROR ovsdbapp.backend.ovs_idl.command row = idlutils.row_by_value(self, rl.table, rl.column, record)
2026-04-27 02:39:59.913 9 ERROR ovsdbapp.backend.ovs_idl.command
File "/var/lib/openstack/lib/python3.10/site-packages/ovsdbapp/backend/ovs_idl/idlutils.py", line 114, in row_by_value
2026-04-27 02:39:59.913 9 ERROR ovsdbapp.backend.ovs_idl.command raise RowNotFound(table=table, col=column, match=match)
2026-04-27 02:39:59.913 9 ERROR ovsdbapp.backend.ovs_idl.command ovsdbapp.backend.ovs_idl.idlutils.RowNotFound: Cannot find Logical_Router_Port with name=lrp-68500141-cf74-4f53-afca-2fb4b0cdd42b
2026-04-27 02:39:59.913 9 ERROR ovsdbapp.backend.ovs_idl.command 
2026-04-27 02:39:59.914 9 ERROR neutron_lib.callbacks.manager [None req-e7bf6e21-6362-432c-bdb4-1d956421475e 42ee43e6e6914f338410c20cd6a206e7 7c606770bfa24b3c8048304c17993525 - - default default] Error during notification for neutron.services.ovn_l3.plugin.OVNL3RouterPlugin._port_update-8771891537647 port, after_update: ovsdbapp.backend.ovs_idl.idlutils.RowNotFound: Cannot find Logical_Router_Port with name=lrp-68500141-cf74-4f53-afca-2fb4b0cdd42b
2026-04-27 02:39:59.914 9 ERROR neutron_lib.callbacks.manager
Traceback (most recent call last):
2026-04-27 02:39:59.914 9 ERROR neutron_lib.callbacks.manager
File "/var/lib/openstack/lib/python3.10/site-packages/neutron_lib/callbacks/manager.py", line 189, in _notify_loop
2026-04-27 02:39:59.914 9 ERROR neutron_lib.callbacks.manager callback.method(resource, event, trigger, payload=payload)
2026-04-27 02:39:59.914 9 ERROR neutron_lib.callbacks.manager
File "/var/lib/openstack/lib/python3.10/site-packages/neutron/services/ovn_l3/plugin.py", line 391, in _port_update
2026-04-27 02:39:59.914 9 ERROR neutron_lib.callbacks.manager l3plugin._ovn_client.update_router_port(context,
2026-04-27 02:39:59.914 9 ERROR neutron_lib.callbacks.manager
File "/var/lib/openstack/lib/python3.10/site-packages/neutron/plugins/ml2/drivers/ovn/mech_driver/ovsdb/ovn_client.py", line 1878, in update_router_port
2026-04-27 02:39:59.914 9 ERROR neutron_lib.callbacks.manager self._update_lrouter_port(context, port, if_exists=if_exists,
2026-04-27 02:39:59.914 9 ERROR neutron_lib.callbacks.manager
File "/var/lib/openstack/lib/python3.10/site-packages/neutron/plugins/ml2/drivers/ovn/mech_driver/ovsdb/ovn_client.py", line 1855, in _update_lrouter_port
2026-04-27 02:39:59.914 9 ERROR neutron_lib.callbacks.manager external_ids = self._nb_idl.db_get(
2026-04-27 02:39:59.914 9 ERROR neutron_lib.callbacks.manager
File "/var/lib/openstack/lib/python3.10/site-packages/ovsdbapp/backend/ovs_idl/command.py", line 47, in execute
2026-04-27 02:39:59.914 9 ERROR neutron_lib.callbacks.manager self.run_idl(None)
2026-04-27 02:39:59.914 9 ERROR neutron_lib.callbacks.manager
File "/var/lib/openstack/lib/python3.10/site-packages/ovsdbapp/backend/ovs_idl/command.py", line 235, in run_idl
2026-04-27 02:39:59.914 9 ERROR neutron_lib.callbacks.manager record = self.api.lookup(self.table, self.record)
2026-04-27 02:39:59.914 9 ERROR neutron_lib.callbacks.manager
File "/var/lib/openstack/lib/python3.10/site-packages/ovsdbapp/backend/ovs_idl/__init__.py", line 184, in lookup
2026-04-27 02:39:59.914 9 ERROR neutron_lib.callbacks.manager return self._lookup(table, record)
2026-04-27 02:39:59.914 9 ERROR neutron_lib.callbacks.manager
File "/var/lib/openstack/lib/python3.10/site-packages/ovsdbapp/backend/ovs_idl/__init__.py", line 235, in _lookup
2026-04-27 02:39:59.914 9 ERROR neutron_lib.callbacks.manager row = idlutils.row_by_value(self, rl.table, rl.column, record)
2026-04-27 02:39:59.914 9 ERROR neutron_lib.callbacks.manager
File "/var/lib/openstack/lib/python3.10/site-packages/ovsdbapp/backend/ovs_idl/idlutils.py", line 114, in row_by_value
2026-04-27 02:39:59.914 9 ERROR neutron_lib.callbacks.manager raise RowNotFound(table=table, col=column, match=match)
2026-04-27 02:39:59.914 9 ERROR neutron_lib.callbacks.manager ovsdbapp.backend.ovs_idl.idlutils.RowNotFound: Cannot find Logical_Router_Port with name=lrp-68500141-cf74-4f53-afca-2fb4b0cdd42b
2026-04-27 02:39:59.914 9 ERROR neutron_lib.callbacks.manager 
2026-04-27 02:40:00.082 10 INFO neutron.plugins.ml2.drivers.ovn.mech_driver.mech_driver [None req-7c0bb731-d3c6-4903-bb15-094de17c8316 - - - - - -] OVN reports status up for port: 68500141-cf74-4f53-afca-2fb4b0cdd42b
2026-04-27 02:40:00.099 10 INFO neutron.plugins.ml2.plugin [None req-7c0bb731-d3c6-4903-bb15-094de17c8316 - - - - - -] Attempt 1 to provision port 68500141-cf74-4f53-afca-2fb4b0cdd42b
2026-04-27 02:40:00.105 9 INFO neutron.db.ovn_revision_numbers_db [None req-e7bf6e21-6362-432c-bdb4-1d956421475e 42ee43e6e6914f338410c20cd6a206e7 7c606770bfa24b3c8048304c17993525 - - default default] Successfully bumped revision number for resource 68500141-cf74-4f53-afca-2fb4b0cdd42b (type: ports) to 1
2026-04-27 02:40:00.201 9 WARNING neutron.scheduler.dhcp_agent_scheduler [None req-e7bf6e21-6362-432c-bdb4-1d956421475e 42ee43e6e6914f338410c20cd6a206e7 7c606770bfa24b3c8048304c17993525 - - default default] No more DHCP agents
2026-04-27 02:40:00.202 9 WARNING neutron.api.rpc.agentnotifiers.dhcp_rpc_agent_api [None req-e7bf6e21-6362-432c-bdb4-1d956421475e 42ee43e6e6914f338410c20cd6a206e7 7c606770bfa24b3c8048304c17993525 - - default default] Unable to schedule network a2af7798-e51c-41b8-a3f8-d2d6feef085a: no agents available; will retry on subsequent port and subnet creation events.
2026-04-27 02:40:00.211 10 INFO neutron.db.ovn_revision_numbers_db [None req-60788483-111d-462b-9984-3f66575149dc 08aa43f0b97d4670b8b0f5649bf75f31 5364d1305e014b69b125e839119666e5 - - default default] Successfully bumped revision number for resource 7bac5319-575a-4d75-870d-e23be4bcd473 (type: router_ports) to 1
2026-04-27 02:40:00.217 10 INFO neutron.wsgi [None req-60788483-111d-462b-9984-3f66575149dc 08aa43f0b97d4670b8b0f5649bf75f31 5364d1305e014b69b125e839119666e5 - - default default] 10.0.0.219 "PUT /v2.0/routers/8edc83f2-221c-4e43-b0e9-6f4e0675d92b/add_router_interface HTTP/1.1" status: 200 len: 503 time: 3.8151059
2026-04-27 02:40:00.231 9 WARNING neutron_lib.context [None req-04dde6c9-d76b-4761-863e-1ab82298e9a3 08aa43f0b97d4670b8b0f5649bf75f31 5364d1305e014b69b125e839119666e5 - - default default] Method 'is_advsvc' is deprecated since 2023.2 release (neutron-lib 3.8.0) and will be removed once support for the old RBAC API policies will be removed from Neutron. Please use method 'is_service_role' instead.
2026-04-27 02:40:00.397 10 INFO neutron.wsgi [None req-f95a1429-d9f1-433e-9fde-b89ad73ea90f 4d52ee49ff0a49b2acf7d66c655663af 8e79b6f3b612443e8e46bb2f05bfa053 - - default default] 10.0.0.219 "DELETE /v2.0/security-groups/77a85f0b-c237-4358-bbd4-907e40300d12 HTTP/1.1" status: 204 len: 168 time: 0.2674007
2026-04-27 02:40:00.423 9 INFO neutron.api.v2.resource [None req-d4f7bc01-6d3f-4dd3-bef8-330843caba63 4d52ee49ff0a49b2acf7d66c655663af 8e79b6f3b612443e8e46bb2f05bfa053 - - default default] show failed (client error): The resource could not be found.
2026-04-27 02:40:00.424 9 INFO neutron.wsgi [None req-d4f7bc01-6d3f-4dd3-bef8-330843caba63 4d52ee49ff0a49b2acf7d66c655663af 8e79b6f3b612443e8e46bb2f05bfa053 - - default default] 10.0.0.219 "GET /v2.0/security-groups/77a85f0b-c237-4358-bbd4-907e40300d12 HTTP/1.1" status: 404 len: 347 time: 0.0190079
2026-04-27 02:40:00.669 10 INFO neutron.db.ovn_revision_numbers_db [None req-7c0bb731-d3c6-4903-bb15-094de17c8316 - - - - - -] Successfully bumped revision number for resource 68500141-cf74-4f53-afca-2fb4b0cdd42b (type: ports) to 2
2026-04-27 02:40:00.795 10 INFO neutron.db.ovn_revision_numbers_db [None req-7c0bb731-d3c6-4903-bb15-094de17c8316 - - - - - -] Successfully bumped revision number for resource 68500141-cf74-4f53-afca-2fb4b0cdd42b (type: router_ports) to 2
2026-04-27 02:40:00.863 9 INFO neutron.db.ovn_revision_numbers_db [None req-e7bf6e21-6362-432c-bdb4-1d956421475e 42ee43e6e6914f338410c20cd6a206e7 7c606770bfa24b3c8048304c17993525 - - default default] Successfully bumped revision number for resource 68500141-cf74-4f53-afca-2fb4b0cdd42b (type: router_ports) to 1
2026-04-27 02:40:00.872 9 INFO neutron.wsgi [None req-e7bf6e21-6362-432c-bdb4-1d956421475e 42ee43e6e6914f338410c20cd6a206e7 7c606770bfa24b3c8048304c17993525 - - default default] 10.0.0.219 "PUT /v2.0/routers/da152df4-5598-44d2-a3a4-b7ea6f1c0da4/add_router_interface HTTP/1.1" status: 200 len: 503 time: 2.3275349
2026-04-27 02:40:00.873 9 WARNING neutron.plugins.ml2.drivers.ovn.mech_driver.ovsdb.ovn_client [None req-e66e1c73-3690-4534-9534-2c7e1f794d09 - - - - - -] No hosting information found for port d3f1cc8d-124a-4300-8a4f-e720a301603c: RuntimeError: No hosting information found for port d3f1cc8d-124a-4300-8a4f-e720a301603c
2026-04-27 02:40:00.874 9 INFO neutron.plugins.ml2.drivers.ovn.mech_driver.mech_driver [None req-e66e1c73-3690-4534-9534-2c7e1f794d09 - - - - - -] OVN reports status down for port: 77c4158d-ee8e-4721-ba26-d078b2b85934
2026-04-27 02:40:00.943 9 INFO neutron.plugins.ml2.drivers.ovn.mech_driver.mech_driver [None req-e66e1c73-3690-4534-9534-2c7e1f794d09 - - - - - -] OVN reports status up for port: 7bac5319-575a-4d75-870d-e23be4bcd473
2026-04-27 02:40:00.962 9 INFO neutron.plugins.ml2.plugin [None req-e66e1c73-3690-4534-9534-2c7e1f794d09 - - - - - -] Attempt 1 to provision port 7bac5319-575a-4d75-870d-e23be4bcd473
2026-04-27 02:40:01.005 10 INFO neutron.wsgi [None req-0fea204e-78eb-49a5-a12f-2e6c5ae5df85 42ee43e6e6914f338410c20cd6a206e7 7c606770bfa24b3c8048304c17993525 - - default default] 10.0.0.219 "GET /v2.0/ports/68500141-cf74-4f53-afca-2fb4b0cdd42b HTTP/1.1" status: 200 len: 1141 time: 0.1290252
2026-04-27 02:40:01.284 9 WARNING neutron.scheduler.dhcp_agent_scheduler [None req-04dde6c9-d76b-4761-863e-1ab82298e9a3 08aa43f0b97d4670b8b0f5649bf75f31 5364d1305e014b69b125e839119666e5 - - default default] No more DHCP agents
2026-04-27 02:40:01.289 9 WARNING neutron.api.rpc.agentnotifiers.dhcp_rpc_agent_api [None req-04dde6c9-d76b-4761-863e-1ab82298e9a3 08aa43f0b97d4670b8b0f5649bf75f31 5364d1305e014b69b125e839119666e5 - - default default] Unable to schedule network 1407edb9-d060-48cc-9aa9-06f449a6e221: no agents available; will retry on subsequent port and subnet creation events.
2026-04-27 02:40:01.452 10 WARNING neutron_lib.context [None req-e6437cfd-d1d0-43c9-93a8-764032582f89 43d4572cd9aa46e1a20fa2d68f1c1cb4 fd4f772c65304606b3ecb75711b2a9b1 - - default default] Method 'is_advsvc' is deprecated since 2023.2 release (neutron-lib 3.8.0) and will be removed once support for the old RBAC API policies will be removed from Neutron. Please use method 'is_service_role' instead.
2026-04-27 02:40:01.567 9 INFO neutron.wsgi [None req-8ef7b653-6376-43cd-959a-3603ab72721a 4d52ee49ff0a49b2acf7d66c655663af 8e79b6f3b612443e8e46bb2f05bfa053 - - default default] 10.0.0.219 "DELETE /v2.0/floatingips/dcfb6f39-3720-4a17-9f4c-8c8606e2f4b5 HTTP/1.1" status: 204 len: 168 time: 1.1365640
2026-04-27 02:40:01.626 9 INFO neutron.db.ovn_revision_numbers_db [None req-04dde6c9-d76b-4761-863e-1ab82298e9a3 08aa43f0b97d4670b8b0f5649bf75f31 5364d1305e014b69b125e839119666e5 - - default default] Successfully bumped revision number for resource 1b66382a-31ea-43d6-900b-f214c60f60cd (type: ports) to 1
2026-04-27 02:40:01.666 9 INFO neutron.wsgi [None req-04dde6c9-d76b-4761-863e-1ab82298e9a3 08aa43f0b97d4670b8b0f5649bf75f31 5364d1305e014b69b125e839119666e5 - - default default] 10.0.0.219 "POST /v2.0/ports HTTP/1.1" status: 201 len: 1158 time: 1.4423478 /var/lib/openstack/lib/python3.10/site-packages/pycadf/identifier.py:71: UserWarning: Invalid uuid: neutron. To ensure interoperability, identifiers should be a valid uuid. warnings.warn(('Invalid uuid: %s. To ensure interoperability, '
2026-04-27 02:40:01.679 9 WARNING neutron_lib.context [None req-6c099cd3-99d2-47db-b931-97d3ce659bfe 08aa43f0b97d4670b8b0f5649bf75f31 5364d1305e014b69b125e839119666e5 - - default default] Method 'is_advsvc' is deprecated since 2023.2 release (neutron-lib 3.8.0) and will be removed once support for the old RBAC API policies will be removed from Neutron. Please use method 'is_service_role' instead.
2026-04-27 02:40:01.689 9 INFO neutron.db.ovn_revision_numbers_db [None req-e66e1c73-3690-4534-9534-2c7e1f794d09 - - - - - -] Successfully bumped revision number for resource 7bac5319-575a-4d75-870d-e23be4bcd473 (type: ports) to 2
2026-04-27 02:40:01.919 9 INFO neutron.db.ovn_revision_numbers_db [None req-e66e1c73-3690-4534-9534-2c7e1f794d09 - - - - - -] Successfully bumped revision number for resource 7bac5319-575a-4d75-870d-e23be4bcd473 (type: router_ports) to 2
2026-04-27 02:40:02.163 9 WARNING neutron.scheduler.dhcp_agent_scheduler [None req-6c099cd3-99d2-47db-b931-97d3ce659bfe 08aa43f0b97d4670b8b0f5649bf75f31 5364d1305e014b69b125e839119666e5 - - default default] No more DHCP agents
2026-04-27 02:40:02.165 9 WARNING neutron.api.rpc.agentnotifiers.dhcp_rpc_agent_api [None req-6c099cd3-99d2-47db-b931-97d3ce659bfe 08aa43f0b97d4670b8b0f5649bf75f31 5364d1305e014b69b125e839119666e5 - - default default] Unable to schedule network 1407edb9-d060-48cc-9aa9-06f449a6e221: no agents available; will retry on subsequent port and subnet creation events.
2026-04-27 02:40:02.168 10 INFO neutron.db.ovn_revision_numbers_db [None req-e6437cfd-d1d0-43c9-93a8-764032582f89 43d4572cd9aa46e1a20fa2d68f1c1cb4 fd4f772c65304606b3ecb75711b2a9b1 - - default default] Successfully bumped revision number for resource 62705e86-b27c-4a30-822c-81bf29d26aa4 (type: security_groups) to 1
2026-04-27 02:40:02.209 10 INFO neutron.db.ovn_revision_numbers_db [None req-e6437cfd-d1d0-43c9-93a8-764032582f89 43d4572cd9aa46e1a20fa2d68f1c1cb4 fd4f772c65304606b3ecb75711b2a9b1 - - default default] Successfully bumped revision number for resource 11dc6f67-b3f2-43cb-808e-61ca5aa66621 (type: security_group_rules) to 0
2026-04-27 02:40:02.217 10 WARNING neutron.scheduler.dhcp_agent_scheduler [None req-3d2812ea-453c-454b-be36-2479325f3e8c 42ee43e6e6914f338410c20cd6a206e7 7c606770bfa24b3c8048304c17993525 - - default default] No more DHCP agents
2026-04-27 02:40:02.233 10 WARNING neutron.api.rpc.agentnotifiers.dhcp_rpc_agent_api [None req-3d2812ea-453c-454b-be36-2479325f3e8c 42ee43e6e6914f338410c20cd6a206e7 7c606770bfa24b3c8048304c17993525 - - default default] Unable to schedule network b03f9af6-6c3b-4963-8668-4cea8b1d40df: no agents available; will retry on subsequent port and subnet creation events.
2026-04-27 02:40:02.251 10 INFO neutron.db.ovn_revision_numbers_db [None req-e6437cfd-d1d0-43c9-93a8-764032582f89 43d4572cd9aa46e1a20fa2d68f1c1cb4 fd4f772c65304606b3ecb75711b2a9b1 - - default default] Successfully bumped revision number for resource 63cc9b32-037d-4ad1-ba90-5beb5d5a5ccd (type: security_group_rules) to 0
2026-04-27 02:40:02.324 10 INFO neutron.db.ovn_revision_numbers_db [None req-e6437cfd-d1d0-43c9-93a8-764032582f89 43d4572cd9aa46e1a20fa2d68f1c1cb4 fd4f772c65304606b3ecb75711b2a9b1 - - default default] Successfully bumped revision number for resource 8f526892-b374-4d94-b6ba-9e19626b247c (type: security_group_rules) to 0
2026-04-27 02:40:02.357 9 INFO neutron.db.ovn_revision_numbers_db [None req-6c099cd3-99d2-47db-b931-97d3ce659bfe 08aa43f0b97d4670b8b0f5649bf75f31 5364d1305e014b69b125e839119666e5 - - default default] Successfully bumped revision number for resource 499b0d82-08bd-47df-bd74-86d8aa43b2ea (type: ports) to 1
2026-04-27 02:40:02.399 10 INFO neutron.db.ovn_revision_numbers_db [None req-e6437cfd-d1d0-43c9-93a8-764032582f89 43d4572cd9aa46e1a20fa2d68f1c1cb4 fd4f772c65304606b3ecb75711b2a9b1 - - default default] Successfully bumped revision number for resource cb8d68fb-78eb-4b76-ada7-fb950ad47d77 (type: security_group_rules) to 0
2026-04-27 02:40:02.478 9 INFO neutron.wsgi [None req-6c099cd3-99d2-47db-b931-97d3ce659bfe 08aa43f0b97d4670b8b0f5649bf75f31 5364d1305e014b69b125e839119666e5 - - default default] 10.0.0.219 "POST /v2.0/ports HTTP/1.1" status: 201 len: 1153 time: 0.8057926 /var/lib/openstack/lib/python3.10/site-packages/pycadf/identifier.py:71: UserWarning: Invalid uuid: neutron. To ensure interoperability, identifiers should be a valid uuid. warnings.warn(('Invalid uuid: %s. To ensure interoperability, '
2026-04-27 02:40:02.516 9 WARNING neutron_lib.context [None req-f2c7df7f-2820-4f64-97ee-f15f0a2503e1 08aa43f0b97d4670b8b0f5649bf75f31 5364d1305e014b69b125e839119666e5 - - default default] Method 'is_advsvc' is deprecated since 2023.2 release (neutron-lib 3.8.0) and will be removed once support for the old RBAC API policies will be removed from Neutron. Please use method 'is_service_role' instead.
2026-04-27 02:40:02.529 10 INFO neutron.db.segments_db [None req-e6437cfd-d1d0-43c9-93a8-764032582f89 43d4572cd9aa46e1a20fa2d68f1c1cb4 fd4f772c65304606b3ecb75711b2a9b1 - - default default] Added segment f401cdb8-cb6c-4fa0-a986-ac91be75fd54 of type geneve for network b5c863b3-1f26-4a7a-89ad-3c3b01f5dcf3
