2026-04-27 02:40:19.298 9 WARNING neutron.scheduler.dhcp_agent_scheduler [None req-def819fe-dc7f-4fe4-8f44-82b875b467a8 7c8bf31d46f04a3bbe824fa6f077995c 5daaa25390a34f7d85dec2cb3b5321de - - default default] No more DHCP agents
2026-04-27 02:40:19.300 9 WARNING neutron.api.rpc.agentnotifiers.dhcp_rpc_agent_api [None req-def819fe-dc7f-4fe4-8f44-82b875b467a8 7c8bf31d46f04a3bbe824fa6f077995c 5daaa25390a34f7d85dec2cb3b5321de - - default default] Unable to schedule network 5002d16d-1251-4313-822e-9c7bb3434dad: no agents available; will retry on subsequent port and subnet creation events.
2026-04-27 02:40:19.386 9 INFO neutron.db.ovn_revision_numbers_db [None req-def819fe-dc7f-4fe4-8f44-82b875b467a8 7c8bf31d46f04a3bbe824fa6f077995c 5daaa25390a34f7d85dec2cb3b5321de - - default default] Successfully bumped revision number for resource ec3d0182-20dc-4776-b9d4-94bec4a1e1f9 (type: ports) to 1
2026-04-27 02:40:19.413 9 INFO neutron.wsgi [None req-def819fe-dc7f-4fe4-8f44-82b875b467a8 7c8bf31d46f04a3bbe824fa6f077995c 5daaa25390a34f7d85dec2cb3b5321de - - default default] 10.0.0.219 "POST /v2.0/networks HTTP/1.1" status: 201 len: 1445 time: 2.2418470 /var/lib/openstack/lib/python3.10/site-packages/pycadf/identifier.py:71: UserWarning: Invalid uuid: neutron. To ensure interoperability, identifiers should be a valid uuid. warnings.warn(('Invalid uuid: %s. To ensure interoperability, '
2026-04-27 02:40:19.577 10 INFO neutron.wsgi [None req-c183d213-a780-4717-bae7-3e422b086bd1 7c8bf31d46f04a3bbe824fa6f077995c 5daaa25390a34f7d85dec2cb3b5321de - - default default] 10.0.0.219 "GET /v2.0/networks HTTP/1.1" status: 200 len: 2051 time: 0.1487443 /var/lib/openstack/lib/python3.10/site-packages/pycadf/identifier.py:71: UserWarning: Invalid uuid: neutron. To ensure interoperability, identifiers should be a valid uuid. warnings.warn(('Invalid uuid: %s. To ensure interoperability, '
2026-04-27 02:40:19.953 9 INFO neutron.services.segments.plugin [-] Segment c7539c8e-6ae5-4d8d-b6d8-66bead9b11c9 resource provider aggregate not found
2026-04-27 02:40:19.956 10 INFO neutron.wsgi [None req-500c2e2f-dfa2-4d7b-839e-bb9c1e53a099 42ee43e6e6914f338410c20cd6a206e7 7c606770bfa24b3c8048304c17993525 - - default default] 10.0.0.219 "PUT /v2.0/routers/fe53b79c-f03a-4fae-ab68-6e50a0fb7480/remove_router_interface HTTP/1.1" status: 200 len: 503 time: 0.8215826
2026-04-27 02:40:19.957 9 INFO neutron.services.segments.plugin [-] Segment c7539c8e-6ae5-4d8d-b6d8-66bead9b11c9 resource provider aggregate not found
2026-04-27 02:40:19.984 9 INFO neutron.services.segments.plugin [-] Segment c7539c8e-6ae5-4d8d-b6d8-66bead9b11c9 resource provider not found; error: Placement Client Error (4xx): {"errors": [{"status": 404, "title": "Not Found", "detail": "The resource could not be found.\n\n No resource provider with uuid c7539c8e-6ae5-4d8d-b6d8-66bead9b11c9 found for delete ", "request_id": "req-3452aedf-f612-4378-8c0a-2431a3731760"}]}
2026-04-27 02:40:19.985 9 INFO neutron.services.segments.plugin [-] Segment c7539c8e-6ae5-4d8d-b6d8-66bead9b11c9 resource provider not found; error: Placement Client Error (4xx): {"errors": [{"status": 404, "title": "Not Found", "detail": "The resource could not be found.\n\n No resource provider with uuid c7539c8e-6ae5-4d8d-b6d8-66bead9b11c9 found for delete ", "request_id": "req-bc7b24bf-54a2-43b5-a02b-35bb00179609"}]}
2026-04-27 02:40:20.046 9 INFO neutron.wsgi [None req-7568e3cc-c2fe-4e41-a38e-f105b65b02ca 7c8bf31d46f04a3bbe824fa6f077995c 5daaa25390a34f7d85dec2cb3b5321de - - default default] 10.0.0.219 "DELETE /v2.0/networks/9be3c448-6e27-4cde-a2a7-42013dd137a3 HTTP/1.1" status: 204 len: 168 time: 0.4597523
2026-04-27 02:40:20.047 9 INFO neutron.api.v2.resource [None req-562c231a-3241-4661-81ff-2e0427e25242 42ee43e6e6914f338410c20cd6a206e7 7c606770bfa24b3c8048304c17993525 - - default default] remove_router_interface failed (client error): The resource could not be found.
2026-04-27 02:40:20.048 9 INFO neutron.wsgi [None req-562c231a-3241-4661-81ff-2e0427e25242 42ee43e6e6914f338410c20cd6a206e7 7c606770bfa24b3c8048304c17993525 - - default default] 10.0.0.219 "PUT /v2.0/routers/fe53b79c-f03a-4fae-ab68-6e50a0fb7480/remove_router_interface HTTP/1.1" status: 404 len: 398 time: 0.0875223 /var/lib/openstack/lib/python3.10/site-packages/pycadf/identifier.py:71: UserWarning: Invalid uuid: neutron. To ensure interoperability, identifiers should be a valid uuid. warnings.warn(('Invalid uuid: %s. To ensure interoperability, '
2026-04-27 02:40:20.085 9 INFO neutron.wsgi [None req-b22c432c-9dea-46c7-b591-b58afcec6fe7 42ee43e6e6914f338410c20cd6a206e7 7c606770bfa24b3c8048304c17993525 - - default default] 10.0.0.219 "GET /v2.0/ports?device_id=fe53b79c-f03a-4fae-ab68-6e50a0fb7480 HTTP/1.1" status: 200 len: 205 time: 0.0283954
2026-04-27 02:40:20.149 10 WARNING neutron_lib.context [None req-fc97e5c5-d7d7-4aac-9004-7675f8407544 22416e6fdff84560a8a2436d9824f120 38e0481007d541beb7a1993d983332c0 - - default default] Method 'is_advsvc' is deprecated since 2023.2 release (neutron-lib 3.8.0) and will be removed once support for the old RBAC API policies will be removed from Neutron. Please use method 'is_service_role' instead.
2026-04-27 02:40:20.173 10 WARNING neutron_lib.context [None req-1e0089c4-94dd-46de-aae1-4406966a6165 d9ea0af1dba2472c8846e67cb86bb4a2 3dd4cd83ad5e4d61b6856597b50c9682 - - default default] Method 'is_advsvc' is deprecated since 2023.2 release (neutron-lib 3.8.0) and will be removed once support for the old RBAC API policies will be removed from Neutron. Please use method 'is_service_role' instead.
2026-04-27 02:40:20.349 9 INFO neutron.wsgi [None req-d854e806-8259-4094-a1f7-00be687564c6 42ee43e6e6914f338410c20cd6a206e7 7c606770bfa24b3c8048304c17993525 - - default default] 10.0.0.219 "DELETE /v2.0/routers/fe53b79c-f03a-4fae-ab68-6e50a0fb7480 HTTP/1.1" status: 204 len: 168 time: 0.2585719
2026-04-27 02:40:20.438 10 INFO neutron.db.ovn_revision_numbers_db [None req-fc97e5c5-d7d7-4aac-9004-7675f8407544 22416e6fdff84560a8a2436d9824f120 38e0481007d541beb7a1993d983332c0 - - default default] Successfully bumped revision number for resource e859d55b-6e4a-4182-8c9d-7b5b52eff08b (type: security_groups) to 1
2026-04-27 02:40:20.454 10 INFO neutron.db.ovn_revision_numbers_db [None req-1e0089c4-94dd-46de-aae1-4406966a6165 d9ea0af1dba2472c8846e67cb86bb4a2 3dd4cd83ad5e4d61b6856597b50c9682 - - default default] Successfully bumped revision number for resource 8e29686c-7a8d-489e-9a2f-e0bdd5f1adc1 (type: security_groups) to 1
2026-04-27 02:40:20.460 10 INFO neutron.db.ovn_revision_numbers_db [None req-fc97e5c5-d7d7-4aac-9004-7675f8407544 22416e6fdff84560a8a2436d9824f120 38e0481007d541beb7a1993d983332c0 - - default default] Successfully bumped revision number for resource 2468f622-cd53-4ff1-b7cf-6d28f20afb4f (type: security_group_rules) to 0
2026-04-27 02:40:20.471 10 INFO neutron.db.ovn_revision_numbers_db [None req-1e0089c4-94dd-46de-aae1-4406966a6165 d9ea0af1dba2472c8846e67cb86bb4a2 3dd4cd83ad5e4d61b6856597b50c9682 - - default default] Successfully bumped revision number for resource 43070b48-07ec-448c-bbd0-8facac8653a4 (type: security_group_rules) to 0
2026-04-27 02:40:20.480 10 INFO neutron.db.ovn_revision_numbers_db [None req-fc97e5c5-d7d7-4aac-9004-7675f8407544 22416e6fdff84560a8a2436d9824f120 38e0481007d541beb7a1993d983332c0 - - default default] Successfully bumped revision number for resource 61e42f8d-caae-4a28-a01b-c3e378bd77ec (type: security_group_rules) to 0
2026-04-27 02:40:20.499 10 INFO neutron.db.ovn_revision_numbers_db [None req-1e0089c4-94dd-46de-aae1-4406966a6165 d9ea0af1dba2472c8846e67cb86bb4a2 3dd4cd83ad5e4d61b6856597b50c9682 - - default default] Successfully bumped revision number for resource 7240e1d9-9981-4b09-9577-40d2ac93f030 (type: security_group_rules) to 0
2026-04-27 02:40:20.501 10 INFO neutron.db.ovn_revision_numbers_db [None req-fc97e5c5-d7d7-4aac-9004-7675f8407544 22416e6fdff84560a8a2436d9824f120 38e0481007d541beb7a1993d983332c0 - - default default] Successfully bumped revision number for resource a816a3b8-39fd-4304-83c9-2b0e4705ee0f (type: security_group_rules) to 0
2026-04-27 02:40:20.527 10 INFO neutron.db.ovn_revision_numbers_db [None req-1e0089c4-94dd-46de-aae1-4406966a6165 d9ea0af1dba2472c8846e67cb86bb4a2 3dd4cd83ad5e4d61b6856597b50c9682 - - default default] Successfully bumped revision number for resource a0c71968-1d62-4fed-9795-13cfdf4e31a3 (type: security_group_rules) to 0
2026-04-27 02:40:20.533 10 INFO neutron.db.ovn_revision_numbers_db [None req-fc97e5c5-d7d7-4aac-9004-7675f8407544 22416e6fdff84560a8a2436d9824f120 38e0481007d541beb7a1993d983332c0 - - default default] Successfully bumped revision number for resource d6fe1bf3-d784-47f6-a831-09b6cc6c93fd (type: security_group_rules) to 0
2026-04-27 02:40:20.544 9 INFO neutron.wsgi [None req-0fb1c632-7b42-4951-9782-5461c95543a0 42ee43e6e6914f338410c20cd6a206e7 7c606770bfa24b3c8048304c17993525 - - default default] 10.0.0.219 "DELETE /v2.0/subnets/4bb727a4-8337-435b-b873-140d19a5088d HTTP/1.1" status: 204 len: 168 time: 0.1864207
2026-04-27 02:40:20.574 10 INFO neutron.db.ovn_revision_numbers_db [None req-1e0089c4-94dd-46de-aae1-4406966a6165 d9ea0af1dba2472c8846e67cb86bb4a2 3dd4cd83ad5e4d61b6856597b50c9682 - - default default] Successfully bumped revision number for resource b4aeb1eb-b70b-41f8-9c4f-604f5752062e (type: security_group_rules) to 0
2026-04-27 02:40:20.581 9 INFO neutron.wsgi [-] 10.0.0.113 "GET / HTTP/1.1" status: 200 len: 246 time: 0.0022769
2026-04-27 02:40:20.583 10 INFO neutron.wsgi [-] 10.0.0.113 "GET / HTTP/1.1" status: 200 len: 246 time: 0.0023532
2026-04-27 02:40:20.988 9 INFO neutron.wsgi [None req-f1dd3062-af93-475d-ac1d-7e89a1dee587 42ee43e6e6914f338410c20cd6a206e7 7c606770bfa24b3c8048304c17993525 - - default default] 10.0.0.219 "DELETE /v2.0/networks/2cdf62ec-dea0-4b9a-b7ff-6361f2945810 HTTP/1.1" status: 204 len: 168 time: 0.4243307
2026-04-27 02:40:20.999 9 WARNING neutron_lib.context [None req-27fa4b20-21a7-4527-b2c8-3afdeef6116f 42ee43e6e6914f338410c20cd6a206e7 7c606770bfa24b3c8048304c17993525 - - default default] Method 'is_advsvc' is deprecated since 2023.2 release (neutron-lib 3.8.0) and will be removed once support for the old RBAC API policies will be removed from Neutron. Please use method 'is_service_role' instead.
2026-04-27 02:40:21.172 10 INFO neutron.services.segments.plugin [-] Segment d51a7dba-47a5-4ed2-97a0-62bf97316a8d resource provider aggregate not found
2026-04-27 02:40:21.177 10 INFO neutron.services.segments.plugin [-] Segment d51a7dba-47a5-4ed2-97a0-62bf97316a8d resource provider aggregate not found
2026-04-27 02:40:21.196 10 INFO neutron.db.segments_db [None req-1e0089c4-94dd-46de-aae1-4406966a6165 d9ea0af1dba2472c8846e67cb86bb4a2 3dd4cd83ad5e4d61b6856597b50c9682 - - default default] Added segment b67b37ed-33c8-4013-9b46-b6cd191f7f25 of type geneve for network 1dfa51f1-bbcb-42d3-98c4-e1e0e904b792
2026-04-27 02:40:21.197 9 INFO neutron.db.segments_db [None req-27fa4b20-21a7-4527-b2c8-3afdeef6116f 42ee43e6e6914f338410c20cd6a206e7 7c606770bfa24b3c8048304c17993525 - - default default] Added segment 89e50602-e4b4-48db-9f99-0bfc184d7c97 of type geneve for network 2ed8a3a4-90d7-4d90-8813-e0c4366b4e46
2026-04-27 02:40:21.198 10 INFO neutron.services.segments.plugin [-] Segment d51a7dba-47a5-4ed2-97a0-62bf97316a8d resource provider not found; error: Placement Client Error (4xx): {"errors": [{"status": 404, "title": "Not Found", "detail": "The resource could not be found.\n\n No resource provider with uuid d51a7dba-47a5-4ed2-97a0-62bf97316a8d found for delete ", "request_id": "req-ae1d351b-65a3-493d-9bf5-df9e9f984bcd"}]}
2026-04-27 02:40:21.201 10 INFO neutron.db.segments_db [None req-fc97e5c5-d7d7-4aac-9004-7675f8407544 22416e6fdff84560a8a2436d9824f120 38e0481007d541beb7a1993d983332c0 - - default default] Added segment 8ac4df3c-a160-4989-ac23-6e1b36fea929 of type geneve for network a362025d-a72f-4f53-b6a3-e384d32a6262
2026-04-27 02:40:21.211 10 INFO neutron.services.segments.plugin [-] Segment d51a7dba-47a5-4ed2-97a0-62bf97316a8d resource provider not found; error: Placement Client Error (4xx): {"errors": [{"status": 404, "title": "Not Found", "detail": "The resource could not be found.\n\n No resource provider with uuid d51a7dba-47a5-4ed2-97a0-62bf97316a8d found for delete ", "request_id": "req-464ca1f6-928a-46c7-9bf6-ce7966cd0bbf"}]}
2026-04-27 02:40:21.250 10 INFO neutron.wsgi [None req-f9d89cbe-2b67-45d8-8362-a50e107b9580 7c8bf31d46f04a3bbe824fa6f077995c 5daaa25390a34f7d85dec2cb3b5321de - - default default] 10.0.0.219 "DELETE /v2.0/networks/5002d16d-1251-4313-822e-9c7bb3434dad HTTP/1.1" status: 204 len: 168 time: 1.1964874
2026-04-27 02:40:21.362 9 INFO neutron.db.ovn_revision_numbers_db [None req-27fa4b20-21a7-4527-b2c8-3afdeef6116f 42ee43e6e6914f338410c20cd6a206e7 7c606770bfa24b3c8048304c17993525 - - default default] Successfully bumped revision number for resource 2ed8a3a4-90d7-4d90-8813-e0c4366b4e46 (type: networks) to 1
2026-04-27 02:40:21.406 10 INFO neutron.wsgi [None req-7bf577b2-e713-4833-8262-ac4a42c10d14 7c8bf31d46f04a3bbe824fa6f077995c 5daaa25390a34f7d85dec2cb3b5321de - - default default] 10.0.0.219 "GET /v2.0/networks HTTP/1.1" status: 200 len: 845 time: 0.1431546
2026-04-27 02:40:21.441 10 WARNING neutron_lib.context [None req-2559efd1-6e91-4911-9219-4420f3fc3b99 7c8bf31d46f04a3bbe824fa6f077995c 5daaa25390a34f7d85dec2cb3b5321de - - default default] Method 'is_advsvc' is deprecated since 2023.2 release (neutron-lib 3.8.0) and will be removed once support for the old RBAC API policies will be removed from Neutron. Please use method 'is_service_role' instead.
2026-04-27 02:40:21.532 10 INFO neutron.db.ovn_revision_numbers_db [None req-1e0089c4-94dd-46de-aae1-4406966a6165 d9ea0af1dba2472c8846e67cb86bb4a2 3dd4cd83ad5e4d61b6856597b50c9682 - - default default] Successfully bumped revision number for resource 1dfa51f1-bbcb-42d3-98c4-e1e0e904b792 (type: networks) to 1
2026-04-27 02:40:21.547 10 INFO neutron.db.ovn_revision_numbers_db [None req-fc97e5c5-d7d7-4aac-9004-7675f8407544 22416e6fdff84560a8a2436d9824f120 38e0481007d541beb7a1993d983332c0 - - default default] Successfully bumped revision number for resource a362025d-a72f-4f53-b6a3-e384d32a6262 (type: networks) to 1
2026-04-27 02:40:21.587 9 WARNING neutron.scheduler.dhcp_agent_scheduler [None req-27fa4b20-21a7-4527-b2c8-3afdeef6116f 42ee43e6e6914f338410c20cd6a206e7 7c606770bfa24b3c8048304c17993525 - - default default] No more DHCP agents
2026-04-27 02:40:21.591 9 WARNING neutron.api.rpc.agentnotifiers.dhcp_rpc_agent_api [None req-27fa4b20-21a7-4527-b2c8-3afdeef6116f 42ee43e6e6914f338410c20cd6a206e7 7c606770bfa24b3c8048304c17993525 - - default default] Unable to schedule network 2ed8a3a4-90d7-4d90-8813-e0c4366b4e46: no agents available; will retry on subsequent port and subnet creation events.
2026-04-27 02:40:21.649 10 INFO neutron.db.segments_db [None req-2559efd1-6e91-4911-9219-4420f3fc3b99 7c8bf31d46f04a3bbe824fa6f077995c 5daaa25390a34f7d85dec2cb3b5321de - - default default] Added segment ca08715c-f62c-473f-93fd-e9558215b5f3 of type geneve for network 02660e86-b7b4-48de-9482-79293f07f81a
2026-04-27 02:40:21.727 9 INFO neutron.db.ovn_revision_numbers_db [None req-27fa4b20-21a7-4527-b2c8-3afdeef6116f 42ee43e6e6914f338410c20cd6a206e7 7c606770bfa24b3c8048304c17993525 - - default default] Successfully bumped revision number for resource c02aa79d-3551-4a43-96b8-d276a4097771 (type: ports) to 1
2026-04-27 02:40:21.767 9 INFO neutron.wsgi [None req-27fa4b20-21a7-4527-b2c8-3afdeef6116f 42ee43e6e6914f338410c20cd6a206e7 7c606770bfa24b3c8048304c17993525 - - default default] 10.0.0.219 "POST /v2.0/networks HTTP/1.1" status: 201 len: 833 time: 0.7724197
2026-04-27 02:40:21.783 9 WARNING neutron_lib.context [None req-6c3f9989-4e73-4003-b0f0-8e6cea262b17 42ee43e6e6914f338410c20cd6a206e7 7c606770bfa24b3c8048304c17993525 - - default default] Method 'is_advsvc' is deprecated since 2023.2 release (neutron-lib 3.8.0) and will be removed once support for the old RBAC API policies will be removed from Neutron. Please use method 'is_service_role' instead.
2026-04-27 02:40:21.895 10 WARNING neutron.scheduler.dhcp_agent_scheduler [None req-1e0089c4-94dd-46de-aae1-4406966a6165 d9ea0af1dba2472c8846e67cb86bb4a2 3dd4cd83ad5e4d61b6856597b50c9682 - - default default] No more DHCP agents
2026-04-27 02:40:21.900 10 WARNING neutron.api.rpc.agentnotifiers.dhcp_rpc_agent_api [None req-1e0089c4-94dd-46de-aae1-4406966a6165 d9ea0af1dba2472c8846e67cb86bb4a2 3dd4cd83ad5e4d61b6856597b50c9682 - - default default] Unable to schedule network 1dfa51f1-bbcb-42d3-98c4-e1e0e904b792: no agents available; will retry on subsequent port and subnet creation events.
2026-04-27 02:40:21.903 10 WARNING neutron.scheduler.dhcp_agent_scheduler [None req-fc97e5c5-d7d7-4aac-9004-7675f8407544 22416e6fdff84560a8a2436d9824f120 38e0481007d541beb7a1993d983332c0 - - default default] No more DHCP agents
2026-04-27 02:40:21.904 10 INFO neutron.db.ovn_revision_numbers_db [None req-2559efd1-6e91-4911-9219-4420f3fc3b99 7c8bf31d46f04a3bbe824fa6f077995c 5daaa25390a34f7d85dec2cb3b5321de - - default default] Successfully bumped revision number for resource 02660e86-b7b4-48de-9482-79293f07f81a (type: networks) to 1
2026-04-27 02:40:21.918 10 WARNING neutron.api.rpc.agentnotifiers.dhcp_rpc_agent_api [None req-fc97e5c5-d7d7-4aac-9004-7675f8407544 22416e6fdff84560a8a2436d9824f120 38e0481007d541beb7a1993d983332c0 - - default default] Unable to schedule network a362025d-a72f-4f53-b6a3-e384d32a6262: no agents available; will retry on subsequent port and subnet creation events.
2026-04-27 02:40:22.021 9 INFO neutron.services.segments.plugin [-] Segment 787c2e73-2ec1-4e85-952e-84f1c5bd4e95 resource provider aggregate not found
2026-04-27 02:40:22.030 9 INFO neutron.services.segments.plugin [-] Segment 787c2e73-2ec1-4e85-952e-84f1c5bd4e95 resource provider aggregate not found
2026-04-27 02:40:22.038 9 INFO neutron.services.segments.plugin [-] Segment 787c2e73-2ec1-4e85-952e-84f1c5bd4e95 resource provider not found; error: Placement Client Error (4xx): {"errors": [{"status": 404, "title": "Not Found", "detail": "The resource could not be found.\n\n No resource provider with uuid 787c2e73-2ec1-4e85-952e-84f1c5bd4e95 found for delete ", "request_id": "req-d75352b1-d4f2-4257-9b06-9d0dc0cc508c"}]}
2026-04-27 02:40:22.046 9 INFO neutron.services.segments.plugin [-] Segment 787c2e73-2ec1-4e85-952e-84f1c5bd4e95 resource provider not found; error: Placement Client Error (4xx): {"errors": [{"status": 404, "title": "Not Found", "detail": "The resource could not be found.\n\n No resource provider with uuid 787c2e73-2ec1-4e85-952e-84f1c5bd4e95 found for delete ", "request_id": "req-67bfb0f9-b161-4598-a1e4-a29901a6b045"}]}
2026-04-27 02:40:22.088 10 INFO neutron.db.ovn_revision_numbers_db [None req-1e0089c4-94dd-46de-aae1-4406966a6165 d9ea0af1dba2472c8846e67cb86bb4a2 3dd4cd83ad5e4d61b6856597b50c9682 - - default default] Successfully bumped revision number for resource 5cbeffea-0076-4cd1-b6ea-84103874897c (type: ports) to 1
2026-04-27 02:40:22.096 9 WARNING neutron.scheduler.dhcp_agent_scheduler [None req-6c3f9989-4e73-4003-b0f0-8e6cea262b17 42ee43e6e6914f338410c20cd6a206e7 7c606770bfa24b3c8048304c17993525 - - default default] No more DHCP agents
2026-04-27 02:40:22.099 9 WARNING neutron.api.rpc.agentnotifiers.dhcp_rpc_agent_api [None req-6c3f9989-4e73-4003-b0f0-8e6cea262b17 42ee43e6e6914f338410c20cd6a206e7 7c606770bfa24b3c8048304c17993525 - - default default] Unable to schedule network 2ed8a3a4-90d7-4d90-8813-e0c4366b4e46: no agents available; will retry on subsequent port and subnet creation events.
2026-04-27 02:40:22.109 10 INFO neutron.db.ovn_revision_numbers_db [None req-fc97e5c5-d7d7-4aac-9004-7675f8407544 22416e6fdff84560a8a2436d9824f120 38e0481007d541beb7a1993d983332c0 - - default default] Successfully bumped revision number for resource 335f71a6-cba1-431c-81af-26dfa4165c0c (type: ports) to 1
2026-04-27 02:40:22.132 9 INFO neutron.db.ovn_revision_numbers_db [None req-6c3f9989-4e73-4003-b0f0-8e6cea262b17 42ee43e6e6914f338410c20cd6a206e7 7c606770bfa24b3c8048304c17993525 - - default default] Successfully bumped revision number for resource aa554c54-86df-43c2-8036-0db27038f01d (type: subnets) to 0
2026-04-27 02:40:22.139 10 INFO neutron.wsgi [None req-1e0089c4-94dd-46de-aae1-4406966a6165 d9ea0af1dba2472c8846e67cb86bb4a2 3dd4cd83ad5e4d61b6856597b50c9682 - - default default] 10.0.0.219 "POST /v2.0/networks HTTP/1.1" status: 201 len: 845 time: 2.0717640
2026-04-27 02:40:22.150 9 INFO neutron.wsgi [None req-6c3f9989-4e73-4003-b0f0-8e6cea262b17 42ee43e6e6914f338410c20cd6a206e7 7c606770bfa24b3c8048304c17993525 - - default default] 10.0.0.219 "POST /v2.0/subnets HTTP/1.1" status: 201 len: 821 time: 0.3749518
2026-04-27 02:40:22.155 10 INFO neutron.wsgi [None req-fc97e5c5-d7d7-4aac-9004-7675f8407544 22416e6fdff84560a8a2436d9824f120 38e0481007d541beb7a1993d983332c0 - - default default] 10.0.0.219 "POST /v2.0/networks HTTP/1.1" status: 201 len: 843 time: 2.1883817
2026-04-27 02:40:22.161 9 WARNING neutron_lib.context [None req-19ef1961-d409-49c1-a118-953e71ee4f45 42ee43e6e6914f338410c20cd6a206e7 7c606770bfa24b3c8048304c17993525 - - default default] Method 'is_advsvc' is deprecated since 2023.2 release (neutron-lib 3.8.0) and will be removed once support for the old RBAC API policies will be removed from Neutron. Please use method 'is_service_role' instead.
2026-04-27 02:40:22.168 10 WARNING neutron_lib.context [None req-37327d1b-d87f-4087-ae74-791ad566161f 22416e6fdff84560a8a2436d9824f120 38e0481007d541beb7a1993d983332c0 - - default default] Method 'is_advsvc' is deprecated since 2023.2 release (neutron-lib 3.8.0) and will be removed once support for the old RBAC API policies will be removed from Neutron. Please use method 'is_service_role' instead.
2026-04-27 02:40:22.251 10 WARNING neutron.scheduler.dhcp_agent_scheduler [None req-2559efd1-6e91-4911-9219-4420f3fc3b99 7c8bf31d46f04a3bbe824fa6f077995c 5daaa25390a34f7d85dec2cb3b5321de - - default default] No more DHCP agents
2026-04-27 02:40:22.265 10 WARNING neutron.api.rpc.agentnotifiers.dhcp_rpc_agent_api [None req-2559efd1-6e91-4911-9219-4420f3fc3b99 7c8bf31d46f04a3bbe824fa6f077995c 5daaa25390a34f7d85dec2cb3b5321de - - default default] Unable to schedule network 02660e86-b7b4-48de-9482-79293f07f81a: no agents available; will retry on subsequent port and subnet creation events.
2026-04-27 02:40:22.294 9 INFO neutron.db.ovn_revision_numbers_db [None req-19ef1961-d409-49c1-a118-953e71ee4f45 42ee43e6e6914f338410c20cd6a206e7 7c606770bfa24b3c8048304c17993525 - - default default] Successfully bumped revision number for resource 376d31d6-5e83-413b-8243-3e90855fe50b (type: routers) to 1
2026-04-27 02:40:22.329 9 INFO neutron.wsgi [None req-19ef1961-d409-49c1-a118-953e71ee4f45 42ee43e6e6914f338410c20cd6a206e7 7c606770bfa24b3c8048304c17993525 - - default default] 10.0.0.219 "POST /v2.0/routers HTTP/1.1" status: 201 len: 805 time: 0.1731203
2026-04-27 02:40:22.424 10 INFO neutron.db.ovn_revision_numbers_db [None req-2559efd1-6e91-4911-9219-4420f3fc3b99 7c8bf31d46f04a3bbe824fa6f077995c 5daaa25390a34f7d85dec2cb3b5321de - - default default] Successfully bumped revision number for resource cc2b2815-6535-4164-b869-6e47bfe3c554 (type: ports) to 1
2026-04-27 02:40:22.473 10 INFO neutron.wsgi [None req-2559efd1-6e91-4911-9219-4420f3fc3b99 7c8bf31d46f04a3bbe824fa6f077995c 5daaa25390a34f7d85dec2cb3b5321de - - default default] 10.0.0.219 "POST /v2.0/networks HTTP/1.1" status: 201 len: 852 time: 1.0431077
2026-04-27 02:40:22.484 10 WARNING neutron_lib.context [None req-a9500f48-b72c-4885-9658-9f10ac609a99 7c8bf31d46f04a3bbe824fa6f077995c 5daaa25390a34f7d85dec2cb3b5321de - - default default] Method 'is_advsvc' is deprecated since 2023.2 release (neutron-lib 3.8.0) and will be removed once support for the old RBAC API policies will be removed from Neutron. Please use method 'is_service_role' instead.
2026-04-27 02:40:22.531 10 WARNING neutron.plugins.ml2.drivers.ovn.mech_driver.ovsdb.ovn_client [None req-7c0bb731-d3c6-4903-bb15-094de17c8316 - - - - - -] No port found with ID 6df2235b-7283-4360-b3a6-b53c677a8d58: RuntimeError: No port found with ID 6df2235b-7283-4360-b3a6-b53c677a8d58
2026-04-27 02:40:22.575 10 WARNING neutron.scheduler.dhcp_agent_scheduler [None req-37327d1b-d87f-4087-ae74-791ad566161f 22416e6fdff84560a8a2436d9824f120 38e0481007d541beb7a1993d983332c0 - - default default] No more DHCP agents
2026-04-27 02:40:22.577 10 WARNING neutron.api.rpc.agentnotifiers.dhcp_rpc_agent_api [None req-37327d1b-d87f-4087-ae74-791ad566161f 22416e6fdff84560a8a2436d9824f120 38e0481007d541beb7a1993d983332c0 - - default default] Unable to schedule network a362025d-a72f-4f53-b6a3-e384d32a6262: no agents available; will retry on subsequent port and subnet creation events.
2026-04-27 02:40:22.630 10 INFO neutron.db.segments_db [None req-a9500f48-b72c-4885-9658-9f10ac609a99 7c8bf31d46f04a3bbe824fa6f077995c 5daaa25390a34f7d85dec2cb3b5321de - - default default] Added segment 2f197b09-6889-4f24-b8d5-b0d7e130770d of type geneve for network 3b690623-146a-42d3-9117-95f5f787d9b3
2026-04-27 02:40:22.644 9 WARNING neutron_lib.context [None req-10c6c52d-31bd-4c54-b1f4-9a5961ca38e9 d9ea0af1dba2472c8846e67cb86bb4a2 3dd4cd83ad5e4d61b6856597b50c9682 - - default default] Method 'is_advsvc' is deprecated since 2023.2 release (neutron-lib 3.8.0) and will be removed once support for the old RBAC API policies will be removed from Neutron. Please use method 'is_service_role' instead.
2026-04-27 02:40:22.731 10 INFO neutron.db.ovn_revision_numbers_db [None req-37327d1b-d87f-4087-ae74-791ad566161f 22416e6fdff84560a8a2436d9824f120 38e0481007d541beb7a1993d983332c0 - - default default] Successfully bumped revision number for resource da547ada-9c15-4753-a1ed-1a553a7b4dbf (type: ports) to 1
2026-04-27 02:40:22.767 10 INFO neutron.wsgi [None req-37327d1b-d87f-4087-ae74-791ad566161f 22416e6fdff84560a8a2436d9824f120 38e0481007d541beb7a1993d983332c0 - - default default] 10.0.0.219 "POST /v2.0/ports HTTP/1.1" status: 201 len: 973 time: 0.6048625
2026-04-27 02:40:22.781 9 WARNING neutron_lib.context [None req-e09cd0aa-60fa-4d74-bc2d-7bfa72d64a1c 22416e6fdff84560a8a2436d9824f120 38e0481007d541beb7a1993d983332c0 - - default default] Method 'is_advsvc' is deprecated since 2023.2 release (neutron-lib 3.8.0) and will be removed once support for the old RBAC API policies will be removed from Neutron. Please use method 'is_service_role' instead.
2026-04-27 02:40:22.827 10 INFO neutron.db.ovn_revision_numbers_db [None req-a9500f48-b72c-4885-9658-9f10ac609a99 7c8bf31d46f04a3bbe824fa6f077995c 5daaa25390a34f7d85dec2cb3b5321de - - default default] Successfully bumped revision number for resource 3b690623-146a-42d3-9117-95f5f787d9b3 (type: networks) to 1
2026-04-27 02:40:22.918 9 WARNING neutron.scheduler.dhcp_agent_scheduler [None req-08d667c9-61c0-4347-9d38-ddc60b6a802c 42ee43e6e6914f338410c20cd6a206e7 7c606770bfa24b3c8048304c17993525 - - default default] No more DHCP agents
2026-04-27 02:40:22.922 9 WARNING neutron.api.rpc.agentnotifiers.dhcp_rpc_agent_api [None req-08d667c9-61c0-4347-9d38-ddc60b6a802c 42ee43e6e6914f338410c20cd6a206e7 7c606770bfa24b3c8048304c17993525 - - default default] Unable to schedule network 2ed8a3a4-90d7-4d90-8813-e0c4366b4e46: no agents available; will retry on subsequent port and subnet creation events.
2026-04-27 02:40:22.952 9 INFO neutron.db.segments_db [None req-e09cd0aa-60fa-4d74-bc2d-7bfa72d64a1c 22416e6fdff84560a8a2436d9824f120 38e0481007d541beb7a1993d983332c0 - - default default] Added segment 54104402-c691-4515-887a-c4d479421ae1 of type geneve for network f379fb14-9e7c-43a0-81e9-52cd3d586846
2026-04-27 02:40:23.038 10 WARNING neutron.scheduler.dhcp_agent_scheduler [None req-a9500f48-b72c-4885-9658-9f10ac609a99 7c8bf31d46f04a3bbe824fa6f077995c 5daaa25390a34f7d85dec2cb3b5321de - - default default] No more DHCP agents
2026-04-27 02:40:23.040 10 WARNING neutron.api.rpc.agentnotifiers.dhcp_rpc_agent_api [None req-a9500f48-b72c-4885-9658-9f10ac609a99 7c8bf31d46f04a3bbe824fa6f077995c 5daaa25390a34f7d85dec2cb3b5321de - - default default] Unable to schedule network 3b690623-146a-42d3-9117-95f5f787d9b3: no agents available; will retry on subsequent port and subnet creation events.
2026-04-27 02:40:23.106 9 WARNING neutron.scheduler.dhcp_agent_scheduler [None req-10c6c52d-31bd-4c54-b1f4-9a5961ca38e9 d9ea0af1dba2472c8846e67cb86bb4a2 3dd4cd83ad5e4d61b6856597b50c9682 - - default default] No more DHCP agents
2026-04-27 02:40:23.117 9 WARNING neutron.api.rpc.agentnotifiers.dhcp_rpc_agent_api [None req-10c6c52d-31bd-4c54-b1f4-9a5961ca38e9 d9ea0af1dba2472c8846e67cb86bb4a2 3dd4cd83ad5e4d61b6856597b50c9682 - - default default] Unable to schedule network 1dfa51f1-bbcb-42d3-98c4-e1e0e904b792: no agents available; will retry on subsequent port and subnet creation events.
2026-04-27 02:40:23.173 10 INFO neutron.db.ovn_revision_numbers_db [None req-a9500f48-b72c-4885-9658-9f10ac609a99 7c8bf31d46f04a3bbe824fa6f077995c 5daaa25390a34f7d85dec2cb3b5321de - - default default] Successfully bumped revision number for resource 02640778-f16c-4d7b-b5b6-25881497fd2f (type: ports) to 1
2026-04-27 02:40:23.201 10 INFO neutron.wsgi [None req-a9500f48-b72c-4885-9658-9f10ac609a99 7c8bf31d46f04a3bbe824fa6f077995c 5daaa25390a34f7d85dec2cb3b5321de - - default default] 10.0.0.219 "POST /v2.0/networks HTTP/1.1" status: 201 len: 852 time: 0.7218866
2026-04-27 02:40:23.206 9 INFO neutron.db.ovn_revision_numbers_db [None req-08d667c9-61c0-4347-9d38-ddc60b6a802c 42ee43e6e6914f338410c20cd6a206e7 7c606770bfa24b3c8048304c17993525 - - default default] Successfully bumped revision number for resource 72d9e43b-8e2a-4921-a9c3-d042fab723e4 (type: ports) to 1
2026-04-27 02:40:23.212 9 WARNING neutron_lib.context [None req-988a9c0b-8885-4969-a098-f7ebf322873c 7c8bf31d46f04a3bbe824fa6f077995c 5daaa25390a34f7d85dec2cb3b5321de - - default default] Method 'is_advsvc' is deprecated since 2023.2 release (neutron-lib 3.8.0) and will be removed once support for the old RBAC API policies will be removed from Neutron. Please use method 'is_service_role' instead.
2026-04-27 02:40:23.215 9 INFO neutron.db.ovn_revision_numbers_db [None req-10c6c52d-31bd-4c54-b1f4-9a5961ca38e9 d9ea0af1dba2472c8846e67cb86bb4a2 3dd4cd83ad5e4d61b6856597b50c9682 - - default default] Successfully bumped revision number for resource 901b78ae-8872-4702-84d4-23688ad220c1 (type: subnets) to 0
2026-04-27 02:40:23.225 9 INFO neutron.db.ovn_revision_numbers_db [None req-e09cd0aa-60fa-4d74-bc2d-7bfa72d64a1c 22416e6fdff84560a8a2436d9824f120 38e0481007d541beb7a1993d983332c0 - - default default] Successfully bumped revision number for resource f379fb14-9e7c-43a0-81e9-52cd3d586846 (type: networks) to 1
2026-04-27 02:40:23.244 9 INFO neutron.wsgi [None req-10c6c52d-31bd-4c54-b1f4-9a5961ca38e9 d9ea0af1dba2472c8846e67cb86bb4a2 3dd4cd83ad5e4d61b6856597b50c9682 - - default default] 10.0.0.219 "POST /v2.0/subnets HTTP/1.1" status: 201 len: 848 time: 0.6047585 /var/lib/openstack/lib/python3.10/site-packages/pycadf/identifier.py:71: UserWarning: Invalid uuid: neutron. To ensure interoperability, identifiers should be a valid uuid. warnings.warn(('Invalid uuid: %s. To ensure interoperability, '
2026-04-27 02:40:23.258 10 WARNING neutron_lib.context [None req-f97755f5-1c94-4ebf-915b-0abc85c82104 d9ea0af1dba2472c8846e67cb86bb4a2 3dd4cd83ad5e4d61b6856597b50c9682 - - default default] Method 'is_advsvc' is deprecated since 2023.2 release (neutron-lib 3.8.0) and will be removed once support for the old RBAC API policies will be removed from Neutron. Please use method 'is_service_role' instead.
2026-04-27 02:40:23.295 9 WARNING neutron_lib.context [None req-988a9c0b-8885-4969-a098-f7ebf322873c 7c8bf31d46f04a3bbe824fa6f077995c 5daaa25390a34f7d85dec2cb3b5321de - - default default] Method 'is_advsvc' is deprecated since 2023.2 release (neutron-lib 3.8.0) and will be removed once support for the old RBAC API policies will be removed from Neutron. Please use method 'is_service_role' instead.
2026-04-27 02:40:23.348 10 INFO neutron.db.segments_db [None req-f97755f5-1c94-4ebf-915b-0abc85c82104 d9ea0af1dba2472c8846e67cb86bb4a2 3dd4cd83ad5e4d61b6856597b50c9682 - - default default] Added segment aa2d4cc7-dd69-48db-83a6-abe245656edc of type geneve for network 8837c100-147a-4042-9a99-1184db5f7cf8
2026-04-27 02:40:23.491 10 INFO neutron.db.ovn_revision_numbers_db [None req-f97755f5-1c94-4ebf-915b-0abc85c82104 d9ea0af1dba2472c8846e67cb86bb4a2 3dd4cd83ad5e4d61b6856597b50c9682 - - default default] Successfully bumped revision number for resource 8837c100-147a-4042-9a99-1184db5f7cf8 (type: networks) to 1
2026-04-27 02:40:23.690 10 WARNING neutron.scheduler.dhcp_agent_scheduler [None req-f97755f5-1c94-4ebf-915b-0abc85c82104 d9ea0af1dba2472c8846e67cb86bb4a2 3dd4cd83ad5e4d61b6856597b50c9682 - - default default] No more DHCP agents
2026-04-27 02:40:23.692 10 WARNING neutron.api.rpc.agentnotifiers.dhcp_rpc_agent_api [None req-f97755f5-1c94-4ebf-915b-0abc85c82104 d9ea0af1dba2472c8846e67cb86bb4a2 3dd4cd83ad5e4d61b6856597b50c9682 - - default default] Unable to schedule network 8837c100-147a-4042-9a99-1184db5f7cf8: no agents available; will retry on subsequent port and subnet creation events.
2026-04-27 02:40:23.788 10 INFO neutron.db.ovn_revision_numbers_db [None req-f97755f5-1c94-4ebf-915b-0abc85c82104 d9ea0af1dba2472c8846e67cb86bb4a2 3dd4cd83ad5e4d61b6856597b50c9682 - - default default] Successfully bumped revision number for resource 964eb6a8-8a7d-407b-ba7f-9272f77975d5 (type: ports) to 1
2026-04-27 02:40:23.811 10 INFO neutron.wsgi [None req-f97755f5-1c94-4ebf-915b-0abc85c82104 d9ea0af1dba2472c8846e67cb86bb4a2 3dd4cd83ad5e4d61b6856597b50c9682 - - default default] 10.0.0.219 "POST /v2.0/networks HTTP/1.1" status: 201 len: 847 time: 0.5605984
2026-04-27 02:40:23.866 9 WARNING neutron.scheduler.dhcp_agent_scheduler [None req-e09cd0aa-60fa-4d74-bc2d-7bfa72d64a1c 22416e6fdff84560a8a2436d9824f120 38e0481007d541beb7a1993d983332c0 - - default default] No more DHCP agents
2026-04-27 02:40:23.873 9 WARNING neutron.api.rpc.agentnotifiers.dhcp_rpc_agent_api [None req-e09cd0aa-60fa-4d74-bc2d-7bfa72d64a1c 22416e6fdff84560a8a2436d9824f120 38e0481007d541beb7a1993d983332c0 - - default default] Unable to schedule network f379fb14-9e7c-43a0-81e9-52cd3d586846: no agents available; will retry on subsequent port and subnet creation events.
2026-04-27 02:40:24.061 9 INFO neutron.db.ovn_revision_numbers_db [None req-e09cd0aa-60fa-4d74-bc2d-7bfa72d64a1c 22416e6fdff84560a8a2436d9824f120 38e0481007d541beb7a1993d983332c0 - - default default] Successfully bumped revision number for resource b6976ab3-b25a-41c3-a00b-83b6744858a1 (type: ports) to 1
2026-04-27 02:40:24.069 10 INFO neutron.db.ovn_revision_numbers_db [None req-39a19266-d812-4ed7-8e08-263328d286be d9ea0af1dba2472c8846e67cb86bb4a2 3dd4cd83ad5e4d61b6856597b50c9682 - - default default] Successfully bumped revision number for resource 8837c100-147a-4042-9a99-1184db5f7cf8 (type: networks) to 2
2026-04-27 02:40:24.074 10 INFO neutron.wsgi [None req-39a19266-d812-4ed7-8e08-263328d286be d9ea0af1dba2472c8846e67cb86bb4a2 3dd4cd83ad5e4d61b6856597b50c9682 - - default default] 10.0.0.219 "PUT /v2.0/networks/8837c100-147a-4042-9a99-1184db5f7cf8 HTTP/1.1" status: 200 len: 792 time: 0.2572000
2026-04-27 02:40:24.086 10 WARNING neutron_lib.context [None req-315c07b8-b770-49d7-a9e7-e6749fa95e61 d9ea0af1dba2472c8846e67cb86bb4a2 3dd4cd83ad5e4d61b6856597b50c9682 - - default default] Method 'is_advsvc' is deprecated since 2023.2 release (neutron-lib 3.8.0) and will be removed once support for the old RBAC API policies will be removed from Neutron. Please use method 'is_service_role' instead.
2026-04-27 02:40:24.096 9 INFO neutron.wsgi [None req-e09cd0aa-60fa-4d74-bc2d-7bfa72d64a1c 22416e6fdff84560a8a2436d9824f120 38e0481007d541beb7a1993d983332c0 - - default default] 10.0.0.219 "POST /v2.0/networks HTTP/1.1" status: 201 len: 829 time: 1.3229392
2026-04-27 02:40:24.109 10 WARNING neutron_lib.context [None req-6e5f3dfa-844d-4909-ba2f-5e7baf3c2913 22416e6fdff84560a8a2436d9824f120 38e0481007d541beb7a1993d983332c0 - - default default] Method 'is_advsvc' is deprecated since 2023.2 release (neutron-lib 3.8.0) and will be removed once support for the old RBAC API policies will be removed from Neutron. Please use method 'is_service_role' instead.
2026-04-27 02:40:24.277 9 ERROR ovsdbapp.backend.ovs_idl.command [None req-08d667c9-61c0-4347-9d38-ddc60b6a802c 42ee43e6e6914f338410c20cd6a206e7 7c606770bfa24b3c8048304c17993525 - - default default] Error executing command (DbGetCommand): ovsdbapp.backend.ovs_idl.idlutils.RowNotFound: Cannot find Logical_Router_Port with name=lrp-72d9e43b-8e2a-4921-a9c3-d042fab723e4
2026-04-27 02:40:24.277 9 ERROR ovsdbapp.backend.ovs_idl.command
Traceback (most recent call last):
2026-04-27 02:40:24.277 9 ERROR ovsdbapp.backend.ovs_idl.command
File "/var/lib/openstack/lib/python3.10/site-packages/ovsdbapp/backend/ovs_idl/command.py", line 47, in execute
2026-04-27 02:40:24.277 9 ERROR ovsdbapp.backend.ovs_idl.command self.run_idl(None)
2026-04-27 02:40:24.277 9 ERROR ovsdbapp.backend.ovs_idl.command
File "/var/lib/openstack/lib/python3.10/site-packages/ovsdbapp/backend/ovs_idl/command.py", line 235, in run_idl
2026-04-27 02:40:24.277 9 ERROR ovsdbapp.backend.ovs_idl.command record = self.api.lookup(self.table, self.record)
2026-04-27 02:40:24.277 9 ERROR ovsdbapp.backend.ovs_idl.command
File "/var/lib/openstack/lib/python3.10/site-packages/ovsdbapp/backend/ovs_idl/__init__.py", line 184, in lookup
2026-04-27 02:40:24.277 9 ERROR ovsdbapp.backend.ovs_idl.command return self._lookup(table, record)
2026-04-27 02:40:24.277 9 ERROR ovsdbapp.backend.ovs_idl.command
File "/var/lib/openstack/lib/python3.10/site-packages/ovsdbapp/backend/ovs_idl/__init__.py", line 235, in _lookup
2026-04-27 02:40:24.277 9 ERROR ovsdbapp.backend.ovs_idl.command row = idlutils.row_by_value(self, rl.table, rl.column, record)
2026-04-27 02:40:24.277 9 ERROR ovsdbapp.backend.ovs_idl.command
File "/var/lib/openstack/lib/python3.10/site-packages/ovsdbapp/backend/ovs_idl/idlutils.py", line 114, in row_by_value
2026-04-27 02:40:24.277 9 ERROR ovsdbapp.backend.ovs_idl.command raise RowNotFound(table=table, col=column, match=match)
2026-04-27 02:40:24.277 9 ERROR ovsdbapp.backend.ovs_idl.command ovsdbapp.backend.ovs_idl.idlutils.RowNotFound: Cannot find Logical_Router_Port with name=lrp-72d9e43b-8e2a-4921-a9c3-d042fab723e4
2026-04-27 02:40:24.277 9 ERROR ovsdbapp.backend.ovs_idl.command 
2026-04-27 02:40:24.278 9 ERROR neutron_lib.callbacks.manager [None req-08d667c9-61c0-4347-9d38-ddc60b6a802c 42ee43e6e6914f338410c20cd6a206e7 7c606770bfa24b3c8048304c17993525 - - default default] Error during notification for neutron.services.ovn_l3.plugin.OVNL3RouterPlugin._port_update-8771891537647 port, after_update: ovsdbapp.backend.ovs_idl.idlutils.RowNotFound: Cannot find Logical_Router_Port with name=lrp-72d9e43b-8e2a-4921-a9c3-d042fab723e4
2026-04-27 02:40:24.278 9 ERROR neutron_lib.callbacks.manager
Traceback (most recent call last):
2026-04-27 02:40:24.278 9 ERROR neutron_lib.callbacks.manager
File "/var/lib/openstack/lib/python3.10/site-packages/neutron_lib/callbacks/manager.py", line 189, in _notify_loop
2026-04-27 02:40:24.278 9 ERROR neutron_lib.callbacks.manager callback.method(resource, event, trigger, payload=payload)
2026-04-27 02:40:24.278 9 ERROR neutron_lib.callbacks.manager
File "/var/lib/openstack/lib/python3.10/site-packages/neutron/services/ovn_l3/plugin.py", line 391, in _port_update
2026-04-27 02:40:24.278 9 ERROR neutron_lib.callbacks.manager l3plugin._ovn_client.update_router_port(context,
2026-04-27 02:40:24.278 9 ERROR neutron_lib.callbacks.manager
File "/var/lib/openstack/lib/python3.10/site-packages/neutron/plugins/ml2/drivers/ovn/mech_driver/ovsdb/ovn_client.py", line 1878, in update_router_port
2026-04-27 02:40:24.278 9 ERROR neutron_lib.callbacks.manager self._update_lrouter_port(context, port, if_exists=if_exists,
2026-04-27 02:40:24.278 9 ERROR neutron_lib.callbacks.manager
File "/var/lib/openstack/lib/python3.10/site-packages/neutron/plugins/ml2/drivers/ovn/mech_driver/ovsdb/ovn_client.py", line 1855, in _update_lrouter_port
2026-04-27 02:40:24.278 9 ERROR neutron_lib.callbacks.manager external_ids = self._nb_idl.db_get(
2026-04-27 02:40:24.278 9 ERROR neutron_lib.callbacks.manager
File "/var/lib/openstack/lib/python3.10/site-packages/ovsdbapp/backend/ovs_idl/command.py", line 47, in execute
2026-04-27 02:40:24.278 9 ERROR neutron_lib.callbacks.manager self.run_idl(None)
2026-04-27 02:40:24.278 9 ERROR neutron_lib.callbacks.manager
File "/var/lib/openstack/lib/python3.10/site-packages/ovsdbapp/backend/ovs_idl/command.py", line 235, in run_idl
2026-04-27 02:40:24.278 9 ERROR neutron_lib.callbacks.manager record = self.api.lookup(self.table, self.record)
2026-04-27 02:40:24.278 9 ERROR neutron_lib.callbacks.manager
File "/var/lib/openstack/lib/python3.10/site-packages/ovsdbapp/backend/ovs_idl/__init__.py", line 184, in lookup
2026-04-27 02:40:24.278 9 ERROR neutron_lib.callbacks.manager return self._lookup(table, record)
2026-04-27 02:40:24.278 9 ERROR neutron_lib.callbacks.manager
File "/var/lib/openstack/lib/python3.10/site-packages/ovsdbapp/backend/ovs_idl/__init__.py", line 235, in _lookup
2026-04-27 02:40:24.278 9 ERROR neutron_lib.callbacks.manager row = idlutils.row_by_value(self, rl.table, rl.column, record)
2026-04-27 02:40:24.278 9 ERROR neutron_lib.callbacks.manager
File "/var/lib/openstack/lib/python3.10/site-packages/ovsdbapp/backend/ovs_idl/idlutils.py", line 114, in row_by_value
2026-04-27 02:40:24.278 9 ERROR neutron_lib.callbacks.manager raise RowNotFound(table=table, col=column, match=match)
2026-04-27 02:40:24.278 9 ERROR neutron_lib.callbacks.manager ovsdbapp.backend.ovs_idl.idlutils.RowNotFound: Cannot find Logical_Router_Port with name=lrp-72d9e43b-8e2a-4921-a9c3-d042fab723e4
2026-04-27 02:40:24.278 9 ERROR neutron_lib.callbacks.manager 
2026-04-27 02:40:24.409 10 WARNING neutron.scheduler.dhcp_agent_scheduler [None req-315c07b8-b770-49d7-a9e7-e6749fa95e61 d9ea0af1dba2472c8846e67cb86bb4a2 3dd4cd83ad5e4d61b6856597b50c9682 - - default default] No more DHCP agents
2026-04-27 02:40:24.411 10 WARNING neutron.api.rpc.agentnotifiers.dhcp_rpc_agent_api [None req-315c07b8-b770-49d7-a9e7-e6749fa95e61 d9ea0af1dba2472c8846e67cb86bb4a2 3dd4cd83ad5e4d61b6856597b50c9682 - - default default] Unable to schedule network 8837c100-147a-4042-9a99-1184db5f7cf8: no agents available; will retry on subsequent port and subnet creation events.
2026-04-27 02:40:24.413 10 WARNING neutron.scheduler.dhcp_agent_scheduler [None req-6e5f3dfa-844d-4909-ba2f-5e7baf3c2913 22416e6fdff84560a8a2436d9824f120 38e0481007d541beb7a1993d983332c0 - - default default] No more DHCP agents
2026-04-27 02:40:24.418 10 WARNING neutron.api.rpc.agentnotifiers.dhcp_rpc_agent_api [None req-6e5f3dfa-844d-4909-ba2f-5e7baf3c2913 22416e6fdff84560a8a2436d9824f120 38e0481007d541beb7a1993d983332c0 - - default default] Unable to schedule network f379fb14-9e7c-43a0-81e9-52cd3d586846: no agents available; will retry on subsequent port and subnet creation events.
2026-04-27 02:40:24.496 10 INFO neutron.db.ovn_revision_numbers_db [None req-315c07b8-b770-49d7-a9e7-e6749fa95e61 d9ea0af1dba2472c8846e67cb86bb4a2 3dd4cd83ad5e4d61b6856597b50c9682 - - default default] Successfully bumped revision number for resource 71d1dc82-d2d2-4435-9009-e99ac5031c0e (type: subnets) to 0
2026-04-27 02:40:24.511 10 INFO neutron.wsgi [None req-315c07b8-b770-49d7-a9e7-e6749fa95e61 d9ea0af1dba2472c8846e67cb86bb4a2 3dd4cd83ad5e4d61b6856597b50c9682 - - default default] 10.0.0.219 "POST /v2.0/subnets HTTP/1.1" status: 201 len: 821 time: 0.4309962
2026-04-27 02:40:24.528 9 WARNING neutron.scheduler.dhcp_agent_scheduler [None req-988a9c0b-8885-4969-a098-f7ebf322873c 7c8bf31d46f04a3bbe824fa6f077995c 5daaa25390a34f7d85dec2cb3b5321de - - default default] No more DHCP agents
2026-04-27 02:40:24.534 9 WARNING neutron.api.rpc.agentnotifiers.dhcp_rpc_agent_api [None req-988a9c0b-8885-4969-a098-f7ebf322873c 7c8bf31d46f04a3bbe824fa6f077995c 5daaa25390a34f7d85dec2cb3b5321de - - default default] Unable to schedule network 02660e86-b7b4-48de-9482-79293f07f81a: no agents available; will retry on subsequent port and subnet creation events.
2026-04-27 02:40:24.549 10 INFO neutron.plugins.ml2.drivers.ovn.mech_driver.mech_driver [None req-7c0bb731-d3c6-4903-bb15-094de17c8316 - - - - - -] OVN reports status up for port: 72d9e43b-8e2a-4921-a9c3-d042fab723e4
2026-04-27 02:40:24.569 10 INFO neutron.plugins.ml2.plugin [None req-7c0bb731-d3c6-4903-bb15-094de17c8316 - - - - - -] Attempt 1 to provision port 72d9e43b-8e2a-4921-a9c3-d042fab723e4
2026-04-27 02:40:24.603 9 INFO neutron.db.ovn_revision_numbers_db [None req-08d667c9-61c0-4347-9d38-ddc60b6a802c 42ee43e6e6914f338410c20cd6a206e7 7c606770bfa24b3c8048304c17993525 - - default default] Successfully bumped revision number for resource 72d9e43b-8e2a-4921-a9c3-d042fab723e4 (type: ports) to 1
2026-04-27 02:40:24.684 9 INFO neutron.db.ovn_revision_numbers_db [None req-988a9c0b-8885-4969-a098-f7ebf322873c 7c8bf31d46f04a3bbe824fa6f077995c 5daaa25390a34f7d85dec2cb3b5321de - - default default] Successfully bumped revision number for resource 9d191887-28cb-43b6-b5be-ae3c85057dda (type: ports) to 1
2026-04-27 02:40:24.729 9 WARNING neutron.scheduler.dhcp_agent_scheduler [None req-988a9c0b-8885-4969-a098-f7ebf322873c 7c8bf31d46f04a3bbe824fa6f077995c 5daaa25390a34f7d85dec2cb3b5321de - - default default] No more DHCP agents
2026-04-27 02:40:24.732 9 WARNING neutron.api.rpc.agentnotifiers.dhcp_rpc_agent_api [None req-988a9c0b-8885-4969-a098-f7ebf322873c 7c8bf31d46f04a3bbe824fa6f077995c 5daaa25390a34f7d85dec2cb3b5321de - - default default] Unable to schedule network 3b690623-146a-42d3-9117-95f5f787d9b3: no agents available; will retry on subsequent port and subnet creation events.
2026-04-27 02:40:24.734 9 WARNING neutron.scheduler.dhcp_agent_scheduler [None req-08d667c9-61c0-4347-9d38-ddc60b6a802c 42ee43e6e6914f338410c20cd6a206e7 7c606770bfa24b3c8048304c17993525 - - default default] No more DHCP agents
2026-04-27 02:40:24.744 9 WARNING neutron.api.rpc.agentnotifiers.dhcp_rpc_agent_api [None req-08d667c9-61c0-4347-9d38-ddc60b6a802c 42ee43e6e6914f338410c20cd6a206e7 7c606770bfa24b3c8048304c17993525 - - default default] Unable to schedule network 2ed8a3a4-90d7-4d90-8813-e0c4366b4e46: no agents available; will retry on subsequent port and subnet creation events.
2026-04-27 02:40:24.887 9 INFO neutron.db.ovn_revision_numbers_db [None req-988a9c0b-8885-4969-a098-f7ebf322873c 7c8bf31d46f04a3bbe824fa6f077995c 5daaa25390a34f7d85dec2cb3b5321de - - default default] Successfully bumped revision number for resource 0115f40c-ddcb-4509-9920-dbfc82eb86e9 (type: ports) to 1
2026-04-27 02:40:24.943 9 INFO neutron.wsgi [None req-988a9c0b-8885-4969-a098-f7ebf322873c 7c8bf31d46f04a3bbe824fa6f077995c 5daaa25390a34f7d85dec2cb3b5321de - - default default] 10.0.0.219 "POST /v2.0/ports HTTP/1.1" status: 201 len: 1706 time: 1.7371285 /var/lib/openstack/lib/python3.10/site-packages/pycadf/identifier.py:71: UserWarning: Invalid uuid: neutron. To ensure interoperability, identifiers should be a valid uuid. warnings.warn(('Invalid uuid: %s. To ensure interoperability, '
2026-04-27 02:40:25.015 9 INFO neutron.db.ovn_revision_numbers_db [None req-08d667c9-61c0-4347-9d38-ddc60b6a802c 42ee43e6e6914f338410c20cd6a206e7 7c606770bfa24b3c8048304c17993525 - - default default] Successfully bumped revision number for resource 72d9e43b-8e2a-4921-a9c3-d042fab723e4 (type: router_ports) to 1
2026-04-27 02:40:25.021 9 INFO neutron.wsgi [None req-08d667c9-61c0-4347-9d38-ddc60b6a802c 42ee43e6e6914f338410c20cd6a206e7 7c606770bfa24b3c8048304c17993525 - - default default] 10.0.0.219 "PUT /v2.0/routers/376d31d6-5e83-413b-8243-3e90855fe50b/add_router_interface HTTP/1.1" status: 200 len: 503 time: 2.6867094
2026-04-27 02:40:25.107 9 INFO neutron.wsgi [None req-2f6d6a0f-0014-41e3-9701-287f01981175 42ee43e6e6914f338410c20cd6a206e7 7c606770bfa24b3c8048304c17993525 - - default default] 10.0.0.219 "GET /v2.0/ports/72d9e43b-8e2a-4921-a9c3-d042fab723e4 HTTP/1.1" status: 200 len: 1141 time: 0.0731537
2026-04-27 02:40:25.162 9 INFO neutron.wsgi [None req-253a044e-5a2b-4fdd-9686-5e7bfddb978a 7c8bf31d46f04a3bbe824fa6f077995c 5daaa25390a34f7d85dec2cb3b5321de - - default default] 10.0.0.219 "GET /v2.0/ports HTTP/1.1" status: 200 len: 3213 time: 0.2140591
2026-04-27 02:40:25.182 9 INFO neutron.wsgi [None req-399e102a-fc01-4e46-b767-3b2283995e59 42ee43e6e6914f338410c20cd6a206e7 7c606770bfa24b3c8048304c17993525 - - default default] 10.0.0.219 "GET /v2.0/ports/72d9e43b-8e2a-4921-a9c3-d042fab723e4 HTTP/1.1" status: 200 len: 1141 time: 0.0683160
2026-04-27 02:40:25.572 9 INFO neutron.wsgi [None req-7e9a920e-5f46-40cd-a4d4-9d5cd1c0e024 7c8bf31d46f04a3bbe824fa6f077995c 5daaa25390a34f7d85dec2cb3b5321de - - default default] 10.0.0.219 "DELETE /v2.0/ports/9d191887-28cb-43b6-b5be-ae3c85057dda HTTP/1.1" status: 204 len: 168 time: 0.4033267
2026-04-27 02:40:25.704 10 INFO neutron.db.ovn_revision_numbers_db [None req-7c0bb731-d3c6-4903-bb15-094de17c8316 - - - - - -] Successfully bumped revision number for resource 72d9e43b-8e2a-4921-a9c3-d042fab723e4 (type: ports) to 2
2026-04-27 02:40:25.729 10 INFO neutron.db.ovn_revision_numbers_db [None req-6e5f3dfa-844d-4909-ba2f-5e7baf3c2913 22416e6fdff84560a8a2436d9824f120 38e0481007d541beb7a1993d983332c0 - - default default] Successfully bumped revision number for resource b6976ab3-b25a-41c3-a00b-83b6744858a1 (type: ports) to 2
2026-04-27 02:40:25.817 10 INFO neutron.db.ovn_revision_numbers_db [None req-6e5f3dfa-844d-4909-ba2f-5e7baf3c2913 22416e6fdff84560a8a2436d9824f120 38e0481007d541beb7a1993d983332c0 - - default default] Successfully bumped revision number for resource 84eda309-5973-4452-8b95-a9a6c4e13f3c (type: subnets) to 0
