2026-04-27 02:42:30.212 10 INFO neutron.wsgi [req-07de57c0-24fe-4c02-8205-65631efb30fa req-de62f819-6563-46b9-ac0d-4a4ce4606517 ec827a8a7a3f46a3a04d421d8e3e7988 3ade82478ed64c7db8d18762975797e1 - - 3c9a3e2df4314531a21ba8851fd274b4 3c9a3e2df4314531a21ba8851fd274b4] 199.204.45.210 "GET /v2.0/networks/7b3a5ec5-f062-4d2d-96ba-5eab91fdcac1?fields=provider%3Aphysical_network&fields=provider%3Anetwork_type HTTP/1.1" status: 200 len: 277 time: 0.0732160
2026-04-27 02:42:30.335 10 INFO neutron.wsgi [req-9162126b-bc5f-4bea-9871-d90bdcc334ec req-3a5c8197-c4d5-48e2-be3f-084ed1b99ed6 ec827a8a7a3f46a3a04d421d8e3e7988 3ade82478ed64c7db8d18762975797e1 - - 3c9a3e2df4314531a21ba8851fd274b4 3c9a3e2df4314531a21ba8851fd274b4] 199.204.45.210 "GET /v2.0/ports?tenant_id=8bbe1e220be241bdae98194c8a835657&device_id=5560d0fa-8390-437c-9361-01108f5b6710 HTTP/1.1" status: 200 len: 1407 time: 0.0504680
2026-04-27 02:42:30.430 9 INFO neutron.db.ovn_revision_numbers_db [None req-22fbf321-ac7c-4327-b06f-b64f4f4dbed7 67fa436fc5a744cbb4811e172d65033c 1f6be42bf6be4944938619dc5015bd64 - - default default] Successfully bumped revision number for resource 1f05114c-5d3a-4846-91d3-b7fb18d5eeb4 (type: ports) to 2
2026-04-27 02:42:30.435 10 INFO neutron.plugins.ml2.drivers.ovn.mech_driver.mech_driver [None req-7c0bb731-d3c6-4903-bb15-094de17c8316 - - - - - -] OVN reports status up for port: 515dade4-a014-408c-8318-763f49a9a960
2026-04-27 02:42:30.442 10 INFO neutron.wsgi [req-9162126b-bc5f-4bea-9871-d90bdcc334ec req-9e8694f8-cd2e-4577-a17e-c65c3c3250d8 ec827a8a7a3f46a3a04d421d8e3e7988 3ade82478ed64c7db8d18762975797e1 - - 3c9a3e2df4314531a21ba8851fd274b4 3c9a3e2df4314531a21ba8851fd274b4] 199.204.45.210 "GET /v2.0/networks?id=7b3a5ec5-f062-4d2d-96ba-5eab91fdcac1 HTTP/1.1" status: 200 len: 959 time: 0.1017408
2026-04-27 02:42:30.472 9 INFO neutron.db.ovn_revision_numbers_db [None req-22fbf321-ac7c-4327-b06f-b64f4f4dbed7 67fa436fc5a744cbb4811e172d65033c 1f6be42bf6be4944938619dc5015bd64 - - default default] Successfully bumped revision number for resource f1e189dc-b62e-4bab-99fb-486661c8ccf8 (type: subnets) to 0
2026-04-27 02:42:30.477 10 INFO neutron.plugins.ml2.plugin [None req-7c0bb731-d3c6-4903-bb15-094de17c8316 - - - - - -] Attempt 1 to provision port 515dade4-a014-408c-8318-763f49a9a960
2026-04-27 02:42:30.500 10 INFO neutron.wsgi [req-9162126b-bc5f-4bea-9871-d90bdcc334ec req-929771f2-f646-46fe-8fc2-bc8ae982a067 ec827a8a7a3f46a3a04d421d8e3e7988 3ade82478ed64c7db8d18762975797e1 - - 3c9a3e2df4314531a21ba8851fd274b4 3c9a3e2df4314531a21ba8851fd274b4] 199.204.45.210 "GET /v2.0/floatingips?fixed_ip_address=10.100.0.7&port_id=515dade4-a014-408c-8318-763f49a9a960 HTTP/1.1" status: 200 len: 217 time: 0.0399513
2026-04-27 02:42:30.511 9 INFO neutron.wsgi [None req-22fbf321-ac7c-4327-b06f-b64f4f4dbed7 67fa436fc5a744cbb4811e172d65033c 1f6be42bf6be4944938619dc5015bd64 - - default default] 10.0.0.219 "POST /v2.0/subnets HTTP/1.1" status: 201 len: 804 time: 1.0271211
2026-04-27 02:42:30.522 9 WARNING neutron_lib.context [None req-0feaafb5-9b10-488b-989f-e08405f16a26 67fa436fc5a744cbb4811e172d65033c 1f6be42bf6be4944938619dc5015bd64 - - default default] Method 'is_advsvc' is deprecated since 2023.2 release (neutron-lib 3.8.0) and will be removed once support for the old RBAC API policies will be removed from Neutron. Please use method 'is_service_role' instead.
2026-04-27 02:42:30.568 10 INFO neutron.wsgi [req-9162126b-bc5f-4bea-9871-d90bdcc334ec req-bd8d5c39-0b35-48e7-9134-2ba67a19a191 ec827a8a7a3f46a3a04d421d8e3e7988 3ade82478ed64c7db8d18762975797e1 - - 3c9a3e2df4314531a21ba8851fd274b4 3c9a3e2df4314531a21ba8851fd274b4] 199.204.45.210 "GET /v2.0/subnets?id=d6eb7121-3ae1-4caf-a7c8-304408fff9b2 HTTP/1.1" status: 200 len: 852 time: 0.0487435
2026-04-27 02:42:30.614 10 INFO neutron.wsgi [req-9162126b-bc5f-4bea-9871-d90bdcc334ec req-3ce351df-aee5-4324-a783-ff2e31b07bef ec827a8a7a3f46a3a04d421d8e3e7988 3ade82478ed64c7db8d18762975797e1 - - 3c9a3e2df4314531a21ba8851fd274b4 3c9a3e2df4314531a21ba8851fd274b4] 199.204.45.210 "GET /v2.0/ports?network_id=7b3a5ec5-f062-4d2d-96ba-5eab91fdcac1&device_owner=network%3Adhcp HTTP/1.1" status: 200 len: 210 time: 0.0399361
2026-04-27 02:42:30.736 10 INFO neutron.wsgi [req-aa210c70-6d07-4151-a8f2-f8c522c8aa89 req-31107e09-4d27-4faf-bf15-2fa497c4ae85 8a5ccb08c3884af98b36b15cfc2fe8b0 8bbe1e220be241bdae98194c8a835657 - - default default] 10.0.0.64 "GET /v2.0/ports?device_id=5560d0fa-8390-437c-9361-01108f5b6710 HTTP/1.1" status: 200 len: 1168 time: 0.0875103
2026-04-27 02:42:30.780 10 INFO neutron.wsgi [req-9162126b-bc5f-4bea-9871-d90bdcc334ec req-39475ae5-1022-4f96-9d77-ba5f33ede7aa ec827a8a7a3f46a3a04d421d8e3e7988 3ade82478ed64c7db8d18762975797e1 - - 3c9a3e2df4314531a21ba8851fd274b4 3c9a3e2df4314531a21ba8851fd274b4] 199.204.45.210 "GET /v2.0/networks/7b3a5ec5-f062-4d2d-96ba-5eab91fdcac1?fields=segments HTTP/1.1" status: 200 len: 212 time: 0.1534257
2026-04-27 02:42:30.895 10 INFO neutron.wsgi [req-aa210c70-6d07-4151-a8f2-f8c522c8aa89 req-23bfdf2a-8ab6-4575-9cb1-cc0577bddaaf 8a5ccb08c3884af98b36b15cfc2fe8b0 8bbe1e220be241bdae98194c8a835657 - - default default] 10.0.0.64 "GET /v2.0/security-groups?id=3ea4e8ec-466c-409e-8963-35ae158e1915&fields=id&fields=name HTTP/1.1" status: 200 len: 311 time: 0.1464674
2026-04-27 02:42:30.955 10 INFO neutron.wsgi [req-9162126b-bc5f-4bea-9871-d90bdcc334ec req-52d3ff49-538e-4993-a713-4674a950bf03 ec827a8a7a3f46a3a04d421d8e3e7988 3ade82478ed64c7db8d18762975797e1 - - 3c9a3e2df4314531a21ba8851fd274b4 3c9a3e2df4314531a21ba8851fd274b4] 199.204.45.210 "GET /v2.0/networks/7b3a5ec5-f062-4d2d-96ba-5eab91fdcac1?fields=provider%3Aphysical_network&fields=provider%3Anetwork_type HTTP/1.1" status: 200 len: 277 time: 0.1667132
2026-04-27 02:42:31.166 9 WARNING neutron.scheduler.dhcp_agent_scheduler [None req-0feaafb5-9b10-488b-989f-e08405f16a26 67fa436fc5a744cbb4811e172d65033c 1f6be42bf6be4944938619dc5015bd64 - - default default] No more DHCP agents
2026-04-27 02:42:31.172 9 WARNING neutron.api.rpc.agentnotifiers.dhcp_rpc_agent_api [None req-0feaafb5-9b10-488b-989f-e08405f16a26 67fa436fc5a744cbb4811e172d65033c 1f6be42bf6be4944938619dc5015bd64 - - default default] Unable to schedule network 1afed879-a56d-40fb-a1c7-497ae1e04522: no agents available; will retry on subsequent port and subnet creation events.
2026-04-27 02:42:31.181 10 INFO neutron.db.ovn_revision_numbers_db [None req-7c0bb731-d3c6-4903-bb15-094de17c8316 - - - - - -] Successfully bumped revision number for resource 515dade4-a014-408c-8318-763f49a9a960 (type: ports) to 4
2026-04-27 02:42:31.667 10 INFO neutron.wsgi [None req-fea539c9-434c-44bc-85fd-08c3d66ff78c 1f6c72ecd8664957a2347edd69858b2e e6ed90169e6849e8835ffc7bb1967d96 - - default default] 10.0.0.219 "PUT /v2.0/routers/901aefeb-bf50-4f55-bf54-88e85ed6e5d4/remove_router_interface HTTP/1.1" status: 200 len: 503 time: 2.6513739 /var/lib/openstack/lib/python3.10/site-packages/pycadf/identifier.py:71: UserWarning: Invalid uuid: neutron. To ensure interoperability, identifiers should be a valid uuid. warnings.warn(('Invalid uuid: %s. To ensure interoperability, '
2026-04-27 02:42:31.735 9 INFO neutron.db.ovn_revision_numbers_db [None req-0feaafb5-9b10-488b-989f-e08405f16a26 67fa436fc5a744cbb4811e172d65033c 1f6be42bf6be4944938619dc5015bd64 - - default default] Successfully bumped revision number for resource 6ca3e2b3-842a-49e3-b15f-1137da0167c4 (type: ports) to 1
2026-04-27 02:42:31.738 9 WARNING neutron.plugins.ml2.drivers.ovn.mech_driver.ovsdb.ovn_client [None req-e66e1c73-3690-4534-9534-2c7e1f794d09 - - - - - -] No hosting information found for port ae162e2d-0253-4e05-80c9-b67fbcac8a8c: RuntimeError: No hosting information found for port ae162e2d-0253-4e05-80c9-b67fbcac8a8c
2026-04-27 02:42:31.849 10 INFO neutron.notifiers.nova [-] Nova event matching ['req-eb9bb9b5-fa08-4788-8dcd-2fe7323200bd'] response: {'server_uuid': '5560d0fa-8390-437c-9361-01108f5b6710', 'name': 'network-vif-plugged', 'status': 'completed', 'tag': '515dade4-a014-408c-8318-763f49a9a960', 'code': 200}
2026-04-27 02:42:31.850 10 INFO neutron.notifiers.nova [-] Nova event matching ['req-eb9bb9b5-fa08-4788-8dcd-2fe7323200bd'] response: {'server_uuid': '5560d0fa-8390-437c-9361-01108f5b6710', 'name': 'network-vif-plugged', 'status': 'completed', 'tag': '515dade4-a014-408c-8318-763f49a9a960', 'code': 200}
2026-04-27 02:42:32.063 9 INFO neutron.plugins.ml2.drivers.ovn.mech_driver.mech_driver [None req-e66e1c73-3690-4534-9534-2c7e1f794d09 - - - - - -] OVN reports status up for port: bd67e56e-210d-4d1b-9479-5cf593770854
2026-04-27 02:42:32.078 9 INFO neutron.plugins.ml2.plugin [None req-e66e1c73-3690-4534-9534-2c7e1f794d09 - - - - - -] Attempt 1 to provision port bd67e56e-210d-4d1b-9479-5cf593770854
2026-04-27 02:42:32.280 10 INFO neutron.wsgi [req-2403de47-3d21-44f1-9f38-2003cca30ac5 req-f461d39d-fe6d-488e-b470-15727d6deea1 8a5ccb08c3884af98b36b15cfc2fe8b0 8bbe1e220be241bdae98194c8a835657 - - default default] 10.0.0.64 "GET /v2.0/ports?device_id=5560d0fa-8390-437c-9361-01108f5b6710 HTTP/1.1" status: 200 len: 1170 time: 0.1167154
2026-04-27 02:42:32.332 10 INFO neutron.wsgi [req-2403de47-3d21-44f1-9f38-2003cca30ac5 req-6d1fb191-3b56-4eb1-8d88-b93f1cbbc83e 8a5ccb08c3884af98b36b15cfc2fe8b0 8bbe1e220be241bdae98194c8a835657 - - default default] 10.0.0.64 "GET /v2.0/security-groups?id=3ea4e8ec-466c-409e-8963-35ae158e1915&fields=id&fields=name HTTP/1.1" status: 200 len: 311 time: 0.0465033
2026-04-27 02:42:32.450 9 INFO neutron.db.ovn_revision_numbers_db [None req-e66e1c73-3690-4534-9534-2c7e1f794d09 - - - - - -] Successfully bumped revision number for resource bd67e56e-210d-4d1b-9479-5cf593770854 (type: ports) to 3
2026-04-27 02:42:32.515 10 INFO neutron.plugins.ml2.drivers.ovn.mech_driver.mech_driver [None req-7c0bb731-d3c6-4903-bb15-094de17c8316 - - - - - -] OVN reports status up for port: 64a861ff-c5b8-4eee-81e9-916d0cae3f11
2026-04-27 02:42:32.527 10 INFO neutron.plugins.ml2.plugin [None req-7c0bb731-d3c6-4903-bb15-094de17c8316 - - - - - -] Attempt 1 to provision port 64a861ff-c5b8-4eee-81e9-916d0cae3f11
2026-04-27 02:42:32.699 9 INFO neutron.plugins.ml2.drivers.ovn.mech_driver.ovsdb.commands [None req-2f83eadb-83c8-4ead-bed7-3aacb14df636 - - - - - -] Schedule LRP lrp-6ca3e2b3-842a-49e3-b15f-1137da0167c4 on gateway ae5217f7-6578-4aeb-b314-a1b8b051c6b6 with priority 1
2026-04-27 02:42:32.710 9 INFO neutron.plugins.ml2.drivers.ovn.mech_driver.mech_driver [None req-e66e1c73-3690-4534-9534-2c7e1f794d09 - - - - - -] OVN reports status up for port: 6ca3e2b3-842a-49e3-b15f-1137da0167c4
2026-04-27 02:42:32.727 9 INFO neutron.plugins.ml2.plugin [None req-e66e1c73-3690-4534-9534-2c7e1f794d09 - - - - - -] Attempt 1 to provision port 6ca3e2b3-842a-49e3-b15f-1137da0167c4
2026-04-27 02:42:32.751 9 INFO neutron.db.ovn_revision_numbers_db [None req-0feaafb5-9b10-488b-989f-e08405f16a26 67fa436fc5a744cbb4811e172d65033c 1f6be42bf6be4944938619dc5015bd64 - - default default] Successfully bumped revision number for resource 6ca3e2b3-842a-49e3-b15f-1137da0167c4 (type: router_ports) to 1
2026-04-27 02:42:32.840 9 INFO neutron.db.ovn_revision_numbers_db [None req-0feaafb5-9b10-488b-989f-e08405f16a26 67fa436fc5a744cbb4811e172d65033c 1f6be42bf6be4944938619dc5015bd64 - - default default] Successfully bumped revision number for resource 8b7c8697-f207-44c0-b409-6d3e904976e3 (type: routers) to 2
2026-04-27 02:42:32.882 9 INFO neutron.wsgi [None req-0feaafb5-9b10-488b-989f-e08405f16a26 67fa436fc5a744cbb4811e172d65033c 1f6be42bf6be4944938619dc5015bd64 - - default default] 10.0.0.219 "POST /v2.0/routers HTTP/1.1" status: 201 len: 1135 time: 2.3650007 /var/lib/openstack/lib/python3.10/site-packages/pycadf/identifier.py:71: UserWarning: Invalid uuid: neutron. To ensure interoperability, identifiers should be a valid uuid. warnings.warn(('Invalid uuid: %s. To ensure interoperability, '
2026-04-27 02:42:32.977 10 INFO neutron.db.ovn_revision_numbers_db [None req-7c0bb731-d3c6-4903-bb15-094de17c8316 - - - - - -] Successfully bumped revision number for resource 64a861ff-c5b8-4eee-81e9-916d0cae3f11 (type: ports) to 3
2026-04-27 02:42:33.010 10 INFO neutron.wsgi [None req-be3252a7-ae6e-4d9b-97a5-fab16f7b8e1f 1f6c72ecd8664957a2347edd69858b2e e6ed90169e6849e8835ffc7bb1967d96 - - default default] 10.0.0.219 "DELETE /v2.0/routers/901aefeb-bf50-4f55-bf54-88e85ed6e5d4 HTTP/1.1" status: 204 len: 168 time: 1.3390050
2026-04-27 02:42:33.382 9 INFO neutron.wsgi [None req-faa28bd0-828c-4e55-bb8d-6f68fa227639 1f6c72ecd8664957a2347edd69858b2e e6ed90169e6849e8835ffc7bb1967d96 - - default default] 10.0.0.219 "DELETE /v2.0/subnets/e6087dd0-6ea8-4962-b31c-e16e640b9db9 HTTP/1.1" status: 204 len: 168 time: 0.3668034
2026-04-27 02:42:33.508 10 INFO neutron.wsgi [req-022bb477-63cb-4590-b9a8-0da2581be026 req-e3d9c59d-7977-46a6-9360-eb2cc3bb7955 8a5ccb08c3884af98b36b15cfc2fe8b0 8bbe1e220be241bdae98194c8a835657 - - default default] 10.0.0.64 "GET /v2.0/ports?device_id=5560d0fa-8390-437c-9361-01108f5b6710 HTTP/1.1" status: 200 len: 1170 time: 0.0842457
2026-04-27 02:42:33.578 10 INFO neutron.wsgi [req-022bb477-63cb-4590-b9a8-0da2581be026 req-d7af2d34-5986-47e3-8b12-4cbbeadb8c90 8a5ccb08c3884af98b36b15cfc2fe8b0 8bbe1e220be241bdae98194c8a835657 - - default default] 10.0.0.64 "GET /v2.0/security-groups?id=3ea4e8ec-466c-409e-8963-35ae158e1915&fields=id&fields=name HTTP/1.1" status: 200 len: 311 time: 0.0634286
2026-04-27 02:42:33.692 10 INFO neutron.wsgi [req-b93de5eb-3698-48d7-a05e-df67a8f47e18 req-93f42ee5-5f6e-4f38-8ac3-09e43b466465 8a5ccb08c3884af98b36b15cfc2fe8b0 8bbe1e220be241bdae98194c8a835657 - - default default] 10.0.0.64 "GET /v2.0/ports?device_id=5560d0fa-8390-437c-9361-01108f5b6710 HTTP/1.1" status: 200 len: 1170 time: 0.0535061
2026-04-27 02:42:33.792 10 INFO neutron.wsgi [req-b93de5eb-3698-48d7-a05e-df67a8f47e18 req-285cc4cb-73c2-4da3-8327-5963d7bbfdb4 8a5ccb08c3884af98b36b15cfc2fe8b0 8bbe1e220be241bdae98194c8a835657 - - default default] 10.0.0.64 "GET /v2.0/security-groups?id=3ea4e8ec-466c-409e-8963-35ae158e1915&fields=id&fields=name HTTP/1.1" status: 200 len: 311 time: 0.0939128
2026-04-27 02:42:33.884 10 INFO neutron.wsgi [None req-664df50c-bf6a-4e8e-8b36-76c0da74a7cb 2b95fff5fb7e427980ec83840144a735 3d858cead0f64e81a8f7559e819288bf - - default default] 10.0.0.219 "GET /v2.0/ports?device_id=5560d0fa-8390-437c-9361-01108f5b6710 HTTP/1.1" status: 200 len: 1404 time: 0.0518699
2026-04-27 02:42:34.021 10 INFO neutron.services.segments.plugin [-] Segment 82f479e1-3963-41e6-a5b1-18128fcc0ecd resource provider aggregate not found
2026-04-27 02:42:34.028 10 INFO neutron.services.segments.plugin [-] Segment 82f479e1-3963-41e6-a5b1-18128fcc0ecd resource provider aggregate not found
2026-04-27 02:42:34.052 10 INFO neutron.services.segments.plugin [-] Segment 82f479e1-3963-41e6-a5b1-18128fcc0ecd resource provider not found; error: Placement Client Error (4xx): {"errors": [{"status": 404, "title": "Not Found", "detail": "The resource could not be found.\n\n No resource provider with uuid 82f479e1-3963-41e6-a5b1-18128fcc0ecd found for delete ", "request_id": "req-bc98902c-0f75-414d-8179-7c798db50cd0"}]}
2026-04-27 02:42:34.053 10 INFO neutron.services.segments.plugin [-] Segment 82f479e1-3963-41e6-a5b1-18128fcc0ecd resource provider not found; error: Placement Client Error (4xx): {"errors": [{"status": 404, "title": "Not Found", "detail": "The resource could not be found.\n\n No resource provider with uuid 82f479e1-3963-41e6-a5b1-18128fcc0ecd found for delete ", "request_id": "req-e909a8bb-3706-4e22-9f80-eaf0dd9e5803"}]}
2026-04-27 02:42:34.064 10 INFO neutron.wsgi [None req-30b6fdd1-7e84-40c4-81ff-88cb916d3fb6 1f6c72ecd8664957a2347edd69858b2e e6ed90169e6849e8835ffc7bb1967d96 - - default default] 10.0.0.219 "DELETE /v2.0/networks/5d5b373d-4aa6-4fa4-9755-c33bd933f9d3 HTTP/1.1" status: 204 len: 168 time: 0.6728134
2026-04-27 02:42:34.202 9 WARNING neutron.scheduler.dhcp_agent_scheduler [None req-1a7b32d3-e7be-46a4-8ae5-8902a0d22966 67fa436fc5a744cbb4811e172d65033c 1f6be42bf6be4944938619dc5015bd64 - - default default] No more DHCP agents
2026-04-27 02:42:34.207 9 WARNING neutron.api.rpc.agentnotifiers.dhcp_rpc_agent_api [None req-1a7b32d3-e7be-46a4-8ae5-8902a0d22966 67fa436fc5a744cbb4811e172d65033c 1f6be42bf6be4944938619dc5015bd64 - - default default] Unable to schedule network 7475e98a-1e81-438a-881f-f56619ac0138: no agents available; will retry on subsequent port and subnet creation events.
2026-04-27 02:42:34.500 9 INFO neutron.db.ovn_revision_numbers_db [None req-1a7b32d3-e7be-46a4-8ae5-8902a0d22966 67fa436fc5a744cbb4811e172d65033c 1f6be42bf6be4944938619dc5015bd64 - - default default] Successfully bumped revision number for resource fb4bd624-0b59-4a2e-a48a-b0b107295761 (type: ports) to 1
2026-04-27 02:42:34.569 10 INFO neutron.db.ovn_revision_numbers_db [None req-0335e6a4-27d6-4641-a39f-6c07ef21a6f9 8a5ccb08c3884af98b36b15cfc2fe8b0 8bbe1e220be241bdae98194c8a835657 - - default default] Successfully bumped revision number for resource 5498886f-7935-437d-a759-243493426b20 (type: floatingips) to 4
2026-04-27 02:42:34.720 10 INFO neutron.db.ovn_revision_numbers_db [None req-0335e6a4-27d6-4641-a39f-6c07ef21a6f9 8a5ccb08c3884af98b36b15cfc2fe8b0 8bbe1e220be241bdae98194c8a835657 - - default default] Successfully bumped revision number for resource 5498886f-7935-437d-a759-243493426b20 (type: floatingips) to 5
2026-04-27 02:42:34.721 10 INFO neutron.db.l3_db [None req-0335e6a4-27d6-4641-a39f-6c07ef21a6f9 8a5ccb08c3884af98b36b15cfc2fe8b0 8bbe1e220be241bdae98194c8a835657 - - default default] Floating IP 5498886f-7935-437d-a759-243493426b20 associated. External IP: 10.96.250.208, port: 515dade4-a014-408c-8318-763f49a9a960.
2026-04-27 02:42:34.759 10 INFO neutron.wsgi [None req-0335e6a4-27d6-4641-a39f-6c07ef21a6f9 8a5ccb08c3884af98b36b15cfc2fe8b0 8bbe1e220be241bdae98194c8a835657 - - default default] 10.0.0.219 "PUT /v2.0/floatingips/5498886f-7935-437d-a759-243493426b20 HTTP/1.1" status: 200 len: 1049 time: 0.8680611
2026-04-27 02:42:34.817 10 INFO neutron.notifiers.nova [-] Nova event matching ['req-7606e871-34fd-4eb3-944c-8008bbab396c'] response: {'name': 'network-changed', 'server_uuid': '5560d0fa-8390-437c-9361-01108f5b6710', 'tag': '515dade4-a014-408c-8318-763f49a9a960', 'status': 'completed', 'code': 200}
2026-04-27 02:42:34.901 9 INFO neutron.wsgi [None req-8c015644-8d13-4499-ae9c-c92840180aae 8a5ccb08c3884af98b36b15cfc2fe8b0 8bbe1e220be241bdae98194c8a835657 - - default default] 10.0.0.219 "GET /v2.0/floatingips/5498886f-7935-437d-a759-243493426b20 HTTP/1.1" status: 200 len: 1051 time: 0.1366482
2026-04-27 02:42:34.905 10 INFO neutron.wsgi [req-32aa0e84-7f5b-4e11-b6a5-5cb49ebbd16f req-abe8c785-5a84-4a39-b3e3-e59a05dfeac5 ec827a8a7a3f46a3a04d421d8e3e7988 3ade82478ed64c7db8d18762975797e1 - - 3c9a3e2df4314531a21ba8851fd274b4 3c9a3e2df4314531a21ba8851fd274b4] 199.204.45.210 "GET /v2.0/ports?tenant_id=8bbe1e220be241bdae98194c8a835657&device_id=5560d0fa-8390-437c-9361-01108f5b6710 HTTP/1.1" status: 200 len: 1409 time: 0.0642033
2026-04-27 02:42:34.982 10 INFO neutron.wsgi [req-32aa0e84-7f5b-4e11-b6a5-5cb49ebbd16f req-b6c42ff1-0dbc-4281-9e4b-8e8b3635c7b6 ec827a8a7a3f46a3a04d421d8e3e7988 3ade82478ed64c7db8d18762975797e1 - - 3c9a3e2df4314531a21ba8851fd274b4 3c9a3e2df4314531a21ba8851fd274b4] 199.204.45.210 "GET /v2.0/networks?id=7b3a5ec5-f062-4d2d-96ba-5eab91fdcac1 HTTP/1.1" status: 200 len: 959 time: 0.0724974
2026-04-27 02:42:35.037 10 INFO neutron.wsgi [req-32aa0e84-7f5b-4e11-b6a5-5cb49ebbd16f req-86866e8d-d123-4e3c-a030-d471ab98582d ec827a8a7a3f46a3a04d421d8e3e7988 3ade82478ed64c7db8d18762975797e1 - - 3c9a3e2df4314531a21ba8851fd274b4 3c9a3e2df4314531a21ba8851fd274b4] 199.204.45.210 "GET /v2.0/floatingips?fixed_ip_address=10.100.0.7&port_id=515dade4-a014-408c-8318-763f49a9a960 HTTP/1.1" status: 200 len: 1059 time: 0.0486283
2026-04-27 02:42:35.081 10 INFO neutron.wsgi [req-32aa0e84-7f5b-4e11-b6a5-5cb49ebbd16f req-713ec0b9-3dcc-46d9-bb08-4d0ba74d91e5 ec827a8a7a3f46a3a04d421d8e3e7988 3ade82478ed64c7db8d18762975797e1 - - 3c9a3e2df4314531a21ba8851fd274b4 3c9a3e2df4314531a21ba8851fd274b4] 199.204.45.210 "GET /v2.0/subnets?id=d6eb7121-3ae1-4caf-a7c8-304408fff9b2 HTTP/1.1" status: 200 len: 852 time: 0.0357304
2026-04-27 02:42:35.107 10 INFO neutron.wsgi [req-32aa0e84-7f5b-4e11-b6a5-5cb49ebbd16f req-8f2fd0e0-b636-43c0-b2b4-4f09fdbbcafa ec827a8a7a3f46a3a04d421d8e3e7988 3ade82478ed64c7db8d18762975797e1 - - 3c9a3e2df4314531a21ba8851fd274b4 3c9a3e2df4314531a21ba8851fd274b4] 199.204.45.210 "GET /v2.0/ports?network_id=7b3a5ec5-f062-4d2d-96ba-5eab91fdcac1&device_owner=network%3Adhcp HTTP/1.1" status: 200 len: 210 time: 0.0179803
2026-04-27 02:42:35.180 10 INFO neutron.wsgi [req-32aa0e84-7f5b-4e11-b6a5-5cb49ebbd16f req-9b8cb9cf-e95a-4c31-a8e4-3b5aac2a14d3 ec827a8a7a3f46a3a04d421d8e3e7988 3ade82478ed64c7db8d18762975797e1 - - 3c9a3e2df4314531a21ba8851fd274b4 3c9a3e2df4314531a21ba8851fd274b4] 199.204.45.210 "GET /v2.0/networks/7b3a5ec5-f062-4d2d-96ba-5eab91fdcac1?fields=segments HTTP/1.1" status: 200 len: 212 time: 0.0669320
2026-04-27 02:42:35.252 10 INFO neutron.wsgi [req-32aa0e84-7f5b-4e11-b6a5-5cb49ebbd16f req-8ad447e8-053a-4ffd-b650-4550629a8368 ec827a8a7a3f46a3a04d421d8e3e7988 3ade82478ed64c7db8d18762975797e1 - - 3c9a3e2df4314531a21ba8851fd274b4 3c9a3e2df4314531a21ba8851fd274b4] 199.204.45.210 "GET /v2.0/networks/7b3a5ec5-f062-4d2d-96ba-5eab91fdcac1?fields=provider%3Aphysical_network&fields=provider%3Anetwork_type HTTP/1.1" status: 200 len: 277 time: 0.0612400
2026-04-27 02:42:35.582 10 INFO neutron.wsgi [-] 10.0.0.113 "GET / HTTP/1.1" status: 200 len: 246 time: 0.0032701
2026-04-27 02:42:35.586 10 INFO neutron.wsgi [-] 10.0.0.113 "GET / HTTP/1.1" status: 200 len: 246 time: 0.0024838
2026-04-27 02:42:35.972 9 ERROR ovsdbapp.backend.ovs_idl.command [None req-1a7b32d3-e7be-46a4-8ae5-8902a0d22966 67fa436fc5a744cbb4811e172d65033c 1f6be42bf6be4944938619dc5015bd64 - - default default] Error executing command (DbGetCommand): ovsdbapp.backend.ovs_idl.idlutils.RowNotFound: Cannot find Logical_Router_Port with name=lrp-fb4bd624-0b59-4a2e-a48a-b0b107295761
2026-04-27 02:42:35.972 9 ERROR ovsdbapp.backend.ovs_idl.command
Traceback (most recent call last):
2026-04-27 02:42:35.972 9 ERROR ovsdbapp.backend.ovs_idl.command
File "/var/lib/openstack/lib/python3.10/site-packages/ovsdbapp/backend/ovs_idl/command.py", line 47, in execute
2026-04-27 02:42:35.972 9 ERROR ovsdbapp.backend.ovs_idl.command self.run_idl(None)
2026-04-27 02:42:35.972 9 ERROR ovsdbapp.backend.ovs_idl.command
File "/var/lib/openstack/lib/python3.10/site-packages/ovsdbapp/backend/ovs_idl/command.py", line 235, in run_idl
2026-04-27 02:42:35.972 9 ERROR ovsdbapp.backend.ovs_idl.command record = self.api.lookup(self.table, self.record)
2026-04-27 02:42:35.972 9 ERROR ovsdbapp.backend.ovs_idl.command
File "/var/lib/openstack/lib/python3.10/site-packages/ovsdbapp/backend/ovs_idl/__init__.py", line 184, in lookup
2026-04-27 02:42:35.972 9 ERROR ovsdbapp.backend.ovs_idl.command return self._lookup(table, record)
2026-04-27 02:42:35.972 9 ERROR ovsdbapp.backend.ovs_idl.command
File "/var/lib/openstack/lib/python3.10/site-packages/ovsdbapp/backend/ovs_idl/__init__.py", line 235, in _lookup
2026-04-27 02:42:35.972 9 ERROR ovsdbapp.backend.ovs_idl.command row = idlutils.row_by_value(self, rl.table, rl.column, record)
2026-04-27 02:42:35.972 9 ERROR ovsdbapp.backend.ovs_idl.command
File "/var/lib/openstack/lib/python3.10/site-packages/ovsdbapp/backend/ovs_idl/idlutils.py", line 114, in row_by_value
2026-04-27 02:42:35.972 9 ERROR ovsdbapp.backend.ovs_idl.command raise RowNotFound(table=table, col=column, match=match)
2026-04-27 02:42:35.972 9 ERROR ovsdbapp.backend.ovs_idl.command ovsdbapp.backend.ovs_idl.idlutils.RowNotFound: Cannot find Logical_Router_Port with name=lrp-fb4bd624-0b59-4a2e-a48a-b0b107295761
2026-04-27 02:42:35.972 9 ERROR ovsdbapp.backend.ovs_idl.command 
2026-04-27 02:42:35.972 9 ERROR neutron_lib.callbacks.manager [None req-1a7b32d3-e7be-46a4-8ae5-8902a0d22966 67fa436fc5a744cbb4811e172d65033c 1f6be42bf6be4944938619dc5015bd64 - - default default] Error during notification for neutron.services.ovn_l3.plugin.OVNL3RouterPlugin._port_update-8771891537647 port, after_update: ovsdbapp.backend.ovs_idl.idlutils.RowNotFound: Cannot find Logical_Router_Port with name=lrp-fb4bd624-0b59-4a2e-a48a-b0b107295761
2026-04-27 02:42:35.972 9 ERROR neutron_lib.callbacks.manager
Traceback (most recent call last):
2026-04-27 02:42:35.972 9 ERROR neutron_lib.callbacks.manager
File "/var/lib/openstack/lib/python3.10/site-packages/neutron_lib/callbacks/manager.py", line 189, in _notify_loop
2026-04-27 02:42:35.972 9 ERROR neutron_lib.callbacks.manager callback.method(resource, event, trigger, payload=payload)
2026-04-27 02:42:35.972 9 ERROR neutron_lib.callbacks.manager
File "/var/lib/openstack/lib/python3.10/site-packages/neutron/services/ovn_l3/plugin.py", line 391, in _port_update
2026-04-27 02:42:35.972 9 ERROR neutron_lib.callbacks.manager l3plugin._ovn_client.update_router_port(context,
2026-04-27 02:42:35.972 9 ERROR neutron_lib.callbacks.manager
File "/var/lib/openstack/lib/python3.10/site-packages/neutron/plugins/ml2/drivers/ovn/mech_driver/ovsdb/ovn_client.py", line 1878, in update_router_port
2026-04-27 02:42:35.972 9 ERROR neutron_lib.callbacks.manager self._update_lrouter_port(context, port, if_exists=if_exists,
2026-04-27 02:42:35.972 9 ERROR neutron_lib.callbacks.manager
File "/var/lib/openstack/lib/python3.10/site-packages/neutron/plugins/ml2/drivers/ovn/mech_driver/ovsdb/ovn_client.py", line 1855, in _update_lrouter_port
2026-04-27 02:42:35.972 9 ERROR neutron_lib.callbacks.manager external_ids = self._nb_idl.db_get(
2026-04-27 02:42:35.972 9 ERROR neutron_lib.callbacks.manager
File "/var/lib/openstack/lib/python3.10/site-packages/ovsdbapp/backend/ovs_idl/command.py", line 47, in execute
2026-04-27 02:42:35.972 9 ERROR neutron_lib.callbacks.manager self.run_idl(None)
2026-04-27 02:42:35.972 9 ERROR neutron_lib.callbacks.manager
File "/var/lib/openstack/lib/python3.10/site-packages/ovsdbapp/backend/ovs_idl/command.py", line 235, in run_idl
2026-04-27 02:42:35.972 9 ERROR neutron_lib.callbacks.manager record = self.api.lookup(self.table, self.record)
2026-04-27 02:42:35.972 9 ERROR neutron_lib.callbacks.manager
File "/var/lib/openstack/lib/python3.10/site-packages/ovsdbapp/backend/ovs_idl/__init__.py", line 184, in lookup
2026-04-27 02:42:35.972 9 ERROR neutron_lib.callbacks.manager return self._lookup(table, record)
2026-04-27 02:42:35.972 9 ERROR neutron_lib.callbacks.manager
File "/var/lib/openstack/lib/python3.10/site-packages/ovsdbapp/backend/ovs_idl/__init__.py", line 235, in _lookup
2026-04-27 02:42:35.972 9 ERROR neutron_lib.callbacks.manager row = idlutils.row_by_value(self, rl.table, rl.column, record)
2026-04-27 02:42:35.972 9 ERROR neutron_lib.callbacks.manager
File "/var/lib/openstack/lib/python3.10/site-packages/ovsdbapp/backend/ovs_idl/idlutils.py", line 114, in row_by_value
2026-04-27 02:42:35.972 9 ERROR neutron_lib.callbacks.manager raise RowNotFound(table=table, col=column, match=match)
2026-04-27 02:42:35.972 9 ERROR neutron_lib.callbacks.manager ovsdbapp.backend.ovs_idl.idlutils.RowNotFound: Cannot find Logical_Router_Port with name=lrp-fb4bd624-0b59-4a2e-a48a-b0b107295761
2026-04-27 02:42:35.972 9 ERROR neutron_lib.callbacks.manager 
2026-04-27 02:42:36.868 9 INFO neutron.db.ovn_revision_numbers_db [None req-1a7b32d3-e7be-46a4-8ae5-8902a0d22966 67fa436fc5a744cbb4811e172d65033c 1f6be42bf6be4944938619dc5015bd64 - - default default] Successfully bumped revision number for resource fb4bd624-0b59-4a2e-a48a-b0b107295761 (type: ports) to 1
2026-04-27 02:42:36.975 9 WARNING neutron.scheduler.dhcp_agent_scheduler [None req-1a7b32d3-e7be-46a4-8ae5-8902a0d22966 67fa436fc5a744cbb4811e172d65033c 1f6be42bf6be4944938619dc5015bd64 - - default default] No more DHCP agents
2026-04-27 02:42:36.978 9 WARNING neutron.api.rpc.agentnotifiers.dhcp_rpc_agent_api [None req-1a7b32d3-e7be-46a4-8ae5-8902a0d22966 67fa436fc5a744cbb4811e172d65033c 1f6be42bf6be4944938619dc5015bd64 - - default default] Unable to schedule network 7475e98a-1e81-438a-881f-f56619ac0138: no agents available; will retry on subsequent port and subnet creation events.
2026-04-27 02:42:37.443 9 INFO neutron.wsgi [None req-b8a6539e-3aaa-46b9-b300-c4377f89f5ad 1f6c72ecd8664957a2347edd69858b2e e6ed90169e6849e8835ffc7bb1967d96 - - default default] 10.0.0.219 "PUT /v2.0/routers/2c698d81-df3e-4ee5-a071-b1db68f6c70c/remove_router_interface HTTP/1.1" status: 200 len: 503 time: 3.3729620 /var/lib/openstack/lib/python3.10/site-packages/pycadf/identifier.py:71: UserWarning: Invalid uuid: neutron. To ensure interoperability, identifiers should be a valid uuid. warnings.warn(('Invalid uuid: %s. To ensure interoperability, '
2026-04-27 02:42:37.739 9 WARNING neutron.plugins.ml2.drivers.ovn.mech_driver.ovsdb.ovn_client [None req-e66e1c73-3690-4534-9534-2c7e1f794d09 - - - - - -] No hosting information found for port 6ca3e2b3-842a-49e3-b15f-1137da0167c4: RuntimeError: No hosting information found for port 6ca3e2b3-842a-49e3-b15f-1137da0167c4
2026-04-27 02:42:37.770 9 INFO neutron.plugins.ml2.drivers.ovn.mech_driver.mech_driver [None req-e66e1c73-3690-4534-9534-2c7e1f794d09 - - - - - -] OVN reports status up for port: fb4bd624-0b59-4a2e-a48a-b0b107295761
2026-04-27 02:42:37.773 9 INFO neutron.db.ovn_revision_numbers_db [None req-1a7b32d3-e7be-46a4-8ae5-8902a0d22966 67fa436fc5a744cbb4811e172d65033c 1f6be42bf6be4944938619dc5015bd64 - - default default] Successfully bumped revision number for resource fb4bd624-0b59-4a2e-a48a-b0b107295761 (type: router_ports) to 1
2026-04-27 02:42:37.781 9 INFO neutron.wsgi [None req-1a7b32d3-e7be-46a4-8ae5-8902a0d22966 67fa436fc5a744cbb4811e172d65033c 1f6be42bf6be4944938619dc5015bd64 - - default default] 10.0.0.219 "PUT /v2.0/routers/8b7c8697-f207-44c0-b409-6d3e904976e3/add_router_interface HTTP/1.1" status: 200 len: 503 time: 4.8939619 /var/lib/openstack/lib/python3.10/site-packages/pycadf/identifier.py:71: UserWarning: Invalid uuid: neutron. To ensure interoperability, identifiers should be a valid uuid. warnings.warn(('Invalid uuid: %s. To ensure interoperability, '
2026-04-27 02:42:37.796 9 INFO neutron.plugins.ml2.plugin [None req-e66e1c73-3690-4534-9534-2c7e1f794d09 - - - - - -] Attempt 1 to provision port fb4bd624-0b59-4a2e-a48a-b0b107295761
2026-04-27 02:42:38.944 9 INFO neutron.db.ovn_revision_numbers_db [None req-e66e1c73-3690-4534-9534-2c7e1f794d09 - - - - - -] Successfully bumped revision number for resource fb4bd624-0b59-4a2e-a48a-b0b107295761 (type: ports) to 2
2026-04-27 02:42:39.169 9 WARNING neutron.scheduler.dhcp_agent_scheduler [None req-b36ed1bc-9d82-40e5-b600-43f2d3071bd6 7faa949e17cb492db58bafd73e5bbe43 2b4891122fbe44528c8ef392427754a1 - - default default] No more DHCP agents
2026-04-27 02:42:39.176 9 WARNING neutron.api.rpc.agentnotifiers.dhcp_rpc_agent_api [None req-b36ed1bc-9d82-40e5-b600-43f2d3071bd6 7faa949e17cb492db58bafd73e5bbe43 2b4891122fbe44528c8ef392427754a1 - - default default] Unable to schedule network 1afed879-a56d-40fb-a1c7-497ae1e04522: no agents available; will retry on subsequent port and subnet creation events.
2026-04-27 02:42:39.328 9 INFO neutron.db.ovn_revision_numbers_db [None req-e66e1c73-3690-4534-9534-2c7e1f794d09 - - - - - -] Successfully bumped revision number for resource fb4bd624-0b59-4a2e-a48a-b0b107295761 (type: router_ports) to 2
2026-04-27 02:42:39.391 9 INFO neutron.wsgi [None req-ce969ae7-c4cb-4e99-b951-2d6d32ba59a2 1f6c72ecd8664957a2347edd69858b2e e6ed90169e6849e8835ffc7bb1967d96 - - default default] 10.0.0.219 "DELETE /v2.0/routers/2c698d81-df3e-4ee5-a071-b1db68f6c70c HTTP/1.1" status: 204 len: 168 time: 1.9411173
2026-04-27 02:42:39.474 9 INFO neutron.db.ovn_revision_numbers_db [None req-b36ed1bc-9d82-40e5-b600-43f2d3071bd6 7faa949e17cb492db58bafd73e5bbe43 2b4891122fbe44528c8ef392427754a1 - - default default] Successfully bumped revision number for resource b2ea51c6-8347-477d-9743-cebf2c94616d (type: ports) to 1
2026-04-27 02:42:39.608 10 INFO neutron.wsgi [None req-08ee552f-6612-4d00-b39a-eb8ed637f286 1f6c72ecd8664957a2347edd69858b2e e6ed90169e6849e8835ffc7bb1967d96 - - default default] 10.0.0.219 "DELETE /v2.0/subnets/b307a9c6-f160-4f81-910e-0b2cd528ea69 HTTP/1.1" status: 204 len: 168 time: 0.2067869
2026-04-27 02:42:39.700 9 INFO neutron.db.ovn_revision_numbers_db [None req-b36ed1bc-9d82-40e5-b600-43f2d3071bd6 7faa949e17cb492db58bafd73e5bbe43 2b4891122fbe44528c8ef392427754a1 - - default default] Successfully bumped revision number for resource b2ea51c6-8347-477d-9743-cebf2c94616d (type: ports) to 1
2026-04-27 02:42:39.768 9 INFO neutron.db.segments_db [None req-b36ed1bc-9d82-40e5-b600-43f2d3071bd6 7faa949e17cb492db58bafd73e5bbe43 2b4891122fbe44528c8ef392427754a1 - - default default] Added segment 2716b1b3-d42e-41ff-8586-afd0e84e4dd4 of type geneve for network 8d381240-3861-4c8b-8b65-418608043d62
2026-04-27 02:42:39.955 9 INFO neutron.db.ovn_revision_numbers_db [None req-b36ed1bc-9d82-40e5-b600-43f2d3071bd6 7faa949e17cb492db58bafd73e5bbe43 2b4891122fbe44528c8ef392427754a1 - - default default] Successfully bumped revision number for resource 8d381240-3861-4c8b-8b65-418608043d62 (type: networks) to 1
2026-04-27 02:42:39.997 10 INFO neutron.services.segments.plugin [-] Segment 4f73c014-8819-4566-9827-efb404f289e6 resource provider aggregate not found
2026-04-27 02:42:40.015 10 INFO neutron.services.segments.plugin [-] Segment 4f73c014-8819-4566-9827-efb404f289e6 resource provider aggregate not found
2026-04-27 02:42:40.039 10 INFO neutron.services.segments.plugin [-] Segment 4f73c014-8819-4566-9827-efb404f289e6 resource provider not found; error: Placement Client Error (4xx): {"errors": [{"status": 404, "title": "Not Found", "detail": "The resource could not be found.\n\n No resource provider with uuid 4f73c014-8819-4566-9827-efb404f289e6 found for delete ", "request_id": "req-afb027cc-3246-42df-936c-a35bcf416699"}]}
2026-04-27 02:42:40.041 10 INFO neutron.services.segments.plugin [-] Segment 4f73c014-8819-4566-9827-efb404f289e6 resource provider not found; error: Placement Client Error (4xx): {"errors": [{"status": 404, "title": "Not Found", "detail": "The resource could not be found.\n\n No resource provider with uuid 4f73c014-8819-4566-9827-efb404f289e6 found for delete ", "request_id": "req-e78b1df4-91ce-4ee0-950f-6f8c73d44b33"}]}
2026-04-27 02:42:40.066 10 INFO neutron.wsgi [None req-7b938add-7ecc-4b84-bbb0-62977801b68c 1f6c72ecd8664957a2347edd69858b2e e6ed90169e6849e8835ffc7bb1967d96 - - default default] 10.0.0.219 "DELETE /v2.0/networks/cc0b57f3-aadd-4afa-90ad-b888690edd39 HTTP/1.1" status: 204 len: 168 time: 0.4547601
2026-04-27 02:42:40.125 9 WARNING neutron.scheduler.dhcp_agent_scheduler [None req-b36ed1bc-9d82-40e5-b600-43f2d3071bd6 7faa949e17cb492db58bafd73e5bbe43 2b4891122fbe44528c8ef392427754a1 - - default default] No more DHCP agents
2026-04-27 02:42:40.127 9 WARNING neutron.api.rpc.agentnotifiers.dhcp_rpc_agent_api [None req-b36ed1bc-9d82-40e5-b600-43f2d3071bd6 7faa949e17cb492db58bafd73e5bbe43 2b4891122fbe44528c8ef392427754a1 - - default default] Unable to schedule network 8d381240-3861-4c8b-8b65-418608043d62: no agents available; will retry on subsequent port and subnet creation events.
2026-04-27 02:42:40.227 9 INFO neutron.db.ovn_revision_numbers_db [None req-b36ed1bc-9d82-40e5-b600-43f2d3071bd6 7faa949e17cb492db58bafd73e5bbe43 2b4891122fbe44528c8ef392427754a1 - - default default] Successfully bumped revision number for resource 6c0cc221-9027-4f57-9940-7d1f6089d321 (type: ports) to 1
2026-04-27 02:42:40.385 9 WARNING neutron.scheduler.dhcp_agent_scheduler [None req-b36ed1bc-9d82-40e5-b600-43f2d3071bd6 7faa949e17cb492db58bafd73e5bbe43 2b4891122fbe44528c8ef392427754a1 - - default default] No more DHCP agents
2026-04-27 02:42:40.387 9 WARNING neutron.api.rpc.agentnotifiers.dhcp_rpc_agent_api [None req-b36ed1bc-9d82-40e5-b600-43f2d3071bd6 7faa949e17cb492db58bafd73e5bbe43 2b4891122fbe44528c8ef392427754a1 - - default default] Unable to schedule network 8d381240-3861-4c8b-8b65-418608043d62: no agents available; will retry on subsequent port and subnet creation events.
2026-04-27 02:42:40.411 10 INFO neutron.wsgi [None req-237396e9-b76e-4f26-83c2-b3f34f3add2e 1f6c72ecd8664957a2347edd69858b2e e6ed90169e6849e8835ffc7bb1967d96 - - default default] 10.0.0.219 "GET /v2.0/security-groups?tenant_id=092bf4f9208645e7afdfdee6a824ea95&name=default HTTP/1.1" status: 200 len: 3120 time: 0.0369303
2026-04-27 02:42:40.415 9 INFO neutron.db.ovn_revision_numbers_db [None req-b36ed1bc-9d82-40e5-b600-43f2d3071bd6 7faa949e17cb492db58bafd73e5bbe43 2b4891122fbe44528c8ef392427754a1 - - default default] Successfully bumped revision number for resource 320c6eeb-9a86-478d-b435-78f9b799cfa2 (type: subnets) to 0
2026-04-27 02:42:40.643 10 INFO neutron.wsgi [None req-32beacff-5d89-49e5-81e3-170f71b57a72 1f6c72ecd8664957a2347edd69858b2e e6ed90169e6849e8835ffc7bb1967d96 - - default default] 10.0.0.219 "DELETE /v2.0/security-groups/b889fb84-93fa-45ce-9a2d-6201794ba2a1 HTTP/1.1" status: 204 len: 168 time: 0.2276852
2026-04-27 02:42:40.910 9 INFO neutron.wsgi [None req-619ac9c2-c2f5-4467-bc91-288a468ec298 1f6c72ecd8664957a2347edd69858b2e e6ed90169e6849e8835ffc7bb1967d96 - - default default] 10.0.0.219 "GET /v2.0/security-groups?tenant_id=18078b25f4e642759c88611307754fca&name=default HTTP/1.1" status: 200 len: 3120 time: 0.0878978
2026-04-27 02:42:40.997 9 WARNING neutron.scheduler.dhcp_agent_scheduler [None req-b36ed1bc-9d82-40e5-b600-43f2d3071bd6 7faa949e17cb492db58bafd73e5bbe43 2b4891122fbe44528c8ef392427754a1 - - default default] No more DHCP agents
2026-04-27 02:42:40.998 9 WARNING neutron.api.rpc.agentnotifiers.dhcp_rpc_agent_api [None req-b36ed1bc-9d82-40e5-b600-43f2d3071bd6 7faa949e17cb492db58bafd73e5bbe43 2b4891122fbe44528c8ef392427754a1 - - default default] Unable to schedule network 8d381240-3861-4c8b-8b65-418608043d62: no agents available; will retry on subsequent port and subnet creation events.
2026-04-27 02:42:41.218 9 INFO neutron.db.ovn_revision_numbers_db [None req-b36ed1bc-9d82-40e5-b600-43f2d3071bd6 7faa949e17cb492db58bafd73e5bbe43 2b4891122fbe44528c8ef392427754a1 - - default default] Successfully bumped revision number for resource 2807e7fd-561c-4282-97c3-e29776c6dbb0 (type: ports) to 1
2026-04-27 02:42:41.261 9 INFO neutron.wsgi [None req-e1b608e7-34f9-4613-b068-255477a78729 1f6c72ecd8664957a2347edd69858b2e e6ed90169e6849e8835ffc7bb1967d96 - - default default] 10.0.0.219 "DELETE /v2.0/security-groups/d5c44b27-7769-444a-86d8-04dccc6fc8c3 HTTP/1.1" status: 204 len: 168 time: 0.3463128
2026-04-27 02:42:41.768 9 ERROR ovsdbapp.backend.ovs_idl.command [None req-b36ed1bc-9d82-40e5-b600-43f2d3071bd6 7faa949e17cb492db58bafd73e5bbe43 2b4891122fbe44528c8ef392427754a1 - - default default] Error executing command (DbGetCommand): ovsdbapp.backend.ovs_idl.idlutils.RowNotFound: Cannot find Logical_Router_Port with name=lrp-2807e7fd-561c-4282-97c3-e29776c6dbb0
2026-04-27 02:42:41.768 9 ERROR ovsdbapp.backend.ovs_idl.command
Traceback (most recent call last):
2026-04-27 02:42:41.768 9 ERROR ovsdbapp.backend.ovs_idl.command
File "/var/lib/openstack/lib/python3.10/site-packages/ovsdbapp/backend/ovs_idl/command.py", line 47, in execute
2026-04-27 02:42:41.768 9 ERROR ovsdbapp.backend.ovs_idl.command self.run_idl(None)
2026-04-27 02:42:41.768 9 ERROR ovsdbapp.backend.ovs_idl.command
File "/var/lib/openstack/lib/python3.10/site-packages/ovsdbapp/backend/ovs_idl/command.py", line 235, in run_idl
2026-04-27 02:42:41.768 9 ERROR ovsdbapp.backend.ovs_idl.command record = self.api.lookup(self.table, self.record)
2026-04-27 02:42:41.768 9 ERROR ovsdbapp.backend.ovs_idl.command
File "/var/lib/openstack/lib/python3.10/site-packages/ovsdbapp/backend/ovs_idl/__init__.py", line 184, in lookup
2026-04-27 02:42:41.768 9 ERROR ovsdbapp.backend.ovs_idl.command return self._lookup(table, record)
2026-04-27 02:42:41.768 9 ERROR ovsdbapp.backend.ovs_idl.command
File "/var/lib/openstack/lib/python3.10/site-packages/ovsdbapp/backend/ovs_idl/__init__.py", line 235, in _lookup
2026-04-27 02:42:41.768 9 ERROR ovsdbapp.backend.ovs_idl.command row = idlutils.row_by_value(self, rl.table, rl.column, record)
2026-04-27 02:42:41.768 9 ERROR ovsdbapp.backend.ovs_idl.command
File "/var/lib/openstack/lib/python3.10/site-packages/ovsdbapp/backend/ovs_idl/idlutils.py", line 114, in row_by_value
2026-04-27 02:42:41.768 9 ERROR ovsdbapp.backend.ovs_idl.command raise RowNotFound(table=table, col=column, match=match)
2026-04-27 02:42:41.768 9 ERROR ovsdbapp.backend.ovs_idl.command ovsdbapp.backend.ovs_idl.idlutils.RowNotFound: Cannot find Logical_Router_Port with name=lrp-2807e7fd-561c-4282-97c3-e29776c6dbb0
2026-04-27 02:42:41.768 9 ERROR ovsdbapp.backend.ovs_idl.command 
2026-04-27 02:42:41.769 9 ERROR neutron_lib.callbacks.manager [None req-b36ed1bc-9d82-40e5-b600-43f2d3071bd6 7faa949e17cb492db58bafd73e5bbe43 2b4891122fbe44528c8ef392427754a1 - - default default] Error during notification for neutron.services.ovn_l3.plugin.OVNL3RouterPlugin._port_update-8771891537647 port, after_update: ovsdbapp.backend.ovs_idl.idlutils.RowNotFound: Cannot find Logical_Router_Port with name=lrp-2807e7fd-561c-4282-97c3-e29776c6dbb0
2026-04-27 02:42:41.769 9 ERROR neutron_lib.callbacks.manager
Traceback (most recent call last):
2026-04-27 02:42:41.769 9 ERROR neutron_lib.callbacks.manager
File "/var/lib/openstack/lib/python3.10/site-packages/neutron_lib/callbacks/manager.py", line 189, in _notify_loop
2026-04-27 02:42:41.769 9 ERROR neutron_lib.callbacks.manager callback.method(resource, event, trigger, payload=payload)
2026-04-27 02:42:41.769 9 ERROR neutron_lib.callbacks.manager
File "/var/lib/openstack/lib/python3.10/site-packages/neutron/services/ovn_l3/plugin.py", line 391, in _port_update
2026-04-27 02:42:41.769 9 ERROR neutron_lib.callbacks.manager l3plugin._ovn_client.update_router_port(context,
2026-04-27 02:42:41.769 9 ERROR neutron_lib.callbacks.manager
File "/var/lib/openstack/lib/python3.10/site-packages/neutron/plugins/ml2/drivers/ovn/mech_driver/ovsdb/ovn_client.py", line 1878, in update_router_port
2026-04-27 02:42:41.769 9 ERROR neutron_lib.callbacks.manager self._update_lrouter_port(context, port, if_exists=if_exists,
2026-04-27 02:42:41.769 9 ERROR neutron_lib.callbacks.manager
File "/var/lib/openstack/lib/python3.10/site-packages/neutron/plugins/ml2/drivers/ovn/mech_driver/ovsdb/ovn_client.py", line 1855, in _update_lrouter_port
2026-04-27 02:42:41.769 9 ERROR neutron_lib.callbacks.manager external_ids = self._nb_idl.db_get(
2026-04-27 02:42:41.769 9 ERROR neutron_lib.callbacks.manager
File "/var/lib/openstack/lib/python3.10/site-packages/ovsdbapp/backend/ovs_idl/command.py", line 47, in execute
2026-04-27 02:42:41.769 9 ERROR neutron_lib.callbacks.manager self.run_idl(None)
2026-04-27 02:42:41.769 9 ERROR neutron_lib.callbacks.manager
File "/var/lib/openstack/lib/python3.10/site-packages/ovsdbapp/backend/ovs_idl/command.py", line 235, in run_idl
2026-04-27 02:42:41.769 9 ERROR neutron_lib.callbacks.manager record = self.api.lookup(self.table, self.record)
2026-04-27 02:42:41.769 9 ERROR neutron_lib.callbacks.manager
File "/var/lib/openstack/lib/python3.10/site-packages/ovsdbapp/backend/ovs_idl/__init__.py", line 184, in lookup
2026-04-27 02:42:41.769 9 ERROR neutron_lib.callbacks.manager return self._lookup(table, record)
2026-04-27 02:42:41.769 9 ERROR neutron_lib.callbacks.manager
File "/var/lib/openstack/lib/python3.10/site-packages/ovsdbapp/backend/ovs_idl/__init__.py", line 235, in _lookup
2026-04-27 02:42:41.769 9 ERROR neutron_lib.callbacks.manager row = idlutils.row_by_value(self, rl.table, rl.column, record)
2026-04-27 02:42:41.769 9 ERROR neutron_lib.callbacks.manager
File "/var/lib/openstack/lib/python3.10/site-packages/ovsdbapp/backend/ovs_idl/idlutils.py", line 114, in row_by_value
2026-04-27 02:42:41.769 9 ERROR neutron_lib.callbacks.manager raise RowNotFound(table=table, col=column, match=match)
2026-04-27 02:42:41.769 9 ERROR neutron_lib.callbacks.manager ovsdbapp.backend.ovs_idl.idlutils.RowNotFound: Cannot find Logical_Router_Port with name=lrp-2807e7fd-561c-4282-97c3-e29776c6dbb0
2026-04-27 02:42:41.769 9 ERROR neutron_lib.callbacks.manager 
2026-04-27 02:42:42.503 9 INFO neutron.db.ovn_revision_numbers_db [None req-b36ed1bc-9d82-40e5-b600-43f2d3071bd6 7faa949e17cb492db58bafd73e5bbe43 2b4891122fbe44528c8ef392427754a1 - - default default] Successfully bumped revision number for resource 2807e7fd-561c-4282-97c3-e29776c6dbb0 (type: ports) to 1
2026-04-27 02:42:42.561 9 WARNING neutron.scheduler.dhcp_agent_scheduler [None req-b36ed1bc-9d82-40e5-b600-43f2d3071bd6 7faa949e17cb492db58bafd73e5bbe43 2b4891122fbe44528c8ef392427754a1 - - default default] No more DHCP agents
2026-04-27 02:42:42.563 9 WARNING neutron.api.rpc.agentnotifiers.dhcp_rpc_agent_api [None req-b36ed1bc-9d82-40e5-b600-43f2d3071bd6 7faa949e17cb492db58bafd73e5bbe43 2b4891122fbe44528c8ef392427754a1 - - default default] Unable to schedule network 8d381240-3861-4c8b-8b65-418608043d62: no agents available; will retry on subsequent port and subnet creation events.
2026-04-27 02:42:43.351 9 INFO neutron.db.ovn_revision_numbers_db [None req-b36ed1bc-9d82-40e5-b600-43f2d3071bd6 7faa949e17cb492db58bafd73e5bbe43 2b4891122fbe44528c8ef392427754a1 - - default default] Successfully bumped revision number for resource 2807e7fd-561c-4282-97c3-e29776c6dbb0 (type: router_ports) to 1
2026-04-27 02:42:43.628 9 WARNING neutron.scheduler.dhcp_agent_scheduler [None req-80708666-faae-40d6-bf7f-15d170f78f4a - - - - - -] No more DHCP agents
2026-04-27 02:42:43.630 9 WARNING neutron.api.rpc.agentnotifiers.dhcp_rpc_agent_api [None req-80708666-faae-40d6-bf7f-15d170f78f4a - - - - - -] Unable to schedule network 8d381240-3861-4c8b-8b65-418608043d62: no agents available; will retry on subsequent port and subnet creation events.
2026-04-27 02:42:43.822 9 INFO neutron.db.ovn_revision_numbers_db [None req-80708666-faae-40d6-bf7f-15d170f78f4a - - - - - -] Successfully bumped revision number for resource 1ea14291-b53f-4b0d-936c-31082153c011 (type: ports) to 1
2026-04-27 02:42:44.059 9 INFO neutron.db.ovn_revision_numbers_db [None req-80708666-faae-40d6-bf7f-15d170f78f4a - - - - - -] Successfully bumped revision number for resource 1ea14291-b53f-4b0d-936c-31082153c011 (type: ports) to 1
2026-04-27 02:42:44.124 9 WARNING neutron.plugins.ml2.drivers.ovn.mech_driver.ovsdb.ovn_client [None req-e66e1c73-3690-4534-9534-2c7e1f794d09 - - - - - -] No hosting information found for port fb4bd624-0b59-4a2e-a48a-b0b107295761: RuntimeError: No hosting information found for port fb4bd624-0b59-4a2e-a48a-b0b107295761
2026-04-27 02:42:44.124 9 INFO neutron.plugins.ml2.drivers.ovn.mech_driver.mech_driver [None req-e66e1c73-3690-4534-9534-2c7e1f794d09 - - - - - -] OVN reports status up for port: 2807e7fd-561c-4282-97c3-e29776c6dbb0
2026-04-27 02:42:44.144 9 INFO neutron.plugins.ml2.plugin [None req-e66e1c73-3690-4534-9534-2c7e1f794d09 - - - - - -] Attempt 1 to provision port 2807e7fd-561c-4282-97c3-e29776c6dbb0
2026-04-27 02:42:44.299 9 INFO neutron.wsgi [None req-b36ed1bc-9d82-40e5-b600-43f2d3071bd6 7faa949e17cb492db58bafd73e5bbe43 2b4891122fbe44528c8ef392427754a1 - - default default] 10.0.0.219 "POST /v2.0/vpn/vpnservices HTTP/1.1" status: 201 len: 655 time: 6.5110414
2026-04-27 02:42:44.640 9 INFO neutron.db.ovn_revision_numbers_db [None req-e66e1c73-3690-4534-9534-2c7e1f794d09 - - - - - -] Successfully bumped revision number for resource 2807e7fd-561c-4282-97c3-e29776c6dbb0 (type: ports) to 2
2026-04-27 02:42:44.647 10 INFO neutron.wsgi [None req-519852cb-1c63-4dfa-9867-c92c46ebfdf1 67fa436fc5a744cbb4811e172d65033c 1f6be42bf6be4944938619dc5015bd64 - - default default] 10.0.0.219 "GET /v2.0/vpn/vpnservices HTTP/1.1" status: 200 len: 1499 time: 0.3422344
2026-04-27 02:42:44.785 9 INFO neutron.db.ovn_revision_numbers_db [None req-e66e1c73-3690-4534-9534-2c7e1f794d09 - - - - - -] Successfully bumped revision number for resource 2807e7fd-561c-4282-97c3-e29776c6dbb0 (type: router_ports) to 2
2026-04-27 02:42:45.024 10 INFO neutron.wsgi [req-960f6ed3-5934-422e-bf8c-81f124ebf449 req-e57d29f3-3d92-45b0-9d03-85d789d899a9 ec827a8a7a3f46a3a04d421d8e3e7988 3ade82478ed64c7db8d18762975797e1 - - 3c9a3e2df4314531a21ba8851fd274b4 3c9a3e2df4314531a21ba8851fd274b4] 10.0.0.16 "GET /v2.0/ports?device_id=5560d0fa-8390-437c-9361-01108f5b6710 HTTP/1.1" status: 200 len: 1409 time: 0.0519912
2026-04-27 02:42:45.090 10 INFO neutron.wsgi [req-960f6ed3-5934-422e-bf8c-81f124ebf449 req-24a21e1c-2cad-415d-afcb-eecf2192a128 ec827a8a7a3f46a3a04d421d8e3e7988 3ade82478ed64c7db8d18762975797e1 - - 3c9a3e2df4314531a21ba8851fd274b4 3c9a3e2df4314531a21ba8851fd274b4] 10.0.0.16 "GET /v2.0/security-groups?id=3ea4e8ec-466c-409e-8963-35ae158e1915&fields=id&fields=name HTTP/1.1" status: 200 len: 311 time: 0.0609326
2026-04-27 02:42:45.685 9 WARNING neutron_lib.context [None req-df9f2d1d-9779-4523-ad8e-4a250fad575e 9a21f547749e40c68d0480ae67e8b9f4 aa201493845f44ae99611b67b591b3a3 - - default default] Method 'is_advsvc' is deprecated since 2023.2 release (neutron-lib 3.8.0) and will be removed once support for the old RBAC API policies will be removed from Neutron. Please use method 'is_service_role' instead.
2026-04-27 02:42:45.976 9 WARNING neutron.scheduler.dhcp_agent_scheduler [None req-df9f2d1d-9779-4523-ad8e-4a250fad575e 9a21f547749e40c68d0480ae67e8b9f4 aa201493845f44ae99611b67b591b3a3 - - default default] No more DHCP agents
2026-04-27 02:42:45.978 9 WARNING neutron.api.rpc.agentnotifiers.dhcp_rpc_agent_api [None req-df9f2d1d-9779-4523-ad8e-4a250fad575e 9a21f547749e40c68d0480ae67e8b9f4 aa201493845f44ae99611b67b591b3a3 - - default default] Unable to schedule network 1afed879-a56d-40fb-a1c7-497ae1e04522: no agents available; will retry on subsequent port and subnet creation events.
