File "/var/lib/openstack/lib/python3.10/site-packages/neutron_lib/callbacks/manager.py", line 189, in _notify_loop
2026-04-27 02:41:00.092 10 ERROR neutron_lib.callbacks.manager callback.method(resource, event, trigger, payload=payload)
2026-04-27 02:41:00.092 10 ERROR neutron_lib.callbacks.manager
File "/var/lib/openstack/lib/python3.10/site-packages/neutron/services/ovn_l3/plugin.py", line 391, in _port_update
2026-04-27 02:41:00.092 10 ERROR neutron_lib.callbacks.manager l3plugin._ovn_client.update_router_port(context,
2026-04-27 02:41:00.092 10 ERROR neutron_lib.callbacks.manager
File "/var/lib/openstack/lib/python3.10/site-packages/neutron/plugins/ml2/drivers/ovn/mech_driver/ovsdb/ovn_client.py", line 1878, in update_router_port
2026-04-27 02:41:00.092 10 ERROR neutron_lib.callbacks.manager self._update_lrouter_port(context, port, if_exists=if_exists,
2026-04-27 02:41:00.092 10 ERROR neutron_lib.callbacks.manager
File "/var/lib/openstack/lib/python3.10/site-packages/neutron/plugins/ml2/drivers/ovn/mech_driver/ovsdb/ovn_client.py", line 1855, in _update_lrouter_port
2026-04-27 02:41:00.092 10 ERROR neutron_lib.callbacks.manager external_ids = self._nb_idl.db_get(
2026-04-27 02:41:00.092 10 ERROR neutron_lib.callbacks.manager
File "/var/lib/openstack/lib/python3.10/site-packages/ovsdbapp/backend/ovs_idl/command.py", line 47, in execute
2026-04-27 02:41:00.092 10 ERROR neutron_lib.callbacks.manager self.run_idl(None)
2026-04-27 02:41:00.092 10 ERROR neutron_lib.callbacks.manager
File "/var/lib/openstack/lib/python3.10/site-packages/ovsdbapp/backend/ovs_idl/command.py", line 235, in run_idl
2026-04-27 02:41:00.092 10 ERROR neutron_lib.callbacks.manager record = self.api.lookup(self.table, self.record)
2026-04-27 02:41:00.092 10 ERROR neutron_lib.callbacks.manager
File "/var/lib/openstack/lib/python3.10/site-packages/ovsdbapp/backend/ovs_idl/__init__.py", line 184, in lookup
2026-04-27 02:41:00.092 10 ERROR neutron_lib.callbacks.manager return self._lookup(table, record)
2026-04-27 02:41:00.092 10 ERROR neutron_lib.callbacks.manager
File "/var/lib/openstack/lib/python3.10/site-packages/ovsdbapp/backend/ovs_idl/__init__.py", line 235, in _lookup
2026-04-27 02:41:00.092 10 ERROR neutron_lib.callbacks.manager row = idlutils.row_by_value(self, rl.table, rl.column, record)
2026-04-27 02:41:00.092 10 ERROR neutron_lib.callbacks.manager
File "/var/lib/openstack/lib/python3.10/site-packages/ovsdbapp/backend/ovs_idl/idlutils.py", line 114, in row_by_value
2026-04-27 02:41:00.092 10 ERROR neutron_lib.callbacks.manager raise RowNotFound(table=table, col=column, match=match)
2026-04-27 02:41:00.092 10 ERROR neutron_lib.callbacks.manager ovsdbapp.backend.ovs_idl.idlutils.RowNotFound: Cannot find Logical_Router_Port with name=lrp-d135ea42-e1a6-412d-b92f-0354a334a785
2026-04-27 02:41:00.092 10 ERROR neutron_lib.callbacks.manager 
2026-04-27 02:41:00.325 10 INFO neutron.db.ovn_revision_numbers_db [None req-b3023088-f5fc-4026-911c-c7fff5cd9fb2 1deaa1d417994702b2f72680371f510c a4ec0d883a5c44d2a519b289ac7548b2 - - default default] Successfully bumped revision number for resource d135ea42-e1a6-412d-b92f-0354a334a785 (type: ports) to 2 /var/lib/openstack/lib/python3.10/site-packages/pycadf/identifier.py:71: UserWarning: Invalid uuid: neutron. To ensure interoperability, identifiers should be a valid uuid. warnings.warn(('Invalid uuid: %s. To ensure interoperability, '
2026-04-27 02:41:00.734 10 INFO neutron.wsgi [None req-e33f13c0-4e05-4fcd-9f91-a2e57d0c81b2 1f6c72ecd8664957a2347edd69858b2e e6ed90169e6849e8835ffc7bb1967d96 - - default default] 10.0.0.219 "GET /v2.0/security-groups?tenant_id=773dc36a2cb14fb68dd2ee839322c199&name=default HTTP/1.1" status: 200 len: 3120 time: 0.1961985
2026-04-27 02:41:01.014 10 ERROR ovsdbapp.backend.ovs_idl.command [None req-b3023088-f5fc-4026-911c-c7fff5cd9fb2 1deaa1d417994702b2f72680371f510c a4ec0d883a5c44d2a519b289ac7548b2 - - default default] Error executing command (DbGetCommand): ovsdbapp.backend.ovs_idl.idlutils.RowNotFound: Cannot find Logical_Router_Port with name=lrp-d135ea42-e1a6-412d-b92f-0354a334a785
2026-04-27 02:41:01.014 10 ERROR ovsdbapp.backend.ovs_idl.command
Traceback (most recent call last):
2026-04-27 02:41:01.014 10 ERROR ovsdbapp.backend.ovs_idl.command
File "/var/lib/openstack/lib/python3.10/site-packages/ovsdbapp/backend/ovs_idl/command.py", line 47, in execute
2026-04-27 02:41:01.014 10 ERROR ovsdbapp.backend.ovs_idl.command self.run_idl(None)
2026-04-27 02:41:01.014 10 ERROR ovsdbapp.backend.ovs_idl.command
File "/var/lib/openstack/lib/python3.10/site-packages/ovsdbapp/backend/ovs_idl/command.py", line 235, in run_idl
2026-04-27 02:41:01.014 10 ERROR ovsdbapp.backend.ovs_idl.command record = self.api.lookup(self.table, self.record)
2026-04-27 02:41:01.014 10 ERROR ovsdbapp.backend.ovs_idl.command
File "/var/lib/openstack/lib/python3.10/site-packages/ovsdbapp/backend/ovs_idl/__init__.py", line 184, in lookup
2026-04-27 02:41:01.014 10 ERROR ovsdbapp.backend.ovs_idl.command return self._lookup(table, record)
2026-04-27 02:41:01.014 10 ERROR ovsdbapp.backend.ovs_idl.command
File "/var/lib/openstack/lib/python3.10/site-packages/ovsdbapp/backend/ovs_idl/__init__.py", line 235, in _lookup
2026-04-27 02:41:01.014 10 ERROR ovsdbapp.backend.ovs_idl.command row = idlutils.row_by_value(self, rl.table, rl.column, record)
2026-04-27 02:41:01.014 10 ERROR ovsdbapp.backend.ovs_idl.command
File "/var/lib/openstack/lib/python3.10/site-packages/ovsdbapp/backend/ovs_idl/idlutils.py", line 114, in row_by_value
2026-04-27 02:41:01.014 10 ERROR ovsdbapp.backend.ovs_idl.command raise RowNotFound(table=table, col=column, match=match)
2026-04-27 02:41:01.014 10 ERROR ovsdbapp.backend.ovs_idl.command ovsdbapp.backend.ovs_idl.idlutils.RowNotFound: Cannot find Logical_Router_Port with name=lrp-d135ea42-e1a6-412d-b92f-0354a334a785
2026-04-27 02:41:01.014 10 ERROR ovsdbapp.backend.ovs_idl.command 
2026-04-27 02:41:01.015 10 ERROR neutron_lib.callbacks.manager [None req-b3023088-f5fc-4026-911c-c7fff5cd9fb2 1deaa1d417994702b2f72680371f510c a4ec0d883a5c44d2a519b289ac7548b2 - - default default] Error during notification for neutron.services.ovn_l3.plugin.OVNL3RouterPlugin._port_update-8771891537647 port, after_update: ovsdbapp.backend.ovs_idl.idlutils.RowNotFound: Cannot find Logical_Router_Port with name=lrp-d135ea42-e1a6-412d-b92f-0354a334a785
2026-04-27 02:41:01.015 10 ERROR neutron_lib.callbacks.manager
Traceback (most recent call last):
2026-04-27 02:41:01.015 10 ERROR neutron_lib.callbacks.manager
File "/var/lib/openstack/lib/python3.10/site-packages/neutron_lib/callbacks/manager.py", line 189, in _notify_loop
2026-04-27 02:41:01.015 10 ERROR neutron_lib.callbacks.manager callback.method(resource, event, trigger, payload=payload)
2026-04-27 02:41:01.015 10 ERROR neutron_lib.callbacks.manager
File "/var/lib/openstack/lib/python3.10/site-packages/neutron/services/ovn_l3/plugin.py", line 391, in _port_update
2026-04-27 02:41:01.015 10 ERROR neutron_lib.callbacks.manager l3plugin._ovn_client.update_router_port(context,
2026-04-27 02:41:01.015 10 ERROR neutron_lib.callbacks.manager
File "/var/lib/openstack/lib/python3.10/site-packages/neutron/plugins/ml2/drivers/ovn/mech_driver/ovsdb/ovn_client.py", line 1878, in update_router_port
2026-04-27 02:41:01.015 10 ERROR neutron_lib.callbacks.manager self._update_lrouter_port(context, port, if_exists=if_exists,
2026-04-27 02:41:01.015 10 ERROR neutron_lib.callbacks.manager
File "/var/lib/openstack/lib/python3.10/site-packages/neutron/plugins/ml2/drivers/ovn/mech_driver/ovsdb/ovn_client.py", line 1855, in _update_lrouter_port
2026-04-27 02:41:01.015 10 ERROR neutron_lib.callbacks.manager external_ids = self._nb_idl.db_get(
2026-04-27 02:41:01.015 10 ERROR neutron_lib.callbacks.manager
File "/var/lib/openstack/lib/python3.10/site-packages/ovsdbapp/backend/ovs_idl/command.py", line 47, in execute
2026-04-27 02:41:01.015 10 ERROR neutron_lib.callbacks.manager self.run_idl(None)
2026-04-27 02:41:01.015 10 ERROR neutron_lib.callbacks.manager
File "/var/lib/openstack/lib/python3.10/site-packages/ovsdbapp/backend/ovs_idl/command.py", line 235, in run_idl
2026-04-27 02:41:01.015 10 ERROR neutron_lib.callbacks.manager record = self.api.lookup(self.table, self.record)
2026-04-27 02:41:01.015 10 ERROR neutron_lib.callbacks.manager
File "/var/lib/openstack/lib/python3.10/site-packages/ovsdbapp/backend/ovs_idl/__init__.py", line 184, in lookup
2026-04-27 02:41:01.015 10 ERROR neutron_lib.callbacks.manager return self._lookup(table, record)
2026-04-27 02:41:01.015 10 ERROR neutron_lib.callbacks.manager
File "/var/lib/openstack/lib/python3.10/site-packages/ovsdbapp/backend/ovs_idl/__init__.py", line 235, in _lookup
2026-04-27 02:41:01.015 10 ERROR neutron_lib.callbacks.manager row = idlutils.row_by_value(self, rl.table, rl.column, record)
2026-04-27 02:41:01.015 10 ERROR neutron_lib.callbacks.manager
File "/var/lib/openstack/lib/python3.10/site-packages/ovsdbapp/backend/ovs_idl/idlutils.py", line 114, in row_by_value
2026-04-27 02:41:01.015 10 ERROR neutron_lib.callbacks.manager raise RowNotFound(table=table, col=column, match=match)
2026-04-27 02:41:01.015 10 ERROR neutron_lib.callbacks.manager ovsdbapp.backend.ovs_idl.idlutils.RowNotFound: Cannot find Logical_Router_Port with name=lrp-d135ea42-e1a6-412d-b92f-0354a334a785
2026-04-27 02:41:01.015 10 ERROR neutron_lib.callbacks.manager 
2026-04-27 02:41:01.170 10 INFO neutron.wsgi [None req-05a0917b-e58e-4001-ac3b-4f4a017ecc1d 1f6c72ecd8664957a2347edd69858b2e e6ed90169e6849e8835ffc7bb1967d96 - - default default] 10.0.0.219 "DELETE /v2.0/security-groups/a7006636-9b78-4bbd-b8ca-7d19baecf471 HTTP/1.1" status: 204 len: 168 time: 0.4288285
2026-04-27 02:41:01.322 10 INFO neutron.db.ovn_revision_numbers_db [None req-b3023088-f5fc-4026-911c-c7fff5cd9fb2 1deaa1d417994702b2f72680371f510c a4ec0d883a5c44d2a519b289ac7548b2 - - default default] Successfully bumped revision number for resource d135ea42-e1a6-412d-b92f-0354a334a785 (type: ports) to 2
2026-04-27 02:41:01.416 10 WARNING neutron.scheduler.dhcp_agent_scheduler [None req-b3023088-f5fc-4026-911c-c7fff5cd9fb2 1deaa1d417994702b2f72680371f510c a4ec0d883a5c44d2a519b289ac7548b2 - - default default] No more DHCP agents
2026-04-27 02:41:01.418 10 WARNING neutron.api.rpc.agentnotifiers.dhcp_rpc_agent_api [None req-b3023088-f5fc-4026-911c-c7fff5cd9fb2 1deaa1d417994702b2f72680371f510c a4ec0d883a5c44d2a519b289ac7548b2 - - default default] Unable to schedule network aab0cfe2-5391-45c1-9d1e-548c92f591c4: no agents available; will retry on subsequent port and subnet creation events.
2026-04-27 02:41:01.616 10 INFO neutron.db.ovn_revision_numbers_db [None req-b3023088-f5fc-4026-911c-c7fff5cd9fb2 1deaa1d417994702b2f72680371f510c a4ec0d883a5c44d2a519b289ac7548b2 - - default default] Successfully bumped revision number for resource d135ea42-e1a6-412d-b92f-0354a334a785 (type: router_ports) to 2
2026-04-27 02:41:01.626 10 INFO neutron.wsgi [None req-b3023088-f5fc-4026-911c-c7fff5cd9fb2 1deaa1d417994702b2f72680371f510c a4ec0d883a5c44d2a519b289ac7548b2 - - default default] 10.0.0.219 "PUT /v2.0/routers/76bd7c31-92a7-4ef1-9d52-3719c4ba0436/add_router_interface HTTP/1.1" status: 200 len: 503 time: 2.2729499 /var/lib/openstack/lib/python3.10/site-packages/pycadf/identifier.py:71: UserWarning: Invalid uuid: neutron. To ensure interoperability, identifiers should be a valid uuid. warnings.warn(('Invalid uuid: %s. To ensure interoperability, '
2026-04-27 02:41:01.788 10 INFO neutron.wsgi [req-bbf35fd7-c88f-4e9a-a7cc-3878d94c4106 req-83b5ef1f-fbc4-4a40-80be-09fccade0ee9 a8242ac6e9d14763b66a18aab8fd72fe 09327df7f0fe4c288988528b03c15c75 - - default default] 10.0.0.64 "GET /v2.0/networks?id=96923706-1821-4fd2-b87b-bb5591c64549 HTTP/1.1" status: 200 len: 872 time: 0.1346321
2026-04-27 02:41:01.813 10 INFO neutron.wsgi [None req-1722bfb0-9ba7-42fd-b6c7-b619c16f0e83 1deaa1d417994702b2f72680371f510c a4ec0d883a5c44d2a519b289ac7548b2 - - default default] 10.0.0.219 "GET /v2.0/ports/d135ea42-e1a6-412d-b92f-0354a334a785 HTTP/1.1" status: 200 len: 1203 time: 0.1818395
2026-04-27 02:41:01.817 10 INFO neutron.wsgi [req-bbf35fd7-c88f-4e9a-a7cc-3878d94c4106 req-703013b5-812d-4294-bee5-a1ebbe81d8c4 a8242ac6e9d14763b66a18aab8fd72fe 09327df7f0fe4c288988528b03c15c75 - - default default] 10.0.0.64 "GET /v2.0/quotas/09327df7f0fe4c288988528b03c15c75 HTTP/1.1" status: 200 len: 491 time: 0.0191309
2026-04-27 02:41:01.998 10 INFO neutron.wsgi [req-bbf35fd7-c88f-4e9a-a7cc-3878d94c4106 req-d0c94705-b692-4a0c-8f48-38193f8f58cd a8242ac6e9d14763b66a18aab8fd72fe 09327df7f0fe4c288988528b03c15c75 - - default default] 10.0.0.64 "GET /v2.0/ports?tenant_id=09327df7f0fe4c288988528b03c15c75&fields=id HTTP/1.1" status: 200 len: 302 time: 0.1729825 /var/lib/openstack/lib/python3.10/site-packages/pycadf/identifier.py:71: UserWarning: Invalid uuid: neutron. To ensure interoperability, identifiers should be a valid uuid. warnings.warn(('Invalid uuid: %s. To ensure interoperability, '
2026-04-27 02:41:02.089 10 INFO neutron.wsgi [req-bbf35fd7-c88f-4e9a-a7cc-3878d94c4106 req-d592e465-fe24-4358-9434-992b8ef47e0a ec827a8a7a3f46a3a04d421d8e3e7988 3ade82478ed64c7db8d18762975797e1 - - 3c9a3e2df4314531a21ba8851fd274b4 3c9a3e2df4314531a21ba8851fd274b4] 10.0.0.64 "GET /v2.0/networks/96923706-1821-4fd2-b87b-bb5591c64549?fields=segments HTTP/1.1" status: 200 len: 212 time: 0.0802143 /var/lib/openstack/lib/python3.10/site-packages/pycadf/identifier.py:71: UserWarning: Invalid uuid: neutron. To ensure interoperability, identifiers should be a valid uuid. warnings.warn(('Invalid uuid: %s. To ensure interoperability, '
2026-04-27 02:41:02.201 10 INFO neutron.wsgi [req-bbf35fd7-c88f-4e9a-a7cc-3878d94c4106 req-8764efd4-2927-42bb-a842-719c312ffd2d ec827a8a7a3f46a3a04d421d8e3e7988 3ade82478ed64c7db8d18762975797e1 - - 3c9a3e2df4314531a21ba8851fd274b4 3c9a3e2df4314531a21ba8851fd274b4] 10.0.0.64 "GET /v2.0/networks/96923706-1821-4fd2-b87b-bb5591c64549?fields=provider%3Aphysical_network&fields=provider%3Anetwork_type HTTP/1.1" status: 200 len: 277 time: 0.1015630
2026-04-27 02:41:02.385 10 INFO neutron.wsgi [req-630bb0fd-d387-404a-8b7d-bc2b2476033c req-86766e96-ec73-4aaa-8436-f6269b5a07ca a8242ac6e9d14763b66a18aab8fd72fe 09327df7f0fe4c288988528b03c15c75 - - default default] 10.0.0.64 "GET /v2.0/ports?device_id=6892f0c9-5009-4a9b-93ff-040205460d7c HTTP/1.1" status: 200 len: 210 time: 0.0358791
2026-04-27 02:41:03.122 10 INFO neutron.wsgi [None req-8ffdc983-e73c-4d14-b51b-5a37461b87b7 1deaa1d417994702b2f72680371f510c a4ec0d883a5c44d2a519b289ac7548b2 - - default default] 10.0.0.219 "PUT /v2.0/routers/76bd7c31-92a7-4ef1-9d52-3719c4ba0436/remove_router_interface HTTP/1.1" status: 200 len: 503 time: 1.3035147 /var/lib/openstack/lib/python3.10/site-packages/pycadf/identifier.py:71: UserWarning: Invalid uuid: neutron. To ensure interoperability, identifiers should be a valid uuid. warnings.warn(('Invalid uuid: %s. To ensure interoperability, '
2026-04-27 02:41:03.222 10 INFO neutron.api.v2.resource [None req-f9e0e56c-5b80-48e5-8bdc-df5002e29418 1deaa1d417994702b2f72680371f510c a4ec0d883a5c44d2a519b289ac7548b2 - - default default] remove_router_interface failed (client error): The resource could not be found.
2026-04-27 02:41:03.223 10 INFO neutron.wsgi [None req-f9e0e56c-5b80-48e5-8bdc-df5002e29418 1deaa1d417994702b2f72680371f510c a4ec0d883a5c44d2a519b289ac7548b2 - - default default] 10.0.0.219 "PUT /v2.0/routers/76bd7c31-92a7-4ef1-9d52-3719c4ba0436/remove_router_interface HTTP/1.1" status: 404 len: 398 time: 0.0950704
2026-04-27 02:41:03.271 10 INFO neutron.wsgi [None req-bd896489-ad15-4ea3-9152-d75a2919b56f 1deaa1d417994702b2f72680371f510c a4ec0d883a5c44d2a519b289ac7548b2 - - default default] 10.0.0.219 "GET /v2.0/ports?device_id=76bd7c31-92a7-4ef1-9d52-3719c4ba0436 HTTP/1.1" status: 200 len: 205 time: 0.0367615
2026-04-27 02:41:03.296 10 INFO neutron.wsgi [req-bbf35fd7-c88f-4e9a-a7cc-3878d94c4106 req-e2d2221a-cedd-44d4-a8e9-168ca7fbebc4 a8242ac6e9d14763b66a18aab8fd72fe 09327df7f0fe4c288988528b03c15c75 - - default default] 199.204.45.210 "GET /v2.0/networks?id=96923706-1821-4fd2-b87b-bb5591c64549 HTTP/1.1" status: 200 len: 872 time: 0.1237564
2026-04-27 02:41:03.314 10 WARNING neutron_lib.context [req-bbf35fd7-c88f-4e9a-a7cc-3878d94c4106 req-1f75de07-56b1-4ec8-923a-3dca05fadc05 a8242ac6e9d14763b66a18aab8fd72fe 09327df7f0fe4c288988528b03c15c75 - - default default] Method 'is_advsvc' is deprecated since 2023.2 release (neutron-lib 3.8.0) and will be removed once support for the old RBAC API policies will be removed from Neutron. Please use method 'is_service_role' instead.
2026-04-27 02:41:03.480 10 INFO neutron.wsgi [req-2e88e502-855d-4215-b02d-7ee1292bfaab req-b0c58b28-9c65-44dd-8179-cf4bd9960462 a8242ac6e9d14763b66a18aab8fd72fe 09327df7f0fe4c288988528b03c15c75 - - default default] 10.0.0.64 "GET /v2.0/ports?device_id=6892f0c9-5009-4a9b-93ff-040205460d7c HTTP/1.1" status: 200 len: 210 time: 0.0237784
2026-04-27 02:41:03.530 9 WARNING neutron_lib.context [None req-954b02e5-4fec-41c8-9e24-6a521f288c8f 9fcb970dde2d40608e78dbb0979182f6 508843032f4240608f40cc4945931501 - - default default] Method 'is_advsvc' is deprecated since 2023.2 release (neutron-lib 3.8.0) and will be removed once support for the old RBAC API policies will be removed from Neutron. Please use method 'is_service_role' instead.
2026-04-27 02:41:03.704 10 WARNING neutron.scheduler.dhcp_agent_scheduler [req-bbf35fd7-c88f-4e9a-a7cc-3878d94c4106 req-1f75de07-56b1-4ec8-923a-3dca05fadc05 a8242ac6e9d14763b66a18aab8fd72fe 09327df7f0fe4c288988528b03c15c75 - - default default] No more DHCP agents
2026-04-27 02:41:03.708 10 WARNING neutron.api.rpc.agentnotifiers.dhcp_rpc_agent_api [req-bbf35fd7-c88f-4e9a-a7cc-3878d94c4106 req-1f75de07-56b1-4ec8-923a-3dca05fadc05 a8242ac6e9d14763b66a18aab8fd72fe 09327df7f0fe4c288988528b03c15c75 - - default default] Unable to schedule network 96923706-1821-4fd2-b87b-bb5591c64549: no agents available; will retry on subsequent port and subnet creation events.
2026-04-27 02:41:03.788 9 INFO neutron.wsgi [None req-ec59003d-b5ef-4673-86cc-c346d4dbe3cf 1deaa1d417994702b2f72680371f510c a4ec0d883a5c44d2a519b289ac7548b2 - - default default] 10.0.0.219 "DELETE /v2.0/routers/76bd7c31-92a7-4ef1-9d52-3719c4ba0436 HTTP/1.1" status: 204 len: 168 time: 0.5119703
2026-04-27 02:41:03.855 9 INFO neutron.db.ovn_revision_numbers_db [None req-954b02e5-4fec-41c8-9e24-6a521f288c8f 9fcb970dde2d40608e78dbb0979182f6 508843032f4240608f40cc4945931501 - - default default] Successfully bumped revision number for resource ca0265c1-41ee-426e-b4ea-0005658436a7 (type: security_groups) to 1
2026-04-27 02:41:03.889 9 INFO neutron.db.ovn_revision_numbers_db [None req-954b02e5-4fec-41c8-9e24-6a521f288c8f 9fcb970dde2d40608e78dbb0979182f6 508843032f4240608f40cc4945931501 - - default default] Successfully bumped revision number for resource 370604d5-02f5-4a74-9e85-168ef05adecd (type: security_group_rules) to 0
2026-04-27 02:41:03.912 10 INFO neutron.db.ovn_revision_numbers_db [req-bbf35fd7-c88f-4e9a-a7cc-3878d94c4106 req-1f75de07-56b1-4ec8-923a-3dca05fadc05 a8242ac6e9d14763b66a18aab8fd72fe 09327df7f0fe4c288988528b03c15c75 - - default default] Successfully bumped revision number for resource 0f4eed89-9f76-474d-89c8-c5ebfd66ae4a (type: ports) to 1
2026-04-27 02:41:03.916 9 INFO neutron.db.ovn_revision_numbers_db [None req-954b02e5-4fec-41c8-9e24-6a521f288c8f 9fcb970dde2d40608e78dbb0979182f6 508843032f4240608f40cc4945931501 - - default default] Successfully bumped revision number for resource 40edf6d8-5bd8-4427-ba1c-6c254cee9b9a (type: security_group_rules) to 0
2026-04-27 02:41:03.941 10 INFO neutron.wsgi [req-bbf35fd7-c88f-4e9a-a7cc-3878d94c4106 req-1f75de07-56b1-4ec8-923a-3dca05fadc05 a8242ac6e9d14763b66a18aab8fd72fe 09327df7f0fe4c288988528b03c15c75 - - default default] 199.204.45.210 "POST /v2.0/ports HTTP/1.1" status: 201 len: 1162 time: 0.6371863
2026-04-27 02:41:03.947 9 INFO neutron.db.ovn_revision_numbers_db [None req-954b02e5-4fec-41c8-9e24-6a521f288c8f 9fcb970dde2d40608e78dbb0979182f6 508843032f4240608f40cc4945931501 - - default default] Successfully bumped revision number for resource 7bad15eb-8e18-4119-8d13-8fe9eac7a2de (type: security_group_rules) to 0 /var/lib/openstack/lib/python3.10/site-packages/pycadf/identifier.py:71: UserWarning: Invalid uuid: neutron. To ensure interoperability, identifiers should be a valid uuid. warnings.warn(('Invalid uuid: %s. To ensure interoperability, '
2026-04-27 02:41:03.983 9 INFO neutron.db.ovn_revision_numbers_db [None req-954b02e5-4fec-41c8-9e24-6a521f288c8f 9fcb970dde2d40608e78dbb0979182f6 508843032f4240608f40cc4945931501 - - default default] Successfully bumped revision number for resource a87f244a-a5c7-47ad-b6b6-91903ef256c7 (type: security_group_rules) to 0
2026-04-27 02:41:04.096 9 INFO neutron.wsgi [None req-1f5422a3-5691-4934-8d2c-743f0a506c16 1deaa1d417994702b2f72680371f510c a4ec0d883a5c44d2a519b289ac7548b2 - - default default] 10.0.0.219 "DELETE /v2.0/subnets/ab7d429a-60e5-42cf-918c-cbf25cde6948 HTTP/1.1" status: 204 len: 168 time: 0.3022232
2026-04-27 02:41:04.098 9 INFO neutron.db.ovn_revision_numbers_db [None req-954b02e5-4fec-41c8-9e24-6a521f288c8f 9fcb970dde2d40608e78dbb0979182f6 508843032f4240608f40cc4945931501 - - default default] Successfully bumped revision number for resource fd88032c-9a65-4fa8-913a-29dbab4f6932 (type: security_groups) to 1
2026-04-27 02:41:04.126 9 INFO neutron.db.ovn_revision_numbers_db [None req-954b02e5-4fec-41c8-9e24-6a521f288c8f 9fcb970dde2d40608e78dbb0979182f6 508843032f4240608f40cc4945931501 - - default default] Successfully bumped revision number for resource 0b88a550-08b9-4de5-afad-6bc6e658faa6 (type: security_group_rules) to 0
2026-04-27 02:41:04.157 9 INFO neutron.db.ovn_revision_numbers_db [None req-954b02e5-4fec-41c8-9e24-6a521f288c8f 9fcb970dde2d40608e78dbb0979182f6 508843032f4240608f40cc4945931501 - - default default] Successfully bumped revision number for resource cd9f27fe-a0cd-4585-bc71-320cf8e0bb59 (type: security_group_rules) to 0
2026-04-27 02:41:04.178 9 INFO neutron.wsgi [None req-954b02e5-4fec-41c8-9e24-6a521f288c8f 9fcb970dde2d40608e78dbb0979182f6 508843032f4240608f40cc4945931501 - - default default] 10.0.0.219 "POST /v2.0/security-groups HTTP/1.1" status: 201 len: 1824 time: 0.8672264
2026-04-27 02:41:04.241 10 INFO neutron.wsgi [None req-c2b92f23-a28c-4b9b-81c1-864494670de5 9fcb970dde2d40608e78dbb0979182f6 508843032f4240608f40cc4945931501 - - default default] 10.0.0.219 "GET /v2.0/security-groups HTTP/1.1" status: 200 len: 4724 time: 0.0525944
2026-04-27 02:41:04.372 9 INFO neutron.db.ovn_revision_numbers_db [None req-3a5d15f6-c68b-469a-a8c2-ddbb90c0ac7c 9fcb970dde2d40608e78dbb0979182f6 508843032f4240608f40cc4945931501 - - default default] Successfully bumped revision number for resource fd88032c-9a65-4fa8-913a-29dbab4f6932 (type: security_groups) to 2
2026-04-27 02:41:04.379 9 INFO neutron.wsgi [None req-3a5d15f6-c68b-469a-a8c2-ddbb90c0ac7c 9fcb970dde2d40608e78dbb0979182f6 508843032f4240608f40cc4945931501 - - default default] 10.0.0.219 "PUT /v2.0/security-groups/fd88032c-9a65-4fa8-913a-29dbab4f6932 HTTP/1.1" status: 200 len: 1859 time: 0.1313362 /var/lib/openstack/lib/python3.10/site-packages/pycadf/identifier.py:71: UserWarning: Invalid uuid: neutron. To ensure interoperability, identifiers should be a valid uuid. warnings.warn(('Invalid uuid: %s. To ensure interoperability, '
2026-04-27 02:41:04.437 10 INFO neutron.wsgi [None req-b762d39f-1fd6-4789-a591-3de5075ccc37 9fcb970dde2d40608e78dbb0979182f6 508843032f4240608f40cc4945931501 - - default default] 10.0.0.219 "GET /v2.0/security-groups/fd88032c-9a65-4fa8-913a-29dbab4f6932 HTTP/1.1" status: 200 len: 1859 time: 0.0461476
2026-04-27 02:41:04.473 10 INFO neutron.db.ovn_revision_numbers_db [req-bbf35fd7-c88f-4e9a-a7cc-3878d94c4106 req-0113a6ef-79d3-4050-ad37-f5b3288d47c3 ec827a8a7a3f46a3a04d421d8e3e7988 3ade82478ed64c7db8d18762975797e1 - - 3c9a3e2df4314531a21ba8851fd274b4 3c9a3e2df4314531a21ba8851fd274b4] Successfully bumped revision number for resource 0f4eed89-9f76-474d-89c8-c5ebfd66ae4a (type: ports) to 2
2026-04-27 02:41:04.588 9 INFO neutron.services.segments.plugin [-] Segment aa55e280-956a-4114-903b-b2f2ed97eab1 resource provider aggregate not found
2026-04-27 02:41:04.593 9 INFO neutron.services.segments.plugin [-] Segment aa55e280-956a-4114-903b-b2f2ed97eab1 resource provider aggregate not found
2026-04-27 02:41:04.611 9 INFO neutron.services.segments.plugin [-] Segment aa55e280-956a-4114-903b-b2f2ed97eab1 resource provider not found; error: Placement Client Error (4xx): {"errors": [{"status": 404, "title": "Not Found", "detail": "The resource could not be found.\n\n No resource provider with uuid aa55e280-956a-4114-903b-b2f2ed97eab1 found for delete ", "request_id": "req-d11d2b1a-18ea-47db-9bf3-6368513c7e31"}]}
2026-04-27 02:41:04.612 9 INFO neutron.services.segments.plugin [-] Segment aa55e280-956a-4114-903b-b2f2ed97eab1 resource provider not found; error: Placement Client Error (4xx): {"errors": [{"status": 404, "title": "Not Found", "detail": "The resource could not be found.\n\n No resource provider with uuid aa55e280-956a-4114-903b-b2f2ed97eab1 found for delete ", "request_id": "req-3721b919-5808-4f1e-b86f-cbf3d8a73ece"}]}
2026-04-27 02:41:04.638 10 INFO neutron.wsgi [req-1f39e632-eed9-4088-b2f6-7b38c161362f req-a130ab51-190e-4810-af5e-edb3ce55fde3 a8242ac6e9d14763b66a18aab8fd72fe 09327df7f0fe4c288988528b03c15c75 - - default default] 10.0.0.64 "GET /v2.0/ports?device_id=6892f0c9-5009-4a9b-93ff-040205460d7c HTTP/1.1" status: 200 len: 1172 time: 0.0676563
2026-04-27 02:41:04.649 9 INFO neutron.wsgi [None req-8dc94977-d26a-431d-9a01-189606de5eec 1deaa1d417994702b2f72680371f510c a4ec0d883a5c44d2a519b289ac7548b2 - - default default] 10.0.0.219 "DELETE /v2.0/networks/aab0cfe2-5391-45c1-9d1e-548c92f591c4 HTTP/1.1" status: 204 len: 168 time: 0.5471997
2026-04-27 02:41:04.653 9 INFO neutron.wsgi [None req-cb529bb4-fb9e-4150-aea5-1abc934194b8 9fcb970dde2d40608e78dbb0979182f6 508843032f4240608f40cc4945931501 - - default default] 10.0.0.219 "DELETE /v2.0/security-groups/fd88032c-9a65-4fa8-913a-29dbab4f6932 HTTP/1.1" status: 204 len: 168 time: 0.2015605
2026-04-27 02:41:04.666 9 WARNING neutron_lib.context [None req-af2e222d-14db-46d8-b333-9c6c1861dbdf 1deaa1d417994702b2f72680371f510c a4ec0d883a5c44d2a519b289ac7548b2 - - default default] Method 'is_advsvc' is deprecated since 2023.2 release (neutron-lib 3.8.0) and will be removed once support for the old RBAC API policies will be removed from Neutron. Please use method 'is_service_role' instead.
2026-04-27 02:41:04.735 9 INFO neutron.wsgi [None req-3b352a4d-f571-49dc-a9e3-6e91b2867cfc 9fcb970dde2d40608e78dbb0979182f6 508843032f4240608f40cc4945931501 - - default default] 10.0.0.219 "GET /v2.0/security-groups HTTP/1.1" status: 200 len: 3120 time: 0.0739305
2026-04-27 02:41:04.756 9 INFO neutron.api.v2.resource [None req-6440da23-6186-4bf5-9b87-238d782d0753 9fcb970dde2d40608e78dbb0979182f6 508843032f4240608f40cc4945931501 - - default default] delete failed (client error): The resource could not be found.
2026-04-27 02:41:04.758 9 INFO neutron.wsgi [None req-6440da23-6186-4bf5-9b87-238d782d0753 9fcb970dde2d40608e78dbb0979182f6 508843032f4240608f40cc4945931501 - - default default] 10.0.0.219 "DELETE /v2.0/security-groups/fd88032c-9a65-4fa8-913a-29dbab4f6932 HTTP/1.1" status: 404 len: 347 time: 0.0171318
2026-04-27 02:41:04.772 10 INFO neutron.wsgi [req-1f39e632-eed9-4088-b2f6-7b38c161362f req-da866431-9aed-43bb-bcac-a3c306bac222 a8242ac6e9d14763b66a18aab8fd72fe 09327df7f0fe4c288988528b03c15c75 - - default default] 10.0.0.64 "GET /v2.0/security-groups?id=a4ce2599-5ad6-4659-88e1-150361b0db3a&fields=id&fields=name HTTP/1.1" status: 200 len: 286 time: 0.1102865
2026-04-27 02:41:04.780 9 WARNING neutron_lib.context [None req-9b292d49-1282-4ffb-a9a4-79d937798aa3 9fcb970dde2d40608e78dbb0979182f6 508843032f4240608f40cc4945931501 - - default default] Method 'is_advsvc' is deprecated since 2023.2 release (neutron-lib 3.8.0) and will be removed once support for the old RBAC API policies will be removed from Neutron. Please use method 'is_service_role' instead.
2026-04-27 02:41:04.822 9 INFO neutron.db.segments_db [None req-af2e222d-14db-46d8-b333-9c6c1861dbdf 1deaa1d417994702b2f72680371f510c a4ec0d883a5c44d2a519b289ac7548b2 - - default default] Added segment 857c9683-0eca-47d5-99dc-75617bcd649c of type geneve for network e9e259ee-dccd-49c5-aa8b-95d62dcb379f
2026-04-27 02:41:04.834 9 WARNING neutron_lib.context [None req-90306bb2-015f-4735-8ab5-08b01bbd15fb 59e5cf1d11e648838fe3aff78a07ed24 bc4c846b244645d0a8b961af0f07ef78 - - default default] Method 'is_advsvc' is deprecated since 2023.2 release (neutron-lib 3.8.0) and will be removed once support for the old RBAC API policies will be removed from Neutron. Please use method 'is_service_role' instead.
2026-04-27 02:41:04.844 10 INFO neutron.db.ovn_revision_numbers_db [req-bbf35fd7-c88f-4e9a-a7cc-3878d94c4106 req-0113a6ef-79d3-4050-ad37-f5b3288d47c3 ec827a8a7a3f46a3a04d421d8e3e7988 3ade82478ed64c7db8d18762975797e1 - - 3c9a3e2df4314531a21ba8851fd274b4 3c9a3e2df4314531a21ba8851fd274b4] Successfully bumped revision number for resource 0f4eed89-9f76-474d-89c8-c5ebfd66ae4a (type: ports) to 2
2026-04-27 02:41:04.862 10 INFO neutron.wsgi [req-bbf35fd7-c88f-4e9a-a7cc-3878d94c4106 req-0113a6ef-79d3-4050-ad37-f5b3288d47c3 ec827a8a7a3f46a3a04d421d8e3e7988 3ade82478ed64c7db8d18762975797e1 - - 3c9a3e2df4314531a21ba8851fd274b4 3c9a3e2df4314531a21ba8851fd274b4] 199.204.45.210 "PUT /v2.0/ports/0f4eed89-9f76-474d-89c8-c5ebfd66ae4a HTTP/1.1" status: 200 len: 1380 time: 0.9111600
2026-04-27 02:41:04.939 10 INFO neutron.notifiers.nova [-] Nova event matching ['req-b13de4d6-e1ce-47ab-8994-30e237411879'] response: {'name': 'network-changed', 'server_uuid': '6892f0c9-5009-4a9b-93ff-040205460d7c', 'tag': '0f4eed89-9f76-474d-89c8-c5ebfd66ae4a', 'status': 'completed', 'code': 200} /var/lib/openstack/lib/python3.10/site-packages/pycadf/identifier.py:71: UserWarning: Invalid uuid: neutron. To ensure interoperability, identifiers should be a valid uuid. warnings.warn(('Invalid uuid: %s. To ensure interoperability, '
2026-04-27 02:41:05.038 10 INFO neutron.wsgi [req-bbf35fd7-c88f-4e9a-a7cc-3878d94c4106 req-066548b5-b5ab-4797-a6e4-b4348d18a573 ec827a8a7a3f46a3a04d421d8e3e7988 3ade82478ed64c7db8d18762975797e1 - - 3c9a3e2df4314531a21ba8851fd274b4 3c9a3e2df4314531a21ba8851fd274b4] 199.204.45.210 "GET /v2.0/ports?tenant_id=09327df7f0fe4c288988528b03c15c75&device_id=6892f0c9-5009-4a9b-93ff-040205460d7c HTTP/1.1" status: 200 len: 1411 time: 0.0787365
2026-04-27 02:41:05.055 9 INFO neutron.db.ovn_revision_numbers_db [None req-9b292d49-1282-4ffb-a9a4-79d937798aa3 9fcb970dde2d40608e78dbb0979182f6 508843032f4240608f40cc4945931501 - - default default] Successfully bumped revision number for resource 19e681ec-9826-46e1-9787-22570dbb628f (type: security_groups) to 1
2026-04-27 02:41:05.080 10 INFO neutron.wsgi [req-bbf35fd7-c88f-4e9a-a7cc-3878d94c4106 req-3202268d-9834-4a5b-a937-756e2b5ad31a ec827a8a7a3f46a3a04d421d8e3e7988 3ade82478ed64c7db8d18762975797e1 - - 3c9a3e2df4314531a21ba8851fd274b4 3c9a3e2df4314531a21ba8851fd274b4] 199.204.45.210 "GET /v2.0/floatingips?fixed_ip_address=10.100.0.11&port_id=0f4eed89-9f76-474d-89c8-c5ebfd66ae4a HTTP/1.1" status: 200 len: 217 time: 0.0364401
2026-04-27 02:41:05.116 9 INFO neutron.db.ovn_revision_numbers_db [None req-af2e222d-14db-46d8-b333-9c6c1861dbdf 1deaa1d417994702b2f72680371f510c a4ec0d883a5c44d2a519b289ac7548b2 - - default default] Successfully bumped revision number for resource e9e259ee-dccd-49c5-aa8b-95d62dcb379f (type: networks) to 1
2026-04-27 02:41:05.124 9 INFO neutron.db.ovn_revision_numbers_db [None req-9b292d49-1282-4ffb-a9a4-79d937798aa3 9fcb970dde2d40608e78dbb0979182f6 508843032f4240608f40cc4945931501 - - default default] Successfully bumped revision number for resource 55667131-0125-41e2-bf51-772951330930 (type: security_group_rules) to 0
2026-04-27 02:41:05.128 10 INFO neutron.wsgi [req-bbf35fd7-c88f-4e9a-a7cc-3878d94c4106 req-d6614276-d86b-4f5a-89fa-fa01620a3839 ec827a8a7a3f46a3a04d421d8e3e7988 3ade82478ed64c7db8d18762975797e1 - - 3c9a3e2df4314531a21ba8851fd274b4 3c9a3e2df4314531a21ba8851fd274b4] 199.204.45.210 "GET /v2.0/subnets?id=ab2a0e05-70db-4ce0-9d62-6c445560599e HTTP/1.1" status: 200 len: 866 time: 0.0420549
2026-04-27 02:41:05.158 9 INFO neutron.db.ovn_revision_numbers_db [None req-9b292d49-1282-4ffb-a9a4-79d937798aa3 9fcb970dde2d40608e78dbb0979182f6 508843032f4240608f40cc4945931501 - - default default] Successfully bumped revision number for resource f51b2a7e-945d-4e1c-a326-00a5db38b97c (type: security_group_rules) to 0
2026-04-27 02:41:05.169 10 INFO neutron.wsgi [req-bbf35fd7-c88f-4e9a-a7cc-3878d94c4106 req-081c4284-d989-4a8c-ae27-a062a55b324f ec827a8a7a3f46a3a04d421d8e3e7988 3ade82478ed64c7db8d18762975797e1 - - 3c9a3e2df4314531a21ba8851fd274b4 3c9a3e2df4314531a21ba8851fd274b4] 199.204.45.210 "GET /v2.0/ports?network_id=96923706-1821-4fd2-b87b-bb5591c64549&device_owner=network%3Adhcp HTTP/1.1" status: 200 len: 210 time: 0.0323999
2026-04-27 02:41:05.176 9 INFO neutron.db.ovn_revision_numbers_db [None req-90306bb2-015f-4735-8ab5-08b01bbd15fb 59e5cf1d11e648838fe3aff78a07ed24 bc4c846b244645d0a8b961af0f07ef78 - - default default] Successfully bumped revision number for resource 89fdd8de-0475-4f56-afd0-fe848ed715c5 (type: security_groups) to 1
2026-04-27 02:41:05.186 9 INFO neutron.wsgi [None req-9b292d49-1282-4ffb-a9a4-79d937798aa3 9fcb970dde2d40608e78dbb0979182f6 508843032f4240608f40cc4945931501 - - default default] 10.0.0.219 "POST /v2.0/security-groups HTTP/1.1" status: 201 len: 1824 time: 0.4146516
2026-04-27 02:41:05.203 9 WARNING neutron_lib.context [None req-b1240e9e-da6b-4cb8-a33a-ab300e5c91eb 9fcb970dde2d40608e78dbb0979182f6 508843032f4240608f40cc4945931501 - - default default] Method 'is_advsvc' is deprecated since 2023.2 release (neutron-lib 3.8.0) and will be removed once support for the old RBAC API policies will be removed from Neutron. Please use method 'is_service_role' instead.
2026-04-27 02:41:05.226 9 INFO neutron.db.ovn_revision_numbers_db [None req-90306bb2-015f-4735-8ab5-08b01bbd15fb 59e5cf1d11e648838fe3aff78a07ed24 bc4c846b244645d0a8b961af0f07ef78 - - default default] Successfully bumped revision number for resource 2a38f2fc-e71f-495b-b582-0545bc43cb2c (type: security_group_rules) to 0
2026-04-27 02:41:05.242 10 INFO neutron.wsgi [req-bbf35fd7-c88f-4e9a-a7cc-3878d94c4106 req-5239d241-fa14-4814-aae3-be489f47ff52 ec827a8a7a3f46a3a04d421d8e3e7988 3ade82478ed64c7db8d18762975797e1 - - 3c9a3e2df4314531a21ba8851fd274b4 3c9a3e2df4314531a21ba8851fd274b4] 199.204.45.210 "GET /v2.0/networks/96923706-1821-4fd2-b87b-bb5591c64549?fields=segments HTTP/1.1" status: 200 len: 212 time: 0.0671294
2026-04-27 02:41:05.261 9 INFO neutron.db.ovn_revision_numbers_db [None req-90306bb2-015f-4735-8ab5-08b01bbd15fb 59e5cf1d11e648838fe3aff78a07ed24 bc4c846b244645d0a8b961af0f07ef78 - - default default] Successfully bumped revision number for resource 9aa26272-5e65-43fa-9fa5-2474fd437f1a (type: security_group_rules) to 0
2026-04-27 02:41:05.305 9 INFO neutron.db.ovn_revision_numbers_db [None req-90306bb2-015f-4735-8ab5-08b01bbd15fb 59e5cf1d11e648838fe3aff78a07ed24 bc4c846b244645d0a8b961af0f07ef78 - - default default] Successfully bumped revision number for resource d950da81-5ae1-4336-9bf1-4dbf994e585a (type: security_group_rules) to 0
2026-04-27 02:41:05.309 10 INFO neutron.wsgi [req-bbf35fd7-c88f-4e9a-a7cc-3878d94c4106 req-90189dc5-c3f1-45f5-8823-28b7544f1b4a ec827a8a7a3f46a3a04d421d8e3e7988 3ade82478ed64c7db8d18762975797e1 - - 3c9a3e2df4314531a21ba8851fd274b4 3c9a3e2df4314531a21ba8851fd274b4] 199.204.45.210 "GET /v2.0/networks/96923706-1821-4fd2-b87b-bb5591c64549?fields=provider%3Aphysical_network&fields=provider%3Anetwork_type HTTP/1.1" status: 200 len: 277 time: 0.0614271
2026-04-27 02:41:05.378 9 INFO neutron.db.ovn_revision_numbers_db [None req-90306bb2-015f-4735-8ab5-08b01bbd15fb 59e5cf1d11e648838fe3aff78a07ed24 bc4c846b244645d0a8b961af0f07ef78 - - default default] Successfully bumped revision number for resource db250f7f-b738-4fe0-ad86-8db6b567215b (type: security_group_rules) to 0
2026-04-27 02:41:05.443 9 WARNING neutron.scheduler.dhcp_agent_scheduler [None req-af2e222d-14db-46d8-b333-9c6c1861dbdf 1deaa1d417994702b2f72680371f510c a4ec0d883a5c44d2a519b289ac7548b2 - - default default] No more DHCP agents
2026-04-27 02:41:05.451 9 WARNING neutron.api.rpc.agentnotifiers.dhcp_rpc_agent_api [None req-af2e222d-14db-46d8-b333-9c6c1861dbdf 1deaa1d417994702b2f72680371f510c a4ec0d883a5c44d2a519b289ac7548b2 - - default default] Unable to schedule network e9e259ee-dccd-49c5-aa8b-95d62dcb379f: no agents available; will retry on subsequent port and subnet creation events.
2026-04-27 02:41:05.457 9 INFO neutron.db.segments_db [None req-90306bb2-015f-4735-8ab5-08b01bbd15fb 59e5cf1d11e648838fe3aff78a07ed24 bc4c846b244645d0a8b961af0f07ef78 - - default default] Added segment 6aff9d18-12b7-4ede-8e61-2d8d2ec7154b of type geneve for network 52db873b-347c-43df-bae1-a34f69d7717f
2026-04-27 02:41:05.488 10 INFO neutron.wsgi [req-bbb86550-42fc-45f3-8a53-e9c84e7ae41c req-8ace1836-c2d6-47a4-b754-e1791f69a0b6 ec827a8a7a3f46a3a04d421d8e3e7988 3ade82478ed64c7db8d18762975797e1 - - 3c9a3e2df4314531a21ba8851fd274b4 3c9a3e2df4314531a21ba8851fd274b4] 199.204.45.210 "GET /v2.0/ports?tenant_id=09327df7f0fe4c288988528b03c15c75&device_id=6892f0c9-5009-4a9b-93ff-040205460d7c HTTP/1.1" status: 200 len: 1411 time: 0.0918341
2026-04-27 02:41:05.542 9 WARNING neutron.plugins.ml2.drivers.ovn.mech_driver.ovsdb.ovn_client [None req-e66e1c73-3690-4534-9534-2c7e1f794d09 - - - - - -] No hosting information found for port 20328dcf-1581-477e-8798-3903757677c7: RuntimeError: No hosting information found for port 20328dcf-1581-477e-8798-3903757677c7
2026-04-27 02:41:05.543 9 INFO neutron.plugins.ml2.drivers.ovn.mech_driver.mech_driver [None req-e66e1c73-3690-4534-9534-2c7e1f794d09 - - - - - -] OVN reports status up for port: d135ea42-e1a6-412d-b92f-0354a334a785
2026-04-27 02:41:05.556 9 INFO neutron.db.ovn_revision_numbers_db [None req-b1240e9e-da6b-4cb8-a33a-ab300e5c91eb 9fcb970dde2d40608e78dbb0979182f6 508843032f4240608f40cc4945931501 - - default default] Successfully bumped revision number for resource 39fb33a2-d11d-4ca5-82ee-8c666a4f214c (type: security_group_rules) to 0
2026-04-27 02:41:05.576 10 INFO neutron.wsgi [req-bbb86550-42fc-45f3-8a53-e9c84e7ae41c req-67db447e-41ee-48c7-8e93-47b2d502291e ec827a8a7a3f46a3a04d421d8e3e7988 3ade82478ed64c7db8d18762975797e1 - - 3c9a3e2df4314531a21ba8851fd274b4 3c9a3e2df4314531a21ba8851fd274b4] 199.204.45.210 "GET /v2.0/networks?id=96923706-1821-4fd2-b87b-bb5591c64549 HTTP/1.1" status: 200 len: 971 time: 0.0802085
2026-04-27 02:41:05.580 10 INFO neutron.wsgi [-] 10.0.0.113 "GET / HTTP/1.1" status: 200 len: 246 time: 0.0014439
2026-04-27 02:41:05.581 10 INFO neutron.wsgi [-] 10.0.0.113 "GET / HTTP/1.1" status: 200 len: 246 time: 0.0010781
2026-04-27 02:41:05.635 9 INFO neutron.wsgi [None req-b1240e9e-da6b-4cb8-a33a-ab300e5c91eb 9fcb970dde2d40608e78dbb0979182f6 508843032f4240608f40cc4945931501 - - default default] 10.0.0.219 "POST /v2.0/security-group-rules HTTP/1.1" status: 201 len: 800 time: 0.4365685
2026-04-27 02:41:05.639 10 INFO neutron.wsgi [req-bbb86550-42fc-45f3-8a53-e9c84e7ae41c req-b29dfd44-649e-4d70-84d0-bce27cddce5d ec827a8a7a3f46a3a04d421d8e3e7988 3ade82478ed64c7db8d18762975797e1 - - 3c9a3e2df4314531a21ba8851fd274b4 3c9a3e2df4314531a21ba8851fd274b4] 199.204.45.210 "GET /v2.0/floatingips?fixed_ip_address=10.100.0.11&port_id=0f4eed89-9f76-474d-89c8-c5ebfd66ae4a HTTP/1.1" status: 200 len: 217 time: 0.0554888
2026-04-27 02:41:05.642 9 INFO neutron.db.ovn_revision_numbers_db [None req-af2e222d-14db-46d8-b333-9c6c1861dbdf 1deaa1d417994702b2f72680371f510c a4ec0d883a5c44d2a519b289ac7548b2 - - default default] Successfully bumped revision number for resource afc06d81-7d00-41b7-888a-4e6cdfc21c5b (type: ports) to 1
2026-04-27 02:41:05.663 10 INFO neutron.plugins.ml2.drivers.ovn.mech_driver.mech_driver [None req-7c0bb731-d3c6-4903-bb15-094de17c8316 - - - - - -] OVN reports status up for port: 0f4eed89-9f76-474d-89c8-c5ebfd66ae4a
2026-04-27 02:41:05.688 9 INFO neutron.wsgi [None req-af2e222d-14db-46d8-b333-9c6c1861dbdf 1deaa1d417994702b2f72680371f510c a4ec0d883a5c44d2a519b289ac7548b2 - - default default] 10.0.0.219 "POST /v2.0/networks HTTP/1.1" status: 201 len: 829 time: 1.0278027
2026-04-27 02:41:05.708 9 WARNING neutron_lib.context [None req-f58a631a-f5f3-42be-bd1d-8242a3ee6ef1 1deaa1d417994702b2f72680371f510c a4ec0d883a5c44d2a519b289ac7548b2 - - default default] Method 'is_advsvc' is deprecated since 2023.2 release (neutron-lib 3.8.0) and will be removed once support for the old RBAC API policies will be removed from Neutron. Please use method 'is_service_role' instead.
2026-04-27 02:41:05.708 10 INFO neutron.wsgi [req-bbb86550-42fc-45f3-8a53-e9c84e7ae41c req-ca221418-8e14-40fa-a7d8-cc7db1d1b5d7 ec827a8a7a3f46a3a04d421d8e3e7988 3ade82478ed64c7db8d18762975797e1 - - 3c9a3e2df4314531a21ba8851fd274b4 3c9a3e2df4314531a21ba8851fd274b4] 199.204.45.210 "GET /v2.0/subnets?id=ab2a0e05-70db-4ce0-9d62-6c445560599e HTTP/1.1" status: 200 len: 866 time: 0.0625532
2026-04-27 02:41:05.709 10 INFO neutron.plugins.ml2.plugin [None req-7c0bb731-d3c6-4903-bb15-094de17c8316 - - - - - -] Attempt 1 to provision port 0f4eed89-9f76-474d-89c8-c5ebfd66ae4a
2026-04-27 02:41:05.713 10 INFO neutron.wsgi [None req-dd554fda-2268-472a-bd15-9067959aed4a 9fcb970dde2d40608e78dbb0979182f6 508843032f4240608f40cc4945931501 - - default default] 10.0.0.219 "GET /v2.0/security-group-rules/39fb33a2-d11d-4ca5-82ee-8c666a4f214c HTTP/1.1" status: 200 len: 795 time: 0.0685384
2026-04-27 02:41:05.732 9 INFO neutron.db.ovn_revision_numbers_db [None req-90306bb2-015f-4735-8ab5-08b01bbd15fb 59e5cf1d11e648838fe3aff78a07ed24 bc4c846b244645d0a8b961af0f07ef78 - - default default] Successfully bumped revision number for resource 52db873b-347c-43df-bae1-a34f69d7717f (type: networks) to 1
2026-04-27 02:41:05.749 10 INFO neutron.wsgi [req-bbb86550-42fc-45f3-8a53-e9c84e7ae41c req-2c667d17-ba58-4853-bbe2-e1f668af3127 ec827a8a7a3f46a3a04d421d8e3e7988 3ade82478ed64c7db8d18762975797e1 - - 3c9a3e2df4314531a21ba8851fd274b4 3c9a3e2df4314531a21ba8851fd274b4] 199.204.45.210 "GET /v2.0/ports?network_id=96923706-1821-4fd2-b87b-bb5591c64549&device_owner=network%3Adhcp HTTP/1.1" status: 200 len: 210 time: 0.0326617
2026-04-27 02:41:05.835 10 INFO neutron.wsgi [req-bbb86550-42fc-45f3-8a53-e9c84e7ae41c req-69217959-0d9c-4ea2-ad32-30e31aaa235f ec827a8a7a3f46a3a04d421d8e3e7988 3ade82478ed64c7db8d18762975797e1 - - 3c9a3e2df4314531a21ba8851fd274b4 3c9a3e2df4314531a21ba8851fd274b4] 199.204.45.210 "GET /v2.0/networks/96923706-1821-4fd2-b87b-bb5591c64549?fields=segments HTTP/1.1" status: 200 len: 212 time: 0.0795956
2026-04-27 02:41:05.896 9 INFO neutron.wsgi [None req-d7afda0e-6bdf-4dc5-9138-e426acc44534 9fcb970dde2d40608e78dbb0979182f6 508843032f4240608f40cc4945931501 - - default default] 10.0.0.219 "GET /v2.0/security-group-rules HTTP/1.1" status: 200 len: 4333 time: 0.1751738
2026-04-27 02:41:05.910 10 INFO neutron.wsgi [req-e437e813-7a43-4eb4-b4d8-f56feaf56e86 req-9e76afaa-48da-4983-91d2-4b27f87b6b98 a8242ac6e9d14763b66a18aab8fd72fe 09327df7f0fe4c288988528b03c15c75 - - default default] 10.0.0.64 "GET /v2.0/ports?device_id=6892f0c9-5009-4a9b-93ff-040205460d7c HTTP/1.1" status: 200 len: 1172 time: 0.0690248
2026-04-27 02:41:05.979 10 INFO neutron.wsgi [req-bbb86550-42fc-45f3-8a53-e9c84e7ae41c req-d87cf534-1b7f-4370-9c4c-3183de9ffe6f ec827a8a7a3f46a3a04d421d8e3e7988 3ade82478ed64c7db8d18762975797e1 - - 3c9a3e2df4314531a21ba8851fd274b4 3c9a3e2df4314531a21ba8851fd274b4] 199.204.45.210 "GET /v2.0/networks/96923706-1821-4fd2-b87b-bb5591c64549?fields=provider%3Aphysical_network&fields=provider%3Anetwork_type HTTP/1.1" status: 200 len: 277 time: 0.1299741
2026-04-27 02:41:06.006 10 INFO neutron.wsgi [req-e437e813-7a43-4eb4-b4d8-f56feaf56e86 req-388fb926-7953-4f3a-b625-4fb83e31393a a8242ac6e9d14763b66a18aab8fd72fe 09327df7f0fe4c288988528b03c15c75 - - default default] 10.0.0.64 "GET /v2.0/security-groups?id=a4ce2599-5ad6-4659-88e1-150361b0db3a&fields=id&fields=name HTTP/1.1" status: 200 len: 286 time: 0.0874546
2026-04-27 02:41:06.024 9 WARNING neutron.scheduler.dhcp_agent_scheduler [None req-90306bb2-015f-4735-8ab5-08b01bbd15fb 59e5cf1d11e648838fe3aff78a07ed24 bc4c846b244645d0a8b961af0f07ef78 - - default default] No more DHCP agents
2026-04-27 02:41:06.029 9 WARNING neutron.api.rpc.agentnotifiers.dhcp_rpc_agent_api [None req-90306bb2-015f-4735-8ab5-08b01bbd15fb 59e5cf1d11e648838fe3aff78a07ed24 bc4c846b244645d0a8b961af0f07ef78 - - default default] Unable to schedule network 52db873b-347c-43df-bae1-a34f69d7717f: no agents available; will retry on subsequent port and subnet creation events.
2026-04-27 02:41:06.090 9 WARNING neutron.scheduler.dhcp_agent_scheduler [None req-f58a631a-f5f3-42be-bd1d-8242a3ee6ef1 1deaa1d417994702b2f72680371f510c a4ec0d883a5c44d2a519b289ac7548b2 - - default default] No more DHCP agents
2026-04-27 02:41:06.094 9 WARNING neutron.api.rpc.agentnotifiers.dhcp_rpc_agent_api [None req-f58a631a-f5f3-42be-bd1d-8242a3ee6ef1 1deaa1d417994702b2f72680371f510c a4ec0d883a5c44d2a519b289ac7548b2 - - default default] Unable to schedule network e9e259ee-dccd-49c5-aa8b-95d62dcb379f: no agents available; will retry on subsequent port and subnet creation events.
2026-04-27 02:41:06.129 10 INFO neutron.wsgi [None req-5a7ac04b-3415-4c74-afd0-d1068e556f49 9fcb970dde2d40608e78dbb0979182f6 508843032f4240608f40cc4945931501 - - default default] 10.0.0.219 "DELETE /v2.0/security-group-rules/39fb33a2-d11d-4ca5-82ee-8c666a4f214c HTTP/1.1" status: 204 len: 168 time: 0.2262268
2026-04-27 02:41:06.152 9 INFO neutron.db.ovn_revision_numbers_db [None req-90306bb2-015f-4735-8ab5-08b01bbd15fb 59e5cf1d11e648838fe3aff78a07ed24 bc4c846b244645d0a8b961af0f07ef78 - - default default] Successfully bumped revision number for resource fa3fa84c-c728-4392-847b-a3b120f4801d (type: ports) to 1
2026-04-27 02:41:06.187 9 INFO neutron.wsgi [None req-90306bb2-015f-4735-8ab5-08b01bbd15fb 59e5cf1d11e648838fe3aff78a07ed24 bc4c846b244645d0a8b961af0f07ef78 - - default default] 10.0.0.219 "POST /v2.0/networks HTTP/1.1" status: 201 len: 830 time: 1.5889566
2026-04-27 02:41:06.194 10 INFO neutron.db.ovn_revision_numbers_db [None req-7c0bb731-d3c6-4903-bb15-094de17c8316 - - - - - -] Successfully bumped revision number for resource 0f4eed89-9f76-474d-89c8-c5ebfd66ae4a (type: ports) to 4
2026-04-27 02:41:06.208 10 WARNING neutron_lib.context [None req-45de864b-be7e-46ed-b85c-da04c81ddf8c 59e5cf1d11e648838fe3aff78a07ed24 bc4c846b244645d0a8b961af0f07ef78 - - default default] Method 'is_advsvc' is deprecated since 2023.2 release (neutron-lib 3.8.0) and will be removed once support for the old RBAC API policies will be removed from Neutron. Please use method 'is_service_role' instead.
2026-04-27 02:41:06.257 10 INFO neutron.wsgi [None req-6dba2b70-21ab-471b-9f9a-bc06d7562cea 9fcb970dde2d40608e78dbb0979182f6 508843032f4240608f40cc4945931501 - - default default] 10.0.0.219 "GET /v2.0/security-group-rules HTTP/1.1" status: 200 len: 3755 time: 0.1202061
2026-04-27 02:41:06.267 9 WARNING neutron_lib.context [None req-41d3e071-594e-4a23-9461-8d0ac57b84a3 9fcb970dde2d40608e78dbb0979182f6 508843032f4240608f40cc4945931501 - - default default] Method 'is_advsvc' is deprecated since 2023.2 release (neutron-lib 3.8.0) and will be removed once support for the old RBAC API policies will be removed from Neutron. Please use method 'is_service_role' instead.
2026-04-27 02:41:06.338 10 INFO neutron.db.segments_db [None req-45de864b-be7e-46ed-b85c-da04c81ddf8c 59e5cf1d11e648838fe3aff78a07ed24 bc4c846b244645d0a8b961af0f07ef78 - - default default] Added segment dea8a79b-6f43-4aad-8f51-f5ff14f2544d of type geneve for network 5c7d2c81-91ab-4c4d-bcbb-d7e85c877698
2026-04-27 02:41:06.459 9 INFO neutron.db.ovn_revision_numbers_db [None req-41d3e071-594e-4a23-9461-8d0ac57b84a3 9fcb970dde2d40608e78dbb0979182f6 508843032f4240608f40cc4945931501 - - default default] Successfully bumped revision number for resource 68ff04d5-0c83-4017-b5a7-5a9403243ab6 (type: security_group_rules) to 0
2026-04-27 02:41:06.498 10 INFO neutron.db.ovn_revision_numbers_db [None req-45de864b-be7e-46ed-b85c-da04c81ddf8c 59e5cf1d11e648838fe3aff78a07ed24 bc4c846b244645d0a8b961af0f07ef78 - - default default] Successfully bumped revision number for resource 5c7d2c81-91ab-4c4d-bcbb-d7e85c877698 (type: networks) to 1
2026-04-27 02:41:06.507 9 INFO neutron.wsgi [None req-41d3e071-594e-4a23-9461-8d0ac57b84a3 9fcb970dde2d40608e78dbb0979182f6 508843032f4240608f40cc4945931501 - - default default] 10.0.0.219 "POST /v2.0/security-group-rules HTTP/1.1" status: 201 len: 800 time: 0.2447915 /var/lib/openstack/lib/python3.10/site-packages/pycadf/identifier.py:71: UserWarning: Invalid uuid: neutron. To ensure interoperability, identifiers should be a valid uuid. warnings.warn(('Invalid uuid: %s. To ensure interoperability, '
2026-04-27 02:41:06.534 10 INFO neutron.wsgi [None req-490138e0-96d6-4ff5-977f-7384c4ebb0e3 9fcb970dde2d40608e78dbb0979182f6 508843032f4240608f40cc4945931501 - - default default] 10.0.0.219 "GET /v2.0/security-group-rules/68ff04d5-0c83-4017-b5a7-5a9403243ab6 HTTP/1.1" status: 200 len: 795 time: 0.0209165
2026-04-27 02:41:06.628 10 INFO neutron.wsgi [None req-4b2b013c-20c3-421e-9bf8-d6311c14eb83 9fcb970dde2d40608e78dbb0979182f6 508843032f4240608f40cc4945931501 - - default default] 10.0.0.219 "GET /v2.0/security-group-rules HTTP/1.1" status: 200 len: 4333 time: 0.0892935
2026-04-27 02:41:06.721 10 WARNING neutron.scheduler.dhcp_agent_scheduler [None req-45de864b-be7e-46ed-b85c-da04c81ddf8c 59e5cf1d11e648838fe3aff78a07ed24 bc4c846b244645d0a8b961af0f07ef78 - - default default] No more DHCP agents
