2026-04-27 02:41:06.723 10 WARNING neutron.api.rpc.agentnotifiers.dhcp_rpc_agent_api [None req-45de864b-be7e-46ed-b85c-da04c81ddf8c 59e5cf1d11e648838fe3aff78a07ed24 bc4c846b244645d0a8b961af0f07ef78 - - default default] Unable to schedule network 5c7d2c81-91ab-4c4d-bcbb-d7e85c877698: no agents available; will retry on subsequent port and subnet creation events.
2026-04-27 02:41:06.809 10 INFO neutron.db.ovn_revision_numbers_db [None req-45de864b-be7e-46ed-b85c-da04c81ddf8c 59e5cf1d11e648838fe3aff78a07ed24 bc4c846b244645d0a8b961af0f07ef78 - - default default] Successfully bumped revision number for resource 894d3472-f410-4475-bffe-90488b272496 (type: ports) to 1
2026-04-27 02:41:06.838 10 INFO neutron.wsgi [None req-45de864b-be7e-46ed-b85c-da04c81ddf8c 59e5cf1d11e648838fe3aff78a07ed24 bc4c846b244645d0a8b961af0f07ef78 - - default default] 10.0.0.219 "POST /v2.0/networks HTTP/1.1" status: 201 len: 830 time: 0.6344292
2026-04-27 02:41:06.849 10 WARNING neutron_lib.context [None req-98f84d92-3ce8-412b-b3b4-82387489e026 59e5cf1d11e648838fe3aff78a07ed24 bc4c846b244645d0a8b961af0f07ef78 - - default default] Method 'is_advsvc' is deprecated since 2023.2 release (neutron-lib 3.8.0) and will be removed once support for the old RBAC API policies will be removed from Neutron. Please use method 'is_service_role' instead.
2026-04-27 02:41:06.934 10 INFO neutron.db.segments_db [None req-98f84d92-3ce8-412b-b3b4-82387489e026 59e5cf1d11e648838fe3aff78a07ed24 bc4c846b244645d0a8b961af0f07ef78 - - default default] Added segment be3f6b27-3287-447f-8022-a423b094798b of type geneve for network 65cca076-878c-4fe6-99a2-5153dbe5a2d6
2026-04-27 02:41:06.957 9 INFO neutron.db.ovn_revision_numbers_db [None req-f58a631a-f5f3-42be-bd1d-8242a3ee6ef1 1deaa1d417994702b2f72680371f510c a4ec0d883a5c44d2a519b289ac7548b2 - - default default] Successfully bumped revision number for resource afc06d81-7d00-41b7-888a-4e6cdfc21c5b (type: ports) to 2
2026-04-27 02:41:06.992 10 INFO neutron.notifiers.nova [-] Nova event matching ['req-ceca64cb-5846-4227-89aa-d7d0976039d6'] response: {'server_uuid': '6892f0c9-5009-4a9b-93ff-040205460d7c', 'name': 'network-vif-plugged', 'status': 'completed', 'tag': '0f4eed89-9f76-474d-89c8-c5ebfd66ae4a', 'code': 200}
2026-04-27 02:41:06.992 10 INFO neutron.notifiers.nova [-] Nova event matching ['req-ceca64cb-5846-4227-89aa-d7d0976039d6'] response: {'server_uuid': '6892f0c9-5009-4a9b-93ff-040205460d7c', 'name': 'network-vif-plugged', 'status': 'completed', 'tag': '0f4eed89-9f76-474d-89c8-c5ebfd66ae4a', 'code': 200}
2026-04-27 02:41:06.999 9 INFO neutron.db.ovn_revision_numbers_db [None req-f58a631a-f5f3-42be-bd1d-8242a3ee6ef1 1deaa1d417994702b2f72680371f510c a4ec0d883a5c44d2a519b289ac7548b2 - - default default] Successfully bumped revision number for resource fa93acfc-ffb1-455b-8efb-3f3573afa866 (type: subnets) to 0
2026-04-27 02:41:07.024 9 INFO neutron.wsgi [None req-f58a631a-f5f3-42be-bd1d-8242a3ee6ef1 1deaa1d417994702b2f72680371f510c a4ec0d883a5c44d2a519b289ac7548b2 - - default default] 10.0.0.219 "POST /v2.0/subnets HTTP/1.1" status: 201 len: 801 time: 1.3305557
2026-04-27 02:41:07.032 9 INFO neutron.wsgi [None req-f8bd430a-ab4a-4a86-8fbe-58cf0c342676 9fcb970dde2d40608e78dbb0979182f6 508843032f4240608f40cc4945931501 - - default default] 10.0.0.219 "DELETE /v2.0/security-group-rules/68ff04d5-0c83-4017-b5a7-5a9403243ab6 HTTP/1.1" status: 204 len: 168 time: 0.3929791
2026-04-27 02:41:07.037 9 WARNING neutron_lib.context [None req-e6888819-7949-45aa-b27d-63cde68bd1d3 1deaa1d417994702b2f72680371f510c a4ec0d883a5c44d2a519b289ac7548b2 - - default default] Method 'is_advsvc' is deprecated since 2023.2 release (neutron-lib 3.8.0) and will be removed once support for the old RBAC API policies will be removed from Neutron. Please use method 'is_service_role' instead.
2026-04-27 02:41:07.108 9 INFO neutron.wsgi [None req-296747c4-2869-4ec0-b7ee-af8af7a9f102 9fcb970dde2d40608e78dbb0979182f6 508843032f4240608f40cc4945931501 - - default default] 10.0.0.219 "GET /v2.0/security-group-rules HTTP/1.1" status: 200 len: 3755 time: 0.0612099
2026-04-27 02:41:07.126 10 WARNING neutron_lib.context [None req-6e5cf9e5-a12a-4dec-a97a-ec655cd30d38 9fcb970dde2d40608e78dbb0979182f6 508843032f4240608f40cc4945931501 - - default default] Method 'is_advsvc' is deprecated since 2023.2 release (neutron-lib 3.8.0) and will be removed once support for the old RBAC API policies will be removed from Neutron. Please use method 'is_service_role' instead.
2026-04-27 02:41:07.137 10 INFO neutron.db.ovn_revision_numbers_db [None req-98f84d92-3ce8-412b-b3b4-82387489e026 59e5cf1d11e648838fe3aff78a07ed24 bc4c846b244645d0a8b961af0f07ef78 - - default default] Successfully bumped revision number for resource 65cca076-878c-4fe6-99a2-5153dbe5a2d6 (type: networks) to 1
2026-04-27 02:41:07.173 9 INFO neutron.db.ovn_revision_numbers_db [None req-e6888819-7949-45aa-b27d-63cde68bd1d3 1deaa1d417994702b2f72680371f510c a4ec0d883a5c44d2a519b289ac7548b2 - - default default] Successfully bumped revision number for resource 24208f0f-d6e2-4e5f-8d8e-3dea71f04201 (type: routers) to 1
2026-04-27 02:41:07.191 9 INFO neutron.wsgi [None req-e6888819-7949-45aa-b27d-63cde68bd1d3 1deaa1d417994702b2f72680371f510c a4ec0d883a5c44d2a519b289ac7548b2 - - default default] 10.0.0.219 "POST /v2.0/routers HTTP/1.1" status: 201 len: 802 time: 0.1584923
2026-04-27 02:41:07.281 10 INFO neutron.wsgi [req-c3ad3b67-ad31-4df3-a0f3-7ff705091bbd req-958278a8-5827-452f-b148-3ad3bb36f0c4 a8242ac6e9d14763b66a18aab8fd72fe 09327df7f0fe4c288988528b03c15c75 - - default default] 10.0.0.64 "GET /v2.0/ports?device_id=6892f0c9-5009-4a9b-93ff-040205460d7c HTTP/1.1" status: 200 len: 1174 time: 0.1934776
2026-04-27 02:41:07.364 10 INFO neutron.wsgi [req-c3ad3b67-ad31-4df3-a0f3-7ff705091bbd req-f6872a5b-839f-4a9c-8eb8-fd5eb99902ec a8242ac6e9d14763b66a18aab8fd72fe 09327df7f0fe4c288988528b03c15c75 - - default default] 10.0.0.64 "GET /v2.0/security-groups?id=a4ce2599-5ad6-4659-88e1-150361b0db3a&fields=id&fields=name HTTP/1.1" status: 200 len: 286 time: 0.0712798
2026-04-27 02:41:07.397 10 INFO neutron.db.ovn_revision_numbers_db [None req-6e5cf9e5-a12a-4dec-a97a-ec655cd30d38 9fcb970dde2d40608e78dbb0979182f6 508843032f4240608f40cc4945931501 - - default default] Successfully bumped revision number for resource 6aa2cc08-7ca2-4ce8-9cf2-d24c9134fdcc (type: security_group_rules) to 0
2026-04-27 02:41:07.431 10 WARNING neutron.scheduler.dhcp_agent_scheduler [None req-98f84d92-3ce8-412b-b3b4-82387489e026 59e5cf1d11e648838fe3aff78a07ed24 bc4c846b244645d0a8b961af0f07ef78 - - default default] No more DHCP agents
2026-04-27 02:41:07.433 10 WARNING neutron.api.rpc.agentnotifiers.dhcp_rpc_agent_api [None req-98f84d92-3ce8-412b-b3b4-82387489e026 59e5cf1d11e648838fe3aff78a07ed24 bc4c846b244645d0a8b961af0f07ef78 - - default default] Unable to schedule network 65cca076-878c-4fe6-99a2-5153dbe5a2d6: no agents available; will retry on subsequent port and subnet creation events.
2026-04-27 02:41:07.437 10 INFO neutron.wsgi [None req-6e5cf9e5-a12a-4dec-a97a-ec655cd30d38 9fcb970dde2d40608e78dbb0979182f6 508843032f4240608f40cc4945931501 - - default default] 10.0.0.219 "POST /v2.0/security-group-rules HTTP/1.1" status: 201 len: 801 time: 0.3174393
2026-04-27 02:41:07.466 9 INFO neutron.wsgi [None req-9e510dac-023c-4af9-b601-ad7f035c259d 9fcb970dde2d40608e78dbb0979182f6 508843032f4240608f40cc4945931501 - - default default] 10.0.0.219 "GET /v2.0/security-group-rules/6aa2cc08-7ca2-4ce8-9cf2-d24c9134fdcc HTTP/1.1" status: 200 len: 796 time: 0.0232193
2026-04-27 02:41:07.525 10 INFO neutron.db.ovn_revision_numbers_db [None req-98f84d92-3ce8-412b-b3b4-82387489e026 59e5cf1d11e648838fe3aff78a07ed24 bc4c846b244645d0a8b961af0f07ef78 - - default default] Successfully bumped revision number for resource f9f176a5-1d75-4fe1-8ec2-d56026258fef (type: ports) to 1
2026-04-27 02:41:07.552 10 INFO neutron.wsgi [None req-98f84d92-3ce8-412b-b3b4-82387489e026 59e5cf1d11e648838fe3aff78a07ed24 bc4c846b244645d0a8b961af0f07ef78 - - default default] 10.0.0.219 "POST /v2.0/networks HTTP/1.1" status: 201 len: 830 time: 0.7080162
2026-04-27 02:41:07.568 10 WARNING neutron_lib.context [None req-4ed6af1d-d175-4c67-9417-88348970bcc0 59e5cf1d11e648838fe3aff78a07ed24 bc4c846b244645d0a8b961af0f07ef78 - - default default] Method 'is_advsvc' is deprecated since 2023.2 release (neutron-lib 3.8.0) and will be removed once support for the old RBAC API policies will be removed from Neutron. Please use method 'is_service_role' instead.
2026-04-27 02:41:07.574 9 INFO neutron.wsgi [None req-5ed6dfd9-e901-481b-9919-3bbff9649f45 9fcb970dde2d40608e78dbb0979182f6 508843032f4240608f40cc4945931501 - - default default] 10.0.0.219 "GET /v2.0/security-group-rules HTTP/1.1" status: 200 len: 4334 time: 0.1025250
2026-04-27 02:41:07.669 10 INFO neutron.db.segments_db [None req-4ed6af1d-d175-4c67-9417-88348970bcc0 59e5cf1d11e648838fe3aff78a07ed24 bc4c846b244645d0a8b961af0f07ef78 - - default default] Added segment 4175a456-27ee-4c48-8cba-868ae83cd3b6 of type geneve for network 2eeff711-2d0e-48fa-93ff-a4896ce9c560
2026-04-27 02:41:07.756 10 INFO neutron.wsgi [None req-5238b78b-5761-4c5e-b2aa-535d40e43604 9fcb970dde2d40608e78dbb0979182f6 508843032f4240608f40cc4945931501 - - default default] 10.0.0.219 "DELETE /v2.0/security-group-rules/6aa2cc08-7ca2-4ce8-9cf2-d24c9134fdcc HTTP/1.1" status: 204 len: 168 time: 0.1756284
2026-04-27 02:41:07.771 9 WARNING neutron.scheduler.dhcp_agent_scheduler [None req-61a4aef5-fc30-411b-99a9-cf4edcfc9bbe 1deaa1d417994702b2f72680371f510c a4ec0d883a5c44d2a519b289ac7548b2 - - default default] No more DHCP agents
2026-04-27 02:41:07.773 9 WARNING neutron.api.rpc.agentnotifiers.dhcp_rpc_agent_api [None req-61a4aef5-fc30-411b-99a9-cf4edcfc9bbe 1deaa1d417994702b2f72680371f510c a4ec0d883a5c44d2a519b289ac7548b2 - - default default] Unable to schedule network e9e259ee-dccd-49c5-aa8b-95d62dcb379f: no agents available; will retry on subsequent port and subnet creation events.
2026-04-27 02:41:07.969 9 INFO neutron.db.ovn_revision_numbers_db [None req-61a4aef5-fc30-411b-99a9-cf4edcfc9bbe 1deaa1d417994702b2f72680371f510c a4ec0d883a5c44d2a519b289ac7548b2 - - default default] Successfully bumped revision number for resource 9834909d-6706-4329-8924-9754566aadea (type: ports) to 1
2026-04-27 02:41:08.129 10 INFO neutron.db.ovn_revision_numbers_db [None req-4ed6af1d-d175-4c67-9417-88348970bcc0 59e5cf1d11e648838fe3aff78a07ed24 bc4c846b244645d0a8b961af0f07ef78 - - default default] Successfully bumped revision number for resource 2eeff711-2d0e-48fa-93ff-a4896ce9c560 (type: networks) to 1
2026-04-27 02:41:08.158 10 INFO neutron.wsgi [None req-eafff389-6bd3-4307-9242-8ed5c7fd661d 9fcb970dde2d40608e78dbb0979182f6 508843032f4240608f40cc4945931501 - - default default] 10.0.0.219 "GET /v2.0/security-group-rules HTTP/1.1" status: 200 len: 3755 time: 0.3953998
2026-04-27 02:41:08.331 10 INFO neutron.wsgi [None req-89447498-7add-4d42-acd0-f4f4189358a4 9fcb970dde2d40608e78dbb0979182f6 508843032f4240608f40cc4945931501 - - default default] 10.0.0.219 "DELETE /v2.0/security-groups/19e681ec-9826-46e1-9787-22570dbb628f HTTP/1.1" status: 204 len: 168 time: 0.1656690
2026-04-27 02:41:08.383 10 WARNING neutron.scheduler.dhcp_agent_scheduler [None req-4ed6af1d-d175-4c67-9417-88348970bcc0 59e5cf1d11e648838fe3aff78a07ed24 bc4c846b244645d0a8b961af0f07ef78 - - default default] No more DHCP agents
2026-04-27 02:41:08.387 10 WARNING neutron.api.rpc.agentnotifiers.dhcp_rpc_agent_api [None req-4ed6af1d-d175-4c67-9417-88348970bcc0 59e5cf1d11e648838fe3aff78a07ed24 bc4c846b244645d0a8b961af0f07ef78 - - default default] Unable to schedule network 2eeff711-2d0e-48fa-93ff-a4896ce9c560: no agents available; will retry on subsequent port and subnet creation events.
2026-04-27 02:41:08.401 10 INFO neutron.wsgi [None req-878898ea-b0c3-4863-8378-6fdce60a773d 9fcb970dde2d40608e78dbb0979182f6 508843032f4240608f40cc4945931501 - - default default] 10.0.0.219 "GET /v2.0/security-groups HTTP/1.1" status: 200 len: 3120 time: 0.0646095
2026-04-27 02:41:08.528 9 ERROR ovsdbapp.backend.ovs_idl.command [None req-61a4aef5-fc30-411b-99a9-cf4edcfc9bbe 1deaa1d417994702b2f72680371f510c a4ec0d883a5c44d2a519b289ac7548b2 - - default default] Error executing command (DbGetCommand): ovsdbapp.backend.ovs_idl.idlutils.RowNotFound: Cannot find Logical_Router_Port with name=lrp-9834909d-6706-4329-8924-9754566aadea
2026-04-27 02:41:08.528 9 ERROR ovsdbapp.backend.ovs_idl.command
Traceback (most recent call last):
2026-04-27 02:41:08.528 9 ERROR ovsdbapp.backend.ovs_idl.command
File "/var/lib/openstack/lib/python3.10/site-packages/ovsdbapp/backend/ovs_idl/command.py", line 47, in execute
2026-04-27 02:41:08.528 9 ERROR ovsdbapp.backend.ovs_idl.command self.run_idl(None)
2026-04-27 02:41:08.528 9 ERROR ovsdbapp.backend.ovs_idl.command
File "/var/lib/openstack/lib/python3.10/site-packages/ovsdbapp/backend/ovs_idl/command.py", line 235, in run_idl
2026-04-27 02:41:08.528 9 ERROR ovsdbapp.backend.ovs_idl.command record = self.api.lookup(self.table, self.record)
2026-04-27 02:41:08.528 9 ERROR ovsdbapp.backend.ovs_idl.command
File "/var/lib/openstack/lib/python3.10/site-packages/ovsdbapp/backend/ovs_idl/__init__.py", line 184, in lookup
2026-04-27 02:41:08.528 9 ERROR ovsdbapp.backend.ovs_idl.command return self._lookup(table, record)
2026-04-27 02:41:08.528 9 ERROR ovsdbapp.backend.ovs_idl.command
File "/var/lib/openstack/lib/python3.10/site-packages/ovsdbapp/backend/ovs_idl/__init__.py", line 235, in _lookup
2026-04-27 02:41:08.528 9 ERROR ovsdbapp.backend.ovs_idl.command row = idlutils.row_by_value(self, rl.table, rl.column, record)
2026-04-27 02:41:08.528 9 ERROR ovsdbapp.backend.ovs_idl.command
File "/var/lib/openstack/lib/python3.10/site-packages/ovsdbapp/backend/ovs_idl/idlutils.py", line 114, in row_by_value
2026-04-27 02:41:08.528 9 ERROR ovsdbapp.backend.ovs_idl.command raise RowNotFound(table=table, col=column, match=match)
2026-04-27 02:41:08.528 9 ERROR ovsdbapp.backend.ovs_idl.command ovsdbapp.backend.ovs_idl.idlutils.RowNotFound: Cannot find Logical_Router_Port with name=lrp-9834909d-6706-4329-8924-9754566aadea
2026-04-27 02:41:08.528 9 ERROR ovsdbapp.backend.ovs_idl.command 
2026-04-27 02:41:08.529 9 ERROR neutron_lib.callbacks.manager [None req-61a4aef5-fc30-411b-99a9-cf4edcfc9bbe 1deaa1d417994702b2f72680371f510c a4ec0d883a5c44d2a519b289ac7548b2 - - default default] Error during notification for neutron.services.ovn_l3.plugin.OVNL3RouterPlugin._port_update-8771891537647 port, after_update: ovsdbapp.backend.ovs_idl.idlutils.RowNotFound: Cannot find Logical_Router_Port with name=lrp-9834909d-6706-4329-8924-9754566aadea
2026-04-27 02:41:08.529 9 ERROR neutron_lib.callbacks.manager
Traceback (most recent call last):
2026-04-27 02:41:08.529 9 ERROR neutron_lib.callbacks.manager
File "/var/lib/openstack/lib/python3.10/site-packages/neutron_lib/callbacks/manager.py", line 189, in _notify_loop
2026-04-27 02:41:08.529 9 ERROR neutron_lib.callbacks.manager callback.method(resource, event, trigger, payload=payload)
2026-04-27 02:41:08.529 9 ERROR neutron_lib.callbacks.manager
File "/var/lib/openstack/lib/python3.10/site-packages/neutron/services/ovn_l3/plugin.py", line 391, in _port_update
2026-04-27 02:41:08.529 9 ERROR neutron_lib.callbacks.manager l3plugin._ovn_client.update_router_port(context,
2026-04-27 02:41:08.529 9 ERROR neutron_lib.callbacks.manager
File "/var/lib/openstack/lib/python3.10/site-packages/neutron/plugins/ml2/drivers/ovn/mech_driver/ovsdb/ovn_client.py", line 1878, in update_router_port
2026-04-27 02:41:08.529 9 ERROR neutron_lib.callbacks.manager self._update_lrouter_port(context, port, if_exists=if_exists,
2026-04-27 02:41:08.529 9 ERROR neutron_lib.callbacks.manager
File "/var/lib/openstack/lib/python3.10/site-packages/neutron/plugins/ml2/drivers/ovn/mech_driver/ovsdb/ovn_client.py", line 1855, in _update_lrouter_port
2026-04-27 02:41:08.529 9 ERROR neutron_lib.callbacks.manager external_ids = self._nb_idl.db_get(
2026-04-27 02:41:08.529 9 ERROR neutron_lib.callbacks.manager
File "/var/lib/openstack/lib/python3.10/site-packages/ovsdbapp/backend/ovs_idl/command.py", line 47, in execute
2026-04-27 02:41:08.529 9 ERROR neutron_lib.callbacks.manager self.run_idl(None)
2026-04-27 02:41:08.529 9 ERROR neutron_lib.callbacks.manager
File "/var/lib/openstack/lib/python3.10/site-packages/ovsdbapp/backend/ovs_idl/command.py", line 235, in run_idl
2026-04-27 02:41:08.529 9 ERROR neutron_lib.callbacks.manager record = self.api.lookup(self.table, self.record)
2026-04-27 02:41:08.529 9 ERROR neutron_lib.callbacks.manager
File "/var/lib/openstack/lib/python3.10/site-packages/ovsdbapp/backend/ovs_idl/__init__.py", line 184, in lookup
2026-04-27 02:41:08.529 9 ERROR neutron_lib.callbacks.manager return self._lookup(table, record)
2026-04-27 02:41:08.529 9 ERROR neutron_lib.callbacks.manager
File "/var/lib/openstack/lib/python3.10/site-packages/ovsdbapp/backend/ovs_idl/__init__.py", line 235, in _lookup
2026-04-27 02:41:08.529 9 ERROR neutron_lib.callbacks.manager row = idlutils.row_by_value(self, rl.table, rl.column, record)
2026-04-27 02:41:08.529 9 ERROR neutron_lib.callbacks.manager
File "/var/lib/openstack/lib/python3.10/site-packages/ovsdbapp/backend/ovs_idl/idlutils.py", line 114, in row_by_value
2026-04-27 02:41:08.529 9 ERROR neutron_lib.callbacks.manager raise RowNotFound(table=table, col=column, match=match)
2026-04-27 02:41:08.529 9 ERROR neutron_lib.callbacks.manager ovsdbapp.backend.ovs_idl.idlutils.RowNotFound: Cannot find Logical_Router_Port with name=lrp-9834909d-6706-4329-8924-9754566aadea
2026-04-27 02:41:08.529 9 ERROR neutron_lib.callbacks.manager 
2026-04-27 02:41:08.543 10 INFO neutron.wsgi [None req-0326e5e1-0d01-4257-aeab-5a3edcf6f269 9fcb970dde2d40608e78dbb0979182f6 508843032f4240608f40cc4945931501 - - default default] 10.0.0.219 "GET /v2.0/security-groups HTTP/1.1" status: 200 len: 3120 time: 0.1246583
2026-04-27 02:41:08.563 10 INFO neutron.wsgi [req-9135684d-0713-4bb3-976c-66598d853c71 req-590f7e97-75b0-41c0-8a5a-a8e275e4fae4 a8242ac6e9d14763b66a18aab8fd72fe 09327df7f0fe4c288988528b03c15c75 - - default default] 10.0.0.64 "GET /v2.0/ports?device_id=6892f0c9-5009-4a9b-93ff-040205460d7c HTTP/1.1" status: 200 len: 1174 time: 0.0952513
2026-04-27 02:41:08.607 10 INFO neutron.db.ovn_revision_numbers_db [None req-4ed6af1d-d175-4c67-9417-88348970bcc0 59e5cf1d11e648838fe3aff78a07ed24 bc4c846b244645d0a8b961af0f07ef78 - - default default] Successfully bumped revision number for resource 7940ef33-ba9c-4eaf-b418-898133d9c9ee (type: ports) to 1
2026-04-27 02:41:08.638 10 INFO neutron.wsgi [req-9135684d-0713-4bb3-976c-66598d853c71 req-c2317179-a4e8-4285-8f75-5d990ea5cda6 a8242ac6e9d14763b66a18aab8fd72fe 09327df7f0fe4c288988528b03c15c75 - - default default] 10.0.0.64 "GET /v2.0/security-groups?id=a4ce2599-5ad6-4659-88e1-150361b0db3a&fields=id&fields=name HTTP/1.1" status: 200 len: 286 time: 0.0662506
2026-04-27 02:41:08.660 10 INFO neutron.wsgi [None req-4ed6af1d-d175-4c67-9417-88348970bcc0 59e5cf1d11e648838fe3aff78a07ed24 bc4c846b244645d0a8b961af0f07ef78 - - default default] 10.0.0.219 "POST /v2.0/networks HTTP/1.1" status: 201 len: 830 time: 1.0958815
2026-04-27 02:41:08.672 10 WARNING neutron_lib.context [None req-a3bdeded-c28c-4b56-bf46-84fc6aaa42c4 59e5cf1d11e648838fe3aff78a07ed24 bc4c846b244645d0a8b961af0f07ef78 - - default default] Method 'is_advsvc' is deprecated since 2023.2 release (neutron-lib 3.8.0) and will be removed once support for the old RBAC API policies will be removed from Neutron. Please use method 'is_service_role' instead.
2026-04-27 02:41:08.788 10 INFO neutron.db.segments_db [None req-a3bdeded-c28c-4b56-bf46-84fc6aaa42c4 59e5cf1d11e648838fe3aff78a07ed24 bc4c846b244645d0a8b961af0f07ef78 - - default default] Added segment 436d0d83-456e-4656-b611-99823626de0a of type geneve for network 4bb03e85-17a9-4a1d-972e-34740b1ac548
2026-04-27 02:41:08.825 9 INFO neutron.plugins.ml2.drivers.ovn.mech_driver.mech_driver [None req-e66e1c73-3690-4534-9534-2c7e1f794d09 - - - - - -] OVN reports status up for port: 9834909d-6706-4329-8924-9754566aadea
2026-04-27 02:41:08.832 9 INFO neutron.plugins.ml2.plugin [None req-e66e1c73-3690-4534-9534-2c7e1f794d09 - - - - - -] Attempt 1 to provision port 9834909d-6706-4329-8924-9754566aadea
2026-04-27 02:41:08.858 9 INFO neutron.db.ovn_revision_numbers_db [None req-61a4aef5-fc30-411b-99a9-cf4edcfc9bbe 1deaa1d417994702b2f72680371f510c a4ec0d883a5c44d2a519b289ac7548b2 - - default default] Successfully bumped revision number for resource 9834909d-6706-4329-8924-9754566aadea (type: ports) to 1
2026-04-27 02:41:08.950 9 WARNING neutron.scheduler.dhcp_agent_scheduler [None req-61a4aef5-fc30-411b-99a9-cf4edcfc9bbe 1deaa1d417994702b2f72680371f510c a4ec0d883a5c44d2a519b289ac7548b2 - - default default] No more DHCP agents
2026-04-27 02:41:08.954 9 WARNING neutron.api.rpc.agentnotifiers.dhcp_rpc_agent_api [None req-61a4aef5-fc30-411b-99a9-cf4edcfc9bbe 1deaa1d417994702b2f72680371f510c a4ec0d883a5c44d2a519b289ac7548b2 - - default default] Unable to schedule network e9e259ee-dccd-49c5-aa8b-95d62dcb379f: no agents available; will retry on subsequent port and subnet creation events.
2026-04-27 02:41:09.038 10 INFO neutron.db.ovn_revision_numbers_db [None req-a3bdeded-c28c-4b56-bf46-84fc6aaa42c4 59e5cf1d11e648838fe3aff78a07ed24 bc4c846b244645d0a8b961af0f07ef78 - - default default] Successfully bumped revision number for resource 4bb03e85-17a9-4a1d-972e-34740b1ac548 (type: networks) to 1
2026-04-27 02:41:09.182 9 INFO neutron.db.ovn_revision_numbers_db [None req-61a4aef5-fc30-411b-99a9-cf4edcfc9bbe 1deaa1d417994702b2f72680371f510c a4ec0d883a5c44d2a519b289ac7548b2 - - default default] Successfully bumped revision number for resource 9834909d-6706-4329-8924-9754566aadea (type: router_ports) to 1
2026-04-27 02:41:09.189 9 INFO neutron.wsgi [None req-61a4aef5-fc30-411b-99a9-cf4edcfc9bbe 1deaa1d417994702b2f72680371f510c a4ec0d883a5c44d2a519b289ac7548b2 - - default default] 10.0.0.219 "PUT /v2.0/routers/24208f0f-d6e2-4e5f-8d8e-3dea71f04201/add_router_interface HTTP/1.1" status: 200 len: 503 time: 1.9808974
2026-04-27 02:41:09.249 9 INFO neutron.wsgi [None req-f7855c2f-a344-48d1-9976-b9f2990abd34 1deaa1d417994702b2f72680371f510c a4ec0d883a5c44d2a519b289ac7548b2 - - default default] 10.0.0.219 "GET /v2.0/ports/9834909d-6706-4329-8924-9754566aadea HTTP/1.1" status: 200 len: 1137 time: 0.0524118
2026-04-27 02:41:09.267 10 INFO neutron.plugins.ml2.drivers.ovn.mech_driver.mech_driver [None req-7c0bb731-d3c6-4903-bb15-094de17c8316 - - - - - -] OVN reports status down for port: 0f4eed89-9f76-474d-89c8-c5ebfd66ae4a
2026-04-27 02:41:09.316 10 WARNING neutron.scheduler.dhcp_agent_scheduler [None req-a3bdeded-c28c-4b56-bf46-84fc6aaa42c4 59e5cf1d11e648838fe3aff78a07ed24 bc4c846b244645d0a8b961af0f07ef78 - - default default] No more DHCP agents
2026-04-27 02:41:09.323 10 INFO neutron.wsgi [req-a30751ae-2bd9-4bf2-b2f2-261249e301ba req-8a6fd258-ecac-4f2a-ad25-d36710bb32df a8242ac6e9d14763b66a18aab8fd72fe 09327df7f0fe4c288988528b03c15c75 - - default default] 10.0.0.64 "GET /v2.0/ports?device_id=6892f0c9-5009-4a9b-93ff-040205460d7c HTTP/1.1" status: 200 len: 1174 time: 0.0731256
2026-04-27 02:41:09.327 10 WARNING neutron.api.rpc.agentnotifiers.dhcp_rpc_agent_api [None req-a3bdeded-c28c-4b56-bf46-84fc6aaa42c4 59e5cf1d11e648838fe3aff78a07ed24 bc4c846b244645d0a8b961af0f07ef78 - - default default] Unable to schedule network 4bb03e85-17a9-4a1d-972e-34740b1ac548: no agents available; will retry on subsequent port and subnet creation events.
2026-04-27 02:41:09.402 10 INFO neutron.wsgi [req-a30751ae-2bd9-4bf2-b2f2-261249e301ba req-b05cde21-154a-4ad1-8e49-7a825b5c3e76 a8242ac6e9d14763b66a18aab8fd72fe 09327df7f0fe4c288988528b03c15c75 - - default default] 10.0.0.64 "GET /v2.0/security-groups?id=a4ce2599-5ad6-4659-88e1-150361b0db3a&fields=id&fields=name HTTP/1.1" status: 200 len: 286 time: 0.0705085
2026-04-27 02:41:09.483 10 INFO neutron.db.ovn_revision_numbers_db [None req-a3bdeded-c28c-4b56-bf46-84fc6aaa42c4 59e5cf1d11e648838fe3aff78a07ed24 bc4c846b244645d0a8b961af0f07ef78 - - default default] Successfully bumped revision number for resource b7b9bba7-5282-4d64-94f4-fc88452c7002 (type: ports) to 1
2026-04-27 02:41:09.512 10 INFO neutron.notifiers.nova [-] Nova event matching ['req-6cc15398-ae98-4111-9a80-33e1328143db'] response: {'server_uuid': '6892f0c9-5009-4a9b-93ff-040205460d7c', 'name': 'network-vif-unplugged', 'status': 'completed', 'tag': '0f4eed89-9f76-474d-89c8-c5ebfd66ae4a', 'code': 200}
2026-04-27 02:41:09.521 10 INFO neutron.wsgi [None req-a3bdeded-c28c-4b56-bf46-84fc6aaa42c4 59e5cf1d11e648838fe3aff78a07ed24 bc4c846b244645d0a8b961af0f07ef78 - - default default] 10.0.0.219 "POST /v2.0/networks HTTP/1.1" status: 201 len: 831 time: 0.8563187
2026-04-27 02:41:09.600 10 INFO neutron.wsgi [None req-b081b1a9-c024-49f6-9c70-1c044c7bd358 59e5cf1d11e648838fe3aff78a07ed24 bc4c846b244645d0a8b961af0f07ef78 - - default default] 10.0.0.219 "PUT /v2.0/networks/52db873b-347c-43df-bae1-a34f69d7717f/tags HTTP/1.1" status: 200 len: 210 time: 0.0731266
2026-04-27 02:41:09.667 10 INFO neutron.wsgi [req-f695b4d5-d5ac-4244-9bd2-8ebe34950565 req-453d0a51-db7f-4579-a481-51acf72fdf74 a8242ac6e9d14763b66a18aab8fd72fe 09327df7f0fe4c288988528b03c15c75 - - default default] 199.204.45.210 "GET /v2.0/ports?device_id=6892f0c9-5009-4a9b-93ff-040205460d7c HTTP/1.1" status: 200 len: 1172 time: 0.0843992
2026-04-27 02:41:09.686 9 INFO neutron.wsgi [None req-512637fb-c044-4e17-b43e-45f58ec6e06e 1deaa1d417994702b2f72680371f510c a4ec0d883a5c44d2a519b289ac7548b2 - - default default] 10.0.0.219 "GET /v2.0/ports/9834909d-6706-4329-8924-9754566aadea HTTP/1.1" status: 200 len: 1137 time: 0.4246705
2026-04-27 02:41:09.716 10 INFO neutron.wsgi [None req-fe60a2f4-ed68-4cab-aa20-2a142a57bd24 59e5cf1d11e648838fe3aff78a07ed24 bc4c846b244645d0a8b961af0f07ef78 - - default default] 10.0.0.219 "PUT /v2.0/networks/5c7d2c81-91ab-4c4d-bcbb-d7e85c877698/tags HTTP/1.1" status: 200 len: 218 time: 0.0981576
2026-04-27 02:41:09.766 9 INFO neutron.wsgi [None req-0971efa0-e1be-4019-821f-2fec9664289a 1f6c72ecd8664957a2347edd69858b2e e6ed90169e6849e8835ffc7bb1967d96 - - default default] 10.0.0.219 "GET /v2.0/security-groups?tenant_id=508843032f4240608f40cc4945931501&name=default HTTP/1.1" status: 200 len: 3120 time: 0.5898967
2026-04-27 02:41:09.794 10 INFO neutron.db.ovn_revision_numbers_db [None req-7c0bb731-d3c6-4903-bb15-094de17c8316 - - - - - -] Successfully bumped revision number for resource 0f4eed89-9f76-474d-89c8-c5ebfd66ae4a (type: ports) to 5
2026-04-27 02:41:09.835 9 INFO neutron.db.ovn_revision_numbers_db [None req-e66e1c73-3690-4534-9534-2c7e1f794d09 - - - - - -] Successfully bumped revision number for resource 9834909d-6706-4329-8924-9754566aadea (type: ports) to 2
2026-04-27 02:41:09.843 9 INFO neutron.wsgi [None req-db6ca3b9-51ba-4fc3-844a-7342a4a21139 59e5cf1d11e648838fe3aff78a07ed24 bc4c846b244645d0a8b961af0f07ef78 - - default default] 10.0.0.219 "PUT /v2.0/networks/65cca076-878c-4fe6-99a2-5153dbe5a2d6/tags HTTP/1.1" status: 200 len: 227 time: 0.1176383
2026-04-27 02:41:09.954 10 INFO neutron.wsgi [None req-1ca9a2d0-9238-4989-9948-fba0439f4d5d 59e5cf1d11e648838fe3aff78a07ed24 bc4c846b244645d0a8b961af0f07ef78 - - default default] 10.0.0.219 "PUT /v2.0/networks/2eeff711-2d0e-48fa-93ff-a4896ce9c560/tags HTTP/1.1" status: 200 len: 212 time: 0.0995989
2026-04-27 02:41:10.063 9 INFO neutron.wsgi [None req-5a5d6e23-b542-41bb-8ee5-3a66a5bd6e60 59e5cf1d11e648838fe3aff78a07ed24 bc4c846b244645d0a8b961af0f07ef78 - - default default] 10.0.0.219 "GET /v2.0/networks?tags=red HTTP/1.1" status: 200 len: 2067 time: 0.0938942
2026-04-27 02:41:10.068 9 INFO neutron.db.ovn_revision_numbers_db [None req-e66e1c73-3690-4534-9534-2c7e1f794d09 - - - - - -] Successfully bumped revision number for resource 9834909d-6706-4329-8924-9754566aadea (type: router_ports) to 2
2026-04-27 02:41:10.101 10 INFO neutron.wsgi [req-f695b4d5-d5ac-4244-9bd2-8ebe34950565 req-6005cb4d-2b89-4880-835a-b7bd4fa5e8d3 a8242ac6e9d14763b66a18aab8fd72fe 09327df7f0fe4c288988528b03c15c75 - - default default] 199.204.45.210 "DELETE /v2.0/ports/0f4eed89-9f76-474d-89c8-c5ebfd66ae4a HTTP/1.1" status: 204 len: 173 time: 0.4149582
2026-04-27 02:41:10.140 10 INFO neutron.wsgi [None req-6ac01cf5-5f3a-4af7-bfea-4c91e73329df 1f6c72ecd8664957a2347edd69858b2e e6ed90169e6849e8835ffc7bb1967d96 - - default default] 10.0.0.219 "DELETE /v2.0/security-groups/ca0265c1-41ee-426e-b4ea-0005658436a7 HTTP/1.1" status: 204 len: 168 time: 0.3681021
2026-04-27 02:41:10.167 9 INFO neutron.wsgi [None req-562baf23-379a-430a-b77b-738b8d850633 59e5cf1d11e648838fe3aff78a07ed24 bc4c846b244645d0a8b961af0f07ef78 - - default default] 10.0.0.219 "GET /v2.0/networks?tags=red%2Cblue HTTP/1.1" status: 200 len: 1455 time: 0.0968459 /var/lib/openstack/lib/python3.10/site-packages/pycadf/identifier.py:71: UserWarning: Invalid uuid: neutron. To ensure interoperability, identifiers should be a valid uuid. warnings.warn(('Invalid uuid: %s. To ensure interoperability, '
2026-04-27 02:41:10.273 10 INFO neutron.wsgi [None req-c5afdfe7-7ca9-497a-94c1-d779d98c909d 59e5cf1d11e648838fe3aff78a07ed24 bc4c846b244645d0a8b961af0f07ef78 - - default default] 10.0.0.219 "GET /v2.0/networks?tags-any=blue HTTP/1.1" status: 200 len: 1455 time: 0.0984466
2026-04-27 02:41:10.349 10 INFO neutron.wsgi [None req-51273010-8aeb-4f92-886f-d858c7dd1289 59e5cf1d11e648838fe3aff78a07ed24 bc4c846b244645d0a8b961af0f07ef78 - - default default] 10.0.0.219 "GET /v2.0/networks?tags-any=red%2Cblue HTTP/1.1" status: 200 len: 2067 time: 0.0662565
2026-04-27 02:41:10.501 10 INFO neutron.wsgi [None req-0f28015c-f6c4-4654-99d1-7f361bd90074 59e5cf1d11e648838fe3aff78a07ed24 bc4c846b244645d0a8b961af0f07ef78 - - default default] 10.0.0.219 "GET /v2.0/networks?not-tags=red HTTP/1.1" status: 200 len: 2068 time: 0.1455891
2026-04-27 02:41:10.654 10 INFO neutron.wsgi [None req-6ec2e069-f58d-468a-bfd3-21a5d095f895 59e5cf1d11e648838fe3aff78a07ed24 bc4c846b244645d0a8b961af0f07ef78 - - default default] 10.0.0.219 "GET /v2.0/networks?not-tags=red%2Cblue HTTP/1.1" status: 200 len: 2680 time: 0.1465888
2026-04-27 02:41:10.679 9 INFO neutron.wsgi [None req-441c76cb-ae68-4d04-8066-13936d02ae5e 1deaa1d417994702b2f72680371f510c a4ec0d883a5c44d2a519b289ac7548b2 - - default default] 10.0.0.219 "PUT /v2.0/routers/24208f0f-d6e2-4e5f-8d8e-3dea71f04201/remove_router_interface HTTP/1.1" status: 200 len: 503 time: 0.9850223
2026-04-27 02:41:10.733 10 INFO neutron.wsgi [None req-acd2939e-e41c-4f74-939e-8cafca84c85b 1deaa1d417994702b2f72680371f510c a4ec0d883a5c44d2a519b289ac7548b2 - - default default] 10.0.0.219 "GET /v2.0/ports?device_id=24208f0f-d6e2-4e5f-8d8e-3dea71f04201 HTTP/1.1" status: 200 len: 205 time: 0.0493064 /var/lib/openstack/lib/python3.10/site-packages/pycadf/identifier.py:71: UserWarning: Invalid uuid: neutron. To ensure interoperability, identifiers should be a valid uuid. warnings.warn(('Invalid uuid: %s. To ensure interoperability, '
2026-04-27 02:41:10.820 10 INFO neutron.wsgi [None req-863573a0-fc09-48e7-bd64-86c28f4ff95b 59e5cf1d11e648838fe3aff78a07ed24 bc4c846b244645d0a8b961af0f07ef78 - - default default] 10.0.0.219 "GET /v2.0/networks?not-tags-any=blue HTTP/1.1" status: 200 len: 2680 time: 0.1602473
2026-04-27 02:41:10.926 10 INFO neutron.wsgi [None req-de291d65-1a52-4cef-8b5c-73bfd62ba429 59e5cf1d11e648838fe3aff78a07ed24 bc4c846b244645d0a8b961af0f07ef78 - - default default] 10.0.0.219 "GET /v2.0/networks?not-tags-any=red%2Cblue HTTP/1.1" status: 200 len: 2068 time: 0.0990963
2026-04-27 02:41:11.026 9 INFO neutron.wsgi [None req-1066aae5-1719-4b78-a942-c3129445b363 1deaa1d417994702b2f72680371f510c a4ec0d883a5c44d2a519b289ac7548b2 - - default default] 10.0.0.219 "DELETE /v2.0/routers/24208f0f-d6e2-4e5f-8d8e-3dea71f04201 HTTP/1.1" status: 204 len: 168 time: 0.2872424
2026-04-27 02:41:11.250 9 INFO neutron.wsgi [None req-fdf2ca2c-5101-4fa4-a6f1-c1a28c5266bf 1deaa1d417994702b2f72680371f510c a4ec0d883a5c44d2a519b289ac7548b2 - - default default] 10.0.0.219 "DELETE /v2.0/subnets/fa93acfc-ffb1-455b-8efb-3f3573afa866 HTTP/1.1" status: 204 len: 168 time: 0.2200799
2026-04-27 02:41:11.352 10 INFO neutron.services.segments.plugin [-] Segment 6aff9d18-12b7-4ede-8e61-2d8d2ec7154b resource provider aggregate not found
2026-04-27 02:41:11.357 10 INFO neutron.services.segments.plugin [-] Segment 6aff9d18-12b7-4ede-8e61-2d8d2ec7154b resource provider aggregate not found
2026-04-27 02:41:11.371 10 INFO neutron.wsgi [None req-a96d9acc-51cc-4566-8f21-e95199caf17e 59e5cf1d11e648838fe3aff78a07ed24 bc4c846b244645d0a8b961af0f07ef78 - - default default] 10.0.0.219 "DELETE /v2.0/networks/52db873b-347c-43df-bae1-a34f69d7717f HTTP/1.1" status: 204 len: 168 time: 0.4381111
2026-04-27 02:41:11.372 10 INFO neutron.services.segments.plugin [-] Segment 6aff9d18-12b7-4ede-8e61-2d8d2ec7154b resource provider not found; error: Placement Client Error (4xx): {"errors": [{"status": 404, "title": "Not Found", "detail": "The resource could not be found.\n\n No resource provider with uuid 6aff9d18-12b7-4ede-8e61-2d8d2ec7154b found for delete ", "request_id": "req-6da20777-a298-4d49-a1ed-448c9ca147ed"}]}
2026-04-27 02:41:11.383 10 INFO neutron.services.segments.plugin [-] Segment 6aff9d18-12b7-4ede-8e61-2d8d2ec7154b resource provider not found; error: Placement Client Error (4xx): {"errors": [{"status": 404, "title": "Not Found", "detail": "The resource could not be found.\n\n No resource provider with uuid 6aff9d18-12b7-4ede-8e61-2d8d2ec7154b found for delete ", "request_id": "req-c77d6b46-6c78-4a81-a1dd-63787c1d2b5f"}]}
2026-04-27 02:41:11.555 10 INFO neutron.notifiers.nova [-] Nova event matching ['req-0f38cb17-0703-4968-88cb-778e84559b4f'] response: {'server_uuid': '6892f0c9-5009-4a9b-93ff-040205460d7c', 'name': 'network-vif-unplugged', 'status': 'completed', 'tag': '0f4eed89-9f76-474d-89c8-c5ebfd66ae4a', 'code': 200}
2026-04-27 02:41:11.555 10 INFO neutron.notifiers.nova [-] Nova event matching ['req-0f38cb17-0703-4968-88cb-778e84559b4f'] response: {'server_uuid': '6892f0c9-5009-4a9b-93ff-040205460d7c', 'name': 'network-vif-deleted', 'tag': '0f4eed89-9f76-474d-89c8-c5ebfd66ae4a', 'status': 'completed', 'code': 200}
2026-04-27 02:41:11.678 9 INFO neutron.services.segments.plugin [-] Segment 857c9683-0eca-47d5-99dc-75617bcd649c resource provider aggregate not found
2026-04-27 02:41:11.684 9 INFO neutron.services.segments.plugin [-] Segment 857c9683-0eca-47d5-99dc-75617bcd649c resource provider aggregate not found
2026-04-27 02:41:11.695 9 INFO neutron.services.segments.plugin [-] Segment 857c9683-0eca-47d5-99dc-75617bcd649c resource provider not found; error: Placement Client Error (4xx): {"errors": [{"status": 404, "title": "Not Found", "detail": "The resource could not be found.\n\n No resource provider with uuid 857c9683-0eca-47d5-99dc-75617bcd649c found for delete ", "request_id": "req-2c5079a6-8ac1-4ca2-ab58-12d90345b07d"}]}
2026-04-27 02:41:11.706 9 INFO neutron.services.segments.plugin [-] Segment 857c9683-0eca-47d5-99dc-75617bcd649c resource provider not found; error: Placement Client Error (4xx): {"errors": [{"status": 404, "title": "Not Found", "detail": "The resource could not be found.\n\n No resource provider with uuid 857c9683-0eca-47d5-99dc-75617bcd649c found for delete ", "request_id": "req-f25ff3de-d72a-4ff3-b22a-26a0ed2a12d4"}]}
2026-04-27 02:41:11.718 9 INFO neutron.wsgi [None req-d0a75748-8621-40c0-8110-c96eebed4b47 1deaa1d417994702b2f72680371f510c a4ec0d883a5c44d2a519b289ac7548b2 - - default default] 10.0.0.219 "DELETE /v2.0/networks/e9e259ee-dccd-49c5-aa8b-95d62dcb379f HTTP/1.1" status: 204 len: 168 time: 0.4621878
2026-04-27 02:41:11.731 9 WARNING neutron_lib.context [None req-5c7fbcae-21ed-4702-90e9-89148579ffc0 1deaa1d417994702b2f72680371f510c a4ec0d883a5c44d2a519b289ac7548b2 - - default default] Method 'is_advsvc' is deprecated since 2023.2 release (neutron-lib 3.8.0) and will be removed once support for the old RBAC API policies will be removed from Neutron. Please use method 'is_service_role' instead.
2026-04-27 02:41:12.044 10 INFO neutron.wsgi [None req-efa2c0aa-a84f-4e2a-8035-d33065b4613d 59e5cf1d11e648838fe3aff78a07ed24 bc4c846b244645d0a8b961af0f07ef78 - - default default] 10.0.0.219 "DELETE /v2.0/networks/5c7d2c81-91ab-4c4d-bcbb-d7e85c877698 HTTP/1.1" status: 204 len: 168 time: 0.6682856
2026-04-27 02:41:12.572 10 INFO neutron.wsgi [None req-fad72ff5-b98a-4c92-b2ed-66e101831caa 59e5cf1d11e648838fe3aff78a07ed24 bc4c846b244645d0a8b961af0f07ef78 - - default default] 10.0.0.219 "DELETE /v2.0/networks/65cca076-878c-4fe6-99a2-5153dbe5a2d6 HTTP/1.1" status: 204 len: 168 time: 0.5178399
2026-04-27 02:41:12.798 9 WARNING neutron.scheduler.dhcp_agent_scheduler [None req-5c7fbcae-21ed-4702-90e9-89148579ffc0 1deaa1d417994702b2f72680371f510c a4ec0d883a5c44d2a519b289ac7548b2 - - default default] No more DHCP agents
2026-04-27 02:41:12.799 9 WARNING neutron.api.rpc.agentnotifiers.dhcp_rpc_agent_api [None req-5c7fbcae-21ed-4702-90e9-89148579ffc0 1deaa1d417994702b2f72680371f510c a4ec0d883a5c44d2a519b289ac7548b2 - - default default] Unable to schedule network 1afed879-a56d-40fb-a1c7-497ae1e04522: no agents available; will retry on subsequent port and subnet creation events.
2026-04-27 02:41:13.015 9 INFO neutron.db.ovn_revision_numbers_db [None req-5c7fbcae-21ed-4702-90e9-89148579ffc0 1deaa1d417994702b2f72680371f510c a4ec0d883a5c44d2a519b289ac7548b2 - - default default] Successfully bumped revision number for resource 78171ebe-5bc5-4603-bb2f-e945e9bf6c45 (type: ports) to 1
2026-04-27 02:41:13.113 10 INFO neutron.wsgi [None req-c5203c4c-276e-4b99-910f-82aeeb138528 59e5cf1d11e648838fe3aff78a07ed24 bc4c846b244645d0a8b961af0f07ef78 - - default default] 10.0.0.219 "DELETE /v2.0/networks/2eeff711-2d0e-48fa-93ff-a4896ce9c560 HTTP/1.1" status: 204 len: 168 time: 0.5338356
2026-04-27 02:41:13.404 10 INFO neutron.services.segments.plugin [-] Segment dea8a79b-6f43-4aad-8f51-f5ff14f2544d resource provider aggregate not found
2026-04-27 02:41:13.410 10 INFO neutron.services.segments.plugin [-] Segment dea8a79b-6f43-4aad-8f51-f5ff14f2544d resource provider aggregate not found
2026-04-27 02:41:13.445 10 INFO neutron.services.segments.plugin [-] Segment dea8a79b-6f43-4aad-8f51-f5ff14f2544d resource provider not found; error: Placement Client Error (4xx): {"errors": [{"status": 404, "title": "Not Found", "detail": "The resource could not be found.\n\n No resource provider with uuid dea8a79b-6f43-4aad-8f51-f5ff14f2544d found for delete ", "request_id": "req-8cb1cba9-b9d6-45e1-8b4f-272782f4cd58"}]}
2026-04-27 02:41:13.453 10 INFO neutron.services.segments.plugin [-] Segment dea8a79b-6f43-4aad-8f51-f5ff14f2544d resource provider not found; error: Placement Client Error (4xx): {"errors": [{"status": 404, "title": "Not Found", "detail": "The resource could not be found.\n\n No resource provider with uuid dea8a79b-6f43-4aad-8f51-f5ff14f2544d found for delete ", "request_id": "req-54c1a423-c209-4dd3-9aee-6623a89069e3"}]}
2026-04-27 02:41:13.475 10 INFO neutron.wsgi [None req-72364deb-9044-44f7-ac25-d8417f2fa143 1f6c72ecd8664957a2347edd69858b2e e6ed90169e6849e8835ffc7bb1967d96 - - default default] 10.0.0.219 "PUT /v2.0/routers/c6b5834e-996a-482b-be3e-f4ecce3d60e6/remove_router_interface HTTP/1.1" status: 200 len: 503 time: 1.7964556
2026-04-27 02:41:13.480 10 INFO neutron.services.segments.plugin [-] Segment be3f6b27-3287-447f-8022-a423b094798b resource provider aggregate not found
2026-04-27 02:41:13.487 10 INFO neutron.services.segments.plugin [-] Segment be3f6b27-3287-447f-8022-a423b094798b resource provider aggregate not found
2026-04-27 02:41:13.498 10 INFO neutron.services.segments.plugin [-] Segment be3f6b27-3287-447f-8022-a423b094798b resource provider not found; error: Placement Client Error (4xx): {"errors": [{"status": 404, "title": "Not Found", "detail": "The resource could not be found.\n\n No resource provider with uuid be3f6b27-3287-447f-8022-a423b094798b found for delete ", "request_id": "req-5128ee0b-9f60-4da6-8499-5ff321b07d37"}]}
2026-04-27 02:41:13.507 10 INFO neutron.services.segments.plugin [-] Segment be3f6b27-3287-447f-8022-a423b094798b resource provider not found; error: Placement Client Error (4xx): {"errors": [{"status": 404, "title": "Not Found", "detail": "The resource could not be found.\n\n No resource provider with uuid be3f6b27-3287-447f-8022-a423b094798b found for delete ", "request_id": "req-57854989-448c-49d6-a6df-323b4f36d292"}]}
2026-04-27 02:41:13.514 10 INFO neutron.services.segments.plugin [-] Segment 4175a456-27ee-4c48-8cba-868ae83cd3b6 resource provider aggregate not found
2026-04-27 02:41:13.530 10 INFO neutron.services.segments.plugin [-] Segment 4175a456-27ee-4c48-8cba-868ae83cd3b6 resource provider aggregate not found
2026-04-27 02:41:13.541 10 INFO neutron.services.segments.plugin [-] Segment 4175a456-27ee-4c48-8cba-868ae83cd3b6 resource provider not found; error: Placement Client Error (4xx): {"errors": [{"status": 404, "title": "Not Found", "detail": "The resource could not be found.\n\n No resource provider with uuid 4175a456-27ee-4c48-8cba-868ae83cd3b6 found for delete ", "request_id": "req-068fa98a-11ed-47a2-b0fe-70c7e1968c69"}]}
2026-04-27 02:41:13.556 10 INFO neutron.services.segments.plugin [-] Segment 4175a456-27ee-4c48-8cba-868ae83cd3b6 resource provider not found; error: Placement Client Error (4xx): {"errors": [{"status": 404, "title": "Not Found", "detail": "The resource could not be found.\n\n No resource provider with uuid 4175a456-27ee-4c48-8cba-868ae83cd3b6 found for delete ", "request_id": "req-db7a0cad-1075-4465-b4ba-e9525b529419"}]}
2026-04-27 02:41:13.758 10 INFO neutron.wsgi [None req-01f7067d-ac3e-49c2-b502-6bf475725b15 59e5cf1d11e648838fe3aff78a07ed24 bc4c846b244645d0a8b961af0f07ef78 - - default default] 10.0.0.219 "DELETE /v2.0/networks/4bb03e85-17a9-4a1d-972e-34740b1ac548 HTTP/1.1" status: 204 len: 168 time: 0.6373041
2026-04-27 02:41:14.131 9 INFO neutron.plugins.ml2.drivers.ovn.mech_driver.ovsdb.commands [None req-2f83eadb-83c8-4ead-bed7-3aacb14df636 - - - - - -] Schedule LRP lrp-78171ebe-5bc5-4603-bb2f-e945e9bf6c45 on gateway ae5217f7-6578-4aeb-b314-a1b8b051c6b6 with priority 1
2026-04-27 02:41:14.193 9 INFO neutron.db.ovn_revision_numbers_db [None req-5c7fbcae-21ed-4702-90e9-89148579ffc0 1deaa1d417994702b2f72680371f510c a4ec0d883a5c44d2a519b289ac7548b2 - - default default] Successfully bumped revision number for resource 78171ebe-5bc5-4603-bb2f-e945e9bf6c45 (type: router_ports) to 1
2026-04-27 02:41:14.277 9 INFO neutron.wsgi [None req-1d330109-4a2c-438f-9720-365462e1e28a 1f6c72ecd8664957a2347edd69858b2e e6ed90169e6849e8835ffc7bb1967d96 - - default default] 10.0.0.76 "GET /v2.0/floatingips HTTP/1.1" status: 200 len: 193 time: 0.2427948
2026-04-27 02:41:14.343 9 INFO neutron.db.ovn_revision_numbers_db [None req-5c7fbcae-21ed-4702-90e9-89148579ffc0 1deaa1d417994702b2f72680371f510c a4ec0d883a5c44d2a519b289ac7548b2 - - default default] Successfully bumped revision number for resource d4680ef9-6f4d-4868-ba93-6a7aa885b5e7 (type: routers) to 2
2026-04-27 02:41:14.387 9 INFO neutron.wsgi [None req-5c7fbcae-21ed-4702-90e9-89148579ffc0 1deaa1d417994702b2f72680371f510c a4ec0d883a5c44d2a519b289ac7548b2 - - default default] 10.0.0.219 "POST /v2.0/routers HTTP/1.1" status: 201 len: 1147 time: 2.6614072
2026-04-27 02:41:14.396 9 INFO neutron.wsgi [None req-db892842-1271-4c81-aaf5-4059698c8cca 1f6c72ecd8664957a2347edd69858b2e e6ed90169e6849e8835ffc7bb1967d96 - - default default] 10.0.0.76 "GET /v2.0/networks HTTP/1.1" status: 200 len: 3107 time: 0.1162968 /var/lib/openstack/lib/python3.10/site-packages/pycadf/identifier.py:71: UserWarning: Invalid uuid: neutron. To ensure interoperability, identifiers should be a valid uuid. warnings.warn(('Invalid uuid: %s. To ensure interoperability, '
2026-04-27 02:41:14.559 9 INFO neutron.wsgi [None req-475e3c9c-2b29-4b28-b108-9a893185dd83 1f6c72ecd8664957a2347edd69858b2e e6ed90169e6849e8835ffc7bb1967d96 - - default default] 10.0.0.76 "GET /v2.0/routers HTTP/1.1" status: 200 len: 1926 time: 0.1596293
2026-04-27 02:41:14.581 9 WARNING neutron.plugins.ml2.drivers.ovn.mech_driver.ovsdb.ovn_client [None req-e66e1c73-3690-4534-9534-2c7e1f794d09 - - - - - -] No port found with ID 9834909d-6706-4329-8924-9754566aadea: RuntimeError: No port found with ID 9834909d-6706-4329-8924-9754566aadea
2026-04-27 02:41:14.581 9 INFO neutron.plugins.ml2.drivers.ovn.mech_driver.mech_driver [None req-e66e1c73-3690-4534-9534-2c7e1f794d09 - - - - - -] OVN reports status up for port: 78171ebe-5bc5-4603-bb2f-e945e9bf6c45
2026-04-27 02:41:14.610 9 INFO neutron.wsgi [None req-6443dd76-6200-4605-be5f-6de09c074445 1f6c72ecd8664957a2347edd69858b2e e6ed90169e6849e8835ffc7bb1967d96 - - default default] 10.0.0.76 "GET /v2.0/agents?binary=ovn-controller HTTP/1.1" status: 200 len: 591 time: 0.0375969
2026-04-27 02:41:14.611 9 INFO neutron.plugins.ml2.plugin [None req-e66e1c73-3690-4534-9534-2c7e1f794d09 - - - - - -] Attempt 1 to provision port 78171ebe-5bc5-4603-bb2f-e945e9bf6c45
2026-04-27 02:41:14.652 9 INFO neutron.wsgi [None req-c847cdf2-8243-43a1-8d41-c546f060eea0 1f6c72ecd8664957a2347edd69858b2e e6ed90169e6849e8835ffc7bb1967d96 - - default default] 10.0.0.76 "GET /v2.0/agents HTTP/1.1" status: 200 len: 1390 time: 0.0233660
2026-04-27 02:41:14.720 9 INFO neutron.wsgi [None req-938447c2-ac3c-4b6c-8cb6-ee8f90813222 1f6c72ecd8664957a2347edd69858b2e e6ed90169e6849e8835ffc7bb1967d96 - - default default] 10.0.0.76 "GET /v2.0/subnets HTTP/1.1" status: 200 len: 2091 time: 0.0657792
2026-04-27 02:41:14.740 10 INFO neutron.wsgi [None req-bcdf1b19-983b-450c-9417-7b63d1fa2d80 1deaa1d417994702b2f72680371f510c a4ec0d883a5c44d2a519b289ac7548b2 - - default default] 10.0.0.219 "GET /v2.0/routers/d4680ef9-6f4d-4868-ba93-6a7aa885b5e7 HTTP/1.1" status: 200 len: 1148 time: 0.3468001
2026-04-27 02:41:14.766 9 INFO neutron.wsgi [None req-6f29484e-8435-41ad-a104-0f2c0b964d57 1f6c72ecd8664957a2347edd69858b2e e6ed90169e6849e8835ffc7bb1967d96 - - default default] 10.0.0.76 "GET /v2.0/subnetpools HTTP/1.1" status: 200 len: 193 time: 0.0339725
2026-04-27 02:41:14.887 9 INFO neutron.wsgi [None req-5c0c3a77-ea80-4c3f-b6a8-fc8f1885f7ff 1f6c72ecd8664957a2347edd69858b2e e6ed90169e6849e8835ffc7bb1967d96 - - default default] 10.0.0.76 "GET /v2.0/security-groups HTTP/1.1" status: 200 len: 26290 time: 0.1071167
2026-04-27 02:41:14.901 10 INFO neutron.wsgi [None req-665a4c4d-226a-4a69-a42f-00c1181d5cfd 1deaa1d417994702b2f72680371f510c a4ec0d883a5c44d2a519b289ac7548b2 - - default default] 10.0.0.219 "GET /v2.0/routers HTTP/1.1" status: 200 len: 1151 time: 0.1544800
2026-04-27 02:41:14.986 9 INFO neutron.wsgi [None req-457be8e1-6396-42d1-841c-68f923fad36d 1f6c72ecd8664957a2347edd69858b2e e6ed90169e6849e8835ffc7bb1967d96 - - default default] 10.0.0.76 "GET /v2.0/subnets HTTP/1.1" status: 200 len: 2091 time: 0.0813069
2026-04-27 02:41:15.159 10 INFO neutron.db.ovn_revision_numbers_db [None req-08c85512-c79f-4104-9e88-a7a4b483b25b 1f6c72ecd8664957a2347edd69858b2e e6ed90169e6849e8835ffc7bb1967d96 - - default default] Successfully bumped revision number for resource 255f5f77-d918-4f65-af24-c2bf870ce922 (type: security_groups) to 1
2026-04-27 02:41:15.196 10 INFO neutron.db.ovn_revision_numbers_db [None req-08c85512-c79f-4104-9e88-a7a4b483b25b 1f6c72ecd8664957a2347edd69858b2e e6ed90169e6849e8835ffc7bb1967d96 - - default default] Successfully bumped revision number for resource 2ec28eae-8063-48f7-84e3-040327843653 (type: security_group_rules) to 0
2026-04-27 02:41:15.218 10 INFO neutron.db.ovn_revision_numbers_db [None req-08c85512-c79f-4104-9e88-a7a4b483b25b 1f6c72ecd8664957a2347edd69858b2e e6ed90169e6849e8835ffc7bb1967d96 - - default default] Successfully bumped revision number for resource a8e0c2d9-5515-417d-8577-ad18c4cc3534 (type: security_group_rules) to 0
2026-04-27 02:41:15.252 9 INFO neutron.wsgi [None req-85d7291d-8597-4733-acf7-dfffd4b53fd2 1f6c72ecd8664957a2347edd69858b2e e6ed90169e6849e8835ffc7bb1967d96 - - default default] 10.0.0.76 "GET /v2.0/network-ip-availabilities HTTP/1.1" status: 200 len: 1752 time: 0.2601962
2026-04-27 02:41:15.253 10 INFO neutron.db.ovn_revision_numbers_db [None req-08c85512-c79f-4104-9e88-a7a4b483b25b 1f6c72ecd8664957a2347edd69858b2e e6ed90169e6849e8835ffc7bb1967d96 - - default default] Successfully bumped revision number for resource c2461335-57a6-4877-850e-e6ecf31e0704 (type: security_group_rules) to 0
2026-04-27 02:41:15.279 10 INFO neutron.db.ovn_revision_numbers_db [None req-08c85512-c79f-4104-9e88-a7a4b483b25b 1f6c72ecd8664957a2347edd69858b2e e6ed90169e6849e8835ffc7bb1967d96 - - default default] Successfully bumped revision number for resource f987a88c-1b66-4570-b104-15cae209f90d (type: security_group_rules) to 0
2026-04-27 02:41:15.330 10 INFO neutron.wsgi [None req-08c85512-c79f-4104-9e88-a7a4b483b25b 1f6c72ecd8664957a2347edd69858b2e e6ed90169e6849e8835ffc7bb1967d96 - - default default] 10.0.0.219 "GET /v2.0/security-groups?tenant_id=1604edce37e24fd69155a731e07a6c81&name=default HTTP/1.1" status: 200 len: 3120 time: 0.6005738
2026-04-27 02:41:15.350 9 INFO neutron.wsgi [None req-8a24f568-cbe6-479b-98d6-ed092f667beb 1f6c72ecd8664957a2347edd69858b2e e6ed90169e6849e8835ffc7bb1967d96 - - default default] 10.0.0.76 "GET /v2.0/ports HTTP/1.1" status: 200 len: 7401 time: 0.0964382
2026-04-27 02:41:15.351 9 INFO neutron.db.ovn_revision_numbers_db [None req-69aa7a28-e420-4aa4-a6eb-5793cff7e4bf 1f6c72ecd8664957a2347edd69858b2e e6ed90169e6849e8835ffc7bb1967d96 - - default default] Successfully bumped revision number for resource 9d2d78b8-9113-439b-8f13-ad61e11f3bd4 (type: security_groups) to 1
2026-04-27 02:41:15.356 9 INFO neutron.wsgi [None req-2c2d9880-fcc7-4cbe-b214-c5b6b7db072d 1f6c72ecd8664957a2347edd69858b2e e6ed90169e6849e8835ffc7bb1967d96 - - default default] 10.0.0.219 "DELETE /v2.0/routers/c6b5834e-996a-482b-be3e-f4ecce3d60e6 HTTP/1.1" status: 204 len: 168 time: 1.8700492
