2026-04-27 02:40:25.842 10 INFO neutron.wsgi [None req-6e5f3dfa-844d-4909-ba2f-5e7baf3c2913 22416e6fdff84560a8a2436d9824f120 38e0481007d541beb7a1993d983332c0 - - default default] 10.0.0.219 "POST /v2.0/subnets HTTP/1.1" status: 201 len: 801 time: 1.7394948
2026-04-27 02:40:25.854 9 WARNING neutron_lib.context [None req-14abcdf5-b90e-467c-a5a9-15f5f393ea91 22416e6fdff84560a8a2436d9824f120 38e0481007d541beb7a1993d983332c0 - - default default] Method 'is_advsvc' is deprecated since 2023.2 release (neutron-lib 3.8.0) and will be removed once support for the old RBAC API policies will be removed from Neutron. Please use method 'is_service_role' instead.
2026-04-27 02:40:25.914 10 INFO neutron.db.ovn_revision_numbers_db [None req-7c0bb731-d3c6-4903-bb15-094de17c8316 - - - - - -] Successfully bumped revision number for resource 72d9e43b-8e2a-4921-a9c3-d042fab723e4 (type: router_ports) to 2
2026-04-27 02:40:26.041 10 INFO neutron.db.ovn_revision_numbers_db [None req-d5f0c185-c82f-4ae0-917a-683981924406 d9ea0af1dba2472c8846e67cb86bb4a2 3dd4cd83ad5e4d61b6856597b50c9682 - - default default] Successfully bumped revision number for resource 964eb6a8-8a7d-407b-ba7f-9272f77975d5 (type: ports) to 2
2026-04-27 02:40:26.075 10 INFO neutron.db.ovn_revision_numbers_db [None req-d5f0c185-c82f-4ae0-917a-683981924406 d9ea0af1dba2472c8846e67cb86bb4a2 3dd4cd83ad5e4d61b6856597b50c9682 - - default default] Successfully bumped revision number for resource 71d1dc82-d2d2-4435-9009-e99ac5031c0e (type: subnets) to 1
2026-04-27 02:40:26.078 10 INFO neutron.wsgi [None req-d5f0c185-c82f-4ae0-917a-683981924406 d9ea0af1dba2472c8846e67cb86bb4a2 3dd4cd83ad5e4d61b6856597b50c9682 - - default default] 10.0.0.219 "PUT /v2.0/subnets/71d1dc82-d2d2-4435-9009-e99ac5031c0e HTTP/1.1" status: 200 len: 826 time: 1.5596638
2026-04-27 02:40:26.248 9 INFO neutron.wsgi [None req-2d9ddb6e-e558-4531-b314-63c10b075666 7c8bf31d46f04a3bbe824fa6f077995c 5daaa25390a34f7d85dec2cb3b5321de - - default default] 10.0.0.219 "DELETE /v2.0/ports/0115f40c-ddcb-4509-9920-dbfc82eb86e9 HTTP/1.1" status: 204 len: 168 time: 0.6696162
2026-04-27 02:40:26.325 9 INFO neutron.wsgi [None req-e27e5c80-ee2d-437e-96fe-abe27ba6a958 7c8bf31d46f04a3bbe824fa6f077995c 5daaa25390a34f7d85dec2cb3b5321de - - default default] 10.0.0.219 "GET /v2.0/ports HTTP/1.1" status: 200 len: 1718 time: 0.0717101
2026-04-27 02:40:26.340 10 WARNING neutron_lib.context [None req-b646ca20-7e94-49ee-a127-19aecb1f37e5 7c8bf31d46f04a3bbe824fa6f077995c 5daaa25390a34f7d85dec2cb3b5321de - - default default] Method 'is_advsvc' is deprecated since 2023.2 release (neutron-lib 3.8.0) and will be removed once support for the old RBAC API policies will be removed from Neutron. Please use method 'is_service_role' instead.
2026-04-27 02:40:26.391 9 INFO neutron.wsgi [None req-bf267d5b-50e5-4d37-9093-144b7b9e59cb 42ee43e6e6914f338410c20cd6a206e7 7c606770bfa24b3c8048304c17993525 - - default default] 10.0.0.219 "PUT /v2.0/routers/376d31d6-5e83-413b-8243-3e90855fe50b/remove_router_interface HTTP/1.1" status: 200 len: 503 time: 1.1930344 /var/lib/openstack/lib/python3.10/site-packages/pycadf/identifier.py:71: UserWarning: Invalid uuid: neutron. To ensure interoperability, identifiers should be a valid uuid. warnings.warn(('Invalid uuid: %s. To ensure interoperability, '
2026-04-27 02:40:26.425 9 INFO neutron.wsgi [None req-548832ed-fafd-49ba-8886-dbeb3d328f16 42ee43e6e6914f338410c20cd6a206e7 7c606770bfa24b3c8048304c17993525 - - default default] 10.0.0.219 "GET /v2.0/ports?device_id=376d31d6-5e83-413b-8243-3e90855fe50b HTTP/1.1" status: 200 len: 205 time: 0.0295012
2026-04-27 02:40:26.564 10 INFO neutron.db.segments_db [None req-b646ca20-7e94-49ee-a127-19aecb1f37e5 7c8bf31d46f04a3bbe824fa6f077995c 5daaa25390a34f7d85dec2cb3b5321de - - default default] Added segment 057cf0ae-7d03-43ab-8e32-ba815133883f of type geneve for network ed642e84-5b9d-429d-bd3b-183dba219a23
2026-04-27 02:40:26.619 9 WARNING neutron.scheduler.dhcp_agent_scheduler [None req-14abcdf5-b90e-467c-a5a9-15f5f393ea91 22416e6fdff84560a8a2436d9824f120 38e0481007d541beb7a1993d983332c0 - - default default] No more DHCP agents
2026-04-27 02:40:26.623 9 WARNING neutron.api.rpc.agentnotifiers.dhcp_rpc_agent_api [None req-14abcdf5-b90e-467c-a5a9-15f5f393ea91 22416e6fdff84560a8a2436d9824f120 38e0481007d541beb7a1993d983332c0 - - default default] Unable to schedule network f379fb14-9e7c-43a0-81e9-52cd3d586846: no agents available; will retry on subsequent port and subnet creation events.
2026-04-27 02:40:26.815 9 INFO neutron.db.ovn_revision_numbers_db [None req-14abcdf5-b90e-467c-a5a9-15f5f393ea91 22416e6fdff84560a8a2436d9824f120 38e0481007d541beb7a1993d983332c0 - - default default] Successfully bumped revision number for resource e78d5e97-bfda-451c-980c-c328a68d416d (type: ports) to 1
2026-04-27 02:40:26.841 9 INFO neutron.wsgi [None req-14abcdf5-b90e-467c-a5a9-15f5f393ea91 22416e6fdff84560a8a2436d9824f120 38e0481007d541beb7a1993d983332c0 - - default default] 10.0.0.219 "POST /v2.0/ports HTTP/1.1" status: 201 len: 1149 time: 0.9931378 /var/lib/openstack/lib/python3.10/site-packages/pycadf/identifier.py:71: UserWarning: Invalid uuid: neutron. To ensure interoperability, identifiers should be a valid uuid. warnings.warn(('Invalid uuid: %s. To ensure interoperability, '
2026-04-27 02:40:27.003 10 INFO neutron.wsgi [None req-5a497c7f-18c2-4ade-88f8-6a7568ff47b3 42ee43e6e6914f338410c20cd6a206e7 7c606770bfa24b3c8048304c17993525 - - default default] 10.0.0.219 "DELETE /v2.0/routers/376d31d6-5e83-413b-8243-3e90855fe50b HTTP/1.1" status: 204 len: 168 time: 0.5697441
2026-04-27 02:40:27.022 10 INFO neutron.db.ovn_revision_numbers_db [None req-b646ca20-7e94-49ee-a127-19aecb1f37e5 7c8bf31d46f04a3bbe824fa6f077995c 5daaa25390a34f7d85dec2cb3b5321de - - default default] Successfully bumped revision number for resource ed642e84-5b9d-429d-bd3b-183dba219a23 (type: networks) to 1
2026-04-27 02:40:27.181 10 INFO neutron.services.segments.plugin [-] Segment aa2d4cc7-dd69-48db-83a6-abe245656edc resource provider aggregate not found
2026-04-27 02:40:27.188 10 INFO neutron.services.segments.plugin [-] Segment aa2d4cc7-dd69-48db-83a6-abe245656edc resource provider aggregate not found
2026-04-27 02:40:27.209 10 INFO neutron.services.segments.plugin [-] Segment aa2d4cc7-dd69-48db-83a6-abe245656edc resource provider not found; error: Placement Client Error (4xx): {"errors": [{"status": 404, "title": "Not Found", "detail": "The resource could not be found.\n\n No resource provider with uuid aa2d4cc7-dd69-48db-83a6-abe245656edc found for delete ", "request_id": "req-092d431b-55bc-4e9f-a3fc-ea5320562924"}]}
2026-04-27 02:40:27.228 10 INFO neutron.services.segments.plugin [-] Segment aa2d4cc7-dd69-48db-83a6-abe245656edc resource provider not found; error: Placement Client Error (4xx): {"errors": [{"status": 404, "title": "Not Found", "detail": "The resource could not be found.\n\n No resource provider with uuid aa2d4cc7-dd69-48db-83a6-abe245656edc found for delete ", "request_id": "req-177088df-9453-441d-b694-088f14778501"}]}
2026-04-27 02:40:27.240 9 INFO neutron.wsgi [None req-f4d789d0-5657-48ca-b6fd-fbe5a68d5b2e 42ee43e6e6914f338410c20cd6a206e7 7c606770bfa24b3c8048304c17993525 - - default default] 10.0.0.219 "DELETE /v2.0/subnets/aa554c54-86df-43c2-8036-0db27038f01d HTTP/1.1" status: 204 len: 168 time: 0.2328048
2026-04-27 02:40:27.277 10 INFO neutron.wsgi [None req-07ea29e4-1916-43a7-a12e-68793339457e d9ea0af1dba2472c8846e67cb86bb4a2 3dd4cd83ad5e4d61b6856597b50c9682 - - default default] 10.0.0.219 "DELETE /v2.0/networks/8837c100-147a-4042-9a99-1184db5f7cf8 HTTP/1.1" status: 204 len: 168 time: 1.1904516
2026-04-27 02:40:27.313 10 INFO neutron.pecan_wsgi.hooks.translation [None req-3ac2539f-ed2d-46f6-a1bd-3723dc11e28d d9ea0af1dba2472c8846e67cb86bb4a2 3dd4cd83ad5e4d61b6856597b50c9682 - - default default] DELETE failed (client error): The resource could not be found.
2026-04-27 02:40:27.316 10 INFO neutron.wsgi [None req-3ac2539f-ed2d-46f6-a1bd-3723dc11e28d d9ea0af1dba2472c8846e67cb86bb4a2 3dd4cd83ad5e4d61b6856597b50c9682 - - default default] 10.0.0.219 "DELETE /v2.0/networks/8837c100-147a-4042-9a99-1184db5f7cf8 HTTP/1.1" status: 404 len: 339 time: 0.0321212
2026-04-27 02:40:27.339 10 WARNING neutron.scheduler.dhcp_agent_scheduler [None req-b646ca20-7e94-49ee-a127-19aecb1f37e5 7c8bf31d46f04a3bbe824fa6f077995c 5daaa25390a34f7d85dec2cb3b5321de - - default default] No more DHCP agents
2026-04-27 02:40:27.342 10 WARNING neutron.api.rpc.agentnotifiers.dhcp_rpc_agent_api [None req-b646ca20-7e94-49ee-a127-19aecb1f37e5 7c8bf31d46f04a3bbe824fa6f077995c 5daaa25390a34f7d85dec2cb3b5321de - - default default] Unable to schedule network ed642e84-5b9d-429d-bd3b-183dba219a23: no agents available; will retry on subsequent port and subnet creation events.
2026-04-27 02:40:27.540 10 INFO neutron.db.ovn_revision_numbers_db [None req-b646ca20-7e94-49ee-a127-19aecb1f37e5 7c8bf31d46f04a3bbe824fa6f077995c 5daaa25390a34f7d85dec2cb3b5321de - - default default] Successfully bumped revision number for resource 686c907b-2211-4ec5-9992-e1e06f759102 (type: ports) to 1
2026-04-27 02:40:27.551 9 INFO neutron.wsgi [None req-8cf20ec9-fd47-49b6-9a31-853315e7f715 d9ea0af1dba2472c8846e67cb86bb4a2 3dd4cd83ad5e4d61b6856597b50c9682 - - default default] 10.0.0.219 "GET /v2.0/networks?router%3Aexternal=True HTTP/1.1" status: 200 len: 845 time: 0.2166679
2026-04-27 02:40:27.578 9 INFO neutron.wsgi [None req-3c4112ad-eed0-4a79-961e-8cb47b1a1801 22416e6fdff84560a8a2436d9824f120 38e0481007d541beb7a1993d983332c0 - - default default] 10.0.0.219 "DELETE /v2.0/ports/e78d5e97-bfda-451c-980c-c328a68d416d HTTP/1.1" status: 204 len: 168 time: 0.7297664
2026-04-27 02:40:27.581 10 INFO neutron.wsgi [None req-b646ca20-7e94-49ee-a127-19aecb1f37e5 7c8bf31d46f04a3bbe824fa6f077995c 5daaa25390a34f7d85dec2cb3b5321de - - default default] 10.0.0.219 "POST /v2.0/networks HTTP/1.1" status: 201 len: 852 time: 1.2474833
2026-04-27 02:40:27.594 9 WARNING neutron_lib.context [None req-33a2361d-8dc3-4c0b-bd50-bbcf35ac7706 7c8bf31d46f04a3bbe824fa6f077995c 5daaa25390a34f7d85dec2cb3b5321de - - default default] Method 'is_advsvc' is deprecated since 2023.2 release (neutron-lib 3.8.0) and will be removed once support for the old RBAC API policies will be removed from Neutron. Please use method 'is_service_role' instead.
2026-04-27 02:40:27.622 10 INFO neutron.wsgi [None req-bec5f104-cace-456b-b5e8-7330a214288f d9ea0af1dba2472c8846e67cb86bb4a2 3dd4cd83ad5e4d61b6856597b50c9682 - - default default] 10.0.0.219 "GET /v2.0/subnets?network_id=1afed879-a56d-40fb-a1c7-497ae1e04522 HTTP/1.1" status: 200 len: 820 time: 0.0607820
2026-04-27 02:40:27.622 9 INFO neutron.pecan_wsgi.hooks.translation [None req-f44bddfc-921d-4361-b4d0-30830ea26226 22416e6fdff84560a8a2436d9824f120 38e0481007d541beb7a1993d983332c0 - - default default] DELETE failed (client error): The resource could not be found.
2026-04-27 02:40:27.625 9 INFO neutron.wsgi [None req-f44bddfc-921d-4361-b4d0-30830ea26226 22416e6fdff84560a8a2436d9824f120 38e0481007d541beb7a1993d983332c0 - - default default] 10.0.0.219 "DELETE /v2.0/ports/e78d5e97-bfda-451c-980c-c328a68d416d HTTP/1.1" status: 404 len: 333 time: 0.0374043
2026-04-27 02:40:27.634 10 INFO neutron.wsgi [None req-707ff816-8475-45fd-8756-f9c95a79ca05 d9ea0af1dba2472c8846e67cb86bb4a2 3dd4cd83ad5e4d61b6856597b50c9682 - - default default] 10.0.0.219 "GET /v2.0/extensions HTTP/1.1" status: 200 len: 18678 time: 0.0067542
2026-04-27 02:40:27.681 9 INFO neutron.pecan_wsgi.hooks.translation [None req-81e164c2-c4f0-4ac8-a214-e0912de9870a 22416e6fdff84560a8a2436d9824f120 38e0481007d541beb7a1993d983332c0 - - default default] GET failed (client error): The resource could not be found.
2026-04-27 02:40:27.683 9 INFO neutron.wsgi [None req-81e164c2-c4f0-4ac8-a214-e0912de9870a 22416e6fdff84560a8a2436d9824f120 38e0481007d541beb7a1993d983332c0 - - default default] 10.0.0.219 "GET /v2.0/ports/e78d5e97-bfda-451c-980c-c328a68d416d HTTP/1.1" status: 404 len: 333 time: 0.0510576
2026-04-27 02:40:27.800 9 INFO neutron.wsgi [None req-709d06ca-46c6-473f-a1cf-97310cc51e2b d9ea0af1dba2472c8846e67cb86bb4a2 3dd4cd83ad5e4d61b6856597b50c9682 - - default default] 10.0.0.219 "GET /v2.0/networks HTTP/1.1" status: 200 len: 1506 time: 0.1575243
2026-04-27 02:40:27.815 9 INFO neutron.db.segments_db [None req-33a2361d-8dc3-4c0b-bd50-bbcf35ac7706 7c8bf31d46f04a3bbe824fa6f077995c 5daaa25390a34f7d85dec2cb3b5321de - - default default] Added segment 23be35ba-2217-49db-974d-c3f90e9e1d4f of type geneve for network 469dff14-cac6-45a5-8284-e68b8e082313
2026-04-27 02:40:27.923 9 INFO neutron.wsgi [None req-1f2518be-0f23-49cc-bfd6-2cf362994271 d9ea0af1dba2472c8846e67cb86bb4a2 3dd4cd83ad5e4d61b6856597b50c9682 - - default default] 10.0.0.219 "GET /v2.0/subnets HTTP/1.1" status: 200 len: 1460 time: 0.1110339
2026-04-27 02:40:28.021 10 INFO neutron.wsgi [None req-ff981615-ef53-4981-b6d1-d900c08f79d9 22416e6fdff84560a8a2436d9824f120 38e0481007d541beb7a1993d983332c0 - - default default] 10.0.0.219 "DELETE /v2.0/subnets/84eda309-5973-4452-8b95-a9a6c4e13f3c HTTP/1.1" status: 204 len: 168 time: 0.3315079
2026-04-27 02:40:28.118 9 INFO neutron.wsgi [None req-4acd5119-09a1-4169-8729-511f3c3cd144 d9ea0af1dba2472c8846e67cb86bb4a2 3dd4cd83ad5e4d61b6856597b50c9682 - - default default] 10.0.0.219 "GET /v2.0/networks/1dfa51f1-bbcb-42d3-98c4-e1e0e904b792 HTTP/1.1" status: 200 len: 865 time: 0.1878533
2026-04-27 02:40:28.162 9 INFO neutron.services.segments.plugin [-] Segment 89e50602-e4b4-48db-9f99-0bfc184d7c97 resource provider aggregate not found
2026-04-27 02:40:28.169 9 INFO neutron.services.segments.plugin [-] Segment 89e50602-e4b4-48db-9f99-0bfc184d7c97 resource provider aggregate not found
2026-04-27 02:40:28.180 10 INFO neutron.wsgi [None req-c2912d4a-2086-419f-8dbc-fdc5f96642df d9ea0af1dba2472c8846e67cb86bb4a2 3dd4cd83ad5e4d61b6856597b50c9682 - - default default] 10.0.0.219 "GET /v2.0/subnets/901b78ae-8872-4702-84d4-23688ad220c1 HTTP/1.1" status: 200 len: 843 time: 0.0539587
2026-04-27 02:40:28.203 9 INFO neutron.services.segments.plugin [-] Segment 89e50602-e4b4-48db-9f99-0bfc184d7c97 resource provider not found; error: Placement Client Error (4xx): {"errors": [{"status": 404, "title": "Not Found", "detail": "The resource could not be found.\n\n No resource provider with uuid 89e50602-e4b4-48db-9f99-0bfc184d7c97 found for delete ", "request_id": "req-c5c4c27a-5778-4c1f-ba54-98d702549909"}]}
2026-04-27 02:40:28.204 9 INFO neutron.services.segments.plugin [-] Segment 89e50602-e4b4-48db-9f99-0bfc184d7c97 resource provider not found; error: Placement Client Error (4xx): {"errors": [{"status": 404, "title": "Not Found", "detail": "The resource could not be found.\n\n No resource provider with uuid 89e50602-e4b4-48db-9f99-0bfc184d7c97 found for delete ", "request_id": "req-8995dd73-22e0-47a6-8c6e-4a36c493fcd9"}]}
2026-04-27 02:40:28.209 10 INFO neutron.pecan_wsgi.hooks.translation [None req-cc680240-5002-4a7a-bec6-ba61a289b6bd d9ea0af1dba2472c8846e67cb86bb4a2 3dd4cd83ad5e4d61b6856597b50c9682 - - default default] DELETE failed (client error): The resource could not be found.
2026-04-27 02:40:28.212 10 INFO neutron.wsgi [None req-cc680240-5002-4a7a-bec6-ba61a289b6bd d9ea0af1dba2472c8846e67cb86bb4a2 3dd4cd83ad5e4d61b6856597b50c9682 - - default default] 10.0.0.219 "DELETE /v2.0/subnets/71d1dc82-d2d2-4435-9009-e99ac5031c0e HTTP/1.1" status: 404 len: 337 time: 0.0222163
2026-04-27 02:40:28.234 9 INFO neutron.db.ovn_revision_numbers_db [None req-33a2361d-8dc3-4c0b-bd50-bbcf35ac7706 7c8bf31d46f04a3bbe824fa6f077995c 5daaa25390a34f7d85dec2cb3b5321de - - default default] Successfully bumped revision number for resource 469dff14-cac6-45a5-8284-e68b8e082313 (type: networks) to 1
2026-04-27 02:40:28.243 9 INFO neutron.wsgi [None req-346aa5fe-976d-4019-990c-e5ca6cef4d6f 42ee43e6e6914f338410c20cd6a206e7 7c606770bfa24b3c8048304c17993525 - - default default] 10.0.0.219 "DELETE /v2.0/networks/2ed8a3a4-90d7-4d90-8813-e0c4366b4e46 HTTP/1.1" status: 204 len: 168 time: 0.9924808
2026-04-27 02:40:28.243 10 INFO neutron.pecan_wsgi.hooks.translation [None req-25b05b1a-c8dd-4a5e-a72e-994bfc737eae d9ea0af1dba2472c8846e67cb86bb4a2 3dd4cd83ad5e4d61b6856597b50c9682 - - default default] DELETE failed (client error): The resource could not be found.
2026-04-27 02:40:28.246 10 INFO neutron.wsgi [None req-25b05b1a-c8dd-4a5e-a72e-994bfc737eae d9ea0af1dba2472c8846e67cb86bb4a2 3dd4cd83ad5e4d61b6856597b50c9682 - - default default] 10.0.0.219 "DELETE /v2.0/networks/8837c100-147a-4042-9a99-1184db5f7cf8 HTTP/1.1" status: 404 len: 339 time: 0.0275202
2026-04-27 02:40:28.263 10 WARNING neutron_lib.context [None req-6646ee88-3fa0-4222-a63a-595fad95b472 42ee43e6e6914f338410c20cd6a206e7 7c606770bfa24b3c8048304c17993525 - - default default] Method 'is_advsvc' is deprecated since 2023.2 release (neutron-lib 3.8.0) and will be removed once support for the old RBAC API policies will be removed from Neutron. Please use method 'is_service_role' instead.
2026-04-27 02:40:28.426 9 WARNING neutron.scheduler.dhcp_agent_scheduler [None req-33a2361d-8dc3-4c0b-bd50-bbcf35ac7706 7c8bf31d46f04a3bbe824fa6f077995c 5daaa25390a34f7d85dec2cb3b5321de - - default default] No more DHCP agents
2026-04-27 02:40:28.427 9 WARNING neutron.api.rpc.agentnotifiers.dhcp_rpc_agent_api [None req-33a2361d-8dc3-4c0b-bd50-bbcf35ac7706 7c8bf31d46f04a3bbe824fa6f077995c 5daaa25390a34f7d85dec2cb3b5321de - - default default] Unable to schedule network 469dff14-cac6-45a5-8284-e68b8e082313: no agents available; will retry on subsequent port and subnet creation events.
2026-04-27 02:40:28.512 9 INFO neutron.db.ovn_revision_numbers_db [None req-33a2361d-8dc3-4c0b-bd50-bbcf35ac7706 7c8bf31d46f04a3bbe824fa6f077995c 5daaa25390a34f7d85dec2cb3b5321de - - default default] Successfully bumped revision number for resource 41576fb5-f5e5-4e9a-a255-785b2b85ad0f (type: ports) to 1
2026-04-27 02:40:28.542 9 INFO neutron.wsgi [None req-33a2361d-8dc3-4c0b-bd50-bbcf35ac7706 7c8bf31d46f04a3bbe824fa6f077995c 5daaa25390a34f7d85dec2cb3b5321de - - default default] 10.0.0.219 "POST /v2.0/networks HTTP/1.1" status: 201 len: 852 time: 0.9533730
2026-04-27 02:40:28.664 10 INFO neutron.wsgi [None req-70640c6d-e98a-4ea6-aaaa-e0f50744e575 d9ea0af1dba2472c8846e67cb86bb4a2 3dd4cd83ad5e4d61b6856597b50c9682 - - default default] 10.0.0.219 "DELETE /v2.0/subnets/901b78ae-8872-4702-84d4-23688ad220c1 HTTP/1.1" status: 204 len: 168 time: 0.4088457
2026-04-27 02:40:29.045 10 WARNING neutron_lib.context [None req-62af36e0-e864-4b6b-a8b4-105f0116dff4 7c8bf31d46f04a3bbe824fa6f077995c 5daaa25390a34f7d85dec2cb3b5321de - - default default] Method 'is_advsvc' is deprecated since 2023.2 release (neutron-lib 3.8.0) and will be removed once support for the old RBAC API policies will be removed from Neutron. Please use method 'is_service_role' instead.
2026-04-27 02:40:29.068 10 INFO neutron.wsgi [None req-5b6c6f12-c891-4186-8f8e-0bd98a3cf071 22416e6fdff84560a8a2436d9824f120 38e0481007d541beb7a1993d983332c0 - - default default] 10.0.0.219 "DELETE /v2.0/networks/f379fb14-9e7c-43a0-81e9-52cd3d586846 HTTP/1.1" status: 204 len: 168 time: 1.0405664
2026-04-27 02:40:29.081 9 WARNING neutron_lib.context [None req-7cfd4e3a-4af8-4926-96bc-4320475a73cd 22416e6fdff84560a8a2436d9824f120 38e0481007d541beb7a1993d983332c0 - - default default] Method 'is_advsvc' is deprecated since 2023.2 release (neutron-lib 3.8.0) and will be removed once support for the old RBAC API policies will be removed from Neutron. Please use method 'is_service_role' instead.
2026-04-27 02:40:29.111 10 WARNING neutron_lib.context [None req-62af36e0-e864-4b6b-a8b4-105f0116dff4 7c8bf31d46f04a3bbe824fa6f077995c 5daaa25390a34f7d85dec2cb3b5321de - - default default] Method 'is_advsvc' is deprecated since 2023.2 release (neutron-lib 3.8.0) and will be removed once support for the old RBAC API policies will be removed from Neutron. Please use method 'is_service_role' instead.
2026-04-27 02:40:29.131 9 INFO neutron.wsgi [None req-bd09324f-3a51-4992-a5b1-4ca5e83da02c d9ea0af1dba2472c8846e67cb86bb4a2 3dd4cd83ad5e4d61b6856597b50c9682 - - default default] 10.0.0.219 "DELETE /v2.0/networks/1dfa51f1-bbcb-42d3-98c4-e1e0e904b792 HTTP/1.1" status: 204 len: 168 time: 0.4545889
2026-04-27 02:40:29.191 9 INFO neutron.db.segments_db [None req-7cfd4e3a-4af8-4926-96bc-4320475a73cd 22416e6fdff84560a8a2436d9824f120 38e0481007d541beb7a1993d983332c0 - - default default] Added segment 3891793e-7b43-4f57-a4a4-81715399dded of type geneve for network 0624d20d-3551-4929-a681-c0025a1ff2f3
2026-04-27 02:40:29.233 10 INFO neutron.services.segments.plugin [-] Segment 54104402-c691-4515-887a-c4d479421ae1 resource provider aggregate not found
2026-04-27 02:40:29.248 10 INFO neutron.services.segments.plugin [-] Segment 54104402-c691-4515-887a-c4d479421ae1 resource provider not found; error: Placement Client Error (4xx): {"errors": [{"status": 404, "title": "Not Found", "detail": "The resource could not be found.\n\n No resource provider with uuid 54104402-c691-4515-887a-c4d479421ae1 found for delete ", "request_id": "req-62a67e2a-dd7c-468c-8396-ba1b8bba507a"}]}
2026-04-27 02:40:29.250 10 INFO neutron.services.segments.plugin [-] Segment 54104402-c691-4515-887a-c4d479421ae1 resource provider aggregate not found
2026-04-27 02:40:29.283 10 INFO neutron.services.segments.plugin [-] Segment 54104402-c691-4515-887a-c4d479421ae1 resource provider not found; error: Placement Client Error (4xx): {"errors": [{"status": 404, "title": "Not Found", "detail": "The resource could not be found.\n\n No resource provider with uuid 54104402-c691-4515-887a-c4d479421ae1 found for delete ", "request_id": "req-ee99fd26-a35b-4351-97a7-e06298ff182c"}]}
2026-04-27 02:40:29.339 10 WARNING neutron.scheduler.dhcp_agent_scheduler [None req-6646ee88-3fa0-4222-a63a-595fad95b472 42ee43e6e6914f338410c20cd6a206e7 7c606770bfa24b3c8048304c17993525 - - default default] No more DHCP agents
2026-04-27 02:40:29.342 10 WARNING neutron.api.rpc.agentnotifiers.dhcp_rpc_agent_api [None req-6646ee88-3fa0-4222-a63a-595fad95b472 42ee43e6e6914f338410c20cd6a206e7 7c606770bfa24b3c8048304c17993525 - - default default] Unable to schedule network 1afed879-a56d-40fb-a1c7-497ae1e04522: no agents available; will retry on subsequent port and subnet creation events.
2026-04-27 02:40:29.374 9 INFO neutron.db.ovn_revision_numbers_db [None req-7cfd4e3a-4af8-4926-96bc-4320475a73cd 22416e6fdff84560a8a2436d9824f120 38e0481007d541beb7a1993d983332c0 - - default default] Successfully bumped revision number for resource 0624d20d-3551-4929-a681-c0025a1ff2f3 (type: networks) to 1
2026-04-27 02:40:29.571 10 INFO neutron.db.ovn_revision_numbers_db [None req-6646ee88-3fa0-4222-a63a-595fad95b472 42ee43e6e6914f338410c20cd6a206e7 7c606770bfa24b3c8048304c17993525 - - default default] Successfully bumped revision number for resource 04ad44d5-bb71-44ab-b8b7-2f114ee2f22b (type: ports) to 1
2026-04-27 02:40:29.592 9 WARNING neutron.scheduler.dhcp_agent_scheduler [None req-7cfd4e3a-4af8-4926-96bc-4320475a73cd 22416e6fdff84560a8a2436d9824f120 38e0481007d541beb7a1993d983332c0 - - default default] No more DHCP agents
2026-04-27 02:40:29.595 9 WARNING neutron.api.rpc.agentnotifiers.dhcp_rpc_agent_api [None req-7cfd4e3a-4af8-4926-96bc-4320475a73cd 22416e6fdff84560a8a2436d9824f120 38e0481007d541beb7a1993d983332c0 - - default default] Unable to schedule network 0624d20d-3551-4929-a681-c0025a1ff2f3: no agents available; will retry on subsequent port and subnet creation events.
2026-04-27 02:40:29.683 9 INFO neutron.db.ovn_revision_numbers_db [None req-7cfd4e3a-4af8-4926-96bc-4320475a73cd 22416e6fdff84560a8a2436d9824f120 38e0481007d541beb7a1993d983332c0 - - default default] Successfully bumped revision number for resource d0164aea-7f88-4e23-a9d8-b71e0be030e7 (type: ports) to 1
2026-04-27 02:40:29.707 10 WARNING neutron.scheduler.dhcp_agent_scheduler [None req-62af36e0-e864-4b6b-a8b4-105f0116dff4 7c8bf31d46f04a3bbe824fa6f077995c 5daaa25390a34f7d85dec2cb3b5321de - - default default] No more DHCP agents
2026-04-27 02:40:29.711 10 WARNING neutron.api.rpc.agentnotifiers.dhcp_rpc_agent_api [None req-62af36e0-e864-4b6b-a8b4-105f0116dff4 7c8bf31d46f04a3bbe824fa6f077995c 5daaa25390a34f7d85dec2cb3b5321de - - default default] Unable to schedule network ed642e84-5b9d-429d-bd3b-183dba219a23: no agents available; will retry on subsequent port and subnet creation events.
2026-04-27 02:40:29.715 9 INFO neutron.wsgi [None req-7cfd4e3a-4af8-4926-96bc-4320475a73cd 22416e6fdff84560a8a2436d9824f120 38e0481007d541beb7a1993d983332c0 - - default default] 10.0.0.219 "POST /v2.0/networks HTTP/1.1" status: 201 len: 830 time: 0.6389909
2026-04-27 02:40:29.727 9 WARNING neutron_lib.context [None req-85bbeb73-13ad-4e38-a18a-41c0a78b0e94 22416e6fdff84560a8a2436d9824f120 38e0481007d541beb7a1993d983332c0 - - default default] Method 'is_advsvc' is deprecated since 2023.2 release (neutron-lib 3.8.0) and will be removed once support for the old RBAC API policies will be removed from Neutron. Please use method 'is_service_role' instead.
2026-04-27 02:40:29.756 10 INFO neutron.db.ovn_revision_numbers_db [None req-62af36e0-e864-4b6b-a8b4-105f0116dff4 7c8bf31d46f04a3bbe824fa6f077995c 5daaa25390a34f7d85dec2cb3b5321de - - default default] Successfully bumped revision number for resource 1eee2ce5-2a6f-495f-b0b6-e8dbb62dfd9e (type: subnets) to 0
2026-04-27 02:40:29.792 10 WARNING neutron.scheduler.dhcp_agent_scheduler [None req-62af36e0-e864-4b6b-a8b4-105f0116dff4 7c8bf31d46f04a3bbe824fa6f077995c 5daaa25390a34f7d85dec2cb3b5321de - - default default] No more DHCP agents
2026-04-27 02:40:29.795 10 WARNING neutron.api.rpc.agentnotifiers.dhcp_rpc_agent_api [None req-62af36e0-e864-4b6b-a8b4-105f0116dff4 7c8bf31d46f04a3bbe824fa6f077995c 5daaa25390a34f7d85dec2cb3b5321de - - default default] Unable to schedule network 469dff14-cac6-45a5-8284-e68b8e082313: no agents available; will retry on subsequent port and subnet creation events.
2026-04-27 02:40:29.836 10 INFO neutron.db.ovn_revision_numbers_db [None req-62af36e0-e864-4b6b-a8b4-105f0116dff4 7c8bf31d46f04a3bbe824fa6f077995c 5daaa25390a34f7d85dec2cb3b5321de - - default default] Successfully bumped revision number for resource bc51d5a0-f7dc-4dad-9a35-77722e7b8711 (type: subnets) to 0
2026-04-27 02:40:29.862 10 INFO neutron.wsgi [None req-62af36e0-e864-4b6b-a8b4-105f0116dff4 7c8bf31d46f04a3bbe824fa6f077995c 5daaa25390a34f7d85dec2cb3b5321de - - default default] 10.0.0.219 "POST /v2.0/subnets HTTP/1.1" status: 201 len: 1476 time: 0.8227789
2026-04-27 02:40:29.929 10 INFO neutron.wsgi [None req-bce9d3d6-5add-4560-9c87-5c45b0844917 7c8bf31d46f04a3bbe824fa6f077995c 5daaa25390a34f7d85dec2cb3b5321de - - default default] 10.0.0.219 "GET /v2.0/subnets HTTP/1.1" status: 200 len: 2084 time: 0.0602643
2026-04-27 02:40:30.160 9 INFO neutron.wsgi [None req-20393125-35dd-47e0-80b1-e4b8408780c0 1f6c72ecd8664957a2347edd69858b2e e6ed90169e6849e8835ffc7bb1967d96 - - default default] 10.0.0.219 "GET /v2.0/security-groups?tenant_id=3dd4cd83ad5e4d61b6856597b50c9682&name=default HTTP/1.1" status: 200 len: 3120 time: 0.4560564
2026-04-27 02:40:30.173 10 INFO neutron.wsgi [None req-5c3240cb-c13c-4e9b-9475-cd612b8ab554 7c8bf31d46f04a3bbe824fa6f077995c 5daaa25390a34f7d85dec2cb3b5321de - - default default] 10.0.0.219 "DELETE /v2.0/subnets/1eee2ce5-2a6f-495f-b0b6-e8dbb62dfd9e HTTP/1.1" status: 204 len: 168 time: 0.2260113
2026-04-27 02:40:30.233 9 INFO neutron.services.segments.plugin [-] Segment b67b37ed-33c8-4013-9b46-b6cd191f7f25 resource provider aggregate not found
2026-04-27 02:40:30.236 9 INFO neutron.services.segments.plugin [-] Segment b67b37ed-33c8-4013-9b46-b6cd191f7f25 resource provider aggregate not found
2026-04-27 02:40:30.265 9 INFO neutron.services.segments.plugin [-] Segment b67b37ed-33c8-4013-9b46-b6cd191f7f25 resource provider not found; error: Placement Client Error (4xx): {"errors": [{"status": 404, "title": "Not Found", "detail": "The resource could not be found.\n\n No resource provider with uuid b67b37ed-33c8-4013-9b46-b6cd191f7f25 found for delete ", "request_id": "req-39efe1e7-e95a-4bd7-a369-735cc40a951f"}]}
2026-04-27 02:40:30.283 9 INFO neutron.services.segments.plugin [-] Segment b67b37ed-33c8-4013-9b46-b6cd191f7f25 resource provider not found; error: Placement Client Error (4xx): {"errors": [{"status": 404, "title": "Not Found", "detail": "The resource could not be found.\n\n No resource provider with uuid b67b37ed-33c8-4013-9b46-b6cd191f7f25 found for delete ", "request_id": "req-d38cf75d-724b-44ad-b50a-dbaf576c1610"}]}
2026-04-27 02:40:30.342 9 WARNING neutron.scheduler.dhcp_agent_scheduler [None req-85bbeb73-13ad-4e38-a18a-41c0a78b0e94 22416e6fdff84560a8a2436d9824f120 38e0481007d541beb7a1993d983332c0 - - default default] No more DHCP agents
2026-04-27 02:40:30.346 9 WARNING neutron.api.rpc.agentnotifiers.dhcp_rpc_agent_api [None req-85bbeb73-13ad-4e38-a18a-41c0a78b0e94 22416e6fdff84560a8a2436d9824f120 38e0481007d541beb7a1993d983332c0 - - default default] Unable to schedule network 0624d20d-3551-4929-a681-c0025a1ff2f3: no agents available; will retry on subsequent port and subnet creation events.
2026-04-27 02:40:30.453 9 INFO neutron.wsgi [None req-2ecbb49f-506d-453b-8c15-4138a466889f 7c8bf31d46f04a3bbe824fa6f077995c 5daaa25390a34f7d85dec2cb3b5321de - - default default] 10.0.0.219 "DELETE /v2.0/subnets/bc51d5a0-f7dc-4dad-9a35-77722e7b8711 HTTP/1.1" status: 204 len: 168 time: 0.2744260
2026-04-27 02:40:30.514 9 INFO neutron.wsgi [None req-230b5cb8-7461-4b6a-bf01-e43cfa3cdffd 7c8bf31d46f04a3bbe824fa6f077995c 5daaa25390a34f7d85dec2cb3b5321de - - default default] 10.0.0.219 "GET /v2.0/subnets HTTP/1.1" status: 200 len: 820 time: 0.0472889
2026-04-27 02:40:30.633 10 INFO neutron.plugins.ml2.drivers.ovn.mech_driver.ovsdb.commands [None req-b6edbee0-7fa2-4325-b6a7-917c29b69ddf - - - - - -] Schedule LRP lrp-04ad44d5-bb71-44ab-b8b7-2f114ee2f22b on gateway ae5217f7-6578-4aeb-b314-a1b8b051c6b6 with priority 1
2026-04-27 02:40:30.671 10 INFO neutron.db.ovn_revision_numbers_db [None req-6646ee88-3fa0-4222-a63a-595fad95b472 42ee43e6e6914f338410c20cd6a206e7 7c606770bfa24b3c8048304c17993525 - - default default] Successfully bumped revision number for resource 04ad44d5-bb71-44ab-b8b7-2f114ee2f22b (type: router_ports) to 1
2026-04-27 02:40:30.693 10 INFO neutron.wsgi [None req-f00646d4-5f76-4a3a-a2a9-91eae2673168 1f6c72ecd8664957a2347edd69858b2e e6ed90169e6849e8835ffc7bb1967d96 - - default default] 10.0.0.219 "DELETE /v2.0/security-groups/8e29686c-7a8d-489e-9a2f-e0bdd5f1adc1 HTTP/1.1" status: 204 len: 168 time: 0.5242746
2026-04-27 02:40:30.754 10 INFO neutron.db.ovn_revision_numbers_db [None req-6646ee88-3fa0-4222-a63a-595fad95b472 42ee43e6e6914f338410c20cd6a206e7 7c606770bfa24b3c8048304c17993525 - - default default] Successfully bumped revision number for resource 373a1bee-bb4a-450b-8c14-0e68318ae67a (type: routers) to 2
2026-04-27 02:40:30.776 10 INFO neutron.wsgi [None req-6646ee88-3fa0-4222-a63a-595fad95b472 42ee43e6e6914f338410c20cd6a206e7 7c606770bfa24b3c8048304c17993525 - - default default] 10.0.0.219 "POST /v2.0/routers HTTP/1.1" status: 201 len: 1151 time: 2.5218956
2026-04-27 02:40:30.879 10 INFO neutron.wsgi [None req-b5759fae-8a10-45af-b5ae-048749ff0b8b 42ee43e6e6914f338410c20cd6a206e7 7c606770bfa24b3c8048304c17993525 - - default default] 10.0.0.219 "GET /v2.0/routers/373a1bee-bb4a-450b-8c14-0e68318ae67a HTTP/1.1" status: 200 len: 1152 time: 0.0859473
2026-04-27 02:40:30.947 10 WARNING neutron.plugins.ml2.drivers.ovn.mech_driver.ovsdb.ovn_client [None req-7c0bb731-d3c6-4903-bb15-094de17c8316 - - - - - -] No port found with ID 72d9e43b-8e2a-4921-a9c3-d042fab723e4: RuntimeError: No port found with ID 72d9e43b-8e2a-4921-a9c3-d042fab723e4
2026-04-27 02:40:30.947 10 INFO neutron.plugins.ml2.drivers.ovn.mech_driver.mech_driver [None req-7c0bb731-d3c6-4903-bb15-094de17c8316 - - - - - -] OVN reports status up for port: 04ad44d5-bb71-44ab-b8b7-2f114ee2f22b
2026-04-27 02:40:30.962 10 INFO neutron.plugins.ml2.plugin [None req-7c0bb731-d3c6-4903-bb15-094de17c8316 - - - - - -] Attempt 1 to provision port 04ad44d5-bb71-44ab-b8b7-2f114ee2f22b
2026-04-27 02:40:31.076 10 INFO neutron.wsgi [None req-52530d7b-8400-4269-8586-ea9b7518dbb2 42ee43e6e6914f338410c20cd6a206e7 7c606770bfa24b3c8048304c17993525 - - default default] 10.0.0.219 "GET /v2.0/routers HTTP/1.1" status: 200 len: 1155 time: 0.1862428
2026-04-27 02:40:31.110 9 INFO neutron.db.ovn_revision_numbers_db [None req-85bbeb73-13ad-4e38-a18a-41c0a78b0e94 22416e6fdff84560a8a2436d9824f120 38e0481007d541beb7a1993d983332c0 - - default default] Successfully bumped revision number for resource d0164aea-7f88-4e23-a9d8-b71e0be030e7 (type: ports) to 2
2026-04-27 02:40:31.120 9 INFO neutron.wsgi [None req-84745a38-07ff-4a12-938c-02ca1742ec0a 7c8bf31d46f04a3bbe824fa6f077995c 5daaa25390a34f7d85dec2cb3b5321de - - default default] 10.0.0.219 "DELETE /v2.0/networks/469dff14-cac6-45a5-8284-e68b8e082313 HTTP/1.1" status: 204 len: 168 time: 0.5969222
2026-04-27 02:40:31.156 9 INFO neutron.db.ovn_revision_numbers_db [None req-85bbeb73-13ad-4e38-a18a-41c0a78b0e94 22416e6fdff84560a8a2436d9824f120 38e0481007d541beb7a1993d983332c0 - - default default] Successfully bumped revision number for resource 01d244f7-7cde-486e-a35e-83a2731ccb09 (type: subnets) to 0
2026-04-27 02:40:31.178 9 INFO neutron.wsgi [None req-85bbeb73-13ad-4e38-a18a-41c0a78b0e94 22416e6fdff84560a8a2436d9824f120 38e0481007d541beb7a1993d983332c0 - - default default] 10.0.0.219 "POST /v2.0/subnets HTTP/1.1" status: 201 len: 801 time: 1.4557059
2026-04-27 02:40:31.196 9 WARNING neutron_lib.context [None req-77fa3835-f22a-425c-9586-bb45abf639f9 22416e6fdff84560a8a2436d9824f120 38e0481007d541beb7a1993d983332c0 - - default default] Method 'is_advsvc' is deprecated since 2023.2 release (neutron-lib 3.8.0) and will be removed once support for the old RBAC API policies will be removed from Neutron. Please use method 'is_service_role' instead.
2026-04-27 02:40:31.535 9 WARNING neutron.scheduler.dhcp_agent_scheduler [None req-77fa3835-f22a-425c-9586-bb45abf639f9 22416e6fdff84560a8a2436d9824f120 38e0481007d541beb7a1993d983332c0 - - default default] No more DHCP agents
2026-04-27 02:40:31.538 9 WARNING neutron.api.rpc.agentnotifiers.dhcp_rpc_agent_api [None req-77fa3835-f22a-425c-9586-bb45abf639f9 22416e6fdff84560a8a2436d9824f120 38e0481007d541beb7a1993d983332c0 - - default default] Unable to schedule network 0624d20d-3551-4929-a681-c0025a1ff2f3: no agents available; will retry on subsequent port and subnet creation events.
2026-04-27 02:40:31.707 10 INFO neutron.services.segments.plugin [-] Segment 057cf0ae-7d03-43ab-8e32-ba815133883f resource provider aggregate not found
2026-04-27 02:40:31.710 10 INFO neutron.services.segments.plugin [-] Segment 057cf0ae-7d03-43ab-8e32-ba815133883f resource provider aggregate not found
2026-04-27 02:40:31.726 9 INFO neutron.db.ovn_revision_numbers_db [None req-77fa3835-f22a-425c-9586-bb45abf639f9 22416e6fdff84560a8a2436d9824f120 38e0481007d541beb7a1993d983332c0 - - default default] Successfully bumped revision number for resource ae7d37d8-7ec7-4320-875b-8fd4683b2f15 (type: ports) to 1
2026-04-27 02:40:31.727 10 INFO neutron.services.segments.plugin [-] Segment 057cf0ae-7d03-43ab-8e32-ba815133883f resource provider not found; error: Placement Client Error (4xx): {"errors": [{"status": 404, "title": "Not Found", "detail": "The resource could not be found.\n\n No resource provider with uuid 057cf0ae-7d03-43ab-8e32-ba815133883f found for delete ", "request_id": "req-72983375-1f0c-44cf-b937-80f49c73c523"}]}
2026-04-27 02:40:31.731 10 INFO neutron.services.segments.plugin [-] Segment 057cf0ae-7d03-43ab-8e32-ba815133883f resource provider not found; error: Placement Client Error (4xx): {"errors": [{"status": 404, "title": "Not Found", "detail": "The resource could not be found.\n\n No resource provider with uuid 057cf0ae-7d03-43ab-8e32-ba815133883f found for delete ", "request_id": "req-acfbff46-be3c-4aaf-bc2b-101921068f9d"}]}
2026-04-27 02:40:31.754 9 INFO neutron.wsgi [None req-77fa3835-f22a-425c-9586-bb45abf639f9 22416e6fdff84560a8a2436d9824f120 38e0481007d541beb7a1993d983332c0 - - default default] 10.0.0.219 "POST /v2.0/ports HTTP/1.1" status: 201 len: 1114 time: 0.5658071
2026-04-27 02:40:31.756 10 INFO neutron.wsgi [None req-bfa1578e-ef24-416d-b1c1-2cc5bef25775 7c8bf31d46f04a3bbe824fa6f077995c 5daaa25390a34f7d85dec2cb3b5321de - - default default] 10.0.0.219 "DELETE /v2.0/networks/ed642e84-5b9d-429d-bd3b-183dba219a23 HTTP/1.1" status: 204 len: 168 time: 0.6290205
2026-04-27 02:40:31.757 10 INFO neutron.db.ovn_revision_numbers_db [None req-ccc81348-cfcb-4804-96e6-5f32e8af3d2a 42ee43e6e6914f338410c20cd6a206e7 7c606770bfa24b3c8048304c17993525 - - default default] Successfully bumped revision number for resource 373a1bee-bb4a-450b-8c14-0e68318ae67a (type: routers) to 3
2026-04-27 02:40:31.768 10 INFO neutron.wsgi [None req-ccc81348-cfcb-4804-96e6-5f32e8af3d2a 42ee43e6e6914f338410c20cd6a206e7 7c606770bfa24b3c8048304c17993525 - - default default] 10.0.0.219 "PUT /v2.0/routers/373a1bee-bb4a-450b-8c14-0e68318ae67a HTTP/1.1" status: 200 len: 1159 time: 0.6824925
2026-04-27 02:40:31.859 10 INFO neutron.wsgi [None req-8502a209-c370-47df-a8a8-2d036a14a451 42ee43e6e6914f338410c20cd6a206e7 7c606770bfa24b3c8048304c17993525 - - default default] 10.0.0.219 "GET /v2.0/routers/373a1bee-bb4a-450b-8c14-0e68318ae67a HTTP/1.1" status: 200 len: 1159 time: 0.0854938
2026-04-27 02:40:31.884 10 INFO neutron.wsgi [None req-cc224cf0-dadb-47fb-9bb4-7095cb6b3494 42ee43e6e6914f338410c20cd6a206e7 7c606770bfa24b3c8048304c17993525 - - default default] 10.0.0.219 "GET /v2.0/ports?device_id=373a1bee-bb4a-450b-8c14-0e68318ae67a HTTP/1.1" status: 200 len: 205 time: 0.0208011
2026-04-27 02:40:32.249 9 INFO neutron.wsgi [None req-0ecc9b70-f3dc-4e6d-a0f8-40bd7f24787e 22416e6fdff84560a8a2436d9824f120 38e0481007d541beb7a1993d983332c0 - - default default] 10.0.0.219 "DELETE /v2.0/ports/ae7d37d8-7ec7-4320-875b-8fd4683b2f15 HTTP/1.1" status: 204 len: 168 time: 0.4895663
2026-04-27 02:40:32.290 9 INFO neutron.services.segments.plugin [-] Segment 23be35ba-2217-49db-974d-c3f90e9e1d4f resource provider aggregate not found
2026-04-27 02:40:32.294 9 INFO neutron.pecan_wsgi.hooks.translation [None req-426095d2-28ca-426d-a79d-7e5901a16231 22416e6fdff84560a8a2436d9824f120 38e0481007d541beb7a1993d983332c0 - - default default] GET failed (client error): The resource could not be found.
2026-04-27 02:40:32.296 9 INFO neutron.wsgi [None req-426095d2-28ca-426d-a79d-7e5901a16231 22416e6fdff84560a8a2436d9824f120 38e0481007d541beb7a1993d983332c0 - - default default] 10.0.0.219 "GET /v2.0/ports/ae7d37d8-7ec7-4320-875b-8fd4683b2f15 HTTP/1.1" status: 404 len: 333 time: 0.0355630
2026-04-27 02:40:32.302 9 INFO neutron.services.segments.plugin [-] Segment 23be35ba-2217-49db-974d-c3f90e9e1d4f resource provider aggregate not found
2026-04-27 02:40:32.308 9 INFO neutron.services.segments.plugin [-] Segment 23be35ba-2217-49db-974d-c3f90e9e1d4f resource provider not found; error: Placement Client Error (4xx): {"errors": [{"status": 404, "title": "Not Found", "detail": "The resource could not be found.\n\n No resource provider with uuid 23be35ba-2217-49db-974d-c3f90e9e1d4f found for delete ", "request_id": "req-a1ff5add-8a37-4692-90e9-503628ef7d1f"}]}
2026-04-27 02:40:32.315 9 INFO neutron.services.segments.plugin [-] Segment 23be35ba-2217-49db-974d-c3f90e9e1d4f resource provider not found; error: Placement Client Error (4xx): {"errors": [{"status": 404, "title": "Not Found", "detail": "The resource could not be found.\n\n No resource provider with uuid 23be35ba-2217-49db-974d-c3f90e9e1d4f found for delete ", "request_id": "req-0c98b28b-d467-49cb-b08f-185bb9ae778f"}]}
2026-04-27 02:40:32.321 9 INFO neutron.services.segments.plugin [-] Segment 2f197b09-6889-4f24-b8d5-b0d7e130770d resource provider aggregate not found
2026-04-27 02:40:32.331 9 INFO neutron.wsgi [None req-637a959d-647f-4404-9ed3-7ee6753402b6 7c8bf31d46f04a3bbe824fa6f077995c 5daaa25390a34f7d85dec2cb3b5321de - - default default] 10.0.0.219 "DELETE /v2.0/networks/3b690623-146a-42d3-9117-95f5f787d9b3 HTTP/1.1" status: 204 len: 168 time: 0.5704205
2026-04-27 02:40:32.332 9 INFO neutron.services.segments.plugin [-] Segment 2f197b09-6889-4f24-b8d5-b0d7e130770d resource provider aggregate not found
2026-04-27 02:40:32.338 9 INFO neutron.services.segments.plugin [-] Segment 2f197b09-6889-4f24-b8d5-b0d7e130770d resource provider not found; error: Placement Client Error (4xx): {"errors": [{"status": 404, "title": "Not Found", "detail": "The resource could not be found.\n\n No resource provider with uuid 2f197b09-6889-4f24-b8d5-b0d7e130770d found for delete ", "request_id": "req-924d0013-54c7-4a62-8b57-3c260aa8ca03"}]}
2026-04-27 02:40:32.348 9 INFO neutron.services.segments.plugin [-] Segment 2f197b09-6889-4f24-b8d5-b0d7e130770d resource provider not found; error: Placement Client Error (4xx): {"errors": [{"status": 404, "title": "Not Found", "detail": "The resource could not be found.\n\n No resource provider with uuid 2f197b09-6889-4f24-b8d5-b0d7e130770d found for delete ", "request_id": "req-0f50d34b-ff86-4f87-8ddb-05973d0b9bbc"}]}
2026-04-27 02:40:32.590 10 INFO neutron.wsgi [None req-0aebc068-d2b5-4e33-90dd-dc73d8edbb72 22416e6fdff84560a8a2436d9824f120 38e0481007d541beb7a1993d983332c0 - - default default] 10.0.0.219 "DELETE /v2.0/subnets/01d244f7-7cde-486e-a35e-83a2731ccb09 HTTP/1.1" status: 204 len: 168 time: 0.2835689
2026-04-27 02:40:32.646 9 WARNING neutron_lib.context [None req-ced50379-a7d4-4dc7-94fb-e18e81b23b79 5af93f269091400eb917fed2526f5a30 9f951c4dc71f4f819c37710005d2e13a - - default default] Method 'is_advsvc' is deprecated since 2023.2 release (neutron-lib 3.8.0) and will be removed once support for the old RBAC API policies will be removed from Neutron. Please use method 'is_service_role' instead.
2026-04-27 02:40:32.814 9 INFO neutron.wsgi [None req-5b79376b-efd4-4c69-a72b-d5567eec0e7a 7c8bf31d46f04a3bbe824fa6f077995c 5daaa25390a34f7d85dec2cb3b5321de - - default default] 10.0.0.219 "DELETE /v2.0/networks/02660e86-b7b4-48de-9482-79293f07f81a HTTP/1.1" status: 204 len: 168 time: 0.4774864
2026-04-27 02:40:32.912 9 INFO neutron.db.ovn_revision_numbers_db [None req-ced50379-a7d4-4dc7-94fb-e18e81b23b79 5af93f269091400eb917fed2526f5a30 9f951c4dc71f4f819c37710005d2e13a - - default default] Successfully bumped revision number for resource d1e6bd25-2664-4e80-bb1e-f1844e1fdc2f (type: security_groups) to 1
2026-04-27 02:40:32.951 9 INFO neutron.db.ovn_revision_numbers_db [None req-ced50379-a7d4-4dc7-94fb-e18e81b23b79 5af93f269091400eb917fed2526f5a30 9f951c4dc71f4f819c37710005d2e13a - - default default] Successfully bumped revision number for resource 429e33f9-a4cb-457b-9354-3a39112b38eb (type: security_group_rules) to 0
2026-04-27 02:40:32.972 9 INFO neutron.db.ovn_revision_numbers_db [None req-ced50379-a7d4-4dc7-94fb-e18e81b23b79 5af93f269091400eb917fed2526f5a30 9f951c4dc71f4f819c37710005d2e13a - - default default] Successfully bumped revision number for resource 5be80c00-93b7-457e-8836-af3c24b9bfe4 (type: security_group_rules) to 0
2026-04-27 02:40:33.005 9 INFO neutron.db.ovn_revision_numbers_db [None req-ced50379-a7d4-4dc7-94fb-e18e81b23b79 5af93f269091400eb917fed2526f5a30 9f951c4dc71f4f819c37710005d2e13a - - default default] Successfully bumped revision number for resource c69eafe7-b5c9-4f49-aa1b-c9e9f95c36b9 (type: security_group_rules) to 0
2026-04-27 02:40:33.024 9 INFO neutron.db.ovn_revision_numbers_db [None req-ced50379-a7d4-4dc7-94fb-e18e81b23b79 5af93f269091400eb917fed2526f5a30 9f951c4dc71f4f819c37710005d2e13a - - default default] Successfully bumped revision number for resource c748d5d0-9181-4e5d-b974-9202ef92df3d (type: security_group_rules) to 0
2026-04-27 02:40:33.079 10 INFO neutron.wsgi [None req-f39b2cc7-903b-4ca9-a8cd-6a17d2ae6d6f 42ee43e6e6914f338410c20cd6a206e7 7c606770bfa24b3c8048304c17993525 - - default default] 10.0.0.219 "DELETE /v2.0/routers/373a1bee-bb4a-450b-8c14-0e68318ae67a HTTP/1.1" status: 204 len: 168 time: 1.1888740
2026-04-27 02:40:33.090 9 INFO neutron.db.segments_db [None req-ced50379-a7d4-4dc7-94fb-e18e81b23b79 5af93f269091400eb917fed2526f5a30 9f951c4dc71f4f819c37710005d2e13a - - default default] Added segment 891f78e1-557f-4747-9d95-7ea063da83e2 of type geneve for network b61ecc1b-f4b8-4753-8dab-72f06012b672
2026-04-27 02:40:33.113 10 INFO neutron.wsgi [None req-1668b7e8-5218-432a-82f6-381f8ae57625 42ee43e6e6914f338410c20cd6a206e7 7c606770bfa24b3c8048304c17993525 - - default default] 10.0.0.219 "GET /v2.0/ports?device_id=373a1bee-bb4a-450b-8c14-0e68318ae67a HTTP/1.1" status: 200 len: 205 time: 0.0215578
2026-04-27 02:40:33.116 9 INFO neutron.wsgi [None req-97e06914-6d97-4a6e-958e-7e52cfc7335e 22416e6fdff84560a8a2436d9824f120 38e0481007d541beb7a1993d983332c0 - - default default] 10.0.0.219 "DELETE /v2.0/networks/0624d20d-3551-4929-a681-c0025a1ff2f3 HTTP/1.1" status: 204 len: 168 time: 0.5201228
2026-04-27 02:40:33.130 9 WARNING neutron_lib.context [None req-5a026202-4a59-4c69-aa18-dea22d1a4e79 22416e6fdff84560a8a2436d9824f120 38e0481007d541beb7a1993d983332c0 - - default default] Method 'is_advsvc' is deprecated since 2023.2 release (neutron-lib 3.8.0) and will be removed once support for the old RBAC API policies will be removed from Neutron. Please use method 'is_service_role' instead.
2026-04-27 02:40:33.148 10 INFO neutron.api.v2.resource [None req-e0591574-fa93-41d8-a19b-94993b45a96d 42ee43e6e6914f338410c20cd6a206e7 7c606770bfa24b3c8048304c17993525 - - default default] delete failed (client error): The resource could not be found.
2026-04-27 02:40:33.150 10 INFO neutron.wsgi [None req-e0591574-fa93-41d8-a19b-94993b45a96d 42ee43e6e6914f338410c20cd6a206e7 7c606770bfa24b3c8048304c17993525 - - default default] 10.0.0.219 "DELETE /v2.0/routers/373a1bee-bb4a-450b-8c14-0e68318ae67a HTTP/1.1" status: 404 len: 336 time: 0.0321567
2026-04-27 02:40:33.179 10 INFO neutron.wsgi [None req-9a13f006-8e18-48cb-9784-5ba08bb0eb47 42ee43e6e6914f338410c20cd6a206e7 7c606770bfa24b3c8048304c17993525 - - default default] 10.0.0.219 "GET /v2.0/ports?device_id=376d31d6-5e83-413b-8243-3e90855fe50b HTTP/1.1" status: 200 len: 205 time: 0.0232706
2026-04-27 02:40:33.212 10 INFO neutron.api.v2.resource [None req-4ea38eeb-d574-47e8-8211-3c09217217d1 42ee43e6e6914f338410c20cd6a206e7 7c606770bfa24b3c8048304c17993525 - - default default] delete failed (client error): The resource could not be found.
2026-04-27 02:40:33.214 10 INFO neutron.wsgi [None req-4ea38eeb-d574-47e8-8211-3c09217217d1 42ee43e6e6914f338410c20cd6a206e7 7c606770bfa24b3c8048304c17993525 - - default default] 10.0.0.219 "DELETE /v2.0/routers/376d31d6-5e83-413b-8243-3e90855fe50b HTTP/1.1" status: 404 len: 336 time: 0.0298071
2026-04-27 02:40:33.236 10 INFO neutron.pecan_wsgi.hooks.translation [None req-dfdbe2c0-bd6f-48e4-a68b-af709b1d9ac0 42ee43e6e6914f338410c20cd6a206e7 7c606770bfa24b3c8048304c17993525 - - default default] DELETE failed (client error): The resource could not be found.
2026-04-27 02:40:33.239 10 INFO neutron.wsgi [None req-dfdbe2c0-bd6f-48e4-a68b-af709b1d9ac0 42ee43e6e6914f338410c20cd6a206e7 7c606770bfa24b3c8048304c17993525 - - default default] 10.0.0.219 "DELETE /v2.0/subnets/aa554c54-86df-43c2-8036-0db27038f01d HTTP/1.1" status: 404 len: 337 time: 0.0195208
2026-04-27 02:40:33.269 10 INFO neutron.wsgi [None req-33981649-2921-473f-8923-48a737822c74 42ee43e6e6914f338410c20cd6a206e7 7c606770bfa24b3c8048304c17993525 - - default default] 10.0.0.219 "GET /v2.0/ports?device_id=fe53b79c-f03a-4fae-ab68-6e50a0fb7480 HTTP/1.1" status: 200 len: 205 time: 0.0244358
2026-04-27 02:40:33.273 9 INFO neutron.db.ovn_revision_numbers_db [None req-ced50379-a7d4-4dc7-94fb-e18e81b23b79 5af93f269091400eb917fed2526f5a30 9f951c4dc71f4f819c37710005d2e13a - - default default] Successfully bumped revision number for resource b61ecc1b-f4b8-4753-8dab-72f06012b672 (type: networks) to 1
2026-04-27 02:40:33.300 10 INFO neutron.api.v2.resource [None req-b48bdb6e-4682-47c1-8b5d-d44529ea857e 42ee43e6e6914f338410c20cd6a206e7 7c606770bfa24b3c8048304c17993525 - - default default] delete failed (client error): The resource could not be found.
2026-04-27 02:40:33.301 10 INFO neutron.wsgi [None req-b48bdb6e-4682-47c1-8b5d-d44529ea857e 42ee43e6e6914f338410c20cd6a206e7 7c606770bfa24b3c8048304c17993525 - - default default] 10.0.0.219 "DELETE /v2.0/routers/fe53b79c-f03a-4fae-ab68-6e50a0fb7480 HTTP/1.1" status: 404 len: 336 time: 0.0260787
2026-04-27 02:40:33.324 10 INFO neutron.pecan_wsgi.hooks.translation [None req-c01e3eb7-5f7f-4ca2-998f-fc51fbae9a01 42ee43e6e6914f338410c20cd6a206e7 7c606770bfa24b3c8048304c17993525 - - default default] DELETE failed (client error): The resource could not be found.
2026-04-27 02:40:33.326 10 INFO neutron.wsgi [None req-c01e3eb7-5f7f-4ca2-998f-fc51fbae9a01 42ee43e6e6914f338410c20cd6a206e7 7c606770bfa24b3c8048304c17993525 - - default default] 10.0.0.219 "DELETE /v2.0/subnets/4bb727a4-8337-435b-b873-140d19a5088d HTTP/1.1" status: 404 len: 337 time: 0.0195222
2026-04-27 02:40:33.387 9 INFO neutron.wsgi [None req-b3d24565-cd3b-4f0e-818a-c020b503baeb 42ee43e6e6914f338410c20cd6a206e7 7c606770bfa24b3c8048304c17993525 - - default default] 10.0.0.219 "GET /v2.0/ports?device_id=da152df4-5598-44d2-a3a4-b7ea6f1c0da4 HTTP/1.1" status: 200 len: 205 time: 0.0544558
2026-04-27 02:40:33.417 10 INFO neutron.api.v2.resource [None req-5a525bce-c57d-4958-99a6-a7452089cd81 42ee43e6e6914f338410c20cd6a206e7 7c606770bfa24b3c8048304c17993525 - - default default] delete failed (client error): The resource could not be found.
2026-04-27 02:40:33.419 10 INFO neutron.wsgi [None req-5a525bce-c57d-4958-99a6-a7452089cd81 42ee43e6e6914f338410c20cd6a206e7 7c606770bfa24b3c8048304c17993525 - - default default] 10.0.0.219 "DELETE /v2.0/routers/da152df4-5598-44d2-a3a4-b7ea6f1c0da4 HTTP/1.1" status: 404 len: 336 time: 0.0266659
