2026-04-27 02:42:13.785 9 INFO neutron.wsgi [None req-d283c1db-9b6e-441b-a88e-bb0637cfdfa5 1f6c72ecd8664957a2347edd69858b2e e6ed90169e6849e8835ffc7bb1967d96 - - default default] 10.0.0.219 "DELETE /v2.0/security-groups/c509b5d5-8ecf-4b49-8a93-1a61d90c7e68 HTTP/1.1" status: 204 len: 168 time: 1.0835831
2026-04-27 02:42:13.925 9 INFO neutron.db.ovn_revision_numbers_db [None req-be96a483-4b36-4f11-8c0a-6f4f6130b57b 67fa436fc5a744cbb4811e172d65033c 1f6be42bf6be4944938619dc5015bd64 - - default default] Successfully bumped revision number for resource 06a2db2b-bb3d-4d8b-8d1a-a7611c9afe43 (type: ports) to 1 /var/lib/openstack/lib/python3.10/site-packages/pycadf/identifier.py:71: UserWarning: Invalid uuid: neutron. To ensure interoperability, identifiers should be a valid uuid. warnings.warn(('Invalid uuid: %s. To ensure interoperability, '
2026-04-27 02:42:14.248 9 INFO neutron.db.ovn_revision_numbers_db [None req-578525c9-1caf-4b57-ae4b-a972cbcb5d23 af5f706ff0844a5a813c09b0e09335b1 18078b25f4e642759c88611307754fca - - default default] Successfully bumped revision number for resource 9d202169-50f5-47b3-a13a-a3cd5206130c (type: floatingips) to 1
2026-04-27 02:42:14.316 9 INFO neutron.wsgi [None req-61aa2c4f-e54c-4e87-86e0-c7824d56c8b0 1f6c72ecd8664957a2347edd69858b2e e6ed90169e6849e8835ffc7bb1967d96 - - default default] 10.0.0.76 "GET /v2.0/routers HTTP/1.1" status: 200 len: 4014 time: 0.4581757
2026-04-27 02:42:14.381 9 INFO neutron.wsgi [None req-0940f85f-012c-4299-aa06-c2f5bf915551 1f6c72ecd8664957a2347edd69858b2e e6ed90169e6849e8835ffc7bb1967d96 - - default default] 10.0.0.76 "GET /v2.0/agents?binary=ovn-controller HTTP/1.1" status: 200 len: 591 time: 0.0600474
2026-04-27 02:42:14.414 9 INFO neutron.wsgi [None req-36cf2337-3cd6-4455-8573-96fa98f7d8d5 1f6c72ecd8664957a2347edd69858b2e e6ed90169e6849e8835ffc7bb1967d96 - - default default] 10.0.0.76 "GET /v2.0/network-ip-availabilities HTTP/1.1" status: 200 len: 3080 time: 0.0288284
2026-04-27 02:42:14.492 9 INFO neutron.wsgi [None req-e3eecfc5-83a7-41c4-a18d-48e83ef308c1 1f6c72ecd8664957a2347edd69858b2e e6ed90169e6849e8835ffc7bb1967d96 - - default default] 10.0.0.76 "GET /v2.0/subnets HTTP/1.1" status: 200 len: 3995 time: 0.0757184
2026-04-27 02:42:14.521 9 INFO neutron.wsgi [None req-c7ab3f1e-4e59-4cc0-a9a6-c1e850bd4ea3 1f6c72ecd8664957a2347edd69858b2e e6ed90169e6849e8835ffc7bb1967d96 - - default default] 10.0.0.76 "GET /v2.0/subnetpools HTTP/1.1" status: 200 len: 193 time: 0.0156801
2026-04-27 02:42:14.577 9 INFO neutron.db.ovn_revision_numbers_db [None req-578525c9-1caf-4b57-ae4b-a972cbcb5d23 af5f706ff0844a5a813c09b0e09335b1 18078b25f4e642759c88611307754fca - - default default] Successfully bumped revision number for resource 9d202169-50f5-47b3-a13a-a3cd5206130c (type: floatingips) to 2
2026-04-27 02:42:14.577 9 INFO neutron.db.l3_db [None req-578525c9-1caf-4b57-ae4b-a972cbcb5d23 af5f706ff0844a5a813c09b0e09335b1 18078b25f4e642759c88611307754fca - - default default] Floating IP 9d202169-50f5-47b3-a13a-a3cd5206130c associated. External IP: 10.96.250.210, port: 3d27bfae-2c23-4c53-973f-92973c790e20.
2026-04-27 02:42:14.631 9 INFO neutron.wsgi [None req-5e572919-343a-4bd5-bac5-f50bde366292 1f6c72ecd8664957a2347edd69858b2e e6ed90169e6849e8835ffc7bb1967d96 - - default default] 10.0.0.76 "GET /v2.0/floatingips HTTP/1.1" status: 200 len: 1880 time: 0.1085107
2026-04-27 02:42:14.655 9 INFO neutron.wsgi [None req-578525c9-1caf-4b57-ae4b-a972cbcb5d23 af5f706ff0844a5a813c09b0e09335b1 18078b25f4e642759c88611307754fca - - default default] 10.0.0.219 "PUT /v2.0/floatingips/9d202169-50f5-47b3-a13a-a3cd5206130c HTTP/1.1" status: 200 len: 1050 time: 2.0143318
2026-04-27 02:42:14.711 9 INFO neutron.notifiers.nova [-] Nova event matching ['req-b165e3f9-e677-41a1-b61f-4add0a38dcf6'] response: {'name': 'network-changed', 'server_uuid': '851e8ee8-2680-47d0-a729-7214e81303df', 'tag': '3d27bfae-2c23-4c53-973f-92973c790e20', 'status': 'completed', 'code': 200}
2026-04-27 02:42:14.755 10 INFO neutron.wsgi [req-1d94b9c5-e1e8-430a-b04c-11d5f9d5a2c7 req-8b33e4ab-bdda-4b84-8b47-5ac091d7de52 ec827a8a7a3f46a3a04d421d8e3e7988 3ade82478ed64c7db8d18762975797e1 - - 3c9a3e2df4314531a21ba8851fd274b4 3c9a3e2df4314531a21ba8851fd274b4] 199.204.45.210 "GET /v2.0/ports?tenant_id=18078b25f4e642759c88611307754fca&device_id=851e8ee8-2680-47d0-a729-7214e81303df HTTP/1.1" status: 200 len: 1452 time: 0.0390205
2026-04-27 02:42:14.801 9 INFO neutron.wsgi [None req-f80443c0-0670-487f-afde-42fbf5d1fb2b 1f6c72ecd8664957a2347edd69858b2e e6ed90169e6849e8835ffc7bb1967d96 - - default default] 10.0.0.76 "GET /v2.0/ports HTTP/1.1" status: 200 len: 21504 time: 0.1670518
2026-04-27 02:42:14.812 10 INFO neutron.wsgi [req-1d94b9c5-e1e8-430a-b04c-11d5f9d5a2c7 req-a02bcd0e-a4d9-40d6-9e25-4001ba568375 ec827a8a7a3f46a3a04d421d8e3e7988 3ade82478ed64c7db8d18762975797e1 - - 3c9a3e2df4314531a21ba8851fd274b4 3c9a3e2df4314531a21ba8851fd274b4] 199.204.45.210 "GET /v2.0/networks?id=5d5b373d-4aa6-4fa4-9755-c33bd933f9d3 HTTP/1.1" status: 200 len: 971 time: 0.0522447
2026-04-27 02:42:14.837 9 INFO neutron.wsgi [None req-1cf2dc95-257c-4d74-adda-12b16382cc83 1f6c72ecd8664957a2347edd69858b2e e6ed90169e6849e8835ffc7bb1967d96 - - default default] 10.0.0.76 "GET /v2.0/agents HTTP/1.1" status: 200 len: 1390 time: 0.0211723
2026-04-27 02:42:14.886 10 INFO neutron.wsgi [req-1d94b9c5-e1e8-430a-b04c-11d5f9d5a2c7 req-505137f3-9778-432a-8c47-cddb01a4ae33 ec827a8a7a3f46a3a04d421d8e3e7988 3ade82478ed64c7db8d18762975797e1 - - 3c9a3e2df4314531a21ba8851fd274b4 3c9a3e2df4314531a21ba8851fd274b4] 199.204.45.210 "GET /v2.0/floatingips?fixed_ip_address=10.100.0.10&port_id=3d27bfae-2c23-4c53-973f-92973c790e20 HTTP/1.1" status: 200 len: 1060 time: 0.0667996
2026-04-27 02:42:14.926 10 INFO neutron.wsgi [req-1d94b9c5-e1e8-430a-b04c-11d5f9d5a2c7 req-8fd184c3-2a8a-426f-a6cd-eef6084b566b ec827a8a7a3f46a3a04d421d8e3e7988 3ade82478ed64c7db8d18762975797e1 - - 3c9a3e2df4314531a21ba8851fd274b4 3c9a3e2df4314531a21ba8851fd274b4] 199.204.45.210 "GET /v2.0/subnets?id=e6087dd0-6ea8-4962-b31c-e16e640b9db9 HTTP/1.1" status: 200 len: 866 time: 0.0319409
2026-04-27 02:42:14.964 10 INFO neutron.wsgi [req-1d94b9c5-e1e8-430a-b04c-11d5f9d5a2c7 req-8fd0a0f9-05b7-4ff4-86a9-30fa080c04c3 ec827a8a7a3f46a3a04d421d8e3e7988 3ade82478ed64c7db8d18762975797e1 - - 3c9a3e2df4314531a21ba8851fd274b4 3c9a3e2df4314531a21ba8851fd274b4] 199.204.45.210 "GET /v2.0/ports?network_id=5d5b373d-4aa6-4fa4-9755-c33bd933f9d3&device_owner=network%3Adhcp HTTP/1.1" status: 200 len: 210 time: 0.0304215
2026-04-27 02:42:15.049 10 INFO neutron.wsgi [req-1d94b9c5-e1e8-430a-b04c-11d5f9d5a2c7 req-a7ab8a90-6ca3-44c0-ad5a-15eace0eacb5 ec827a8a7a3f46a3a04d421d8e3e7988 3ade82478ed64c7db8d18762975797e1 - - 3c9a3e2df4314531a21ba8851fd274b4 3c9a3e2df4314531a21ba8851fd274b4] 199.204.45.210 "GET /v2.0/networks/5d5b373d-4aa6-4fa4-9755-c33bd933f9d3?fields=segments HTTP/1.1" status: 200 len: 212 time: 0.0797210
2026-04-27 02:42:15.121 10 INFO neutron.wsgi [req-1d94b9c5-e1e8-430a-b04c-11d5f9d5a2c7 req-a35d714f-0227-43d4-980e-050207e64747 ec827a8a7a3f46a3a04d421d8e3e7988 3ade82478ed64c7db8d18762975797e1 - - 3c9a3e2df4314531a21ba8851fd274b4 3c9a3e2df4314531a21ba8851fd274b4] 199.204.45.210 "GET /v2.0/networks/5d5b373d-4aa6-4fa4-9755-c33bd933f9d3?fields=provider%3Aphysical_network&fields=provider%3Anetwork_type HTTP/1.1" status: 200 len: 277 time: 0.0671813
2026-04-27 02:42:15.429 9 INFO neutron.wsgi [None req-49f944f6-8c3d-4cf2-ab3c-d6dfe8cb8a6b 1f6c72ecd8664957a2347edd69858b2e e6ed90169e6849e8835ffc7bb1967d96 - - default default] 10.0.0.76 "GET /v2.0/security-groups HTTP/1.1" status: 200 len: 42738 time: 0.5856795
2026-04-27 02:42:15.507 9 INFO neutron.wsgi [None req-bcfb37a3-377f-4615-8845-f644a7587d61 1f6c72ecd8664957a2347edd69858b2e e6ed90169e6849e8835ffc7bb1967d96 - - default default] 10.0.0.76 "GET /v2.0/subnets HTTP/1.1" status: 200 len: 3995 time: 0.0617838
2026-04-27 02:42:15.652 9 INFO neutron.wsgi [None req-1145f9a5-0a6f-48ec-889a-f278adee82d2 1f6c72ecd8664957a2347edd69858b2e e6ed90169e6849e8835ffc7bb1967d96 - - default default] 10.0.0.76 "GET /v2.0/networks HTTP/1.1" status: 200 len: 5350 time: 0.1398706
2026-04-27 02:42:15.800 9 INFO neutron.plugins.ml2.drivers.ovn.mech_driver.ovsdb.commands [None req-2f83eadb-83c8-4ead-bed7-3aacb14df636 - - - - - -] Schedule LRP lrp-06a2db2b-bb3d-4d8b-8d1a-a7611c9afe43 on gateway ae5217f7-6578-4aeb-b314-a1b8b051c6b6 with priority 1
2026-04-27 02:42:15.813 10 INFO neutron.plugins.ml2.drivers.ovn.mech_driver.mech_driver [None req-7c0bb731-d3c6-4903-bb15-094de17c8316 - - - - - -] OVN reports status up for port: 06a2db2b-bb3d-4d8b-8d1a-a7611c9afe43
2026-04-27 02:42:15.826 10 INFO neutron.plugins.ml2.plugin [None req-7c0bb731-d3c6-4903-bb15-094de17c8316 - - - - - -] Attempt 1 to provision port 06a2db2b-bb3d-4d8b-8d1a-a7611c9afe43
2026-04-27 02:42:15.848 9 INFO neutron.db.ovn_revision_numbers_db [None req-be96a483-4b36-4f11-8c0a-6f4f6130b57b 67fa436fc5a744cbb4811e172d65033c 1f6be42bf6be4944938619dc5015bd64 - - default default] Successfully bumped revision number for resource 06a2db2b-bb3d-4d8b-8d1a-a7611c9afe43 (type: router_ports) to 1
2026-04-27 02:42:15.937 9 INFO neutron.db.ovn_revision_numbers_db [None req-be96a483-4b36-4f11-8c0a-6f4f6130b57b 67fa436fc5a744cbb4811e172d65033c 1f6be42bf6be4944938619dc5015bd64 - - default default] Successfully bumped revision number for resource de92ec76-39f8-46c4-a2c0-3f1b0b6032d7 (type: routers) to 2
2026-04-27 02:42:15.963 9 INFO neutron.wsgi [None req-be96a483-4b36-4f11-8c0a-6f4f6130b57b 67fa436fc5a744cbb4811e172d65033c 1f6be42bf6be4944938619dc5015bd64 - - default default] 10.0.0.219 "POST /v2.0/routers HTTP/1.1" status: 201 len: 1135 time: 3.6242583
2026-04-27 02:42:16.761 10 WARNING neutron.scheduler.dhcp_agent_scheduler [None req-29fe0b1c-c407-4a42-a885-c87cc95972f8 67fa436fc5a744cbb4811e172d65033c 1f6be42bf6be4944938619dc5015bd64 - - default default] No more DHCP agents
2026-04-27 02:42:16.764 10 WARNING neutron.api.rpc.agentnotifiers.dhcp_rpc_agent_api [None req-29fe0b1c-c407-4a42-a885-c87cc95972f8 67fa436fc5a744cbb4811e172d65033c 1f6be42bf6be4944938619dc5015bd64 - - default default] Unable to schedule network 96a4cc72-960d-4c7d-aa42-00d1f8342e74: no agents available; will retry on subsequent port and subnet creation events.
2026-04-27 02:42:17.012 10 INFO neutron.db.ovn_revision_numbers_db [None req-29fe0b1c-c407-4a42-a885-c87cc95972f8 67fa436fc5a744cbb4811e172d65033c 1f6be42bf6be4944938619dc5015bd64 - - default default] Successfully bumped revision number for resource 85df128a-38d2-4284-b3e2-a9384d594028 (type: ports) to 1
2026-04-27 02:42:17.213 9 INFO neutron.wsgi [None req-02279575-2912-4df1-87df-e40df51c77a7 a393f3f877f5444fbea33bcdb65ae568 ae869b5ff0474d619186c982f3f2b41b - - default default] 10.0.0.219 "POST /v2.0/qos/policies HTTP/1.1" status: 201 len: 558 time: 0.2102840
2026-04-27 02:42:17.252 9 INFO neutron.wsgi [None req-2f02edf8-0cdb-4b1c-8716-3e43423c4a0a a393f3f877f5444fbea33bcdb65ae568 ae869b5ff0474d619186c982f3f2b41b - - default default] 10.0.0.219 "PUT /v2.0/policies/aabd06e3-e8b3-4f6e-a1eb-8ef32718b46a/tags HTTP/1.1" status: 200 len: 218 time: 0.0340033
2026-04-27 02:42:17.278 9 INFO neutron.wsgi [None req-501fb6d6-2a15-4457-8965-133d28d000e2 a393f3f877f5444fbea33bcdb65ae568 ae869b5ff0474d619186c982f3f2b41b - - default default] 10.0.0.219 "GET /v2.0/policies/aabd06e3-e8b3-4f6e-a1eb-8ef32718b46a/tags HTTP/1.1" status: 200 len: 218 time: 0.0207589
2026-04-27 02:42:17.325 9 INFO neutron.wsgi [None req-0055d34a-2eb2-42b1-ab8c-381ed0fa21c4 a393f3f877f5444fbea33bcdb65ae568 ae869b5ff0474d619186c982f3f2b41b - - default default] 10.0.0.219 "PUT /v2.0/policies/aabd06e3-e8b3-4f6e-a1eb-8ef32718b46a/tags/green HTTP/1.1" status: 201 len: 201 time: 0.0397124
2026-04-27 02:42:17.357 10 INFO neutron.wsgi [None req-076e413d-a4e2-4d94-ab7f-0a93a4539854 a393f3f877f5444fbea33bcdb65ae568 ae869b5ff0474d619186c982f3f2b41b - - default default] 10.0.0.219 "GET /v2.0/policies/aabd06e3-e8b3-4f6e-a1eb-8ef32718b46a/tags HTTP/1.1" status: 200 len: 227 time: 0.0265572
2026-04-27 02:42:17.380 9 INFO neutron.wsgi [None req-53e24b41-1805-4c58-8d68-1e80ea0677be a393f3f877f5444fbea33bcdb65ae568 ae869b5ff0474d619186c982f3f2b41b - - default default] 10.0.0.219 "PUT /v2.0/policies/aabd06e3-e8b3-4f6e-a1eb-8ef32718b46a/tags/red HTTP/1.1" status: 201 len: 201 time: 0.0168293
2026-04-27 02:42:17.403 9 INFO neutron.wsgi [None req-d5d13881-1148-4762-8e58-147def1d7353 a393f3f877f5444fbea33bcdb65ae568 ae869b5ff0474d619186c982f3f2b41b - - default default] 10.0.0.219 "GET /v2.0/policies/aabd06e3-e8b3-4f6e-a1eb-8ef32718b46a/tags HTTP/1.1" status: 200 len: 227 time: 0.0173900
2026-04-27 02:42:17.458 9 INFO neutron.wsgi [None req-06ceaccb-c2b6-410c-9e59-7f23501fdf00 a393f3f877f5444fbea33bcdb65ae568 ae869b5ff0474d619186c982f3f2b41b - - default default] 10.0.0.219 "PUT /v2.0/policies/aabd06e3-e8b3-4f6e-a1eb-8ef32718b46a/tags/black.or.white HTTP/1.1" status: 201 len: 201 time: 0.0495303
2026-04-27 02:42:17.482 9 INFO neutron.wsgi [None req-8823983d-6a46-4190-9f21-b2a408da8875 a393f3f877f5444fbea33bcdb65ae568 ae869b5ff0474d619186c982f3f2b41b - - default default] 10.0.0.219 "GET /v2.0/policies/aabd06e3-e8b3-4f6e-a1eb-8ef32718b46a/tags HTTP/1.1" status: 200 len: 245 time: 0.0195408
2026-04-27 02:42:17.516 10 INFO neutron.wsgi [req-9712a281-3370-491b-a045-1c1d70e1a8bc req-02620abf-afa8-4676-885f-9fb79695d8fa ec827a8a7a3f46a3a04d421d8e3e7988 3ade82478ed64c7db8d18762975797e1 - - 3c9a3e2df4314531a21ba8851fd274b4 3c9a3e2df4314531a21ba8851fd274b4] 10.0.0.16 "GET /v2.0/ports?device_id=c7ce9a74-20bc-4b25-8a40-a4ff2c09ed97 HTTP/1.1" status: 200 len: 1409 time: 0.0687895
2026-04-27 02:42:17.523 9 INFO neutron.wsgi [None req-dfb63ae8-15b2-4582-aa16-d3c41f74d892 a393f3f877f5444fbea33bcdb65ae568 ae869b5ff0474d619186c982f3f2b41b - - default default] 10.0.0.219 "PUT /v2.0/policies/aabd06e3-e8b3-4f6e-a1eb-8ef32718b46a/tags HTTP/1.1" status: 200 len: 230 time: 0.0355060
2026-04-27 02:42:17.547 9 INFO neutron.wsgi [None req-53e96dac-b00c-49a4-a6ea-d3977148ecbe a393f3f877f5444fbea33bcdb65ae568 ae869b5ff0474d619186c982f3f2b41b - - default default] 10.0.0.219 "GET /v2.0/policies/aabd06e3-e8b3-4f6e-a1eb-8ef32718b46a/tags HTTP/1.1" status: 200 len: 230 time: 0.0185647
2026-04-27 02:42:17.576 9 INFO neutron.wsgi [None req-35006218-2a80-49c8-9e35-e30899636291 a393f3f877f5444fbea33bcdb65ae568 ae869b5ff0474d619186c982f3f2b41b - - default default] 10.0.0.219 "GET /v2.0/policies/aabd06e3-e8b3-4f6e-a1eb-8ef32718b46a/tags/red HTTP/1.1" status: 204 len: 168 time: 0.0233858
2026-04-27 02:42:17.598 9 INFO neutron.api.v2.resource [None req-403bcfea-b33e-4774-9d9b-b0a9bcfb99ab a393f3f877f5444fbea33bcdb65ae568 ae869b5ff0474d619186c982f3f2b41b - - default default] show failed (client error): The resource could not be found.
2026-04-27 02:42:17.600 9 INFO neutron.wsgi [None req-403bcfea-b33e-4774-9d9b-b0a9bcfb99ab a393f3f877f5444fbea33bcdb65ae568 ae869b5ff0474d619186c982f3f2b41b - - default default] 10.0.0.219 "GET /v2.0/policies/aabd06e3-e8b3-4f6e-a1eb-8ef32718b46a/tags/green HTTP/1.1" status: 404 len: 299 time: 0.0181730
2026-04-27 02:42:17.640 9 INFO neutron.wsgi [None req-9e47f3d1-23a1-4073-9070-65d2910a1d82 a393f3f877f5444fbea33bcdb65ae568 ae869b5ff0474d619186c982f3f2b41b - - default default] 10.0.0.219 "DELETE /v2.0/policies/aabd06e3-e8b3-4f6e-a1eb-8ef32718b46a/tags/red HTTP/1.1" status: 204 len: 168 time: 0.0350568
2026-04-27 02:42:17.665 9 INFO neutron.wsgi [None req-7f260f39-e605-40a2-b9b4-5c86dec5fac9 a393f3f877f5444fbea33bcdb65ae568 ae869b5ff0474d619186c982f3f2b41b - - default default] 10.0.0.219 "GET /v2.0/policies/aabd06e3-e8b3-4f6e-a1eb-8ef32718b46a/tags HTTP/1.1" status: 200 len: 223 time: 0.0203879
2026-04-27 02:42:17.689 9 INFO neutron.api.v2.resource [None req-9f002346-6295-400b-a0b3-9570310c2a9f a393f3f877f5444fbea33bcdb65ae568 ae869b5ff0474d619186c982f3f2b41b - - default default] delete failed (client error): The resource could not be found.
2026-04-27 02:42:17.691 9 INFO neutron.wsgi [None req-9f002346-6295-400b-a0b3-9570310c2a9f a393f3f877f5444fbea33bcdb65ae568 ae869b5ff0474d619186c982f3f2b41b - - default default] 10.0.0.219 "DELETE /v2.0/policies/aabd06e3-e8b3-4f6e-a1eb-8ef32718b46a/tags/green HTTP/1.1" status: 404 len: 299 time: 0.0224185
2026-04-27 02:42:17.725 9 INFO neutron.wsgi [None req-6d22aeeb-d0f3-4966-a609-fec107db81c6 a393f3f877f5444fbea33bcdb65ae568 ae869b5ff0474d619186c982f3f2b41b - - default default] 10.0.0.219 "DELETE /v2.0/policies/aabd06e3-e8b3-4f6e-a1eb-8ef32718b46a/tags HTTP/1.1" status: 204 len: 168 time: 0.0305493
2026-04-27 02:42:17.745 9 INFO neutron.wsgi [None req-c5b5c532-0d95-41d7-beac-eee58fbd37df a393f3f877f5444fbea33bcdb65ae568 ae869b5ff0474d619186c982f3f2b41b - - default default] 10.0.0.219 "GET /v2.0/policies/aabd06e3-e8b3-4f6e-a1eb-8ef32718b46a/tags HTTP/1.1" status: 200 len: 205 time: 0.0153282
2026-04-27 02:42:17.810 9 INFO neutron.wsgi [None req-2992afb5-0522-426a-a67f-2573a4394561 a393f3f877f5444fbea33bcdb65ae568 ae869b5ff0474d619186c982f3f2b41b - - default default] 10.0.0.219 "DELETE /v2.0/qos/policies/aabd06e3-e8b3-4f6e-a1eb-8ef32718b46a HTTP/1.1" status: 204 len: 168 time: 0.0576682
2026-04-27 02:42:17.811 10 INFO neutron.wsgi [req-9712a281-3370-491b-a045-1c1d70e1a8bc req-0aa9b48a-e83d-4fa1-afcf-5127bf655285 ec827a8a7a3f46a3a04d421d8e3e7988 3ade82478ed64c7db8d18762975797e1 - - 3c9a3e2df4314531a21ba8851fd274b4 3c9a3e2df4314531a21ba8851fd274b4] 10.0.0.16 "GET /v2.0/security-groups?id=402948f8-9c02-4474-bf22-9ebba9cc5919&fields=id&fields=name HTTP/1.1" status: 200 len: 311 time: 0.2880411
2026-04-27 02:42:18.019 10 ERROR ovsdbapp.backend.ovs_idl.command [None req-29fe0b1c-c407-4a42-a885-c87cc95972f8 67fa436fc5a744cbb4811e172d65033c 1f6be42bf6be4944938619dc5015bd64 - - default default] Error executing command (DbGetCommand): ovsdbapp.backend.ovs_idl.idlutils.RowNotFound: Cannot find Logical_Router_Port with name=lrp-85df128a-38d2-4284-b3e2-a9384d594028
2026-04-27 02:42:18.019 10 ERROR ovsdbapp.backend.ovs_idl.command
Traceback (most recent call last):
2026-04-27 02:42:18.019 10 ERROR ovsdbapp.backend.ovs_idl.command
File "/var/lib/openstack/lib/python3.10/site-packages/ovsdbapp/backend/ovs_idl/command.py", line 47, in execute
2026-04-27 02:42:18.019 10 ERROR ovsdbapp.backend.ovs_idl.command self.run_idl(None)
2026-04-27 02:42:18.019 10 ERROR ovsdbapp.backend.ovs_idl.command
File "/var/lib/openstack/lib/python3.10/site-packages/ovsdbapp/backend/ovs_idl/command.py", line 235, in run_idl
2026-04-27 02:42:18.019 10 ERROR ovsdbapp.backend.ovs_idl.command record = self.api.lookup(self.table, self.record)
2026-04-27 02:42:18.019 10 ERROR ovsdbapp.backend.ovs_idl.command
File "/var/lib/openstack/lib/python3.10/site-packages/ovsdbapp/backend/ovs_idl/__init__.py", line 184, in lookup
2026-04-27 02:42:18.019 10 ERROR ovsdbapp.backend.ovs_idl.command return self._lookup(table, record)
2026-04-27 02:42:18.019 10 ERROR ovsdbapp.backend.ovs_idl.command
File "/var/lib/openstack/lib/python3.10/site-packages/ovsdbapp/backend/ovs_idl/__init__.py", line 235, in _lookup
2026-04-27 02:42:18.019 10 ERROR ovsdbapp.backend.ovs_idl.command row = idlutils.row_by_value(self, rl.table, rl.column, record)
2026-04-27 02:42:18.019 10 ERROR ovsdbapp.backend.ovs_idl.command
File "/var/lib/openstack/lib/python3.10/site-packages/ovsdbapp/backend/ovs_idl/idlutils.py", line 114, in row_by_value
2026-04-27 02:42:18.019 10 ERROR ovsdbapp.backend.ovs_idl.command raise RowNotFound(table=table, col=column, match=match)
2026-04-27 02:42:18.019 10 ERROR ovsdbapp.backend.ovs_idl.command ovsdbapp.backend.ovs_idl.idlutils.RowNotFound: Cannot find Logical_Router_Port with name=lrp-85df128a-38d2-4284-b3e2-a9384d594028
2026-04-27 02:42:18.019 10 ERROR ovsdbapp.backend.ovs_idl.command 
2026-04-27 02:42:18.020 10 ERROR neutron_lib.callbacks.manager [None req-29fe0b1c-c407-4a42-a885-c87cc95972f8 67fa436fc5a744cbb4811e172d65033c 1f6be42bf6be4944938619dc5015bd64 - - default default] Error during notification for neutron.services.ovn_l3.plugin.OVNL3RouterPlugin._port_update-8771891537647 port, after_update: ovsdbapp.backend.ovs_idl.idlutils.RowNotFound: Cannot find Logical_Router_Port with name=lrp-85df128a-38d2-4284-b3e2-a9384d594028
2026-04-27 02:42:18.020 10 ERROR neutron_lib.callbacks.manager
Traceback (most recent call last):
2026-04-27 02:42:18.020 10 ERROR neutron_lib.callbacks.manager
File "/var/lib/openstack/lib/python3.10/site-packages/neutron_lib/callbacks/manager.py", line 189, in _notify_loop
2026-04-27 02:42:18.020 10 ERROR neutron_lib.callbacks.manager callback.method(resource, event, trigger, payload=payload)
2026-04-27 02:42:18.020 10 ERROR neutron_lib.callbacks.manager
File "/var/lib/openstack/lib/python3.10/site-packages/neutron/services/ovn_l3/plugin.py", line 391, in _port_update
2026-04-27 02:42:18.020 10 ERROR neutron_lib.callbacks.manager l3plugin._ovn_client.update_router_port(context,
2026-04-27 02:42:18.020 10 ERROR neutron_lib.callbacks.manager
File "/var/lib/openstack/lib/python3.10/site-packages/neutron/plugins/ml2/drivers/ovn/mech_driver/ovsdb/ovn_client.py", line 1878, in update_router_port
2026-04-27 02:42:18.020 10 ERROR neutron_lib.callbacks.manager self._update_lrouter_port(context, port, if_exists=if_exists,
2026-04-27 02:42:18.020 10 ERROR neutron_lib.callbacks.manager
File "/var/lib/openstack/lib/python3.10/site-packages/neutron/plugins/ml2/drivers/ovn/mech_driver/ovsdb/ovn_client.py", line 1855, in _update_lrouter_port
2026-04-27 02:42:18.020 10 ERROR neutron_lib.callbacks.manager external_ids = self._nb_idl.db_get(
2026-04-27 02:42:18.020 10 ERROR neutron_lib.callbacks.manager
File "/var/lib/openstack/lib/python3.10/site-packages/ovsdbapp/backend/ovs_idl/command.py", line 47, in execute
2026-04-27 02:42:18.020 10 ERROR neutron_lib.callbacks.manager self.run_idl(None)
2026-04-27 02:42:18.020 10 ERROR neutron_lib.callbacks.manager
File "/var/lib/openstack/lib/python3.10/site-packages/ovsdbapp/backend/ovs_idl/command.py", line 235, in run_idl
2026-04-27 02:42:18.020 10 ERROR neutron_lib.callbacks.manager record = self.api.lookup(self.table, self.record)
2026-04-27 02:42:18.020 10 ERROR neutron_lib.callbacks.manager
File "/var/lib/openstack/lib/python3.10/site-packages/ovsdbapp/backend/ovs_idl/__init__.py", line 184, in lookup
2026-04-27 02:42:18.020 10 ERROR neutron_lib.callbacks.manager return self._lookup(table, record)
2026-04-27 02:42:18.020 10 ERROR neutron_lib.callbacks.manager
File "/var/lib/openstack/lib/python3.10/site-packages/ovsdbapp/backend/ovs_idl/__init__.py", line 235, in _lookup
2026-04-27 02:42:18.020 10 ERROR neutron_lib.callbacks.manager row = idlutils.row_by_value(self, rl.table, rl.column, record)
2026-04-27 02:42:18.020 10 ERROR neutron_lib.callbacks.manager
File "/var/lib/openstack/lib/python3.10/site-packages/ovsdbapp/backend/ovs_idl/idlutils.py", line 114, in row_by_value
2026-04-27 02:42:18.020 10 ERROR neutron_lib.callbacks.manager raise RowNotFound(table=table, col=column, match=match)
2026-04-27 02:42:18.020 10 ERROR neutron_lib.callbacks.manager ovsdbapp.backend.ovs_idl.idlutils.RowNotFound: Cannot find Logical_Router_Port with name=lrp-85df128a-38d2-4284-b3e2-a9384d594028
2026-04-27 02:42:18.020 10 ERROR neutron_lib.callbacks.manager 
2026-04-27 02:42:18.245 9 INFO neutron.plugins.ml2.drivers.ovn.mech_driver.mech_driver [None req-e66e1c73-3690-4534-9534-2c7e1f794d09 - - - - - -] OVN reports status up for port: 85df128a-38d2-4284-b3e2-a9384d594028
2026-04-27 02:42:18.255 9 INFO neutron.plugins.ml2.plugin [None req-e66e1c73-3690-4534-9534-2c7e1f794d09 - - - - - -] Attempt 1 to provision port 85df128a-38d2-4284-b3e2-a9384d594028
2026-04-27 02:42:18.267 10 INFO neutron.db.ovn_revision_numbers_db [None req-29fe0b1c-c407-4a42-a885-c87cc95972f8 67fa436fc5a744cbb4811e172d65033c 1f6be42bf6be4944938619dc5015bd64 - - default default] Successfully bumped revision number for resource 85df128a-38d2-4284-b3e2-a9384d594028 (type: ports) to 1
2026-04-27 02:42:18.339 10 WARNING neutron.scheduler.dhcp_agent_scheduler [None req-29fe0b1c-c407-4a42-a885-c87cc95972f8 67fa436fc5a744cbb4811e172d65033c 1f6be42bf6be4944938619dc5015bd64 - - default default] No more DHCP agents
2026-04-27 02:42:18.341 10 WARNING neutron.api.rpc.agentnotifiers.dhcp_rpc_agent_api [None req-29fe0b1c-c407-4a42-a885-c87cc95972f8 67fa436fc5a744cbb4811e172d65033c 1f6be42bf6be4944938619dc5015bd64 - - default default] Unable to schedule network 96a4cc72-960d-4c7d-aa42-00d1f8342e74: no agents available; will retry on subsequent port and subnet creation events.
2026-04-27 02:42:18.721 9 INFO neutron.db.ovn_revision_numbers_db [None req-e66e1c73-3690-4534-9534-2c7e1f794d09 - - - - - -] Successfully bumped revision number for resource 85df128a-38d2-4284-b3e2-a9384d594028 (type: ports) to 2
2026-04-27 02:42:18.765 10 INFO neutron.db.ovn_revision_numbers_db [None req-29fe0b1c-c407-4a42-a885-c87cc95972f8 67fa436fc5a744cbb4811e172d65033c 1f6be42bf6be4944938619dc5015bd64 - - default default] Successfully bumped revision number for resource 85df128a-38d2-4284-b3e2-a9384d594028 (type: router_ports) to 1
2026-04-27 02:42:18.770 10 INFO neutron.wsgi [None req-29fe0b1c-c407-4a42-a885-c87cc95972f8 67fa436fc5a744cbb4811e172d65033c 1f6be42bf6be4944938619dc5015bd64 - - default default] 10.0.0.219 "PUT /v2.0/routers/de92ec76-39f8-46c4-a2c0-3f1b0b6032d7/add_router_interface HTTP/1.1" status: 200 len: 503 time: 2.7996821
2026-04-27 02:42:18.787 9 WARNING neutron_lib.context [None req-45836866-2262-4438-abbc-c270d733db79 67fa436fc5a744cbb4811e172d65033c 1f6be42bf6be4944938619dc5015bd64 - - default default] Method 'is_advsvc' is deprecated since 2023.2 release (neutron-lib 3.8.0) and will be removed once support for the old RBAC API policies will be removed from Neutron. Please use method 'is_service_role' instead.
2026-04-27 02:42:18.834 10 INFO neutron.db.ovn_revision_numbers_db [None req-a7a4395f-8465-4369-a131-69ac17159ba4 1f6c72ecd8664957a2347edd69858b2e e6ed90169e6849e8835ffc7bb1967d96 - - default default] Successfully bumped revision number for resource 76055903-9b5f-4ddf-b079-20f0b2255a02 (type: security_groups) to 1
2026-04-27 02:42:18.847 10 INFO neutron.db.ovn_revision_numbers_db [None req-a7a4395f-8465-4369-a131-69ac17159ba4 1f6c72ecd8664957a2347edd69858b2e e6ed90169e6849e8835ffc7bb1967d96 - - default default] Successfully bumped revision number for resource 4156695e-10b4-4a5e-b3d6-804ab01df659 (type: security_group_rules) to 0
2026-04-27 02:42:18.860 10 INFO neutron.db.ovn_revision_numbers_db [None req-a7a4395f-8465-4369-a131-69ac17159ba4 1f6c72ecd8664957a2347edd69858b2e e6ed90169e6849e8835ffc7bb1967d96 - - default default] Successfully bumped revision number for resource 6dfb0419-ff2d-4880-928d-4b582bf9c303 (type: security_group_rules) to 0
2026-04-27 02:42:18.873 10 INFO neutron.db.ovn_revision_numbers_db [None req-a7a4395f-8465-4369-a131-69ac17159ba4 1f6c72ecd8664957a2347edd69858b2e e6ed90169e6849e8835ffc7bb1967d96 - - default default] Successfully bumped revision number for resource cff845ee-992d-444c-b0c0-9f7c9c488044 (type: security_group_rules) to 0
2026-04-27 02:42:18.887 10 INFO neutron.db.ovn_revision_numbers_db [None req-a7a4395f-8465-4369-a131-69ac17159ba4 1f6c72ecd8664957a2347edd69858b2e e6ed90169e6849e8835ffc7bb1967d96 - - default default] Successfully bumped revision number for resource d9a7355f-152d-44fe-86e7-5f8bb740d83a (type: security_group_rules) to 0
2026-04-27 02:42:18.911 10 INFO neutron.wsgi [None req-a7a4395f-8465-4369-a131-69ac17159ba4 1f6c72ecd8664957a2347edd69858b2e e6ed90169e6849e8835ffc7bb1967d96 - - default default] 10.0.0.219 "GET /v2.0/security-groups?tenant_id=ae869b5ff0474d619186c982f3f2b41b&name=default HTTP/1.1" status: 200 len: 3120 time: 0.3723090
2026-04-27 02:42:19.164 10 INFO neutron.wsgi [None req-5bb8f150-be3c-431f-a77b-7a31dd7e74e1 1f6c72ecd8664957a2347edd69858b2e e6ed90169e6849e8835ffc7bb1967d96 - - default default] 10.0.0.219 "DELETE /v2.0/security-groups/76055903-9b5f-4ddf-b079-20f0b2255a02 HTTP/1.1" status: 204 len: 168 time: 0.2467096
2026-04-27 02:42:19.365 9 INFO neutron.db.ovn_revision_numbers_db [None req-e66e1c73-3690-4534-9534-2c7e1f794d09 - - - - - -] Successfully bumped revision number for resource 85df128a-38d2-4284-b3e2-a9384d594028 (type: router_ports) to 2
2026-04-27 02:42:19.371 10 INFO neutron.db.ovn_revision_numbers_db [None req-5723ce86-9a48-4379-8d4a-f9b05c81783a 1f6c72ecd8664957a2347edd69858b2e e6ed90169e6849e8835ffc7bb1967d96 - - default default] Successfully bumped revision number for resource 5e504cde-6f88-4087-b7e0-9a4dfecb4b7f (type: security_groups) to 1
2026-04-27 02:42:19.389 10 INFO neutron.db.ovn_revision_numbers_db [None req-5723ce86-9a48-4379-8d4a-f9b05c81783a 1f6c72ecd8664957a2347edd69858b2e e6ed90169e6849e8835ffc7bb1967d96 - - default default] Successfully bumped revision number for resource 140f8691-3004-4f2b-a6d6-150f561ca226 (type: security_group_rules) to 0
2026-04-27 02:42:19.409 10 INFO neutron.db.ovn_revision_numbers_db [None req-5723ce86-9a48-4379-8d4a-f9b05c81783a 1f6c72ecd8664957a2347edd69858b2e e6ed90169e6849e8835ffc7bb1967d96 - - default default] Successfully bumped revision number for resource 7e696564-16b1-4e1d-920d-e65d11f401b0 (type: security_group_rules) to 0
2026-04-27 02:42:19.436 10 INFO neutron.db.ovn_revision_numbers_db [None req-5723ce86-9a48-4379-8d4a-f9b05c81783a 1f6c72ecd8664957a2347edd69858b2e e6ed90169e6849e8835ffc7bb1967d96 - - default default] Successfully bumped revision number for resource b5c08f49-7bd8-4529-b6ea-82677048a57d (type: security_group_rules) to 0
2026-04-27 02:42:19.454 10 INFO neutron.db.ovn_revision_numbers_db [None req-5723ce86-9a48-4379-8d4a-f9b05c81783a 1f6c72ecd8664957a2347edd69858b2e e6ed90169e6849e8835ffc7bb1967d96 - - default default] Successfully bumped revision number for resource ef7f220d-aee9-491b-984f-8958065b171d (type: security_group_rules) to 0
2026-04-27 02:42:19.477 10 INFO neutron.wsgi [None req-5723ce86-9a48-4379-8d4a-f9b05c81783a 1f6c72ecd8664957a2347edd69858b2e e6ed90169e6849e8835ffc7bb1967d96 - - default default] 10.0.0.219 "GET /v2.0/security-groups?tenant_id=00508978ee124f02975e2d43bac187f5&name=default HTTP/1.1" status: 200 len: 3120 time: 0.2352774
2026-04-27 02:42:19.710 10 INFO neutron.wsgi [None req-90f5d810-74af-4969-a15e-ed01589d6c59 1f6c72ecd8664957a2347edd69858b2e e6ed90169e6849e8835ffc7bb1967d96 - - default default] 10.0.0.219 "DELETE /v2.0/security-groups/5e504cde-6f88-4087-b7e0-9a4dfecb4b7f HTTP/1.1" status: 204 len: 168 time: 0.2290804
2026-04-27 02:42:19.884 9 WARNING neutron.scheduler.dhcp_agent_scheduler [None req-45836866-2262-4438-abbc-c270d733db79 67fa436fc5a744cbb4811e172d65033c 1f6be42bf6be4944938619dc5015bd64 - - default default] No more DHCP agents
2026-04-27 02:42:19.886 9 WARNING neutron.api.rpc.agentnotifiers.dhcp_rpc_agent_api [None req-45836866-2262-4438-abbc-c270d733db79 67fa436fc5a744cbb4811e172d65033c 1f6be42bf6be4944938619dc5015bd64 - - default default] Unable to schedule network 1afed879-a56d-40fb-a1c7-497ae1e04522: no agents available; will retry on subsequent port and subnet creation events.
2026-04-27 02:42:20.015 10 INFO neutron.wsgi [None req-02718c9b-316f-491d-93b1-c537a6d7f237 2b95fff5fb7e427980ec83840144a735 3d858cead0f64e81a8f7559e819288bf - - default default] 10.0.0.219 "GET /v2.0/ports?project_id=8bbe1e220be241bdae98194c8a835657&network_id=7b3a5ec5-f062-4d2d-96ba-5eab91fdcac1 HTTP/1.1" status: 200 len: 3510 time: 0.0675459
2026-04-27 02:42:20.078 9 INFO neutron.db.ovn_revision_numbers_db [None req-45836866-2262-4438-abbc-c270d733db79 67fa436fc5a744cbb4811e172d65033c 1f6be42bf6be4944938619dc5015bd64 - - default default] Successfully bumped revision number for resource bd67e56e-210d-4d1b-9479-5cf593770854 (type: ports) to 1
2026-04-27 02:42:20.261 10 INFO neutron.wsgi [None req-80d9b6cb-4c1b-4831-ac72-8d1b241dfc31 2b95fff5fb7e427980ec83840144a735 3d858cead0f64e81a8f7559e819288bf - - default default] 10.0.0.219 "GET /v2.0/subnets?network_id=1afed879-a56d-40fb-a1c7-497ae1e04522 HTTP/1.1" status: 200 len: 838 time: 0.0346005
2026-04-27 02:42:20.339 9 INFO neutron.db.ovn_revision_numbers_db [None req-45836866-2262-4438-abbc-c270d733db79 67fa436fc5a744cbb4811e172d65033c 1f6be42bf6be4944938619dc5015bd64 - - default default] Successfully bumped revision number for resource bd67e56e-210d-4d1b-9479-5cf593770854 (type: ports) to 1
2026-04-27 02:42:20.398 9 INFO neutron.db.segments_db [None req-45836866-2262-4438-abbc-c270d733db79 67fa436fc5a744cbb4811e172d65033c 1f6be42bf6be4944938619dc5015bd64 - - default default] Added segment 18a78756-3f6c-4ad4-a01b-30f6f7eaad59 of type geneve for network be18be0b-2c35-472b-98d9-c1a650fc7579
2026-04-27 02:42:20.577 9 INFO neutron.db.ovn_revision_numbers_db [None req-45836866-2262-4438-abbc-c270d733db79 67fa436fc5a744cbb4811e172d65033c 1f6be42bf6be4944938619dc5015bd64 - - default default] Successfully bumped revision number for resource be18be0b-2c35-472b-98d9-c1a650fc7579 (type: networks) to 1
2026-04-27 02:42:20.581 9 INFO neutron.wsgi [-] 10.0.0.113 "GET / HTTP/1.1" status: 200 len: 246 time: 0.0022244
2026-04-27 02:42:20.584 9 INFO neutron.wsgi [-] 10.0.0.113 "GET / HTTP/1.1" status: 200 len: 246 time: 0.0014422
2026-04-27 02:42:20.709 10 INFO neutron.db.ovn_revision_numbers_db [None req-0aa26945-438c-4b27-ab46-3e7ec3edd23c 8a5ccb08c3884af98b36b15cfc2fe8b0 8bbe1e220be241bdae98194c8a835657 - - default default] Successfully bumped revision number for resource 5498886f-7935-437d-a759-243493426b20 (type: floatingips) to 2
2026-04-27 02:42:20.737 9 WARNING neutron.scheduler.dhcp_agent_scheduler [None req-45836866-2262-4438-abbc-c270d733db79 67fa436fc5a744cbb4811e172d65033c 1f6be42bf6be4944938619dc5015bd64 - - default default] No more DHCP agents
2026-04-27 02:42:20.739 9 WARNING neutron.api.rpc.agentnotifiers.dhcp_rpc_agent_api [None req-45836866-2262-4438-abbc-c270d733db79 67fa436fc5a744cbb4811e172d65033c 1f6be42bf6be4944938619dc5015bd64 - - default default] Unable to schedule network be18be0b-2c35-472b-98d9-c1a650fc7579: no agents available; will retry on subsequent port and subnet creation events.
2026-04-27 02:42:20.770 10 INFO neutron.db.l3_db [None req-0aa26945-438c-4b27-ab46-3e7ec3edd23c 8a5ccb08c3884af98b36b15cfc2fe8b0 8bbe1e220be241bdae98194c8a835657 - - default default] Floating IP 5498886f-7935-437d-a759-243493426b20 disassociated. External IP: 10.96.250.208, port: eafb310f-c051-419d-a441-70cf9d5a861b.
2026-04-27 02:42:20.828 10 INFO neutron.wsgi [None req-0aa26945-438c-4b27-ab46-3e7ec3edd23c 8a5ccb08c3884af98b36b15cfc2fe8b0 8bbe1e220be241bdae98194c8a835657 - - default default] 10.0.0.219 "PUT /v2.0/floatingips/5498886f-7935-437d-a759-243493426b20 HTTP/1.1" status: 200 len: 748 time: 0.3769035
2026-04-27 02:42:20.841 9 INFO neutron.db.ovn_revision_numbers_db [None req-45836866-2262-4438-abbc-c270d733db79 67fa436fc5a744cbb4811e172d65033c 1f6be42bf6be4944938619dc5015bd64 - - default default] Successfully bumped revision number for resource e6d32cf9-edbf-4b6d-9542-477ff616cb62 (type: ports) to 1
2026-04-27 02:42:20.863 10 INFO neutron.wsgi [None req-e9b01845-3c23-4b99-ba41-542883987ef5 8a5ccb08c3884af98b36b15cfc2fe8b0 8bbe1e220be241bdae98194c8a835657 - - default default] 10.0.0.219 "GET /v2.0/floatingips/5498886f-7935-437d-a759-243493426b20 HTTP/1.1" status: 200 len: 746 time: 0.0275543
2026-04-27 02:42:20.867 10 INFO neutron.notifiers.nova [-] Nova event matching ['req-34653340-ed24-4095-99e2-3b2a56562fe1'] response: {'name': 'network-changed', 'server_uuid': 'c7ce9a74-20bc-4b25-8a40-a4ff2c09ed97', 'tag': 'eafb310f-c051-419d-a441-70cf9d5a861b', 'status': 'completed', 'code': 200}
2026-04-27 02:42:20.941 10 WARNING neutron.plugins.ml2.drivers.ovn.mech_driver.ovsdb.ovn_client [None req-7c0bb731-d3c6-4903-bb15-094de17c8316 - - - - - -] No hosting information found for port 06a2db2b-bb3d-4d8b-8d1a-a7611c9afe43: RuntimeError: No hosting information found for port 06a2db2b-bb3d-4d8b-8d1a-a7611c9afe43
2026-04-27 02:42:20.950 10 INFO neutron.wsgi [req-1ad45455-50c4-4284-86ac-f40d2c24b6f6 req-7333aca0-e0c5-4b8a-b2ad-e9c2816d5412 ec827a8a7a3f46a3a04d421d8e3e7988 3ade82478ed64c7db8d18762975797e1 - - 3c9a3e2df4314531a21ba8851fd274b4 3c9a3e2df4314531a21ba8851fd274b4] 199.204.45.210 "GET /v2.0/ports?tenant_id=8bbe1e220be241bdae98194c8a835657&device_id=c7ce9a74-20bc-4b25-8a40-a4ff2c09ed97 HTTP/1.1" status: 200 len: 1409 time: 0.0414457
2026-04-27 02:42:21.016 9 WARNING neutron.scheduler.dhcp_agent_scheduler [None req-45836866-2262-4438-abbc-c270d733db79 67fa436fc5a744cbb4811e172d65033c 1f6be42bf6be4944938619dc5015bd64 - - default default] No more DHCP agents
2026-04-27 02:42:21.018 9 WARNING neutron.api.rpc.agentnotifiers.dhcp_rpc_agent_api [None req-45836866-2262-4438-abbc-c270d733db79 67fa436fc5a744cbb4811e172d65033c 1f6be42bf6be4944938619dc5015bd64 - - default default] Unable to schedule network be18be0b-2c35-472b-98d9-c1a650fc7579: no agents available; will retry on subsequent port and subnet creation events.
2026-04-27 02:42:21.020 10 INFO neutron.wsgi [req-1ad45455-50c4-4284-86ac-f40d2c24b6f6 req-94e092ac-de02-4c29-af71-ba35d04c56db ec827a8a7a3f46a3a04d421d8e3e7988 3ade82478ed64c7db8d18762975797e1 - - 3c9a3e2df4314531a21ba8851fd274b4 3c9a3e2df4314531a21ba8851fd274b4] 199.204.45.210 "GET /v2.0/networks?id=7b3a5ec5-f062-4d2d-96ba-5eab91fdcac1 HTTP/1.1" status: 200 len: 959 time: 0.0623579
2026-04-27 02:42:21.048 9 INFO neutron.db.ovn_revision_numbers_db [None req-45836866-2262-4438-abbc-c270d733db79 67fa436fc5a744cbb4811e172d65033c 1f6be42bf6be4944938619dc5015bd64 - - default default] Successfully bumped revision number for resource d5a840c7-b766-4112-b4b2-957822257482 (type: subnets) to 0
2026-04-27 02:42:21.054 10 INFO neutron.wsgi [req-1ad45455-50c4-4284-86ac-f40d2c24b6f6 req-a0791c4e-1765-4f61-b685-efd1268ec193 ec827a8a7a3f46a3a04d421d8e3e7988 3ade82478ed64c7db8d18762975797e1 - - 3c9a3e2df4314531a21ba8851fd274b4 3c9a3e2df4314531a21ba8851fd274b4] 199.204.45.210 "GET /v2.0/floatingips?fixed_ip_address=10.100.0.6&port_id=eafb310f-c051-419d-a441-70cf9d5a861b HTTP/1.1" status: 200 len: 217 time: 0.0245192
2026-04-27 02:42:21.097 10 INFO neutron.wsgi [req-1ad45455-50c4-4284-86ac-f40d2c24b6f6 req-1bbabaeb-276d-4541-9229-d11673fa1110 ec827a8a7a3f46a3a04d421d8e3e7988 3ade82478ed64c7db8d18762975797e1 - - 3c9a3e2df4314531a21ba8851fd274b4 3c9a3e2df4314531a21ba8851fd274b4] 199.204.45.210 "GET /v2.0/subnets?id=d6eb7121-3ae1-4caf-a7c8-304408fff9b2 HTTP/1.1" status: 200 len: 852 time: 0.0343199
2026-04-27 02:42:21.127 10 INFO neutron.wsgi [req-1ad45455-50c4-4284-86ac-f40d2c24b6f6 req-b86e14ef-3bd1-49f1-9bf2-9f2f8e1ab042 ec827a8a7a3f46a3a04d421d8e3e7988 3ade82478ed64c7db8d18762975797e1 - - 3c9a3e2df4314531a21ba8851fd274b4 3c9a3e2df4314531a21ba8851fd274b4] 199.204.45.210 "GET /v2.0/ports?network_id=7b3a5ec5-f062-4d2d-96ba-5eab91fdcac1&device_owner=network%3Adhcp HTTP/1.1" status: 200 len: 210 time: 0.0225670
2026-04-27 02:42:21.193 10 INFO neutron.wsgi [req-1ad45455-50c4-4284-86ac-f40d2c24b6f6 req-9340a476-658f-4e56-aef2-b79a00acac4d ec827a8a7a3f46a3a04d421d8e3e7988 3ade82478ed64c7db8d18762975797e1 - - 3c9a3e2df4314531a21ba8851fd274b4 3c9a3e2df4314531a21ba8851fd274b4] 199.204.45.210 "GET /v2.0/networks/7b3a5ec5-f062-4d2d-96ba-5eab91fdcac1?fields=segments HTTP/1.1" status: 200 len: 212 time: 0.0585861
2026-04-27 02:42:21.265 10 INFO neutron.wsgi [req-1ad45455-50c4-4284-86ac-f40d2c24b6f6 req-87b31353-0626-4db2-8792-0e5eb493c42f ec827a8a7a3f46a3a04d421d8e3e7988 3ade82478ed64c7db8d18762975797e1 - - 3c9a3e2df4314531a21ba8851fd274b4 3c9a3e2df4314531a21ba8851fd274b4] 199.204.45.210 "GET /v2.0/networks/7b3a5ec5-f062-4d2d-96ba-5eab91fdcac1?fields=provider%3Aphysical_network&fields=provider%3Anetwork_type HTTP/1.1" status: 200 len: 277 time: 0.0672581
2026-04-27 02:42:21.502 9 WARNING neutron.scheduler.dhcp_agent_scheduler [None req-45836866-2262-4438-abbc-c270d733db79 67fa436fc5a744cbb4811e172d65033c 1f6be42bf6be4944938619dc5015bd64 - - default default] No more DHCP agents
2026-04-27 02:42:21.503 9 WARNING neutron.api.rpc.agentnotifiers.dhcp_rpc_agent_api [None req-45836866-2262-4438-abbc-c270d733db79 67fa436fc5a744cbb4811e172d65033c 1f6be42bf6be4944938619dc5015bd64 - - default default] Unable to schedule network be18be0b-2c35-472b-98d9-c1a650fc7579: no agents available; will retry on subsequent port and subnet creation events.
2026-04-27 02:42:21.674 9 INFO neutron.db.ovn_revision_numbers_db [None req-45836866-2262-4438-abbc-c270d733db79 67fa436fc5a744cbb4811e172d65033c 1f6be42bf6be4944938619dc5015bd64 - - default default] Successfully bumped revision number for resource ae162e2d-0253-4e05-80c9-b67fbcac8a8c (type: ports) to 1
2026-04-27 02:42:21.937 10 WARNING neutron_lib.context [None req-12909541-3e05-492e-9255-c13f0d7cded7 8a5ccb08c3884af98b36b15cfc2fe8b0 8bbe1e220be241bdae98194c8a835657 - - default default] Method 'is_advsvc' is deprecated since 2023.2 release (neutron-lib 3.8.0) and will be removed once support for the old RBAC API policies will be removed from Neutron. Please use method 'is_service_role' instead.
2026-04-27 02:42:22.090 10 INFO neutron.db.ovn_revision_numbers_db [None req-12909541-3e05-492e-9255-c13f0d7cded7 8a5ccb08c3884af98b36b15cfc2fe8b0 8bbe1e220be241bdae98194c8a835657 - - default default] Successfully bumped revision number for resource 3ea4e8ec-466c-409e-8963-35ae158e1915 (type: security_groups) to 1
2026-04-27 02:42:22.105 10 INFO neutron.db.ovn_revision_numbers_db [None req-12909541-3e05-492e-9255-c13f0d7cded7 8a5ccb08c3884af98b36b15cfc2fe8b0 8bbe1e220be241bdae98194c8a835657 - - default default] Successfully bumped revision number for resource 3809af10-715a-4a4a-bbc1-3d524bb59ea7 (type: security_group_rules) to 0
2026-04-27 02:42:22.138 10 INFO neutron.db.ovn_revision_numbers_db [None req-12909541-3e05-492e-9255-c13f0d7cded7 8a5ccb08c3884af98b36b15cfc2fe8b0 8bbe1e220be241bdae98194c8a835657 - - default default] Successfully bumped revision number for resource 648bd430-1a71-4cd9-bc4f-595bb7516a08 (type: security_group_rules) to 0
2026-04-27 02:42:22.166 10 INFO neutron.wsgi [None req-12909541-3e05-492e-9255-c13f0d7cded7 8a5ccb08c3884af98b36b15cfc2fe8b0 8bbe1e220be241bdae98194c8a835657 - - default default] 10.0.0.219 "POST /v2.0/security-groups HTTP/1.1" status: 201 len: 1871 time: 0.2359097
2026-04-27 02:42:22.181 10 WARNING neutron_lib.context [None req-b78ce3fc-141d-4c7a-9f42-a19e7e3d7a28 8a5ccb08c3884af98b36b15cfc2fe8b0 8bbe1e220be241bdae98194c8a835657 - - default default] Method 'is_advsvc' is deprecated since 2023.2 release (neutron-lib 3.8.0) and will be removed once support for the old RBAC API policies will be removed from Neutron. Please use method 'is_service_role' instead.
2026-04-27 02:42:22.198 10 INFO neutron.wsgi [req-c87a89f1-12cb-483c-84b6-803ff736f028 req-dea88366-dca9-4a21-86d0-e8c9a8657bd5 af5f706ff0844a5a813c09b0e09335b1 18078b25f4e642759c88611307754fca - - default default] 10.0.0.64 "GET /v2.0/ports?device_id=851e8ee8-2680-47d0-a729-7214e81303df HTTP/1.1" status: 200 len: 1214 time: 0.1384428
2026-04-27 02:42:22.266 10 INFO neutron.wsgi [req-c87a89f1-12cb-483c-84b6-803ff736f028 req-4c566f14-198e-456d-b34c-3d79cf901d0e af5f706ff0844a5a813c09b0e09335b1 18078b25f4e642759c88611307754fca - - default default] 10.0.0.64 "GET /v2.0/security-groups?id=473c1188-c61a-41f0-8b94-e00b4628fef2&id=2447e46b-894b-4e1a-b069-74631d746674&fields=id&fields=name HTTP/1.1" status: 200 len: 405 time: 0.0581942
2026-04-27 02:42:22.397 10 INFO neutron.db.ovn_revision_numbers_db [None req-b78ce3fc-141d-4c7a-9f42-a19e7e3d7a28 8a5ccb08c3884af98b36b15cfc2fe8b0 8bbe1e220be241bdae98194c8a835657 - - default default] Successfully bumped revision number for resource 9568cd2d-8123-48e5-93b2-3c8f02871aad (type: security_group_rules) to 0
2026-04-27 02:42:22.439 10 INFO neutron.wsgi [None req-b78ce3fc-141d-4c7a-9f42-a19e7e3d7a28 8a5ccb08c3884af98b36b15cfc2fe8b0 8bbe1e220be241bdae98194c8a835657 - - default default] 10.0.0.219 "POST /v2.0/security-group-rules HTTP/1.1" status: 201 len: 796 time: 0.2650805
2026-04-27 02:42:22.452 10 WARNING neutron_lib.context [None req-2e03dc1c-4f98-4b0c-932f-05213c975fc1 8a5ccb08c3884af98b36b15cfc2fe8b0 8bbe1e220be241bdae98194c8a835657 - - default default] Method 'is_advsvc' is deprecated since 2023.2 release (neutron-lib 3.8.0) and will be removed once support for the old RBAC API policies will be removed from Neutron. Please use method 'is_service_role' instead.
2026-04-27 02:42:22.573 9 ERROR ovsdbapp.backend.ovs_idl.command [None req-45836866-2262-4438-abbc-c270d733db79 67fa436fc5a744cbb4811e172d65033c 1f6be42bf6be4944938619dc5015bd64 - - default default] Error executing command (DbGetCommand): ovsdbapp.backend.ovs_idl.idlutils.RowNotFound: Cannot find Logical_Router_Port with name=lrp-ae162e2d-0253-4e05-80c9-b67fbcac8a8c
2026-04-27 02:42:22.573 9 ERROR ovsdbapp.backend.ovs_idl.command
Traceback (most recent call last):
2026-04-27 02:42:22.573 9 ERROR ovsdbapp.backend.ovs_idl.command
File "/var/lib/openstack/lib/python3.10/site-packages/ovsdbapp/backend/ovs_idl/command.py", line 47, in execute
2026-04-27 02:42:22.573 9 ERROR ovsdbapp.backend.ovs_idl.command self.run_idl(None)
2026-04-27 02:42:22.573 9 ERROR ovsdbapp.backend.ovs_idl.command
File "/var/lib/openstack/lib/python3.10/site-packages/ovsdbapp/backend/ovs_idl/command.py", line 235, in run_idl
2026-04-27 02:42:22.573 9 ERROR ovsdbapp.backend.ovs_idl.command record = self.api.lookup(self.table, self.record)
2026-04-27 02:42:22.573 9 ERROR ovsdbapp.backend.ovs_idl.command
File "/var/lib/openstack/lib/python3.10/site-packages/ovsdbapp/backend/ovs_idl/__init__.py", line 184, in lookup
2026-04-27 02:42:22.573 9 ERROR ovsdbapp.backend.ovs_idl.command return self._lookup(table, record)
2026-04-27 02:42:22.573 9 ERROR ovsdbapp.backend.ovs_idl.command
File "/var/lib/openstack/lib/python3.10/site-packages/ovsdbapp/backend/ovs_idl/__init__.py", line 235, in _lookup
2026-04-27 02:42:22.573 9 ERROR ovsdbapp.backend.ovs_idl.command row = idlutils.row_by_value(self, rl.table, rl.column, record)
2026-04-27 02:42:22.573 9 ERROR ovsdbapp.backend.ovs_idl.command
File "/var/lib/openstack/lib/python3.10/site-packages/ovsdbapp/backend/ovs_idl/idlutils.py", line 114, in row_by_value
2026-04-27 02:42:22.573 9 ERROR ovsdbapp.backend.ovs_idl.command raise RowNotFound(table=table, col=column, match=match)
2026-04-27 02:42:22.573 9 ERROR ovsdbapp.backend.ovs_idl.command ovsdbapp.backend.ovs_idl.idlutils.RowNotFound: Cannot find Logical_Router_Port with name=lrp-ae162e2d-0253-4e05-80c9-b67fbcac8a8c
2026-04-27 02:42:22.573 9 ERROR ovsdbapp.backend.ovs_idl.command 
2026-04-27 02:42:22.574 9 ERROR neutron_lib.callbacks.manager [None req-45836866-2262-4438-abbc-c270d733db79 67fa436fc5a744cbb4811e172d65033c 1f6be42bf6be4944938619dc5015bd64 - - default default] Error during notification for neutron.services.ovn_l3.plugin.OVNL3RouterPlugin._port_update-8771891537647 port, after_update: ovsdbapp.backend.ovs_idl.idlutils.RowNotFound: Cannot find Logical_Router_Port with name=lrp-ae162e2d-0253-4e05-80c9-b67fbcac8a8c
2026-04-27 02:42:22.574 9 ERROR neutron_lib.callbacks.manager
Traceback (most recent call last):
2026-04-27 02:42:22.574 9 ERROR neutron_lib.callbacks.manager
File "/var/lib/openstack/lib/python3.10/site-packages/neutron_lib/callbacks/manager.py", line 189, in _notify_loop
2026-04-27 02:42:22.574 9 ERROR neutron_lib.callbacks.manager callback.method(resource, event, trigger, payload=payload)
2026-04-27 02:42:22.574 9 ERROR neutron_lib.callbacks.manager
File "/var/lib/openstack/lib/python3.10/site-packages/neutron/services/ovn_l3/plugin.py", line 391, in _port_update
2026-04-27 02:42:22.574 9 ERROR neutron_lib.callbacks.manager l3plugin._ovn_client.update_router_port(context,
2026-04-27 02:42:22.574 9 ERROR neutron_lib.callbacks.manager
File "/var/lib/openstack/lib/python3.10/site-packages/neutron/plugins/ml2/drivers/ovn/mech_driver/ovsdb/ovn_client.py", line 1878, in update_router_port
2026-04-27 02:42:22.574 9 ERROR neutron_lib.callbacks.manager self._update_lrouter_port(context, port, if_exists=if_exists,
2026-04-27 02:42:22.574 9 ERROR neutron_lib.callbacks.manager
File "/var/lib/openstack/lib/python3.10/site-packages/neutron/plugins/ml2/drivers/ovn/mech_driver/ovsdb/ovn_client.py", line 1855, in _update_lrouter_port
2026-04-27 02:42:22.574 9 ERROR neutron_lib.callbacks.manager external_ids = self._nb_idl.db_get(
2026-04-27 02:42:22.574 9 ERROR neutron_lib.callbacks.manager
File "/var/lib/openstack/lib/python3.10/site-packages/ovsdbapp/backend/ovs_idl/command.py", line 47, in execute
2026-04-27 02:42:22.574 9 ERROR neutron_lib.callbacks.manager self.run_idl(None)
2026-04-27 02:42:22.574 9 ERROR neutron_lib.callbacks.manager
File "/var/lib/openstack/lib/python3.10/site-packages/ovsdbapp/backend/ovs_idl/command.py", line 235, in run_idl
2026-04-27 02:42:22.574 9 ERROR neutron_lib.callbacks.manager record = self.api.lookup(self.table, self.record)
2026-04-27 02:42:22.574 9 ERROR neutron_lib.callbacks.manager
File "/var/lib/openstack/lib/python3.10/site-packages/ovsdbapp/backend/ovs_idl/__init__.py", line 184, in lookup
2026-04-27 02:42:22.574 9 ERROR neutron_lib.callbacks.manager return self._lookup(table, record)
2026-04-27 02:42:22.574 9 ERROR neutron_lib.callbacks.manager
File "/var/lib/openstack/lib/python3.10/site-packages/ovsdbapp/backend/ovs_idl/__init__.py", line 235, in _lookup
2026-04-27 02:42:22.574 9 ERROR neutron_lib.callbacks.manager row = idlutils.row_by_value(self, rl.table, rl.column, record)
2026-04-27 02:42:22.574 9 ERROR neutron_lib.callbacks.manager
File "/var/lib/openstack/lib/python3.10/site-packages/ovsdbapp/backend/ovs_idl/idlutils.py", line 114, in row_by_value
2026-04-27 02:42:22.574 9 ERROR neutron_lib.callbacks.manager raise RowNotFound(table=table, col=column, match=match)
2026-04-27 02:42:22.574 9 ERROR neutron_lib.callbacks.manager ovsdbapp.backend.ovs_idl.idlutils.RowNotFound: Cannot find Logical_Router_Port with name=lrp-ae162e2d-0253-4e05-80c9-b67fbcac8a8c
2026-04-27 02:42:22.574 9 ERROR neutron_lib.callbacks.manager 
