2026-04-27 02:37:20.581 10 INFO neutron.wsgi [-] 10.0.0.113 "GET / HTTP/1.1" status: 200 len: 246 time: 0.0027640
2026-04-27 02:37:24.142 10 INFO neutron.wsgi [None req-6416296d-2759-4957-a46e-ecca72f138ef 1f6c72ecd8664957a2347edd69858b2e e6ed90169e6849e8835ffc7bb1967d96 - - default default] 199.204.45.210,10.0.0.113 "GET /v2.0/networks?name=public HTTP/1.1" status: 200 len: 928 time: 0.1269333
2026-04-27 02:37:35.582 9 INFO neutron.wsgi [-] 10.0.0.113 "GET / HTTP/1.1" status: 200 len: 246 time: 0.0026178
2026-04-27 02:37:35.582 10 INFO neutron.wsgi [-] 10.0.0.113 "GET / HTTP/1.1" status: 200 len: 246 time: 0.0027456
2026-04-27 02:37:50.582 9 INFO neutron.wsgi [-] 10.0.0.113 "GET / HTTP/1.1" status: 200 len: 246 time: 0.0027099
2026-04-27 02:37:50.582 10 INFO neutron.wsgi [-] 10.0.0.113 "GET / HTTP/1.1" status: 200 len: 246 time: 0.0027826 /var/lib/openstack/lib/python3.10/site-packages/pycadf/identifier.py:71: UserWarning: Invalid uuid: neutron. To ensure interoperability, identifiers should be a valid uuid. warnings.warn(('Invalid uuid: %s. To ensure interoperability, '
2026-04-27 02:38:05.141 10 INFO neutron.wsgi [None req-8f6459bd-fcd6-4402-8e50-a3dacf2321a6 1f6c72ecd8664957a2347edd69858b2e e6ed90169e6849e8835ffc7bb1967d96 - - default default] 10.0.0.219 "GET /v2.0/networks HTTP/1.1" status: 200 len: 2368 time: 0.3127227
2026-04-27 02:38:05.582 9 INFO neutron.wsgi [-] 10.0.0.113 "GET / HTTP/1.1" status: 200 len: 246 time: 0.0032768
2026-04-27 02:38:05.582 10 INFO neutron.wsgi [-] 10.0.0.113 "GET / HTTP/1.1" status: 200 len: 246 time: 0.0029349
2026-04-27 02:38:06.303 9 INFO neutron.wsgi [None req-5096b515-9d79-4407-9103-1e72723c59d7 1f6c72ecd8664957a2347edd69858b2e e6ed90169e6849e8835ffc7bb1967d96 - - default default] 10.0.0.219 "GET /v2.0/floatingips HTTP/1.1" status: 200 len: 212 time: 0.0225725
2026-04-27 02:38:06.335 9 INFO neutron.wsgi [None req-5a3729ad-1f04-4c4c-8c42-8f70acded9d1 1f6c72ecd8664957a2347edd69858b2e e6ed90169e6849e8835ffc7bb1967d96 - - default default] 10.0.0.219 "GET /v2.0/routers HTTP/1.1" status: 200 len: 208 time: 0.0278237
2026-04-27 02:38:06.385 9 INFO neutron.wsgi [None req-58a43aa7-0516-41b7-98c5-4e818d11369e 1f6c72ecd8664957a2347edd69858b2e e6ed90169e6849e8835ffc7bb1967d96 - - default default] 10.0.0.219 "GET /v2.0/ports HTTP/1.1" status: 200 len: 5370 time: 0.0446508
2026-04-27 02:38:06.423 9 INFO neutron.wsgi [None req-0959779d-0f63-4814-87d3-162431baa8ef 1f6c72ecd8664957a2347edd69858b2e e6ed90169e6849e8835ffc7bb1967d96 - - default default] 10.0.0.219 "GET /v2.0/subnets HTTP/1.1" status: 200 len: 1456 time: 0.0319021
2026-04-27 02:38:06.495 9 INFO neutron.wsgi [None req-df525fc4-7aba-48f5-8aab-6226748a0a29 1f6c72ecd8664957a2347edd69858b2e e6ed90169e6849e8835ffc7bb1967d96 - - default default] 10.0.0.219 "GET /v2.0/networks HTTP/1.1" status: 200 len: 2368 time: 0.0668979
2026-04-27 02:38:06.543 9 INFO neutron.wsgi [None req-e0d39ab8-eb09-4e0e-8c7f-d956a7ded437 1f6c72ecd8664957a2347edd69858b2e e6ed90169e6849e8835ffc7bb1967d96 - - default default] 10.0.0.219 "GET /v2.0/security-groups HTTP/1.1" status: 200 len: 17597 time: 0.0426381
2026-04-27 02:38:06.562 9 INFO neutron.wsgi [None req-aefb80ec-7d23-4ae4-8436-3c90890f7a24 1f6c72ecd8664957a2347edd69858b2e e6ed90169e6849e8835ffc7bb1967d96 - - default default] 10.0.0.219 "GET /v2.0/subnetpools HTTP/1.1" status: 200 len: 212 time: 0.0128138
2026-04-27 02:38:13.894 9 INFO neutron.wsgi [None req-733d9a6b-cb78-4951-974c-21858c248607 1f6c72ecd8664957a2347edd69858b2e e6ed90169e6849e8835ffc7bb1967d96 - - default default] 10.0.0.76 "GET /v2.0/networks HTTP/1.1" status: 200 len: 2349 time: 0.1420159
2026-04-27 02:38:13.941 9 INFO neutron.wsgi [None req-8d9fd5f0-3d93-4724-994c-8dacbaa4a42c 1f6c72ecd8664957a2347edd69858b2e e6ed90169e6849e8835ffc7bb1967d96 - - default default] 10.0.0.76 "GET /v2.0/subnets HTTP/1.1" status: 200 len: 1437 time: 0.0428867
2026-04-27 02:38:13.970 9 INFO neutron.wsgi [None req-ff7f5c4f-283a-466f-8fdd-62bf65a163f8 1f6c72ecd8664957a2347edd69858b2e e6ed90169e6849e8835ffc7bb1967d96 - - default default] 10.0.0.76 "GET /v2.0/routers HTTP/1.1" status: 200 len: 189 time: 0.0272119
2026-04-27 02:38:14.011 9 INFO neutron.wsgi [None req-7489197e-5b0c-40b9-9302-e73c9c0f2962 1f6c72ecd8664957a2347edd69858b2e e6ed90169e6849e8835ffc7bb1967d96 - - default default] 10.0.0.76 "GET /v2.0/agents?binary=ovn-controller HTTP/1.1" status: 200 len: 591 time: 0.0409184
2026-04-27 02:38:14.071 9 INFO neutron.wsgi [None req-94ddfd64-1c2e-43f2-854d-7f5c095a53e5 1f6c72ecd8664957a2347edd69858b2e e6ed90169e6849e8835ffc7bb1967d96 - - default default] 10.0.0.76 "GET /v2.0/ports HTTP/1.1" status: 200 len: 5351 time: 0.0539937
2026-04-27 02:38:14.099 9 INFO neutron.wsgi [None req-a9bc7fa8-06a7-49aa-8c66-0c4e0e654f92 1f6c72ecd8664957a2347edd69858b2e e6ed90169e6849e8835ffc7bb1967d96 - - default default] 10.0.0.76 "GET /v2.0/agents HTTP/1.1" status: 200 len: 1390 time: 0.0250857
2026-04-27 02:38:14.123 9 INFO neutron.wsgi [None req-2a793bf2-2fa9-4035-b507-ac3fd4f494f7 1f6c72ecd8664957a2347edd69858b2e e6ed90169e6849e8835ffc7bb1967d96 - - default default] 10.0.0.76 "GET /v2.0/floatingips HTTP/1.1" status: 200 len: 193 time: 0.0230904
2026-04-27 02:38:14.140 9 INFO neutron.wsgi [None req-f0314997-2a09-491c-bb11-627c6d401fd7 1f6c72ecd8664957a2347edd69858b2e e6ed90169e6849e8835ffc7bb1967d96 - - default default] 10.0.0.76 "GET /v2.0/network-ip-availabilities HTTP/1.1" status: 200 len: 1280 time: 0.0151868
2026-04-27 02:38:14.188 9 INFO neutron.wsgi [None req-6f6e111d-f361-4900-bc35-3d9a038a1267 1f6c72ecd8664957a2347edd69858b2e e6ed90169e6849e8835ffc7bb1967d96 - - default default] 10.0.0.76 "GET /v2.0/subnets HTTP/1.1" status: 200 len: 1437 time: 0.0469406
2026-04-27 02:38:14.200 9 INFO neutron.wsgi [None req-4685d8a0-cfb5-475e-b4a5-d41eedc9bffd 1f6c72ecd8664957a2347edd69858b2e e6ed90169e6849e8835ffc7bb1967d96 - - default default] 10.0.0.76 "GET /v2.0/subnetpools HTTP/1.1" status: 200 len: 193 time: 0.0105519
2026-04-27 02:38:14.252 9 INFO neutron.wsgi [None req-23f603ee-3ea2-48a6-a834-edff4b840e88 1f6c72ecd8664957a2347edd69858b2e e6ed90169e6849e8835ffc7bb1967d96 - - default default] 10.0.0.76 "GET /v2.0/security-groups HTTP/1.1" status: 200 len: 17578 time: 0.0517597
2026-04-27 02:38:18.170 10 INFO neutron.db.ovn_revision_numbers_db [None req-a9d31fcb-6cee-4732-a835-f9ecb5fa3b26 1f6c72ecd8664957a2347edd69858b2e e6ed90169e6849e8835ffc7bb1967d96 - - default default] Successfully bumped revision number for resource d19b9142-a2c0-41e9-8e39-9586b6401552 (type: security_groups) to 1
2026-04-27 02:38:18.184 10 INFO neutron.db.ovn_revision_numbers_db [None req-a9d31fcb-6cee-4732-a835-f9ecb5fa3b26 1f6c72ecd8664957a2347edd69858b2e e6ed90169e6849e8835ffc7bb1967d96 - - default default] Successfully bumped revision number for resource 8df22a28-1e32-4937-85c1-661a71f972d5 (type: security_group_rules) to 0
2026-04-27 02:38:18.209 10 INFO neutron.db.ovn_revision_numbers_db [None req-a9d31fcb-6cee-4732-a835-f9ecb5fa3b26 1f6c72ecd8664957a2347edd69858b2e e6ed90169e6849e8835ffc7bb1967d96 - - default default] Successfully bumped revision number for resource 96e08f14-f78f-499d-8e26-849865e5f3b9 (type: security_group_rules) to 0
2026-04-27 02:38:18.220 9 INFO neutron.db.ovn_revision_numbers_db [None req-38b97984-c23d-4c1a-835d-7a8a51709d8f 1f6c72ecd8664957a2347edd69858b2e e6ed90169e6849e8835ffc7bb1967d96 - - default default] Successfully bumped revision number for resource 33ccedd2-2a8e-44f7-aa8d-6953c8996d50 (type: security_groups) to 1
2026-04-27 02:38:18.221 10 INFO neutron.db.ovn_revision_numbers_db [None req-a9d31fcb-6cee-4732-a835-f9ecb5fa3b26 1f6c72ecd8664957a2347edd69858b2e e6ed90169e6849e8835ffc7bb1967d96 - - default default] Successfully bumped revision number for resource ae715307-13ad-4632-859f-31e5a68a1d7a (type: security_group_rules) to 0
2026-04-27 02:38:18.224 9 INFO neutron.db.ovn_revision_numbers_db [None req-533046a3-0be1-40c0-ae52-4b3bbb6bcbe2 1f6c72ecd8664957a2347edd69858b2e e6ed90169e6849e8835ffc7bb1967d96 - - default default] Successfully bumped revision number for resource 88d48def-14b2-467f-abef-67ea280b5421 (type: security_groups) to 1
2026-04-27 02:38:18.231 10 INFO neutron.db.ovn_revision_numbers_db [None req-a9d31fcb-6cee-4732-a835-f9ecb5fa3b26 1f6c72ecd8664957a2347edd69858b2e e6ed90169e6849e8835ffc7bb1967d96 - - default default] Successfully bumped revision number for resource ca1e764c-2cc4-491e-b4d2-bff1836aa02b (type: security_group_rules) to 0
2026-04-27 02:38:18.240 9 INFO neutron.db.ovn_revision_numbers_db [None req-38b97984-c23d-4c1a-835d-7a8a51709d8f 1f6c72ecd8664957a2347edd69858b2e e6ed90169e6849e8835ffc7bb1967d96 - - default default] Successfully bumped revision number for resource 3f53ebbe-089c-4c94-b9db-16464ede6881 (type: security_group_rules) to 0
2026-04-27 02:38:18.243 9 INFO neutron.db.ovn_revision_numbers_db [None req-533046a3-0be1-40c0-ae52-4b3bbb6bcbe2 1f6c72ecd8664957a2347edd69858b2e e6ed90169e6849e8835ffc7bb1967d96 - - default default] Successfully bumped revision number for resource 0b86448a-8999-4b29-9fca-43d536332b77 (type: security_group_rules) to 0
2026-04-27 02:38:18.258 9 INFO neutron.db.ovn_revision_numbers_db [None req-38b97984-c23d-4c1a-835d-7a8a51709d8f 1f6c72ecd8664957a2347edd69858b2e e6ed90169e6849e8835ffc7bb1967d96 - - default default] Successfully bumped revision number for resource 4251b1d2-2023-4386-9e9a-e2d1d5ca6229 (type: security_group_rules) to 0
2026-04-27 02:38:18.259 9 INFO neutron.db.ovn_revision_numbers_db [None req-533046a3-0be1-40c0-ae52-4b3bbb6bcbe2 1f6c72ecd8664957a2347edd69858b2e e6ed90169e6849e8835ffc7bb1967d96 - - default default] Successfully bumped revision number for resource 44e1ee68-52b4-4da9-bc60-b9c60829dfc3 (type: security_group_rules) to 0
2026-04-27 02:38:18.274 9 INFO neutron.db.ovn_revision_numbers_db [None req-533046a3-0be1-40c0-ae52-4b3bbb6bcbe2 1f6c72ecd8664957a2347edd69858b2e e6ed90169e6849e8835ffc7bb1967d96 - - default default] Successfully bumped revision number for resource d39a7e48-54f5-4bfd-be9a-5214491bd2e4 (type: security_group_rules) to 0
2026-04-27 02:38:18.280 9 INFO neutron.db.ovn_revision_numbers_db [None req-38b97984-c23d-4c1a-835d-7a8a51709d8f 1f6c72ecd8664957a2347edd69858b2e e6ed90169e6849e8835ffc7bb1967d96 - - default default] Successfully bumped revision number for resource 808a1ed9-5ec2-4aa5-8d7f-963b4738f489 (type: security_group_rules) to 0
2026-04-27 02:38:18.286 10 INFO neutron.db.segments_db [None req-a9d31fcb-6cee-4732-a835-f9ecb5fa3b26 1f6c72ecd8664957a2347edd69858b2e e6ed90169e6849e8835ffc7bb1967d96 - - default default] Added segment 973b1cd4-b95b-42f3-99c7-69b1cf6d43e7 of type geneve for network a1bea7e2-e67c-4aac-9428-1e55c4f37227
2026-04-27 02:38:18.292 9 INFO neutron.db.ovn_revision_numbers_db [None req-533046a3-0be1-40c0-ae52-4b3bbb6bcbe2 1f6c72ecd8664957a2347edd69858b2e e6ed90169e6849e8835ffc7bb1967d96 - - default default] Successfully bumped revision number for resource f43c7dc1-3b19-427c-9d92-30371913a8c8 (type: security_group_rules) to 0
2026-04-27 02:38:18.296 9 INFO neutron.db.ovn_revision_numbers_db [None req-38b97984-c23d-4c1a-835d-7a8a51709d8f 1f6c72ecd8664957a2347edd69858b2e e6ed90169e6849e8835ffc7bb1967d96 - - default default] Successfully bumped revision number for resource a476046e-fbaf-4ec9-89b6-74cfc6aad5e0 (type: security_group_rules) to 0
2026-04-27 02:38:18.356 9 INFO neutron.db.segments_db [None req-533046a3-0be1-40c0-ae52-4b3bbb6bcbe2 1f6c72ecd8664957a2347edd69858b2e e6ed90169e6849e8835ffc7bb1967d96 - - default default] Added segment 69b54f0e-3deb-45ba-ab1e-32dab1558422 of type geneve for network bbc509de-06ca-443b-8dd3-f4521a8b26b9
2026-04-27 02:38:18.358 9 INFO neutron.db.segments_db [None req-38b97984-c23d-4c1a-835d-7a8a51709d8f 1f6c72ecd8664957a2347edd69858b2e e6ed90169e6849e8835ffc7bb1967d96 - - default default] Added segment 11f52bc4-5467-4598-8a41-16b91efb68fa of type geneve for network 941d79dc-5c07-4aa9-b137-503fea682a9c
2026-04-27 02:38:18.423 10 INFO neutron.db.ovn_revision_numbers_db [None req-a9d31fcb-6cee-4732-a835-f9ecb5fa3b26 1f6c72ecd8664957a2347edd69858b2e e6ed90169e6849e8835ffc7bb1967d96 - - default default] Successfully bumped revision number for resource a1bea7e2-e67c-4aac-9428-1e55c4f37227 (type: networks) to 1
2026-04-27 02:38:18.555 9 INFO neutron.db.ovn_revision_numbers_db [None req-38b97984-c23d-4c1a-835d-7a8a51709d8f 1f6c72ecd8664957a2347edd69858b2e e6ed90169e6849e8835ffc7bb1967d96 - - default default] Successfully bumped revision number for resource 941d79dc-5c07-4aa9-b137-503fea682a9c (type: networks) to 1
2026-04-27 02:38:18.559 9 INFO neutron.db.ovn_revision_numbers_db [None req-533046a3-0be1-40c0-ae52-4b3bbb6bcbe2 1f6c72ecd8664957a2347edd69858b2e e6ed90169e6849e8835ffc7bb1967d96 - - default default] Successfully bumped revision number for resource bbc509de-06ca-443b-8dd3-f4521a8b26b9 (type: networks) to 1
2026-04-27 02:38:18.593 10 WARNING neutron.scheduler.dhcp_agent_scheduler [None req-a9d31fcb-6cee-4732-a835-f9ecb5fa3b26 1f6c72ecd8664957a2347edd69858b2e e6ed90169e6849e8835ffc7bb1967d96 - - default default] No more DHCP agents
2026-04-27 02:38:18.596 10 WARNING neutron.api.rpc.agentnotifiers.dhcp_rpc_agent_api [None req-a9d31fcb-6cee-4732-a835-f9ecb5fa3b26 1f6c72ecd8664957a2347edd69858b2e e6ed90169e6849e8835ffc7bb1967d96 - - default default] Unable to schedule network a1bea7e2-e67c-4aac-9428-1e55c4f37227: no agents available; will retry on subsequent port and subnet creation events.
2026-04-27 02:38:18.692 10 INFO neutron.db.ovn_revision_numbers_db [None req-a9d31fcb-6cee-4732-a835-f9ecb5fa3b26 1f6c72ecd8664957a2347edd69858b2e e6ed90169e6849e8835ffc7bb1967d96 - - default default] Successfully bumped revision number for resource 622a8ca0-85e1-4fd5-aee7-5a91fe0a4741 (type: ports) to 1
2026-04-27 02:38:18.716 10 INFO neutron.wsgi [None req-a9d31fcb-6cee-4732-a835-f9ecb5fa3b26 1f6c72ecd8664957a2347edd69858b2e e6ed90169e6849e8835ffc7bb1967d96 - - default default] 10.0.0.219 "POST /v2.0/networks HTTP/1.1" status: 201 len: 948 time: 0.7941713
2026-04-27 02:38:18.823 9 WARNING neutron.scheduler.dhcp_agent_scheduler [None req-38b97984-c23d-4c1a-835d-7a8a51709d8f 1f6c72ecd8664957a2347edd69858b2e e6ed90169e6849e8835ffc7bb1967d96 - - default default] No more DHCP agents
2026-04-27 02:38:18.826 9 WARNING neutron.api.rpc.agentnotifiers.dhcp_rpc_agent_api [None req-38b97984-c23d-4c1a-835d-7a8a51709d8f 1f6c72ecd8664957a2347edd69858b2e e6ed90169e6849e8835ffc7bb1967d96 - - default default] Unable to schedule network 941d79dc-5c07-4aa9-b137-503fea682a9c: no agents available; will retry on subsequent port and subnet creation events.
2026-04-27 02:38:18.829 9 WARNING neutron.scheduler.dhcp_agent_scheduler [None req-533046a3-0be1-40c0-ae52-4b3bbb6bcbe2 1f6c72ecd8664957a2347edd69858b2e e6ed90169e6849e8835ffc7bb1967d96 - - default default] No more DHCP agents
2026-04-27 02:38:18.837 9 WARNING neutron.api.rpc.agentnotifiers.dhcp_rpc_agent_api [None req-533046a3-0be1-40c0-ae52-4b3bbb6bcbe2 1f6c72ecd8664957a2347edd69858b2e e6ed90169e6849e8835ffc7bb1967d96 - - default default] Unable to schedule network bbc509de-06ca-443b-8dd3-f4521a8b26b9: no agents available; will retry on subsequent port and subnet creation events.
2026-04-27 02:38:18.875 10 WARNING neutron.scheduler.dhcp_agent_scheduler [None req-d7914f89-5ea5-4d99-9b76-828d25007e4f 1f6c72ecd8664957a2347edd69858b2e e6ed90169e6849e8835ffc7bb1967d96 - - default default] No more DHCP agents
2026-04-27 02:38:18.878 10 WARNING neutron.api.rpc.agentnotifiers.dhcp_rpc_agent_api [None req-d7914f89-5ea5-4d99-9b76-828d25007e4f 1f6c72ecd8664957a2347edd69858b2e e6ed90169e6849e8835ffc7bb1967d96 - - default default] Unable to schedule network a1bea7e2-e67c-4aac-9428-1e55c4f37227: no agents available; will retry on subsequent port and subnet creation events.
2026-04-27 02:38:19.082 9 INFO neutron.db.ovn_revision_numbers_db [None req-38b97984-c23d-4c1a-835d-7a8a51709d8f 1f6c72ecd8664957a2347edd69858b2e e6ed90169e6849e8835ffc7bb1967d96 - - default default] Successfully bumped revision number for resource 9b88fa5e-233d-4135-8910-7004f8e1626f (type: ports) to 1
2026-04-27 02:38:19.093 9 INFO neutron.db.ovn_revision_numbers_db [None req-533046a3-0be1-40c0-ae52-4b3bbb6bcbe2 1f6c72ecd8664957a2347edd69858b2e e6ed90169e6849e8835ffc7bb1967d96 - - default default] Successfully bumped revision number for resource 190f1775-9476-4f86-8299-8433d031c578 (type: ports) to 1
2026-04-27 02:38:19.098 9 INFO neutron.db.ovn_revision_numbers_db [None req-6d4d2d45-7f9e-4c9a-8694-6c0312400c61 1f6c72ecd8664957a2347edd69858b2e e6ed90169e6849e8835ffc7bb1967d96 - - default default] Successfully bumped revision number for resource e80b40db-b263-4752-bebf-ddcad9f92710 (type: security_groups) to 1
2026-04-27 02:38:19.110 9 INFO neutron.wsgi [None req-38b97984-c23d-4c1a-835d-7a8a51709d8f 1f6c72ecd8664957a2347edd69858b2e e6ed90169e6849e8835ffc7bb1967d96 - - default default] 10.0.0.219 "POST /v2.0/networks HTTP/1.1" status: 201 len: 944 time: 1.1730056
2026-04-27 02:38:19.116 9 INFO neutron.wsgi [None req-533046a3-0be1-40c0-ae52-4b3bbb6bcbe2 1f6c72ecd8664957a2347edd69858b2e e6ed90169e6849e8835ffc7bb1967d96 - - default default] 10.0.0.219 "POST /v2.0/networks HTTP/1.1" status: 201 len: 945 time: 1.1923172
2026-04-27 02:38:19.117 9 INFO neutron.db.ovn_revision_numbers_db [None req-6d4d2d45-7f9e-4c9a-8694-6c0312400c61 1f6c72ecd8664957a2347edd69858b2e e6ed90169e6849e8835ffc7bb1967d96 - - default default] Successfully bumped revision number for resource 227cdd63-9b74-4e51-b7bc-3e9b31594016 (type: security_group_rules) to 0
2026-04-27 02:38:19.137 9 INFO neutron.db.ovn_revision_numbers_db [None req-6d4d2d45-7f9e-4c9a-8694-6c0312400c61 1f6c72ecd8664957a2347edd69858b2e e6ed90169e6849e8835ffc7bb1967d96 - - default default] Successfully bumped revision number for resource 97ecfa6d-eea8-45d3-a31b-4fb0af6f9474 (type: security_group_rules) to 0
2026-04-27 02:38:19.152 9 INFO neutron.db.ovn_revision_numbers_db [None req-6d4d2d45-7f9e-4c9a-8694-6c0312400c61 1f6c72ecd8664957a2347edd69858b2e e6ed90169e6849e8835ffc7bb1967d96 - - default default] Successfully bumped revision number for resource 9c02f8d0-4183-4cb8-8a3d-fc857839177b (type: security_group_rules) to 0
2026-04-27 02:38:19.184 9 INFO neutron.db.ovn_revision_numbers_db [None req-6d4d2d45-7f9e-4c9a-8694-6c0312400c61 1f6c72ecd8664957a2347edd69858b2e e6ed90169e6849e8835ffc7bb1967d96 - - default default] Successfully bumped revision number for resource e60b9d61-cd22-4d2f-a2b6-78fd4014b6d5 (type: security_group_rules) to 0
2026-04-27 02:38:19.226 9 INFO neutron.wsgi [None req-6d4d2d45-7f9e-4c9a-8694-6c0312400c61 1f6c72ecd8664957a2347edd69858b2e e6ed90169e6849e8835ffc7bb1967d96 - - default default] 10.0.0.219 "GET /v2.0/security-groups?tenant_id=4800d524558046ab8ff6b266ee171196&name=default HTTP/1.1" status: 200 len: 3116 time: 0.5918641
2026-04-27 02:38:19.354 9 WARNING neutron.scheduler.dhcp_agent_scheduler [None req-56ca351c-0a77-46ab-9768-27a25077c3bc 1f6c72ecd8664957a2347edd69858b2e e6ed90169e6849e8835ffc7bb1967d96 - - default default] No more DHCP agents
2026-04-27 02:38:19.356 9 WARNING neutron.api.rpc.agentnotifiers.dhcp_rpc_agent_api [None req-56ca351c-0a77-46ab-9768-27a25077c3bc 1f6c72ecd8664957a2347edd69858b2e e6ed90169e6849e8835ffc7bb1967d96 - - default default] Unable to schedule network 941d79dc-5c07-4aa9-b137-503fea682a9c: no agents available; will retry on subsequent port and subnet creation events.
2026-04-27 02:38:19.449 10 WARNING neutron.scheduler.dhcp_agent_scheduler [None req-a44d4026-3b59-4440-90fb-42334071ba8f 1f6c72ecd8664957a2347edd69858b2e e6ed90169e6849e8835ffc7bb1967d96 - - default default] No more DHCP agents
2026-04-27 02:38:19.451 10 WARNING neutron.api.rpc.agentnotifiers.dhcp_rpc_agent_api [None req-a44d4026-3b59-4440-90fb-42334071ba8f 1f6c72ecd8664957a2347edd69858b2e e6ed90169e6849e8835ffc7bb1967d96 - - default default] Unable to schedule network bbc509de-06ca-443b-8dd3-f4521a8b26b9: no agents available; will retry on subsequent port and subnet creation events.
2026-04-27 02:38:19.573 10 INFO neutron.db.ovn_revision_numbers_db [None req-d7914f89-5ea5-4d99-9b76-828d25007e4f 1f6c72ecd8664957a2347edd69858b2e e6ed90169e6849e8835ffc7bb1967d96 - - default default] Successfully bumped revision number for resource 622a8ca0-85e1-4fd5-aee7-5a91fe0a4741 (type: ports) to 2
2026-04-27 02:38:19.605 9 INFO neutron.wsgi [None req-400f3a27-79fc-426e-aa9b-a4777d0e8762 1f6c72ecd8664957a2347edd69858b2e e6ed90169e6849e8835ffc7bb1967d96 - - default default] 10.0.0.219 "DELETE /v2.0/security-groups/e80b40db-b263-4752-bebf-ddcad9f92710 HTTP/1.1" status: 204 len: 168 time: 0.3714159
2026-04-27 02:38:19.631 10 INFO neutron.db.ovn_revision_numbers_db [None req-d7914f89-5ea5-4d99-9b76-828d25007e4f 1f6c72ecd8664957a2347edd69858b2e e6ed90169e6849e8835ffc7bb1967d96 - - default default] Successfully bumped revision number for resource b29fec27-d808-48b1-8476-36f05a11e4be (type: subnets) to 0
2026-04-27 02:38:19.659 10 INFO neutron.wsgi [None req-d7914f89-5ea5-4d99-9b76-828d25007e4f 1f6c72ecd8664957a2347edd69858b2e e6ed90169e6849e8835ffc7bb1967d96 - - default default] 10.0.0.219 "POST /v2.0/subnets HTTP/1.1" status: 201 len: 869 time: 0.9336877
2026-04-27 02:38:20.048 10 INFO neutron.db.ovn_revision_numbers_db [None req-a44d4026-3b59-4440-90fb-42334071ba8f 1f6c72ecd8664957a2347edd69858b2e e6ed90169e6849e8835ffc7bb1967d96 - - default default] Successfully bumped revision number for resource 190f1775-9476-4f86-8299-8433d031c578 (type: ports) to 2
2026-04-27 02:38:20.091 10 INFO neutron.db.ovn_revision_numbers_db [None req-a44d4026-3b59-4440-90fb-42334071ba8f 1f6c72ecd8664957a2347edd69858b2e e6ed90169e6849e8835ffc7bb1967d96 - - default default] Successfully bumped revision number for resource 598a3e84-5261-4779-aab1-eaeeba779410 (type: subnets) to 0
2026-04-27 02:38:20.113 10 INFO neutron.wsgi [None req-a44d4026-3b59-4440-90fb-42334071ba8f 1f6c72ecd8664957a2347edd69858b2e e6ed90169e6849e8835ffc7bb1967d96 - - default default] 10.0.0.219 "POST /v2.0/subnets HTTP/1.1" status: 201 len: 866 time: 0.9909773
2026-04-27 02:38:20.229 9 INFO neutron.db.ovn_revision_numbers_db [None req-56ca351c-0a77-46ab-9768-27a25077c3bc 1f6c72ecd8664957a2347edd69858b2e e6ed90169e6849e8835ffc7bb1967d96 - - default default] Successfully bumped revision number for resource 9b88fa5e-233d-4135-8910-7004f8e1626f (type: ports) to 2
2026-04-27 02:38:20.290 9 INFO neutron.db.ovn_revision_numbers_db [None req-56ca351c-0a77-46ab-9768-27a25077c3bc 1f6c72ecd8664957a2347edd69858b2e e6ed90169e6849e8835ffc7bb1967d96 - - default default] Successfully bumped revision number for resource 29cf42ba-6a39-4a61-a360-ba6696ae585d (type: subnets) to 0
2026-04-27 02:38:20.314 9 INFO neutron.wsgi [None req-56ca351c-0a77-46ab-9768-27a25077c3bc 1f6c72ecd8664957a2347edd69858b2e e6ed90169e6849e8835ffc7bb1967d96 - - default default] 10.0.0.219 "POST /v2.0/subnets HTTP/1.1" status: 201 len: 866 time: 1.1860564
2026-04-27 02:38:20.539 9 WARNING neutron.scheduler.dhcp_agent_scheduler [None req-ae3397d6-437d-4556-b282-ba729f58025d 1f6c72ecd8664957a2347edd69858b2e e6ed90169e6849e8835ffc7bb1967d96 - - default default] No more DHCP agents
2026-04-27 02:38:20.542 9 WARNING neutron.api.rpc.agentnotifiers.dhcp_rpc_agent_api [None req-ae3397d6-437d-4556-b282-ba729f58025d 1f6c72ecd8664957a2347edd69858b2e e6ed90169e6849e8835ffc7bb1967d96 - - default default] Unable to schedule network 1afed879-a56d-40fb-a1c7-497ae1e04522: no agents available; will retry on subsequent port and subnet creation events.
2026-04-27 02:38:20.580 10 INFO neutron.wsgi [-] 10.0.0.113 "GET / HTTP/1.1" status: 200 len: 246 time: 0.0013759
2026-04-27 02:38:20.581 10 INFO neutron.wsgi [-] 10.0.0.113 "GET / HTTP/1.1" status: 200 len: 246 time: 0.0009475
2026-04-27 02:38:20.777 9 INFO neutron.db.ovn_revision_numbers_db [None req-ae3397d6-437d-4556-b282-ba729f58025d 1f6c72ecd8664957a2347edd69858b2e e6ed90169e6849e8835ffc7bb1967d96 - - default default] Successfully bumped revision number for resource 0ff37a42-52ea-45cd-b880-ed79e5215f0b (type: ports) to 1
2026-04-27 02:38:20.887 10 WARNING neutron.scheduler.dhcp_agent_scheduler [None req-c6189e70-9c78-4ab2-9aa4-f7e717e25ebf 1f6c72ecd8664957a2347edd69858b2e e6ed90169e6849e8835ffc7bb1967d96 - - default default] No more DHCP agents
2026-04-27 02:38:20.890 10 WARNING neutron.api.rpc.agentnotifiers.dhcp_rpc_agent_api [None req-c6189e70-9c78-4ab2-9aa4-f7e717e25ebf 1f6c72ecd8664957a2347edd69858b2e e6ed90169e6849e8835ffc7bb1967d96 - - default default] Unable to schedule network 1afed879-a56d-40fb-a1c7-497ae1e04522: no agents available; will retry on subsequent port and subnet creation events.
2026-04-27 02:38:21.040 10 INFO neutron.db.ovn_revision_numbers_db [None req-c6189e70-9c78-4ab2-9aa4-f7e717e25ebf 1f6c72ecd8664957a2347edd69858b2e e6ed90169e6849e8835ffc7bb1967d96 - - default default] Successfully bumped revision number for resource ad3f8081-1334-44a8-aae7-f104021afa8d (type: ports) to 1
2026-04-27 02:38:21.191 9 WARNING neutron.scheduler.dhcp_agent_scheduler [None req-cc29c9a9-bf05-4946-8116-fa84df5a7f8d 1f6c72ecd8664957a2347edd69858b2e e6ed90169e6849e8835ffc7bb1967d96 - - default default] No more DHCP agents
2026-04-27 02:38:21.199 9 WARNING neutron.api.rpc.agentnotifiers.dhcp_rpc_agent_api [None req-cc29c9a9-bf05-4946-8116-fa84df5a7f8d 1f6c72ecd8664957a2347edd69858b2e e6ed90169e6849e8835ffc7bb1967d96 - - default default] Unable to schedule network 1afed879-a56d-40fb-a1c7-497ae1e04522: no agents available; will retry on subsequent port and subnet creation events.
2026-04-27 02:38:21.327 9 INFO neutron.plugins.ml2.drivers.ovn.mech_driver.ovsdb.extensions.qos [None req-ae3397d6-437d-4556-b282-ba729f58025d 1f6c72ecd8664957a2347edd69858b2e e6ed90169e6849e8835ffc7bb1967d96 - - default default] Starting OVNClientQosExtension
2026-04-27 02:38:21.419 9 INFO neutron.db.ovn_revision_numbers_db [None req-cc29c9a9-bf05-4946-8116-fa84df5a7f8d 1f6c72ecd8664957a2347edd69858b2e e6ed90169e6849e8835ffc7bb1967d96 - - default default] Successfully bumped revision number for resource b9ec237f-b367-494e-99eb-43c0c5edbc16 (type: ports) to 1
2026-04-27 02:38:21.432 10 INFO neutron.plugins.ml2.drivers.ovn.mech_driver.ovsdb.extensions.qos [None req-c6189e70-9c78-4ab2-9aa4-f7e717e25ebf 1f6c72ecd8664957a2347edd69858b2e e6ed90169e6849e8835ffc7bb1967d96 - - default default] Starting OVNClientQosExtension
2026-04-27 02:38:21.868 10 INFO neutron.db.ovn_revision_numbers_db [None req-2e55d4a2-351f-4c7c-8bf3-76b5a53631fb 1f6c72ecd8664957a2347edd69858b2e e6ed90169e6849e8835ffc7bb1967d96 - - default default] Successfully bumped revision number for resource 4df18ea7-ae4f-4ef2-a579-ef50e5f0c48e (type: security_groups) to 1
2026-04-27 02:38:21.884 10 INFO neutron.db.ovn_revision_numbers_db [None req-2e55d4a2-351f-4c7c-8bf3-76b5a53631fb 1f6c72ecd8664957a2347edd69858b2e e6ed90169e6849e8835ffc7bb1967d96 - - default default] Successfully bumped revision number for resource 082108f8-71e3-4fa8-b0f6-1a794793eb85 (type: security_group_rules) to 0
2026-04-27 02:38:21.902 10 INFO neutron.db.ovn_revision_numbers_db [None req-2e55d4a2-351f-4c7c-8bf3-76b5a53631fb 1f6c72ecd8664957a2347edd69858b2e e6ed90169e6849e8835ffc7bb1967d96 - - default default] Successfully bumped revision number for resource c51d8aac-baf0-43ed-b3bd-8634c92a8c67 (type: security_group_rules) to 0
2026-04-27 02:38:21.908 10 INFO neutron.plugins.ml2.drivers.ovn.mech_driver.ovsdb.commands [None req-b6edbee0-7fa2-4325-b6a7-917c29b69ddf - - - - - -] Schedule LRP lrp-ad3f8081-1334-44a8-aae7-f104021afa8d on gateway ae5217f7-6578-4aeb-b314-a1b8b051c6b6 with priority 1
2026-04-27 02:38:21.937 9 INFO neutron.plugins.ml2.drivers.ovn.mech_driver.mech_driver [None req-e66e1c73-3690-4534-9534-2c7e1f794d09 - - - - - -] OVN reports status up for port: ad3f8081-1334-44a8-aae7-f104021afa8d
2026-04-27 02:38:21.938 10 INFO neutron.plugins.ml2.drivers.ovn.mech_driver.ovsdb.ovsdb_monitor [-] Router 4ee46feb-0e2c-4938-b92e-3c0d00ed38b8 is bound to host instance
2026-04-27 02:38:21.950 9 INFO neutron.plugins.ml2.plugin [None req-e66e1c73-3690-4534-9534-2c7e1f794d09 - - - - - -] Attempt 1 to provision port ad3f8081-1334-44a8-aae7-f104021afa8d
2026-04-27 02:38:21.960 10 INFO neutron.db.ovn_revision_numbers_db [None req-2e55d4a2-351f-4c7c-8bf3-76b5a53631fb 1f6c72ecd8664957a2347edd69858b2e e6ed90169e6849e8835ffc7bb1967d96 - - default default] Successfully bumped revision number for resource ceb1ea79-9157-4ef2-8870-8ca2732ea9b5 (type: security_group_rules) to 0
2026-04-27 02:38:22.000 10 INFO neutron.db.ovn_revision_numbers_db [None req-2e55d4a2-351f-4c7c-8bf3-76b5a53631fb 1f6c72ecd8664957a2347edd69858b2e e6ed90169e6849e8835ffc7bb1967d96 - - default default] Successfully bumped revision number for resource dd93ae66-b63f-4058-8d02-87a2177a70bf (type: security_group_rules) to 0
2026-04-27 02:38:22.013 9 INFO neutron.plugins.ml2.drivers.ovn.mech_driver.ovsdb.commands [None req-2f83eadb-83c8-4ead-bed7-3aacb14df636 - - - - - -] Schedule LRP lrp-0ff37a42-52ea-45cd-b880-ed79e5215f0b on gateway ae5217f7-6578-4aeb-b314-a1b8b051c6b6 with priority 1
2026-04-27 02:38:22.013 10 INFO neutron.db.ovn_revision_numbers_db [None req-c6189e70-9c78-4ab2-9aa4-f7e717e25ebf 1f6c72ecd8664957a2347edd69858b2e e6ed90169e6849e8835ffc7bb1967d96 - - default default] Successfully bumped revision number for resource ad3f8081-1334-44a8-aae7-f104021afa8d (type: router_ports) to 1
2026-04-27 02:38:22.058 9 INFO neutron.plugins.ml2.drivers.ovn.mech_driver.ovsdb.ovsdb_monitor [-] Router de501c70-9bf1-4c3a-8ac4-45d18ed8580b is bound to host instance
2026-04-27 02:38:22.059 10 INFO neutron.plugins.ml2.drivers.ovn.mech_driver.mech_driver [None req-7c0bb731-d3c6-4903-bb15-094de17c8316 - - - - - -] OVN reports status up for port: 0ff37a42-52ea-45cd-b880-ed79e5215f0b
2026-04-27 02:38:22.073 10 INFO neutron.db.segments_db [None req-2e55d4a2-351f-4c7c-8bf3-76b5a53631fb 1f6c72ecd8664957a2347edd69858b2e e6ed90169e6849e8835ffc7bb1967d96 - - default default] Added segment b2cddc28-60c6-4a04-9d56-f49f628b7a6a of type geneve for network 1ed9a540-1eb0-4341-9c20-dcabef3025ca
2026-04-27 02:38:22.140 9 INFO neutron.db.ovn_revision_numbers_db [None req-ae3397d6-437d-4556-b282-ba729f58025d 1f6c72ecd8664957a2347edd69858b2e e6ed90169e6849e8835ffc7bb1967d96 - - default default] Successfully bumped revision number for resource 0ff37a42-52ea-45cd-b880-ed79e5215f0b (type: router_ports) to 1
2026-04-27 02:38:22.148 10 INFO neutron.plugins.ml2.plugin [None req-7c0bb731-d3c6-4903-bb15-094de17c8316 - - - - - -] Attempt 1 to provision port 0ff37a42-52ea-45cd-b880-ed79e5215f0b
2026-04-27 02:38:22.247 10 INFO neutron.db.ovn_revision_numbers_db [None req-c6189e70-9c78-4ab2-9aa4-f7e717e25ebf 1f6c72ecd8664957a2347edd69858b2e e6ed90169e6849e8835ffc7bb1967d96 - - default default] Successfully bumped revision number for resource 4ee46feb-0e2c-4938-b92e-3c0d00ed38b8 (type: routers) to 2
2026-04-27 02:38:22.297 10 INFO neutron.wsgi [None req-c6189e70-9c78-4ab2-9aa4-f7e717e25ebf 1f6c72ecd8664957a2347edd69858b2e e6ed90169e6849e8835ffc7bb1967d96 - - default default] 10.0.0.219 "POST /v2.0/routers HTTP/1.1" status: 201 len: 1168 time: 2.1783829
2026-04-27 02:38:22.313 9 INFO neutron.db.ovn_revision_numbers_db [None req-ae3397d6-437d-4556-b282-ba729f58025d 1f6c72ecd8664957a2347edd69858b2e e6ed90169e6849e8835ffc7bb1967d96 - - default default] Successfully bumped revision number for resource de501c70-9bf1-4c3a-8ac4-45d18ed8580b (type: routers) to 2
2026-04-27 02:38:22.378 9 INFO neutron.wsgi [None req-ae3397d6-437d-4556-b282-ba729f58025d 1f6c72ecd8664957a2347edd69858b2e e6ed90169e6849e8835ffc7bb1967d96 - - default default] 10.0.0.219 "POST /v2.0/routers HTTP/1.1" status: 201 len: 1171 time: 2.7130570
2026-04-27 02:38:22.410 10 INFO neutron.db.ovn_revision_numbers_db [None req-2e55d4a2-351f-4c7c-8bf3-76b5a53631fb 1f6c72ecd8664957a2347edd69858b2e e6ed90169e6849e8835ffc7bb1967d96 - - default default] Successfully bumped revision number for resource 1ed9a540-1eb0-4341-9c20-dcabef3025ca (type: networks) to 1
2026-04-27 02:38:22.939 9 INFO neutron.plugins.ml2.drivers.ovn.mech_driver.ovsdb.commands [None req-2f83eadb-83c8-4ead-bed7-3aacb14df636 - - - - - -] Schedule LRP lrp-b9ec237f-b367-494e-99eb-43c0c5edbc16 on gateway ae5217f7-6578-4aeb-b314-a1b8b051c6b6 with priority 1
2026-04-27 02:38:22.958 10 WARNING neutron.scheduler.dhcp_agent_scheduler [None req-2e55d4a2-351f-4c7c-8bf3-76b5a53631fb 1f6c72ecd8664957a2347edd69858b2e e6ed90169e6849e8835ffc7bb1967d96 - - default default] No more DHCP agents
2026-04-27 02:38:22.973 10 WARNING neutron.api.rpc.agentnotifiers.dhcp_rpc_agent_api [None req-2e55d4a2-351f-4c7c-8bf3-76b5a53631fb 1f6c72ecd8664957a2347edd69858b2e e6ed90169e6849e8835ffc7bb1967d96 - - default default] Unable to schedule network 1ed9a540-1eb0-4341-9c20-dcabef3025ca: no agents available; will retry on subsequent port and subnet creation events.
2026-04-27 02:38:23.033 9 INFO neutron.db.ovn_revision_numbers_db [None req-cc29c9a9-bf05-4946-8116-fa84df5a7f8d 1f6c72ecd8664957a2347edd69858b2e e6ed90169e6849e8835ffc7bb1967d96 - - default default] Successfully bumped revision number for resource b9ec237f-b367-494e-99eb-43c0c5edbc16 (type: router_ports) to 1
2026-04-27 02:38:23.155 10 INFO neutron.db.ovn_revision_numbers_db [None req-2e55d4a2-351f-4c7c-8bf3-76b5a53631fb 1f6c72ecd8664957a2347edd69858b2e e6ed90169e6849e8835ffc7bb1967d96 - - default default] Successfully bumped revision number for resource e6dac322-8b8a-4479-9b22-926d35a33b78 (type: ports) to 1
2026-04-27 02:38:23.187 9 INFO neutron.db.ovn_revision_numbers_db [None req-cc29c9a9-bf05-4946-8116-fa84df5a7f8d 1f6c72ecd8664957a2347edd69858b2e e6ed90169e6849e8835ffc7bb1967d96 - - default default] Successfully bumped revision number for resource 3532355d-63b2-4ad6-bd53-81aad8b4fb3d (type: routers) to 2
2026-04-27 02:38:23.210 9 INFO neutron.wsgi [None req-cc29c9a9-bf05-4946-8116-fa84df5a7f8d 1f6c72ecd8664957a2347edd69858b2e e6ed90169e6849e8835ffc7bb1967d96 - - default default] 10.0.0.219 "POST /v2.0/routers HTTP/1.1" status: 201 len: 1168 time: 2.8896956
2026-04-27 02:38:23.215 10 INFO neutron.wsgi [None req-2e55d4a2-351f-4c7c-8bf3-76b5a53631fb 1f6c72ecd8664957a2347edd69858b2e e6ed90169e6849e8835ffc7bb1967d96 - - default default] 10.0.0.219 "POST /v2.0/networks HTTP/1.1" status: 201 len: 950 time: 1.8682127
2026-04-27 02:38:23.488 9 WARNING neutron.scheduler.dhcp_agent_scheduler [None req-373de05c-b5c3-4426-95db-5dcd14854529 1f6c72ecd8664957a2347edd69858b2e e6ed90169e6849e8835ffc7bb1967d96 - - default default] No more DHCP agents
2026-04-27 02:38:23.495 9 WARNING neutron.api.rpc.agentnotifiers.dhcp_rpc_agent_api [None req-373de05c-b5c3-4426-95db-5dcd14854529 1f6c72ecd8664957a2347edd69858b2e e6ed90169e6849e8835ffc7bb1967d96 - - default default] Unable to schedule network bbc509de-06ca-443b-8dd3-f4521a8b26b9: no agents available; will retry on subsequent port and subnet creation events.
2026-04-27 02:38:23.584 10 WARNING neutron.scheduler.dhcp_agent_scheduler [None req-f6bdcdde-9cd1-4cad-9bbf-4ecf98c1cc89 1f6c72ecd8664957a2347edd69858b2e e6ed90169e6849e8835ffc7bb1967d96 - - default default] No more DHCP agents
2026-04-27 02:38:23.596 10 WARNING neutron.api.rpc.agentnotifiers.dhcp_rpc_agent_api [None req-f6bdcdde-9cd1-4cad-9bbf-4ecf98c1cc89 1f6c72ecd8664957a2347edd69858b2e e6ed90169e6849e8835ffc7bb1967d96 - - default default] Unable to schedule network 1ed9a540-1eb0-4341-9c20-dcabef3025ca: no agents available; will retry on subsequent port and subnet creation events.
2026-04-27 02:38:23.623 10 WARNING neutron.scheduler.dhcp_agent_scheduler [None req-88abc0b3-ce17-45c3-aed0-127971df2b49 1f6c72ecd8664957a2347edd69858b2e e6ed90169e6849e8835ffc7bb1967d96 - - default default] No more DHCP agents
2026-04-27 02:38:23.627 10 WARNING neutron.api.rpc.agentnotifiers.dhcp_rpc_agent_api [None req-88abc0b3-ce17-45c3-aed0-127971df2b49 1f6c72ecd8664957a2347edd69858b2e e6ed90169e6849e8835ffc7bb1967d96 - - default default] Unable to schedule network a1bea7e2-e67c-4aac-9428-1e55c4f37227: no agents available; will retry on subsequent port and subnet creation events.
2026-04-27 02:38:23.652 10 INFO neutron.db.ovn_revision_numbers_db [None req-ea7d25b8-de29-4b2e-a44c-616ba7f47818 - - - - - -] Successfully bumped revision number for resource ad3f8081-1334-44a8-aae7-f104021afa8d (type: ports) to 1
2026-04-27 02:38:23.688 9 INFO neutron.db.ovn_revision_numbers_db [None req-18f7a0b4-59d5-4ec2-9963-0e631979e45c - - - - - -] Successfully bumped revision number for resource 0ff37a42-52ea-45cd-b880-ed79e5215f0b (type: ports) to 1
2026-04-27 02:38:23.868 9 INFO neutron.db.ovn_revision_numbers_db [None req-373de05c-b5c3-4426-95db-5dcd14854529 1f6c72ecd8664957a2347edd69858b2e e6ed90169e6849e8835ffc7bb1967d96 - - default default] Successfully bumped revision number for resource 197fdc6c-a68a-44c5-b237-a78192e347f9 (type: ports) to 1
2026-04-27 02:38:23.988 10 INFO neutron.db.ovn_revision_numbers_db [None req-88abc0b3-ce17-45c3-aed0-127971df2b49 1f6c72ecd8664957a2347edd69858b2e e6ed90169e6849e8835ffc7bb1967d96 - - default default] Successfully bumped revision number for resource 45094698-72b6-4fd1-a8a4-23ede617e0f4 (type: ports) to 1
2026-04-27 02:38:24.451 9 WARNING neutron.scheduler.dhcp_agent_scheduler [None req-5aa2f014-b7e7-4315-becc-ef350add5b3b 1f6c72ecd8664957a2347edd69858b2e e6ed90169e6849e8835ffc7bb1967d96 - - default default] No more DHCP agents
2026-04-27 02:38:24.458 9 WARNING neutron.api.rpc.agentnotifiers.dhcp_rpc_agent_api [None req-5aa2f014-b7e7-4315-becc-ef350add5b3b 1f6c72ecd8664957a2347edd69858b2e e6ed90169e6849e8835ffc7bb1967d96 - - default default] Unable to schedule network 941d79dc-5c07-4aa9-b137-503fea682a9c: no agents available; will retry on subsequent port and subnet creation events.
2026-04-27 02:38:24.553 10 INFO neutron.db.ovn_revision_numbers_db [None req-ea7d25b8-de29-4b2e-a44c-616ba7f47818 - - - - - -] Successfully bumped revision number for resource ad3f8081-1334-44a8-aae7-f104021afa8d (type: router_ports) to 3
2026-04-27 02:38:24.810 9 INFO neutron.db.ovn_revision_numbers_db [None req-18f7a0b4-59d5-4ec2-9963-0e631979e45c - - - - - -] Successfully bumped revision number for resource 0ff37a42-52ea-45cd-b880-ed79e5215f0b (type: router_ports) to 3
2026-04-27 02:38:24.896 9 INFO neutron.db.ovn_revision_numbers_db [None req-5aa2f014-b7e7-4315-becc-ef350add5b3b 1f6c72ecd8664957a2347edd69858b2e e6ed90169e6849e8835ffc7bb1967d96 - - default default] Successfully bumped revision number for resource e21e2b46-8cc7-4488-90a8-8bf3300a291b (type: ports) to 1
2026-04-27 02:38:24.945 10 INFO neutron.db.ovn_revision_numbers_db [None req-f6bdcdde-9cd1-4cad-9bbf-4ecf98c1cc89 1f6c72ecd8664957a2347edd69858b2e e6ed90169e6849e8835ffc7bb1967d96 - - default default] Successfully bumped revision number for resource e6dac322-8b8a-4479-9b22-926d35a33b78 (type: ports) to 2
2026-04-27 02:38:25.015 10 INFO neutron.db.ovn_revision_numbers_db [None req-f6bdcdde-9cd1-4cad-9bbf-4ecf98c1cc89 1f6c72ecd8664957a2347edd69858b2e e6ed90169e6849e8835ffc7bb1967d96 - - default default] Successfully bumped revision number for resource d6b251a1-6a08-4dfb-aac5-a8dacc197ade (type: subnets) to 0
2026-04-27 02:38:25.067 10 INFO neutron.wsgi [None req-f6bdcdde-9cd1-4cad-9bbf-4ecf98c1cc89 1f6c72ecd8664957a2347edd69858b2e e6ed90169e6849e8835ffc7bb1967d96 - - default default] 10.0.0.219 "POST /v2.0/subnets HTTP/1.1" status: 201 len: 870 time: 1.8402467
2026-04-27 02:38:25.095 10 INFO neutron.db.ovn_revision_numbers_db [None req-ea7d25b8-de29-4b2e-a44c-616ba7f47818 - - - - - -] Successfully bumped revision number for resource ad3f8081-1334-44a8-aae7-f104021afa8d (type: ports) to 2
2026-04-27 02:38:25.130 9 ERROR ovsdbapp.backend.ovs_idl.command [None req-373de05c-b5c3-4426-95db-5dcd14854529 1f6c72ecd8664957a2347edd69858b2e e6ed90169e6849e8835ffc7bb1967d96 - - default default] Error executing command (DbGetCommand): ovsdbapp.backend.ovs_idl.idlutils.RowNotFound: Cannot find Logical_Router_Port with name=lrp-197fdc6c-a68a-44c5-b237-a78192e347f9
2026-04-27 02:38:25.130 9 ERROR ovsdbapp.backend.ovs_idl.command
Traceback (most recent call last):
2026-04-27 02:38:25.130 9 ERROR ovsdbapp.backend.ovs_idl.command
File "/var/lib/openstack/lib/python3.10/site-packages/ovsdbapp/backend/ovs_idl/command.py", line 47, in execute
2026-04-27 02:38:25.130 9 ERROR ovsdbapp.backend.ovs_idl.command self.run_idl(None)
2026-04-27 02:38:25.130 9 ERROR ovsdbapp.backend.ovs_idl.command
File "/var/lib/openstack/lib/python3.10/site-packages/ovsdbapp/backend/ovs_idl/command.py", line 235, in run_idl
2026-04-27 02:38:25.130 9 ERROR ovsdbapp.backend.ovs_idl.command record = self.api.lookup(self.table, self.record)
2026-04-27 02:38:25.130 9 ERROR ovsdbapp.backend.ovs_idl.command
File "/var/lib/openstack/lib/python3.10/site-packages/ovsdbapp/backend/ovs_idl/__init__.py", line 184, in lookup
2026-04-27 02:38:25.130 9 ERROR ovsdbapp.backend.ovs_idl.command return self._lookup(table, record)
2026-04-27 02:38:25.130 9 ERROR ovsdbapp.backend.ovs_idl.command
File "/var/lib/openstack/lib/python3.10/site-packages/ovsdbapp/backend/ovs_idl/__init__.py", line 235, in _lookup
2026-04-27 02:38:25.130 9 ERROR ovsdbapp.backend.ovs_idl.command row = idlutils.row_by_value(self, rl.table, rl.column, record)
2026-04-27 02:38:25.130 9 ERROR ovsdbapp.backend.ovs_idl.command
File "/var/lib/openstack/lib/python3.10/site-packages/ovsdbapp/backend/ovs_idl/idlutils.py", line 114, in row_by_value
2026-04-27 02:38:25.130 9 ERROR ovsdbapp.backend.ovs_idl.command raise RowNotFound(table=table, col=column, match=match)
2026-04-27 02:38:25.130 9 ERROR ovsdbapp.backend.ovs_idl.command ovsdbapp.backend.ovs_idl.idlutils.RowNotFound: Cannot find Logical_Router_Port with name=lrp-197fdc6c-a68a-44c5-b237-a78192e347f9
2026-04-27 02:38:25.130 9 ERROR ovsdbapp.backend.ovs_idl.command 
2026-04-27 02:38:25.131 9 ERROR neutron_lib.callbacks.manager [None req-373de05c-b5c3-4426-95db-5dcd14854529 1f6c72ecd8664957a2347edd69858b2e e6ed90169e6849e8835ffc7bb1967d96 - - default default] Error during notification for neutron.services.ovn_l3.plugin.OVNL3RouterPlugin._port_update-8771891537647 port, after_update: ovsdbapp.backend.ovs_idl.idlutils.RowNotFound: Cannot find Logical_Router_Port with name=lrp-197fdc6c-a68a-44c5-b237-a78192e347f9
2026-04-27 02:38:25.131 9 ERROR neutron_lib.callbacks.manager
Traceback (most recent call last):
2026-04-27 02:38:25.131 9 ERROR neutron_lib.callbacks.manager
File "/var/lib/openstack/lib/python3.10/site-packages/neutron_lib/callbacks/manager.py", line 189, in _notify_loop
2026-04-27 02:38:25.131 9 ERROR neutron_lib.callbacks.manager callback.method(resource, event, trigger, payload=payload)
2026-04-27 02:38:25.131 9 ERROR neutron_lib.callbacks.manager
File "/var/lib/openstack/lib/python3.10/site-packages/neutron/services/ovn_l3/plugin.py", line 391, in _port_update
2026-04-27 02:38:25.131 9 ERROR neutron_lib.callbacks.manager l3plugin._ovn_client.update_router_port(context,
2026-04-27 02:38:25.131 9 ERROR neutron_lib.callbacks.manager
File "/var/lib/openstack/lib/python3.10/site-packages/neutron/plugins/ml2/drivers/ovn/mech_driver/ovsdb/ovn_client.py", line 1878, in update_router_port
2026-04-27 02:38:25.131 9 ERROR neutron_lib.callbacks.manager self._update_lrouter_port(context, port, if_exists=if_exists,
2026-04-27 02:38:25.131 9 ERROR neutron_lib.callbacks.manager
File "/var/lib/openstack/lib/python3.10/site-packages/neutron/plugins/ml2/drivers/ovn/mech_driver/ovsdb/ovn_client.py", line 1855, in _update_lrouter_port
2026-04-27 02:38:25.131 9 ERROR neutron_lib.callbacks.manager external_ids = self._nb_idl.db_get(
2026-04-27 02:38:25.131 9 ERROR neutron_lib.callbacks.manager
File "/var/lib/openstack/lib/python3.10/site-packages/ovsdbapp/backend/ovs_idl/command.py", line 47, in execute
2026-04-27 02:38:25.131 9 ERROR neutron_lib.callbacks.manager self.run_idl(None)
2026-04-27 02:38:25.131 9 ERROR neutron_lib.callbacks.manager
File "/var/lib/openstack/lib/python3.10/site-packages/ovsdbapp/backend/ovs_idl/command.py", line 235, in run_idl
2026-04-27 02:38:25.131 9 ERROR neutron_lib.callbacks.manager record = self.api.lookup(self.table, self.record)
2026-04-27 02:38:25.131 9 ERROR neutron_lib.callbacks.manager
File "/var/lib/openstack/lib/python3.10/site-packages/ovsdbapp/backend/ovs_idl/__init__.py", line 184, in lookup
2026-04-27 02:38:25.131 9 ERROR neutron_lib.callbacks.manager return self._lookup(table, record)
2026-04-27 02:38:25.131 9 ERROR neutron_lib.callbacks.manager
File "/var/lib/openstack/lib/python3.10/site-packages/ovsdbapp/backend/ovs_idl/__init__.py", line 235, in _lookup
2026-04-27 02:38:25.131 9 ERROR neutron_lib.callbacks.manager row = idlutils.row_by_value(self, rl.table, rl.column, record)
2026-04-27 02:38:25.131 9 ERROR neutron_lib.callbacks.manager
File "/var/lib/openstack/lib/python3.10/site-packages/ovsdbapp/backend/ovs_idl/idlutils.py", line 114, in row_by_value
2026-04-27 02:38:25.131 9 ERROR neutron_lib.callbacks.manager raise RowNotFound(table=table, col=column, match=match)
2026-04-27 02:38:25.131 9 ERROR neutron_lib.callbacks.manager ovsdbapp.backend.ovs_idl.idlutils.RowNotFound: Cannot find Logical_Router_Port with name=lrp-197fdc6c-a68a-44c5-b237-a78192e347f9
2026-04-27 02:38:25.131 9 ERROR neutron_lib.callbacks.manager 
2026-04-27 02:38:25.146 10 ERROR ovsdbapp.backend.ovs_idl.command [None req-88abc0b3-ce17-45c3-aed0-127971df2b49 1f6c72ecd8664957a2347edd69858b2e e6ed90169e6849e8835ffc7bb1967d96 - - default default] Error executing command (DbGetCommand): ovsdbapp.backend.ovs_idl.idlutils.RowNotFound: Cannot find Logical_Router_Port with name=lrp-45094698-72b6-4fd1-a8a4-23ede617e0f4
2026-04-27 02:38:25.146 10 ERROR ovsdbapp.backend.ovs_idl.command
Traceback (most recent call last):
2026-04-27 02:38:25.146 10 ERROR ovsdbapp.backend.ovs_idl.command
File "/var/lib/openstack/lib/python3.10/site-packages/ovsdbapp/backend/ovs_idl/command.py", line 47, in execute
2026-04-27 02:38:25.146 10 ERROR ovsdbapp.backend.ovs_idl.command self.run_idl(None)
2026-04-27 02:38:25.146 10 ERROR ovsdbapp.backend.ovs_idl.command
File "/var/lib/openstack/lib/python3.10/site-packages/ovsdbapp/backend/ovs_idl/command.py", line 235, in run_idl
2026-04-27 02:38:25.146 10 ERROR ovsdbapp.backend.ovs_idl.command record = self.api.lookup(self.table, self.record)
2026-04-27 02:38:25.146 10 ERROR ovsdbapp.backend.ovs_idl.command
File "/var/lib/openstack/lib/python3.10/site-packages/ovsdbapp/backend/ovs_idl/__init__.py", line 184, in lookup
2026-04-27 02:38:25.146 10 ERROR ovsdbapp.backend.ovs_idl.command return self._lookup(table, record)
2026-04-27 02:38:25.146 10 ERROR ovsdbapp.backend.ovs_idl.command
File "/var/lib/openstack/lib/python3.10/site-packages/ovsdbapp/backend/ovs_idl/__init__.py", line 235, in _lookup
2026-04-27 02:38:25.146 10 ERROR ovsdbapp.backend.ovs_idl.command row = idlutils.row_by_value(self, rl.table, rl.column, record)
2026-04-27 02:38:25.146 10 ERROR ovsdbapp.backend.ovs_idl.command
File "/var/lib/openstack/lib/python3.10/site-packages/ovsdbapp/backend/ovs_idl/idlutils.py", line 114, in row_by_value
2026-04-27 02:38:25.146 10 ERROR ovsdbapp.backend.ovs_idl.command raise RowNotFound(table=table, col=column, match=match)
2026-04-27 02:38:25.146 10 ERROR ovsdbapp.backend.ovs_idl.command ovsdbapp.backend.ovs_idl.idlutils.RowNotFound: Cannot find Logical_Router_Port with name=lrp-45094698-72b6-4fd1-a8a4-23ede617e0f4
2026-04-27 02:38:25.146 10 ERROR ovsdbapp.backend.ovs_idl.command 
2026-04-27 02:38:25.147 10 ERROR neutron_lib.callbacks.manager [None req-88abc0b3-ce17-45c3-aed0-127971df2b49 1f6c72ecd8664957a2347edd69858b2e e6ed90169e6849e8835ffc7bb1967d96 - - default default] Error during notification for neutron.services.ovn_l3.plugin.OVNL3RouterPlugin._port_update-8771891537647 port, after_update: ovsdbapp.backend.ovs_idl.idlutils.RowNotFound: Cannot find Logical_Router_Port with name=lrp-45094698-72b6-4fd1-a8a4-23ede617e0f4
2026-04-27 02:38:25.147 10 ERROR neutron_lib.callbacks.manager
Traceback (most recent call last):
2026-04-27 02:38:25.147 10 ERROR neutron_lib.callbacks.manager
File "/var/lib/openstack/lib/python3.10/site-packages/neutron_lib/callbacks/manager.py", line 189, in _notify_loop
2026-04-27 02:38:25.147 10 ERROR neutron_lib.callbacks.manager callback.method(resource, event, trigger, payload=payload)
2026-04-27 02:38:25.147 10 ERROR neutron_lib.callbacks.manager
File "/var/lib/openstack/lib/python3.10/site-packages/neutron/services/ovn_l3/plugin.py", line 391, in _port_update
2026-04-27 02:38:25.147 10 ERROR neutron_lib.callbacks.manager l3plugin._ovn_client.update_router_port(context,
2026-04-27 02:38:25.147 10 ERROR neutron_lib.callbacks.manager
File "/var/lib/openstack/lib/python3.10/site-packages/neutron/plugins/ml2/drivers/ovn/mech_driver/ovsdb/ovn_client.py", line 1878, in update_router_port
2026-04-27 02:38:25.147 10 ERROR neutron_lib.callbacks.manager self._update_lrouter_port(context, port, if_exists=if_exists,
2026-04-27 02:38:25.147 10 ERROR neutron_lib.callbacks.manager
File "/var/lib/openstack/lib/python3.10/site-packages/neutron/plugins/ml2/drivers/ovn/mech_driver/ovsdb/ovn_client.py", line 1855, in _update_lrouter_port
2026-04-27 02:38:25.147 10 ERROR neutron_lib.callbacks.manager external_ids = self._nb_idl.db_get(
2026-04-27 02:38:25.147 10 ERROR neutron_lib.callbacks.manager
File "/var/lib/openstack/lib/python3.10/site-packages/ovsdbapp/backend/ovs_idl/command.py", line 47, in execute
2026-04-27 02:38:25.147 10 ERROR neutron_lib.callbacks.manager self.run_idl(None)
2026-04-27 02:38:25.147 10 ERROR neutron_lib.callbacks.manager
File "/var/lib/openstack/lib/python3.10/site-packages/ovsdbapp/backend/ovs_idl/command.py", line 235, in run_idl
2026-04-27 02:38:25.147 10 ERROR neutron_lib.callbacks.manager record = self.api.lookup(self.table, self.record)
2026-04-27 02:38:25.147 10 ERROR neutron_lib.callbacks.manager
File "/var/lib/openstack/lib/python3.10/site-packages/ovsdbapp/backend/ovs_idl/__init__.py", line 184, in lookup
