2026-05-08 20:03:19.719 7 INFO neutron.api.extensions [None req-3b9d40d4-dac8-497d-83d5-dc2386c63a0b - - - - - -] Extension local_ip not supported by any of loaded plugins
2026-05-08 20:03:19.719 8 INFO neutron.quota.resource_registry [None req-0c084c38-8645-4069-90ca-76b8dd040177 - - - - - -] Creating instance of TrackedResource for resource:floatingip
2026-05-08 20:03:19.720 7 INFO neutron.api.extensions [None req-3b9d40d4-dac8-497d-83d5-dc2386c63a0b - - - - - -] Extension logging not supported by any of loaded plugins
2026-05-08 20:03:19.721 7 INFO neutron.api.extensions [None req-3b9d40d4-dac8-497d-83d5-dc2386c63a0b - - - - - -] Extension metering not supported by any of loaded plugins
2026-05-08 20:03:19.722 7 INFO neutron.api.extensions [None req-3b9d40d4-dac8-497d-83d5-dc2386c63a0b - - - - - -] Extension metering_source_and_destination_fields not supported by any of loaded plugins
2026-05-08 20:03:19.722 7 INFO neutron.api.extensions [None req-3b9d40d4-dac8-497d-83d5-dc2386c63a0b - - - - - -] Loaded extension: multi-provider
2026-05-08 20:03:19.723 7 INFO neutron.api.extensions [None req-3b9d40d4-dac8-497d-83d5-dc2386c63a0b - - - - - -] Loaded extension: net-mtu
2026-05-08 20:03:19.723 7 INFO neutron.api.extensions [None req-3b9d40d4-dac8-497d-83d5-dc2386c63a0b - - - - - -] Loaded extension: net-mtu-writable
2026-05-08 20:03:19.724 8 INFO neutron.quota.resource_registry [None req-0c084c38-8645-4069-90ca-76b8dd040177 - - - - - -] Creating instance of CountableResource for resource:rbac_policy
2026-05-08 20:03:19.724 7 INFO neutron.api.extensions [None req-3b9d40d4-dac8-497d-83d5-dc2386c63a0b - - - - - -] Loaded extension: network_availability_zone
2026-05-08 20:03:19.724 8 INFO neutron.quota.resource_registry [None req-0c084c38-8645-4069-90ca-76b8dd040177 - - - - - -] Creating instance of TrackedResource for resource:security_group
2026-05-08 20:03:19.724 7 INFO neutron.api.extensions [None req-3b9d40d4-dac8-497d-83d5-dc2386c63a0b - - - - - -] Loaded extension: network_ha
2026-05-08 20:03:19.725 8 INFO neutron.quota.resource_registry [None req-0c084c38-8645-4069-90ca-76b8dd040177 - - - - - -] Creating instance of TrackedResource for resource:security_group_rule
2026-05-08 20:03:19.725 7 INFO neutron.api.extensions [None req-3b9d40d4-dac8-497d-83d5-dc2386c63a0b - - - - - -] Loaded extension: network-ip-availability
2026-05-08 20:03:19.726 8 INFO neutron.quota.resource_registry [None req-0c084c38-8645-4069-90ca-76b8dd040177 - - - - - -] Creating instance of TrackedResource for resource:subnetpool
2026-05-08 20:03:19.726 8 WARNING neutron.quota.resource_registry [None req-0c084c38-8645-4069-90ca-76b8dd040177 - - - - - -] subnetpool is already registered
2026-05-08 20:03:19.726 8 INFO neutron.quota.resource_registry [None req-0c084c38-8645-4069-90ca-76b8dd040177 - - - - - -] Creating instance of TrackedResource for resource:subnetpool
2026-05-08 20:03:19.726 8 WARNING neutron.quota.resource_registry [None req-0c084c38-8645-4069-90ca-76b8dd040177 - - - - - -] subnetpool is already registered
2026-05-08 20:03:19.727 7 INFO neutron.api.extensions [None req-3b9d40d4-dac8-497d-83d5-dc2386c63a0b - - - - - -] Extension network-segment-range not supported by any of loaded plugins
2026-05-08 20:03:19.727 8 INFO neutron.quota.resource_registry [None req-0c084c38-8645-4069-90ca-76b8dd040177 - - - - - -] Creating instance of CountableResource for resource:trunk
2026-05-08 20:03:19.727 7 INFO neutron.api.extensions [None req-3b9d40d4-dac8-497d-83d5-dc2386c63a0b - - - - - -] Loaded extension: pagination
2026-05-08 20:03:19.727 8 INFO neutron.quota.resource_registry [None req-0c084c38-8645-4069-90ca-76b8dd040177 - - - - - -] Creating instance of CountableResource for resource:ikepolicy
2026-05-08 20:03:19.728 7 INFO neutron.api.extensions [None req-3b9d40d4-dac8-497d-83d5-dc2386c63a0b - - - - - -] Loaded extension: port-device-profile
2026-05-08 20:03:19.728 8 INFO neutron.quota.resource_registry [None req-0c084c38-8645-4069-90ca-76b8dd040177 - - - - - -] Creating instance of CountableResource for resource:ipsecpolicy
2026-05-08 20:03:19.728 8 INFO neutron.quota.resource_registry [None req-0c084c38-8645-4069-90ca-76b8dd040177 - - - - - -] Creating instance of CountableResource for resource:endpoint_group
2026-05-08 20:03:19.728 7 INFO neutron.api.extensions [None req-3b9d40d4-dac8-497d-83d5-dc2386c63a0b - - - - - -] Extension port-hardware-offload-type not supported by any of loaded plugins
2026-05-08 20:03:19.728 8 INFO neutron.quota.resource_registry [None req-0c084c38-8645-4069-90ca-76b8dd040177 - - - - - -] Creating instance of CountableResource for resource:vpnservice
2026-05-08 20:03:19.729 7 INFO neutron.api.extensions [None req-3b9d40d4-dac8-497d-83d5-dc2386c63a0b - - - - - -] Extension port-hint-ovs-tx-steering not supported by any of loaded plugins
2026-05-08 20:03:19.729 8 INFO neutron.quota.resource_registry [None req-0c084c38-8645-4069-90ca-76b8dd040177 - - - - - -] Creating instance of CountableResource for resource:ipsec_site_connection
2026-05-08 20:03:19.729 7 INFO neutron.api.extensions [None req-3b9d40d4-dac8-497d-83d5-dc2386c63a0b - - - - - -] Extension port-hints not supported by any of loaded plugins
2026-05-08 20:03:19.729 8 INFO neutron.quota.resource_registry [None req-0c084c38-8645-4069-90ca-76b8dd040177 - - - - - -] Creating instance of CountableResource for resource:ipsecpolicy
2026-05-08 20:03:19.729 8 WARNING neutron.quota.resource_registry [None req-0c084c38-8645-4069-90ca-76b8dd040177 - - - - - -] ipsecpolicy is already registered
2026-05-08 20:03:19.729 7 INFO neutron.api.extensions [None req-3b9d40d4-dac8-497d-83d5-dc2386c63a0b - - - - - -] Loaded extension: port-mac-override
2026-05-08 20:03:19.730 8 INFO neutron.quota.resource_registry [None req-0c084c38-8645-4069-90ca-76b8dd040177 - - - - - -] Creating instance of CountableResource for resource:ikepolicy
2026-05-08 20:03:19.730 8 WARNING neutron.quota.resource_registry [None req-0c084c38-8645-4069-90ca-76b8dd040177 - - - - - -] ikepolicy is already registered
2026-05-08 20:03:19.730 7 INFO neutron.api.extensions [None req-3b9d40d4-dac8-497d-83d5-dc2386c63a0b - - - - - -] Loaded extension: port-mac-address-regenerate
2026-05-08 20:03:19.730 7 INFO neutron.api.extensions [None req-3b9d40d4-dac8-497d-83d5-dc2386c63a0b - - - - - -] Loaded extension: port-numa-affinity-policy
2026-05-08 20:03:19.731 7 INFO neutron.api.extensions [None req-3b9d40d4-dac8-497d-83d5-dc2386c63a0b - - - - - -] Loaded extension: port-numa-affinity-policy-socket
2026-05-08 20:03:19.731 7 INFO neutron.api.extensions [None req-3b9d40d4-dac8-497d-83d5-dc2386c63a0b - - - - - -] Loaded extension: port-resource-request
2026-05-08 20:03:19.732 7 INFO neutron.api.extensions [None req-3b9d40d4-dac8-497d-83d5-dc2386c63a0b - - - - - -] Loaded extension: port-resource-request-groups
2026-05-08 20:03:19.732 7 INFO neutron.api.extensions [None req-3b9d40d4-dac8-497d-83d5-dc2386c63a0b - - - - - -] Extension port-trusted-vif not supported by any of loaded plugins
2026-05-08 20:03:19.733 7 INFO neutron.api.extensions [None req-3b9d40d4-dac8-497d-83d5-dc2386c63a0b - - - - - -] Loaded extension: binding
2026-05-08 20:03:19.734 7 INFO neutron.api.extensions [None req-3b9d40d4-dac8-497d-83d5-dc2386c63a0b - - - - - -] Loaded extension: binding-extended
2026-05-08 20:03:19.734 8 INFO neutron.quota.resource_registry [None req-0c084c38-8645-4069-90ca-76b8dd040177 - - - - - -] Creating instance of TrackedResource for resource:router
2026-05-08 20:03:19.734 7 INFO neutron.api.extensions [None req-3b9d40d4-dac8-497d-83d5-dc2386c63a0b - - - - - -] Loaded extension: port-security
2026-05-08 20:03:19.734 8 WARNING neutron.quota.resource_registry [None req-0c084c38-8645-4069-90ca-76b8dd040177 - - - - - -] router is already registered
2026-05-08 20:03:19.735 7 INFO neutron.api.extensions [None req-3b9d40d4-dac8-497d-83d5-dc2386c63a0b - - - - - -] Loaded extension: project-id
2026-05-08 20:03:19.735 8 INFO neutron.quota.resource_registry [None req-0c084c38-8645-4069-90ca-76b8dd040177 - - - - - -] Creating instance of TrackedResource for resource:floatingip
2026-05-08 20:03:19.735 8 WARNING neutron.quota.resource_registry [None req-0c084c38-8645-4069-90ca-76b8dd040177 - - - - - -] floatingip is already registered
2026-05-08 20:03:19.735 7 INFO neutron.api.extensions [None req-3b9d40d4-dac8-497d-83d5-dc2386c63a0b - - - - - -] Loaded extension: provider
2026-05-08 20:03:19.736 7 INFO neutron.api.extensions [None req-3b9d40d4-dac8-497d-83d5-dc2386c63a0b - - - - - -] Extension qinq not supported by any of loaded plugins
2026-05-08 20:03:19.738 7 INFO neutron.api.extensions [None req-3b9d40d4-dac8-497d-83d5-dc2386c63a0b - - - - - -] Loaded extension: qos
2026-05-08 20:03:19.738 8 INFO neutron.quota.resource_registry [None req-0c084c38-8645-4069-90ca-76b8dd040177 - - - - - -] Creating instance of CountableResource for resource:rbac_policy
2026-05-08 20:03:19.738 8 WARNING neutron.quota.resource_registry [None req-0c084c38-8645-4069-90ca-76b8dd040177 - - - - - -] rbac_policy is already registered
2026-05-08 20:03:19.739 7 INFO neutron.api.extensions [None req-3b9d40d4-dac8-497d-83d5-dc2386c63a0b - - - - - -] Loaded extension: qos-bw-limit-direction
2026-05-08 20:03:19.739 8 INFO neutron.quota.resource_registry [None req-0c084c38-8645-4069-90ca-76b8dd040177 - - - - - -] Creating instance of TrackedResource for resource:security_group
2026-05-08 20:03:19.739 7 INFO neutron.api.extensions [None req-3b9d40d4-dac8-497d-83d5-dc2386c63a0b - - - - - -] Loaded extension: qos-bw-minimum-ingress
2026-05-08 20:03:19.739 8 WARNING neutron.quota.resource_registry [None req-0c084c38-8645-4069-90ca-76b8dd040177 - - - - - -] security_group is already registered
2026-05-08 20:03:19.740 8 INFO neutron.quota.resource_registry [None req-0c084c38-8645-4069-90ca-76b8dd040177 - - - - - -] Creating instance of TrackedResource for resource:security_group_rule
2026-05-08 20:03:19.740 7 INFO neutron.api.extensions [None req-3b9d40d4-dac8-497d-83d5-dc2386c63a0b - - - - - -] Loaded extension: qos-default
2026-05-08 20:03:19.740 8 WARNING neutron.quota.resource_registry [None req-0c084c38-8645-4069-90ca-76b8dd040177 - - - - - -] security_group_rule is already registered
2026-05-08 20:03:19.740 7 INFO neutron.api.extensions [None req-3b9d40d4-dac8-497d-83d5-dc2386c63a0b - - - - - -] Loaded extension: qos-fip
2026-05-08 20:03:19.740 8 INFO neutron.quota.resource_registry [None req-0c084c38-8645-4069-90ca-76b8dd040177 - - - - - -] Creating instance of TrackedResource for resource:subnetpool
2026-05-08 20:03:19.741 8 WARNING neutron.quota.resource_registry [None req-0c084c38-8645-4069-90ca-76b8dd040177 - - - - - -] subnetpool is already registered
2026-05-08 20:03:19.741 7 INFO neutron.api.extensions [None req-3b9d40d4-dac8-497d-83d5-dc2386c63a0b - - - - - -] Extension qos-fip-network-policy not supported by any of loaded plugins
2026-05-08 20:03:19.741 8 INFO neutron.quota.resource_registry [None req-0c084c38-8645-4069-90ca-76b8dd040177 - - - - - -] Creating instance of TrackedResource for resource:subnetpool
2026-05-08 20:03:19.741 7 INFO neutron.api.extensions [None req-3b9d40d4-dac8-497d-83d5-dc2386c63a0b - - - - - -] Loaded extension: qos-gateway-ip
2026-05-08 20:03:19.741 8 WARNING neutron.quota.resource_registry [None req-0c084c38-8645-4069-90ca-76b8dd040177 - - - - - -] subnetpool is already registered
2026-05-08 20:03:19.742 7 INFO neutron.api.extensions [None req-3b9d40d4-dac8-497d-83d5-dc2386c63a0b - - - - - -] Loaded extension: qos-port-network-policy
2026-05-08 20:03:19.742 8 INFO neutron.quota.resource_registry [None req-0c084c38-8645-4069-90ca-76b8dd040177 - - - - - -] Creating instance of CountableResource for resource:trunk
2026-05-08 20:03:19.742 8 WARNING neutron.quota.resource_registry [None req-0c084c38-8645-4069-90ca-76b8dd040177 - - - - - -] trunk is already registered
2026-05-08 20:03:19.742 7 INFO neutron.api.extensions [None req-3b9d40d4-dac8-497d-83d5-dc2386c63a0b - - - - - -] Loaded extension: qos-pps-minimum
2026-05-08 20:03:19.742 8 INFO neutron.quota.resource_registry [None req-0c084c38-8645-4069-90ca-76b8dd040177 - - - - - -] Creating instance of CountableResource for resource:ikepolicy
2026-05-08 20:03:19.743 8 WARNING neutron.quota.resource_registry [None req-0c084c38-8645-4069-90ca-76b8dd040177 - - - - - -] ikepolicy is already registered
2026-05-08 20:03:19.743 7 INFO neutron.api.extensions [None req-3b9d40d4-dac8-497d-83d5-dc2386c63a0b - - - - - -] Loaded extension: qos-pps-minimum-rule-alias
2026-05-08 20:03:19.743 8 INFO neutron.quota.resource_registry [None req-0c084c38-8645-4069-90ca-76b8dd040177 - - - - - -] Creating instance of CountableResource for resource:ipsecpolicy
2026-05-08 20:03:19.743 8 WARNING neutron.quota.resource_registry [None req-0c084c38-8645-4069-90ca-76b8dd040177 - - - - - -] ipsecpolicy is already registered
2026-05-08 20:03:19.743 7 INFO neutron.api.extensions [None req-3b9d40d4-dac8-497d-83d5-dc2386c63a0b - - - - - -] Loaded extension: qos-pps
2026-05-08 20:03:19.744 8 INFO neutron.quota.resource_registry [None req-0c084c38-8645-4069-90ca-76b8dd040177 - - - - - -] Creating instance of CountableResource for resource:endpoint_group
2026-05-08 20:03:19.744 8 WARNING neutron.quota.resource_registry [None req-0c084c38-8645-4069-90ca-76b8dd040177 - - - - - -] endpoint_group is already registered
2026-05-08 20:03:19.744 7 INFO neutron.api.extensions [None req-3b9d40d4-dac8-497d-83d5-dc2386c63a0b - - - - - -] Loaded extension: qos-rule-type-details
2026-05-08 20:03:19.744 8 INFO neutron.quota.resource_registry [None req-0c084c38-8645-4069-90ca-76b8dd040177 - - - - - -] Creating instance of CountableResource for resource:vpnservice
2026-05-08 20:03:19.744 8 WARNING neutron.quota.resource_registry [None req-0c084c38-8645-4069-90ca-76b8dd040177 - - - - - -] vpnservice is already registered
2026-05-08 20:03:19.744 7 INFO neutron.api.extensions [None req-3b9d40d4-dac8-497d-83d5-dc2386c63a0b - - - - - -] Loaded extension: qos-rule-type-filter
2026-05-08 20:03:19.744 8 INFO neutron.quota.resource_registry [None req-0c084c38-8645-4069-90ca-76b8dd040177 - - - - - -] Creating instance of CountableResource for resource:ipsec_site_connection
2026-05-08 20:03:19.745 8 WARNING neutron.quota.resource_registry [None req-0c084c38-8645-4069-90ca-76b8dd040177 - - - - - -] ipsec_site_connection is already registered
2026-05-08 20:03:19.745 7 INFO neutron.api.extensions [None req-3b9d40d4-dac8-497d-83d5-dc2386c63a0b - - - - - -] Loaded extension: qos-rules-alias
2026-05-08 20:03:19.745 8 INFO neutron.quota.resource_registry [None req-0c084c38-8645-4069-90ca-76b8dd040177 - - - - - -] Creating instance of CountableResource for resource:ipsecpolicy
2026-05-08 20:03:19.745 8 WARNING neutron.quota.resource_registry [None req-0c084c38-8645-4069-90ca-76b8dd040177 - - - - - -] ipsecpolicy is already registered
2026-05-08 20:03:19.745 7 INFO neutron.api.extensions [None req-3b9d40d4-dac8-497d-83d5-dc2386c63a0b - - - - - -] Loaded extension: quota-check-limit
2026-05-08 20:03:19.745 8 INFO neutron.quota.resource_registry [None req-0c084c38-8645-4069-90ca-76b8dd040177 - - - - - -] Creating instance of CountableResource for resource:ikepolicy
2026-05-08 20:03:19.746 8 WARNING neutron.quota.resource_registry [None req-0c084c38-8645-4069-90ca-76b8dd040177 - - - - - -] ikepolicy is already registered
2026-05-08 20:03:19.746 7 INFO neutron.api.extensions [None req-3b9d40d4-dac8-497d-83d5-dc2386c63a0b - - - - - -] Loaded extension: quota-check-limit-default
2026-05-08 20:03:19.748 7 INFO neutron.api.extensions [None req-3b9d40d4-dac8-497d-83d5-dc2386c63a0b - - - - - -] Loaded extension: quotas
2026-05-08 20:03:19.749 7 INFO neutron.api.extensions [None req-3b9d40d4-dac8-497d-83d5-dc2386c63a0b - - - - - -] Loaded extension: quota_details
2026-05-08 20:03:19.751 7 INFO neutron.api.extensions [None req-3b9d40d4-dac8-497d-83d5-dc2386c63a0b - - - - - -] Loaded extension: rbac-policies
2026-05-08 20:03:19.751 7 INFO neutron.api.extensions [None req-3b9d40d4-dac8-497d-83d5-dc2386c63a0b - - - - - -] Loaded extension: rbac-address-group
2026-05-08 20:03:19.752 7 INFO neutron.api.extensions [None req-3b9d40d4-dac8-497d-83d5-dc2386c63a0b - - - - - -] Loaded extension: rbac-address-scope
2026-05-08 20:03:19.752 7 INFO neutron.api.extensions [None req-3b9d40d4-dac8-497d-83d5-dc2386c63a0b - - - - - -] Loaded extension: rbac-security-groups
2026-05-08 20:03:19.753 7 INFO neutron.api.extensions [None req-3b9d40d4-dac8-497d-83d5-dc2386c63a0b - - - - - -] Loaded extension: rbac-subnetpool
2026-05-08 20:03:19.753 7 INFO neutron.api.extensions [None req-3b9d40d4-dac8-497d-83d5-dc2386c63a0b - - - - - -] Loaded extension: revision-if-match
2026-05-08 20:03:19.754 7 INFO neutron.api.extensions [None req-3b9d40d4-dac8-497d-83d5-dc2386c63a0b - - - - - -] Loaded extension: standard-attr-revisions
2026-05-08 20:03:19.754 7 INFO neutron.api.extensions [None req-3b9d40d4-dac8-497d-83d5-dc2386c63a0b - - - - - -] Loaded extension: router_availability_zone
2026-05-08 20:03:19.755 7 INFO neutron.api.extensions [None req-3b9d40d4-dac8-497d-83d5-dc2386c63a0b - - - - - -] Extension router-service-type not supported by any of loaded plugins
2026-05-08 20:03:19.756 7 INFO neutron.api.extensions [None req-3b9d40d4-dac8-497d-83d5-dc2386c63a0b - - - - - -] Loaded extension: security-groups-default-rules
2026-05-08 20:03:19.757 7 INFO neutron.api.extensions [None req-3b9d40d4-dac8-497d-83d5-dc2386c63a0b - - - - - -] Loaded extension: security-groups-normalized-cidr
2026-05-08 20:03:19.758 7 INFO neutron.api.extensions [None req-3b9d40d4-dac8-497d-83d5-dc2386c63a0b - - - - - -] Loaded extension: port-security-groups-filtering
2026-05-08 20:03:19.758 7 INFO neutron.api.extensions [None req-3b9d40d4-dac8-497d-83d5-dc2386c63a0b - - - - - -] Loaded extension: security-groups-remote-address-group
2026-05-08 20:03:19.759 7 INFO neutron.api.extensions [None req-3b9d40d4-dac8-497d-83d5-dc2386c63a0b - - - - - -] Loaded extension: security-groups-rules-belongs-to-default-sg
2026-05-08 20:03:19.759 7 INFO neutron.api.extensions [None req-3b9d40d4-dac8-497d-83d5-dc2386c63a0b - - - - - -] Loaded extension: security-groups-shared-filtering
2026-05-08 20:03:19.764 7 INFO neutron.api.extensions [None req-3b9d40d4-dac8-497d-83d5-dc2386c63a0b - - - - - -] Loaded extension: security-group
2026-05-08 20:03:19.765 7 INFO neutron.api.extensions [None req-3b9d40d4-dac8-497d-83d5-dc2386c63a0b - - - - - -] Loaded extension: segment
2026-05-08 20:03:19.765 7 INFO neutron.api.extensions [None req-3b9d40d4-dac8-497d-83d5-dc2386c63a0b - - - - - -] Loaded extension: segments-peer-subnet-host-routes
2026-05-08 20:03:19.766 7 INFO neutron.api.extensions [None req-3b9d40d4-dac8-497d-83d5-dc2386c63a0b - - - - - -] Loaded extension: service-type
2026-05-08 20:03:19.766 7 INFO neutron.api.extensions [None req-3b9d40d4-dac8-497d-83d5-dc2386c63a0b - - - - - -] Loaded extension: sorting
2026-05-08 20:03:19.767 7 INFO neutron.api.extensions [None req-3b9d40d4-dac8-497d-83d5-dc2386c63a0b - - - - - -] Loaded extension: standard-attr-segment
2026-05-08 20:03:19.768 7 INFO neutron.api.extensions [None req-3b9d40d4-dac8-497d-83d5-dc2386c63a0b - - - - - -] Loaded extension: standard-attr-description
2026-05-08 20:03:19.768 7 INFO neutron.api.extensions [None req-3b9d40d4-dac8-497d-83d5-dc2386c63a0b - - - - - -] Loaded extension: stateful-security-group
2026-05-08 20:03:19.769 7 WARNING neutron.api.extensions [None req-3b9d40d4-dac8-497d-83d5-dc2386c63a0b - - - - - -] Did not find expected name "Stdattrs_common" in /var/lib/openstack/lib/python3.12/site-packages/neutron/extensions/stdattrs_common.py
2026-05-08 20:03:19.769 7 INFO neutron.api.extensions [None req-3b9d40d4-dac8-497d-83d5-dc2386c63a0b - - - - - -] Extension subnet-dns-publish-fixed-ip not supported by any of loaded plugins
2026-05-08 20:03:19.770 7 INFO neutron.api.extensions [None req-3b9d40d4-dac8-497d-83d5-dc2386c63a0b - - - - - -] Loaded extension: subnet-external-network
2026-05-08 20:03:19.770 7 INFO neutron.api.extensions [None req-3b9d40d4-dac8-497d-83d5-dc2386c63a0b - - - - - -] Loaded extension: subnet_onboard
2026-05-08 20:03:19.771 7 INFO neutron.api.extensions [None req-3b9d40d4-dac8-497d-83d5-dc2386c63a0b - - - - - -] Loaded extension: subnet-segmentid-writable
2026-05-08 20:03:19.771 7 INFO neutron.api.extensions [None req-3b9d40d4-dac8-497d-83d5-dc2386c63a0b - - - - - -] Loaded extension: subnet-service-types
2026-05-08 20:03:19.772 7 INFO neutron.api.extensions [None req-3b9d40d4-dac8-497d-83d5-dc2386c63a0b - - - - - -] Loaded extension: subnet_allocation
2026-05-08 20:03:19.773 7 INFO neutron.api.extensions [None req-3b9d40d4-dac8-497d-83d5-dc2386c63a0b - - - - - -] Loaded extension: subnetpool-prefix-ops
2026-05-08 20:03:19.773 7 INFO neutron.api.extensions [None req-3b9d40d4-dac8-497d-83d5-dc2386c63a0b - - - - - -] Loaded extension: tag-creation
2026-05-08 20:03:19.774 7 INFO neutron.api.extensions [None req-3b9d40d4-dac8-497d-83d5-dc2386c63a0b - - - - - -] Extension tag-ports-during-bulk-creation not supported by any of loaded plugins
2026-05-08 20:03:19.778 7 INFO neutron.api.extensions [None req-3b9d40d4-dac8-497d-83d5-dc2386c63a0b - - - - - -] Loaded extension: standard-attr-tag
2026-05-08 20:03:19.778 7 INFO neutron.api.extensions [None req-3b9d40d4-dac8-497d-83d5-dc2386c63a0b - - - - - -] Loaded extension: standard-attr-timestamp
2026-05-08 20:03:19.779 7 INFO neutron.api.extensions [None req-3b9d40d4-dac8-497d-83d5-dc2386c63a0b - - - - - -] Loaded extension: trunk
2026-05-08 20:03:19.779 7 INFO neutron.api.extensions [None req-3b9d40d4-dac8-497d-83d5-dc2386c63a0b - - - - - -] Loaded extension: trunk-details
2026-05-08 20:03:19.780 7 INFO neutron.api.extensions [None req-3b9d40d4-dac8-497d-83d5-dc2386c63a0b - - - - - -] Extension uplink-status-propagation not supported by any of loaded plugins
2026-05-08 20:03:19.780 7 INFO neutron.api.extensions [None req-3b9d40d4-dac8-497d-83d5-dc2386c63a0b - - - - - -] Extension uplink-status-propagation-updatable not supported by any of loaded plugins
2026-05-08 20:03:19.781 7 INFO neutron.api.extensions [None req-3b9d40d4-dac8-497d-83d5-dc2386c63a0b - - - - - -] Extension vlan-transparent not supported by any of loaded plugins
2026-05-08 20:03:19.782 7 INFO neutron.api.extensions [None req-3b9d40d4-dac8-497d-83d5-dc2386c63a0b - - - - - -] Loaded extension: vpn-aes-ctr
2026-05-08 20:03:19.783 8 WARNING keystonemiddleware._common.config [None req-0c084c38-8645-4069-90ca-76b8dd040177 - - - - - -] The option "audit_map_file" is not known to keystonemiddleware
2026-05-08 20:03:19.783 7 INFO neutron.api.extensions [None req-3b9d40d4-dac8-497d-83d5-dc2386c63a0b - - - - - -] Extension vpn-agent-scheduler not supported by any of loaded plugins
2026-05-08 20:03:19.784 7 INFO neutron.api.extensions [None req-3b9d40d4-dac8-497d-83d5-dc2386c63a0b - - - - - -] Loaded extension: vpn-endpoint-groups
2026-05-08 20:03:19.785 7 INFO neutron.api.extensions [None req-3b9d40d4-dac8-497d-83d5-dc2386c63a0b - - - - - -] Loaded extension: vpn-flavors
2026-05-08 20:03:19.786 7 INFO neutron.api.extensions [None req-3b9d40d4-dac8-497d-83d5-dc2386c63a0b - - - - - -] Loaded extension: vpnaas
2026-05-08 20:03:19.788 7 INFO neutron.api.extensions [None req-3b9d40d4-dac8-497d-83d5-dc2386c63a0b - - - - - -] Loaded extension: taas
2026-05-08 20:03:19.789 7 INFO neutron.api.extensions [None req-3b9d40d4-dac8-497d-83d5-dc2386c63a0b - - - - - -] Loaded extension: tap-mirror
2026-05-08 20:03:19.789 7 INFO neutron.api.extensions [None req-3b9d40d4-dac8-497d-83d5-dc2386c63a0b - - - - - -] Loaded extension: taas-vlan-filter
2026-05-08 20:03:19.790 8 WARNING oslo_config.cfg [None req-0c084c38-8645-4069-90ca-76b8dd040177 - - - - - -] Deprecated: Option "auth_uri" from group "keystone_authtoken" is deprecated. Use option "www_authenticate_uri" from group "keystone_authtoken".
2026-05-08 20:03:19.792 7 INFO neutron.quota.resource_registry [None req-3b9d40d4-dac8-497d-83d5-dc2386c63a0b - - - - - -] Creating instance of TrackedResource for resource:network
2026-05-08 20:03:19.792 7 INFO neutron.quota.resource_registry [None req-3b9d40d4-dac8-497d-83d5-dc2386c63a0b - - - - - -] Creating instance of TrackedResource for resource:subnet WSGI app 0 (mountpoint='') ready in 7 seconds on interpreter 0x7f296fcb5668 pid: 8 (default app)
2026-05-08 20:03:19.792 7 INFO neutron.quota.resource_registry [None req-3b9d40d4-dac8-497d-83d5-dc2386c63a0b - - - - - -] Creating instance of TrackedResource for resource:subnetpool
2026-05-08 20:03:19.792 7 INFO neutron.quota.resource_registry [None req-3b9d40d4-dac8-497d-83d5-dc2386c63a0b - - - - - -] Creating instance of TrackedResource for resource:port
2026-05-08 20:03:19.796 7 INFO neutron.quota.resource_registry [None req-3b9d40d4-dac8-497d-83d5-dc2386c63a0b - - - - - -] Creating instance of TrackedResource for resource:router
2026-05-08 20:03:19.797 7 INFO neutron.quota.resource_registry [None req-3b9d40d4-dac8-497d-83d5-dc2386c63a0b - - - - - -] Creating instance of TrackedResource for resource:floatingip
2026-05-08 20:03:19.801 7 INFO neutron.quota.resource_registry [None req-3b9d40d4-dac8-497d-83d5-dc2386c63a0b - - - - - -] Creating instance of CountableResource for resource:rbac_policy
2026-05-08 20:03:19.802 7 INFO neutron.quota.resource_registry [None req-3b9d40d4-dac8-497d-83d5-dc2386c63a0b - - - - - -] Creating instance of TrackedResource for resource:security_group
2026-05-08 20:03:19.802 7 INFO neutron.quota.resource_registry [None req-3b9d40d4-dac8-497d-83d5-dc2386c63a0b - - - - - -] Creating instance of TrackedResource for resource:security_group_rule
2026-05-08 20:03:19.803 7 INFO neutron.quota.resource_registry [None req-3b9d40d4-dac8-497d-83d5-dc2386c63a0b - - - - - -] Creating instance of TrackedResource for resource:subnetpool
2026-05-08 20:03:19.803 7 WARNING neutron.quota.resource_registry [None req-3b9d40d4-dac8-497d-83d5-dc2386c63a0b - - - - - -] subnetpool is already registered
2026-05-08 20:03:19.804 7 INFO neutron.quota.resource_registry [None req-3b9d40d4-dac8-497d-83d5-dc2386c63a0b - - - - - -] Creating instance of TrackedResource for resource:subnetpool
2026-05-08 20:03:19.804 7 WARNING neutron.quota.resource_registry [None req-3b9d40d4-dac8-497d-83d5-dc2386c63a0b - - - - - -] subnetpool is already registered
2026-05-08 20:03:19.804 7 INFO neutron.quota.resource_registry [None req-3b9d40d4-dac8-497d-83d5-dc2386c63a0b - - - - - -] Creating instance of CountableResource for resource:trunk
2026-05-08 20:03:19.805 7 INFO neutron.quota.resource_registry [None req-3b9d40d4-dac8-497d-83d5-dc2386c63a0b - - - - - -] Creating instance of CountableResource for resource:ikepolicy
2026-05-08 20:03:19.805 7 INFO neutron.quota.resource_registry [None req-3b9d40d4-dac8-497d-83d5-dc2386c63a0b - - - - - -] Creating instance of CountableResource for resource:ipsecpolicy
2026-05-08 20:03:19.805 7 INFO neutron.quota.resource_registry [None req-3b9d40d4-dac8-497d-83d5-dc2386c63a0b - - - - - -] Creating instance of CountableResource for resource:endpoint_group
2026-05-08 20:03:19.806 7 INFO neutron.quota.resource_registry [None req-3b9d40d4-dac8-497d-83d5-dc2386c63a0b - - - - - -] Creating instance of CountableResource for resource:vpnservice
2026-05-08 20:03:19.806 7 INFO neutron.quota.resource_registry [None req-3b9d40d4-dac8-497d-83d5-dc2386c63a0b - - - - - -] Creating instance of CountableResource for resource:ipsec_site_connection
2026-05-08 20:03:19.807 7 INFO neutron.quota.resource_registry [None req-3b9d40d4-dac8-497d-83d5-dc2386c63a0b - - - - - -] Creating instance of CountableResource for resource:ipsecpolicy
2026-05-08 20:03:19.807 7 WARNING neutron.quota.resource_registry [None req-3b9d40d4-dac8-497d-83d5-dc2386c63a0b - - - - - -] ipsecpolicy is already registered
2026-05-08 20:03:19.807 7 INFO neutron.quota.resource_registry [None req-3b9d40d4-dac8-497d-83d5-dc2386c63a0b - - - - - -] Creating instance of CountableResource for resource:ikepolicy
2026-05-08 20:03:19.807 7 WARNING neutron.quota.resource_registry [None req-3b9d40d4-dac8-497d-83d5-dc2386c63a0b - - - - - -] ikepolicy is already registered
2026-05-08 20:03:19.812 7 INFO neutron.quota.resource_registry [None req-3b9d40d4-dac8-497d-83d5-dc2386c63a0b - - - - - -] Creating instance of TrackedResource for resource:router
2026-05-08 20:03:19.812 7 WARNING neutron.quota.resource_registry [None req-3b9d40d4-dac8-497d-83d5-dc2386c63a0b - - - - - -] router is already registered
2026-05-08 20:03:19.812 7 INFO neutron.quota.resource_registry [None req-3b9d40d4-dac8-497d-83d5-dc2386c63a0b - - - - - -] Creating instance of TrackedResource for resource:floatingip
2026-05-08 20:03:19.813 7 WARNING neutron.quota.resource_registry [None req-3b9d40d4-dac8-497d-83d5-dc2386c63a0b - - - - - -] floatingip is already registered
2026-05-08 20:03:19.816 7 INFO neutron.quota.resource_registry [None req-3b9d40d4-dac8-497d-83d5-dc2386c63a0b - - - - - -] Creating instance of CountableResource for resource:rbac_policy
2026-05-08 20:03:19.816 7 WARNING neutron.quota.resource_registry [None req-3b9d40d4-dac8-497d-83d5-dc2386c63a0b - - - - - -] rbac_policy is already registered
2026-05-08 20:03:19.817 7 INFO neutron.quota.resource_registry [None req-3b9d40d4-dac8-497d-83d5-dc2386c63a0b - - - - - -] Creating instance of TrackedResource for resource:security_group
2026-05-08 20:03:19.817 7 WARNING neutron.quota.resource_registry [None req-3b9d40d4-dac8-497d-83d5-dc2386c63a0b - - - - - -] security_group is already registered
2026-05-08 20:03:19.817 7 INFO neutron.quota.resource_registry [None req-3b9d40d4-dac8-497d-83d5-dc2386c63a0b - - - - - -] Creating instance of TrackedResource for resource:security_group_rule
2026-05-08 20:03:19.817 7 WARNING neutron.quota.resource_registry [None req-3b9d40d4-dac8-497d-83d5-dc2386c63a0b - - - - - -] security_group_rule is already registered
2026-05-08 20:03:19.818 7 INFO neutron.quota.resource_registry [None req-3b9d40d4-dac8-497d-83d5-dc2386c63a0b - - - - - -] Creating instance of TrackedResource for resource:subnetpool
2026-05-08 20:03:19.818 7 WARNING neutron.quota.resource_registry [None req-3b9d40d4-dac8-497d-83d5-dc2386c63a0b - - - - - -] subnetpool is already registered
2026-05-08 20:03:19.819 7 INFO neutron.quota.resource_registry [None req-3b9d40d4-dac8-497d-83d5-dc2386c63a0b - - - - - -] Creating instance of TrackedResource for resource:subnetpool
2026-05-08 20:03:19.819 7 WARNING neutron.quota.resource_registry [None req-3b9d40d4-dac8-497d-83d5-dc2386c63a0b - - - - - -] subnetpool is already registered
2026-05-08 20:03:19.820 7 INFO neutron.quota.resource_registry [None req-3b9d40d4-dac8-497d-83d5-dc2386c63a0b - - - - - -] Creating instance of CountableResource for resource:trunk
2026-05-08 20:03:19.820 7 WARNING neutron.quota.resource_registry [None req-3b9d40d4-dac8-497d-83d5-dc2386c63a0b - - - - - -] trunk is already registered
2026-05-08 20:03:19.820 7 INFO neutron.quota.resource_registry [None req-3b9d40d4-dac8-497d-83d5-dc2386c63a0b - - - - - -] Creating instance of CountableResource for resource:ikepolicy
2026-05-08 20:03:19.821 7 WARNING neutron.quota.resource_registry [None req-3b9d40d4-dac8-497d-83d5-dc2386c63a0b - - - - - -] ikepolicy is already registered
2026-05-08 20:03:19.821 7 INFO neutron.quota.resource_registry [None req-3b9d40d4-dac8-497d-83d5-dc2386c63a0b - - - - - -] Creating instance of CountableResource for resource:ipsecpolicy
2026-05-08 20:03:19.821 7 WARNING neutron.quota.resource_registry [None req-3b9d40d4-dac8-497d-83d5-dc2386c63a0b - - - - - -] ipsecpolicy is already registered
2026-05-08 20:03:19.821 7 INFO neutron.quota.resource_registry [None req-3b9d40d4-dac8-497d-83d5-dc2386c63a0b - - - - - -] Creating instance of CountableResource for resource:endpoint_group
2026-05-08 20:03:19.822 7 WARNING neutron.quota.resource_registry [None req-3b9d40d4-dac8-497d-83d5-dc2386c63a0b - - - - - -] endpoint_group is already registered
2026-05-08 20:03:19.822 7 INFO neutron.quota.resource_registry [None req-3b9d40d4-dac8-497d-83d5-dc2386c63a0b - - - - - -] Creating instance of CountableResource for resource:vpnservice
2026-05-08 20:03:19.822 7 WARNING neutron.quota.resource_registry [None req-3b9d40d4-dac8-497d-83d5-dc2386c63a0b - - - - - -] vpnservice is already registered
2026-05-08 20:03:19.822 7 INFO neutron.quota.resource_registry [None req-3b9d40d4-dac8-497d-83d5-dc2386c63a0b - - - - - -] Creating instance of CountableResource for resource:ipsec_site_connection
2026-05-08 20:03:19.823 7 WARNING neutron.quota.resource_registry [None req-3b9d40d4-dac8-497d-83d5-dc2386c63a0b - - - - - -] ipsec_site_connection is already registered
2026-05-08 20:03:19.823 7 INFO neutron.quota.resource_registry [None req-3b9d40d4-dac8-497d-83d5-dc2386c63a0b - - - - - -] Creating instance of CountableResource for resource:ipsecpolicy
2026-05-08 20:03:19.823 7 WARNING neutron.quota.resource_registry [None req-3b9d40d4-dac8-497d-83d5-dc2386c63a0b - - - - - -] ipsecpolicy is already registered
2026-05-08 20:03:19.823 7 INFO neutron.quota.resource_registry [None req-3b9d40d4-dac8-497d-83d5-dc2386c63a0b - - - - - -] Creating instance of CountableResource for resource:ikepolicy
2026-05-08 20:03:19.824 7 WARNING neutron.quota.resource_registry [None req-3b9d40d4-dac8-497d-83d5-dc2386c63a0b - - - - - -] ikepolicy is already registered
2026-05-08 20:03:19.861 7 WARNING keystonemiddleware._common.config [None req-3b9d40d4-dac8-497d-83d5-dc2386c63a0b - - - - - -] The option "audit_map_file" is not known to keystonemiddleware
2026-05-08 20:03:19.868 7 WARNING oslo_config.cfg [None req-3b9d40d4-dac8-497d-83d5-dc2386c63a0b - - - - - -] Deprecated: Option "auth_uri" from group "keystone_authtoken" is deprecated. Use option "www_authenticate_uri" from group "keystone_authtoken". WSGI app 0 (mountpoint='') ready in 7 seconds on interpreter 0x7f296fcb5668 pid: 7 (default app) /var/lib/openstack/lib/python3.12/site-packages/pycadf/identifier.py:70: UserWarning: Invalid uuid: unknown. To ensure interoperability, identifiers should be a valid uuid. warnings.warn(('Invalid uuid: %s. To ensure interoperability, '
2026-05-08 20:03:24.462 8 INFO neutron.pecan_wsgi.hooks.translation [None req-e6fe339e-2a49-42bb-a711-9e5e16a35f93 5223ea118346491b97710fd66537f35b ca263fd68ec449849611de51446c6452 - - default default] GET failed (client error): The resource could not be found. [pid: 8|app: 0|req: 3/3] 199.19.213.63 () {44 vars in 923 bytes} [Fri May 8 20:03:23 2026] GET /v2.0/networks/public => generated 108 bytes in 758 msecs (HTTP/1.1 404) 4 headers in 164 bytes (1 switches on core 0) /var/lib/openstack/lib/python3.12/site-packages/pycadf/identifier.py:70: UserWarning: Invalid uuid: unknown. To ensure interoperability, identifiers should be a valid uuid. warnings.warn(('Invalid uuid: %s. To ensure interoperability, ' [pid: 7|app: 0|req: 1/4] 199.19.213.63 () {44 vars in 945 bytes} [Fri May 8 20:03:24 2026] GET /v2.0/networks?name=public => generated 15 bytes in 349 msecs (HTTP/1.1 200) 4 headers in 156 bytes (1 switches on core 0)
2026-05-08 20:03:25.175 8 WARNING neutron.services.revisions.revision_plugin [None req-27c5db5f-8a00-4055-9ad9-598f0042cb6e 5223ea118346491b97710fd66537f35b ca263fd68ec449849611de51446c6452 - - default default] Could not find related network for resource to bump revision.
2026-05-08 20:03:25.194 8 INFO neutron.db.segments_db [None req-27c5db5f-8a00-4055-9ad9-598f0042cb6e 5223ea118346491b97710fd66537f35b ca263fd68ec449849611de51446c6452 - - default default] Added segment 2efb8f0c-36e7-47ab-8707-ea662bdd8049 of type flat for network 84dfcb0c-9513-4d0c-9734-1858b35f1a03
2026-05-08 20:03:25.246 8 INFO neutron.pecan_wsgi.hooks.translation [None req-27c5db5f-8a00-4055-9ad9-598f0042cb6e 5223ea118346491b97710fd66537f35b ca263fd68ec449849611de51446c6452 - - default default] POST failed (client error): The resource could not be found. [pid: 8|app: 0|req: 4/5] 199.19.213.63 () {48 vars in 963 bytes} [Fri May 8 20:03:24 2026] POST /v2.0/networks => generated 124 bytes in 440 msecs (HTTP/1.1 404) 4 headers in 164 bytes (1 switches on core 0)
2026-05-08 20:03:31.061 8 INFO neutron.pecan_wsgi.hooks.translation [None req-02ec54ef-5f6a-4a78-9864-e03909c281d5 5223ea118346491b97710fd66537f35b ca263fd68ec449849611de51446c6452 - - default default] GET failed (client error): The resource could not be found. [pid: 8|app: 0|req: 5/7] 199.19.213.63 () {44 vars in 923 bytes} [Fri May 8 20:03:31 2026] GET /v2.0/networks/public => generated 108 bytes in 40 msecs (HTTP/1.1 404) 4 headers in 164 bytes (1 switches on core 0) [pid: 7|app: 0|req: 3/8] 199.19.213.63 () {44 vars in 945 bytes} [Fri May 8 20:03:31 2026] GET /v2.0/networks?name=public => generated 15 bytes in 13 msecs (HTTP/1.1 200) 4 headers in 156 bytes (1 switches on core 0)
2026-05-08 20:03:31.127 8 WARNING neutron.services.revisions.revision_plugin [None req-7b7ba345-d609-4dbd-9cb7-421e164af702 5223ea118346491b97710fd66537f35b ca263fd68ec449849611de51446c6452 - - default default] Could not find related network for resource to bump revision.
2026-05-08 20:03:31.143 8 INFO neutron.db.segments_db [None req-7b7ba345-d609-4dbd-9cb7-421e164af702 5223ea118346491b97710fd66537f35b ca263fd68ec449849611de51446c6452 - - default default] Added segment ba3f53d9-ac6f-4479-bf3e-f260f1c0c9c6 of type flat for network 4a67409e-fb07-4971-b469-dcb9f5c9d622
2026-05-08 20:03:31.172 8 INFO neutron.pecan_wsgi.hooks.translation [None req-7b7ba345-d609-4dbd-9cb7-421e164af702 5223ea118346491b97710fd66537f35b ca263fd68ec449849611de51446c6452 - - default default] POST failed (client error): The resource could not be found. [pid: 8|app: 0|req: 6/9] 199.19.213.63 () {48 vars in 963 bytes} [Fri May 8 20:03:31 2026] POST /v2.0/networks => generated 124 bytes in 98 msecs (HTTP/1.1 404) 4 headers in 164 bytes (1 switches on core 0)
2026-05-08 20:03:37.296 7 INFO neutron.pecan_wsgi.hooks.translation [None req-e7c6183f-6580-4984-9891-0f3a2e6450ab 5223ea118346491b97710fd66537f35b ca263fd68ec449849611de51446c6452 - - default default] GET failed (client error): The resource could not be found. [pid: 7|app: 0|req: 4/10] 199.19.213.63 () {44 vars in 923 bytes} [Fri May 8 20:03:36 2026] GET /v2.0/networks/public => generated 108 bytes in 354 msecs (HTTP/1.1 404) 4 headers in 164 bytes (1 switches on core 0) [pid: 8|app: 0|req: 7/11] 199.19.213.63 () {44 vars in 945 bytes} [Fri May 8 20:03:37 2026] GET /v2.0/networks?name=public => generated 15 bytes in 19 msecs (HTTP/1.1 200) 4 headers in 156 bytes (1 switches on core 0)
2026-05-08 20:03:37.530 7 WARNING neutron.services.revisions.revision_plugin [None req-9e160b64-4813-4be9-b314-059f26f3ee28 5223ea118346491b97710fd66537f35b ca263fd68ec449849611de51446c6452 - - default default] Could not find related network for resource to bump revision.
2026-05-08 20:03:37.554 7 INFO neutron.db.segments_db [None req-9e160b64-4813-4be9-b314-059f26f3ee28 5223ea118346491b97710fd66537f35b ca263fd68ec449849611de51446c6452 - - default default] Added segment 422bc40f-65a8-48cc-b112-ff5d048e9cf1 of type flat for network cc08196e-448a-42e4-9dff-c2f0157bff09
2026-05-08 20:03:37.598 7 INFO neutron.pecan_wsgi.hooks.translation [None req-9e160b64-4813-4be9-b314-059f26f3ee28 5223ea118346491b97710fd66537f35b ca263fd68ec449849611de51446c6452 - - default default] POST failed (client error): The resource could not be found. [pid: 7|app: 0|req: 5/12] 199.19.213.63 () {48 vars in 963 bytes} [Fri May 8 20:03:37 2026] POST /v2.0/networks => generated 124 bytes in 289 msecs (HTTP/1.1 404) 4 headers in 164 bytes (1 switches on core 0)
2026-05-08 20:03:43.478 7 INFO neutron.pecan_wsgi.hooks.translation [None req-02457b57-c6cb-4c70-8d16-fa66a8932923 5223ea118346491b97710fd66537f35b ca263fd68ec449849611de51446c6452 - - default default] GET failed (client error): The resource could not be found. [pid: 7|app: 0|req: 6/14] 199.19.213.63 () {44 vars in 923 bytes} [Fri May 8 20:03:43 2026] GET /v2.0/networks/public => generated 108 bytes in 49 msecs (HTTP/1.1 404) 4 headers in 164 bytes (1 switches on core 0) [pid: 8|app: 0|req: 9/15] 199.19.213.63 () {44 vars in 945 bytes} [Fri May 8 20:03:43 2026] GET /v2.0/networks?name=public => generated 15 bytes in 14 msecs (HTTP/1.1 200) 4 headers in 156 bytes (1 switches on core 0)
2026-05-08 20:03:43.544 7 WARNING neutron.services.revisions.revision_plugin [None req-fe8d3fc5-064b-48a9-bdfc-ff5f51ee667b 5223ea118346491b97710fd66537f35b ca263fd68ec449849611de51446c6452 - - default default] Could not find related network for resource to bump revision.
2026-05-08 20:03:43.564 7 INFO neutron.db.segments_db [None req-fe8d3fc5-064b-48a9-bdfc-ff5f51ee667b 5223ea118346491b97710fd66537f35b ca263fd68ec449849611de51446c6452 - - default default] Added segment e062b05b-2578-4c74-b0ef-6f6d1476f2d6 of type flat for network 06f1e3b1-9a32-41f3-87e2-7ad351622c3b
2026-05-08 20:03:43.588 7 INFO neutron.pecan_wsgi.hooks.translation [None req-fe8d3fc5-064b-48a9-bdfc-ff5f51ee667b 5223ea118346491b97710fd66537f35b ca263fd68ec449849611de51446c6452 - - default default] POST failed (client error): The resource could not be found. [pid: 7|app: 0|req: 7/16] 199.19.213.63 () {48 vars in 963 bytes} [Fri May 8 20:03:43 2026] POST /v2.0/networks => generated 124 bytes in 96 msecs (HTTP/1.1 404) 4 headers in 164 bytes (1 switches on core 0)
2026-05-08 20:03:49.413 8 INFO neutron.pecan_wsgi.hooks.translation [None req-a509cc79-1cc0-4691-b933-d3bf1c738bc5 5223ea118346491b97710fd66537f35b ca263fd68ec449849611de51446c6452 - - default default] GET failed (client error): The resource could not be found. [pid: 8|app: 0|req: 10/17] 199.19.213.63 () {44 vars in 923 bytes} [Fri May 8 20:03:49 2026] GET /v2.0/networks/public => generated 108 bytes in 38 msecs (HTTP/1.1 404) 4 headers in 164 bytes (1 switches on core 0) [pid: 7|app: 0|req: 8/18] 199.19.213.63 () {44 vars in 945 bytes} [Fri May 8 20:03:49 2026] GET /v2.0/networks?name=public => generated 15 bytes in 16 msecs (HTTP/1.1 200) 4 headers in 156 bytes (1 switches on core 0)
2026-05-08 20:03:49.481 8 WARNING neutron.services.revisions.revision_plugin [None req-0d7c392b-ee09-4c43-b329-b7219de30b7f 5223ea118346491b97710fd66537f35b ca263fd68ec449849611de51446c6452 - - default default] Could not find related network for resource to bump revision.
2026-05-08 20:03:49.508 8 INFO neutron.db.segments_db [None req-0d7c392b-ee09-4c43-b329-b7219de30b7f 5223ea118346491b97710fd66537f35b ca263fd68ec449849611de51446c6452 - - default default] Added segment d4df6120-29dc-4437-a884-ceb092ea1c3f of type flat for network ab110027-57ff-4ba9-86a7-e4bbf3ed01a0
2026-05-08 20:03:49.533 8 INFO neutron.pecan_wsgi.hooks.translation [None req-0d7c392b-ee09-4c43-b329-b7219de30b7f 5223ea118346491b97710fd66537f35b ca263fd68ec449849611de51446c6452 - - default default] POST failed (client error): The resource could not be found. [pid: 8|app: 0|req: 11/19] 199.19.213.63 () {48 vars in 963 bytes} [Fri May 8 20:03:49 2026] POST /v2.0/networks => generated 124 bytes in 104 msecs (HTTP/1.1 404) 4 headers in 164 bytes (1 switches on core 0)
2026-05-08 20:03:55.423 7 INFO neutron.pecan_wsgi.hooks.translation [None req-bb0dcf82-ec9a-4e04-ac27-a8e4e04e55c6 5223ea118346491b97710fd66537f35b ca263fd68ec449849611de51446c6452 - - default default] GET failed (client error): The resource could not be found. [pid: 7|app: 0|req: 9/20] 199.19.213.63 () {44 vars in 923 bytes} [Fri May 8 20:03:55 2026] GET /v2.0/networks/public => generated 108 bytes in 44 msecs (HTTP/1.1 404) 4 headers in 164 bytes (1 switches on core 0) [pid: 8|app: 0|req: 12/21] 199.19.213.63 () {44 vars in 945 bytes} [Fri May 8 20:03:55 2026] GET /v2.0/networks?name=public => generated 15 bytes in 27 msecs (HTTP/1.1 200) 4 headers in 156 bytes (1 switches on core 0)
2026-05-08 20:03:55.514 7 WARNING neutron.services.revisions.revision_plugin [None req-c29e7849-7e13-45d0-940c-201391968752 5223ea118346491b97710fd66537f35b ca263fd68ec449849611de51446c6452 - - default default] Could not find related network for resource to bump revision.
2026-05-08 20:03:55.531 7 INFO neutron.db.segments_db [None req-c29e7849-7e13-45d0-940c-201391968752 5223ea118346491b97710fd66537f35b ca263fd68ec449849611de51446c6452 - - default default] Added segment 6c5f952d-210c-4089-b675-5d3c46f245d8 of type flat for network 7faa6ecc-604a-40a0-8ab2-1dc9b4b2b4ed
2026-05-08 20:03:55.554 7 INFO neutron.pecan_wsgi.hooks.translation [None req-c29e7849-7e13-45d0-940c-201391968752 5223ea118346491b97710fd66537f35b ca263fd68ec449849611de51446c6452 - - default default] POST failed (client error): The resource could not be found. [pid: 7|app: 0|req: 10/22] 199.19.213.63 () {48 vars in 963 bytes} [Fri May 8 20:03:55 2026] POST /v2.0/networks => generated 124 bytes in 102 msecs (HTTP/1.1 404) 4 headers in 164 bytes (1 switches on core 0)
2026-05-08 20:04:01.393 7 INFO neutron.pecan_wsgi.hooks.translation [None req-c943fd08-696c-4833-8428-021454133976 5223ea118346491b97710fd66537f35b ca263fd68ec449849611de51446c6452 - - default default] GET failed (client error): The resource could not be found. [pid: 7|app: 0|req: 11/24] 199.19.213.63 () {44 vars in 923 bytes} [Fri May 8 20:04:01 2026] GET /v2.0/networks/public => generated 108 bytes in 44 msecs (HTTP/1.1 404) 4 headers in 164 bytes (1 switches on core 0) [pid: 8|app: 0|req: 14/25] 199.19.213.63 () {44 vars in 945 bytes} [Fri May 8 20:04:01 2026] GET /v2.0/networks?name=public => generated 15 bytes in 15 msecs (HTTP/1.1 200) 4 headers in 156 bytes (1 switches on core 0)
2026-05-08 20:04:01.792 7 WARNING neutron.services.revisions.revision_plugin [None req-ec10408f-2e89-4d05-b6a6-71e552f35273 5223ea118346491b97710fd66537f35b ca263fd68ec449849611de51446c6452 - - default default] Could not find related network for resource to bump revision.
2026-05-08 20:04:01.871 7 INFO neutron.db.segments_db [None req-ec10408f-2e89-4d05-b6a6-71e552f35273 5223ea118346491b97710fd66537f35b ca263fd68ec449849611de51446c6452 - - default default] Added segment 10fafaad-9b27-4ff3-b177-336f13333b1d of type flat for network 3dcd125a-4602-45c7-8b03-585b289d0a41 [pid: 7|app: 0|req: 12/26] 199.19.213.63 () {48 vars in 963 bytes} [Fri May 8 20:04:01 2026] POST /v2.0/networks => generated 706 bytes in 592 msecs (HTTP/1.1 201) 4 headers in 162 bytes (1 switches on core 0)
2026-05-08 20:04:03.126 8 INFO neutron.pecan_wsgi.hooks.translation [None req-c85827de-eea6-4b3d-86a9-d67b409db776 5223ea118346491b97710fd66537f35b ca263fd68ec449849611de51446c6452 - - default default] GET failed (client error): The resource could not be found. [pid: 8|app: 0|req: 15/27] 199.19.213.63 () {44 vars in 923 bytes} [Fri May 8 20:04:03 2026] GET /v2.0/networks/public => generated 108 bytes in 41 msecs (HTTP/1.1 404) 4 headers in 164 bytes (1 switches on core 0) [pid: 7|app: 0|req: 13/28] 199.19.213.63 () {44 vars in 945 bytes} [Fri May 8 20:04:03 2026] GET /v2.0/networks?name=public => generated 709 bytes in 35 msecs (HTTP/1.1 200) 4 headers in 157 bytes (1 switches on core 0)
2026-05-08 20:04:03.199 8 INFO neutron.pecan_wsgi.hooks.translation [None req-d1c66f82-c28d-4736-a32a-9565ef12c0d6 5223ea118346491b97710fd66537f35b ca263fd68ec449849611de51446c6452 - - default default] GET failed (client error): The resource could not be found. [pid: 8|app: 0|req: 16/29] 199.19.213.63 () {44 vars in 1030 bytes} [Fri May 8 20:04:03 2026] GET /v2.0/subnets/public-subnet?network_id=3dcd125a-4602-45c7-8b03-585b289d0a41 => generated 113 bytes in 24 msecs (HTTP/1.1 404) 4 headers in 164 bytes (1 switches on core 0) [pid: 7|app: 0|req: 14/30] 199.19.213.63 () {44 vars in 1053 bytes} [Fri May 8 20:04:03 2026] GET /v2.0/subnets?name=public-subnet&network_id=3dcd125a-4602-45c7-8b03-585b289d0a41 => generated 14 bytes in 25 msecs (HTTP/1.1 200) 4 headers in 156 bytes (1 switches on core 0) [pid: 8|app: 0|req: 17/31] 199.19.213.63 () {48 vars in 961 bytes} [Fri May 8 20:04:03 2026] POST /v2.0/subnets => generated 664 bytes in 382 msecs (HTTP/1.1 201) 4 headers in 162 bytes (1 switches on core 0)
2026-05-08 20:08:50.174 7 INFO neutron.pecan_wsgi.hooks.translation [None req-75a84d5c-3b98-4e50-877a-96c04aff468c 5223ea118346491b97710fd66537f35b ca263fd68ec449849611de51446c6452 - - default default] GET failed (client error): The resource could not be found. [pid: 7|app: 0|req: 34/69] 199.19.213.63 () {44 vars in 933 bytes} [Fri May 8 20:08:50 2026] GET /v2.0/networks/lb-mgmt-net => generated 113 bytes in 107 msecs (HTTP/1.1 404) 4 headers in 164 bytes (1 switches on core 0) [pid: 8|app: 0|req: 36/70] 199.19.213.63 () {44 vars in 955 bytes} [Fri May 8 20:08:50 2026] GET /v2.0/networks?name=lb-mgmt-net => generated 15 bytes in 17 msecs (HTTP/1.1 200) 4 headers in 156 bytes (1 switches on core 0)
2026-05-08 20:08:50.247 7 INFO neutron.db.segments_db [None req-bd3b6327-f47a-4abc-b533-b87f90095fc5 5223ea118346491b97710fd66537f35b ca263fd68ec449849611de51446c6452 - - default default] Added segment 94262303-d584-4b30-b8a7-5a209e516b07 of type vxlan for network 1ab0699e-0109-46c5-8323-d9d9357b72a4 [pid: 7|app: 0|req: 35/71] 199.19.213.63 () {48 vars in 962 bytes} [Fri May 8 20:08:50 2026] POST /v2.0/networks => generated 707 bytes in 115 msecs (HTTP/1.1 201) 4 headers in 162 bytes (1 switches on core 0)
2026-05-08 20:08:51.189 8 INFO neutron.pecan_wsgi.hooks.translation [None req-d7805c91-9128-4fb4-9fc0-1189486a70ac 5223ea118346491b97710fd66537f35b ca263fd68ec449849611de51446c6452 - - default default] GET failed (client error): The resource could not be found. [pid: 8|app: 0|req: 37/72] 199.19.213.63 () {44 vars in 933 bytes} [Fri May 8 20:08:51 2026] GET /v2.0/networks/lb-mgmt-net => generated 113 bytes in 51 msecs (HTTP/1.1 404) 4 headers in 164 bytes (1 switches on core 0) [pid: 7|app: 0|req: 36/73] 199.19.213.63 () {44 vars in 955 bytes} [Fri May 8 20:08:51 2026] GET /v2.0/networks?name=lb-mgmt-net => generated 691 bytes in 26 msecs (HTTP/1.1 200) 4 headers in 157 bytes (1 switches on core 0)
