2026-05-20 18:43:01.892 10 INFO neutron.db.ovn_revision_numbers_db [None req-61fb836a-c238-4407-87b4-b30fe07440d2 - - - - - -] Successfully bumped revision number for resource 4559edc9-399d-4c84-9c27-2801fcec0ac9 (type: ports) to 2
2026-05-20 18:43:01.944 10 INFO neutron.db.ovn_revision_numbers_db [None req-61fb836a-c238-4407-87b4-b30fe07440d2 - - - - - -] Successfully bumped revision number for resource bf24abaf-8c6e-4180-9846-3c6699f1f3b9 (type: subnets) to 0
2026-05-20 18:43:01.962 10 INFO neutron.api.wsgi [None req-16bb524f-c556-4ab7-8b6d-923fecec9cee 25961daeef90494d98212e8106a97e05 0405c3c08a9f4591ba583b5d93a8f032 - - default default] 10.0.0.47 "POST /v2.0/subnets HTTP/1.1" status: 201 len: 890 time: 0.8639216
2026-05-20 18:43:02.067 10 INFO neutron.api.wsgi [None req-cfd7ed41-23f9-48d0-b147-ed0a47c4531f 25961daeef90494d98212e8106a97e05 0405c3c08a9f4591ba583b5d93a8f032 - - default default] 10.0.0.47 "DELETE /v2.0/security-groups/7a77063e-9f18-4d47-a53e-5a1a6c72edfd HTTP/1.1" status: 204 len: 168 time: 0.2201142
2026-05-20 18:43:02.312 10 INFO neutron.db.ovn_revision_numbers_db [None req-3b2700c3-e7d5-4dc8-b59f-3c4563c4d640 25961daeef90494d98212e8106a97e05 0405c3c08a9f4591ba583b5d93a8f032 - - default default] Successfully bumped revision number for resource c4d374e7-a65f-4525-beca-11939454a3e3 (type: security_groups) to 1
2026-05-20 18:43:02.335 10 INFO neutron.db.ovn_revision_numbers_db [None req-3b2700c3-e7d5-4dc8-b59f-3c4563c4d640 25961daeef90494d98212e8106a97e05 0405c3c08a9f4591ba583b5d93a8f032 - - default default] Successfully bumped revision number for resource 206fab32-6870-46e0-a5c9-7f8b689af38f (type: security_group_rules) to 0
2026-05-20 18:43:02.347 10 INFO neutron.db.ovn_revision_numbers_db [None req-3b2700c3-e7d5-4dc8-b59f-3c4563c4d640 25961daeef90494d98212e8106a97e05 0405c3c08a9f4591ba583b5d93a8f032 - - default default] Successfully bumped revision number for resource 8bb52eba-be08-444e-8847-2f266cf7c37d (type: security_group_rules) to 0
2026-05-20 18:43:02.363 10 INFO neutron.db.ovn_revision_numbers_db [None req-3b2700c3-e7d5-4dc8-b59f-3c4563c4d640 25961daeef90494d98212e8106a97e05 0405c3c08a9f4591ba583b5d93a8f032 - - default default] Successfully bumped revision number for resource 9f8f8101-f927-4461-9556-697daff8b0ca (type: security_group_rules) to 0
2026-05-20 18:43:02.375 10 INFO neutron.db.ovn_revision_numbers_db [None req-3b2700c3-e7d5-4dc8-b59f-3c4563c4d640 25961daeef90494d98212e8106a97e05 0405c3c08a9f4591ba583b5d93a8f032 - - default default] Successfully bumped revision number for resource c8612795-5a59-4f02-be6e-ce0d232291f8 (type: security_group_rules) to 0
2026-05-20 18:43:02.376 9 INFO neutron.db.ovn_revision_numbers_db [None req-393eb6af-6e6d-4a27-af3a-c1072f38ec10 25961daeef90494d98212e8106a97e05 0405c3c08a9f4591ba583b5d93a8f032 - - default default] Successfully bumped revision number for resource 404864ae-96ab-4909-9901-c19d558469d4 (type: router_ports) to 1
2026-05-20 18:43:02.381 9 INFO neutron.api.wsgi [None req-393eb6af-6e6d-4a27-af3a-c1072f38ec10 25961daeef90494d98212e8106a97e05 0405c3c08a9f4591ba583b5d93a8f032 - - default default] 10.0.0.47 "PUT /v2.0/routers/fc1d917e-83f8-4e65-a888-3d429d750453/add_router_interface HTTP/1.1" status: 200 len: 503 time: 2.5059578
2026-05-20 18:43:02.412 10 INFO neutron.api.wsgi [None req-3b2700c3-e7d5-4dc8-b59f-3c4563c4d640 25961daeef90494d98212e8106a97e05 0405c3c08a9f4591ba583b5d93a8f032 - - default default] 10.0.0.47 "GET /v2.0/security-groups?tenant_id=2180def769674e6da7689b4ca8233f51&name=default HTTP/1.1" status: 200 len: 3116 time: 0.2519486
2026-05-20 18:43:02.445 9 WARNING neutron.scheduler.dhcp_agent_scheduler [None req-7c48b2db-b9e0-49bb-a33c-8a77714d5fea 25961daeef90494d98212e8106a97e05 0405c3c08a9f4591ba583b5d93a8f032 - - default default] No more DHCP agents
2026-05-20 18:43:02.446 9 WARNING neutron.api.rpc.agentnotifiers.dhcp_rpc_agent_api [None req-7c48b2db-b9e0-49bb-a33c-8a77714d5fea 25961daeef90494d98212e8106a97e05 0405c3c08a9f4591ba583b5d93a8f032 - - default default] Unable to schedule network 1b4fc365-0321-4ce5-bf09-5351fb21ba4a: no agents available; will retry on subsequent port and subnet creation events.
2026-05-20 18:43:02.559 9 INFO neutron.db.ovn_revision_numbers_db [None req-7c48b2db-b9e0-49bb-a33c-8a77714d5fea 25961daeef90494d98212e8106a97e05 0405c3c08a9f4591ba583b5d93a8f032 - - default default] Successfully bumped revision number for resource 1bca9df7-cdaa-4e86-b305-a77ac8c808c2 (type: ports) to 1
2026-05-20 18:43:02.619 10 INFO neutron.api.wsgi [None req-d4c9a9b8-8713-4126-b027-7bee8eea111b 25961daeef90494d98212e8106a97e05 0405c3c08a9f4591ba583b5d93a8f032 - - default default] 10.0.0.47 "DELETE /v2.0/security-groups/c4d374e7-a65f-4525-beca-11939454a3e3 HTTP/1.1" status: 204 len: 168 time: 0.1971087
2026-05-20 18:43:02.997 10 WARNING neutron_lib.context [None req-33326d19-b62d-4ce4-8599-f0e429fe1800 80d17cb49edd46dd9efbca80b3993c08 0191e27732b54091858e4e7312caba93 - - default default] Method 'is_advsvc' is deprecated since 2023.2 release (neutron-lib 3.8.0) and will be removed once support for the old RBAC API policies will be removed from Neutron. Please use method 'is_service_role' instead.
2026-05-20 18:43:03.026 10 WARNING neutron_lib.context [req-90d656a2-895a-4007-8738-7345a8fedd02 req-c7fe32dd-cdab-4fde-a9dd-5c97fe42d502 28bc1cb7cc39440482c62c943a662153 7f0be137535f48f4b09970891491828f - - default default] Method 'is_advsvc' is deprecated since 2023.2 release (neutron-lib 3.8.0) and will be removed once support for the old RBAC API policies will be removed from Neutron. Please use method 'is_service_role' instead.
2026-05-20 18:43:03.060 9 INFO neutron.plugins.ml2.drivers.ovn.mech_driver.ovsdb.commands [None req-daf088a4-1a44-40de-a532-f2b71a9c5ed0 - - - - - -] Schedule LRP lrp-1bca9df7-cdaa-4e86-b305-a77ac8c808c2 on gateway da08c451-8318-4be6-9f14-7d6c1115e9df with priority 1
2026-05-20 18:43:03.084 9 INFO neutron.plugins.ml2.drivers.ovn.mech_driver.ovsdb.ovsdb_monitor [-] Router 443465e7-f51f-433a-a926-a8bce26d34a3 is bound to host instance
2026-05-20 18:43:03.117 9 INFO neutron.db.ovn_revision_numbers_db [None req-7c48b2db-b9e0-49bb-a33c-8a77714d5fea 25961daeef90494d98212e8106a97e05 0405c3c08a9f4591ba583b5d93a8f032 - - default default] Successfully bumped revision number for resource 1bca9df7-cdaa-4e86-b305-a77ac8c808c2 (type: router_ports) to 1
2026-05-20 18:43:03.192 10 INFO neutron.db.ovn_revision_numbers_db [None req-33326d19-b62d-4ce4-8599-f0e429fe1800 80d17cb49edd46dd9efbca80b3993c08 0191e27732b54091858e4e7312caba93 - - default default] Successfully bumped revision number for resource 0f94f51d-da9f-4734-80a9-4bdff9e85df1 (type: security_groups) to 1
2026-05-20 18:43:03.197 10 INFO neutron.db.ovn_revision_numbers_db [req-90d656a2-895a-4007-8738-7345a8fedd02 req-c7fe32dd-cdab-4fde-a9dd-5c97fe42d502 28bc1cb7cc39440482c62c943a662153 7f0be137535f48f4b09970891491828f - - default default] Successfully bumped revision number for resource 2a8d828d-69f0-47f0-8cac-6383f5846bf9 (type: security_groups) to 1
2026-05-20 18:43:03.204 10 INFO neutron.db.ovn_revision_numbers_db [None req-33326d19-b62d-4ce4-8599-f0e429fe1800 80d17cb49edd46dd9efbca80b3993c08 0191e27732b54091858e4e7312caba93 - - default default] Successfully bumped revision number for resource 028788d0-aa53-4eb2-a86c-2ca3473c4685 (type: security_group_rules) to 0
2026-05-20 18:43:03.211 10 INFO neutron.db.ovn_revision_numbers_db [req-90d656a2-895a-4007-8738-7345a8fedd02 req-c7fe32dd-cdab-4fde-a9dd-5c97fe42d502 28bc1cb7cc39440482c62c943a662153 7f0be137535f48f4b09970891491828f - - default default] Successfully bumped revision number for resource 315cc4c3-f04c-482d-acb2-182508143ddc (type: security_group_rules) to 0
2026-05-20 18:43:03.217 10 INFO neutron.db.ovn_revision_numbers_db [None req-33326d19-b62d-4ce4-8599-f0e429fe1800 80d17cb49edd46dd9efbca80b3993c08 0191e27732b54091858e4e7312caba93 - - default default] Successfully bumped revision number for resource fce7df4d-d0c0-428a-847e-1bc04081b2df (type: security_group_rules) to 0
2026-05-20 18:43:03.235 10 INFO neutron.db.ovn_revision_numbers_db [req-90d656a2-895a-4007-8738-7345a8fedd02 req-c7fe32dd-cdab-4fde-a9dd-5c97fe42d502 28bc1cb7cc39440482c62c943a662153 7f0be137535f48f4b09970891491828f - - default default] Successfully bumped revision number for resource 96396dc4-b8c8-4f40-acb0-08ce97c104a1 (type: security_group_rules) to 0
2026-05-20 18:43:03.270 10 INFO neutron.api.wsgi [None req-33326d19-b62d-4ce4-8599-f0e429fe1800 80d17cb49edd46dd9efbca80b3993c08 0191e27732b54091858e4e7312caba93 - - default default] 10.0.0.47 "POST /v2.0/security-groups HTTP/1.1" status: 201 len: 1860 time: 0.2776303
2026-05-20 18:43:03.280 10 WARNING neutron_lib.context [None req-544b94e4-15ff-4825-8553-99bd0f929622 80d17cb49edd46dd9efbca80b3993c08 0191e27732b54091858e4e7312caba93 - - default default] Method 'is_advsvc' is deprecated since 2023.2 release (neutron-lib 3.8.0) and will be removed once support for the old RBAC API policies will be removed from Neutron. Please use method 'is_service_role' instead.
2026-05-20 18:43:03.285 10 INFO neutron.api.wsgi [req-90d656a2-895a-4007-8738-7345a8fedd02 req-c7fe32dd-cdab-4fde-a9dd-5c97fe42d502 28bc1cb7cc39440482c62c943a662153 7f0be137535f48f4b09970891491828f - - default default] 10.0.0.131 "POST /v2.0/security-groups HTTP/1.1" status: 201 len: 1891 time: 0.3922515
2026-05-20 18:43:03.306 9 INFO neutron.db.ovn_revision_numbers_db [None req-7c48b2db-b9e0-49bb-a33c-8a77714d5fea 25961daeef90494d98212e8106a97e05 0405c3c08a9f4591ba583b5d93a8f032 - - default default] Successfully bumped revision number for resource 443465e7-f51f-433a-a926-a8bce26d34a3 (type: routers) to 2
2026-05-20 18:43:03.325 9 INFO neutron.api.wsgi [None req-7c48b2db-b9e0-49bb-a33c-8a77714d5fea 25961daeef90494d98212e8106a97e05 0405c3c08a9f4591ba583b5d93a8f032 - - default default] 10.0.0.47 "POST /v2.0/routers HTTP/1.1" status: 201 len: 1168 time: 1.3437991
2026-05-20 18:43:03.569 10 INFO neutron.db.ovn_revision_numbers_db [None req-544b94e4-15ff-4825-8553-99bd0f929622 80d17cb49edd46dd9efbca80b3993c08 0191e27732b54091858e4e7312caba93 - - default default] Successfully bumped revision number for resource d4ee6e7e-a800-4fa9-b1c2-80707060abc1 (type: security_group_rules) to 0
2026-05-20 18:43:03.603 10 INFO neutron.api.wsgi [None req-544b94e4-15ff-4825-8553-99bd0f929622 80d17cb49edd46dd9efbca80b3993c08 0191e27732b54091858e4e7312caba93 - - default default] 10.0.0.47 "POST /v2.0/security-group-rules HTTP/1.1" status: 201 len: 796 time: 0.3275442
2026-05-20 18:43:03.612 10 WARNING neutron_lib.context [None req-1b35be3e-4e10-4ccd-ba8a-99183fbc5842 80d17cb49edd46dd9efbca80b3993c08 0191e27732b54091858e4e7312caba93 - - default default] Method 'is_advsvc' is deprecated since 2023.2 release (neutron-lib 3.8.0) and will be removed once support for the old RBAC API policies will be removed from Neutron. Please use method 'is_service_role' instead.
2026-05-20 18:43:03.719 10 INFO neutron.db.ovn_revision_numbers_db [None req-1b35be3e-4e10-4ccd-ba8a-99183fbc5842 80d17cb49edd46dd9efbca80b3993c08 0191e27732b54091858e4e7312caba93 - - default default] Successfully bumped revision number for resource b3b1987f-8dad-465d-bb66-0e615a887bfe (type: security_group_rules) to 0
2026-05-20 18:43:03.735 9 INFO neutron.db.ovn_revision_numbers_db [None req-45cedb73-987f-4599-9365-0cfd23d8852d - - - - - -] Successfully bumped revision number for resource 1bca9df7-cdaa-4e86-b305-a77ac8c808c2 (type: ports) to 1
2026-05-20 18:43:03.755 10 INFO neutron.api.wsgi [None req-1b35be3e-4e10-4ccd-ba8a-99183fbc5842 80d17cb49edd46dd9efbca80b3993c08 0191e27732b54091858e4e7312caba93 - - default default] 10.0.0.47 "POST /v2.0/security-group-rules HTTP/1.1" status: 201 len: 801 time: 0.1467776
2026-05-20 18:43:03.764 10 WARNING neutron_lib.context [None req-2114a4b0-8563-4e57-97bf-475bf85f0200 80d17cb49edd46dd9efbca80b3993c08 0191e27732b54091858e4e7312caba93 - - default default] Method 'is_advsvc' is deprecated since 2023.2 release (neutron-lib 3.8.0) and will be removed once support for the old RBAC API policies will be removed from Neutron. Please use method 'is_service_role' instead.
2026-05-20 18:43:03.870 9 INFO neutron.api.wsgi [req-028e792b-f54d-415a-9788-4d8c21fbb94b req-620eee2b-4d42-460a-992c-b39b84a0fa70 28bc1cb7cc39440482c62c943a662153 7f0be137535f48f4b09970891491828f - - default default] 10.0.0.131 "GET /v2.0/security-groups/2a8d828d-69f0-47f0-8cac-6383f5846bf9 HTTP/1.1" status: 200 len: 1886 time: 0.1495101
2026-05-20 18:43:03.883 9 WARNING neutron_lib.context [req-028e792b-f54d-415a-9788-4d8c21fbb94b req-1d26e3b3-0636-4a89-be0a-35492ba0a7f0 28bc1cb7cc39440482c62c943a662153 7f0be137535f48f4b09970891491828f - - default default] Method 'is_advsvc' is deprecated since 2023.2 release (neutron-lib 3.8.0) and will be removed once support for the old RBAC API policies will be removed from Neutron. Please use method 'is_service_role' instead.
2026-05-20 18:43:03.891 9 WARNING neutron.scheduler.dhcp_agent_scheduler [None req-42cb07cd-ae7b-4062-a4aa-c7f04cbc7e26 25961daeef90494d98212e8106a97e05 0405c3c08a9f4591ba583b5d93a8f032 - - default default] No more DHCP agents
2026-05-20 18:43:03.895 9 WARNING neutron.api.rpc.agentnotifiers.dhcp_rpc_agent_api [None req-42cb07cd-ae7b-4062-a4aa-c7f04cbc7e26 25961daeef90494d98212e8106a97e05 0405c3c08a9f4591ba583b5d93a8f032 - - default default] Unable to schedule network cfd62785-bdef-4b6b-bdc3-5ad2390d5a00: no agents available; will retry on subsequent port and subnet creation events.
2026-05-20 18:43:03.996 10 WARNING neutron.scheduler.dhcp_agent_scheduler [None req-2114a4b0-8563-4e57-97bf-475bf85f0200 80d17cb49edd46dd9efbca80b3993c08 0191e27732b54091858e4e7312caba93 - - default default] No more DHCP agents
2026-05-20 18:43:03.997 10 WARNING neutron.api.rpc.agentnotifiers.dhcp_rpc_agent_api [None req-2114a4b0-8563-4e57-97bf-475bf85f0200 80d17cb49edd46dd9efbca80b3993c08 0191e27732b54091858e4e7312caba93 - - default default] Unable to schedule network 1b4fc365-0321-4ce5-bf09-5351fb21ba4a: no agents available; will retry on subsequent port and subnet creation events.
2026-05-20 18:43:04.053 9 INFO neutron.db.ovn_revision_numbers_db [None req-42cb07cd-ae7b-4062-a4aa-c7f04cbc7e26 25961daeef90494d98212e8106a97e05 0405c3c08a9f4591ba583b5d93a8f032 - - default default] Successfully bumped revision number for resource c0c38555-d85d-43a6-83fc-7b5b9c93a220 (type: ports) to 1
2026-05-20 18:43:04.095 9 INFO neutron.db.ovn_revision_numbers_db [req-028e792b-f54d-415a-9788-4d8c21fbb94b req-1d26e3b3-0636-4a89-be0a-35492ba0a7f0 28bc1cb7cc39440482c62c943a662153 7f0be137535f48f4b09970891491828f - - default default] Successfully bumped revision number for resource 46c4dd43-9af3-4f65-adf1-7732d165fac8 (type: security_group_rules) to 0
2026-05-20 18:43:04.150 9 INFO neutron.api.wsgi [req-028e792b-f54d-415a-9788-4d8c21fbb94b req-1d26e3b3-0636-4a89-be0a-35492ba0a7f0 28bc1cb7cc39440482c62c943a662153 7f0be137535f48f4b09970891491828f - - default default] 10.0.0.131 "POST /v2.0/security-group-rules HTTP/1.1" status: 201 len: 818 time: 0.2725470
2026-05-20 18:43:04.177 9 INFO neutron.db.ovn_revision_numbers_db [None req-45cedb73-987f-4599-9365-0cfd23d8852d - - - - - -] Successfully bumped revision number for resource 1bca9df7-cdaa-4e86-b305-a77ac8c808c2 (type: ports) to 4
2026-05-20 18:43:04.188 10 WARNING neutron_lib.context [req-a31056b3-d31f-40d2-8baa-d42d82e2fba3 req-520c5447-357a-4ee0-a2d5-16b7d9095884 28bc1cb7cc39440482c62c943a662153 7f0be137535f48f4b09970891491828f - - default default] Method 'is_advsvc' is deprecated since 2023.2 release (neutron-lib 3.8.0) and will be removed once support for the old RBAC API policies will be removed from Neutron. Please use method 'is_service_role' instead.
2026-05-20 18:43:04.352 10 INFO neutron.db.ovn_revision_numbers_db [req-a31056b3-d31f-40d2-8baa-d42d82e2fba3 req-520c5447-357a-4ee0-a2d5-16b7d9095884 28bc1cb7cc39440482c62c943a662153 7f0be137535f48f4b09970891491828f - - default default] Successfully bumped revision number for resource aa0b4d1f-c01d-4b5c-abc8-0f718e8a2e55 (type: security_groups) to 1
2026-05-20 18:43:04.361 10 INFO neutron.api.wsgi [None req-2114a4b0-8563-4e57-97bf-475bf85f0200 80d17cb49edd46dd9efbca80b3993c08 0191e27732b54091858e4e7312caba93 - - default default] 10.0.0.47 "POST /v2.0/floatingips HTTP/1.1" status: 201 len: 751 time: 0.6016576
2026-05-20 18:43:04.366 10 INFO neutron.db.ovn_revision_numbers_db [req-a31056b3-d31f-40d2-8baa-d42d82e2fba3 req-520c5447-357a-4ee0-a2d5-16b7d9095884 28bc1cb7cc39440482c62c943a662153 7f0be137535f48f4b09970891491828f - - default default] Successfully bumped revision number for resource 01f7335b-91c2-4b1a-a3fa-a81a4a5a9b6a (type: security_group_rules) to 0
2026-05-20 18:43:04.381 10 INFO neutron.db.ovn_revision_numbers_db [req-a31056b3-d31f-40d2-8baa-d42d82e2fba3 req-520c5447-357a-4ee0-a2d5-16b7d9095884 28bc1cb7cc39440482c62c943a662153 7f0be137535f48f4b09970891491828f - - default default] Successfully bumped revision number for resource 67f00bb3-18a9-47ae-962d-45ae35051e74 (type: security_group_rules) to 0
2026-05-20 18:43:04.415 10 INFO neutron.api.wsgi [req-a31056b3-d31f-40d2-8baa-d42d82e2fba3 req-520c5447-357a-4ee0-a2d5-16b7d9095884 28bc1cb7cc39440482c62c943a662153 7f0be137535f48f4b09970891491828f - - default default] 10.0.0.131 "POST /v2.0/security-groups HTTP/1.1" status: 201 len: 1890 time: 0.2311628
2026-05-20 18:43:04.493 9 INFO neutron.api.wsgi [req-1ecda2b9-f1ba-4820-8264-dc939a8b747e req-90033fc6-0ad2-496c-85a4-be5a1619768f 28bc1cb7cc39440482c62c943a662153 7f0be137535f48f4b09970891491828f - - default default] 10.0.0.131 "GET /v2.0/security-groups/aa0b4d1f-c01d-4b5c-abc8-0f718e8a2e55 HTTP/1.1" status: 200 len: 1885 time: 0.0565772
2026-05-20 18:43:04.510 9 WARNING neutron_lib.context [req-1ecda2b9-f1ba-4820-8264-dc939a8b747e req-8bf28e10-d012-4e20-b9a9-80b12077e120 28bc1cb7cc39440482c62c943a662153 7f0be137535f48f4b09970891491828f - - default default] Method 'is_advsvc' is deprecated since 2023.2 release (neutron-lib 3.8.0) and will be removed once support for the old RBAC API policies will be removed from Neutron. Please use method 'is_service_role' instead.
2026-05-20 18:43:04.682 9 INFO neutron.db.ovn_revision_numbers_db [None req-45cedb73-987f-4599-9365-0cfd23d8852d - - - - - -] Successfully bumped revision number for resource 1bca9df7-cdaa-4e86-b305-a77ac8c808c2 (type: ports) to 5
2026-05-20 18:43:04.742 9 INFO neutron.db.ovn_revision_numbers_db [req-1ecda2b9-f1ba-4820-8264-dc939a8b747e req-8bf28e10-d012-4e20-b9a9-80b12077e120 28bc1cb7cc39440482c62c943a662153 7f0be137535f48f4b09970891491828f - - default default] Successfully bumped revision number for resource 6b4aee1d-691b-47f2-b7c6-7250975b2178 (type: security_group_rules) to 0
2026-05-20 18:43:04.903 9 INFO neutron.api.wsgi [req-1ecda2b9-f1ba-4820-8264-dc939a8b747e req-8bf28e10-d012-4e20-b9a9-80b12077e120 28bc1cb7cc39440482c62c943a662153 7f0be137535f48f4b09970891491828f - - default default] 10.0.0.131 "POST /v2.0/security-group-rules HTTP/1.1" status: 201 len: 818 time: 0.4049478
2026-05-20 18:43:04.929 10 INFO neutron.plugins.ml2.drivers.ovn.mech_driver.mech_driver [None req-bcfae013-6a4c-479a-a57c-b1e42ad73482 - - - - - -] OVN reports status up for port: c0c38555-d85d-43a6-83fc-7b5b9c93a220
2026-05-20 18:43:04.944 10 INFO neutron.plugins.ml2.plugin [None req-bcfae013-6a4c-479a-a57c-b1e42ad73482 - - - - - -] Attempt 1 to provision port c0c38555-d85d-43a6-83fc-7b5b9c93a220
2026-05-20 18:43:04.948 9 INFO neutron.db.ovn_revision_numbers_db [None req-42cb07cd-ae7b-4062-a4aa-c7f04cbc7e26 25961daeef90494d98212e8106a97e05 0405c3c08a9f4591ba583b5d93a8f032 - - default default] Successfully bumped revision number for resource c0c38555-d85d-43a6-83fc-7b5b9c93a220 (type: ports) to 1
2026-05-20 18:43:04.962 10 INFO neutron.api.wsgi [req-a91684a8-3015-4921-8184-e47a0b21ff16 req-f835281b-7b78-4eaf-9083-da2b1ee2343e 28bc1cb7cc39440482c62c943a662153 7f0be137535f48f4b09970891491828f - - default default] 10.0.0.131 "GET /v2.0/security-groups/aa0b4d1f-c01d-4b5c-abc8-0f718e8a2e55 HTTP/1.1" status: 200 len: 2510 time: 0.0340633
2026-05-20 18:43:04.972 10 INFO neutron.api.wsgi [-] 10.0.0.32 "GET / HTTP/1.1" status: 200 len: 247 time: 0.0011826
2026-05-20 18:43:04.973 10 INFO neutron.api.wsgi [-] 10.0.0.32 "GET / HTTP/1.1" status: 200 len: 247 time: 0.0008490
2026-05-20 18:43:04.977 10 WARNING neutron_lib.context [req-a91684a8-3015-4921-8184-e47a0b21ff16 req-404949f5-063b-4ead-8f88-8917dad712f5 28bc1cb7cc39440482c62c943a662153 7f0be137535f48f4b09970891491828f - - default default] Method 'is_advsvc' is deprecated since 2023.2 release (neutron-lib 3.8.0) and will be removed once support for the old RBAC API policies will be removed from Neutron. Please use method 'is_service_role' instead.
2026-05-20 18:43:05.008 9 WARNING neutron.scheduler.dhcp_agent_scheduler [None req-42cb07cd-ae7b-4062-a4aa-c7f04cbc7e26 25961daeef90494d98212e8106a97e05 0405c3c08a9f4591ba583b5d93a8f032 - - default default] No more DHCP agents
2026-05-20 18:43:05.010 9 WARNING neutron.api.rpc.agentnotifiers.dhcp_rpc_agent_api [None req-42cb07cd-ae7b-4062-a4aa-c7f04cbc7e26 25961daeef90494d98212e8106a97e05 0405c3c08a9f4591ba583b5d93a8f032 - - default default] Unable to schedule network cfd62785-bdef-4b6b-bdc3-5ad2390d5a00: no agents available; will retry on subsequent port and subnet creation events.
2026-05-20 18:43:05.156 10 INFO neutron.db.ovn_revision_numbers_db [req-a91684a8-3015-4921-8184-e47a0b21ff16 req-404949f5-063b-4ead-8f88-8917dad712f5 28bc1cb7cc39440482c62c943a662153 7f0be137535f48f4b09970891491828f - - default default] Successfully bumped revision number for resource b86992ec-612d-498f-973a-ffd772b52ab3 (type: security_group_rules) to 0
2026-05-20 18:43:05.189 10 INFO neutron.api.wsgi [req-a91684a8-3015-4921-8184-e47a0b21ff16 req-404949f5-063b-4ead-8f88-8917dad712f5 28bc1cb7cc39440482c62c943a662153 7f0be137535f48f4b09970891491828f - - default default] 10.0.0.131 "POST /v2.0/security-group-rules HTTP/1.1" status: 201 len: 823 time: 0.2219150
2026-05-20 18:43:05.261 9 INFO neutron.api.wsgi [req-34ff9f7f-0992-428a-b744-c033bfc32eee req-4aba60e6-2c95-49be-959a-00cab5ba2021 28bc1cb7cc39440482c62c943a662153 7f0be137535f48f4b09970891491828f - - default default] 10.0.0.131 "GET /v2.0/security-groups/aa0b4d1f-c01d-4b5c-abc8-0f718e8a2e55 HTTP/1.1" status: 200 len: 3140 time: 0.0513647
2026-05-20 18:43:05.298 10 INFO neutron.api.wsgi [req-5f187e1d-5424-4804-8aa7-3161abc3294e req-943efb91-60db-44a9-a8d4-497bdf7fc9bc 28bc1cb7cc39440482c62c943a662153 7f0be137535f48f4b09970891491828f - - default default] 10.0.0.131 "GET /v2.0/security-group-rules/b86992ec-612d-498f-973a-ffd772b52ab3 HTTP/1.1" status: 200 len: 815 time: 0.0171587
2026-05-20 18:43:05.338 10 INFO neutron.api.wsgi [req-5f187e1d-5424-4804-8aa7-3161abc3294e req-b5a8eafa-1945-413f-91c5-95275a85b713 28bc1cb7cc39440482c62c943a662153 7f0be137535f48f4b09970891491828f - - default default] 10.0.0.131 "GET /v2.0/security-groups/aa0b4d1f-c01d-4b5c-abc8-0f718e8a2e55 HTTP/1.1" status: 200 len: 3140 time: 0.0308287
2026-05-20 18:43:05.365 10 INFO neutron.db.ovn_revision_numbers_db [None req-bcfae013-6a4c-479a-a57c-b1e42ad73482 - - - - - -] Successfully bumped revision number for resource c0c38555-d85d-43a6-83fc-7b5b9c93a220 (type: ports) to 2
2026-05-20 18:43:05.521 10 INFO neutron.api.wsgi [req-5f187e1d-5424-4804-8aa7-3161abc3294e req-28af478c-cbbf-4baa-87da-cac8dea18f68 28bc1cb7cc39440482c62c943a662153 7f0be137535f48f4b09970891491828f - - default default] 10.0.0.131 "DELETE /v2.0/security-group-rules/b86992ec-612d-498f-973a-ffd772b52ab3 HTTP/1.1" status: 204 len: 173 time: 0.1655796
2026-05-20 18:43:05.577 9 INFO neutron.api.wsgi [req-ca81a2fd-6770-4f41-acb0-56d83eefdb75 req-28a5eb08-2e1d-4561-97b4-bb2caa1fd4cf 28bc1cb7cc39440482c62c943a662153 7f0be137535f48f4b09970891491828f - - default default] 10.0.0.131 "GET /v2.0/security-groups/aa0b4d1f-c01d-4b5c-abc8-0f718e8a2e55 HTTP/1.1" status: 200 len: 2510 time: 0.0337756
2026-05-20 18:43:05.718 9 INFO neutron.db.ovn_revision_numbers_db [None req-42cb07cd-ae7b-4062-a4aa-c7f04cbc7e26 25961daeef90494d98212e8106a97e05 0405c3c08a9f4591ba583b5d93a8f032 - - default default] Successfully bumped revision number for resource c0c38555-d85d-43a6-83fc-7b5b9c93a220 (type: router_ports) to 1
2026-05-20 18:43:05.725 9 INFO neutron.api.wsgi [None req-42cb07cd-ae7b-4062-a4aa-c7f04cbc7e26 25961daeef90494d98212e8106a97e05 0405c3c08a9f4591ba583b5d93a8f032 - - default default] 10.0.0.47 "PUT /v2.0/routers/443465e7-f51f-433a-a926-a8bce26d34a3/add_router_interface HTTP/1.1" status: 200 len: 503 time: 2.3947742
2026-05-20 18:43:05.754 9 INFO neutron.api.wsgi [req-ca81a2fd-6770-4f41-acb0-56d83eefdb75 req-e012f61f-bfa5-4446-9ce6-1dd69d3f3735 28bc1cb7cc39440482c62c943a662153 7f0be137535f48f4b09970891491828f - - default default] 10.0.0.131 "DELETE /v2.0/security-groups/aa0b4d1f-c01d-4b5c-abc8-0f718e8a2e55 HTTP/1.1" status: 204 len: 173 time: 0.1720095
2026-05-20 18:43:05.813 10 INFO neutron.api.wsgi [req-49513cbe-cc72-4fc4-a0b0-329faf4725c0 req-cd9a0056-7dbc-44f2-b8a9-8d4fb94bee92 28bc1cb7cc39440482c62c943a662153 7f0be137535f48f4b09970891491828f - - default default] 10.0.0.131 "GET /v2.0/security-groups/2a8d828d-69f0-47f0-8cac-6383f5846bf9 HTTP/1.1" status: 200 len: 2511 time: 0.0359893
2026-05-20 18:43:05.958 10 INFO neutron.api.wsgi [req-49513cbe-cc72-4fc4-a0b0-329faf4725c0 req-d903f5b7-6f1f-4f2d-ad8c-660f89c97f51 28bc1cb7cc39440482c62c943a662153 7f0be137535f48f4b09970891491828f - - default default] 10.0.0.131 "DELETE /v2.0/security-groups/2a8d828d-69f0-47f0-8cac-6383f5846bf9 HTTP/1.1" status: 204 len: 173 time: 0.1392870
2026-05-20 18:43:06.646 9 WARNING neutron.plugins.ml2.drivers.ovn.mech_driver.ovsdb.ovn_client [None req-bd023e05-bda8-49a0-b14f-3bdb8b051ba2 - - - - - -] No port found with ID 5a5a6dd5-18e0-4e1d-a1ee-a1da659b94b6: RuntimeError: No port found with ID 5a5a6dd5-18e0-4e1d-a1ee-a1da659b94b6
2026-05-20 18:43:06.646 9 INFO neutron.plugins.ml2.drivers.ovn.mech_driver.mech_driver [None req-bd023e05-bda8-49a0-b14f-3bdb8b051ba2 - - - - - -] OVN reports status up for port: 404864ae-96ab-4909-9901-c19d558469d4
2026-05-20 18:43:06.652 9 INFO neutron.plugins.ml2.plugin [None req-bd023e05-bda8-49a0-b14f-3bdb8b051ba2 - - - - - -] Attempt 1 to provision port 404864ae-96ab-4909-9901-c19d558469d4
2026-05-20 18:43:06.740 10 INFO neutron.plugins.ml2.drivers.ovn.mech_driver.ovsdb.extensions.qos [None req-d4039e41-4f7c-4a22-aaf7-d24682c09703 25961daeef90494d98212e8106a97e05 0405c3c08a9f4591ba583b5d93a8f032 - - default default] Starting OVNClientQosExtension
2026-05-20 18:43:06.838 9 INFO neutron.api.wsgi [req-fd327b5f-b091-453b-9690-4c54c111152b req-6543efdd-6843-4b24-b143-2f9583e9abbe 416a9947ba2b406d9f81181676046b8b 0b613e40b51742d2a781e934572e7e1b - - default default] 10.0.0.131 "GET /v2.0/networks?id=cfd62785-bdef-4b6b-bdc3-5ad2390d5a00 HTTP/1.1" status: 200 len: 875 time: 0.0520399
2026-05-20 18:43:06.854 9 INFO neutron.api.wsgi [req-fd327b5f-b091-453b-9690-4c54c111152b req-82e943be-bdc1-412d-aaf6-b3c87e08db22 416a9947ba2b406d9f81181676046b8b 0b613e40b51742d2a781e934572e7e1b - - default default] 10.0.0.131 "GET /v2.0/quotas/0b613e40b51742d2a781e934572e7e1b HTTP/1.1" status: 200 len: 491 time: 0.0085542
2026-05-20 18:43:06.942 9 INFO neutron.api.wsgi [req-fd327b5f-b091-453b-9690-4c54c111152b req-da376e15-1ddb-449c-8eb8-7ba67a6cc123 416a9947ba2b406d9f81181676046b8b 0b613e40b51742d2a781e934572e7e1b - - default default] 10.0.0.131 "GET /v2.0/ports?tenant_id=0b613e40b51742d2a781e934572e7e1b&fields=id HTTP/1.1" status: 200 len: 302 time: 0.0813820
2026-05-20 18:43:07.100 10 INFO neutron.db.ovn_revision_numbers_db [None req-cd4ee366-6c1c-4833-89a2-9735929f0eff 25961daeef90494d98212e8106a97e05 0405c3c08a9f4591ba583b5d93a8f032 - - default default] Successfully bumped revision number for resource 79eacbba-cc06-4b00-84dc-cd264421dcc4 (type: security_groups) to 1
2026-05-20 18:43:07.117 10 INFO neutron.db.ovn_revision_numbers_db [None req-cd4ee366-6c1c-4833-89a2-9735929f0eff 25961daeef90494d98212e8106a97e05 0405c3c08a9f4591ba583b5d93a8f032 - - default default] Successfully bumped revision number for resource 24de2350-e360-4346-98d2-f9c3ad279819 (type: security_group_rules) to 0
2026-05-20 18:43:07.137 9 INFO neutron.db.ovn_revision_numbers_db [None req-bd023e05-bda8-49a0-b14f-3bdb8b051ba2 - - - - - -] Successfully bumped revision number for resource 404864ae-96ab-4909-9901-c19d558469d4 (type: ports) to 2
2026-05-20 18:43:07.141 10 INFO neutron.db.ovn_revision_numbers_db [None req-cd4ee366-6c1c-4833-89a2-9735929f0eff 25961daeef90494d98212e8106a97e05 0405c3c08a9f4591ba583b5d93a8f032 - - default default] Successfully bumped revision number for resource 2e385ea6-9801-4c84-bfd6-f08d0c27ccaa (type: security_group_rules) to 0
2026-05-20 18:43:07.156 10 INFO neutron.db.ovn_revision_numbers_db [None req-cd4ee366-6c1c-4833-89a2-9735929f0eff 25961daeef90494d98212e8106a97e05 0405c3c08a9f4591ba583b5d93a8f032 - - default default] Successfully bumped revision number for resource 6ce21083-236f-4c25-bce1-0ba136a3b7eb (type: security_group_rules) to 0
2026-05-20 18:43:07.172 10 INFO neutron.db.ovn_revision_numbers_db [None req-cd4ee366-6c1c-4833-89a2-9735929f0eff 25961daeef90494d98212e8106a97e05 0405c3c08a9f4591ba583b5d93a8f032 - - default default] Successfully bumped revision number for resource aa4d2484-46bb-4049-8958-e9f1c05f48f5 (type: security_group_rules) to 0
2026-05-20 18:43:07.215 10 INFO neutron.api.wsgi [None req-cd4ee366-6c1c-4833-89a2-9735929f0eff 25961daeef90494d98212e8106a97e05 0405c3c08a9f4591ba583b5d93a8f032 - - default default] 10.0.0.47 "GET /v2.0/security-groups?tenant_id=8528aeaaaf2944ea95ea7e9465e246cf&name=default HTTP/1.1" status: 200 len: 3120 time: 0.3373375
2026-05-20 18:43:07.316 9 INFO neutron.api.wsgi [req-fd327b5f-b091-453b-9690-4c54c111152b req-2cd0ee91-09fb-4150-b990-b7612b4a6c10 296f79a337154385b1d2d52f990f5720 ec8322b84130496bbd20415bbb09ca23 - - cb9ff544df3446bb97acdb0921216e7a cb9ff544df3446bb97acdb0921216e7a] 10.0.0.131 "GET /v2.0/extensions HTTP/1.1" status: 200 len: 19298 time: 0.0432613
2026-05-20 18:43:07.364 10 INFO neutron.api.wsgi [None req-d4039e41-4f7c-4a22-aaf7-d24682c09703 25961daeef90494d98212e8106a97e05 0405c3c08a9f4591ba583b5d93a8f032 - - default default] 10.0.0.47 "PUT /v2.0/routers/b04d57da-278d-4d5a-a47c-85b3b241374a/remove_router_interface HTTP/1.1" status: 200 len: 503 time: 1.3987060
2026-05-20 18:43:07.368 9 INFO neutron.api.wsgi [req-fd327b5f-b091-453b-9690-4c54c111152b req-bd117206-8b27-4059-9f46-d28e769d116d 296f79a337154385b1d2d52f990f5720 ec8322b84130496bbd20415bbb09ca23 - - cb9ff544df3446bb97acdb0921216e7a cb9ff544df3446bb97acdb0921216e7a] 10.0.0.131 "GET /v2.0/networks/cfd62785-bdef-4b6b-bdc3-5ad2390d5a00?fields=segments HTTP/1.1" status: 200 len: 212 time: 0.0465689 /var/lib/openstack/lib/python3.12/site-packages/pycadf/identifier.py:71: UserWarning: Invalid uuid: neutron. To ensure interoperability, identifiers should be a valid uuid. warnings.warn(('Invalid uuid: %s. To ensure interoperability, '
2026-05-20 18:43:07.435 9 INFO neutron.api.wsgi [req-fd327b5f-b091-453b-9690-4c54c111152b req-f676233b-1a41-4fb5-b318-ec7ed855d68b 296f79a337154385b1d2d52f990f5720 ec8322b84130496bbd20415bbb09ca23 - - cb9ff544df3446bb97acdb0921216e7a cb9ff544df3446bb97acdb0921216e7a] 10.0.0.131 "GET /v2.0/networks/cfd62785-bdef-4b6b-bdc3-5ad2390d5a00?fields=provider%3Aphysical_network&fields=provider%3Anetwork_type HTTP/1.1" status: 200 len: 277 time: 0.0525482
2026-05-20 18:43:07.469 9 INFO neutron.api.wsgi [None req-07d00530-ed8d-4409-b090-23f6bfd91f12 25961daeef90494d98212e8106a97e05 0405c3c08a9f4591ba583b5d93a8f032 - - default default] 10.0.0.47 "DELETE /v2.0/security-groups/79eacbba-cc06-4b00-84dc-cd264421dcc4 HTTP/1.1" status: 204 len: 168 time: 0.2500889
2026-05-20 18:43:07.615 10 INFO neutron.api.wsgi [req-4f768bf8-0e6f-45c1-b6d1-6d465f13a44e req-a58fc11e-2e63-4065-8177-8f82428d731c 416a9947ba2b406d9f81181676046b8b 0b613e40b51742d2a781e934572e7e1b - - default default] 10.0.0.131 "GET /v2.0/ports?device_id=9f0e35b4-3860-4312-88f7-89486c8343e9 HTTP/1.1" status: 200 len: 210 time: 0.0437498
2026-05-20 18:43:07.776 9 INFO neutron.db.ovn_revision_numbers_db [None req-b5b3c4e1-7176-49bc-9b81-97c5863db0b8 25961daeef90494d98212e8106a97e05 0405c3c08a9f4591ba583b5d93a8f032 - - default default] Successfully bumped revision number for resource bf0dfab4-0bb5-4832-9323-9e2f75424402 (type: security_groups) to 1
2026-05-20 18:43:07.794 9 INFO neutron.db.ovn_revision_numbers_db [None req-b5b3c4e1-7176-49bc-9b81-97c5863db0b8 25961daeef90494d98212e8106a97e05 0405c3c08a9f4591ba583b5d93a8f032 - - default default] Successfully bumped revision number for resource 0a7a37a7-1a78-419a-b695-72f854331e24 (type: security_group_rules) to 0
2026-05-20 18:43:07.866 9 INFO neutron.db.ovn_revision_numbers_db [None req-b5b3c4e1-7176-49bc-9b81-97c5863db0b8 25961daeef90494d98212e8106a97e05 0405c3c08a9f4591ba583b5d93a8f032 - - default default] Successfully bumped revision number for resource 57885356-68a5-4403-9dab-9fc9774bd519 (type: security_group_rules) to 0
2026-05-20 18:43:07.912 9 INFO neutron.db.ovn_revision_numbers_db [None req-b5b3c4e1-7176-49bc-9b81-97c5863db0b8 25961daeef90494d98212e8106a97e05 0405c3c08a9f4591ba583b5d93a8f032 - - default default] Successfully bumped revision number for resource 931e8908-2bfd-479e-8c8c-bd277ce1d868 (type: security_group_rules) to 0
2026-05-20 18:43:08.012 9 INFO neutron.db.ovn_revision_numbers_db [None req-b5b3c4e1-7176-49bc-9b81-97c5863db0b8 25961daeef90494d98212e8106a97e05 0405c3c08a9f4591ba583b5d93a8f032 - - default default] Successfully bumped revision number for resource 97cb5a34-baff-40f8-8d91-339f69a922b6 (type: security_group_rules) to 0
2026-05-20 18:43:08.054 9 INFO neutron.api.wsgi [None req-b5b3c4e1-7176-49bc-9b81-97c5863db0b8 25961daeef90494d98212e8106a97e05 0405c3c08a9f4591ba583b5d93a8f032 - - default default] 10.0.0.47 "GET /v2.0/security-groups?tenant_id=8d85e90822eb4c4883d9a68d6c66eebd&name=default HTTP/1.1" status: 200 len: 3120 time: 0.4592061
2026-05-20 18:43:08.406 10 INFO neutron.api.wsgi [None req-c55212d9-4eda-436d-b19c-96f67d88729a 25961daeef90494d98212e8106a97e05 0405c3c08a9f4591ba583b5d93a8f032 - - default default] 10.0.0.47 "DELETE /v2.0/routers/b04d57da-278d-4d5a-a47c-85b3b241374a HTTP/1.1" status: 204 len: 168 time: 1.0380688
2026-05-20 18:43:08.492 10 INFO neutron.api.wsgi [None req-540db6e0-5f8b-40c0-8475-ae90923de65e 25961daeef90494d98212e8106a97e05 0405c3c08a9f4591ba583b5d93a8f032 - - default default] 10.0.0.47 "DELETE /v2.0/security-groups/bf0dfab4-0bb5-4832-9323-9e2f75424402 HTTP/1.1" status: 204 len: 168 time: 0.4346676
2026-05-20 18:43:08.589 9 INFO neutron.api.wsgi [None req-96e3557d-bafa-4296-b995-90862a79261e 25961daeef90494d98212e8106a97e05 0405c3c08a9f4591ba583b5d93a8f032 - - default default] 10.0.0.47 "DELETE /v2.0/subnets/c7065098-5797-47c2-a0cc-5a8a26dc64ad HTTP/1.1" status: 204 len: 168 time: 0.1733811
2026-05-20 18:43:08.744 10 INFO neutron.api.wsgi [req-0715959d-f613-41ca-a7d2-641500d7188f req-91f1fb2d-d553-43e3-ba87-c2284c6f6287 416a9947ba2b406d9f81181676046b8b 0b613e40b51742d2a781e934572e7e1b - - default default] 10.0.0.131 "GET /v2.0/ports?device_id=9f0e35b4-3860-4312-88f7-89486c8343e9 HTTP/1.1" status: 200 len: 210 time: 0.0148869
2026-05-20 18:43:09.003 9 INFO neutron.api.wsgi [None req-2ea2d2a3-10f8-4cc4-8f87-c5242f21c14f 25961daeef90494d98212e8106a97e05 0405c3c08a9f4591ba583b5d93a8f032 - - default default] 10.0.0.47 "DELETE /v2.0/networks/87d6c082-9b7d-4935-ae87-0ba6f57514c0 HTTP/1.1" status: 204 len: 168 time: 0.3993139
2026-05-20 18:43:09.199 9 INFO neutron.api.wsgi [None req-ac88898f-1195-44a4-bb2e-9ce6e7975891 25961daeef90494d98212e8106a97e05 0405c3c08a9f4591ba583b5d93a8f032 - - default default] 10.0.0.47 "GET /v2.0/security-groups?tenant_id=7f0be137535f48f4b09970891491828f&name=default HTTP/1.1" status: 200 len: 3116 time: 0.0705667
2026-05-20 18:43:09.508 10 INFO neutron.api.wsgi [None req-80eae115-9cef-47d0-b4c6-c6ac42f2207a 25961daeef90494d98212e8106a97e05 0405c3c08a9f4591ba583b5d93a8f032 - - default default] 10.0.0.47 "DELETE /v2.0/security-groups/214ccefb-5780-4809-b110-7cea144a803c HTTP/1.1" status: 204 len: 168 time: 0.3019450
2026-05-20 18:43:09.644 9 INFO neutron.services.segments.plugin [-] Segment 664cc616-56ca-4d7f-b520-e3c7d4e84916 resource provider aggregate not found
2026-05-20 18:43:09.655 9 INFO neutron.services.segments.plugin [-] Segment 664cc616-56ca-4d7f-b520-e3c7d4e84916 resource provider not found; error: Placement Client Error (4xx): {"errors": [{"status": 404, "title": "Not Found", "detail": "The resource could not be found.\n\n No resource provider with uuid 664cc616-56ca-4d7f-b520-e3c7d4e84916 found for delete ", "request_id": "req-e3ecb9f8-46c8-4105-9e55-24fbf065d488"}]}
2026-05-20 18:43:09.672 9 INFO neutron.services.segments.plugin [-] Segment 664cc616-56ca-4d7f-b520-e3c7d4e84916 resource provider aggregate not found
2026-05-20 18:43:09.692 9 INFO neutron.services.segments.plugin [-] Segment 664cc616-56ca-4d7f-b520-e3c7d4e84916 resource provider not found; error: Placement Client Error (4xx): {"errors": [{"status": 404, "title": "Not Found", "detail": "The resource could not be found.\n\n No resource provider with uuid 664cc616-56ca-4d7f-b520-e3c7d4e84916 found for delete ", "request_id": "req-8cc00391-120b-4349-b526-3db55ae9a696"}]}
2026-05-20 18:43:09.887 9 INFO neutron.api.wsgi [req-aa242f1e-c6b6-44a6-9954-b10fd22e84b9 req-3b48da4f-be15-4fcd-99a0-d1ab6d0f5f03 416a9947ba2b406d9f81181676046b8b 0b613e40b51742d2a781e934572e7e1b - - default default] 10.0.0.131 "GET /v2.0/ports?device_id=9f0e35b4-3860-4312-88f7-89486c8343e9 HTTP/1.1" status: 200 len: 210 time: 0.0352633
2026-05-20 18:43:10.320 10 WARNING neutron.plugins.ml2.drivers.ovn.mech_driver.ovsdb.ovn_client [None req-8fba1749-52a1-462f-b336-408df9bfaad5 - - - - - -] No hosting information found for port c0c38555-d85d-43a6-83fc-7b5b9c93a220: RuntimeError: No hosting information found for port c0c38555-d85d-43a6-83fc-7b5b9c93a220
2026-05-20 18:43:10.394 10 INFO neutron.db.ovn_revision_numbers_db [None req-8fba1749-52a1-462f-b336-408df9bfaad5 - - - - - -] Successfully bumped revision number for resource c0c38555-d85d-43a6-83fc-7b5b9c93a220 (type: router_ports) to 2
2026-05-20 18:43:10.561 10 INFO neutron.api.wsgi [req-d497cf3e-6825-4897-a251-7076fd77839b req-3ded2c90-d206-421f-9329-03c04ca60c5a 80d17cb49edd46dd9efbca80b3993c08 0191e27732b54091858e4e7312caba93 - - default default] 10.0.0.131 "GET /v2.0/security-groups?name=tempest-securitygroup--1249404884&fields=id&tenant_id=0191e27732b54091858e4e7312caba93 HTTP/1.1" status: 200 len: 267 time: 0.0392966
2026-05-20 18:43:10.622 10 INFO neutron.api.wsgi [req-d497cf3e-6825-4897-a251-7076fd77839b req-43a2ca1a-8a55-47a4-926c-6d42853c3088 80d17cb49edd46dd9efbca80b3993c08 0191e27732b54091858e4e7312caba93 - - default default] 10.0.0.131 "GET /v2.0/networks?id=971d0303-37a5-44ea-98ee-de524b512092 HTTP/1.1" status: 200 len: 879 time: 0.0530565
2026-05-20 18:43:10.640 10 INFO neutron.api.wsgi [req-d497cf3e-6825-4897-a251-7076fd77839b req-cd5f73d1-bd4b-4c77-9904-e4b92d810a39 80d17cb49edd46dd9efbca80b3993c08 0191e27732b54091858e4e7312caba93 - - default default] 10.0.0.131 "GET /v2.0/quotas/0191e27732b54091858e4e7312caba93 HTTP/1.1" status: 200 len: 491 time: 0.0109608
2026-05-20 18:43:10.724 10 INFO neutron.api.wsgi [req-d497cf3e-6825-4897-a251-7076fd77839b req-27aaaccf-989c-4b7e-bd2d-0c639a479c0b 80d17cb49edd46dd9efbca80b3993c08 0191e27732b54091858e4e7312caba93 - - default default] 10.0.0.131 "GET /v2.0/ports?tenant_id=0191e27732b54091858e4e7312caba93&fields=id HTTP/1.1" status: 200 len: 302 time: 0.0781209
2026-05-20 18:43:10.966 9 INFO neutron.api.wsgi [req-f1b68b13-10f2-4242-a301-41e0bbdc0b04 req-0b26ec6a-3f92-42ea-8447-f3ad6d8335cb 416a9947ba2b406d9f81181676046b8b 0b613e40b51742d2a781e934572e7e1b - - default default] 10.0.0.131 "GET /v2.0/ports?device_id=9f0e35b4-3860-4312-88f7-89486c8343e9 HTTP/1.1" status: 200 len: 210 time: 0.0187647
2026-05-20 18:43:11.162 10 INFO neutron.api.wsgi [req-d497cf3e-6825-4897-a251-7076fd77839b req-06ad14f3-083e-4f4e-a82a-4633790f949a 296f79a337154385b1d2d52f990f5720 ec8322b84130496bbd20415bbb09ca23 - - cb9ff544df3446bb97acdb0921216e7a cb9ff544df3446bb97acdb0921216e7a] 10.0.0.131 "GET /v2.0/extensions HTTP/1.1" status: 200 len: 19298 time: 0.0560451
2026-05-20 18:43:11.221 10 INFO neutron.api.wsgi [req-d497cf3e-6825-4897-a251-7076fd77839b req-efcf4829-39c1-4f01-98e6-e71197de91aa 296f79a337154385b1d2d52f990f5720 ec8322b84130496bbd20415bbb09ca23 - - cb9ff544df3446bb97acdb0921216e7a cb9ff544df3446bb97acdb0921216e7a] 10.0.0.131 "GET /v2.0/networks/971d0303-37a5-44ea-98ee-de524b512092?fields=segments HTTP/1.1" status: 200 len: 212 time: 0.0475724
2026-05-20 18:43:11.290 10 INFO neutron.api.wsgi [req-d497cf3e-6825-4897-a251-7076fd77839b req-29fce82d-e86e-4e9a-9911-4608f7f40212 296f79a337154385b1d2d52f990f5720 ec8322b84130496bbd20415bbb09ca23 - - cb9ff544df3446bb97acdb0921216e7a cb9ff544df3446bb97acdb0921216e7a] 10.0.0.131 "GET /v2.0/networks/971d0303-37a5-44ea-98ee-de524b512092?fields=provider%3Aphysical_network&fields=provider%3Anetwork_type HTTP/1.1" status: 200 len: 277 time: 0.0633776
2026-05-20 18:43:11.545 10 INFO neutron.db.ovn_revision_numbers_db [None req-1c411dd3-bc4c-463a-a3ed-23b5247b6572 25961daeef90494d98212e8106a97e05 0405c3c08a9f4591ba583b5d93a8f032 - - default default] Successfully bumped revision number for resource 2976bf2a-897e-4d51-8012-814cf35822ac (type: security_groups) to 1
2026-05-20 18:43:11.559 10 INFO neutron.db.ovn_revision_numbers_db [None req-1c411dd3-bc4c-463a-a3ed-23b5247b6572 25961daeef90494d98212e8106a97e05 0405c3c08a9f4591ba583b5d93a8f032 - - default default] Successfully bumped revision number for resource 0cdf2306-bae4-4e12-96c9-4b3eee0f9e75 (type: security_group_rules) to 0
2026-05-20 18:43:11.600 10 INFO neutron.db.ovn_revision_numbers_db [None req-1c411dd3-bc4c-463a-a3ed-23b5247b6572 25961daeef90494d98212e8106a97e05 0405c3c08a9f4591ba583b5d93a8f032 - - default default] Successfully bumped revision number for resource 3e41e225-e803-4d1d-80d1-cbcbcb28dd9b (type: security_group_rules) to 0
2026-05-20 18:43:11.633 10 INFO neutron.db.ovn_revision_numbers_db [None req-1c411dd3-bc4c-463a-a3ed-23b5247b6572 25961daeef90494d98212e8106a97e05 0405c3c08a9f4591ba583b5d93a8f032 - - default default] Successfully bumped revision number for resource c47723d8-03ac-43f3-946e-b4abf411ac16 (type: security_group_rules) to 0
2026-05-20 18:43:11.652 9 INFO neutron.api.wsgi [req-9bb18bc1-007a-4e6b-8621-ba0087a61c2e req-46b57e77-9c34-4803-9b67-c737a24db74e 80d17cb49edd46dd9efbca80b3993c08 0191e27732b54091858e4e7312caba93 - - default default] 10.0.0.131 "GET /v2.0/ports?device_id=d13cfdfd-1806-497d-836c-5ecbdc546269 HTTP/1.1" status: 200 len: 210 time: 0.0201724
2026-05-20 18:43:11.678 10 INFO neutron.db.ovn_revision_numbers_db [None req-1c411dd3-bc4c-463a-a3ed-23b5247b6572 25961daeef90494d98212e8106a97e05 0405c3c08a9f4591ba583b5d93a8f032 - - default default] Successfully bumped revision number for resource f0c85b07-a717-4d36-a62d-e3581c86dc1f (type: security_group_rules) to 0
2026-05-20 18:43:11.765 10 INFO neutron.db.segments_db [None req-1c411dd3-bc4c-463a-a3ed-23b5247b6572 25961daeef90494d98212e8106a97e05 0405c3c08a9f4591ba583b5d93a8f032 - - default default] Added segment 6100d6ab-942c-442a-91e3-4116b96deb3e of type geneve for network c2cc011a-699f-4549-af3e-b92d280dd9ad
2026-05-20 18:43:11.891 10 INFO neutron.db.ovn_revision_numbers_db [None req-1c411dd3-bc4c-463a-a3ed-23b5247b6572 25961daeef90494d98212e8106a97e05 0405c3c08a9f4591ba583b5d93a8f032 - - default default] Successfully bumped revision number for resource c2cc011a-699f-4549-af3e-b92d280dd9ad (type: networks) to 1
2026-05-20 18:43:12.097 10 INFO neutron.api.wsgi [req-5a492f60-bcae-4ca7-8ed2-17c6c89a8a9c req-c2717324-d7dc-459f-833c-cf67a6f62379 416a9947ba2b406d9f81181676046b8b 0b613e40b51742d2a781e934572e7e1b - - default default] 10.0.0.131 "GET /v2.0/ports?device_id=9f0e35b4-3860-4312-88f7-89486c8343e9 HTTP/1.1" status: 200 len: 210 time: 0.0200343
2026-05-20 18:43:12.122 10 WARNING neutron.scheduler.dhcp_agent_scheduler [None req-1c411dd3-bc4c-463a-a3ed-23b5247b6572 25961daeef90494d98212e8106a97e05 0405c3c08a9f4591ba583b5d93a8f032 - - default default] No more DHCP agents
2026-05-20 18:43:12.123 10 WARNING neutron.api.rpc.agentnotifiers.dhcp_rpc_agent_api [None req-1c411dd3-bc4c-463a-a3ed-23b5247b6572 25961daeef90494d98212e8106a97e05 0405c3c08a9f4591ba583b5d93a8f032 - - default default] Unable to schedule network c2cc011a-699f-4549-af3e-b92d280dd9ad: no agents available; will retry on subsequent port and subnet creation events.
2026-05-20 18:43:12.181 9 WARNING neutron.plugins.ml2.drivers.ovn.mech_driver.ovsdb.ovn_client [None req-78d08b5c-e618-450c-b840-25c1b1799bb9 - - - - - -] No hosting information found for port 404864ae-96ab-4909-9901-c19d558469d4: RuntimeError: No hosting information found for port 404864ae-96ab-4909-9901-c19d558469d4
2026-05-20 18:43:12.229 10 INFO neutron.db.ovn_revision_numbers_db [None req-1c411dd3-bc4c-463a-a3ed-23b5247b6572 25961daeef90494d98212e8106a97e05 0405c3c08a9f4591ba583b5d93a8f032 - - default default] Successfully bumped revision number for resource aa1c0e79-3c75-4d52-a72d-d9ce42fd0e81 (type: ports) to 1
2026-05-20 18:43:12.264 10 INFO neutron.api.wsgi [None req-1c411dd3-bc4c-463a-a3ed-23b5247b6572 25961daeef90494d98212e8106a97e05 0405c3c08a9f4591ba583b5d93a8f032 - - default default] 10.0.0.47 "POST /v2.0/networks HTTP/1.1" status: 201 len: 947 time: 1.1002457
2026-05-20 18:43:12.314 9 INFO neutron.db.ovn_revision_numbers_db [None req-78d08b5c-e618-450c-b840-25c1b1799bb9 - - - - - -] Successfully bumped revision number for resource 404864ae-96ab-4909-9901-c19d558469d4 (type: router_ports) to 2
2026-05-20 18:43:12.315 9 INFO neutron.plugins.ml2.drivers.ovn.mech_driver.mech_driver [None req-78d08b5c-e618-450c-b840-25c1b1799bb9 - - - - - -] OVN reports status up for port: 1bca9df7-cdaa-4e86-b305-a77ac8c808c2
2026-05-20 18:43:12.330 9 INFO neutron.plugins.ml2.plugin [None req-78d08b5c-e618-450c-b840-25c1b1799bb9 - - - - - -] Attempt 1 to provision port 1bca9df7-cdaa-4e86-b305-a77ac8c808c2
2026-05-20 18:43:12.446 10 WARNING neutron.scheduler.dhcp_agent_scheduler [None req-6464f0dd-d5d7-4cf5-9010-087bf8f2ccff 25961daeef90494d98212e8106a97e05 0405c3c08a9f4591ba583b5d93a8f032 - - default default] No more DHCP agents
2026-05-20 18:43:12.448 10 WARNING neutron.api.rpc.agentnotifiers.dhcp_rpc_agent_api [None req-6464f0dd-d5d7-4cf5-9010-087bf8f2ccff 25961daeef90494d98212e8106a97e05 0405c3c08a9f4591ba583b5d93a8f032 - - default default] Unable to schedule network c2cc011a-699f-4549-af3e-b92d280dd9ad: no agents available; will retry on subsequent port and subnet creation events.
2026-05-20 18:43:12.869 9 INFO neutron.api.wsgi [req-3cb0c0a7-30f5-44fa-899f-936358dbe21d req-ae3b9204-bf7d-49df-b6ef-80055c62fa96 80d17cb49edd46dd9efbca80b3993c08 0191e27732b54091858e4e7312caba93 - - default default] 10.0.0.131 "GET /v2.0/ports?device_id=d13cfdfd-1806-497d-836c-5ecbdc546269 HTTP/1.1" status: 200 len: 210 time: 0.1456394
2026-05-20 18:43:12.878 10 INFO neutron.api.wsgi [req-fd327b5f-b091-453b-9690-4c54c111152b req-925633f4-fbb2-48a2-9e52-b37188089587 416a9947ba2b406d9f81181676046b8b 0b613e40b51742d2a781e934572e7e1b - - default default] 199.204.45.242 "GET /v2.0/networks?id=cfd62785-bdef-4b6b-bdc3-5ad2390d5a00 HTTP/1.1" status: 200 len: 875 time: 0.3591828
2026-05-20 18:43:12.898 10 WARNING neutron_lib.context [req-fd327b5f-b091-453b-9690-4c54c111152b req-1e4aa728-a7c6-4ecf-a1da-1dd37fed3274 416a9947ba2b406d9f81181676046b8b 0b613e40b51742d2a781e934572e7e1b - - default default] Method 'is_advsvc' is deprecated since 2023.2 release (neutron-lib 3.8.0) and will be removed once support for the old RBAC API policies will be removed from Neutron. Please use method 'is_service_role' instead.
2026-05-20 18:43:13.123 10 INFO neutron.db.ovn_revision_numbers_db [None req-8f2c1dc0-36c1-4295-87ab-188d1bfe8930 - - - - - -] Successfully bumped revision number for resource aa1c0e79-3c75-4d52-a72d-d9ce42fd0e81 (type: ports) to 2
2026-05-20 18:43:13.210 10 INFO neutron.api.wsgi [req-09a947dc-f923-422c-bc1e-d0179efa840c req-c807b0f9-cddb-41d3-b59c-05062e711ce1 416a9947ba2b406d9f81181676046b8b 0b613e40b51742d2a781e934572e7e1b - - default default] 10.0.0.131 "GET /v2.0/ports?device_id=9f0e35b4-3860-4312-88f7-89486c8343e9 HTTP/1.1" status: 200 len: 210 time: 0.0239255
2026-05-20 18:43:13.228 10 INFO neutron.db.ovn_revision_numbers_db [None req-8f2c1dc0-36c1-4295-87ab-188d1bfe8930 - - - - - -] Successfully bumped revision number for resource ab7b8464-03ad-4ac1-a9be-ee16c694feb9 (type: subnets) to 0
2026-05-20 18:43:13.457 10 INFO neutron.api.wsgi [None req-6464f0dd-d5d7-4cf5-9010-087bf8f2ccff 25961daeef90494d98212e8106a97e05 0405c3c08a9f4591ba583b5d93a8f032 - - default default] 10.0.0.47 "POST /v2.0/subnets HTTP/1.1" status: 201 len: 891 time: 1.1869147 /var/lib/openstack/lib/python3.12/site-packages/pycadf/identifier.py:71: UserWarning: Invalid uuid: neutron. To ensure interoperability, identifiers should be a valid uuid. warnings.warn(('Invalid uuid: %s. To ensure interoperability, '
2026-05-20 18:43:13.510 10 WARNING neutron.scheduler.dhcp_agent_scheduler [req-fd327b5f-b091-453b-9690-4c54c111152b req-1e4aa728-a7c6-4ecf-a1da-1dd37fed3274 416a9947ba2b406d9f81181676046b8b 0b613e40b51742d2a781e934572e7e1b - - default default] No more DHCP agents
2026-05-20 18:43:13.511 10 WARNING neutron.api.rpc.agentnotifiers.dhcp_rpc_agent_api [req-fd327b5f-b091-453b-9690-4c54c111152b req-1e4aa728-a7c6-4ecf-a1da-1dd37fed3274 416a9947ba2b406d9f81181676046b8b 0b613e40b51742d2a781e934572e7e1b - - default default] Unable to schedule network cfd62785-bdef-4b6b-bdc3-5ad2390d5a00: no agents available; will retry on subsequent port and subnet creation events.
