2026-05-20 18:04:52.075 15 INFO neutron.plugins.ml2.drivers.ovn.mech_driver.ovsdb.maintenance [None req-6392eb62-16be-464a-80ba-056e2fe78a6e - - - - - -] OVN maintenance task set_network_type finished in 0.004 seconds
2026-05-20 18:04:52.076 15 INFO neutron.plugins.ml2.drivers.ovn.mech_driver.ovsdb.maintenance [None req-6392eb62-16be-464a-80ba-056e2fe78a6e - - - - - -] OVN maintenance task update_mac_aging_settings finished in 0.001 seconds
2026-05-20 18:04:52.080 15 INFO neutron.plugins.ml2.drivers.ovn.mech_driver.ovsdb.maintenance [None req-6392eb62-16be-464a-80ba-056e2fe78a6e - - - - - -] OVN maintenance task update_router_distributed_flag finished in 0.003 seconds
2026-05-20 18:04:52.081 15 INFO neutron.plugins.ml2.drivers.ovn.mech_driver.ovsdb.maintenance [None req-6392eb62-16be-464a-80ba-056e2fe78a6e - - - - - -] OVN maintenance task update_router_static_routes finished in 0.000 seconds
2026-05-20 18:04:52.091 15 INFO neutron.plugins.ml2.drivers.ovn.mech_driver.ovsdb.maintenance [None req-6392eb62-16be-464a-80ba-056e2fe78a6e - - - - - -] OVN maintenance task update_security_group_with_address_group finished in 0.009 seconds
2026-05-20 18:04:54.980 10 INFO neutron.api.wsgi [-] 10.0.0.32 "GET / HTTP/1.1" status: 200 len: 247 time: 0.0032651 /var/lib/openstack/lib/python3.12/site-packages/pycadf/identifier.py:71: UserWarning: Invalid uuid: unknown. To ensure interoperability, identifiers should be a valid uuid. warnings.warn(('Invalid uuid: %s. To ensure interoperability, '
2026-05-20 18:05:00.248 9 INFO neutron.pecan_wsgi.hooks.translation [None req-030c9792-919a-461b-8c05-1f746d1221f6 25961daeef90494d98212e8106a97e05 0405c3c08a9f4591ba583b5d93a8f032 - - default default] GET failed (client error): The resource could not be found.
2026-05-20 18:05:00.250 9 INFO neutron.api.wsgi [None req-030c9792-919a-461b-8c05-1f746d1221f6 25961daeef90494d98212e8106a97e05 0405c3c08a9f4591ba583b5d93a8f032 - - default default] 199.204.45.242,10.0.0.32 "GET /v2.0/networks/public HTTP/1.1" status: 404 len: 290 time: 0.6013629
2026-05-20 18:05:00.271 9 INFO neutron.api.wsgi [None req-949e7fb5-2bd6-484b-8a4e-0afd7ffdefa4 25961daeef90494d98212e8106a97e05 0405c3c08a9f4591ba583b5d93a8f032 - - default default] 199.204.45.242,10.0.0.32 "GET /v2.0/networks?name=public HTTP/1.1" status: 200 len: 189 time: 0.0173235
2026-05-20 18:05:00.527 9 INFO neutron.plugins.ml2.drivers.ovn.mech_driver.ovsdb.extensions.qos [None req-10e88e92-50c9-470a-9a06-e060ba0520af 25961daeef90494d98212e8106a97e05 0405c3c08a9f4591ba583b5d93a8f032 - - default default] Starting OVNClientQosExtension
2026-05-20 18:05:00.528 9 INFO neutron.plugins.ml2.drivers.ovn.mech_driver.ovsdb.extensions.placement [None req-10e88e92-50c9-470a-9a06-e060ba0520af 25961daeef90494d98212e8106a97e05 0405c3c08a9f4591ba583b5d93a8f032 - - default default] Starting OVNClientPlacementExtension
2026-05-20 18:05:00.563 9 INFO neutron.db.ovn_revision_numbers_db [None req-10e88e92-50c9-470a-9a06-e060ba0520af 25961daeef90494d98212e8106a97e05 0405c3c08a9f4591ba583b5d93a8f032 - - default default] Successfully bumped revision number for resource 549d8f64-006d-487f-9c1b-0652f24b111f (type: security_groups) to 1
2026-05-20 18:05:00.575 9 INFO neutron.db.ovn_revision_numbers_db [None req-10e88e92-50c9-470a-9a06-e060ba0520af 25961daeef90494d98212e8106a97e05 0405c3c08a9f4591ba583b5d93a8f032 - - default default] Successfully bumped revision number for resource 04f4e976-c6bd-4dc6-8974-87d4857793b2 (type: security_group_rules) to 0
2026-05-20 18:05:00.589 9 INFO neutron.db.ovn_revision_numbers_db [None req-10e88e92-50c9-470a-9a06-e060ba0520af 25961daeef90494d98212e8106a97e05 0405c3c08a9f4591ba583b5d93a8f032 - - default default] Successfully bumped revision number for resource 10b5d4af-2f2e-423a-a61b-27f575e9a799 (type: security_group_rules) to 0
2026-05-20 18:05:00.602 9 INFO neutron.db.ovn_revision_numbers_db [None req-10e88e92-50c9-470a-9a06-e060ba0520af 25961daeef90494d98212e8106a97e05 0405c3c08a9f4591ba583b5d93a8f032 - - default default] Successfully bumped revision number for resource 5c8fe3ed-b989-491e-bc64-b0ac0740a9b2 (type: security_group_rules) to 0
2026-05-20 18:05:00.614 9 INFO neutron.db.ovn_revision_numbers_db [None req-10e88e92-50c9-470a-9a06-e060ba0520af 25961daeef90494d98212e8106a97e05 0405c3c08a9f4591ba583b5d93a8f032 - - default default] Successfully bumped revision number for resource a09510ed-b844-4fe1-9ce0-484e1970a1d9 (type: security_group_rules) to 0
2026-05-20 18:05:00.679 9 WARNING neutron.services.revisions.revision_plugin [None req-10e88e92-50c9-470a-9a06-e060ba0520af 25961daeef90494d98212e8106a97e05 0405c3c08a9f4591ba583b5d93a8f032 - - default default] Could not find related network for resource to bump revision.
2026-05-20 18:05:00.709 9 INFO neutron.db.segments_db [None req-10e88e92-50c9-470a-9a06-e060ba0520af 25961daeef90494d98212e8106a97e05 0405c3c08a9f4591ba583b5d93a8f032 - - default default] Added segment 897cfd29-6286-474f-b679-f5554bdb7b6b of type flat for network 1b4fc365-0321-4ce5-bf09-5351fb21ba4a
2026-05-20 18:05:00.858 9 INFO neutron.db.ovn_revision_numbers_db [None req-10e88e92-50c9-470a-9a06-e060ba0520af 25961daeef90494d98212e8106a97e05 0405c3c08a9f4591ba583b5d93a8f032 - - default default] Successfully bumped revision number for resource 1b4fc365-0321-4ce5-bf09-5351fb21ba4a (type: networks) to 1
2026-05-20 18:05:01.149 9 WARNING neutron.scheduler.dhcp_agent_scheduler [None req-10e88e92-50c9-470a-9a06-e060ba0520af 25961daeef90494d98212e8106a97e05 0405c3c08a9f4591ba583b5d93a8f032 - - default default] No more DHCP agents
2026-05-20 18:05:01.150 9 WARNING neutron.api.rpc.agentnotifiers.dhcp_rpc_agent_api [None req-10e88e92-50c9-470a-9a06-e060ba0520af 25961daeef90494d98212e8106a97e05 0405c3c08a9f4591ba583b5d93a8f032 - - default default] Unable to schedule network 1b4fc365-0321-4ce5-bf09-5351fb21ba4a: no agents available; will retry on subsequent port and subnet creation events.
2026-05-20 18:05:01.237 9 INFO neutron.db.ovn_revision_numbers_db [None req-10e88e92-50c9-470a-9a06-e060ba0520af 25961daeef90494d98212e8106a97e05 0405c3c08a9f4591ba583b5d93a8f032 - - default default] Successfully bumped revision number for resource 4d922f2b-5b54-4bdd-9fc6-d15970809db5 (type: ports) to 1
2026-05-20 18:05:01.262 9 INFO neutron.api.wsgi [None req-10e88e92-50c9-470a-9a06-e060ba0520af 25961daeef90494d98212e8106a97e05 0405c3c08a9f4591ba583b5d93a8f032 - - default default] 199.204.45.242,10.0.0.32 "POST /v2.0/networks HTTP/1.1" status: 201 len: 886 time: 0.9852977
2026-05-20 18:05:01.854 15 WARNING neutron.plugins.ml2.drivers.ovn.mech_driver.ovsdb.ovn_db_sync [None req-4a16fb62-c65f-4f93-b371-0f4b16d89141 - - - - - -] New host instance found in OVN SB DB, but not in Neutron. Add its SegmentHostMapping in Neutron
2026-05-20 18:05:02.119 15 INFO neutron.plugins.ml2.drivers.ovn.mech_driver.ovsdb.extensions.qos [None req-c02daa7e-cf18-4d75-ba7d-e0ca0a0e2620 - - - - - -] Starting OVNClientQosExtension
2026-05-20 18:05:02.148 15 INFO neutron.plugins.ml2.drivers.ovn.mech_driver.ovsdb.extensions.qos [None req-c02daa7e-cf18-4d75-ba7d-e0ca0a0e2620 - - - - - -] Starting OVNClientQosExtension
2026-05-20 18:05:02.307 9 INFO neutron.pecan_wsgi.hooks.translation [None req-aa462efd-eab9-423f-9f98-86c7854f076c 25961daeef90494d98212e8106a97e05 0405c3c08a9f4591ba583b5d93a8f032 - - default default] GET failed (client error): The resource could not be found.
2026-05-20 18:05:02.308 9 INFO neutron.api.wsgi [None req-aa462efd-eab9-423f-9f98-86c7854f076c 25961daeef90494d98212e8106a97e05 0405c3c08a9f4591ba583b5d93a8f032 - - default default] 199.204.45.242,10.0.0.32 "GET /v2.0/networks/public HTTP/1.1" status: 404 len: 290 time: 0.0391045
2026-05-20 18:05:02.340 9 INFO neutron.api.wsgi [None req-9c3d364c-e38d-4678-a9af-204178e2f268 25961daeef90494d98212e8106a97e05 0405c3c08a9f4591ba583b5d93a8f032 - - default default] 199.204.45.242,10.0.0.32 "GET /v2.0/networks?name=public HTTP/1.1" status: 200 len: 890 time: 0.0283461
2026-05-20 18:05:02.369 9 INFO neutron.pecan_wsgi.hooks.translation [None req-ed210fb0-e788-42f0-a605-ed98df966d44 25961daeef90494d98212e8106a97e05 0405c3c08a9f4591ba583b5d93a8f032 - - default default] GET failed (client error): The resource could not be found.
2026-05-20 18:05:02.370 9 INFO neutron.api.wsgi [None req-ed210fb0-e788-42f0-a605-ed98df966d44 25961daeef90494d98212e8106a97e05 0405c3c08a9f4591ba583b5d93a8f032 - - default default] 199.204.45.242,10.0.0.32 "GET /v2.0/subnets/public-subnet?network_id=1b4fc365-0321-4ce5-bf09-5351fb21ba4a HTTP/1.1" status: 404 len: 295 time: 0.0207155
2026-05-20 18:05:02.393 9 INFO neutron.api.wsgi [None req-c02471c5-4000-43da-a8ef-2d04a4874555 25961daeef90494d98212e8106a97e05 0405c3c08a9f4591ba583b5d93a8f032 - - default default] 199.204.45.242,10.0.0.32 "GET /v2.0/subnets?name=public-subnet&network_id=1b4fc365-0321-4ce5-bf09-5351fb21ba4a HTTP/1.1" status: 200 len: 188 time: 0.0202096
2026-05-20 18:05:02.613 9 WARNING neutron.scheduler.dhcp_agent_scheduler [None req-145a96ad-0df9-4b19-a7d2-e677b47f3d2f 25961daeef90494d98212e8106a97e05 0405c3c08a9f4591ba583b5d93a8f032 - - default default] No more DHCP agents
2026-05-20 18:05:02.613 9 WARNING neutron.api.rpc.agentnotifiers.dhcp_rpc_agent_api [None req-145a96ad-0df9-4b19-a7d2-e677b47f3d2f 25961daeef90494d98212e8106a97e05 0405c3c08a9f4591ba583b5d93a8f032 - - default default] Unable to schedule network 1b4fc365-0321-4ce5-bf09-5351fb21ba4a: no agents available; will retry on subsequent port and subnet creation events.
2026-05-20 18:05:03.009 9 INFO neutron.db.ovn_revision_numbers_db [None req-441faa16-4930-4a95-aac3-ba79acabb12f - - - - - -] Successfully bumped revision number for resource 4d922f2b-5b54-4bdd-9fc6-d15970809db5 (type: ports) to 2
2026-05-20 18:05:03.042 9 INFO neutron.db.ovn_revision_numbers_db [None req-441faa16-4930-4a95-aac3-ba79acabb12f - - - - - -] Successfully bumped revision number for resource 088e3d3a-da56-4c26-ae4f-77c61e231d2b (type: subnets) to 0
2026-05-20 18:05:03.058 9 INFO neutron.api.wsgi [None req-145a96ad-0df9-4b19-a7d2-e677b47f3d2f 25961daeef90494d98212e8106a97e05 0405c3c08a9f4591ba583b5d93a8f032 - - default default] 199.204.45.242,10.0.0.32 "POST /v2.0/subnets HTTP/1.1" status: 201 len: 844 time: 0.6617761
2026-05-20 18:05:04.971 10 INFO neutron.api.wsgi [-] 10.0.0.32 "GET / HTTP/1.1" status: 200 len: 247 time: 0.0025580
2026-05-20 18:05:19.969 9 INFO neutron.api.wsgi [-] 10.0.0.32 "GET / HTTP/1.1" status: 200 len: 247 time: 0.0019207
2026-05-20 18:05:34.972 9 INFO neutron.api.wsgi [-] 10.0.0.32 "GET / HTTP/1.1" status: 200 len: 247 time: 0.0037050
2026-05-20 18:05:49.970 10 INFO neutron.api.wsgi [-] 10.0.0.32 "GET / HTTP/1.1" status: 200 len: 247 time: 0.0016506
2026-05-20 18:05:49.970 9 INFO neutron.api.wsgi [-] 10.0.0.32 "GET / HTTP/1.1" status: 200 len: 247 time: 0.0023251
2026-05-20 18:06:04.971 9 INFO neutron.api.wsgi [-] 10.0.0.32 "GET / HTTP/1.1" status: 200 len: 247 time: 0.0023777
2026-05-20 18:06:04.972 10 INFO neutron.api.wsgi [-] 10.0.0.32 "GET / HTTP/1.1" status: 200 len: 247 time: 0.0031581
2026-05-20 18:06:19.972 10 INFO neutron.api.wsgi [-] 10.0.0.32 "GET / HTTP/1.1" status: 200 len: 247 time: 0.0033689
2026-05-20 18:06:19.974 10 INFO neutron.api.wsgi [-] 10.0.0.32 "GET / HTTP/1.1" status: 200 len: 247 time: 0.0019114
2026-05-20 18:06:34.972 9 INFO neutron.api.wsgi [-] 10.0.0.32 "GET / HTTP/1.1" status: 200 len: 247 time: 0.0032868
2026-05-20 18:06:34.972 10 INFO neutron.api.wsgi [-] 10.0.0.32 "GET / HTTP/1.1" status: 200 len: 247 time: 0.0036349
2026-05-20 18:06:49.971 9 INFO neutron.api.wsgi [-] 10.0.0.32 "GET / HTTP/1.1" status: 200 len: 247 time: 0.0025747
2026-05-20 18:06:49.972 10 INFO neutron.api.wsgi [-] 10.0.0.32 "GET / HTTP/1.1" status: 200 len: 247 time: 0.0026135
2026-05-20 18:07:04.969 10 INFO neutron.api.wsgi [-] 10.0.0.32 "GET / HTTP/1.1" status: 200 len: 247 time: 0.0014877
2026-05-20 18:07:04.971 9 INFO neutron.api.wsgi [-] 10.0.0.32 "GET / HTTP/1.1" status: 200 len: 247 time: 0.0030336
2026-05-20 18:07:19.970 9 INFO neutron.api.wsgi [-] 10.0.0.32 "GET / HTTP/1.1" status: 200 len: 247 time: 0.0019455
2026-05-20 18:07:19.975 9 INFO neutron.api.wsgi [-] 10.0.0.32 "GET / HTTP/1.1" status: 200 len: 247 time: 0.0036864
2026-05-20 18:07:34.971 10 INFO neutron.api.wsgi [-] 10.0.0.32 "GET / HTTP/1.1" status: 200 len: 247 time: 0.0022142
2026-05-20 18:07:34.973 9 INFO neutron.api.wsgi [-] 10.0.0.32 "GET / HTTP/1.1" status: 200 len: 247 time: 0.0035946
2026-05-20 18:07:49.969 10 INFO neutron.api.wsgi [-] 10.0.0.32 "GET / HTTP/1.1" status: 200 len: 247 time: 0.0016644
2026-05-20 18:07:49.969 9 INFO neutron.api.wsgi [-] 10.0.0.32 "GET / HTTP/1.1" status: 200 len: 247 time: 0.0015564
2026-05-20 18:08:04.970 10 INFO neutron.api.wsgi [-] 10.0.0.32 "GET / HTTP/1.1" status: 200 len: 247 time: 0.0020955
2026-05-20 18:08:04.973 10 INFO neutron.api.wsgi [-] 10.0.0.32 "GET / HTTP/1.1" status: 200 len: 247 time: 0.0019772
2026-05-20 18:08:19.971 9 INFO neutron.api.wsgi [-] 10.0.0.32 "GET / HTTP/1.1" status: 200 len: 247 time: 0.0020449
2026-05-20 18:08:19.971 10 INFO neutron.api.wsgi [-] 10.0.0.32 "GET / HTTP/1.1" status: 200 len: 247 time: 0.0022964
2026-05-20 18:08:34.970 10 INFO neutron.api.wsgi [-] 10.0.0.32 "GET / HTTP/1.1" status: 200 len: 247 time: 0.0022647
2026-05-20 18:08:34.970 9 INFO neutron.api.wsgi [-] 10.0.0.32 "GET / HTTP/1.1" status: 200 len: 247 time: 0.0025747
2026-05-20 18:08:49.971 9 INFO neutron.api.wsgi [-] 10.0.0.32 "GET / HTTP/1.1" status: 200 len: 247 time: 0.0025976
2026-05-20 18:08:49.972 9 INFO neutron.api.wsgi [-] 10.0.0.32 "GET / HTTP/1.1" status: 200 len: 247 time: 0.0012951
2026-05-20 18:09:04.970 9 INFO neutron.api.wsgi [-] 10.0.0.32 "GET / HTTP/1.1" status: 200 len: 247 time: 0.0022116
2026-05-20 18:09:04.973 10 INFO neutron.api.wsgi [-] 10.0.0.32 "GET / HTTP/1.1" status: 200 len: 247 time: 0.0040107
2026-05-20 18:09:19.971 9 INFO neutron.api.wsgi [-] 10.0.0.32 "GET / HTTP/1.1" status: 200 len: 247 time: 0.0016501
2026-05-20 18:09:19.971 10 INFO neutron.api.wsgi [-] 10.0.0.32 "GET / HTTP/1.1" status: 200 len: 247 time: 0.0022261
2026-05-20 18:09:34.971 9 INFO neutron.api.wsgi [-] 10.0.0.32 "GET / HTTP/1.1" status: 200 len: 247 time: 0.0024903
2026-05-20 18:09:34.975 9 INFO neutron.api.wsgi [-] 10.0.0.32 "GET / HTTP/1.1" status: 200 len: 247 time: 0.0025229
2026-05-20 18:09:44.627 9 INFO neutron.pecan_wsgi.hooks.translation [None req-336ead6f-e4b9-4a1a-abcd-21703aa2f241 25961daeef90494d98212e8106a97e05 0405c3c08a9f4591ba583b5d93a8f032 - - default default] GET failed (client error): The resource could not be found.
2026-05-20 18:09:44.629 9 INFO neutron.api.wsgi [None req-336ead6f-e4b9-4a1a-abcd-21703aa2f241 25961daeef90494d98212e8106a97e05 0405c3c08a9f4591ba583b5d93a8f032 - - default default] 199.204.45.242,10.0.0.32 "GET /v2.0/networks/lb-mgmt-net HTTP/1.1" status: 404 len: 295 time: 0.1191711
2026-05-20 18:09:44.641 9 INFO neutron.api.wsgi [None req-726be74f-4c23-426b-97d7-4a6c45b4cd6a 25961daeef90494d98212e8106a97e05 0405c3c08a9f4591ba583b5d93a8f032 - - default default] 199.204.45.242,10.0.0.32 "GET /v2.0/networks?name=lb-mgmt-net HTTP/1.1" status: 200 len: 189 time: 0.0085986
2026-05-20 18:09:44.722 9 INFO neutron.db.segments_db [None req-a15863d0-54b9-4122-8623-453e6844386c 25961daeef90494d98212e8106a97e05 0405c3c08a9f4591ba583b5d93a8f032 - - default default] Added segment 114413a6-a725-41a6-8433-e4ae6e09adf1 of type geneve for network cc147b17-6832-465a-a177-1ebe9bd73574
2026-05-20 18:09:44.835 9 INFO neutron.db.ovn_revision_numbers_db [None req-a15863d0-54b9-4122-8623-453e6844386c 25961daeef90494d98212e8106a97e05 0405c3c08a9f4591ba583b5d93a8f032 - - default default] Successfully bumped revision number for resource cc147b17-6832-465a-a177-1ebe9bd73574 (type: networks) to 1
2026-05-20 18:09:44.973 9 WARNING neutron.scheduler.dhcp_agent_scheduler [None req-a15863d0-54b9-4122-8623-453e6844386c 25961daeef90494d98212e8106a97e05 0405c3c08a9f4591ba583b5d93a8f032 - - default default] No more DHCP agents
2026-05-20 18:09:44.974 9 WARNING neutron.api.rpc.agentnotifiers.dhcp_rpc_agent_api [None req-a15863d0-54b9-4122-8623-453e6844386c 25961daeef90494d98212e8106a97e05 0405c3c08a9f4591ba583b5d93a8f032 - - default default] Unable to schedule network cc147b17-6832-465a-a177-1ebe9bd73574: no agents available; will retry on subsequent port and subnet creation events.
2026-05-20 18:09:45.029 9 INFO neutron.db.ovn_revision_numbers_db [None req-a15863d0-54b9-4122-8623-453e6844386c 25961daeef90494d98212e8106a97e05 0405c3c08a9f4591ba583b5d93a8f032 - - default default] Successfully bumped revision number for resource c33d61b7-ea4a-419d-aa1a-3e78a1198421 (type: ports) to 1
2026-05-20 18:09:45.046 9 INFO neutron.api.wsgi [None req-a15863d0-54b9-4122-8623-453e6844386c 25961daeef90494d98212e8106a97e05 0405c3c08a9f4591ba583b5d93a8f032 - - default default] 199.204.45.242,10.0.0.32 "POST /v2.0/networks HTTP/1.1" status: 201 len: 890 time: 0.3992226
2026-05-20 18:09:46.004 9 INFO neutron.pecan_wsgi.hooks.translation [None req-e79dac2b-81ff-469f-ba22-68e045d58232 25961daeef90494d98212e8106a97e05 0405c3c08a9f4591ba583b5d93a8f032 - - default default] GET failed (client error): The resource could not be found.
2026-05-20 18:09:46.005 9 INFO neutron.api.wsgi [None req-e79dac2b-81ff-469f-ba22-68e045d58232 25961daeef90494d98212e8106a97e05 0405c3c08a9f4591ba583b5d93a8f032 - - default default] 199.204.45.242,10.0.0.32 "GET /v2.0/networks/lb-mgmt-net HTTP/1.1" status: 404 len: 295 time: 0.0368807
2026-05-20 18:09:46.038 9 INFO neutron.api.wsgi [None req-b8812a0a-b7e5-498d-a000-c35d18b954ab 25961daeef90494d98212e8106a97e05 0405c3c08a9f4591ba583b5d93a8f032 - - default default] 199.204.45.242,10.0.0.32 "GET /v2.0/networks?name=lb-mgmt-net HTTP/1.1" status: 200 len: 875 time: 0.0281816
2026-05-20 18:09:46.060 9 INFO neutron.pecan_wsgi.hooks.translation [None req-c285c815-d939-4f22-94aa-661a065432a2 25961daeef90494d98212e8106a97e05 0405c3c08a9f4591ba583b5d93a8f032 - - default default] GET failed (client error): The resource could not be found.
2026-05-20 18:09:46.061 9 INFO neutron.api.wsgi [None req-c285c815-d939-4f22-94aa-661a065432a2 25961daeef90494d98212e8106a97e05 0405c3c08a9f4591ba583b5d93a8f032 - - default default] 199.204.45.242,10.0.0.32 "GET /v2.0/subnets/lb-mgmt-subnet?network_id=cc147b17-6832-465a-a177-1ebe9bd73574 HTTP/1.1" status: 404 len: 296 time: 0.0115197
2026-05-20 18:09:46.075 9 INFO neutron.api.wsgi [None req-ffc7b1b4-89d1-41f1-bca0-c6ceeb7a510f 25961daeef90494d98212e8106a97e05 0405c3c08a9f4591ba583b5d93a8f032 - - default default] 199.204.45.242,10.0.0.32 "GET /v2.0/subnets?name=lb-mgmt-subnet&network_id=cc147b17-6832-465a-a177-1ebe9bd73574 HTTP/1.1" status: 200 len: 188 time: 0.0095434
2026-05-20 18:09:46.235 9 WARNING neutron.scheduler.dhcp_agent_scheduler [None req-cc2d3752-f175-4e07-b630-28a2498c4fa9 25961daeef90494d98212e8106a97e05 0405c3c08a9f4591ba583b5d93a8f032 - - default default] No more DHCP agents
2026-05-20 18:09:46.236 9 WARNING neutron.api.rpc.agentnotifiers.dhcp_rpc_agent_api [None req-cc2d3752-f175-4e07-b630-28a2498c4fa9 25961daeef90494d98212e8106a97e05 0405c3c08a9f4591ba583b5d93a8f032 - - default default] Unable to schedule network cc147b17-6832-465a-a177-1ebe9bd73574: no agents available; will retry on subsequent port and subnet creation events.
2026-05-20 18:09:46.611 9 INFO neutron.db.ovn_revision_numbers_db [None req-aea6077e-74a1-4458-9310-d3e4d5dc08c2 - - - - - -] Successfully bumped revision number for resource c33d61b7-ea4a-419d-aa1a-3e78a1198421 (type: ports) to 2
2026-05-20 18:09:46.633 9 INFO neutron.db.ovn_revision_numbers_db [None req-aea6077e-74a1-4458-9310-d3e4d5dc08c2 - - - - - -] Successfully bumped revision number for resource 2e21df4c-9798-40fc-bb21-72df652b8d3d (type: subnets) to 0
2026-05-20 18:09:46.644 9 INFO neutron.api.wsgi [None req-cc2d3752-f175-4e07-b630-28a2498c4fa9 25961daeef90494d98212e8106a97e05 0405c3c08a9f4591ba583b5d93a8f032 - - default default] 199.204.45.242,10.0.0.32 "POST /v2.0/subnets HTTP/1.1" status: 201 len: 831 time: 0.5623353
2026-05-20 18:09:47.690 9 INFO neutron.api.v2.resource [None req-a1cc37f7-890d-49f4-8b9d-742a2fda4a9d 25961daeef90494d98212e8106a97e05 0405c3c08a9f4591ba583b5d93a8f032 - - default default] show failed (client error): The resource could not be found.
2026-05-20 18:09:47.691 9 INFO neutron.api.wsgi [None req-a1cc37f7-890d-49f4-8b9d-742a2fda4a9d 25961daeef90494d98212e8106a97e05 0405c3c08a9f4591ba583b5d93a8f032 - - default default] 199.204.45.242,10.0.0.32 "GET /v2.0/security-groups/lb-health-mgr-sec-grp HTTP/1.1" status: 404 len: 313 time: 0.0378225
2026-05-20 18:09:47.722 9 INFO neutron.api.wsgi [None req-d71c3a93-faec-4b3c-ab5b-1c5f73eee259 25961daeef90494d98212e8106a97e05 0405c3c08a9f4591ba583b5d93a8f032 - - default default] 199.204.45.242,10.0.0.32 "GET /v2.0/security-groups?name=lb-health-mgr-sec-grp HTTP/1.1" status: 200 len: 197 time: 0.0281281
2026-05-20 18:09:47.841 9 INFO neutron.db.ovn_revision_numbers_db [None req-acdd9861-1eec-4169-8993-0a70735464b9 25961daeef90494d98212e8106a97e05 0405c3c08a9f4591ba583b5d93a8f032 - - default default] Successfully bumped revision number for resource 5388e2e4-2bda-4ebd-96c4-6a3ec1a1ebf1 (type: security_groups) to 1
2026-05-20 18:09:47.852 9 INFO neutron.db.ovn_revision_numbers_db [None req-acdd9861-1eec-4169-8993-0a70735464b9 25961daeef90494d98212e8106a97e05 0405c3c08a9f4591ba583b5d93a8f032 - - default default] Successfully bumped revision number for resource e3352b3a-07e8-4866-a1c1-38d7855b85b9 (type: security_group_rules) to 0
2026-05-20 18:09:47.870 9 INFO neutron.db.ovn_revision_numbers_db [None req-acdd9861-1eec-4169-8993-0a70735464b9 25961daeef90494d98212e8106a97e05 0405c3c08a9f4591ba583b5d93a8f032 - - default default] Successfully bumped revision number for resource e7cc17b6-bb41-4063-a50e-8acb683a956a (type: security_group_rules) to 0
2026-05-20 18:09:47.910 9 INFO neutron.api.wsgi [None req-acdd9861-1eec-4169-8993-0a70735464b9 25961daeef90494d98212e8106a97e05 0405c3c08a9f4591ba583b5d93a8f032 - - default default] 199.204.45.242,10.0.0.32 "POST /v2.0/security-groups HTTP/1.1" status: 201 len: 1797 time: 0.1851354
2026-05-20 18:09:48.949 9 INFO neutron.api.wsgi [None req-ade2d63b-46be-43e6-ac1e-699d0b5e7690 25961daeef90494d98212e8106a97e05 0405c3c08a9f4591ba583b5d93a8f032 - - default default] 199.204.45.242,10.0.0.32 "GET /v2.0/security-groups/5388e2e4-2bda-4ebd-96c4-6a3ec1a1ebf1 HTTP/1.1" status: 200 len: 1792 time: 0.0450497
2026-05-20 18:09:48.979 9 INFO neutron.api.wsgi [None req-99caa0fd-dfd8-4b3a-a42e-d33750da1e29 25961daeef90494d98212e8106a97e05 0405c3c08a9f4591ba583b5d93a8f032 - - default default] 199.204.45.242,10.0.0.32 "GET /v2.0/security-groups/5388e2e4-2bda-4ebd-96c4-6a3ec1a1ebf1 HTTP/1.1" status: 200 len: 1792 time: 0.0228739
2026-05-20 18:09:49.013 9 INFO neutron.api.wsgi [None req-bd6a970f-c816-45f0-90aa-e13da6d101ef 25961daeef90494d98212e8106a97e05 0405c3c08a9f4591ba583b5d93a8f032 - - default default] 199.204.45.242,10.0.0.32 "GET /v2.0/security-groups/5388e2e4-2bda-4ebd-96c4-6a3ec1a1ebf1 HTTP/1.1" status: 200 len: 1792 time: 0.0257857
2026-05-20 18:09:49.135 9 INFO neutron.db.ovn_revision_numbers_db [None req-ca01f70f-c7cf-4361-bee5-c103e0752fa1 25961daeef90494d98212e8106a97e05 0405c3c08a9f4591ba583b5d93a8f032 - - default default] Successfully bumped revision number for resource 8a412601-3732-4bc3-bcfe-c45f45315fa3 (type: security_group_rules) to 0
2026-05-20 18:09:49.172 9 INFO neutron.api.wsgi [None req-ca01f70f-c7cf-4361-bee5-c103e0752fa1 25961daeef90494d98212e8106a97e05 0405c3c08a9f4591ba583b5d93a8f032 - - default default] 199.204.45.242,10.0.0.32 "POST /v2.0/security-group-rules HTTP/1.1" status: 201 len: 781 time: 0.1550856
2026-05-20 18:09:49.970 9 INFO neutron.api.wsgi [-] 10.0.0.32 "GET / HTTP/1.1" status: 200 len: 247 time: 0.0020525
2026-05-20 18:09:49.971 10 INFO neutron.api.wsgi [-] 10.0.0.32 "GET / HTTP/1.1" status: 200 len: 247 time: 0.0029974
2026-05-20 18:09:50.013 9 INFO neutron.api.wsgi [None req-fbaa9f76-382f-4e73-9267-edf40e98b7c5 25961daeef90494d98212e8106a97e05 0405c3c08a9f4591ba583b5d93a8f032 - - default default] 199.204.45.242,10.0.0.32 "GET /v2.0/security-groups/5388e2e4-2bda-4ebd-96c4-6a3ec1a1ebf1 HTTP/1.1" status: 200 len: 2406 time: 0.0563881
2026-05-20 18:09:50.042 9 INFO neutron.api.wsgi [None req-b3c7ba1a-523a-4a78-8180-35d060d2fe9d 25961daeef90494d98212e8106a97e05 0405c3c08a9f4591ba583b5d93a8f032 - - default default] 199.204.45.242,10.0.0.32 "GET /v2.0/security-groups/5388e2e4-2bda-4ebd-96c4-6a3ec1a1ebf1 HTTP/1.1" status: 200 len: 2406 time: 0.0216949
2026-05-20 18:09:50.074 9 INFO neutron.api.wsgi [None req-1a3393a5-4975-4c5b-9956-1f66e2ce29f3 25961daeef90494d98212e8106a97e05 0405c3c08a9f4591ba583b5d93a8f032 - - default default] 199.204.45.242,10.0.0.32 "GET /v2.0/security-groups/5388e2e4-2bda-4ebd-96c4-6a3ec1a1ebf1 HTTP/1.1" status: 200 len: 2406 time: 0.0258558
2026-05-20 18:09:50.187 9 INFO neutron.db.ovn_revision_numbers_db [None req-15b5f493-3b4e-46be-8b0d-313bddd44657 25961daeef90494d98212e8106a97e05 0405c3c08a9f4591ba583b5d93a8f032 - - default default] Successfully bumped revision number for resource 221f2559-9e63-47ce-9bc7-8b530e9d5541 (type: security_group_rules) to 0
2026-05-20 18:09:50.212 9 INFO neutron.api.wsgi [None req-15b5f493-3b4e-46be-8b0d-313bddd44657 25961daeef90494d98212e8106a97e05 0405c3c08a9f4591ba583b5d93a8f032 - - default default] 199.204.45.242,10.0.0.32 "POST /v2.0/security-group-rules HTTP/1.1" status: 201 len: 783 time: 0.1325305
2026-05-20 18:09:51.064 9 INFO neutron.api.wsgi [None req-d072de9b-1b2d-4f12-9569-d40416b624ad 25961daeef90494d98212e8106a97e05 0405c3c08a9f4591ba583b5d93a8f032 - - default default] 199.204.45.242,10.0.0.32 "GET /v2.0/security-groups/5388e2e4-2bda-4ebd-96c4-6a3ec1a1ebf1 HTTP/1.1" status: 200 len: 3022 time: 0.0546241
2026-05-20 18:09:51.096 9 INFO neutron.api.wsgi [None req-5f7b82c1-b40e-469d-b11c-55f5571f2664 25961daeef90494d98212e8106a97e05 0405c3c08a9f4591ba583b5d93a8f032 - - default default] 199.204.45.242,10.0.0.32 "GET /v2.0/security-groups/5388e2e4-2bda-4ebd-96c4-6a3ec1a1ebf1 HTTP/1.1" status: 200 len: 3022 time: 0.0247829
2026-05-20 18:09:51.131 9 INFO neutron.api.wsgi [None req-03684096-3d4f-47af-b3e7-dd409174d364 25961daeef90494d98212e8106a97e05 0405c3c08a9f4591ba583b5d93a8f032 - - default default] 199.204.45.242,10.0.0.32 "GET /v2.0/security-groups/5388e2e4-2bda-4ebd-96c4-6a3ec1a1ebf1 HTTP/1.1" status: 200 len: 3022 time: 0.0275633
2026-05-20 18:09:51.247 9 INFO neutron.db.ovn_revision_numbers_db [None req-fef63346-2f12-4b4e-98bc-585c1f8b7abb 25961daeef90494d98212e8106a97e05 0405c3c08a9f4591ba583b5d93a8f032 - - default default] Successfully bumped revision number for resource 22b8ca89-8d04-43a5-bd31-cb6b25b5f9c0 (type: security_group_rules) to 0
2026-05-20 18:09:51.275 9 INFO neutron.api.wsgi [None req-fef63346-2f12-4b4e-98bc-585c1f8b7abb 25961daeef90494d98212e8106a97e05 0405c3c08a9f4591ba583b5d93a8f032 - - default default] 199.204.45.242,10.0.0.32 "POST /v2.0/security-group-rules HTTP/1.1" status: 201 len: 783 time: 0.1367171
2026-05-20 18:09:52.046 15 INFO neutron.db.ovn_revision_numbers_db [None req-6392eb62-16be-464a-80ba-056e2fe78a6e - - - - - -] Successfully bumped revision number for resource 1b4fc365-0321-4ce5-bf09-5351fb21ba4a (type: networks) to 2
2026-05-20 18:09:52.046 15 INFO neutron.plugins.ml2.drivers.ovn.mech_driver.ovsdb.maintenance [None req-6392eb62-16be-464a-80ba-056e2fe78a6e - - - - - -] OVN maintenance task check_for_inconsistencies finished in 0.077 seconds
2026-05-20 18:09:52.123 9 INFO neutron.api.wsgi [None req-73e6f823-2dfa-47d4-a223-76cb89c4a807 25961daeef90494d98212e8106a97e05 0405c3c08a9f4591ba583b5d93a8f032 - - default default] 199.204.45.242,10.0.0.32 "GET /v2.0/security-groups/5388e2e4-2bda-4ebd-96c4-6a3ec1a1ebf1 HTTP/1.1" status: 200 len: 3638 time: 0.0493689
2026-05-20 18:09:52.154 9 INFO neutron.api.wsgi [None req-b03e748d-7a72-473e-89e8-009fce17421a 25961daeef90494d98212e8106a97e05 0405c3c08a9f4591ba583b5d93a8f032 - - default default] 199.204.45.242,10.0.0.32 "GET /v2.0/security-groups/5388e2e4-2bda-4ebd-96c4-6a3ec1a1ebf1 HTTP/1.1" status: 200 len: 3638 time: 0.0245407
2026-05-20 18:09:52.185 9 INFO neutron.api.wsgi [None req-6f585272-b43d-4dbd-bb03-231bea99b16c 25961daeef90494d98212e8106a97e05 0405c3c08a9f4591ba583b5d93a8f032 - - default default] 199.204.45.242,10.0.0.32 "GET /v2.0/security-groups/5388e2e4-2bda-4ebd-96c4-6a3ec1a1ebf1 HTTP/1.1" status: 200 len: 3638 time: 0.0249507
2026-05-20 18:09:52.306 9 INFO neutron.db.ovn_revision_numbers_db [None req-b1da0078-879f-4995-89f9-5e80fd86edb4 25961daeef90494d98212e8106a97e05 0405c3c08a9f4591ba583b5d93a8f032 - - default default] Successfully bumped revision number for resource dbee5920-5606-42de-b354-af98455c8b66 (type: security_group_rules) to 0
2026-05-20 18:09:52.333 9 INFO neutron.api.wsgi [None req-b1da0078-879f-4995-89f9-5e80fd86edb4 25961daeef90494d98212e8106a97e05 0405c3c08a9f4591ba583b5d93a8f032 - - default default] 199.204.45.242,10.0.0.32 "POST /v2.0/security-group-rules HTTP/1.1" status: 201 len: 783 time: 0.1412838
2026-05-20 18:09:53.183 9 INFO neutron.api.wsgi [None req-0a9e80c0-c9d0-46ae-bd60-4f5808c69cd2 25961daeef90494d98212e8106a97e05 0405c3c08a9f4591ba583b5d93a8f032 - - default default] 199.204.45.242,10.0.0.32 "GET /v2.0/security-groups/5388e2e4-2bda-4ebd-96c4-6a3ec1a1ebf1 HTTP/1.1" status: 200 len: 4254 time: 0.0531163
2026-05-20 18:09:53.218 9 INFO neutron.api.wsgi [None req-7e4b49e1-b8df-4b37-86a6-51902a07a766 25961daeef90494d98212e8106a97e05 0405c3c08a9f4591ba583b5d93a8f032 - - default default] 199.204.45.242,10.0.0.32 "GET /v2.0/security-groups/5388e2e4-2bda-4ebd-96c4-6a3ec1a1ebf1 HTTP/1.1" status: 200 len: 4254 time: 0.0280602
2026-05-20 18:09:53.253 9 INFO neutron.api.wsgi [None req-63e8b9d0-307b-4daf-a8d1-7735c6fee8dc 25961daeef90494d98212e8106a97e05 0405c3c08a9f4591ba583b5d93a8f032 - - default default] 199.204.45.242,10.0.0.32 "GET /v2.0/security-groups/5388e2e4-2bda-4ebd-96c4-6a3ec1a1ebf1 HTTP/1.1" status: 200 len: 4254 time: 0.0301144
2026-05-20 18:09:53.373 9 INFO neutron.db.ovn_revision_numbers_db [None req-29fbeb6d-9fb0-41a7-852a-3a7b8da17771 25961daeef90494d98212e8106a97e05 0405c3c08a9f4591ba583b5d93a8f032 - - default default] Successfully bumped revision number for resource 38d93e92-0335-40e7-8d75-9f80a5d3bea0 (type: security_group_rules) to 0
2026-05-20 18:09:53.400 9 INFO neutron.api.wsgi [None req-29fbeb6d-9fb0-41a7-852a-3a7b8da17771 25961daeef90494d98212e8106a97e05 0405c3c08a9f4591ba583b5d93a8f032 - - default default] 199.204.45.242,10.0.0.32 "POST /v2.0/security-group-rules HTTP/1.1" status: 201 len: 783 time: 0.1378238
2026-05-20 18:09:54.469 9 INFO neutron.api.wsgi [None req-d11d1f0e-ef9c-454a-b231-74eb74796e0e 25961daeef90494d98212e8106a97e05 0405c3c08a9f4591ba583b5d93a8f032 - - default default] 199.204.45.242,10.0.0.32 "GET /v2.0/networks/cc147b17-6832-465a-a177-1ebe9bd73574 HTTP/1.1" status: 200 len: 910 time: 0.0576205
2026-05-20 18:09:54.481 9 INFO neutron.pecan_wsgi.hooks.translation [None req-afe8de99-5809-44cf-988b-172c8e37ca9f 25961daeef90494d98212e8106a97e05 0405c3c08a9f4591ba583b5d93a8f032 - - default default] GET failed (client error): The resource could not be found.
2026-05-20 18:09:54.482 9 INFO neutron.api.wsgi [None req-afe8de99-5809-44cf-988b-172c8e37ca9f 25961daeef90494d98212e8106a97e05 0405c3c08a9f4591ba583b5d93a8f032 - - default default] 199.204.45.242,10.0.0.32 "GET /v2.0/ports/octavia-health-manager-port-instance?network_id=cc147b17-6832-465a-a177-1ebe9bd73574 HTTP/1.1" status: 404 len: 314 time: 0.0094259
2026-05-20 18:09:54.506 9 INFO neutron.api.wsgi [None req-e21dc2bc-4388-48fb-b309-35ee062a7439 25961daeef90494d98212e8106a97e05 0405c3c08a9f4591ba583b5d93a8f032 - - default default] 199.204.45.242,10.0.0.32 "GET /v2.0/ports?name=octavia-health-manager-port-instance&network_id=cc147b17-6832-465a-a177-1ebe9bd73574 HTTP/1.1" status: 200 len: 186 time: 0.0218906
2026-05-20 18:09:54.533 9 INFO neutron.api.wsgi [None req-a0dcd915-e4c7-4a87-a246-d6278c0dd8a3 25961daeef90494d98212e8106a97e05 0405c3c08a9f4591ba583b5d93a8f032 - - default default] 199.204.45.242,10.0.0.32 "GET /v2.0/security-groups/5388e2e4-2bda-4ebd-96c4-6a3ec1a1ebf1 HTTP/1.1" status: 200 len: 4870 time: 0.0243621
2026-05-20 18:09:54.779 9 WARNING neutron.scheduler.dhcp_agent_scheduler [None req-70cb181d-ce3a-4c83-9ddf-f015451df095 25961daeef90494d98212e8106a97e05 0405c3c08a9f4591ba583b5d93a8f032 - - default default] No more DHCP agents
2026-05-20 18:09:54.780 9 WARNING neutron.api.rpc.agentnotifiers.dhcp_rpc_agent_api [None req-70cb181d-ce3a-4c83-9ddf-f015451df095 25961daeef90494d98212e8106a97e05 0405c3c08a9f4591ba583b5d93a8f032 - - default default] Unable to schedule network cc147b17-6832-465a-a177-1ebe9bd73574: no agents available; will retry on subsequent port and subnet creation events.
2026-05-20 18:09:54.879 9 INFO neutron.db.ovn_revision_numbers_db [None req-70cb181d-ce3a-4c83-9ddf-f015451df095 25961daeef90494d98212e8106a97e05 0405c3c08a9f4591ba583b5d93a8f032 - - default default] Successfully bumped revision number for resource 476fe893-3388-4a51-9fb4-607cb1dbbbc5 (type: ports) to 1
2026-05-20 18:09:54.901 9 INFO neutron.api.wsgi [None req-70cb181d-ce3a-4c83-9ddf-f015451df095 25961daeef90494d98212e8106a97e05 0405c3c08a9f4591ba583b5d93a8f032 - - default default] 199.204.45.242,10.0.0.32 "POST /v2.0/ports HTTP/1.1" status: 201 len: 1277 time: 0.3630104 /var/lib/openstack/lib/python3.12/site-packages/pycadf/identifier.py:71: UserWarning: Invalid uuid: unknown. To ensure interoperability, identifiers should be a valid uuid. warnings.warn(('Invalid uuid: %s. To ensure interoperability, '
2026-05-20 18:10:00.672 9 INFO neutron.pecan_wsgi.hooks.translation [None req-71d11249-fa28-4b37-9223-b576b0eea1a2 25961daeef90494d98212e8106a97e05 0405c3c08a9f4591ba583b5d93a8f032 - - default default] GET failed (client error): The resource could not be found.
2026-05-20 18:10:00.674 9 INFO neutron.api.wsgi [None req-71d11249-fa28-4b37-9223-b576b0eea1a2 25961daeef90494d98212e8106a97e05 0405c3c08a9f4591ba583b5d93a8f032 - - default default] 199.204.45.242,10.0.0.32 "GET /v2.0/ports/octavia-health-manager-port-instance HTTP/1.1" status: 404 len: 314 time: 0.0492437
2026-05-20 18:10:00.723 9 INFO neutron.api.wsgi [None req-9208b544-24c9-4ac2-868b-99f74504b1fd 25961daeef90494d98212e8106a97e05 0405c3c08a9f4591ba583b5d93a8f032 - - default default] 199.204.45.242,10.0.0.32 "GET /v2.0/ports?name=octavia-health-manager-port-instance HTTP/1.1" status: 200 len: 1275 time: 0.0438943
2026-05-20 18:10:01.046 9 INFO neutron.db.ovn_revision_numbers_db [None req-3551ed0f-f443-4d89-ba96-845c0901f8f8 25961daeef90494d98212e8106a97e05 0405c3c08a9f4591ba583b5d93a8f032 - - default default] Successfully bumped revision number for resource 476fe893-3388-4a51-9fb4-607cb1dbbbc5 (type: ports) to 1
2026-05-20 18:10:01.265 9 INFO neutron.db.ovn_revision_numbers_db [None req-3551ed0f-f443-4d89-ba96-845c0901f8f8 25961daeef90494d98212e8106a97e05 0405c3c08a9f4591ba583b5d93a8f032 - - default default] Successfully bumped revision number for resource 476fe893-3388-4a51-9fb4-607cb1dbbbc5 (type: ports) to 4
2026-05-20 18:10:01.281 9 INFO neutron.api.wsgi [None req-3551ed0f-f443-4d89-ba96-845c0901f8f8 25961daeef90494d98212e8106a97e05 0405c3c08a9f4591ba583b5d93a8f032 - - default default] 199.204.45.242,10.0.0.32 "PUT /v2.0/ports/476fe893-3388-4a51-9fb4-607cb1dbbbc5 HTTP/1.1" status: 200 len: 1390 time: 0.5509443 /var/lib/openstack/lib/python3.12/site-packages/pycadf/identifier.py:71: UserWarning: Invalid uuid: unknown. To ensure interoperability, identifiers should be a valid uuid. warnings.warn(('Invalid uuid: %s. To ensure interoperability, '
2026-05-20 18:10:02.791 9 INFO neutron.api.wsgi [None req-0023a6b8-4b88-4487-a550-83895b6414ff 25961daeef90494d98212e8106a97e05 0405c3c08a9f4591ba583b5d93a8f032 - - default default] 199.204.45.242,10.0.0.32 "GET /v2.0/ports HTTP/1.1" status: 200 len: 3507 time: 0.0738230
2026-05-20 18:10:03.805 9 INFO neutron.api.v2.resource [None req-0b6a5074-c0ef-4c07-8c7f-3bea0581a863 25961daeef90494d98212e8106a97e05 0405c3c08a9f4591ba583b5d93a8f032 - - default default] show failed (client error): The resource could not be found.
2026-05-20 18:10:03.806 9 INFO neutron.api.wsgi [None req-0b6a5074-c0ef-4c07-8c7f-3bea0581a863 25961daeef90494d98212e8106a97e05 0405c3c08a9f4591ba583b5d93a8f032 - - default default] 199.204.45.242,10.0.0.32 "GET /v2.0/security-groups/lb-mgmt-sec-grp HTTP/1.1" status: 404 len: 307 time: 0.0476713
2026-05-20 18:10:03.831 9 INFO neutron.api.wsgi [None req-8ab4e548-dbf4-408d-aade-a8332e5292f7 25961daeef90494d98212e8106a97e05 0405c3c08a9f4591ba583b5d93a8f032 - - default default] 199.204.45.242,10.0.0.32 "GET /v2.0/security-groups?name=lb-mgmt-sec-grp HTTP/1.1" status: 200 len: 197 time: 0.0213599
2026-05-20 18:10:03.934 9 INFO neutron.db.ovn_revision_numbers_db [None req-12a14207-371d-4ce2-9abb-d0b4bbd3d79e 25961daeef90494d98212e8106a97e05 0405c3c08a9f4591ba583b5d93a8f032 - - default default] Successfully bumped revision number for resource f0787a50-ce78-4884-9b36-d1f9664996e1 (type: security_groups) to 1
2026-05-20 18:10:03.945 9 INFO neutron.db.ovn_revision_numbers_db [None req-12a14207-371d-4ce2-9abb-d0b4bbd3d79e 25961daeef90494d98212e8106a97e05 0405c3c08a9f4591ba583b5d93a8f032 - - default default] Successfully bumped revision number for resource 061c7b9f-398e-4419-9bb8-3177f197546d (type: security_group_rules) to 0
2026-05-20 18:10:03.957 9 INFO neutron.db.ovn_revision_numbers_db [None req-12a14207-371d-4ce2-9abb-d0b4bbd3d79e 25961daeef90494d98212e8106a97e05 0405c3c08a9f4591ba583b5d93a8f032 - - default default] Successfully bumped revision number for resource 6a823119-b591-4979-833e-15d5757136e8 (type: security_group_rules) to 0
2026-05-20 18:10:03.988 9 INFO neutron.api.wsgi [None req-12a14207-371d-4ce2-9abb-d0b4bbd3d79e 25961daeef90494d98212e8106a97e05 0405c3c08a9f4591ba583b5d93a8f032 - - default default] 199.204.45.242,10.0.0.32 "POST /v2.0/security-groups HTTP/1.1" status: 201 len: 1791 time: 0.1507583
2026-05-20 18:10:04.940 9 INFO neutron.api.wsgi [None req-0f626cf4-bb38-41d5-8353-45c7cfb61a3d 25961daeef90494d98212e8106a97e05 0405c3c08a9f4591ba583b5d93a8f032 - - default default] 199.204.45.242,10.0.0.32 "GET /v2.0/security-groups/f0787a50-ce78-4884-9b36-d1f9664996e1 HTTP/1.1" status: 200 len: 1786 time: 0.0506072
2026-05-20 18:10:04.971 10 INFO neutron.api.wsgi [-] 10.0.0.32 "GET / HTTP/1.1" status: 200 len: 247 time: 0.0026493
2026-05-20 18:10:04.974 10 INFO neutron.api.wsgi [-] 10.0.0.32 "GET / HTTP/1.1" status: 200 len: 247 time: 0.0019724
2026-05-20 18:10:05.078 9 INFO neutron.api.wsgi [None req-a75c3dff-2b58-4543-856b-40226082d1b6 25961daeef90494d98212e8106a97e05 0405c3c08a9f4591ba583b5d93a8f032 - - default default] 199.204.45.242,10.0.0.32 "GET /v2.0/security-groups/f0787a50-ce78-4884-9b36-d1f9664996e1 HTTP/1.1" status: 200 len: 1786 time: 0.1306005
2026-05-20 18:10:05.106 9 INFO neutron.api.wsgi [None req-63a111ce-b134-4a5f-b665-2cbde2728e90 25961daeef90494d98212e8106a97e05 0405c3c08a9f4591ba583b5d93a8f032 - - default default] 199.204.45.242,10.0.0.32 "GET /v2.0/security-groups/f0787a50-ce78-4884-9b36-d1f9664996e1 HTTP/1.1" status: 200 len: 1786 time: 0.0219772
2026-05-20 18:10:05.218 9 INFO neutron.db.ovn_revision_numbers_db [None req-79b62d8c-4914-423b-9f18-ef99bfb8de7d 25961daeef90494d98212e8106a97e05 0405c3c08a9f4591ba583b5d93a8f032 - - default default] Successfully bumped revision number for resource 1b53636c-0d02-4d7f-a8aa-4a9e3d0f03ec (type: security_group_rules) to 0
2026-05-20 18:10:05.245 9 INFO neutron.api.wsgi [None req-79b62d8c-4914-423b-9f18-ef99bfb8de7d 25961daeef90494d98212e8106a97e05 0405c3c08a9f4591ba583b5d93a8f032 - - default default] 199.204.45.242,10.0.0.32 "POST /v2.0/security-group-rules HTTP/1.1" status: 201 len: 801 time: 0.1311340
2026-05-20 18:10:06.132 9 INFO neutron.api.wsgi [None req-044cdf4b-ae00-41b4-9d0e-742c2b4735da 25961daeef90494d98212e8106a97e05 0405c3c08a9f4591ba583b5d93a8f032 - - default default] 199.204.45.242,10.0.0.32 "GET /v2.0/security-groups/f0787a50-ce78-4884-9b36-d1f9664996e1 HTTP/1.1" status: 200 len: 2420 time: 0.0456553
2026-05-20 18:10:06.161 9 INFO neutron.api.wsgi [None req-e3651ec7-1eed-4c0c-8712-3fb6b2107942 25961daeef90494d98212e8106a97e05 0405c3c08a9f4591ba583b5d93a8f032 - - default default] 199.204.45.242,10.0.0.32 "GET /v2.0/security-groups/f0787a50-ce78-4884-9b36-d1f9664996e1 HTTP/1.1" status: 200 len: 2420 time: 0.0214744
2026-05-20 18:10:06.189 9 INFO neutron.api.wsgi [None req-a5aa50c9-7491-4895-9889-8e98de7ca8b9 25961daeef90494d98212e8106a97e05 0405c3c08a9f4591ba583b5d93a8f032 - - default default] 199.204.45.242,10.0.0.32 "GET /v2.0/security-groups/f0787a50-ce78-4884-9b36-d1f9664996e1 HTTP/1.1" status: 200 len: 2420 time: 0.0218973
2026-05-20 18:10:06.296 9 INFO neutron.db.ovn_revision_numbers_db [None req-5840e9ff-c333-41fc-a8fe-a5d10ce92b53 25961daeef90494d98212e8106a97e05 0405c3c08a9f4591ba583b5d93a8f032 - - default default] Successfully bumped revision number for resource 16478552-a3ae-4341-bf41-eb2aed564341 (type: security_group_rules) to 0
2026-05-20 18:10:06.322 9 INFO neutron.api.wsgi [None req-5840e9ff-c333-41fc-a8fe-a5d10ce92b53 25961daeef90494d98212e8106a97e05 0405c3c08a9f4591ba583b5d93a8f032 - - default default] 199.204.45.242,10.0.0.32 "POST /v2.0/security-group-rules HTTP/1.1" status: 201 len: 805 time: 0.1274259
2026-05-20 18:10:19.971 10 INFO neutron.api.wsgi [-] 10.0.0.32 "GET / HTTP/1.1" status: 200 len: 247 time: 0.0022900
2026-05-20 18:10:19.973 9 INFO neutron.api.wsgi [-] 10.0.0.32 "GET / HTTP/1.1" status: 200 len: 247 time: 0.0034194
2026-05-20 18:10:34.970 10 INFO neutron.api.wsgi [-] 10.0.0.32 "GET / HTTP/1.1" status: 200 len: 247 time: 0.0014613
2026-05-20 18:10:34.971 9 INFO neutron.api.wsgi [-] 10.0.0.32 "GET / HTTP/1.1" status: 200 len: 247 time: 0.0027788
2026-05-20 18:10:49.971 9 INFO neutron.api.wsgi [-] 10.0.0.32 "GET / HTTP/1.1" status: 200 len: 247 time: 0.0023580
2026-05-20 18:10:49.971 10 INFO neutron.api.wsgi [-] 10.0.0.32 "GET / HTTP/1.1" status: 200 len: 247 time: 0.0022867
2026-05-20 18:11:04.970 10 INFO neutron.api.wsgi [-] 10.0.0.32 "GET / HTTP/1.1" status: 200 len: 247 time: 0.0021894
2026-05-20 18:11:04.971 9 INFO neutron.api.wsgi [-] 10.0.0.32 "GET / HTTP/1.1" status: 200 len: 247 time: 0.0029109
2026-05-20 18:11:19.969 10 INFO neutron.api.wsgi [-] 10.0.0.32 "GET / HTTP/1.1" status: 200 len: 247 time: 0.0012140
2026-05-20 18:11:19.971 9 INFO neutron.api.wsgi [-] 10.0.0.32 "GET / HTTP/1.1" status: 200 len: 247 time: 0.0026512 /var/lib/openstack/lib/python3.12/site-packages/pycadf/identifier.py:71: UserWarning: Invalid uuid: unknown. To ensure interoperability, identifiers should be a valid uuid. warnings.warn(('Invalid uuid: %s. To ensure interoperability, '
2026-05-20 18:11:21.273 10 INFO neutron.api.wsgi [None req-89c2284c-c6ac-481a-b327-3d2c37b267d2 25961daeef90494d98212e8106a97e05 0405c3c08a9f4591ba583b5d93a8f032 - - default default] 199.204.45.242,10.0.0.32 "GET /v2.0/quotas/0405c3c08a9f4591ba583b5d93a8f032 HTTP/1.1" status: 200 len: 467 time: 0.1731172 /var/lib/openstack/lib/python3.12/site-packages/neutron/extensions/quotasv2.py:139: UserWarning: Neutron quota engine will require "--force" parameter to set a quota limit without checking the resource usage. warnings.warn('Neutron quota engine will require "--force" '
2026-05-20 18:11:21.739 10 INFO neutron.api.wsgi [None req-40574b76-acc6-4607-a218-8b8822495978 25961daeef90494d98212e8106a97e05 0405c3c08a9f4591ba583b5d93a8f032 - - default default] 199.204.45.242,10.0.0.32 "PUT /v2.0/quotas/0405c3c08a9f4591ba583b5d93a8f032 HTTP/1.1" status: 200 len: 466 time: 0.1477363
2026-05-20 18:11:34.971 9 INFO neutron.api.wsgi [-] 10.0.0.32 "GET / HTTP/1.1" status: 200 len: 247 time: 0.0023944
2026-05-20 18:11:34.971 10 INFO neutron.api.wsgi [-] 10.0.0.32 "GET / HTTP/1.1" status: 200 len: 247 time: 0.0020216
2026-05-20 18:11:49.973 10 INFO neutron.api.wsgi [-] 10.0.0.32 "GET / HTTP/1.1" status: 200 len: 247 time: 0.0050647
2026-05-20 18:11:49.974 9 INFO neutron.api.wsgi [-] 10.0.0.32 "GET / HTTP/1.1" status: 200 len: 247 time: 0.0047147
2026-05-20 18:12:04.971 9 INFO neutron.api.wsgi [-] 10.0.0.32 "GET / HTTP/1.1" status: 200 len: 247 time: 0.0023472
2026-05-20 18:12:04.971 10 INFO neutron.api.wsgi [-] 10.0.0.32 "GET / HTTP/1.1" status: 200 len: 247 time: 0.0024011
2026-05-20 18:12:19.972 9 INFO neutron.api.wsgi [-] 10.0.0.32 "GET / HTTP/1.1" status: 200 len: 247 time: 0.0022354
2026-05-20 18:12:19.975 9 INFO neutron.api.wsgi [-] 10.0.0.32 "GET / HTTP/1.1" status: 200 len: 247 time: 0.0027773
2026-05-20 18:12:34.971 10 INFO neutron.api.wsgi [-] 10.0.0.32 "GET / HTTP/1.1" status: 200 len: 247 time: 0.0026870
2026-05-20 18:12:34.974 10 INFO neutron.api.wsgi [-] 10.0.0.32 "GET / HTTP/1.1" status: 200 len: 247 time: 0.0022285
2026-05-20 18:12:49.969 9 INFO neutron.api.wsgi [-] 10.0.0.32 "GET / HTTP/1.1" status: 200 len: 247 time: 0.0017526
2026-05-20 18:12:49.971 9 INFO neutron.api.wsgi [-] 10.0.0.32 "GET / HTTP/1.1" status: 200 len: 247 time: 0.0013597
2026-05-20 18:13:04.971 10 INFO neutron.api.wsgi [-] 10.0.0.32 "GET / HTTP/1.1" status: 200 len: 247 time: 0.0028827
2026-05-20 18:13:04.972 9 INFO neutron.api.wsgi [-] 10.0.0.32 "GET / HTTP/1.1" status: 200 len: 247 time: 0.0037394
2026-05-20 18:13:19.970 10 INFO neutron.api.wsgi [-] 10.0.0.32 "GET / HTTP/1.1" status: 200 len: 247 time: 0.0021880
2026-05-20 18:13:19.971 9 INFO neutron.api.wsgi [-] 10.0.0.32 "GET / HTTP/1.1" status: 200 len: 247 time: 0.0026944
2026-05-20 18:13:34.971 9 INFO neutron.api.wsgi [-] 10.0.0.32 "GET / HTTP/1.1" status: 200 len: 247 time: 0.0022523
2026-05-20 18:13:34.971 10 INFO neutron.api.wsgi [-] 10.0.0.32 "GET / HTTP/1.1" status: 200 len: 247 time: 0.0023184
2026-05-20 18:13:49.969 10 INFO neutron.api.wsgi [-] 10.0.0.32 "GET / HTTP/1.1" status: 200 len: 247 time: 0.0019453
2026-05-20 18:13:49.973 9 INFO neutron.api.wsgi [-] 10.0.0.32 "GET / HTTP/1.1" status: 200 len: 247 time: 0.0033677 /var/lib/openstack/lib/python3.12/site-packages/pycadf/identifier.py:71: UserWarning: Invalid uuid: neutron. To ensure interoperability, identifiers should be a valid uuid. warnings.warn(('Invalid uuid: %s. To ensure interoperability, '
2026-05-20 18:13:52.076 9 INFO neutron.pecan_wsgi.hooks.translation [None req-b089dc1d-5ac3-4073-88eb-e10360f8cc05 25961daeef90494d98212e8106a97e05 0405c3c08a9f4591ba583b5d93a8f032 - - default default] GET failed (client error): The resource could not be found.
2026-05-20 18:13:52.078 9 INFO neutron.api.wsgi [None req-b089dc1d-5ac3-4073-88eb-e10360f8cc05 25961daeef90494d98212e8106a97e05 0405c3c08a9f4591ba583b5d93a8f032 - - default default] 199.204.45.242 "GET /v2.0/ports/octavia-health-manager-port-instance HTTP/1.1" status: 404 len: 338 time: 0.1736009
2026-05-20 18:13:52.111 9 INFO neutron.api.wsgi [None req-db1d1a61-0227-47ce-814e-5fbc5a544b5d 25961daeef90494d98212e8106a97e05 0405c3c08a9f4591ba583b5d93a8f032 - - default default] 199.204.45.242 "GET /v2.0/ports?name=octavia-health-manager-port-instance HTTP/1.1" status: 200 len: 1417 time: 0.0295022
2026-05-20 18:13:54.008 9 INFO neutron.pecan_wsgi.hooks.translation [None req-a547f528-1e5d-4af2-af5d-99e30fe86f97 25961daeef90494d98212e8106a97e05 0405c3c08a9f4591ba583b5d93a8f032 - - default default] GET failed (client error): The resource could not be found.
2026-05-20 18:13:54.015 9 INFO neutron.api.wsgi [None req-a547f528-1e5d-4af2-af5d-99e30fe86f97 25961daeef90494d98212e8106a97e05 0405c3c08a9f4591ba583b5d93a8f032 - - default default] 199.204.45.242 "GET /v2.0/ports/octavia-health-manager-port-instance HTTP/1.1" status: 404 len: 338 time: 0.0928011
2026-05-20 18:13:54.049 9 INFO neutron.api.wsgi [None req-cef40273-a745-499b-a9b7-8cda2663081e 25961daeef90494d98212e8106a97e05 0405c3c08a9f4591ba583b5d93a8f032 - - default default] 199.204.45.242 "GET /v2.0/ports?name=octavia-health-manager-port-instance HTTP/1.1" status: 200 len: 1417 time: 0.0295246
2026-05-20 18:13:55.311 10 INFO neutron.plugins.ml2.drivers.ovn.mech_driver.mech_driver [-] OVN reports status up for port: 476fe893-3388-4a51-9fb4-607cb1dbbbc5
2026-05-20 18:13:55.335 10 INFO neutron.plugins.ml2.plugin [None req-36b27bb7-a72d-4cc8-bd61-6bd368a08d56 - - - - - -] Attempt 1 to provision port 476fe893-3388-4a51-9fb4-607cb1dbbbc5
2026-05-20 18:13:55.556 10 INFO neutron.plugins.ml2.drivers.ovn.mech_driver.ovsdb.extensions.qos [None req-36b27bb7-a72d-4cc8-bd61-6bd368a08d56 - - - - - -] Starting OVNClientQosExtension
2026-05-20 18:13:55.556 10 INFO neutron.plugins.ml2.drivers.ovn.mech_driver.ovsdb.extensions.placement [None req-36b27bb7-a72d-4cc8-bd61-6bd368a08d56 - - - - - -] Starting OVNClientPlacementExtension
2026-05-20 18:13:55.658 10 INFO neutron.db.ovn_revision_numbers_db [None req-36b27bb7-a72d-4cc8-bd61-6bd368a08d56 - - - - - -] Successfully bumped revision number for resource 476fe893-3388-4a51-9fb4-607cb1dbbbc5 (type: ports) to 5
2026-05-20 18:14:04.971 10 INFO neutron.api.wsgi [-] 10.0.0.32 "GET / HTTP/1.1" status: 200 len: 247 time: 0.0032461
2026-05-20 18:14:04.971 9 INFO neutron.api.wsgi [-] 10.0.0.32 "GET / HTTP/1.1" status: 200 len: 247 time: 0.0032458
2026-05-20 18:14:19.970 9 INFO neutron.api.wsgi [-] 10.0.0.32 "GET / HTTP/1.1" status: 200 len: 247 time: 0.0024440
2026-05-20 18:14:19.971 10 INFO neutron.api.wsgi [-] 10.0.0.32 "GET / HTTP/1.1" status: 200 len: 247 time: 0.0024049
2026-05-20 18:14:34.973 10 INFO neutron.api.wsgi [-] 10.0.0.32 "GET / HTTP/1.1" status: 200 len: 247 time: 0.0037501
2026-05-20 18:14:34.974 9 INFO neutron.api.wsgi [-] 10.0.0.32 "GET / HTTP/1.1" status: 200 len: 247 time: 0.0055776
2026-05-20 18:14:49.971 9 INFO neutron.api.wsgi [-] 10.0.0.32 "GET / HTTP/1.1" status: 200 len: 247 time: 0.0035238
2026-05-20 18:14:49.975 9 INFO neutron.api.wsgi [-] 10.0.0.32 "GET / HTTP/1.1" status: 200 len: 247 time: 0.0034440
