2026-05-20 18:44:20.571 10 INFO neutron.db.l3_db [None req-879fd979-7227-4adf-ad4a-e18cb174138c bddb75fcd7b74018bafe1277843ced71 4d8cc945d41b453c8498f8692d231671 - - default default] Floating IP ac8566b6-7f57-4f85-8c0f-949da49d1fa9 associated. External IP: 10.96.250.212, port: 7db73510-d3a2-4934-af81-3ecc51d2a964.
2026-05-20 18:44:20.639 10 INFO neutron.api.wsgi [None req-879fd979-7227-4adf-ad4a-e18cb174138c bddb75fcd7b74018bafe1277843ced71 4d8cc945d41b453c8498f8692d231671 - - default default] 10.0.0.47 "PUT /v2.0/floatingips/ac8566b6-7f57-4f85-8c0f-949da49d1fa9 HTTP/1.1" status: 200 len: 1050 time: 1.3114209
2026-05-20 18:44:20.700 10 INFO neutron.notifiers.nova [-] Nova event matching ['req-48fe86b6-443b-4fe1-9c8f-7ffb53fe7bda'] response: {'name': 'network-changed', 'server_uuid': '25d26fd3-933a-4873-9143-ec59a8cd5e46', 'tag': '7db73510-d3a2-4934-af81-3ecc51d2a964', 'status': 'completed', 'code': 200}
2026-05-20 18:44:20.811 9 INFO neutron.api.wsgi [req-3520a975-ab75-4f9d-b3c1-9b8d403f1439 req-c2ead570-5d94-443f-8313-b8b710bb40b0 bddb75fcd7b74018bafe1277843ced71 4d8cc945d41b453c8498f8692d231671 - - default default] 10.0.0.131 "GET /v2.0/ports?device_id=25d26fd3-933a-4873-9143-ec59a8cd5e46 HTTP/1.1" status: 200 len: 1174 time: 0.1182406
2026-05-20 18:44:20.859 9 INFO neutron.api.wsgi [req-3520a975-ab75-4f9d-b3c1-9b8d403f1439 req-da132c8a-5495-41aa-846c-4c1205c90c10 bddb75fcd7b74018bafe1277843ced71 4d8cc945d41b453c8498f8692d231671 - - default default] 10.0.0.131 "GET /v2.0/security-groups?id=efe29dad-f198-40ca-918c-f70e90b0270d&fields=id&fields=name HTTP/1.1" status: 200 len: 312 time: 0.0415125
2026-05-20 18:44:20.864 9 WARNING neutron.scheduler.dhcp_agent_scheduler [None req-f0be76b2-c71f-4f58-96e3-163626b99ed1 84b0dc7daa624f9bb4786ff20be9846e f7bcc73bbb384829b3e8774b3a58bc56 - - default default] No more DHCP agents
2026-05-20 18:44:20.866 9 WARNING neutron.api.rpc.agentnotifiers.dhcp_rpc_agent_api [None req-f0be76b2-c71f-4f58-96e3-163626b99ed1 84b0dc7daa624f9bb4786ff20be9846e f7bcc73bbb384829b3e8774b3a58bc56 - - default default] Unable to schedule network c68c5186-67eb-472c-a78e-88873ec5dbfd: no agents available; will retry on subsequent port and subnet creation events.
2026-05-20 18:44:20.905 9 INFO neutron.plugins.ml2.drivers.ovn.mech_driver.mech_driver [None req-c961260a-e2f0-4d73-8baa-a7482bdbeeb1 - - - - - -] OVN reports status up for port: 60cc4549-4e2f-4035-8a5e-19f089e4a95c
2026-05-20 18:44:20.913 9 INFO neutron.plugins.ml2.plugin [None req-c961260a-e2f0-4d73-8baa-a7482bdbeeb1 - - - - - -] Attempt 1 to provision port 60cc4549-4e2f-4035-8a5e-19f089e4a95c
2026-05-20 18:44:20.914 10 INFO neutron.db.ovn_revision_numbers_db [None req-16cacbb6-e320-4ca0-8a1e-986a7a7f8a95 e9b52db4a4e24bd7b3fa81a3775f25a7 d37436f4da2e481aaeb0da39d8e20035 - - default default] Successfully bumped revision number for resource 60cc4549-4e2f-4035-8a5e-19f089e4a95c (type: ports) to 1
2026-05-20 18:44:20.989 10 WARNING neutron.scheduler.dhcp_agent_scheduler [None req-16cacbb6-e320-4ca0-8a1e-986a7a7f8a95 e9b52db4a4e24bd7b3fa81a3775f25a7 d37436f4da2e481aaeb0da39d8e20035 - - default default] No more DHCP agents
2026-05-20 18:44:20.990 10 WARNING neutron.api.rpc.agentnotifiers.dhcp_rpc_agent_api [None req-16cacbb6-e320-4ca0-8a1e-986a7a7f8a95 e9b52db4a4e24bd7b3fa81a3775f25a7 d37436f4da2e481aaeb0da39d8e20035 - - default default] Unable to schedule network 737aae27-5520-46eb-aad9-5bb77c9223f5: no agents available; will retry on subsequent port and subnet creation events.
2026-05-20 18:44:21.028 9 INFO neutron.db.ovn_revision_numbers_db [None req-f0be76b2-c71f-4f58-96e3-163626b99ed1 84b0dc7daa624f9bb4786ff20be9846e f7bcc73bbb384829b3e8774b3a58bc56 - - default default] Successfully bumped revision number for resource 05b2cd0d-ed1f-47f4-942d-30d7b56e112d (type: ports) to 1
2026-05-20 18:44:21.205 10 INFO neutron.db.ovn_revision_numbers_db [None req-16cacbb6-e320-4ca0-8a1e-986a7a7f8a95 e9b52db4a4e24bd7b3fa81a3775f25a7 d37436f4da2e481aaeb0da39d8e20035 - - default default] Successfully bumped revision number for resource 60cc4549-4e2f-4035-8a5e-19f089e4a95c (type: router_ports) to 1
2026-05-20 18:44:21.213 10 INFO neutron.api.wsgi [None req-16cacbb6-e320-4ca0-8a1e-986a7a7f8a95 e9b52db4a4e24bd7b3fa81a3775f25a7 d37436f4da2e481aaeb0da39d8e20035 - - default default] 10.0.0.47 "PUT /v2.0/routers/1dea3c06-aa5d-4eda-94a3-2e628fcb16a0/add_router_interface HTTP/1.1" status: 200 len: 503 time: 2.3465979
2026-05-20 18:44:21.271 9 INFO neutron.api.wsgi [req-d9eeda73-3b2b-452f-96ad-4e12b27e096c req-97dd0903-2f18-4330-993e-ae615d8e0c7f 296f79a337154385b1d2d52f990f5720 ec8322b84130496bbd20415bbb09ca23 - - cb9ff544df3446bb97acdb0921216e7a cb9ff544df3446bb97acdb0921216e7a] 199.204.45.242 "GET /v2.0/ports?tenant_id=4d8cc945d41b453c8498f8692d231671&device_id=25d26fd3-933a-4873-9143-ec59a8cd5e46 HTTP/1.1" status: 200 len: 1413 time: 0.0608597
2026-05-20 18:44:21.316 10 INFO neutron.api.wsgi [None req-80500989-87c9-431f-ae7d-b6489d080d46 e9b52db4a4e24bd7b3fa81a3775f25a7 d37436f4da2e481aaeb0da39d8e20035 - - default default] 10.0.0.47 "GET /v2.0/ports/60cc4549-4e2f-4035-8a5e-19f089e4a95c HTTP/1.1" status: 200 len: 1137 time: 0.0964229
2026-05-20 18:44:21.384 10 INFO neutron.api.wsgi [req-af2ed521-89c5-4fa8-a4d9-e1f2493b211d req-a83c7b48-2337-4eac-bab8-1928dc80dd85 05949d118db94d73be1cccb99b2078f5 5d60a46352c544ba94a76b299dd29143 - - default default] 10.0.0.131 "GET /v2.0/ports?device_id=eacc0c72-b4eb-421f-9063-ea071e8e2ebf HTTP/1.1" status: 200 len: 210 time: 0.0199668
2026-05-20 18:44:21.392 10 INFO neutron.api.wsgi [None req-0f6d91f2-dfd3-4469-bc63-36918b2efec7 e9b52db4a4e24bd7b3fa81a3775f25a7 d37436f4da2e481aaeb0da39d8e20035 - - default default] 10.0.0.47 "GET /v2.0/ports/60cc4549-4e2f-4035-8a5e-19f089e4a95c HTTP/1.1" status: 200 len: 1137 time: 0.0690217
2026-05-20 18:44:21.405 9 INFO neutron.api.wsgi [req-d9eeda73-3b2b-452f-96ad-4e12b27e096c req-aa25c4f5-ce7b-4761-ae0b-8a8dd47a9cf0 296f79a337154385b1d2d52f990f5720 ec8322b84130496bbd20415bbb09ca23 - - cb9ff544df3446bb97acdb0921216e7a cb9ff544df3446bb97acdb0921216e7a] 199.204.45.242 "GET /v2.0/networks?id=61f69f4e-ded7-4e66-ac0c-256a8e1029b8 HTTP/1.1" status: 200 len: 982 time: 0.1245806
2026-05-20 18:44:21.449 9 INFO neutron.db.ovn_revision_numbers_db [None req-c961260a-e2f0-4d73-8baa-a7482bdbeeb1 - - - - - -] Successfully bumped revision number for resource 60cc4549-4e2f-4035-8a5e-19f089e4a95c (type: ports) to 2
2026-05-20 18:44:21.470 9 INFO neutron.api.wsgi [req-d9eeda73-3b2b-452f-96ad-4e12b27e096c req-ec09044e-a0d3-4a91-8bed-ce8859a55379 296f79a337154385b1d2d52f990f5720 ec8322b84130496bbd20415bbb09ca23 - - cb9ff544df3446bb97acdb0921216e7a cb9ff544df3446bb97acdb0921216e7a] 199.204.45.242 "GET /v2.0/floatingips?fixed_ip_address=10.100.0.13&port_id=7db73510-d3a2-4934-af81-3ecc51d2a964 HTTP/1.1" status: 200 len: 1060 time: 0.0590327
2026-05-20 18:44:21.524 9 INFO neutron.api.wsgi [req-d9eeda73-3b2b-452f-96ad-4e12b27e096c req-d3ab47f6-fb89-4215-8ef4-7ba3c1011ba7 296f79a337154385b1d2d52f990f5720 ec8322b84130496bbd20415bbb09ca23 - - cb9ff544df3446bb97acdb0921216e7a cb9ff544df3446bb97acdb0921216e7a] 199.204.45.242 "GET /v2.0/subnets?id=0b729fa0-4a63-417c-a23f-136e7ecbd906 HTTP/1.1" status: 200 len: 901 time: 0.0484998
2026-05-20 18:44:21.550 9 INFO neutron.api.wsgi [req-d9eeda73-3b2b-452f-96ad-4e12b27e096c req-8caae9bc-8217-4765-b11f-4cbe3b1b1da1 296f79a337154385b1d2d52f990f5720 ec8322b84130496bbd20415bbb09ca23 - - cb9ff544df3446bb97acdb0921216e7a cb9ff544df3446bb97acdb0921216e7a] 199.204.45.242 "GET /v2.0/ports?network_id=61f69f4e-ded7-4e66-ac0c-256a8e1029b8&device_owner=network%3Adhcp HTTP/1.1" status: 200 len: 210 time: 0.0191414
2026-05-20 18:44:21.640 9 INFO neutron.api.wsgi [req-d9eeda73-3b2b-452f-96ad-4e12b27e096c req-bed9497d-e383-4f2a-8fd2-7a5e99c1317a 296f79a337154385b1d2d52f990f5720 ec8322b84130496bbd20415bbb09ca23 - - cb9ff544df3446bb97acdb0921216e7a cb9ff544df3446bb97acdb0921216e7a] 199.204.45.242 "GET /v2.0/networks/61f69f4e-ded7-4e66-ac0c-256a8e1029b8?fields=segments HTTP/1.1" status: 200 len: 212 time: 0.0834124
2026-05-20 18:44:21.697 9 INFO neutron.api.wsgi [req-d9eeda73-3b2b-452f-96ad-4e12b27e096c req-6c47a03e-a405-4eb9-9b5d-03e70b93b97d 296f79a337154385b1d2d52f990f5720 ec8322b84130496bbd20415bbb09ca23 - - cb9ff544df3446bb97acdb0921216e7a cb9ff544df3446bb97acdb0921216e7a] 199.204.45.242 "GET /v2.0/networks/61f69f4e-ded7-4e66-ac0c-256a8e1029b8?fields=provider%3Aphysical_network&fields=provider%3Anetwork_type HTTP/1.1" status: 200 len: 277 time: 0.0416205
2026-05-20 18:44:21.914 9 INFO neutron.db.ovn_revision_numbers_db [None req-f0be76b2-c71f-4f58-96e3-163626b99ed1 84b0dc7daa624f9bb4786ff20be9846e f7bcc73bbb384829b3e8774b3a58bc56 - - default default] Successfully bumped revision number for resource 05b2cd0d-ed1f-47f4-942d-30d7b56e112d (type: ports) to 1
2026-05-20 18:44:21.969 9 WARNING neutron.scheduler.dhcp_agent_scheduler [None req-f0be76b2-c71f-4f58-96e3-163626b99ed1 84b0dc7daa624f9bb4786ff20be9846e f7bcc73bbb384829b3e8774b3a58bc56 - - default default] No more DHCP agents
2026-05-20 18:44:21.971 9 WARNING neutron.api.rpc.agentnotifiers.dhcp_rpc_agent_api [None req-f0be76b2-c71f-4f58-96e3-163626b99ed1 84b0dc7daa624f9bb4786ff20be9846e f7bcc73bbb384829b3e8774b3a58bc56 - - default default] Unable to schedule network c68c5186-67eb-472c-a78e-88873ec5dbfd: no agents available; will retry on subsequent port and subnet creation events.
2026-05-20 18:44:22.099 10 INFO neutron.api.wsgi [None req-5ba3ecae-7c03-4460-9f96-ea1992e2ac9e e9b52db4a4e24bd7b3fa81a3775f25a7 d37436f4da2e481aaeb0da39d8e20035 - - default default] 10.0.0.47 "PUT /v2.0/routers/1dea3c06-aa5d-4eda-94a3-2e628fcb16a0/remove_router_interface HTTP/1.1" status: 200 len: 503 time: 0.7013476 /var/lib/openstack/lib/python3.12/site-packages/pycadf/identifier.py:71: UserWarning: Invalid uuid: neutron. To ensure interoperability, identifiers should be a valid uuid. warnings.warn(('Invalid uuid: %s. To ensure interoperability, '
2026-05-20 18:44:22.144 10 INFO neutron.api.wsgi [None req-af75e714-f7cb-4a82-84e6-fb6e94fa39e5 e9b52db4a4e24bd7b3fa81a3775f25a7 d37436f4da2e481aaeb0da39d8e20035 - - default default] 10.0.0.47 "GET /v2.0/ports/c410e975-fa89-4e42-9e9c-a0c75edd44a2 HTTP/1.1" status: 200 len: 1137 time: 0.0383065
2026-05-20 18:44:22.338 9 INFO neutron.db.ovn_revision_numbers_db [None req-f0be76b2-c71f-4f58-96e3-163626b99ed1 84b0dc7daa624f9bb4786ff20be9846e f7bcc73bbb384829b3e8774b3a58bc56 - - default default] Successfully bumped revision number for resource 05b2cd0d-ed1f-47f4-942d-30d7b56e112d (type: router_ports) to 1
2026-05-20 18:44:22.349 9 INFO neutron.api.wsgi [None req-f0be76b2-c71f-4f58-96e3-163626b99ed1 84b0dc7daa624f9bb4786ff20be9846e f7bcc73bbb384829b3e8774b3a58bc56 - - default default] 10.0.0.47 "PUT /v2.0/routers/ca4b054c-bc91-4b0c-906f-089b9033703b/add_router_interface HTTP/1.1" status: 200 len: 503 time: 2.0722504
2026-05-20 18:44:22.362 9 WARNING neutron_lib.context [None req-330f77ba-9b45-4599-b48c-174dccc10f09 84b0dc7daa624f9bb4786ff20be9846e f7bcc73bbb384829b3e8774b3a58bc56 - - default default] Method 'is_advsvc' is deprecated since 2023.2 release (neutron-lib 3.8.0) and will be removed once support for the old RBAC API policies will be removed from Neutron. Please use method 'is_service_role' instead.
2026-05-20 18:44:22.527 9 INFO neutron.api.wsgi [req-634de39b-2e6b-490e-8511-1aa489382840 req-d54744c7-17e3-4e9d-a76e-80fac853f2cf 05949d118db94d73be1cccb99b2078f5 5d60a46352c544ba94a76b299dd29143 - - default default] 10.0.0.131 "GET /v2.0/ports?device_id=eacc0c72-b4eb-421f-9063-ea071e8e2ebf HTTP/1.1" status: 200 len: 210 time: 0.0791521 /var/lib/openstack/lib/python3.12/site-packages/pycadf/identifier.py:71: UserWarning: Invalid uuid: neutron. To ensure interoperability, identifiers should be a valid uuid. warnings.warn(('Invalid uuid: %s. To ensure interoperability, '
2026-05-20 18:44:22.824 9 INFO neutron.api.wsgi [req-5b6a2363-5199-40f6-9ea6-33a8791f3004 req-db18169f-09f7-4528-8fad-4c3d6d755368 05949d118db94d73be1cccb99b2078f5 5d60a46352c544ba94a76b299dd29143 - - default default] 199.204.45.242 "GET /v2.0/networks?id=bdb60f66-cbfb-4e97-9c26-dce4223a3c90 HTTP/1.1" status: 200 len: 875 time: 0.0750406
2026-05-20 18:44:22.834 9 WARNING neutron.scheduler.dhcp_agent_scheduler [None req-330f77ba-9b45-4599-b48c-174dccc10f09 84b0dc7daa624f9bb4786ff20be9846e f7bcc73bbb384829b3e8774b3a58bc56 - - default default] No more DHCP agents /var/lib/openstack/lib/python3.12/site-packages/pycadf/identifier.py:71: UserWarning: Invalid uuid: neutron. To ensure interoperability, identifiers should be a valid uuid. warnings.warn(('Invalid uuid: %s. To ensure interoperability, '
2026-05-20 18:44:22.838 9 WARNING neutron.api.rpc.agentnotifiers.dhcp_rpc_agent_api [None req-330f77ba-9b45-4599-b48c-174dccc10f09 84b0dc7daa624f9bb4786ff20be9846e f7bcc73bbb384829b3e8774b3a58bc56 - - default default] Unable to schedule network c68c5186-67eb-472c-a78e-88873ec5dbfd: no agents available; will retry on subsequent port and subnet creation events.
2026-05-20 18:44:22.873 9 INFO neutron.api.wsgi [req-5b6a2363-5199-40f6-9ea6-33a8791f3004 req-2dbac22e-0087-4c2e-87fa-1989c41bbe27 05949d118db94d73be1cccb99b2078f5 5d60a46352c544ba94a76b299dd29143 - - default default] 199.204.45.242 "GET /v2.0/security-groups?fields=id&fields=name&tenant_id=5d60a46352c544ba94a76b299dd29143 HTTP/1.1" status: 200 len: 379 time: 0.0408416
2026-05-20 18:44:22.881 9 WARNING neutron_lib.context [req-5b6a2363-5199-40f6-9ea6-33a8791f3004 req-d865903d-0535-49a1-b735-8187dd53563b 05949d118db94d73be1cccb99b2078f5 5d60a46352c544ba94a76b299dd29143 - - default default] Method 'is_advsvc' is deprecated since 2023.2 release (neutron-lib 3.8.0) and will be removed once support for the old RBAC API policies will be removed from Neutron. Please use method 'is_service_role' instead.
2026-05-20 18:44:22.932 10 INFO neutron.api.wsgi [None req-ddd72f10-fc6f-449e-a732-658cde71d9c2 e9b52db4a4e24bd7b3fa81a3775f25a7 d37436f4da2e481aaeb0da39d8e20035 - - default default] 10.0.0.47 "PUT /v2.0/routers/1dea3c06-aa5d-4eda-94a3-2e628fcb16a0/remove_router_interface HTTP/1.1" status: 200 len: 503 time: 0.7816117 /var/lib/openstack/lib/python3.12/site-packages/pycadf/identifier.py:71: UserWarning: Invalid uuid: neutron. To ensure interoperability, identifiers should be a valid uuid. warnings.warn(('Invalid uuid: %s. To ensure interoperability, '
2026-05-20 18:44:22.963 10 INFO neutron.api.wsgi [None req-9196fbaf-7cbd-4d4f-8c47-cc84ddf61471 e9b52db4a4e24bd7b3fa81a3775f25a7 d37436f4da2e481aaeb0da39d8e20035 - - default default] 10.0.0.47 "GET /v2.0/ports?device_id=1dea3c06-aa5d-4eda-94a3-2e628fcb16a0 HTTP/1.1" status: 200 len: 205 time: 0.0246956
2026-05-20 18:44:23.040 9 INFO neutron.db.ovn_revision_numbers_db [None req-330f77ba-9b45-4599-b48c-174dccc10f09 84b0dc7daa624f9bb4786ff20be9846e f7bcc73bbb384829b3e8774b3a58bc56 - - default default] Successfully bumped revision number for resource d98c7a9c-42ca-4fcf-869c-a1657d8d043c (type: ports) to 1
2026-05-20 18:44:23.103 9 INFO neutron.api.wsgi [None req-330f77ba-9b45-4599-b48c-174dccc10f09 84b0dc7daa624f9bb4786ff20be9846e f7bcc73bbb384829b3e8774b3a58bc56 - - default default] 10.0.0.47 "POST /v2.0/ports HTTP/1.1" status: 201 len: 1158 time: 0.7487431
2026-05-20 18:44:23.115 10 WARNING neutron_lib.context [None req-7e5a012c-499b-41fd-84e1-88ce093af609 84b0dc7daa624f9bb4786ff20be9846e f7bcc73bbb384829b3e8774b3a58bc56 - - default default] Method 'is_advsvc' is deprecated since 2023.2 release (neutron-lib 3.8.0) and will be removed once support for the old RBAC API policies will be removed from Neutron. Please use method 'is_service_role' instead.
2026-05-20 18:44:23.306 10 INFO neutron.api.wsgi [None req-d4f684f6-feb9-453b-a834-1467d235adc5 e9b52db4a4e24bd7b3fa81a3775f25a7 d37436f4da2e481aaeb0da39d8e20035 - - default default] 10.0.0.47 "DELETE /v2.0/routers/1dea3c06-aa5d-4eda-94a3-2e628fcb16a0 HTTP/1.1" status: 204 len: 168 time: 0.3375053
2026-05-20 18:44:23.311 9 WARNING neutron.scheduler.dhcp_agent_scheduler [req-5b6a2363-5199-40f6-9ea6-33a8791f3004 req-d865903d-0535-49a1-b735-8187dd53563b 05949d118db94d73be1cccb99b2078f5 5d60a46352c544ba94a76b299dd29143 - - default default] No more DHCP agents
2026-05-20 18:44:23.312 9 WARNING neutron.api.rpc.agentnotifiers.dhcp_rpc_agent_api [req-5b6a2363-5199-40f6-9ea6-33a8791f3004 req-d865903d-0535-49a1-b735-8187dd53563b 05949d118db94d73be1cccb99b2078f5 5d60a46352c544ba94a76b299dd29143 - - default default] Unable to schedule network bdb60f66-cbfb-4e97-9c26-dce4223a3c90: no agents available; will retry on subsequent port and subnet creation events. /var/lib/openstack/lib/python3.12/site-packages/pycadf/identifier.py:71: UserWarning: Invalid uuid: neutron. To ensure interoperability, identifiers should be a valid uuid. warnings.warn(('Invalid uuid: %s. To ensure interoperability, ' /var/lib/openstack/lib/python3.12/site-packages/pycadf/identifier.py:71: UserWarning: Invalid uuid: neutron. To ensure interoperability, identifiers should be a valid uuid. warnings.warn(('Invalid uuid: %s. To ensure interoperability, '
2026-05-20 18:44:23.645 10 INFO neutron.api.wsgi [req-bf3c6626-da10-44a9-8941-43a827788507 req-9436b54b-e518-4792-a257-1e3cd3b2ce6f 05949d118db94d73be1cccb99b2078f5 5d60a46352c544ba94a76b299dd29143 - - default default] 10.0.0.131 "GET /v2.0/ports?device_id=eacc0c72-b4eb-421f-9063-ea071e8e2ebf HTTP/1.1" status: 200 len: 1156 time: 0.0609930
2026-05-20 18:44:23.691 10 INFO neutron.api.wsgi [req-bf3c6626-da10-44a9-8941-43a827788507 req-a9b254ef-ef9a-41dc-93cd-a8e614413f01 05949d118db94d73be1cccb99b2078f5 5d60a46352c544ba94a76b299dd29143 - - default default] 10.0.0.131 "GET /v2.0/security-groups?id=98407f6c-8c7f-40a1-855b-db2bfbaa9a1e&fields=id&fields=name HTTP/1.1" status: 200 len: 312 time: 0.0409036
2026-05-20 18:44:24.199 9 INFO neutron.db.ovn_revision_numbers_db [req-5b6a2363-5199-40f6-9ea6-33a8791f3004 req-d865903d-0535-49a1-b735-8187dd53563b 05949d118db94d73be1cccb99b2078f5 5d60a46352c544ba94a76b299dd29143 - - default default] Successfully bumped revision number for resource 47b5cd3c-c557-43e6-bd2f-03ee209b74e7 (type: ports) to 1
2026-05-20 18:44:24.244 10 WARNING neutron.scheduler.dhcp_agent_scheduler [None req-7e5a012c-499b-41fd-84e1-88ce093af609 84b0dc7daa624f9bb4786ff20be9846e f7bcc73bbb384829b3e8774b3a58bc56 - - default default] No more DHCP agents
2026-05-20 18:44:24.246 10 WARNING neutron.api.rpc.agentnotifiers.dhcp_rpc_agent_api [None req-7e5a012c-499b-41fd-84e1-88ce093af609 84b0dc7daa624f9bb4786ff20be9846e f7bcc73bbb384829b3e8774b3a58bc56 - - default default] Unable to schedule network c68c5186-67eb-472c-a78e-88873ec5dbfd: no agents available; will retry on subsequent port and subnet creation events.
2026-05-20 18:44:24.852 9 INFO neutron.api.wsgi [req-ad474c3a-bd85-499d-86e9-0d4520cd7e49 req-6c89781b-e8b6-4e4a-be1c-496484210525 05949d118db94d73be1cccb99b2078f5 5d60a46352c544ba94a76b299dd29143 - - default default] 10.0.0.131 "GET /v2.0/ports?device_id=eacc0c72-b4eb-421f-9063-ea071e8e2ebf HTTP/1.1" status: 200 len: 1156 time: 0.1075008
2026-05-20 18:44:24.865 9 INFO neutron.api.wsgi [None req-e8f4ecc1-6b19-4592-8680-ce739d45344d e9b52db4a4e24bd7b3fa81a3775f25a7 d37436f4da2e481aaeb0da39d8e20035 - - default default] 10.0.0.47 "DELETE /v2.0/subnets/bddf0a2e-8d83-46b4-a536-bc7079867d2b HTTP/1.1" status: 204 len: 168 time: 1.5497444
2026-05-20 18:44:24.922 10 WARNING neutron.plugins.ml2.drivers.ovn.mech_driver.ovsdb.ovn_client [None req-64d1502b-0da4-4ca2-a40c-55a3c48dfe73 - - - - - -] No port found with ID c410e975-fa89-4e42-9e9c-a0c75edd44a2: RuntimeError: No port found with ID c410e975-fa89-4e42-9e9c-a0c75edd44a2
2026-05-20 18:44:24.922 9 INFO neutron.api.wsgi [req-ad474c3a-bd85-499d-86e9-0d4520cd7e49 req-e878af33-3709-468f-9544-f815bb34f771 05949d118db94d73be1cccb99b2078f5 5d60a46352c544ba94a76b299dd29143 - - default default] 10.0.0.131 "GET /v2.0/security-groups?id=98407f6c-8c7f-40a1-855b-db2bfbaa9a1e&fields=id&fields=name HTTP/1.1" status: 200 len: 312 time: 0.0652771
2026-05-20 18:44:24.930 10 INFO neutron.plugins.ml2.drivers.ovn.mech_driver.mech_driver [None req-64d1502b-0da4-4ca2-a40c-55a3c48dfe73 - - - - - -] OVN reports status up for port: 7fd02206-32ca-46c0-982d-205083c914a9
2026-05-20 18:44:24.960 10 INFO neutron.plugins.ml2.plugin [None req-64d1502b-0da4-4ca2-a40c-55a3c48dfe73 - - - - - -] Attempt 1 to provision port 7fd02206-32ca-46c0-982d-205083c914a9
2026-05-20 18:44:25.391 10 INFO neutron.db.ovn_revision_numbers_db [None req-7e5a012c-499b-41fd-84e1-88ce093af609 84b0dc7daa624f9bb4786ff20be9846e f7bcc73bbb384829b3e8774b3a58bc56 - - default default] Successfully bumped revision number for resource c3a82592-5eb6-4484-a001-6f70e9b4fd36 (type: ports) to 1
2026-05-20 18:44:25.392 9 INFO neutron.api.wsgi [req-5b6a2363-5199-40f6-9ea6-33a8791f3004 req-d865903d-0535-49a1-b735-8187dd53563b 05949d118db94d73be1cccb99b2078f5 5d60a46352c544ba94a76b299dd29143 - - default default] 199.204.45.242 "POST /v2.0/ports HTTP/1.1" status: 201 len: 1158 time: 2.5158534
2026-05-20 18:44:25.510 10 INFO neutron.api.wsgi [None req-7e5a012c-499b-41fd-84e1-88ce093af609 84b0dc7daa624f9bb4786ff20be9846e f7bcc73bbb384829b3e8774b3a58bc56 - - default default] 10.0.0.47 "POST /v2.0/ports HTTP/1.1" status: 201 len: 1153 time: 2.3997817 /var/lib/openstack/lib/python3.12/site-packages/pycadf/identifier.py:71: UserWarning: Invalid uuid: neutron. To ensure interoperability, identifiers should be a valid uuid. warnings.warn(('Invalid uuid: %s. To ensure interoperability, '
2026-05-20 18:44:25.524 10 WARNING neutron_lib.context [None req-232e83f7-ebb8-4faa-9db4-702565b4bca6 84b0dc7daa624f9bb4786ff20be9846e f7bcc73bbb384829b3e8774b3a58bc56 - - default default] Method 'is_advsvc' is deprecated since 2023.2 release (neutron-lib 3.8.0) and will be removed once support for the old RBAC API policies will be removed from Neutron. Please use method 'is_service_role' instead.
2026-05-20 18:44:25.535 9 INFO neutron.api.wsgi [None req-5a551527-8a52-47c1-951d-a361c15cf096 e9b52db4a4e24bd7b3fa81a3775f25a7 d37436f4da2e481aaeb0da39d8e20035 - - default default] 10.0.0.47 "DELETE /v2.0/subnets/edb8a0de-9af2-479f-ac70-f407fa621d3a HTTP/1.1" status: 204 len: 168 time: 0.6652389
2026-05-20 18:44:25.841 10 WARNING neutron.scheduler.dhcp_agent_scheduler [None req-232e83f7-ebb8-4faa-9db4-702565b4bca6 84b0dc7daa624f9bb4786ff20be9846e f7bcc73bbb384829b3e8774b3a58bc56 - - default default] No more DHCP agents
2026-05-20 18:44:25.842 10 WARNING neutron.api.rpc.agentnotifiers.dhcp_rpc_agent_api [None req-232e83f7-ebb8-4faa-9db4-702565b4bca6 84b0dc7daa624f9bb4786ff20be9846e f7bcc73bbb384829b3e8774b3a58bc56 - - default default] Unable to schedule network 1b4fc365-0321-4ce5-bf09-5351fb21ba4a: no agents available; will retry on subsequent port and subnet creation events.
2026-05-20 18:44:25.982 9 INFO neutron.services.segments.plugin [-] Segment 3afec0b6-41ec-45b1-ba2a-d48a8f9c0672 resource provider aggregate not found
2026-05-20 18:44:25.998 9 INFO neutron.services.segments.plugin [-] Segment 3afec0b6-41ec-45b1-ba2a-d48a8f9c0672 resource provider not found; error: Placement Client Error (4xx): {"errors": [{"status": 404, "title": "Not Found", "detail": "The resource could not be found.\n\n No resource provider with uuid 3afec0b6-41ec-45b1-ba2a-d48a8f9c0672 found for delete ", "request_id": "req-b4db7a5b-b11a-4afc-8a5e-329f6b6c4dec"}]}
2026-05-20 18:44:25.999 9 INFO neutron.services.segments.plugin [-] Segment 3afec0b6-41ec-45b1-ba2a-d48a8f9c0672 resource provider aggregate not found
2026-05-20 18:44:26.011 9 INFO neutron.db.ovn_revision_numbers_db [req-5b6a2363-5199-40f6-9ea6-33a8791f3004 req-1068bb4e-3551-4d5c-87f9-35c18753b06c 296f79a337154385b1d2d52f990f5720 ec8322b84130496bbd20415bbb09ca23 - - cb9ff544df3446bb97acdb0921216e7a cb9ff544df3446bb97acdb0921216e7a] Successfully bumped revision number for resource 47b5cd3c-c557-43e6-bd2f-03ee209b74e7 (type: ports) to 2
2026-05-20 18:44:26.018 9 INFO neutron.services.segments.plugin [-] Segment 3afec0b6-41ec-45b1-ba2a-d48a8f9c0672 resource provider not found; error: Placement Client Error (4xx): {"errors": [{"status": 404, "title": "Not Found", "detail": "The resource could not be found.\n\n No resource provider with uuid 3afec0b6-41ec-45b1-ba2a-d48a8f9c0672 found for delete ", "request_id": "req-756dec7d-58d8-42b6-8ab8-be55d6e07f8c"}]}
2026-05-20 18:44:26.024 10 INFO neutron.api.wsgi [req-865b74f7-8fb6-472c-868a-7c5945f5630b req-d18f872d-8687-4316-877a-3568440437c0 05949d118db94d73be1cccb99b2078f5 5d60a46352c544ba94a76b299dd29143 - - default default] 10.0.0.131 "GET /v2.0/ports?device_id=eacc0c72-b4eb-421f-9063-ea071e8e2ebf HTTP/1.1" status: 200 len: 1168 time: 0.0341814
2026-05-20 18:44:26.075 10 INFO neutron.api.wsgi [req-865b74f7-8fb6-472c-868a-7c5945f5630b req-b4a8d42d-053e-4cf8-b32e-00ff79faba38 05949d118db94d73be1cccb99b2078f5 5d60a46352c544ba94a76b299dd29143 - - default default] 10.0.0.131 "GET /v2.0/security-groups?id=98407f6c-8c7f-40a1-855b-db2bfbaa9a1e&fields=id&fields=name HTTP/1.1" status: 200 len: 312 time: 0.0460620
2026-05-20 18:44:26.118 9 INFO neutron.api.wsgi [None req-2c74ed54-a73c-4053-a017-1ff134303fce e9b52db4a4e24bd7b3fa81a3775f25a7 d37436f4da2e481aaeb0da39d8e20035 - - default default] 10.0.0.47 "DELETE /v2.0/networks/737aae27-5520-46eb-aad9-5bb77c9223f5 HTTP/1.1" status: 204 len: 168 time: 0.5767410 /var/lib/openstack/lib/python3.12/site-packages/pycadf/identifier.py:71: UserWarning: Invalid uuid: neutron. To ensure interoperability, identifiers should be a valid uuid. warnings.warn(('Invalid uuid: %s. To ensure interoperability, '
2026-05-20 18:44:26.546 9 INFO neutron.db.ovn_revision_numbers_db [req-5b6a2363-5199-40f6-9ea6-33a8791f3004 req-1068bb4e-3551-4d5c-87f9-35c18753b06c 296f79a337154385b1d2d52f990f5720 ec8322b84130496bbd20415bbb09ca23 - - cb9ff544df3446bb97acdb0921216e7a cb9ff544df3446bb97acdb0921216e7a] Successfully bumped revision number for resource 47b5cd3c-c557-43e6-bd2f-03ee209b74e7 (type: ports) to 4
2026-05-20 18:44:26.569 9 INFO neutron.api.wsgi [req-5b6a2363-5199-40f6-9ea6-33a8791f3004 req-1068bb4e-3551-4d5c-87f9-35c18753b06c 296f79a337154385b1d2d52f990f5720 ec8322b84130496bbd20415bbb09ca23 - - cb9ff544df3446bb97acdb0921216e7a cb9ff544df3446bb97acdb0921216e7a] 199.204.45.242 "PUT /v2.0/ports/47b5cd3c-c557-43e6-bd2f-03ee209b74e7 HTTP/1.1" status: 200 len: 1404 time: 1.1716158
2026-05-20 18:44:26.614 9 INFO neutron.notifiers.nova [-] Nova event matching ['req-e90b1365-5fe9-4af5-9078-d111491feebd'] response: {'name': 'network-changed', 'server_uuid': 'eacc0c72-b4eb-421f-9063-ea071e8e2ebf', 'tag': '47b5cd3c-c557-43e6-bd2f-03ee209b74e7', 'status': 'completed', 'code': 200}
2026-05-20 18:44:26.704 9 INFO neutron.api.wsgi [None req-92507aae-bbdd-4064-8e19-d2c33fee7964 e9b52db4a4e24bd7b3fa81a3775f25a7 d37436f4da2e481aaeb0da39d8e20035 - - default default] 10.0.0.47 "DELETE /v2.0/networks/085c0412-f5ed-4af5-b94b-90b77b03ddc9 HTTP/1.1" status: 204 len: 168 time: 0.5817742 /var/lib/openstack/lib/python3.12/site-packages/pycadf/identifier.py:71: UserWarning: Invalid uuid: neutron. To ensure interoperability, identifiers should be a valid uuid. warnings.warn(('Invalid uuid: %s. To ensure interoperability, '
2026-05-20 18:44:26.720 9 WARNING neutron_lib.context [None req-2d204ddf-8c39-4fe2-ad4f-81e5cefabbc6 e9b52db4a4e24bd7b3fa81a3775f25a7 d37436f4da2e481aaeb0da39d8e20035 - - default default] Method 'is_advsvc' is deprecated since 2023.2 release (neutron-lib 3.8.0) and will be removed once support for the old RBAC API policies will be removed from Neutron. Please use method 'is_service_role' instead.
2026-05-20 18:44:26.818 9 INFO neutron.db.segments_db [None req-2d204ddf-8c39-4fe2-ad4f-81e5cefabbc6 e9b52db4a4e24bd7b3fa81a3775f25a7 d37436f4da2e481aaeb0da39d8e20035 - - default default] Added segment 94bae544-bfa6-4dde-9dab-56739063d85c of type geneve for network 8e142975-ce7a-4d52-9693-28fe9f4a2228
2026-05-20 18:44:26.872 10 INFO neutron.db.ovn_revision_numbers_db [None req-232e83f7-ebb8-4faa-9db4-702565b4bca6 84b0dc7daa624f9bb4786ff20be9846e f7bcc73bbb384829b3e8774b3a58bc56 - - default default] Successfully bumped revision number for resource d01cc973-ea89-4715-82a3-307b30a5aa14 (type: floatingips) to -1
2026-05-20 18:44:26.963 9 INFO neutron.db.ovn_revision_numbers_db [None req-2d204ddf-8c39-4fe2-ad4f-81e5cefabbc6 e9b52db4a4e24bd7b3fa81a3775f25a7 d37436f4da2e481aaeb0da39d8e20035 - - default default] Successfully bumped revision number for resource 8e142975-ce7a-4d52-9693-28fe9f4a2228 (type: networks) to 1
2026-05-20 18:44:27.031 10 INFO neutron.db.ovn_revision_numbers_db [None req-232e83f7-ebb8-4faa-9db4-702565b4bca6 84b0dc7daa624f9bb4786ff20be9846e f7bcc73bbb384829b3e8774b3a58bc56 - - default default] Successfully bumped revision number for resource d01cc973-ea89-4715-82a3-307b30a5aa14 (type: floatingips) to 1
2026-05-20 18:44:27.032 10 INFO neutron.db.l3_db [None req-232e83f7-ebb8-4faa-9db4-702565b4bca6 84b0dc7daa624f9bb4786ff20be9846e f7bcc73bbb384829b3e8774b3a58bc56 - - default default] Floating IP d01cc973-ea89-4715-82a3-307b30a5aa14 associated. External IP: 10.96.250.202, port: c3a82592-5eb6-4484-a001-6f70e9b4fd36.
2026-05-20 18:44:27.071 10 INFO neutron.api.wsgi [None req-232e83f7-ebb8-4faa-9db4-702565b4bca6 84b0dc7daa624f9bb4786ff20be9846e f7bcc73bbb384829b3e8774b3a58bc56 - - default default] 10.0.0.47 "POST /v2.0/floatingips HTTP/1.1" status: 201 len: 1040 time: 1.5525274
2026-05-20 18:44:27.143 9 WARNING neutron.scheduler.dhcp_agent_scheduler [None req-2d204ddf-8c39-4fe2-ad4f-81e5cefabbc6 e9b52db4a4e24bd7b3fa81a3775f25a7 d37436f4da2e481aaeb0da39d8e20035 - - default default] No more DHCP agents
2026-05-20 18:44:27.146 9 WARNING neutron.api.rpc.agentnotifiers.dhcp_rpc_agent_api [None req-2d204ddf-8c39-4fe2-ad4f-81e5cefabbc6 e9b52db4a4e24bd7b3fa81a3775f25a7 d37436f4da2e481aaeb0da39d8e20035 - - default default] Unable to schedule network 8e142975-ce7a-4d52-9693-28fe9f4a2228: no agents available; will retry on subsequent port and subnet creation events.
2026-05-20 18:44:27.153 9 INFO neutron.api.wsgi [req-fe066bd3-c1fb-4b31-87da-831c0e6fe5ec req-77cb7492-f51e-46a7-9b96-14529a9675e4 296f79a337154385b1d2d52f990f5720 ec8322b84130496bbd20415bbb09ca23 - - cb9ff544df3446bb97acdb0921216e7a cb9ff544df3446bb97acdb0921216e7a] 199.204.45.242 "GET /v2.0/ports?tenant_id=5d60a46352c544ba94a76b299dd29143&device_id=eacc0c72-b4eb-421f-9063-ea071e8e2ebf HTTP/1.1" status: 200 len: 1407 time: 0.0318427
2026-05-20 18:44:27.203 9 WARNING neutron.plugins.ml2.drivers.ovn.mech_driver.ovsdb.ovn_client [None req-bc619e19-8e30-4887-b690-fdcb389b84d4 - - - - - -] No port found with ID 60cc4549-4e2f-4035-8a5e-19f089e4a95c: RuntimeError: No port found with ID 60cc4549-4e2f-4035-8a5e-19f089e4a95c
2026-05-20 18:44:27.215 9 INFO neutron.api.wsgi [req-fe066bd3-c1fb-4b31-87da-831c0e6fe5ec req-a8e6fcd3-b349-4868-9b96-a7c908992de1 296f79a337154385b1d2d52f990f5720 ec8322b84130496bbd20415bbb09ca23 - - cb9ff544df3446bb97acdb0921216e7a cb9ff544df3446bb97acdb0921216e7a] 199.204.45.242 "GET /v2.0/networks?tenant_id=5d60a46352c544ba94a76b299dd29143&shared=False HTTP/1.1" status: 200 len: 973 time: 0.0568907
2026-05-20 18:44:27.230 10 INFO neutron.api.wsgi [req-cbe53874-0be0-4b93-8e47-1576cd55f35a req-9620061a-231e-4c7f-ade9-91a303162d11 05949d118db94d73be1cccb99b2078f5 5d60a46352c544ba94a76b299dd29143 - - default default] 10.0.0.131 "GET /v2.0/ports?device_id=eacc0c72-b4eb-421f-9063-ea071e8e2ebf HTTP/1.1" status: 200 len: 1168 time: 0.0925386
2026-05-20 18:44:27.266 9 INFO neutron.api.wsgi [req-fe066bd3-c1fb-4b31-87da-831c0e6fe5ec req-849d8348-26f9-4a01-99fc-a1609262456f 296f79a337154385b1d2d52f990f5720 ec8322b84130496bbd20415bbb09ca23 - - cb9ff544df3446bb97acdb0921216e7a cb9ff544df3446bb97acdb0921216e7a] 199.204.45.242 "GET /v2.0/networks?shared=True HTTP/1.1" status: 200 len: 952 time: 0.0427060
2026-05-20 18:44:27.298 10 INFO neutron.api.wsgi [req-cbe53874-0be0-4b93-8e47-1576cd55f35a req-fdfbc7eb-a23b-4f94-b618-ce517e1c9f08 05949d118db94d73be1cccb99b2078f5 5d60a46352c544ba94a76b299dd29143 - - default default] 10.0.0.131 "GET /v2.0/security-groups?id=98407f6c-8c7f-40a1-855b-db2bfbaa9a1e&fields=id&fields=name HTTP/1.1" status: 200 len: 312 time: 0.0608339
2026-05-20 18:44:27.310 9 INFO neutron.db.ovn_revision_numbers_db [None req-2d204ddf-8c39-4fe2-ad4f-81e5cefabbc6 e9b52db4a4e24bd7b3fa81a3775f25a7 d37436f4da2e481aaeb0da39d8e20035 - - default default] Successfully bumped revision number for resource cf9fc161-1a5d-4cac-b44f-aaa18e9792d3 (type: ports) to 1
2026-05-20 18:44:27.356 9 INFO neutron.api.wsgi [None req-2d204ddf-8c39-4fe2-ad4f-81e5cefabbc6 e9b52db4a4e24bd7b3fa81a3775f25a7 d37436f4da2e481aaeb0da39d8e20035 - - default default] 10.0.0.47 "POST /v2.0/networks HTTP/1.1" status: 201 len: 829 time: 0.6429212
2026-05-20 18:44:27.358 10 INFO neutron.db.ovn_revision_numbers_db [None req-074f8e63-360f-49f2-a980-206988d1db36 84b0dc7daa624f9bb4786ff20be9846e f7bcc73bbb384829b3e8774b3a58bc56 - - default default] Successfully bumped revision number for resource d01cc973-ea89-4715-82a3-307b30a5aa14 (type: floatingips) to 2
2026-05-20 18:44:27.363 9 WARNING neutron_lib.context [None req-59e54bba-0694-43cb-9179-0bae1ed471e1 e9b52db4a4e24bd7b3fa81a3775f25a7 d37436f4da2e481aaeb0da39d8e20035 - - default default] Method 'is_advsvc' is deprecated since 2023.2 release (neutron-lib 3.8.0) and will be removed once support for the old RBAC API policies will be removed from Neutron. Please use method 'is_service_role' instead.
2026-05-20 18:44:27.406 10 INFO neutron.db.l3_db [None req-074f8e63-360f-49f2-a980-206988d1db36 84b0dc7daa624f9bb4786ff20be9846e f7bcc73bbb384829b3e8774b3a58bc56 - - default default] Floating IP d01cc973-ea89-4715-82a3-307b30a5aa14 disassociated. External IP: 10.96.250.202, port: c3a82592-5eb6-4484-a001-6f70e9b4fd36.
2026-05-20 18:44:27.434 10 INFO neutron.api.wsgi [None req-074f8e63-360f-49f2-a980-206988d1db36 84b0dc7daa624f9bb4786ff20be9846e f7bcc73bbb384829b3e8774b3a58bc56 - - default default] 10.0.0.47 "PUT /v2.0/floatingips/d01cc973-ea89-4715-82a3-307b30a5aa14 HTTP/1.1" status: 200 len: 748 time: 0.3565836
2026-05-20 18:44:27.524 9 WARNING neutron.scheduler.dhcp_agent_scheduler [None req-59e54bba-0694-43cb-9179-0bae1ed471e1 e9b52db4a4e24bd7b3fa81a3775f25a7 d37436f4da2e481aaeb0da39d8e20035 - - default default] No more DHCP agents
2026-05-20 18:44:27.525 9 WARNING neutron.api.rpc.agentnotifiers.dhcp_rpc_agent_api [None req-59e54bba-0694-43cb-9179-0bae1ed471e1 e9b52db4a4e24bd7b3fa81a3775f25a7 d37436f4da2e481aaeb0da39d8e20035 - - default default] Unable to schedule network 8e142975-ce7a-4d52-9693-28fe9f4a2228: no agents available; will retry on subsequent port and subnet creation events.
2026-05-20 18:44:27.708 10 INFO neutron.api.wsgi [None req-9cbdbabd-ba65-4d09-b914-c7a382cbaff9 84b0dc7daa624f9bb4786ff20be9846e f7bcc73bbb384829b3e8774b3a58bc56 - - default default] 10.0.0.47 "DELETE /v2.0/floatingips/d01cc973-ea89-4715-82a3-307b30a5aa14 HTTP/1.1" status: 204 len: 168 time: 0.2681212
2026-05-20 18:44:27.720 9 WARNING neutron_lib.context [None req-6d033212-6a6a-417d-a62f-c028a6c0749c 84b0dc7daa624f9bb4786ff20be9846e f7bcc73bbb384829b3e8774b3a58bc56 - - default default] Method 'is_advsvc' is deprecated since 2023.2 release (neutron-lib 3.8.0) and will be removed once support for the old RBAC API policies will be removed from Neutron. Please use method 'is_service_role' instead.
2026-05-20 18:44:28.014 9 INFO neutron.services.segments.plugin [-] Segment fc8fd324-636f-4253-90a0-e1c965dd1608 resource provider aggregate not found
2026-05-20 18:44:28.025 9 WARNING neutron.scheduler.dhcp_agent_scheduler [None req-6d033212-6a6a-417d-a62f-c028a6c0749c 84b0dc7daa624f9bb4786ff20be9846e f7bcc73bbb384829b3e8774b3a58bc56 - - default default] No more DHCP agents
2026-05-20 18:44:28.026 9 WARNING neutron.api.rpc.agentnotifiers.dhcp_rpc_agent_api [None req-6d033212-6a6a-417d-a62f-c028a6c0749c 84b0dc7daa624f9bb4786ff20be9846e f7bcc73bbb384829b3e8774b3a58bc56 - - default default] Unable to schedule network 1b4fc365-0321-4ce5-bf09-5351fb21ba4a: no agents available; will retry on subsequent port and subnet creation events.
2026-05-20 18:44:28.028 9 INFO neutron.services.segments.plugin [-] Segment fc8fd324-636f-4253-90a0-e1c965dd1608 resource provider not found; error: Placement Client Error (4xx): {"errors": [{"status": 404, "title": "Not Found", "detail": "The resource could not be found.\n\n No resource provider with uuid fc8fd324-636f-4253-90a0-e1c965dd1608 found for delete ", "request_id": "req-39130f40-3640-4fea-b6f3-c40e6c865dfd"}]}
2026-05-20 18:44:28.033 9 INFO neutron.services.segments.plugin [-] Segment fc8fd324-636f-4253-90a0-e1c965dd1608 resource provider aggregate not found
2026-05-20 18:44:28.048 9 INFO neutron.services.segments.plugin [-] Segment fc8fd324-636f-4253-90a0-e1c965dd1608 resource provider not found; error: Placement Client Error (4xx): {"errors": [{"status": 404, "title": "Not Found", "detail": "The resource could not be found.\n\n No resource provider with uuid fc8fd324-636f-4253-90a0-e1c965dd1608 found for delete ", "request_id": "req-613a580a-6c12-4bd5-8241-610cdddec9b4"}]}
2026-05-20 18:44:28.060 9 INFO neutron.db.ovn_revision_numbers_db [None req-e0145cbc-b223-45f5-874e-588b2c06527b - - - - - -] Successfully bumped revision number for resource cf9fc161-1a5d-4cac-b44f-aaa18e9792d3 (type: ports) to 2
2026-05-20 18:44:28.234 9 INFO neutron.db.ovn_revision_numbers_db [None req-e0145cbc-b223-45f5-874e-588b2c06527b - - - - - -] Successfully bumped revision number for resource 96526dea-dc62-4291-855a-cefe2c754fad (type: subnets) to 0
2026-05-20 18:44:28.279 9 INFO neutron.api.wsgi [None req-59e54bba-0694-43cb-9179-0bae1ed471e1 e9b52db4a4e24bd7b3fa81a3775f25a7 d37436f4da2e481aaeb0da39d8e20035 - - default default] 10.0.0.47 "POST /v2.0/subnets HTTP/1.1" status: 201 len: 825 time: 0.9189262
2026-05-20 18:44:28.288 10 WARNING neutron_lib.context [None req-3a32cb53-622f-4410-918c-c8d5c40a8ee1 e9b52db4a4e24bd7b3fa81a3775f25a7 d37436f4da2e481aaeb0da39d8e20035 - - default default] Method 'is_advsvc' is deprecated since 2023.2 release (neutron-lib 3.8.0) and will be removed once support for the old RBAC API policies will be removed from Neutron. Please use method 'is_service_role' instead.
2026-05-20 18:44:28.326 9 INFO neutron.api.wsgi [req-5b6a2363-5199-40f6-9ea6-33a8791f3004 req-e65f1f7f-af33-4a1a-9cf2-af7a1a0c5121 296f79a337154385b1d2d52f990f5720 ec8322b84130496bbd20415bbb09ca23 - - cb9ff544df3446bb97acdb0921216e7a cb9ff544df3446bb97acdb0921216e7a] 199.204.45.242 "GET /v2.0/ports?tenant_id=5d60a46352c544ba94a76b299dd29143&device_id=eacc0c72-b4eb-421f-9063-ea071e8e2ebf HTTP/1.1" status: 200 len: 1407 time: 0.0350697
2026-05-20 18:44:28.396 10 INFO neutron.api.wsgi [req-c0831f39-af23-441f-b41b-7f6a7d0c7a96 req-c560a72c-1b69-44a0-b045-99a8a18dbe75 05949d118db94d73be1cccb99b2078f5 5d60a46352c544ba94a76b299dd29143 - - default default] 10.0.0.131 "GET /v2.0/ports?device_id=eacc0c72-b4eb-421f-9063-ea071e8e2ebf HTTP/1.1" status: 200 len: 1168 time: 0.0382757
2026-05-20 18:44:28.452 10 INFO neutron.api.wsgi [req-c0831f39-af23-441f-b41b-7f6a7d0c7a96 req-6f014387-0966-4b00-b48b-edf03fba700e 05949d118db94d73be1cccb99b2078f5 5d60a46352c544ba94a76b299dd29143 - - default default] 10.0.0.131 "GET /v2.0/security-groups?id=98407f6c-8c7f-40a1-855b-db2bfbaa9a1e&fields=id&fields=name HTTP/1.1" status: 200 len: 312 time: 0.0501645
2026-05-20 18:44:28.477 10 INFO neutron.db.ovn_revision_numbers_db [None req-3a32cb53-622f-4410-918c-c8d5c40a8ee1 e9b52db4a4e24bd7b3fa81a3775f25a7 d37436f4da2e481aaeb0da39d8e20035 - - default default] Successfully bumped revision number for resource 10570d09-429a-423e-afc0-2d9098606a49 (type: routers) to 1
2026-05-20 18:44:28.496 10 INFO neutron.api.wsgi [None req-3a32cb53-622f-4410-918c-c8d5c40a8ee1 e9b52db4a4e24bd7b3fa81a3775f25a7 d37436f4da2e481aaeb0da39d8e20035 - - default default] 10.0.0.47 "POST /v2.0/routers HTTP/1.1" status: 201 len: 801 time: 0.2114391
2026-05-20 18:44:28.505 10 WARNING neutron_lib.context [None req-0f5b8bf7-1b21-444d-b5aa-75dd72c14595 e9b52db4a4e24bd7b3fa81a3775f25a7 d37436f4da2e481aaeb0da39d8e20035 - - default default] Method 'is_advsvc' is deprecated since 2023.2 release (neutron-lib 3.8.0) and will be removed once support for the old RBAC API policies will be removed from Neutron. Please use method 'is_service_role' instead.
2026-05-20 18:44:28.573 9 INFO neutron.api.wsgi [req-5b6a2363-5199-40f6-9ea6-33a8791f3004 req-a52d82a4-e194-46e3-9c63-9b63ca1ce1f5 296f79a337154385b1d2d52f990f5720 ec8322b84130496bbd20415bbb09ca23 - - cb9ff544df3446bb97acdb0921216e7a cb9ff544df3446bb97acdb0921216e7a] 199.204.45.242 "GET /v2.0/floatingips?fixed_ip_address=10.100.0.8&port_id=47b5cd3c-c557-43e6-bd2f-03ee209b74e7 HTTP/1.1" status: 200 len: 217 time: 0.2388067
2026-05-20 18:44:28.605 9 INFO neutron.api.wsgi [req-5b6a2363-5199-40f6-9ea6-33a8791f3004 req-a9ca0796-66c8-4621-9d55-66116e2ccd39 296f79a337154385b1d2d52f990f5720 ec8322b84130496bbd20415bbb09ca23 - - cb9ff544df3446bb97acdb0921216e7a cb9ff544df3446bb97acdb0921216e7a] 199.204.45.242 "GET /v2.0/subnets?id=c334db5c-9d8b-49e4-a041-4cb443d4d2e5 HTTP/1.1" status: 200 len: 893 time: 0.0262501
2026-05-20 18:44:28.636 9 INFO neutron.api.wsgi [req-5b6a2363-5199-40f6-9ea6-33a8791f3004 req-55011888-3317-46ed-b5bb-2b95c6b795e2 296f79a337154385b1d2d52f990f5720 ec8322b84130496bbd20415bbb09ca23 - - cb9ff544df3446bb97acdb0921216e7a cb9ff544df3446bb97acdb0921216e7a] 199.204.45.242 "GET /v2.0/ports?network_id=bdb60f66-cbfb-4e97-9c26-dce4223a3c90&device_owner=network%3Adhcp HTTP/1.1" status: 200 len: 210 time: 0.0222929
2026-05-20 18:44:28.696 9 INFO neutron.api.wsgi [req-5b6a2363-5199-40f6-9ea6-33a8791f3004 req-a94db2cd-1839-4ba5-b57c-bd1be8ca8459 296f79a337154385b1d2d52f990f5720 ec8322b84130496bbd20415bbb09ca23 - - cb9ff544df3446bb97acdb0921216e7a cb9ff544df3446bb97acdb0921216e7a] 199.204.45.242 "GET /v2.0/networks/bdb60f66-cbfb-4e97-9c26-dce4223a3c90?fields=segments HTTP/1.1" status: 200 len: 212 time: 0.0535216
2026-05-20 18:44:28.751 9 INFO neutron.api.wsgi [req-5b6a2363-5199-40f6-9ea6-33a8791f3004 req-a9a7b281-2397-432c-ab96-b27493a01ed2 296f79a337154385b1d2d52f990f5720 ec8322b84130496bbd20415bbb09ca23 - - cb9ff544df3446bb97acdb0921216e7a cb9ff544df3446bb97acdb0921216e7a] 199.204.45.242 "GET /v2.0/networks/bdb60f66-cbfb-4e97-9c26-dce4223a3c90?fields=provider%3Aphysical_network&fields=provider%3Anetwork_type HTTP/1.1" status: 200 len: 277 time: 0.0497000
2026-05-20 18:44:28.799 10 WARNING neutron.scheduler.dhcp_agent_scheduler [None req-0f5b8bf7-1b21-444d-b5aa-75dd72c14595 e9b52db4a4e24bd7b3fa81a3775f25a7 d37436f4da2e481aaeb0da39d8e20035 - - default default] No more DHCP agents
2026-05-20 18:44:28.801 10 WARNING neutron.api.rpc.agentnotifiers.dhcp_rpc_agent_api [None req-0f5b8bf7-1b21-444d-b5aa-75dd72c14595 e9b52db4a4e24bd7b3fa81a3775f25a7 d37436f4da2e481aaeb0da39d8e20035 - - default default] Unable to schedule network 8e142975-ce7a-4d52-9693-28fe9f4a2228: no agents available; will retry on subsequent port and subnet creation events.
2026-05-20 18:44:28.930 10 INFO neutron.db.ovn_revision_numbers_db [None req-0f5b8bf7-1b21-444d-b5aa-75dd72c14595 e9b52db4a4e24bd7b3fa81a3775f25a7 d37436f4da2e481aaeb0da39d8e20035 - - default default] Successfully bumped revision number for resource 1a476381-78dc-41b4-a035-43e909dfccdb (type: ports) to 1
2026-05-20 18:44:28.955 10 INFO neutron.api.wsgi [None req-0f5b8bf7-1b21-444d-b5aa-75dd72c14595 e9b52db4a4e24bd7b3fa81a3775f25a7 d37436f4da2e481aaeb0da39d8e20035 - - default default] 10.0.0.47 "POST /v2.0/ports HTTP/1.1" status: 201 len: 1147 time: 0.4540153 /var/lib/openstack/lib/python3.12/site-packages/pycadf/identifier.py:71: UserWarning: Invalid uuid: neutron. To ensure interoperability, identifiers should be a valid uuid. warnings.warn(('Invalid uuid: %s. To ensure interoperability, '
2026-05-20 18:44:29.025 9 INFO neutron.db.ovn_revision_numbers_db [None req-6d033212-6a6a-417d-a62f-c028a6c0749c 84b0dc7daa624f9bb4786ff20be9846e f7bcc73bbb384829b3e8774b3a58bc56 - - default default] Successfully bumped revision number for resource 28831f46-090c-4705-9578-449364593111 (type: floatingips) to -1
2026-05-20 18:44:29.147 9 INFO neutron.db.ovn_revision_numbers_db [None req-6d033212-6a6a-417d-a62f-c028a6c0749c 84b0dc7daa624f9bb4786ff20be9846e f7bcc73bbb384829b3e8774b3a58bc56 - - default default] Successfully bumped revision number for resource 28831f46-090c-4705-9578-449364593111 (type: floatingips) to 1
2026-05-20 18:44:29.148 9 INFO neutron.db.l3_db [None req-6d033212-6a6a-417d-a62f-c028a6c0749c 84b0dc7daa624f9bb4786ff20be9846e f7bcc73bbb384829b3e8774b3a58bc56 - - default default] Floating IP 28831f46-090c-4705-9578-449364593111 associated. External IP: 10.96.250.205, port: d98c7a9c-42ca-4fcf-869c-a1657d8d043c.
2026-05-20 18:44:29.192 9 INFO neutron.api.wsgi [None req-6d033212-6a6a-417d-a62f-c028a6c0749c 84b0dc7daa624f9bb4786ff20be9846e f7bcc73bbb384829b3e8774b3a58bc56 - - default default] 10.0.0.47 "POST /v2.0/floatingips HTTP/1.1" status: 201 len: 1042 time: 1.4773324 /var/lib/openstack/lib/python3.12/site-packages/pycadf/identifier.py:71: UserWarning: Invalid uuid: neutron. To ensure interoperability, identifiers should be a valid uuid. warnings.warn(('Invalid uuid: %s. To ensure interoperability, '
2026-05-20 18:44:29.235 9 INFO neutron.api.wsgi [None req-4e9a7068-e651-46b4-a140-6adf038f0c8c 84b0dc7daa624f9bb4786ff20be9846e f7bcc73bbb384829b3e8774b3a58bc56 - - default default] 10.0.0.47 "GET /v2.0/floatingips/28831f46-090c-4705-9578-449364593111 HTTP/1.1" status: 200 len: 1039 time: 0.0377605
2026-05-20 18:44:29.505 10 INFO neutron.api.wsgi [None req-8cffb2a4-d94b-4065-8773-9361a884ba5f 84b0dc7daa624f9bb4786ff20be9846e f7bcc73bbb384829b3e8774b3a58bc56 - - default default] 10.0.0.47 "GET /v2.0/floatingips HTTP/1.1" status: 200 len: 1042 time: 0.2646880
2026-05-20 18:44:29.559 9 INFO neutron.api.wsgi [req-3e193aa0-5711-4165-bf57-b8c948d155b7 req-8ba416de-f9ad-4485-8f66-316147870e49 05949d118db94d73be1cccb99b2078f5 5d60a46352c544ba94a76b299dd29143 - - default default] 10.0.0.131 "GET /v2.0/ports?device_id=eacc0c72-b4eb-421f-9063-ea071e8e2ebf HTTP/1.1" status: 200 len: 1168 time: 0.0404918
2026-05-20 18:44:29.618 9 INFO neutron.api.wsgi [req-3e193aa0-5711-4165-bf57-b8c948d155b7 req-7e430f89-85dc-4957-8d93-4e507c8273ab 05949d118db94d73be1cccb99b2078f5 5d60a46352c544ba94a76b299dd29143 - - default default] 10.0.0.131 "GET /v2.0/security-groups?id=98407f6c-8c7f-40a1-855b-db2bfbaa9a1e&fields=id&fields=name HTTP/1.1" status: 200 len: 312 time: 0.0547712
2026-05-20 18:44:29.635 9 INFO neutron.plugins.ml2.drivers.ovn.mech_driver.mech_driver [None req-bc619e19-8e30-4887-b690-fdcb389b84d4 - - - - - -] OVN reports status up for port: 1a476381-78dc-41b4-a035-43e909dfccdb
2026-05-20 18:44:29.647 9 INFO neutron.plugins.ml2.plugin [None req-bc619e19-8e30-4887-b690-fdcb389b84d4 - - - - - -] Attempt 1 to provision port 1a476381-78dc-41b4-a035-43e909dfccdb
2026-05-20 18:44:29.733 10 INFO neutron.db.ovn_revision_numbers_db [None req-11f9a7cc-efac-404b-b9d6-06a8e32f617b e9b52db4a4e24bd7b3fa81a3775f25a7 d37436f4da2e481aaeb0da39d8e20035 - - default default] Successfully bumped revision number for resource 1a476381-78dc-41b4-a035-43e909dfccdb (type: ports) to 2
2026-05-20 18:44:30.049 10 WARNING neutron.plugins.ml2.drivers.ovn.mech_driver.ovsdb.ovn_client [None req-64d1502b-0da4-4ca2-a40c-55a3c48dfe73 - - - - - -] No hosting information found for port 7fd02206-32ca-46c0-982d-205083c914a9: RuntimeError: No hosting information found for port 7fd02206-32ca-46c0-982d-205083c914a9
2026-05-20 18:44:30.054 9 INFO neutron.db.ovn_revision_numbers_db [None req-bc619e19-8e30-4887-b690-fdcb389b84d4 - - - - - -] Successfully bumped revision number for resource 1a476381-78dc-41b4-a035-43e909dfccdb (type: ports) to 3
2026-05-20 18:44:30.092 10 INFO neutron.plugins.ml2.drivers.ovn.mech_driver.mech_driver [None req-64d1502b-0da4-4ca2-a40c-55a3c48dfe73 - - - - - -] OVN reports status up for port: 05b2cd0d-ed1f-47f4-942d-30d7b56e112d
2026-05-20 18:44:30.103 10 INFO neutron.plugins.ml2.plugin [None req-64d1502b-0da4-4ca2-a40c-55a3c48dfe73 - - - - - -] Attempt 1 to provision port 05b2cd0d-ed1f-47f4-942d-30d7b56e112d
2026-05-20 18:44:30.243 9 INFO neutron.db.ovn_revision_numbers_db [None req-6643ce38-270d-4e9a-8412-730c06f631a0 84b0dc7daa624f9bb4786ff20be9846e f7bcc73bbb384829b3e8774b3a58bc56 - - default default] Successfully bumped revision number for resource 28831f46-090c-4705-9578-449364593111 (type: floatingips) to 2
2026-05-20 18:44:30.430 9 INFO neutron.db.ovn_revision_numbers_db [None req-6643ce38-270d-4e9a-8412-730c06f631a0 84b0dc7daa624f9bb4786ff20be9846e f7bcc73bbb384829b3e8774b3a58bc56 - - default default] Successfully bumped revision number for resource 28831f46-090c-4705-9578-449364593111 (type: floatingips) to 2
2026-05-20 18:44:30.430 9 INFO neutron.db.l3_db [None req-6643ce38-270d-4e9a-8412-730c06f631a0 84b0dc7daa624f9bb4786ff20be9846e f7bcc73bbb384829b3e8774b3a58bc56 - - default default] Floating IP 28831f46-090c-4705-9578-449364593111 associated. External IP: 10.96.250.205, port: d98c7a9c-42ca-4fcf-869c-a1657d8d043c.
2026-05-20 18:44:30.537 9 INFO neutron.api.wsgi [None req-6643ce38-270d-4e9a-8412-730c06f631a0 84b0dc7daa624f9bb4786ff20be9846e f7bcc73bbb384829b3e8774b3a58bc56 - - default default] 10.0.0.47 "PUT /v2.0/floatingips/28831f46-090c-4705-9578-449364593111 HTTP/1.1" status: 200 len: 1037 time: 1.0259104 /var/lib/openstack/lib/python3.12/site-packages/pycadf/identifier.py:71: UserWarning: Invalid uuid: neutron. To ensure interoperability, identifiers should be a valid uuid. warnings.warn(('Invalid uuid: %s. To ensure interoperability, '
