2026-05-20 18:48:04.664 9 WARNING neutron.api.rpc.agentnotifiers.dhcp_rpc_agent_api [req-4cd36e95-9a89-458b-b591-44ab2cd2d4d1 req-6bae6845-9995-47a4-90a9-665223a4a726 35e52210f8634cd9ba6f90ac2731df90 76839c0e988543c5a63287d8f3e65043 - - default default] Unable to schedule network ac302e04-8b91-4bb9-8981-fd6e07046d4e: no agents available; will retry on subsequent port and subnet creation events.
2026-05-20 18:48:04.767 9 WARNING neutron.scheduler.dhcp_agent_scheduler [None req-0851dc4b-f160-41e3-bb56-771c53d1b650 1943323dfaba4c0e9c5c55709c13d674 f20c0caf57b44ad4aff5fa100a1ad7ee - - default default] No more DHCP agents
2026-05-20 18:48:04.770 9 WARNING neutron.api.rpc.agentnotifiers.dhcp_rpc_agent_api [None req-0851dc4b-f160-41e3-bb56-771c53d1b650 1943323dfaba4c0e9c5c55709c13d674 f20c0caf57b44ad4aff5fa100a1ad7ee - - default default] Unable to schedule network 56184685-3c44-45c6-a2a9-1c824ce1f784: no agents available; will retry on subsequent port and subnet creation events.
2026-05-20 18:48:04.901 9 INFO neutron.db.ovn_revision_numbers_db [None req-0851dc4b-f160-41e3-bb56-771c53d1b650 1943323dfaba4c0e9c5c55709c13d674 f20c0caf57b44ad4aff5fa100a1ad7ee - - default default] Successfully bumped revision number for resource f035ca4e-e826-4480-bc33-bd133fbadfb2 (type: ports) to 1
2026-05-20 18:48:04.905 9 INFO neutron.db.ovn_revision_numbers_db [req-4cd36e95-9a89-458b-b591-44ab2cd2d4d1 req-6bae6845-9995-47a4-90a9-665223a4a726 35e52210f8634cd9ba6f90ac2731df90 76839c0e988543c5a63287d8f3e65043 - - default default] Successfully bumped revision number for resource 9e352319-a074-4a48-9480-155cefb8ae70 (type: ports) to 1
2026-05-20 18:48:04.971 10 INFO neutron.api.wsgi [-] 10.0.0.32 "GET / HTTP/1.1" status: 200 len: 247 time: 0.0028501
2026-05-20 18:48:04.972 9 INFO neutron.api.wsgi [-] 10.0.0.32 "GET / HTTP/1.1" status: 200 len: 247 time: 0.0030997
2026-05-20 18:48:05.090 9 INFO neutron.api.wsgi [None req-0851dc4b-f160-41e3-bb56-771c53d1b650 1943323dfaba4c0e9c5c55709c13d674 f20c0caf57b44ad4aff5fa100a1ad7ee - - default default] 10.0.0.47 "POST /v2.0/networks HTTP/1.1" status: 201 len: 831 time: 3.5271521
2026-05-20 18:48:05.094 9 INFO neutron.api.wsgi [req-4cd36e95-9a89-458b-b591-44ab2cd2d4d1 req-6bae6845-9995-47a4-90a9-665223a4a726 35e52210f8634cd9ba6f90ac2731df90 76839c0e988543c5a63287d8f3e65043 - - default default] 199.204.45.242 "POST /v2.0/ports HTTP/1.1" status: 201 len: 1388 time: 0.9645953 /var/lib/openstack/lib/python3.12/site-packages/pycadf/identifier.py:71: UserWarning: Invalid uuid: neutron. To ensure interoperability, identifiers should be a valid uuid. warnings.warn(('Invalid uuid: %s. To ensure interoperability, '
2026-05-20 18:48:05.102 9 WARNING neutron_lib.context [None req-a694dfcd-d642-49af-86ca-c9e41dddef0d 1943323dfaba4c0e9c5c55709c13d674 f20c0caf57b44ad4aff5fa100a1ad7ee - - default default] Method 'is_advsvc' is deprecated since 2023.2 release (neutron-lib 3.8.0) and will be removed once support for the old RBAC API policies will be removed from Neutron. Please use method 'is_service_role' instead.
2026-05-20 18:48:05.504 10 INFO neutron.api.wsgi [None req-95fdbf55-7396-47d8-a30e-b8e07e4154af 0eec7ff6652c4107ade6260d31dac4e8 1ddc6a839c5f48a9abdf3f178e96e6f0 - - default default] 10.0.0.47 "DELETE /v2.0/security-groups/fb002432-42ef-4950-a29f-5012bfd5ba46 HTTP/1.1" status: 204 len: 168 time: 0.4063284
2026-05-20 18:48:05.516 10 INFO neutron.api.v2.resource [None req-dc8cbfb2-c981-4315-9725-9ced38a746f7 0eec7ff6652c4107ade6260d31dac4e8 1ddc6a839c5f48a9abdf3f178e96e6f0 - - default default] show failed (client error): The resource could not be found.
2026-05-20 18:48:05.517 10 INFO neutron.api.wsgi [None req-dc8cbfb2-c981-4315-9725-9ced38a746f7 0eec7ff6652c4107ade6260d31dac4e8 1ddc6a839c5f48a9abdf3f178e96e6f0 - - default default] 10.0.0.47 "GET /v2.0/security-groups/fb002432-42ef-4950-a29f-5012bfd5ba46 HTTP/1.1" status: 404 len: 347 time: 0.0081124
2026-05-20 18:48:05.687 9 INFO neutron.db.segments_db [None req-a694dfcd-d642-49af-86ca-c9e41dddef0d 1943323dfaba4c0e9c5c55709c13d674 f20c0caf57b44ad4aff5fa100a1ad7ee - - default default] Added segment d3e3122a-4cf7-4588-b10f-536af3b149ba of type geneve for network 242075c2-4f88-425c-a20b-d0d5a5cd7f8e
2026-05-20 18:48:06.009 10 INFO neutron.api.wsgi [None req-b1e7dbf6-1d2a-42b8-bdeb-b05cbe6f0c5f 0eec7ff6652c4107ade6260d31dac4e8 1ddc6a839c5f48a9abdf3f178e96e6f0 - - default default] 10.0.0.47 "DELETE /v2.0/floatingips/43d4180b-b3ac-4fc5-8048-953a309dacb8 HTTP/1.1" status: 204 len: 168 time: 0.4870498
2026-05-20 18:48:06.108 9 INFO neutron.db.ovn_revision_numbers_db [None req-a694dfcd-d642-49af-86ca-c9e41dddef0d 1943323dfaba4c0e9c5c55709c13d674 f20c0caf57b44ad4aff5fa100a1ad7ee - - default default] Successfully bumped revision number for resource 242075c2-4f88-425c-a20b-d0d5a5cd7f8e (type: networks) to 1
2026-05-20 18:48:06.112 9 INFO neutron.db.ovn_revision_numbers_db [req-4cd36e95-9a89-458b-b591-44ab2cd2d4d1 req-72062ae1-2e01-4b8a-8b1d-483e203a6087 296f79a337154385b1d2d52f990f5720 ec8322b84130496bbd20415bbb09ca23 - - cb9ff544df3446bb97acdb0921216e7a cb9ff544df3446bb97acdb0921216e7a] Successfully bumped revision number for resource 9e352319-a074-4a48-9480-155cefb8ae70 (type: ports) to 2
2026-05-20 18:48:06.430 10 INFO neutron.api.wsgi [None req-cf2e89b3-d45f-4542-ab28-320fc55eee6d 0eec7ff6652c4107ade6260d31dac4e8 1ddc6a839c5f48a9abdf3f178e96e6f0 - - default default] 10.0.0.47 "DELETE /v2.0/security-groups/a5b29709-552a-4eba-84e8-6671c5a29470 HTTP/1.1" status: 204 len: 168 time: 0.4171124
2026-05-20 18:48:06.563 9 WARNING neutron.scheduler.dhcp_agent_scheduler [None req-a694dfcd-d642-49af-86ca-c9e41dddef0d 1943323dfaba4c0e9c5c55709c13d674 f20c0caf57b44ad4aff5fa100a1ad7ee - - default default] No more DHCP agents
2026-05-20 18:48:06.568 9 WARNING neutron.api.rpc.agentnotifiers.dhcp_rpc_agent_api [None req-a694dfcd-d642-49af-86ca-c9e41dddef0d 1943323dfaba4c0e9c5c55709c13d674 f20c0caf57b44ad4aff5fa100a1ad7ee - - default default] Unable to schedule network 242075c2-4f88-425c-a20b-d0d5a5cd7f8e: no agents available; will retry on subsequent port and subnet creation events.
2026-05-20 18:48:06.674 9 INFO neutron.db.ovn_revision_numbers_db [req-4cd36e95-9a89-458b-b591-44ab2cd2d4d1 req-72062ae1-2e01-4b8a-8b1d-483e203a6087 296f79a337154385b1d2d52f990f5720 ec8322b84130496bbd20415bbb09ca23 - - cb9ff544df3446bb97acdb0921216e7a cb9ff544df3446bb97acdb0921216e7a] Successfully bumped revision number for resource 9e352319-a074-4a48-9480-155cefb8ae70 (type: ports) to 4
2026-05-20 18:48:06.694 9 INFO neutron.api.wsgi [req-4cd36e95-9a89-458b-b591-44ab2cd2d4d1 req-72062ae1-2e01-4b8a-8b1d-483e203a6087 296f79a337154385b1d2d52f990f5720 ec8322b84130496bbd20415bbb09ca23 - - cb9ff544df3446bb97acdb0921216e7a cb9ff544df3446bb97acdb0921216e7a] 199.204.45.242 "PUT /v2.0/ports/9e352319-a074-4a48-9480-155cefb8ae70 HTTP/1.1" status: 200 len: 1633 time: 1.5959263
2026-05-20 18:48:06.734 9 INFO neutron.notifiers.nova [-] Nova event matching ['req-3f60d4c6-c826-4753-a748-6bf9e384c9d0'] response: {'name': 'network-changed', 'server_uuid': 'f291b4e2-c12d-42e3-afd7-3bf6c8d75ce6', 'tag': '9e352319-a074-4a48-9480-155cefb8ae70', 'status': 'completed', 'code': 200}
2026-05-20 18:48:06.781 9 INFO neutron.db.ovn_revision_numbers_db [None req-a694dfcd-d642-49af-86ca-c9e41dddef0d 1943323dfaba4c0e9c5c55709c13d674 f20c0caf57b44ad4aff5fa100a1ad7ee - - default default] Successfully bumped revision number for resource 18bac2e7-9a6e-45ad-b150-938d8e0a9d70 (type: ports) to 1
2026-05-20 18:48:07.043 9 INFO neutron.api.wsgi [None req-a694dfcd-d642-49af-86ca-c9e41dddef0d 1943323dfaba4c0e9c5c55709c13d674 f20c0caf57b44ad4aff5fa100a1ad7ee - - default default] 10.0.0.47 "POST /v2.0/networks HTTP/1.1" status: 201 len: 831 time: 1.9453664
2026-05-20 18:48:07.053 10 WARNING neutron_lib.context [None req-49f21da0-319e-4d02-b681-26a3b7154fa3 1943323dfaba4c0e9c5c55709c13d674 f20c0caf57b44ad4aff5fa100a1ad7ee - - default default] Method 'is_advsvc' is deprecated since 2023.2 release (neutron-lib 3.8.0) and will be removed once support for the old RBAC API policies will be removed from Neutron. Please use method 'is_service_role' instead.
2026-05-20 18:48:07.183 10 INFO neutron.db.segments_db [None req-49f21da0-319e-4d02-b681-26a3b7154fa3 1943323dfaba4c0e9c5c55709c13d674 f20c0caf57b44ad4aff5fa100a1ad7ee - - default default] Added segment 17fe0e6c-4ef3-4508-acc8-395b051781b2 of type geneve for network 06eada1e-a366-4599-a285-8011a0cd9551 /var/lib/openstack/lib/python3.12/site-packages/pycadf/identifier.py:71: UserWarning: Invalid uuid: neutron. To ensure interoperability, identifiers should be a valid uuid. warnings.warn(('Invalid uuid: %s. To ensure interoperability, '
2026-05-20 18:48:07.286 9 INFO neutron.api.wsgi [req-383b342c-e9eb-40ac-b759-ed4f741164b9 req-56f7f20d-5d41-4f2f-99ac-09801e427336 296f79a337154385b1d2d52f990f5720 ec8322b84130496bbd20415bbb09ca23 - - cb9ff544df3446bb97acdb0921216e7a cb9ff544df3446bb97acdb0921216e7a] 199.204.45.242 "GET /v2.0/ports?tenant_id=76839c0e988543c5a63287d8f3e65043&device_id=f291b4e2-c12d-42e3-afd7-3bf6c8d75ce6 HTTP/1.1" status: 200 len: 1636 time: 0.0401082
2026-05-20 18:48:07.360 9 INFO neutron.api.wsgi [req-383b342c-e9eb-40ac-b759-ed4f741164b9 req-ab20e652-d565-4638-9020-45fc229e46e3 296f79a337154385b1d2d52f990f5720 ec8322b84130496bbd20415bbb09ca23 - - cb9ff544df3446bb97acdb0921216e7a cb9ff544df3446bb97acdb0921216e7a] 199.204.45.242 "GET /v2.0/networks?tenant_id=76839c0e988543c5a63287d8f3e65043&shared=False HTTP/1.1" status: 200 len: 2585 time: 0.0681114
2026-05-20 18:48:07.384 10 INFO neutron.db.ovn_revision_numbers_db [None req-49f21da0-319e-4d02-b681-26a3b7154fa3 1943323dfaba4c0e9c5c55709c13d674 f20c0caf57b44ad4aff5fa100a1ad7ee - - default default] Successfully bumped revision number for resource 06eada1e-a366-4599-a285-8011a0cd9551 (type: networks) to 1
2026-05-20 18:48:07.412 9 INFO neutron.api.wsgi [req-383b342c-e9eb-40ac-b759-ed4f741164b9 req-7cf0e16b-5996-44c4-bca9-b643b81bd2bf 296f79a337154385b1d2d52f990f5720 ec8322b84130496bbd20415bbb09ca23 - - cb9ff544df3446bb97acdb0921216e7a cb9ff544df3446bb97acdb0921216e7a] 199.204.45.242 "GET /v2.0/networks?shared=True HTTP/1.1" status: 200 len: 952 time: 0.0472744
2026-05-20 18:48:07.584 10 WARNING neutron.scheduler.dhcp_agent_scheduler [None req-49f21da0-319e-4d02-b681-26a3b7154fa3 1943323dfaba4c0e9c5c55709c13d674 f20c0caf57b44ad4aff5fa100a1ad7ee - - default default] No more DHCP agents
2026-05-20 18:48:07.586 10 WARNING neutron.api.rpc.agentnotifiers.dhcp_rpc_agent_api [None req-49f21da0-319e-4d02-b681-26a3b7154fa3 1943323dfaba4c0e9c5c55709c13d674 f20c0caf57b44ad4aff5fa100a1ad7ee - - default default] Unable to schedule network 06eada1e-a366-4599-a285-8011a0cd9551: no agents available; will retry on subsequent port and subnet creation events.
2026-05-20 18:48:07.659 9 INFO neutron.api.wsgi [req-f037e7a3-96b8-4eac-8ca2-410f4f47b081 req-c768772b-3452-49f8-a26e-20c994d5530a 296f79a337154385b1d2d52f990f5720 ec8322b84130496bbd20415bbb09ca23 - - cb9ff544df3446bb97acdb0921216e7a cb9ff544df3446bb97acdb0921216e7a] 10.0.0.24 "GET /v2.0/ports?device_id=ac80b6c8-0030-4798-a9c0-b4cf6bdce2aa HTTP/1.1" status: 200 len: 1634 time: 0.0336883
2026-05-20 18:48:07.691 9 INFO neutron.api.wsgi [req-f037e7a3-96b8-4eac-8ca2-410f4f47b081 req-f4b93eb9-c8a6-433c-a59e-7fb620997701 296f79a337154385b1d2d52f990f5720 ec8322b84130496bbd20415bbb09ca23 - - cb9ff544df3446bb97acdb0921216e7a cb9ff544df3446bb97acdb0921216e7a] 10.0.0.24 "GET /v2.0/security-groups?id=5ce4043e-5301-4707-9c00-10d87fedebaf&fields=id&fields=name HTTP/1.1" status: 200 len: 311 time: 0.0260568
2026-05-20 18:48:07.968 10 INFO neutron.db.ovn_revision_numbers_db [None req-49f21da0-319e-4d02-b681-26a3b7154fa3 1943323dfaba4c0e9c5c55709c13d674 f20c0caf57b44ad4aff5fa100a1ad7ee - - default default] Successfully bumped revision number for resource 770dafb9-79ee-4d69-aae8-1c6bfc7a3b9d (type: ports) to 1
2026-05-20 18:48:08.028 10 INFO neutron.api.wsgi [None req-49f21da0-319e-4d02-b681-26a3b7154fa3 1943323dfaba4c0e9c5c55709c13d674 f20c0caf57b44ad4aff5fa100a1ad7ee - - default default] 10.0.0.47 "POST /v2.0/networks HTTP/1.1" status: 201 len: 831 time: 0.9798808
2026-05-20 18:48:08.039 9 WARNING neutron_lib.context [None req-da446bd9-42e9-4dc7-a6f9-76584356415f 1943323dfaba4c0e9c5c55709c13d674 f20c0caf57b44ad4aff5fa100a1ad7ee - - default default] Method 'is_advsvc' is deprecated since 2023.2 release (neutron-lib 3.8.0) and will be removed once support for the old RBAC API policies will be removed from Neutron. Please use method 'is_service_role' instead.
2026-05-20 18:48:08.155 9 INFO neutron.db.segments_db [None req-da446bd9-42e9-4dc7-a6f9-76584356415f 1943323dfaba4c0e9c5c55709c13d674 f20c0caf57b44ad4aff5fa100a1ad7ee - - default default] Added segment 98cf38b4-297a-4192-8864-22871ddb582a of type geneve for network 181fab15-80f4-4295-9907-cc16aa9c320c
2026-05-20 18:48:08.241 10 INFO neutron.api.wsgi [None req-0f235b00-e833-4e45-a055-55efe786ddff 25961daeef90494d98212e8106a97e05 0405c3c08a9f4591ba583b5d93a8f032 - - default default] 10.0.0.47 "PUT /v2.0/routers/9eda3e46-83c0-439f-b756-64b1e5b99f37/remove_router_interface HTTP/1.1" status: 200 len: 503 time: 1.6494544
2026-05-20 18:48:08.428 9 INFO neutron.db.ovn_revision_numbers_db [None req-da446bd9-42e9-4dc7-a6f9-76584356415f 1943323dfaba4c0e9c5c55709c13d674 f20c0caf57b44ad4aff5fa100a1ad7ee - - default default] Successfully bumped revision number for resource 181fab15-80f4-4295-9907-cc16aa9c320c (type: networks) to 1
2026-05-20 18:48:08.468 9 INFO neutron.api.wsgi [req-4cd36e95-9a89-458b-b591-44ab2cd2d4d1 req-7f3c4e5b-a963-4eab-b52f-df708dba29fc 296f79a337154385b1d2d52f990f5720 ec8322b84130496bbd20415bbb09ca23 - - cb9ff544df3446bb97acdb0921216e7a cb9ff544df3446bb97acdb0921216e7a] 199.204.45.242 "GET /v2.0/ports?tenant_id=76839c0e988543c5a63287d8f3e65043&device_id=f291b4e2-c12d-42e3-afd7-3bf6c8d75ce6 HTTP/1.1" status: 200 len: 1636 time: 0.0431242
2026-05-20 18:48:08.490 9 INFO neutron.api.wsgi [req-4cd36e95-9a89-458b-b591-44ab2cd2d4d1 req-cd799911-f7c9-4634-ab3b-f2a301c7fa32 296f79a337154385b1d2d52f990f5720 ec8322b84130496bbd20415bbb09ca23 - - cb9ff544df3446bb97acdb0921216e7a cb9ff544df3446bb97acdb0921216e7a] 199.204.45.242 "GET /v2.0/floatingips?fixed_ip_address=10.2.2.85&port_id=9e352319-a074-4a48-9480-155cefb8ae70 HTTP/1.1" status: 200 len: 217 time: 0.0156894
2026-05-20 18:48:08.512 9 INFO neutron.api.wsgi [req-4cd36e95-9a89-458b-b591-44ab2cd2d4d1 req-01a73255-7005-4090-a6bc-dff1a7eb2081 296f79a337154385b1d2d52f990f5720 ec8322b84130496bbd20415bbb09ca23 - - cb9ff544df3446bb97acdb0921216e7a cb9ff544df3446bb97acdb0921216e7a] 199.204.45.242 "GET /v2.0/floatingips?fixed_ip_address=fd77%3A1457%3A4cf0%3A26a8%3A%3A31c&port_id=9e352319-a074-4a48-9480-155cefb8ae70 HTTP/1.1" status: 200 len: 217 time: 0.0170794
2026-05-20 18:48:08.558 9 INFO neutron.api.wsgi [req-4cd36e95-9a89-458b-b591-44ab2cd2d4d1 req-20f3c426-88b9-4e42-ac04-16517dee7775 296f79a337154385b1d2d52f990f5720 ec8322b84130496bbd20415bbb09ca23 - - cb9ff544df3446bb97acdb0921216e7a cb9ff544df3446bb97acdb0921216e7a] 199.204.45.242 "GET /v2.0/subnets?id=56448fa6-bc12-4f42-969a-cc7b5bf26354&id=d19e3358-8226-431a-8a42-916957c430cc HTTP/1.1" status: 200 len: 1613 time: 0.0421774
2026-05-20 18:48:08.578 9 INFO neutron.api.wsgi [req-4cd36e95-9a89-458b-b591-44ab2cd2d4d1 req-01bc8222-d28c-4450-80d9-ddd8ed7d24ea 296f79a337154385b1d2d52f990f5720 ec8322b84130496bbd20415bbb09ca23 - - cb9ff544df3446bb97acdb0921216e7a cb9ff544df3446bb97acdb0921216e7a] 199.204.45.242 "GET /v2.0/ports?network_id=ac302e04-8b91-4bb9-8981-fd6e07046d4e&device_owner=network%3Adhcp HTTP/1.1" status: 200 len: 210 time: 0.0151083
2026-05-20 18:48:08.608 9 INFO neutron.api.wsgi [req-4cd36e95-9a89-458b-b591-44ab2cd2d4d1 req-c1324244-bad4-4945-a4e2-3d43583be179 296f79a337154385b1d2d52f990f5720 ec8322b84130496bbd20415bbb09ca23 - - cb9ff544df3446bb97acdb0921216e7a cb9ff544df3446bb97acdb0921216e7a] 199.204.45.242 "GET /v2.0/ports?network_id=ac302e04-8b91-4bb9-8981-fd6e07046d4e&device_owner=network%3Adhcp HTTP/1.1" status: 200 len: 210 time: 0.0240507
2026-05-20 18:48:08.680 9 INFO neutron.api.wsgi [req-4cd36e95-9a89-458b-b591-44ab2cd2d4d1 req-63566ab1-2a49-4c40-a41a-7263cb7f0b3e 296f79a337154385b1d2d52f990f5720 ec8322b84130496bbd20415bbb09ca23 - - cb9ff544df3446bb97acdb0921216e7a cb9ff544df3446bb97acdb0921216e7a] 199.204.45.242 "GET /v2.0/networks/ac302e04-8b91-4bb9-8981-fd6e07046d4e?fields=segments HTTP/1.1" status: 200 len: 212 time: 0.0643899
2026-05-20 18:48:08.736 9 INFO neutron.api.wsgi [req-4cd36e95-9a89-458b-b591-44ab2cd2d4d1 req-a5456c3d-1760-4ad8-a9a5-fa2a4da6e945 296f79a337154385b1d2d52f990f5720 ec8322b84130496bbd20415bbb09ca23 - - cb9ff544df3446bb97acdb0921216e7a cb9ff544df3446bb97acdb0921216e7a] 199.204.45.242 "GET /v2.0/networks/ac302e04-8b91-4bb9-8981-fd6e07046d4e?fields=provider%3Aphysical_network&fields=provider%3Anetwork_type HTTP/1.1" status: 200 len: 277 time: 0.0518336
2026-05-20 18:48:08.848 9 WARNING neutron.scheduler.dhcp_agent_scheduler [None req-da446bd9-42e9-4dc7-a6f9-76584356415f 1943323dfaba4c0e9c5c55709c13d674 f20c0caf57b44ad4aff5fa100a1ad7ee - - default default] No more DHCP agents
2026-05-20 18:48:08.849 9 WARNING neutron.api.rpc.agentnotifiers.dhcp_rpc_agent_api [None req-da446bd9-42e9-4dc7-a6f9-76584356415f 1943323dfaba4c0e9c5c55709c13d674 f20c0caf57b44ad4aff5fa100a1ad7ee - - default default] Unable to schedule network 181fab15-80f4-4295-9907-cc16aa9c320c: no agents available; will retry on subsequent port and subnet creation events.
2026-05-20 18:48:08.946 9 INFO neutron.api.wsgi [req-cc63f740-19f3-444c-a746-5bcc4c54ff00 req-90f6658d-72fd-4e82-9d32-43cac03a4723 35e52210f8634cd9ba6f90ac2731df90 76839c0e988543c5a63287d8f3e65043 - - default default] 10.0.0.131 "GET /v2.0/ports?device_id=f291b4e2-c12d-42e3-afd7-3bf6c8d75ce6 HTTP/1.1" status: 200 len: 1398 time: 0.0703321
2026-05-20 18:48:08.981 9 INFO neutron.api.wsgi [req-cc63f740-19f3-444c-a746-5bcc4c54ff00 req-4320662d-ae56-4666-b538-fb692ad86dab 35e52210f8634cd9ba6f90ac2731df90 76839c0e988543c5a63287d8f3e65043 - - default default] 10.0.0.131 "GET /v2.0/security-groups?id=5ce4043e-5301-4707-9c00-10d87fedebaf&fields=id&fields=name HTTP/1.1" status: 200 len: 311 time: 0.0304773
2026-05-20 18:48:09.102 9 INFO neutron.db.ovn_revision_numbers_db [None req-da446bd9-42e9-4dc7-a6f9-76584356415f 1943323dfaba4c0e9c5c55709c13d674 f20c0caf57b44ad4aff5fa100a1ad7ee - - default default] Successfully bumped revision number for resource e432886f-eac6-4a71-8ea5-f418467338a0 (type: ports) to 1
2026-05-20 18:48:09.396 9 INFO neutron.api.wsgi [None req-da446bd9-42e9-4dc7-a6f9-76584356415f 1943323dfaba4c0e9c5c55709c13d674 f20c0caf57b44ad4aff5fa100a1ad7ee - - default default] 10.0.0.47 "POST /v2.0/networks HTTP/1.1" status: 201 len: 831 time: 1.3624675
2026-05-20 18:48:09.405 9 WARNING neutron_lib.context [None req-f097f5f3-ce5c-4f09-8aa1-5ad661c382a2 1943323dfaba4c0e9c5c55709c13d674 f20c0caf57b44ad4aff5fa100a1ad7ee - - default default] Method 'is_advsvc' is deprecated since 2023.2 release (neutron-lib 3.8.0) and will be removed once support for the old RBAC API policies will be removed from Neutron. Please use method 'is_service_role' instead.
2026-05-20 18:48:10.005 9 INFO neutron.api.wsgi [None req-505ab130-e02f-45fc-ae8f-ae2b5e84f61e 25961daeef90494d98212e8106a97e05 0405c3c08a9f4591ba583b5d93a8f032 - - default default] 10.0.0.47 "DELETE /v2.0/routers/9eda3e46-83c0-439f-b756-64b1e5b99f37 HTTP/1.1" status: 204 len: 168 time: 1.7567387 /var/lib/openstack/lib/python3.12/site-packages/pycadf/identifier.py:71: UserWarning: Invalid uuid: neutron. To ensure interoperability, identifiers should be a valid uuid. warnings.warn(('Invalid uuid: %s. To ensure interoperability, '
2026-05-20 18:48:10.014 9 INFO neutron.db.segments_db [None req-f097f5f3-ce5c-4f09-8aa1-5ad661c382a2 1943323dfaba4c0e9c5c55709c13d674 f20c0caf57b44ad4aff5fa100a1ad7ee - - default default] Added segment 42fc56e1-ba29-49e1-a65b-79838918403e of type geneve for network 33693a16-e167-4eed-8fae-996481894710
2026-05-20 18:48:10.235 10 INFO neutron.api.wsgi [None req-33a13928-080d-43ab-918f-7042f781b0b2 25961daeef90494d98212e8106a97e05 0405c3c08a9f4591ba583b5d93a8f032 - - default default] 10.0.0.47 "DELETE /v2.0/subnets/282c09c0-e085-4119-80b0-476abd68ac04 HTTP/1.1" status: 204 len: 168 time: 0.2255983
2026-05-20 18:48:10.268 9 INFO neutron.db.ovn_revision_numbers_db [None req-f097f5f3-ce5c-4f09-8aa1-5ad661c382a2 1943323dfaba4c0e9c5c55709c13d674 f20c0caf57b44ad4aff5fa100a1ad7ee - - default default] Successfully bumped revision number for resource 33693a16-e167-4eed-8fae-996481894710 (type: networks) to 1
2026-05-20 18:48:10.419 9 WARNING neutron.scheduler.dhcp_agent_scheduler [None req-f097f5f3-ce5c-4f09-8aa1-5ad661c382a2 1943323dfaba4c0e9c5c55709c13d674 f20c0caf57b44ad4aff5fa100a1ad7ee - - default default] No more DHCP agents
2026-05-20 18:48:10.420 9 WARNING neutron.api.rpc.agentnotifiers.dhcp_rpc_agent_api [None req-f097f5f3-ce5c-4f09-8aa1-5ad661c382a2 1943323dfaba4c0e9c5c55709c13d674 f20c0caf57b44ad4aff5fa100a1ad7ee - - default default] Unable to schedule network 33693a16-e167-4eed-8fae-996481894710: no agents available; will retry on subsequent port and subnet creation events.
2026-05-20 18:48:10.479 9 INFO neutron.db.ovn_revision_numbers_db [None req-f097f5f3-ce5c-4f09-8aa1-5ad661c382a2 1943323dfaba4c0e9c5c55709c13d674 f20c0caf57b44ad4aff5fa100a1ad7ee - - default default] Successfully bumped revision number for resource 50565fe5-b06b-4865-ae8d-ab0475b3cb9e (type: ports) to 1
2026-05-20 18:48:10.505 9 INFO neutron.api.wsgi [None req-f097f5f3-ce5c-4f09-8aa1-5ad661c382a2 1943323dfaba4c0e9c5c55709c13d674 f20c0caf57b44ad4aff5fa100a1ad7ee - - default default] 10.0.0.47 "POST /v2.0/networks HTTP/1.1" status: 201 len: 830 time: 1.1034756
2026-05-20 18:48:10.552 9 INFO neutron.api.wsgi [None req-5e9d91d7-75ac-47f4-8e0c-4764c5664602 1943323dfaba4c0e9c5c55709c13d674 f20c0caf57b44ad4aff5fa100a1ad7ee - - default default] 10.0.0.47 "PUT /v2.0/networks/56184685-3c44-45c6-a2a9-1c824ce1f784/tags HTTP/1.1" status: 200 len: 210 time: 0.0411055
2026-05-20 18:48:10.570 10 INFO neutron.services.segments.plugin [-] Segment 0b320a3e-a37a-44af-a1ad-ce437633bc2a resource provider aggregate not found
2026-05-20 18:48:10.576 10 INFO neutron.services.segments.plugin [-] Segment 0b320a3e-a37a-44af-a1ad-ce437633bc2a resource provider aggregate not found
2026-05-20 18:48:10.589 10 INFO neutron.services.segments.plugin [-] Segment 0b320a3e-a37a-44af-a1ad-ce437633bc2a resource provider not found; error: Placement Client Error (4xx): {"errors": [{"status": 404, "title": "Not Found", "detail": "The resource could not be found.\n\n No resource provider with uuid 0b320a3e-a37a-44af-a1ad-ce437633bc2a found for delete ", "request_id": "req-e9a22ccd-087c-4394-81a2-bff20bdde40e"}]}
2026-05-20 18:48:10.591 10 INFO neutron.services.segments.plugin [-] Segment 0b320a3e-a37a-44af-a1ad-ce437633bc2a resource provider not found; error: Placement Client Error (4xx): {"errors": [{"status": 404, "title": "Not Found", "detail": "The resource could not be found.\n\n No resource provider with uuid 0b320a3e-a37a-44af-a1ad-ce437633bc2a found for delete ", "request_id": "req-03d53bd1-aa0b-4e48-83bf-e6acdc3ba0fd"}]}
2026-05-20 18:48:10.595 10 INFO neutron.api.wsgi [None req-eae9eeab-c5b3-4d0f-af73-127569f1b14c 25961daeef90494d98212e8106a97e05 0405c3c08a9f4591ba583b5d93a8f032 - - default default] 10.0.0.47 "DELETE /v2.0/networks/c267a140-f9bd-48cb-9cbf-22b97260a165 HTTP/1.1" status: 204 len: 168 time: 0.3537357
2026-05-20 18:48:10.603 9 INFO neutron.api.wsgi [None req-51705b35-34b9-44bb-9cec-b9a21ac0bf75 1943323dfaba4c0e9c5c55709c13d674 f20c0caf57b44ad4aff5fa100a1ad7ee - - default default] 10.0.0.47 "PUT /v2.0/networks/242075c2-4f88-425c-a20b-d0d5a5cd7f8e/tags HTTP/1.1" status: 200 len: 218 time: 0.0469565
2026-05-20 18:48:10.643 9 INFO neutron.api.wsgi [None req-7ef6f996-8aea-4f44-8c86-790ca98a3e1b 1943323dfaba4c0e9c5c55709c13d674 f20c0caf57b44ad4aff5fa100a1ad7ee - - default default] 10.0.0.47 "PUT /v2.0/networks/06eada1e-a366-4599-a285-8011a0cd9551/tags HTTP/1.1" status: 200 len: 227 time: 0.0355396
2026-05-20 18:48:10.686 9 INFO neutron.api.wsgi [None req-bc6ce8d6-1997-485e-b8e4-18efd5c598dd 1943323dfaba4c0e9c5c55709c13d674 f20c0caf57b44ad4aff5fa100a1ad7ee - - default default] 10.0.0.47 "PUT /v2.0/networks/181fab15-80f4-4295-9907-cc16aa9c320c/tags HTTP/1.1" status: 200 len: 212 time: 0.0382895
2026-05-20 18:48:10.743 9 INFO neutron.api.wsgi [None req-5d761b64-60ab-41c9-9fce-234d60089318 1943323dfaba4c0e9c5c55709c13d674 f20c0caf57b44ad4aff5fa100a1ad7ee - - default default] 10.0.0.47 "GET /v2.0/networks?tags=red HTTP/1.1" status: 200 len: 2070 time: 0.0508554
2026-05-20 18:48:10.791 9 INFO neutron.api.wsgi [None req-c0c5558c-429d-478f-9485-0f45781a6e80 1943323dfaba4c0e9c5c55709c13d674 f20c0caf57b44ad4aff5fa100a1ad7ee - - default default] 10.0.0.47 "GET /v2.0/networks?tags=red%2Cblue HTTP/1.1" status: 200 len: 1457 time: 0.0429738
2026-05-20 18:48:10.848 9 INFO neutron.api.wsgi [None req-4bd6132f-8930-455d-82fd-aef7f3a70087 1943323dfaba4c0e9c5c55709c13d674 f20c0caf57b44ad4aff5fa100a1ad7ee - - default default] 10.0.0.47 "GET /v2.0/networks?tags-any=blue HTTP/1.1" status: 200 len: 1457 time: 0.0501668
2026-05-20 18:48:10.889 9 INFO neutron.api.wsgi [None req-236b2fce-bf5a-45a2-b18a-bb30d39d4e4b 1943323dfaba4c0e9c5c55709c13d674 f20c0caf57b44ad4aff5fa100a1ad7ee - - default default] 10.0.0.47 "GET /v2.0/networks?tags-any=red%2Cblue HTTP/1.1" status: 200 len: 2070 time: 0.0357440
2026-05-20 18:48:10.946 9 INFO neutron.api.wsgi [None req-87485e5a-1c57-41dd-9a2a-5561fba8c32f 1943323dfaba4c0e9c5c55709c13d674 f20c0caf57b44ad4aff5fa100a1ad7ee - - default default] 10.0.0.47 "GET /v2.0/networks?not-tags=red HTTP/1.1" status: 200 len: 2068 time: 0.0528448
2026-05-20 18:48:11.009 9 INFO neutron.api.wsgi [None req-8f8750cf-4ecf-4997-ab73-72f6f645b3f2 1943323dfaba4c0e9c5c55709c13d674 f20c0caf57b44ad4aff5fa100a1ad7ee - - default default] 10.0.0.47 "GET /v2.0/networks?not-tags=red%2Cblue HTTP/1.1" status: 200 len: 2681 time: 0.0575736
2026-05-20 18:48:11.063 9 INFO neutron.plugins.ml2.drivers.ovn.mech_driver.mech_driver [None req-ea2e3ed5-3e97-4f3a-84ea-8646e470618b - - - - - -] OVN reports status up for port: 9e352319-a074-4a48-9480-155cefb8ae70
2026-05-20 18:48:11.074 9 INFO neutron.plugins.ml2.plugin [None req-ea2e3ed5-3e97-4f3a-84ea-8646e470618b - - - - - -] Attempt 1 to provision port 9e352319-a074-4a48-9480-155cefb8ae70
2026-05-20 18:48:11.082 9 INFO neutron.api.wsgi [None req-c122d85c-c759-493e-b2dd-29e1e437276c 1943323dfaba4c0e9c5c55709c13d674 f20c0caf57b44ad4aff5fa100a1ad7ee - - default default] 10.0.0.47 "GET /v2.0/networks?not-tags-any=blue HTTP/1.1" status: 200 len: 2681 time: 0.0626442
2026-05-20 18:48:11.178 10 INFO neutron.api.wsgi [None req-377da56f-5a89-47ec-b10b-cd83a2d52b72 1943323dfaba4c0e9c5c55709c13d674 f20c0caf57b44ad4aff5fa100a1ad7ee - - default default] 10.0.0.47 "GET /v2.0/networks?not-tags-any=red%2Cblue HTTP/1.1" status: 200 len: 2068 time: 0.0915945
2026-05-20 18:48:11.201 9 INFO neutron.notifiers.nova [-] Nova event matching ['req-718b7b36-70f9-4608-a5c7-1ccdd4f3914e'] response: {'server_uuid': 'f291b4e2-c12d-42e3-afd7-3bf6c8d75ce6', 'name': 'network-vif-plugged', 'status': 'completed', 'tag': '9e352319-a074-4a48-9480-155cefb8ae70', 'code': 200}
2026-05-20 18:48:11.339 9 INFO neutron.db.ovn_revision_numbers_db [None req-ea2e3ed5-3e97-4f3a-84ea-8646e470618b - - - - - -] Successfully bumped revision number for resource 9e352319-a074-4a48-9480-155cefb8ae70 (type: ports) to 5
2026-05-20 18:48:11.802 10 INFO neutron.api.wsgi [None req-4b38d072-c377-4b00-bf45-274c1364f2ce 25961daeef90494d98212e8106a97e05 0405c3c08a9f4591ba583b5d93a8f032 - - default default] 10.0.0.47 "PUT /v2.0/routers/4b73c48a-b6fe-492b-8336-722ee4aa186d/remove_router_interface HTTP/1.1" status: 200 len: 503 time: 1.2024436 /var/lib/openstack/lib/python3.12/site-packages/pycadf/identifier.py:71: UserWarning: Invalid uuid: neutron. To ensure interoperability, identifiers should be a valid uuid. warnings.warn(('Invalid uuid: %s. To ensure interoperability, '
2026-05-20 18:48:11.844 10 INFO neutron.api.wsgi [None req-35468e59-499d-4a72-b0a2-0c177bcf2107 1943323dfaba4c0e9c5c55709c13d674 f20c0caf57b44ad4aff5fa100a1ad7ee - - default default] 10.0.0.47 "DELETE /v2.0/networks/56184685-3c44-45c6-a2a9-1c824ce1f784 HTTP/1.1" status: 204 len: 168 time: 0.6526997 /var/lib/openstack/lib/python3.12/site-packages/pycadf/identifier.py:71: UserWarning: Invalid uuid: neutron. To ensure interoperability, identifiers should be a valid uuid. warnings.warn(('Invalid uuid: %s. To ensure interoperability, '
2026-05-20 18:48:12.545 10 INFO neutron.api.wsgi [None req-91b7044d-471b-4e77-a277-7befde4d625a 1943323dfaba4c0e9c5c55709c13d674 f20c0caf57b44ad4aff5fa100a1ad7ee - - default default] 10.0.0.47 "DELETE /v2.0/networks/242075c2-4f88-425c-a20b-d0d5a5cd7f8e HTTP/1.1" status: 204 len: 168 time: 0.6964650
2026-05-20 18:48:12.616 10 INFO neutron.services.segments.plugin [-] Segment eded1bfa-cef7-4797-9283-cb211fc1fb6f resource provider aggregate not found
2026-05-20 18:48:12.620 10 INFO neutron.services.segments.plugin [-] Segment eded1bfa-cef7-4797-9283-cb211fc1fb6f resource provider aggregate not found
2026-05-20 18:48:12.634 10 INFO neutron.services.segments.plugin [-] Segment eded1bfa-cef7-4797-9283-cb211fc1fb6f resource provider not found; error: Placement Client Error (4xx): {"errors": [{"status": 404, "title": "Not Found", "detail": "The resource could not be found.\n\n No resource provider with uuid eded1bfa-cef7-4797-9283-cb211fc1fb6f found for delete ", "request_id": "req-084fb471-c21f-4e8a-bcf7-aa346e88f0d7"}]}
2026-05-20 18:48:12.638 10 INFO neutron.services.segments.plugin [-] Segment eded1bfa-cef7-4797-9283-cb211fc1fb6f resource provider not found; error: Placement Client Error (4xx): {"errors": [{"status": 404, "title": "Not Found", "detail": "The resource could not be found.\n\n No resource provider with uuid eded1bfa-cef7-4797-9283-cb211fc1fb6f found for delete ", "request_id": "req-e1c88c6b-b7b4-4186-a29d-47fa4edabc15"}]}
2026-05-20 18:48:12.655 10 INFO neutron.services.segments.plugin [-] Segment d3e3122a-4cf7-4588-b10f-536af3b149ba resource provider aggregate not found
2026-05-20 18:48:12.659 10 INFO neutron.services.segments.plugin [-] Segment d3e3122a-4cf7-4588-b10f-536af3b149ba resource provider aggregate not found
2026-05-20 18:48:12.675 10 INFO neutron.services.segments.plugin [-] Segment d3e3122a-4cf7-4588-b10f-536af3b149ba resource provider not found; error: Placement Client Error (4xx): {"errors": [{"status": 404, "title": "Not Found", "detail": "The resource could not be found.\n\n No resource provider with uuid d3e3122a-4cf7-4588-b10f-536af3b149ba found for delete ", "request_id": "req-05fca992-387e-4edc-a85f-45afecf1dc6c"}]}
2026-05-20 18:48:12.677 10 INFO neutron.services.segments.plugin [-] Segment d3e3122a-4cf7-4588-b10f-536af3b149ba resource provider not found; error: Placement Client Error (4xx): {"errors": [{"status": 404, "title": "Not Found", "detail": "The resource could not be found.\n\n No resource provider with uuid d3e3122a-4cf7-4588-b10f-536af3b149ba found for delete ", "request_id": "req-4f8638a0-eb41-45a5-b035-554ba12b5aeb"}]}
2026-05-20 18:48:13.028 9 INFO neutron.api.wsgi [None req-ebeaa7f8-229d-42c8-8056-a529716927ab 25961daeef90494d98212e8106a97e05 0405c3c08a9f4591ba583b5d93a8f032 - - default default] 10.0.0.47 "DELETE /v2.0/routers/4b73c48a-b6fe-492b-8336-722ee4aa186d HTTP/1.1" status: 204 len: 168 time: 1.2202387
2026-05-20 18:48:13.046 10 INFO neutron.api.wsgi [None req-ab41ddb3-59e7-4b26-aef3-864fc2de301f 1943323dfaba4c0e9c5c55709c13d674 f20c0caf57b44ad4aff5fa100a1ad7ee - - default default] 10.0.0.47 "DELETE /v2.0/networks/06eada1e-a366-4599-a285-8011a0cd9551 HTTP/1.1" status: 204 len: 168 time: 0.4986110
2026-05-20 18:48:13.230 9 INFO neutron.notifiers.nova [-] Nova event matching ['req-11fcf4fc-004f-491c-91dc-04a5fcacfd03'] response: {'server_uuid': 'f291b4e2-c12d-42e3-afd7-3bf6c8d75ce6', 'name': 'network-vif-plugged', 'status': 'completed', 'tag': '9e352319-a074-4a48-9480-155cefb8ae70', 'code': 200}
2026-05-20 18:48:13.285 9 INFO neutron.api.wsgi [None req-944c27ee-3fd6-4677-bbf7-04f91656587e 25961daeef90494d98212e8106a97e05 0405c3c08a9f4591ba583b5d93a8f032 - - default default] 10.0.0.47 "DELETE /v2.0/subnets/303bebd2-4a06-4e1e-ae34-eba2f04f43ff HTTP/1.1" status: 204 len: 168 time: 0.2516787
2026-05-20 18:48:13.507 10 INFO neutron.api.wsgi [None req-7ce2b114-190e-4dfd-9d1f-3bdc16b1ac35 1943323dfaba4c0e9c5c55709c13d674 f20c0caf57b44ad4aff5fa100a1ad7ee - - default default] 10.0.0.47 "DELETE /v2.0/networks/181fab15-80f4-4295-9907-cc16aa9c320c HTTP/1.1" status: 204 len: 168 time: 0.4546723
2026-05-20 18:48:13.730 9 INFO neutron.services.segments.plugin [-] Segment ab5803b4-e9c0-465e-a84c-1b0a9daabe95 resource provider aggregate not found
2026-05-20 18:48:13.745 9 INFO neutron.services.segments.plugin [-] Segment ab5803b4-e9c0-465e-a84c-1b0a9daabe95 resource provider aggregate not found
2026-05-20 18:48:13.750 9 INFO neutron.services.segments.plugin [-] Segment ab5803b4-e9c0-465e-a84c-1b0a9daabe95 resource provider not found; error: Placement Client Error (4xx): {"errors": [{"status": 404, "title": "Not Found", "detail": "The resource could not be found.\n\n No resource provider with uuid ab5803b4-e9c0-465e-a84c-1b0a9daabe95 found for delete ", "request_id": "req-4a4fb9f3-5bc0-42e3-8d02-2a27fd38b8c7"}]}
2026-05-20 18:48:13.759 9 INFO neutron.services.segments.plugin [-] Segment ab5803b4-e9c0-465e-a84c-1b0a9daabe95 resource provider not found; error: Placement Client Error (4xx): {"errors": [{"status": 404, "title": "Not Found", "detail": "The resource could not be found.\n\n No resource provider with uuid ab5803b4-e9c0-465e-a84c-1b0a9daabe95 found for delete ", "request_id": "req-5a160984-16ef-48fc-9e2d-cb3530f08cd4"}]}
2026-05-20 18:48:13.767 9 INFO neutron.api.wsgi [None req-f6681f7c-fd61-475e-9221-33db7e85b613 25961daeef90494d98212e8106a97e05 0405c3c08a9f4591ba583b5d93a8f032 - - default default] 10.0.0.47 "DELETE /v2.0/networks/b6a2cfe4-8f7d-4117-bce4-bf69a349e49d HTTP/1.1" status: 204 len: 168 time: 0.4769919
2026-05-20 18:48:13.988 10 INFO neutron.api.wsgi [None req-44d3aeb7-3b1b-48d5-91ed-1db3f779d387 1943323dfaba4c0e9c5c55709c13d674 f20c0caf57b44ad4aff5fa100a1ad7ee - - default default] 10.0.0.47 "DELETE /v2.0/networks/33693a16-e167-4eed-8fae-996481894710 HTTP/1.1" status: 204 len: 168 time: 0.4762788
2026-05-20 18:48:14.156 10 INFO neutron.api.wsgi [req-6c5d082e-f42f-4f1a-b3d9-126d05878fbf req-3b84cc9f-1b22-4c82-9fbe-b7411ef87912 35e52210f8634cd9ba6f90ac2731df90 76839c0e988543c5a63287d8f3e65043 - - default default] 10.0.0.131 "GET /v2.0/ports?device_id=f291b4e2-c12d-42e3-afd7-3bf6c8d75ce6 HTTP/1.1" status: 200 len: 1400 time: 0.0937097
2026-05-20 18:48:14.198 10 INFO neutron.api.wsgi [req-6c5d082e-f42f-4f1a-b3d9-126d05878fbf req-15d736e5-3b79-4941-b0e5-bddfecfa83ab 35e52210f8634cd9ba6f90ac2731df90 76839c0e988543c5a63287d8f3e65043 - - default default] 10.0.0.131 "GET /v2.0/security-groups?id=5ce4043e-5301-4707-9c00-10d87fedebaf&fields=id&fields=name HTTP/1.1" status: 200 len: 311 time: 0.0363908
2026-05-20 18:48:14.296 9 INFO neutron.api.wsgi [None req-31a9d823-08fd-43cb-b925-80b7ee173aa6 35e52210f8634cd9ba6f90ac2731df90 76839c0e988543c5a63287d8f3e65043 - - default default] 10.0.0.47 "GET /v2.0/ports?network_id=ac302e04-8b91-4bb9-8981-fd6e07046d4e&mac_address=fa%3A16%3A3e%3Afe%3Aa6%3Acb HTTP/1.1" status: 200 len: 1395 time: 0.0666444
2026-05-20 18:48:14.306 10 WARNING neutron_lib.context [None req-ea5d0672-c922-4920-a808-ad920b7bfe81 35e52210f8634cd9ba6f90ac2731df90 76839c0e988543c5a63287d8f3e65043 - - default default] Method 'is_advsvc' is deprecated since 2023.2 release (neutron-lib 3.8.0) and will be removed once support for the old RBAC API policies will be removed from Neutron. Please use method 'is_service_role' instead.
2026-05-20 18:48:14.493 9 INFO neutron.api.wsgi [None req-773d67ad-3611-430b-9025-3e483a844acc 25961daeef90494d98212e8106a97e05 0405c3c08a9f4591ba583b5d93a8f032 - - default default] 10.0.0.47 "GET /v2.0/security-groups?tenant_id=58ffb8ea5e8f4ce38c5803391ba795d1&name=default HTTP/1.1" status: 200 len: 3120 time: 0.0305920
2026-05-20 18:48:14.699 10 INFO neutron.services.segments.plugin [-] Segment 17fe0e6c-4ef3-4508-acc8-395b051781b2 resource provider aggregate not found
2026-05-20 18:48:14.717 10 INFO neutron.services.segments.plugin [-] Segment 17fe0e6c-4ef3-4508-acc8-395b051781b2 resource provider not found; error: Placement Client Error (4xx): {"errors": [{"status": 404, "title": "Not Found", "detail": "The resource could not be found.\n\n No resource provider with uuid 17fe0e6c-4ef3-4508-acc8-395b051781b2 found for delete ", "request_id": "req-409ecca7-e720-4c6a-bbcd-3c07d9a637a5"}]}
2026-05-20 18:48:14.724 10 INFO neutron.services.segments.plugin [-] Segment 17fe0e6c-4ef3-4508-acc8-395b051781b2 resource provider aggregate not found
2026-05-20 18:48:14.737 10 WARNING neutron.scheduler.dhcp_agent_scheduler [None req-ea5d0672-c922-4920-a808-ad920b7bfe81 35e52210f8634cd9ba6f90ac2731df90 76839c0e988543c5a63287d8f3e65043 - - default default] No more DHCP agents
2026-05-20 18:48:14.739 10 WARNING neutron.api.rpc.agentnotifiers.dhcp_rpc_agent_api [None req-ea5d0672-c922-4920-a808-ad920b7bfe81 35e52210f8634cd9ba6f90ac2731df90 76839c0e988543c5a63287d8f3e65043 - - default default] Unable to schedule network 1b4fc365-0321-4ce5-bf09-5351fb21ba4a: no agents available; will retry on subsequent port and subnet creation events.
2026-05-20 18:48:14.740 10 INFO neutron.services.segments.plugin [-] Segment 98cf38b4-297a-4192-8864-22871ddb582a resource provider aggregate not found
2026-05-20 18:48:14.745 10 INFO neutron.services.segments.plugin [-] Segment 17fe0e6c-4ef3-4508-acc8-395b051781b2 resource provider not found; error: Placement Client Error (4xx): {"errors": [{"status": 404, "title": "Not Found", "detail": "The resource could not be found.\n\n No resource provider with uuid 17fe0e6c-4ef3-4508-acc8-395b051781b2 found for delete ", "request_id": "req-45cfe235-8916-4390-bf15-8c90e4a5e7f0"}]}
2026-05-20 18:48:14.761 10 INFO neutron.services.segments.plugin [-] Segment 98cf38b4-297a-4192-8864-22871ddb582a resource provider not found; error: Placement Client Error (4xx): {"errors": [{"status": 404, "title": "Not Found", "detail": "The resource could not be found.\n\n No resource provider with uuid 98cf38b4-297a-4192-8864-22871ddb582a found for delete ", "request_id": "req-a3b385aa-d50e-4ab3-9297-8829a88b59b4"}]}
2026-05-20 18:48:14.765 10 INFO neutron.services.segments.plugin [-] Segment 98cf38b4-297a-4192-8864-22871ddb582a resource provider aggregate not found
2026-05-20 18:48:14.779 10 INFO neutron.services.segments.plugin [-] Segment 98cf38b4-297a-4192-8864-22871ddb582a resource provider not found; error: Placement Client Error (4xx): {"errors": [{"status": 404, "title": "Not Found", "detail": "The resource could not be found.\n\n No resource provider with uuid 98cf38b4-297a-4192-8864-22871ddb582a found for delete ", "request_id": "req-ecbb2085-4dd9-404f-a098-84ac5c4d8cfa"}]}
2026-05-20 18:48:14.785 10 INFO neutron.services.segments.plugin [-] Segment 42fc56e1-ba29-49e1-a65b-79838918403e resource provider aggregate not found
2026-05-20 18:48:14.799 10 INFO neutron.services.segments.plugin [-] Segment 42fc56e1-ba29-49e1-a65b-79838918403e resource provider aggregate not found
2026-05-20 18:48:14.804 10 INFO neutron.services.segments.plugin [-] Segment 42fc56e1-ba29-49e1-a65b-79838918403e resource provider not found; error: Placement Client Error (4xx): {"errors": [{"status": 404, "title": "Not Found", "detail": "The resource could not be found.\n\n No resource provider with uuid 42fc56e1-ba29-49e1-a65b-79838918403e found for delete ", "request_id": "req-b117b1c1-7bdb-4d83-be0b-96dc101ab1c6"}]}
2026-05-20 18:48:14.814 10 INFO neutron.services.segments.plugin [-] Segment 42fc56e1-ba29-49e1-a65b-79838918403e resource provider not found; error: Placement Client Error (4xx): {"errors": [{"status": 404, "title": "Not Found", "detail": "The resource could not be found.\n\n No resource provider with uuid 42fc56e1-ba29-49e1-a65b-79838918403e found for delete ", "request_id": "req-a304e799-5166-463b-97b0-0e3754b449d3"}]}
2026-05-20 18:48:15.025 9 INFO neutron.api.wsgi [None req-45f0a6e4-7108-4e4f-9fbe-07550c5626e9 25961daeef90494d98212e8106a97e05 0405c3c08a9f4591ba583b5d93a8f032 - - default default] 10.0.0.47 "DELETE /v2.0/security-groups/97f904e7-a6b0-40bc-91d0-65aab4c78075 HTTP/1.1" status: 204 len: 168 time: 0.5274906
2026-05-20 18:48:15.445 9 INFO neutron.api.wsgi [None req-277e528c-3014-42c6-ba1d-80b29b0b8ed2 25961daeef90494d98212e8106a97e05 0405c3c08a9f4591ba583b5d93a8f032 - - default default] 10.0.0.47 "GET /v2.0/security-groups?tenant_id=1ddc6a839c5f48a9abdf3f178e96e6f0&name=default HTTP/1.1" status: 200 len: 3120 time: 0.0418048
2026-05-20 18:48:15.834 10 INFO neutron.db.ovn_revision_numbers_db [None req-ea5d0672-c922-4920-a808-ad920b7bfe81 35e52210f8634cd9ba6f90ac2731df90 76839c0e988543c5a63287d8f3e65043 - - default default] Successfully bumped revision number for resource e88d986c-ec7e-48ab-8f9f-0a9547b1f131 (type: floatingips) to -1
2026-05-20 18:48:16.051 9 INFO neutron.api.wsgi [None req-76aa215e-6abc-4913-bb51-7fe8f70f1825 25961daeef90494d98212e8106a97e05 0405c3c08a9f4591ba583b5d93a8f032 - - default default] 10.0.0.47 "DELETE /v2.0/security-groups/04a72f18-eae2-4ebf-9e46-ea7253c9f2ce HTTP/1.1" status: 204 len: 168 time: 0.6026757
2026-05-20 18:48:16.090 10 INFO neutron.db.ovn_revision_numbers_db [None req-ea5d0672-c922-4920-a808-ad920b7bfe81 35e52210f8634cd9ba6f90ac2731df90 76839c0e988543c5a63287d8f3e65043 - - default default] Successfully bumped revision number for resource e88d986c-ec7e-48ab-8f9f-0a9547b1f131 (type: floatingips) to 1
2026-05-20 18:48:16.091 10 INFO neutron.db.l3_db [None req-ea5d0672-c922-4920-a808-ad920b7bfe81 35e52210f8634cd9ba6f90ac2731df90 76839c0e988543c5a63287d8f3e65043 - - default default] Floating IP e88d986c-ec7e-48ab-8f9f-0a9547b1f131 associated. External IP: 10.96.250.208, port: 9e352319-a074-4a48-9480-155cefb8ae70.
2026-05-20 18:48:16.273 9 INFO neutron.db.ovn_revision_numbers_db [None req-da938a92-22d3-4884-820c-ad23e5da6bd9 25961daeef90494d98212e8106a97e05 0405c3c08a9f4591ba583b5d93a8f032 - - default default] Successfully bumped revision number for resource af322229-979c-415d-8891-543447bca31e (type: security_groups) to 1
2026-05-20 18:48:16.303 9 INFO neutron.db.ovn_revision_numbers_db [None req-da938a92-22d3-4884-820c-ad23e5da6bd9 25961daeef90494d98212e8106a97e05 0405c3c08a9f4591ba583b5d93a8f032 - - default default] Successfully bumped revision number for resource 05c3e600-65c6-4fee-822d-0fe8fc7c1c19 (type: security_group_rules) to 0
2026-05-20 18:48:16.318 10 INFO neutron.api.wsgi [None req-ea5d0672-c922-4920-a808-ad920b7bfe81 35e52210f8634cd9ba6f90ac2731df90 76839c0e988543c5a63287d8f3e65043 - - default default] 10.0.0.47 "POST /v2.0/floatingips HTTP/1.1" status: 201 len: 1053 time: 2.0165009
2026-05-20 18:48:16.330 9 INFO neutron.db.ovn_revision_numbers_db [None req-da938a92-22d3-4884-820c-ad23e5da6bd9 25961daeef90494d98212e8106a97e05 0405c3c08a9f4591ba583b5d93a8f032 - - default default] Successfully bumped revision number for resource abb53ade-04c9-473f-aa38-33ec5d89c613 (type: security_group_rules) to 0
2026-05-20 18:48:16.352 10 INFO neutron.notifiers.nova [-] Nova event matching ['req-61ca2629-5d0c-4454-afc4-5274170a9b38'] response: {'name': 'network-changed', 'server_uuid': 'f291b4e2-c12d-42e3-afd7-3bf6c8d75ce6', 'tag': '9e352319-a074-4a48-9480-155cefb8ae70', 'status': 'completed', 'code': 200}
2026-05-20 18:48:16.357 9 INFO neutron.db.ovn_revision_numbers_db [None req-da938a92-22d3-4884-820c-ad23e5da6bd9 25961daeef90494d98212e8106a97e05 0405c3c08a9f4591ba583b5d93a8f032 - - default default] Successfully bumped revision number for resource d46e4d38-ba59-483a-8dc9-49de472977e8 (type: security_group_rules) to 0
2026-05-20 18:48:16.379 9 INFO neutron.db.ovn_revision_numbers_db [None req-da938a92-22d3-4884-820c-ad23e5da6bd9 25961daeef90494d98212e8106a97e05 0405c3c08a9f4591ba583b5d93a8f032 - - default default] Successfully bumped revision number for resource dce80239-c7d4-4566-9a45-6f6a76f6f029 (type: security_group_rules) to 0
2026-05-20 18:48:16.418 9 INFO neutron.api.wsgi [None req-da938a92-22d3-4884-820c-ad23e5da6bd9 25961daeef90494d98212e8106a97e05 0405c3c08a9f4591ba583b5d93a8f032 - - default default] 10.0.0.47 "GET /v2.0/security-groups?tenant_id=a07a0d70eff34f13aad8b66a580714c8&name=default HTTP/1.1" status: 200 len: 3124 time: 0.8423190 /var/lib/openstack/lib/python3.12/site-packages/pycadf/identifier.py:71: UserWarning: Invalid uuid: neutron. To ensure interoperability, identifiers should be a valid uuid. warnings.warn(('Invalid uuid: %s. To ensure interoperability, '
2026-05-20 18:48:17.050 9 INFO neutron.api.wsgi [None req-a3c1d7db-3b90-4aa9-8f05-c6b25cb573d9 25961daeef90494d98212e8106a97e05 0405c3c08a9f4591ba583b5d93a8f032 - - default default] 10.0.0.47 "DELETE /v2.0/security-groups/af322229-979c-415d-8891-543447bca31e HTTP/1.1" status: 204 len: 168 time: 0.6262667
2026-05-20 18:48:17.130 9 INFO neutron.api.wsgi [req-03bf0465-2ed8-443f-a745-7c5bc618832a req-fa6da7fc-2c6a-4251-9c68-9c53225528f1 296f79a337154385b1d2d52f990f5720 ec8322b84130496bbd20415bbb09ca23 - - cb9ff544df3446bb97acdb0921216e7a cb9ff544df3446bb97acdb0921216e7a] 199.204.45.242 "GET /v2.0/ports?tenant_id=76839c0e988543c5a63287d8f3e65043&device_id=f291b4e2-c12d-42e3-afd7-3bf6c8d75ce6 HTTP/1.1" status: 200 len: 1638 time: 0.2691350
2026-05-20 18:48:17.185 9 INFO neutron.api.wsgi [req-03bf0465-2ed8-443f-a745-7c5bc618832a req-454d752a-63dc-4382-b32a-f7497e3831fa 296f79a337154385b1d2d52f990f5720 ec8322b84130496bbd20415bbb09ca23 - - cb9ff544df3446bb97acdb0921216e7a cb9ff544df3446bb97acdb0921216e7a] 199.204.45.242 "GET /v2.0/networks?id=ac302e04-8b91-4bb9-8981-fd6e07046d4e HTTP/1.1" status: 200 len: 1003 time: 0.0493233
2026-05-20 18:48:17.241 9 INFO neutron.api.wsgi [req-03bf0465-2ed8-443f-a745-7c5bc618832a req-d060dfcc-ffa7-41ff-bcff-124caa0570b2 296f79a337154385b1d2d52f990f5720 ec8322b84130496bbd20415bbb09ca23 - - cb9ff544df3446bb97acdb0921216e7a cb9ff544df3446bb97acdb0921216e7a] 199.204.45.242 "GET /v2.0/floatingips?fixed_ip_address=10.2.2.85&port_id=9e352319-a074-4a48-9480-155cefb8ae70 HTTP/1.1" status: 200 len: 1058 time: 0.0519931
2026-05-20 18:48:17.262 9 INFO neutron.api.wsgi [req-03bf0465-2ed8-443f-a745-7c5bc618832a req-d3a31e21-c991-412b-9756-7298c08215c6 296f79a337154385b1d2d52f990f5720 ec8322b84130496bbd20415bbb09ca23 - - cb9ff544df3446bb97acdb0921216e7a cb9ff544df3446bb97acdb0921216e7a] 199.204.45.242 "GET /v2.0/floatingips?fixed_ip_address=fd77%3A1457%3A4cf0%3A26a8%3A%3A31c&port_id=9e352319-a074-4a48-9480-155cefb8ae70 HTTP/1.1" status: 200 len: 217 time: 0.0163038
2026-05-20 18:48:17.295 9 INFO neutron.api.wsgi [req-03bf0465-2ed8-443f-a745-7c5bc618832a req-fb82dd54-8ebe-4528-9595-2165810c5c29 296f79a337154385b1d2d52f990f5720 ec8322b84130496bbd20415bbb09ca23 - - cb9ff544df3446bb97acdb0921216e7a cb9ff544df3446bb97acdb0921216e7a] 199.204.45.242 "GET /v2.0/subnets?id=56448fa6-bc12-4f42-969a-cc7b5bf26354&id=d19e3358-8226-431a-8a42-916957c430cc HTTP/1.1" status: 200 len: 1613 time: 0.0269938
2026-05-20 18:48:17.318 9 INFO neutron.api.wsgi [req-03bf0465-2ed8-443f-a745-7c5bc618832a req-3b2937d2-5ced-47a2-b27c-e2ded769db7c 296f79a337154385b1d2d52f990f5720 ec8322b84130496bbd20415bbb09ca23 - - cb9ff544df3446bb97acdb0921216e7a cb9ff544df3446bb97acdb0921216e7a] 199.204.45.242 "GET /v2.0/ports?network_id=ac302e04-8b91-4bb9-8981-fd6e07046d4e&device_owner=network%3Adhcp HTTP/1.1" status: 200 len: 210 time: 0.0183213
2026-05-20 18:48:17.342 9 INFO neutron.api.wsgi [req-03bf0465-2ed8-443f-a745-7c5bc618832a req-85a96909-e356-4d8e-8a68-7c5f6445a29f 296f79a337154385b1d2d52f990f5720 ec8322b84130496bbd20415bbb09ca23 - - cb9ff544df3446bb97acdb0921216e7a cb9ff544df3446bb97acdb0921216e7a] 199.204.45.242 "GET /v2.0/ports?network_id=ac302e04-8b91-4bb9-8981-fd6e07046d4e&device_owner=network%3Adhcp HTTP/1.1" status: 200 len: 210 time: 0.0160909
2026-05-20 18:48:17.381 9 INFO neutron.api.wsgi [req-03bf0465-2ed8-443f-a745-7c5bc618832a req-8d9bce6b-faf5-4298-98d4-7bee541f4016 296f79a337154385b1d2d52f990f5720 ec8322b84130496bbd20415bbb09ca23 - - cb9ff544df3446bb97acdb0921216e7a cb9ff544df3446bb97acdb0921216e7a] 199.204.45.242 "GET /v2.0/networks/ac302e04-8b91-4bb9-8981-fd6e07046d4e?fields=segments HTTP/1.1" status: 200 len: 212 time: 0.0332389
2026-05-20 18:48:17.426 9 INFO neutron.api.wsgi [req-03bf0465-2ed8-443f-a745-7c5bc618832a req-96e6cf8b-72b9-48b0-b2cc-90edfb1d0c9c 296f79a337154385b1d2d52f990f5720 ec8322b84130496bbd20415bbb09ca23 - - cb9ff544df3446bb97acdb0921216e7a cb9ff544df3446bb97acdb0921216e7a] 199.204.45.242 "GET /v2.0/networks/ac302e04-8b91-4bb9-8981-fd6e07046d4e?fields=provider%3Aphysical_network&fields=provider%3Anetwork_type HTTP/1.1" status: 200 len: 277 time: 0.0382938
2026-05-20 18:48:17.729 9 INFO neutron.api.wsgi [None req-f74834d8-4579-47e1-8fce-a9f1f73a95c9 25961daeef90494d98212e8106a97e05 0405c3c08a9f4591ba583b5d93a8f032 - - default default] 10.0.0.47 "GET /v2.0/security-groups?tenant_id=f20c0caf57b44ad4aff5fa100a1ad7ee&name=default HTTP/1.1" status: 200 len: 3124 time: 0.0342147
2026-05-20 18:48:19.469 9 INFO neutron.api.wsgi [None req-95d20fb7-729b-4f4f-829b-88f7ef7b0fd5 25961daeef90494d98212e8106a97e05 0405c3c08a9f4591ba583b5d93a8f032 - - default default] 10.0.0.47 "DELETE /v2.0/security-groups/9c57fc85-b2a2-4e42-93ee-5cddee8620c8 HTTP/1.1" status: 204 len: 168 time: 1.7352564
2026-05-20 18:48:19.970 10 INFO neutron.api.wsgi [-] 10.0.0.32 "GET / HTTP/1.1" status: 200 len: 247 time: 0.0019789
