2026-05-20 18:31:19.971 9 INFO neutron.api.wsgi [-] 10.0.0.32 "GET / HTTP/1.1" status: 200 len: 247 time: 0.0032382
2026-05-20 18:31:34.970 10 INFO neutron.api.wsgi [-] 10.0.0.32 "GET / HTTP/1.1" status: 200 len: 247 time: 0.0016749
2026-05-20 18:31:34.973 9 INFO neutron.api.wsgi [-] 10.0.0.32 "GET / HTTP/1.1" status: 200 len: 247 time: 0.0021713
2026-05-20 18:31:42.612 9 INFO neutron.api.wsgi [None req-6592f0cb-a550-49b9-aac2-ed2cda633c6a 25961daeef90494d98212e8106a97e05 0405c3c08a9f4591ba583b5d93a8f032 - - default default] 10.0.0.10 "GET /v2.0/ports HTTP/1.1" status: 200 len: 5347 time: 0.0911422
2026-05-20 18:31:42.631 9 INFO neutron.api.wsgi [None req-da6c216e-9c20-4509-b8b1-21ba3fb970fb 25961daeef90494d98212e8106a97e05 0405c3c08a9f4591ba583b5d93a8f032 - - default default] 10.0.0.10 "GET /v2.0/routers HTTP/1.1" status: 200 len: 189 time: 0.0161798
2026-05-20 18:31:42.655 9 INFO neutron.api.wsgi [None req-f2869d51-d43b-4612-8e0c-6b7c70c41c48 25961daeef90494d98212e8106a97e05 0405c3c08a9f4591ba583b5d93a8f032 - - default default] 10.0.0.10 "GET /v2.0/agents?binary=ovn-controller HTTP/1.1" status: 200 len: 591 time: 0.0239112
2026-05-20 18:31:42.666 9 INFO neutron.api.wsgi [None req-4d3a7a57-2ab4-4741-9e81-321334a12705 25961daeef90494d98212e8106a97e05 0405c3c08a9f4591ba583b5d93a8f032 - - default default] 10.0.0.10 "GET /v2.0/agents HTTP/1.1" status: 200 len: 1390 time: 0.0081210
2026-05-20 18:31:42.678 9 INFO neutron.api.wsgi [None req-06ea2567-8a1b-4c3f-a677-72e438467f8d 25961daeef90494d98212e8106a97e05 0405c3c08a9f4591ba583b5d93a8f032 - - default default] 10.0.0.10 "GET /v2.0/floatingips HTTP/1.1" status: 200 len: 193 time: 0.0103528
2026-05-20 18:31:42.708 9 INFO neutron.api.wsgi [None req-6a8681ba-2aa5-4771-99f8-6ae2ca1fd80d 25961daeef90494d98212e8106a97e05 0405c3c08a9f4591ba583b5d93a8f032 - - default default] 10.0.0.10 "GET /v2.0/security-groups HTTP/1.1" status: 200 len: 17574 time: 0.0297194
2026-05-20 18:31:42.736 9 INFO neutron.api.wsgi [None req-22d393b5-1e98-41cb-8cf6-8d95d1399cb8 25961daeef90494d98212e8106a97e05 0405c3c08a9f4591ba583b5d93a8f032 - - default default] 10.0.0.10 "GET /v2.0/subnets HTTP/1.1" status: 200 len: 1484 time: 0.0218894
2026-05-20 18:31:42.763 9 INFO neutron.api.wsgi [None req-997c4306-b3a3-4fb1-a79e-7d17c7aa4c42 25961daeef90494d98212e8106a97e05 0405c3c08a9f4591ba583b5d93a8f032 - - default default] 10.0.0.10 "GET /v2.0/subnets HTTP/1.1" status: 200 len: 1484 time: 0.0237291
2026-05-20 18:31:42.770 9 INFO neutron.api.wsgi [None req-185d463a-206e-435e-b370-7b062affbf2d 25961daeef90494d98212e8106a97e05 0405c3c08a9f4591ba583b5d93a8f032 - - default default] 10.0.0.10 "GET /v2.0/subnetpools HTTP/1.1" status: 200 len: 193 time: 0.0064869
2026-05-20 18:31:42.778 9 INFO neutron.api.wsgi [None req-37fe82cb-4c35-4e3e-9826-bfd883c34bd1 25961daeef90494d98212e8106a97e05 0405c3c08a9f4591ba583b5d93a8f032 - - default default] 10.0.0.10 "GET /v2.0/network-ip-availabilities HTTP/1.1" status: 200 len: 1280 time: 0.0077913
2026-05-20 18:31:42.821 9 INFO neutron.api.wsgi [None req-d7f9151b-3fff-471f-a61e-d979809356ea 25961daeef90494d98212e8106a97e05 0405c3c08a9f4591ba583b5d93a8f032 - - default default] 10.0.0.10 "GET /v2.0/networks HTTP/1.1" status: 200 len: 2349 time: 0.0418966
2026-05-20 18:31:49.969 10 INFO neutron.api.wsgi [-] 10.0.0.32 "GET / HTTP/1.1" status: 200 len: 247 time: 0.0011768
2026-05-20 18:31:49.970 9 INFO neutron.api.wsgi [-] 10.0.0.32 "GET / HTTP/1.1" status: 200 len: 247 time: 0.0022902
2026-05-20 18:32:04.969 9 INFO neutron.api.wsgi [-] 10.0.0.32 "GET / HTTP/1.1" status: 200 len: 247 time: 0.0016739
2026-05-20 18:32:04.972 10 INFO neutron.api.wsgi [-] 10.0.0.32 "GET / HTTP/1.1" status: 200 len: 247 time: 0.0038164
2026-05-20 18:32:19.970 10 INFO neutron.api.wsgi [-] 10.0.0.32 "GET / HTTP/1.1" status: 200 len: 247 time: 0.0017984
2026-05-20 18:32:19.972 10 INFO neutron.api.wsgi [-] 10.0.0.32 "GET / HTTP/1.1" status: 200 len: 247 time: 0.0012805
2026-05-20 18:32:34.969 9 INFO neutron.api.wsgi [-] 10.0.0.32 "GET / HTTP/1.1" status: 200 len: 247 time: 0.0016458
2026-05-20 18:32:34.971 9 INFO neutron.api.wsgi [-] 10.0.0.32 "GET / HTTP/1.1" status: 200 len: 247 time: 0.0012951
2026-05-20 18:32:42.655 9 INFO neutron.api.wsgi [None req-9b483ddb-de85-4992-bca1-8bfa2432136a 25961daeef90494d98212e8106a97e05 0405c3c08a9f4591ba583b5d93a8f032 - - default default] 10.0.0.10 "GET /v2.0/security-groups HTTP/1.1" status: 200 len: 17574 time: 0.0930009
2026-05-20 18:32:42.685 9 INFO neutron.api.wsgi [None req-dc954bb2-4bdc-4ffc-aff5-056a7021f092 25961daeef90494d98212e8106a97e05 0405c3c08a9f4591ba583b5d93a8f032 - - default default] 10.0.0.10 "GET /v2.0/agents HTTP/1.1" status: 200 len: 1390 time: 0.0241311
2026-05-20 18:32:42.698 9 INFO neutron.api.wsgi [None req-351c5198-f6f3-4a48-b84e-5a94246690da 25961daeef90494d98212e8106a97e05 0405c3c08a9f4591ba583b5d93a8f032 - - default default] 10.0.0.10 "GET /v2.0/floatingips HTTP/1.1" status: 200 len: 193 time: 0.0105436
2026-05-20 18:32:42.729 9 INFO neutron.api.wsgi [None req-b8f3910a-a31b-4af7-ac44-cf13e0c2f268 25961daeef90494d98212e8106a97e05 0405c3c08a9f4591ba583b5d93a8f032 - - default default] 10.0.0.10 "GET /v2.0/subnets HTTP/1.1" status: 200 len: 1484 time: 0.0296769
2026-05-20 18:32:42.742 9 INFO neutron.api.wsgi [None req-47081b35-8c63-42c3-9796-0f8b47e17a12 25961daeef90494d98212e8106a97e05 0405c3c08a9f4591ba583b5d93a8f032 - - default default] 10.0.0.10 "GET /v2.0/subnetpools HTTP/1.1" status: 200 len: 193 time: 0.0118868
2026-05-20 18:32:42.774 9 INFO neutron.api.wsgi [None req-146501c0-bd19-437e-8b1b-f17e483f4941 25961daeef90494d98212e8106a97e05 0405c3c08a9f4591ba583b5d93a8f032 - - default default] 10.0.0.10 "GET /v2.0/subnets HTTP/1.1" status: 200 len: 1484 time: 0.0317004
2026-05-20 18:32:42.791 9 INFO neutron.api.wsgi [None req-8fdf8296-0662-458c-a96a-74ced3c83cf3 25961daeef90494d98212e8106a97e05 0405c3c08a9f4591ba583b5d93a8f032 - - default default] 10.0.0.10 "GET /v2.0/routers HTTP/1.1" status: 200 len: 189 time: 0.0150597
2026-05-20 18:32:42.800 9 INFO neutron.api.wsgi [None req-b4f66959-1c74-405b-ba41-39008706bf35 25961daeef90494d98212e8106a97e05 0405c3c08a9f4591ba583b5d93a8f032 - - default default] 10.0.0.10 "GET /v2.0/agents?binary=ovn-controller HTTP/1.1" status: 200 len: 591 time: 0.0080597
2026-05-20 18:32:42.815 9 INFO neutron.api.wsgi [None req-5e7195ed-5830-4a6f-a852-e12a500156c1 25961daeef90494d98212e8106a97e05 0405c3c08a9f4591ba583b5d93a8f032 - - default default] 10.0.0.10 "GET /v2.0/network-ip-availabilities HTTP/1.1" status: 200 len: 1280 time: 0.0148976
2026-05-20 18:32:42.875 9 INFO neutron.api.wsgi [None req-ce03252e-cabe-4da9-9ab4-7d6ef0429905 25961daeef90494d98212e8106a97e05 0405c3c08a9f4591ba583b5d93a8f032 - - default default] 10.0.0.10 "GET /v2.0/networks HTTP/1.1" status: 200 len: 2349 time: 0.0588019
2026-05-20 18:32:42.980 9 INFO neutron.api.wsgi [None req-5eda5023-4887-446f-8ba8-c7edb1a45a83 25961daeef90494d98212e8106a97e05 0405c3c08a9f4591ba583b5d93a8f032 - - default default] 10.0.0.10 "GET /v2.0/ports HTTP/1.1" status: 200 len: 5347 time: 0.1027887
2026-05-20 18:32:49.972 9 INFO neutron.api.wsgi [-] 10.0.0.32 "GET / HTTP/1.1" status: 200 len: 247 time: 0.0031128
2026-05-20 18:32:49.972 10 INFO neutron.api.wsgi [-] 10.0.0.32 "GET / HTTP/1.1" status: 200 len: 247 time: 0.0033131
2026-05-20 18:33:04.970 10 INFO neutron.api.wsgi [-] 10.0.0.32 "GET / HTTP/1.1" status: 200 len: 247 time: 0.0020103
2026-05-20 18:33:04.972 9 INFO neutron.api.wsgi [-] 10.0.0.32 "GET / HTTP/1.1" status: 200 len: 247 time: 0.0029383
2026-05-20 18:33:19.970 10 INFO neutron.api.wsgi [-] 10.0.0.32 "GET / HTTP/1.1" status: 200 len: 247 time: 0.0021067
2026-05-20 18:33:19.970 9 INFO neutron.api.wsgi [-] 10.0.0.32 "GET / HTTP/1.1" status: 200 len: 247 time: 0.0021250
2026-05-20 18:33:34.969 9 INFO neutron.api.wsgi [-] 10.0.0.32 "GET / HTTP/1.1" status: 200 len: 247 time: 0.0012565
2026-05-20 18:33:34.970 10 INFO neutron.api.wsgi [-] 10.0.0.32 "GET / HTTP/1.1" status: 200 len: 247 time: 0.0013278
2026-05-20 18:33:42.658 9 INFO neutron.api.wsgi [None req-d9e2a256-595d-4f1e-9c9e-f0466ccafa08 25961daeef90494d98212e8106a97e05 0405c3c08a9f4591ba583b5d93a8f032 - - default default] 10.0.0.10 "GET /v2.0/security-groups HTTP/1.1" status: 200 len: 17574 time: 0.0932293
2026-05-20 18:33:42.689 9 INFO neutron.api.wsgi [None req-eaf7df00-0222-4e1b-b6a2-dd7fcc1483a8 25961daeef90494d98212e8106a97e05 0405c3c08a9f4591ba583b5d93a8f032 - - default default] 10.0.0.10 "GET /v2.0/subnets HTTP/1.1" status: 200 len: 1484 time: 0.0250585
2026-05-20 18:33:42.731 9 INFO neutron.api.wsgi [None req-894bea6b-70a3-4c9d-bd38-e2370b59ebfa 25961daeef90494d98212e8106a97e05 0405c3c08a9f4591ba583b5d93a8f032 - - default default] 10.0.0.10 "GET /v2.0/ports HTTP/1.1" status: 200 len: 5347 time: 0.0408430
2026-05-20 18:33:42.754 9 INFO neutron.api.wsgi [None req-449b4288-56d8-47a9-8967-6a4aa636c6b5 25961daeef90494d98212e8106a97e05 0405c3c08a9f4591ba583b5d93a8f032 - - default default] 10.0.0.10 "GET /v2.0/routers HTTP/1.1" status: 200 len: 189 time: 0.0167460
2026-05-20 18:33:42.780 9 INFO neutron.api.wsgi [None req-cb365c28-9887-4d98-992b-c2cc6e1d7aad 25961daeef90494d98212e8106a97e05 0405c3c08a9f4591ba583b5d93a8f032 - - default default] 10.0.0.10 "GET /v2.0/agents?binary=ovn-controller HTTP/1.1" status: 200 len: 591 time: 0.0246835
2026-05-20 18:33:42.805 9 INFO neutron.api.wsgi [None req-c70e6443-718b-424a-9b2d-5eb683a0e985 25961daeef90494d98212e8106a97e05 0405c3c08a9f4591ba583b5d93a8f032 - - default default] 10.0.0.10 "GET /v2.0/floatingips HTTP/1.1" status: 200 len: 193 time: 0.0242007
2026-05-20 18:33:42.849 9 INFO neutron.api.wsgi [None req-e5d8e941-2f4b-49b8-bd2a-0a9603303cd2 25961daeef90494d98212e8106a97e05 0405c3c08a9f4591ba583b5d93a8f032 - - default default] 10.0.0.10 "GET /v2.0/networks HTTP/1.1" status: 200 len: 2349 time: 0.0437133
2026-05-20 18:33:42.874 9 INFO neutron.api.wsgi [None req-793889f2-2827-4aab-bf76-412c54e01974 25961daeef90494d98212e8106a97e05 0405c3c08a9f4591ba583b5d93a8f032 - - default default] 10.0.0.10 "GET /v2.0/subnets HTTP/1.1" status: 200 len: 1484 time: 0.0228410
2026-05-20 18:33:42.882 9 INFO neutron.api.wsgi [None req-b1cd612c-1c52-46db-9096-6b7a37bff5c0 25961daeef90494d98212e8106a97e05 0405c3c08a9f4591ba583b5d93a8f032 - - default default] 10.0.0.10 "GET /v2.0/subnetpools HTTP/1.1" status: 200 len: 193 time: 0.0070157
2026-05-20 18:33:42.894 9 INFO neutron.api.wsgi [None req-610e0b44-ad94-4088-8a0c-a28f4709fa32 25961daeef90494d98212e8106a97e05 0405c3c08a9f4591ba583b5d93a8f032 - - default default] 10.0.0.10 "GET /v2.0/agents HTTP/1.1" status: 200 len: 1390 time: 0.0101316
2026-05-20 18:33:42.903 9 INFO neutron.api.wsgi [None req-fa4d0649-9eb8-4758-88a0-d0d6e540aec5 25961daeef90494d98212e8106a97e05 0405c3c08a9f4591ba583b5d93a8f032 - - default default] 10.0.0.10 "GET /v2.0/network-ip-availabilities HTTP/1.1" status: 200 len: 1280 time: 0.0085711
2026-05-20 18:33:49.970 10 INFO neutron.api.wsgi [-] 10.0.0.32 "GET / HTTP/1.1" status: 200 len: 247 time: 0.0025654
2026-05-20 18:33:49.974 10 INFO neutron.api.wsgi [-] 10.0.0.32 "GET / HTTP/1.1" status: 200 len: 247 time: 0.0027671
2026-05-20 18:34:04.970 9 INFO neutron.api.wsgi [-] 10.0.0.32 "GET / HTTP/1.1" status: 200 len: 247 time: 0.0013649
2026-05-20 18:34:04.971 10 INFO neutron.api.wsgi [-] 10.0.0.32 "GET / HTTP/1.1" status: 200 len: 247 time: 0.0025582
2026-05-20 18:34:19.971 9 INFO neutron.api.wsgi [-] 10.0.0.32 "GET / HTTP/1.1" status: 200 len: 247 time: 0.0024154
2026-05-20 18:34:19.971 10 INFO neutron.api.wsgi [-] 10.0.0.32 "GET / HTTP/1.1" status: 200 len: 247 time: 0.0028048
2026-05-20 18:34:34.971 9 INFO neutron.api.wsgi [-] 10.0.0.32 "GET / HTTP/1.1" status: 200 len: 247 time: 0.0031285
2026-05-20 18:34:34.972 10 INFO neutron.api.wsgi [-] 10.0.0.32 "GET / HTTP/1.1" status: 200 len: 247 time: 0.0034416
2026-05-20 18:34:42.604 9 INFO neutron.api.wsgi [None req-9a3c2b28-0486-4632-9322-3d98b91ab4f4 25961daeef90494d98212e8106a97e05 0405c3c08a9f4591ba583b5d93a8f032 - - default default] 10.0.0.10 "GET /v2.0/networks HTTP/1.1" status: 200 len: 2349 time: 0.0835190
2026-05-20 18:34:42.618 9 INFO neutron.api.wsgi [None req-b1a13f14-8f52-4be1-ac6d-c973d02ffd6f 25961daeef90494d98212e8106a97e05 0405c3c08a9f4591ba583b5d93a8f032 - - default default] 10.0.0.10 "GET /v2.0/network-ip-availabilities HTTP/1.1" status: 200 len: 1280 time: 0.0108523
2026-05-20 18:34:42.652 9 INFO neutron.api.wsgi [None req-2296f6a3-5d9a-45f9-b828-947776aaa7a7 25961daeef90494d98212e8106a97e05 0405c3c08a9f4591ba583b5d93a8f032 - - default default] 10.0.0.10 "GET /v2.0/security-groups HTTP/1.1" status: 200 len: 17574 time: 0.0331757
2026-05-20 18:34:42.687 9 INFO neutron.api.wsgi [None req-ea4301eb-fced-40c5-9c31-f10f0ca811b4 25961daeef90494d98212e8106a97e05 0405c3c08a9f4591ba583b5d93a8f032 - - default default] 10.0.0.10 "GET /v2.0/agents HTTP/1.1" status: 200 len: 1390 time: 0.0287669
2026-05-20 18:34:42.712 9 INFO neutron.api.wsgi [None req-2a9905a5-131c-43c0-9cc7-d6be7c969e14 25961daeef90494d98212e8106a97e05 0405c3c08a9f4591ba583b5d93a8f032 - - default default] 10.0.0.10 "GET /v2.0/subnets HTTP/1.1" status: 200 len: 1484 time: 0.0235553
2026-05-20 18:34:42.756 9 INFO neutron.api.wsgi [None req-bf5be559-6782-4e3c-8082-1afa5438d152 25961daeef90494d98212e8106a97e05 0405c3c08a9f4591ba583b5d93a8f032 - - default default] 10.0.0.10 "GET /v2.0/ports HTTP/1.1" status: 200 len: 5347 time: 0.0430844
2026-05-20 18:34:42.771 9 INFO neutron.api.wsgi [None req-c54a9d91-4b54-4873-80a3-8bdfb2e8c65d 25961daeef90494d98212e8106a97e05 0405c3c08a9f4591ba583b5d93a8f032 - - default default] 10.0.0.10 "GET /v2.0/routers HTTP/1.1" status: 200 len: 189 time: 0.0138066
2026-05-20 18:34:42.780 9 INFO neutron.api.wsgi [None req-38a75d6c-aa1d-443c-a94b-12ec0bed27ba 25961daeef90494d98212e8106a97e05 0405c3c08a9f4591ba583b5d93a8f032 - - default default] 10.0.0.10 "GET /v2.0/agents?binary=ovn-controller HTTP/1.1" status: 200 len: 591 time: 0.0081265
2026-05-20 18:34:42.791 9 INFO neutron.api.wsgi [None req-37c13b42-5f9a-4f09-9178-c5ec61f49186 25961daeef90494d98212e8106a97e05 0405c3c08a9f4591ba583b5d93a8f032 - - default default] 10.0.0.10 "GET /v2.0/floatingips HTTP/1.1" status: 200 len: 193 time: 0.0107808
2026-05-20 18:34:42.810 9 INFO neutron.api.wsgi [None req-d85afb75-38da-4bb3-82c8-4d81349f3e9c 25961daeef90494d98212e8106a97e05 0405c3c08a9f4591ba583b5d93a8f032 - - default default] 10.0.0.10 "GET /v2.0/subnets HTTP/1.1" status: 200 len: 1484 time: 0.0174384
2026-05-20 18:34:42.816 9 INFO neutron.api.wsgi [None req-2128cee3-437e-4224-b8a5-f0ce6307a2b3 25961daeef90494d98212e8106a97e05 0405c3c08a9f4591ba583b5d93a8f032 - - default default] 10.0.0.10 "GET /v2.0/subnetpools HTTP/1.1" status: 200 len: 193 time: 0.0054052
2026-05-20 18:34:49.971 10 INFO neutron.api.wsgi [-] 10.0.0.32 "GET / HTTP/1.1" status: 200 len: 247 time: 0.0022659
2026-05-20 18:34:49.971 9 INFO neutron.api.wsgi [-] 10.0.0.32 "GET / HTTP/1.1" status: 200 len: 247 time: 0.0023041
2026-05-20 18:34:52.083 15 INFO neutron.plugins.ml2.drivers.ovn.mech_driver.ovsdb.maintenance [None req-6392eb62-16be-464a-80ba-056e2fe78a6e - - - - - -] OVN maintenance task check_for_inconsistencies finished in 0.018 seconds
2026-05-20 18:35:04.969 9 INFO neutron.api.wsgi [-] 10.0.0.32 "GET / HTTP/1.1" status: 200 len: 247 time: 0.0013168
2026-05-20 18:35:04.971 9 INFO neutron.api.wsgi [-] 10.0.0.32 "GET / HTTP/1.1" status: 200 len: 247 time: 0.0013063
2026-05-20 18:35:19.971 10 INFO neutron.api.wsgi [-] 10.0.0.32 "GET / HTTP/1.1" status: 200 len: 247 time: 0.0022900
2026-05-20 18:35:19.971 9 INFO neutron.api.wsgi [-] 10.0.0.32 "GET / HTTP/1.1" status: 200 len: 247 time: 0.0025339
2026-05-20 18:35:34.969 9 INFO neutron.api.wsgi [-] 10.0.0.32 "GET / HTTP/1.1" status: 200 len: 247 time: 0.0017762
2026-05-20 18:35:34.971 10 INFO neutron.api.wsgi [-] 10.0.0.32 "GET / HTTP/1.1" status: 200 len: 247 time: 0.0031042
2026-05-20 18:35:42.677 9 INFO neutron.api.wsgi [None req-2ca54297-4b0a-4285-a6f0-61249186e66b 25961daeef90494d98212e8106a97e05 0405c3c08a9f4591ba583b5d93a8f032 - - default default] 10.0.0.10 "GET /v2.0/floatingips HTTP/1.1" status: 200 len: 193 time: 0.1501350
2026-05-20 18:35:42.711 9 INFO neutron.api.wsgi [None req-32827070-d2db-4d52-a47f-f162d11ec512 25961daeef90494d98212e8106a97e05 0405c3c08a9f4591ba583b5d93a8f032 - - default default] 10.0.0.10 "GET /v2.0/ports HTTP/1.1" status: 200 len: 5347 time: 0.0334046
2026-05-20 18:35:42.757 9 INFO neutron.api.wsgi [None req-b9c710ad-ef89-4bcb-8fc3-dc49d64f7f09 25961daeef90494d98212e8106a97e05 0405c3c08a9f4591ba583b5d93a8f032 - - default default] 10.0.0.10 "GET /v2.0/networks HTTP/1.1" status: 200 len: 2349 time: 0.0435708
2026-05-20 18:35:42.793 9 INFO neutron.api.wsgi [None req-28c4ec75-18a3-49be-ae27-9e6f1a34c94d 25961daeef90494d98212e8106a97e05 0405c3c08a9f4591ba583b5d93a8f032 - - default default] 10.0.0.10 "GET /v2.0/security-groups HTTP/1.1" status: 200 len: 17574 time: 0.0339658
2026-05-20 18:35:42.810 9 INFO neutron.api.wsgi [None req-61bf09b2-7b6f-48dd-b041-cf5bec39ae86 25961daeef90494d98212e8106a97e05 0405c3c08a9f4591ba583b5d93a8f032 - - default default] 10.0.0.10 "GET /v2.0/network-ip-availabilities HTTP/1.1" status: 200 len: 1280 time: 0.0109487
2026-05-20 18:35:42.823 9 INFO neutron.api.wsgi [None req-f02d5137-26be-4663-9e97-f14bdedaef18 25961daeef90494d98212e8106a97e05 0405c3c08a9f4591ba583b5d93a8f032 - - default default] 10.0.0.10 "GET /v2.0/routers HTTP/1.1" status: 200 len: 189 time: 0.0117545
2026-05-20 18:35:42.857 9 INFO neutron.api.wsgi [None req-a75290f3-cd86-4e26-83e4-709f77f7bdbb 25961daeef90494d98212e8106a97e05 0405c3c08a9f4591ba583b5d93a8f032 - - default default] 10.0.0.10 "GET /v2.0/agents?binary=ovn-controller HTTP/1.1" status: 200 len: 591 time: 0.0333405
2026-05-20 18:35:42.867 9 INFO neutron.api.wsgi [None req-6bf9c855-805b-455f-b0e1-07901f87b95b 25961daeef90494d98212e8106a97e05 0405c3c08a9f4591ba583b5d93a8f032 - - default default] 10.0.0.10 "GET /v2.0/agents HTTP/1.1" status: 200 len: 1390 time: 0.0089571
2026-05-20 18:35:42.888 9 INFO neutron.api.wsgi [None req-b5f8f1c9-2446-453a-9c6e-524f5fbe756f 25961daeef90494d98212e8106a97e05 0405c3c08a9f4591ba583b5d93a8f032 - - default default] 10.0.0.10 "GET /v2.0/subnets HTTP/1.1" status: 200 len: 1484 time: 0.0202167
2026-05-20 18:35:42.913 9 INFO neutron.api.wsgi [None req-77c89047-c5fc-41b6-b91d-bb003ec29d19 25961daeef90494d98212e8106a97e05 0405c3c08a9f4591ba583b5d93a8f032 - - default default] 10.0.0.10 "GET /v2.0/subnets HTTP/1.1" status: 200 len: 1484 time: 0.0232403
2026-05-20 18:35:42.922 9 INFO neutron.api.wsgi [None req-1f74714a-1c60-4162-bbcc-c3bc43c858a1 25961daeef90494d98212e8106a97e05 0405c3c08a9f4591ba583b5d93a8f032 - - default default] 10.0.0.10 "GET /v2.0/subnetpools HTTP/1.1" status: 200 len: 193 time: 0.0076156
2026-05-20 18:35:49.970 9 INFO neutron.api.wsgi [-] 10.0.0.32 "GET / HTTP/1.1" status: 200 len: 247 time: 0.0017521
2026-05-20 18:35:49.970 10 INFO neutron.api.wsgi [-] 10.0.0.32 "GET / HTTP/1.1" status: 200 len: 247 time: 0.0016332
2026-05-20 18:36:04.969 10 INFO neutron.api.wsgi [-] 10.0.0.32 "GET / HTTP/1.1" status: 200 len: 247 time: 0.0013535
2026-05-20 18:36:04.971 9 INFO neutron.api.wsgi [-] 10.0.0.32 "GET / HTTP/1.1" status: 200 len: 247 time: 0.0026712
2026-05-20 18:36:19.971 10 INFO neutron.api.wsgi [-] 10.0.0.32 "GET / HTTP/1.1" status: 200 len: 247 time: 0.0023990
2026-05-20 18:36:19.971 9 INFO neutron.api.wsgi [-] 10.0.0.32 "GET / HTTP/1.1" status: 200 len: 247 time: 0.0032406
2026-05-20 18:36:34.969 10 INFO neutron.api.wsgi [-] 10.0.0.32 "GET / HTTP/1.1" status: 200 len: 247 time: 0.0011926
2026-05-20 18:36:34.969 9 INFO neutron.api.wsgi [-] 10.0.0.32 "GET / HTTP/1.1" status: 200 len: 247 time: 0.0011904
2026-05-20 18:36:42.607 9 INFO neutron.api.wsgi [None req-7b3e8b8f-f0c5-4897-8818-8caa8dc6d1a8 25961daeef90494d98212e8106a97e05 0405c3c08a9f4591ba583b5d93a8f032 - - default default] 10.0.0.10 "GET /v2.0/floatingips HTTP/1.1" status: 200 len: 193 time: 0.0508258
2026-05-20 18:36:42.649 9 INFO neutron.api.wsgi [None req-df2dc8c3-435a-4bdb-9fbe-187c3c2f5d45 25961daeef90494d98212e8106a97e05 0405c3c08a9f4591ba583b5d93a8f032 - - default default] 10.0.0.10 "GET /v2.0/networks HTTP/1.1" status: 200 len: 2349 time: 0.0417347
2026-05-20 18:36:42.674 9 INFO neutron.api.wsgi [None req-245c86c9-0098-45e6-ac6a-914613ad1f7d 25961daeef90494d98212e8106a97e05 0405c3c08a9f4591ba583b5d93a8f032 - - default default] 10.0.0.10 "GET /v2.0/agents HTTP/1.1" status: 200 len: 1390 time: 0.0225017
2026-05-20 18:36:42.684 9 INFO neutron.api.wsgi [None req-b5658e2c-be7e-4f7d-a505-9600bc6fa2f5 25961daeef90494d98212e8106a97e05 0405c3c08a9f4591ba583b5d93a8f032 - - default default] 10.0.0.10 "GET /v2.0/network-ip-availabilities HTTP/1.1" status: 200 len: 1280 time: 0.0088844
2026-05-20 18:36:42.723 9 INFO neutron.api.wsgi [None req-d8d8170a-61d2-4704-b79c-50836f59718e 25961daeef90494d98212e8106a97e05 0405c3c08a9f4591ba583b5d93a8f032 - - default default] 10.0.0.10 "GET /v2.0/security-groups HTTP/1.1" status: 200 len: 17574 time: 0.0379796
2026-05-20 18:36:42.756 9 INFO neutron.api.wsgi [None req-88a11e21-ffd9-47a0-a3e0-03b8135e1962 25961daeef90494d98212e8106a97e05 0405c3c08a9f4591ba583b5d93a8f032 - - default default] 10.0.0.10 "GET /v2.0/subnets HTTP/1.1" status: 200 len: 1484 time: 0.0250282
2026-05-20 18:36:42.780 9 INFO neutron.api.wsgi [None req-9103b0af-fed3-4143-b493-628209c4f3c5 25961daeef90494d98212e8106a97e05 0405c3c08a9f4591ba583b5d93a8f032 - - default default] 10.0.0.10 "GET /v2.0/subnets HTTP/1.1" status: 200 len: 1484 time: 0.0228474
2026-05-20 18:36:42.787 9 INFO neutron.api.wsgi [None req-b604596e-5491-43da-afdb-2cb3dd971b2d 25961daeef90494d98212e8106a97e05 0405c3c08a9f4591ba583b5d93a8f032 - - default default] 10.0.0.10 "GET /v2.0/subnetpools HTTP/1.1" status: 200 len: 193 time: 0.0056534
2026-05-20 18:36:42.823 9 INFO neutron.api.wsgi [None req-5bd709fe-f02a-4903-b7c8-3de4a4b246a5 25961daeef90494d98212e8106a97e05 0405c3c08a9f4591ba583b5d93a8f032 - - default default] 10.0.0.10 "GET /v2.0/ports HTTP/1.1" status: 200 len: 5347 time: 0.0349054
2026-05-20 18:36:42.839 9 INFO neutron.api.wsgi [None req-9009a416-8951-4a88-982f-bc06b9bbe97d 25961daeef90494d98212e8106a97e05 0405c3c08a9f4591ba583b5d93a8f032 - - default default] 10.0.0.10 "GET /v2.0/routers HTTP/1.1" status: 200 len: 189 time: 0.0119987
2026-05-20 18:36:42.848 9 INFO neutron.api.wsgi [None req-1bab767e-366d-43e8-885c-dfd348c68641 25961daeef90494d98212e8106a97e05 0405c3c08a9f4591ba583b5d93a8f032 - - default default] 10.0.0.10 "GET /v2.0/agents?binary=ovn-controller HTTP/1.1" status: 200 len: 591 time: 0.0083897
2026-05-20 18:36:49.970 10 INFO neutron.api.wsgi [-] 10.0.0.32 "GET / HTTP/1.1" status: 200 len: 247 time: 0.0022652
2026-05-20 18:36:49.970 9 INFO neutron.api.wsgi [-] 10.0.0.32 "GET / HTTP/1.1" status: 200 len: 247 time: 0.0024190
2026-05-20 18:37:04.970 10 INFO neutron.api.wsgi [-] 10.0.0.32 "GET / HTTP/1.1" status: 200 len: 247 time: 0.0016117
2026-05-20 18:37:04.970 9 INFO neutron.api.wsgi [-] 10.0.0.32 "GET / HTTP/1.1" status: 200 len: 247 time: 0.0024488
2026-05-20 18:37:19.972 9 INFO neutron.api.wsgi [-] 10.0.0.32 "GET / HTTP/1.1" status: 200 len: 247 time: 0.0035453
2026-05-20 18:37:19.973 10 INFO neutron.api.wsgi [-] 10.0.0.32 "GET / HTTP/1.1" status: 200 len: 247 time: 0.0023429
2026-05-20 18:37:21.599 9 INFO neutron.pecan_wsgi.hooks.translation [None req-07fd16e3-b740-4b00-a310-5f5124c9110e 25961daeef90494d98212e8106a97e05 0405c3c08a9f4591ba583b5d93a8f032 - - default default] GET failed (client error): The resource could not be found.
2026-05-20 18:37:21.600 9 INFO neutron.api.wsgi [None req-07fd16e3-b740-4b00-a310-5f5124c9110e 25961daeef90494d98212e8106a97e05 0405c3c08a9f4591ba583b5d93a8f032 - - default default] 199.204.45.242,10.0.0.32 "GET /v2.0/networks/public HTTP/1.1" status: 404 len: 290 time: 0.0540476
2026-05-20 18:37:21.658 9 INFO neutron.api.wsgi [None req-da991c3a-2784-404b-9a28-44267634d727 25961daeef90494d98212e8106a97e05 0405c3c08a9f4591ba583b5d93a8f032 - - default default] 199.204.45.242,10.0.0.32 "GET /v2.0/networks?name=public HTTP/1.1" status: 200 len: 928 time: 0.0540202
2026-05-20 18:37:22.735 9 INFO neutron.pecan_wsgi.hooks.translation [None req-48564600-e2cb-484f-a42d-d5121bb11809 25961daeef90494d98212e8106a97e05 0405c3c08a9f4591ba583b5d93a8f032 - - default default] GET failed (client error): The resource could not be found.
2026-05-20 18:37:22.736 9 INFO neutron.api.wsgi [None req-48564600-e2cb-484f-a42d-d5121bb11809 25961daeef90494d98212e8106a97e05 0405c3c08a9f4591ba583b5d93a8f032 - - default default] 199.204.45.242,10.0.0.32 "GET /v2.0/networks/public HTTP/1.1" status: 404 len: 290 time: 0.0376847
2026-05-20 18:37:22.778 9 INFO neutron.api.wsgi [None req-3dd46108-644c-47b1-8876-4afee25bda41 25961daeef90494d98212e8106a97e05 0405c3c08a9f4591ba583b5d93a8f032 - - default default] 199.204.45.242,10.0.0.32 "GET /v2.0/networks?name=public HTTP/1.1" status: 200 len: 928 time: 0.0386219
2026-05-20 18:37:22.795 9 INFO neutron.pecan_wsgi.hooks.translation [None req-5a81e717-3fd7-4468-94e4-afd53d44f116 25961daeef90494d98212e8106a97e05 0405c3c08a9f4591ba583b5d93a8f032 - - default default] GET failed (client error): The resource could not be found.
2026-05-20 18:37:22.796 9 INFO neutron.api.wsgi [None req-5a81e717-3fd7-4468-94e4-afd53d44f116 25961daeef90494d98212e8106a97e05 0405c3c08a9f4591ba583b5d93a8f032 - - default default] 199.204.45.242,10.0.0.32 "GET /v2.0/subnets/public-subnet?network_id=1b4fc365-0321-4ce5-bf09-5351fb21ba4a HTTP/1.1" status: 404 len: 295 time: 0.0110180
2026-05-20 18:37:22.819 9 INFO neutron.api.wsgi [None req-544d6306-9963-4979-bbaf-f2bb21b126fd 25961daeef90494d98212e8106a97e05 0405c3c08a9f4591ba583b5d93a8f032 - - default default] 199.204.45.242,10.0.0.32 "GET /v2.0/subnets?name=public-subnet&network_id=1b4fc365-0321-4ce5-bf09-5351fb21ba4a HTTP/1.1" status: 200 len: 842 time: 0.0200779
2026-05-20 18:37:34.974 10 INFO neutron.api.wsgi [-] 10.0.0.32 "GET / HTTP/1.1" status: 200 len: 247 time: 0.0032129
2026-05-20 18:37:34.976 10 INFO neutron.api.wsgi [-] 10.0.0.32 "GET / HTTP/1.1" status: 200 len: 247 time: 0.0019183
2026-05-20 18:37:42.593 9 INFO neutron.api.wsgi [None req-b395a69a-86d3-4487-8137-2937f2a07548 25961daeef90494d98212e8106a97e05 0405c3c08a9f4591ba583b5d93a8f032 - - default default] 10.0.0.10 "GET /v2.0/floatingips HTTP/1.1" status: 200 len: 193 time: 0.0622358
2026-05-20 18:37:42.605 9 INFO neutron.api.wsgi [None req-fcaa574f-a375-4b5b-b970-ccac8f12e3a3 25961daeef90494d98212e8106a97e05 0405c3c08a9f4591ba583b5d93a8f032 - - default default] 10.0.0.10 "GET /v2.0/routers HTTP/1.1" status: 200 len: 189 time: 0.0115678
2026-05-20 18:37:42.626 9 INFO neutron.api.wsgi [None req-d86b8d79-46e4-42b4-af9a-25885af90bbe 25961daeef90494d98212e8106a97e05 0405c3c08a9f4591ba583b5d93a8f032 - - default default] 10.0.0.10 "GET /v2.0/agents?binary=ovn-controller HTTP/1.1" status: 200 len: 591 time: 0.0204437
2026-05-20 18:37:42.664 9 INFO neutron.api.wsgi [None req-fc005c41-9aed-4421-ac1a-551fee435c92 25961daeef90494d98212e8106a97e05 0405c3c08a9f4591ba583b5d93a8f032 - - default default] 10.0.0.10 "GET /v2.0/security-groups HTTP/1.1" status: 200 len: 17574 time: 0.0362341
2026-05-20 18:37:42.718 9 INFO neutron.api.wsgi [None req-a804b07b-67ea-4909-a7c7-0e8fc194e4f3 25961daeef90494d98212e8106a97e05 0405c3c08a9f4591ba583b5d93a8f032 - - default default] 10.0.0.10 "GET /v2.0/ports HTTP/1.1" status: 200 len: 5347 time: 0.0433753
2026-05-20 18:37:42.784 9 INFO neutron.api.wsgi [None req-44afd900-6682-4578-a89b-d44c99ce9bc7 25961daeef90494d98212e8106a97e05 0405c3c08a9f4591ba583b5d93a8f032 - - default default] 10.0.0.10 "GET /v2.0/networks HTTP/1.1" status: 200 len: 2349 time: 0.0621634
2026-05-20 18:37:42.799 9 INFO neutron.api.wsgi [None req-beb040dc-d356-4d8d-9747-7fba93024aa2 25961daeef90494d98212e8106a97e05 0405c3c08a9f4591ba583b5d93a8f032 - - default default] 10.0.0.10 "GET /v2.0/network-ip-availabilities HTTP/1.1" status: 200 len: 1280 time: 0.0122242
2026-05-20 18:37:42.827 9 INFO neutron.api.wsgi [None req-38ae9faa-cd22-4018-b0b4-383023be83c8 25961daeef90494d98212e8106a97e05 0405c3c08a9f4591ba583b5d93a8f032 - - default default] 10.0.0.10 "GET /v2.0/subnets HTTP/1.1" status: 200 len: 1484 time: 0.0275717
2026-05-20 18:37:42.837 9 INFO neutron.api.wsgi [None req-4ec395fc-9c28-491c-b49e-1bf7b89f67e2 25961daeef90494d98212e8106a97e05 0405c3c08a9f4591ba583b5d93a8f032 - - default default] 10.0.0.10 "GET /v2.0/agents HTTP/1.1" status: 200 len: 1390 time: 0.0089102
2026-05-20 18:37:42.860 9 INFO neutron.api.wsgi [None req-841fd253-2095-4675-b25b-b65f0f21f37f 25961daeef90494d98212e8106a97e05 0405c3c08a9f4591ba583b5d93a8f032 - - default default] 10.0.0.10 "GET /v2.0/subnets HTTP/1.1" status: 200 len: 1484 time: 0.0212812
2026-05-20 18:37:42.867 9 INFO neutron.api.wsgi [None req-b241994f-b860-4303-94df-b145ea1d12a7 25961daeef90494d98212e8106a97e05 0405c3c08a9f4591ba583b5d93a8f032 - - default default] 10.0.0.10 "GET /v2.0/subnetpools HTTP/1.1" status: 200 len: 193 time: 0.0060475
2026-05-20 18:37:49.971 9 INFO neutron.api.wsgi [-] 10.0.0.32 "GET / HTTP/1.1" status: 200 len: 247 time: 0.0023682
2026-05-20 18:37:49.972 10 INFO neutron.api.wsgi [-] 10.0.0.32 "GET / HTTP/1.1" status: 200 len: 247 time: 0.0034821
2026-05-20 18:37:50.693 10 INFO neutron.pecan_wsgi.hooks.translation [None req-1e2d20bc-04b3-4036-b99d-d3c0126d2ef6 25961daeef90494d98212e8106a97e05 0405c3c08a9f4591ba583b5d93a8f032 - - default default] GET failed (client error): The resource could not be found.
2026-05-20 18:37:50.694 10 INFO neutron.api.wsgi [None req-1e2d20bc-04b3-4036-b99d-d3c0126d2ef6 25961daeef90494d98212e8106a97e05 0405c3c08a9f4591ba583b5d93a8f032 - - default default] 199.204.45.242,10.0.0.32 "GET /v2.0/networks/lb-mgmt-net HTTP/1.1" status: 404 len: 295 time: 0.0629368
2026-05-20 18:37:50.744 10 INFO neutron.api.wsgi [None req-e4009857-9a07-4bf3-8835-b4f8efc74925 25961daeef90494d98212e8106a97e05 0405c3c08a9f4591ba583b5d93a8f032 - - default default] 199.204.45.242,10.0.0.32 "GET /v2.0/networks?name=lb-mgmt-net HTTP/1.1" status: 200 len: 913 time: 0.0454304
2026-05-20 18:37:51.702 9 INFO neutron.pecan_wsgi.hooks.translation [None req-7d3afa55-0c1c-409f-818f-1d6759eeb031 25961daeef90494d98212e8106a97e05 0405c3c08a9f4591ba583b5d93a8f032 - - default default] GET failed (client error): The resource could not be found.
2026-05-20 18:37:51.704 9 INFO neutron.api.wsgi [None req-7d3afa55-0c1c-409f-818f-1d6759eeb031 25961daeef90494d98212e8106a97e05 0405c3c08a9f4591ba583b5d93a8f032 - - default default] 199.204.45.242,10.0.0.32 "GET /v2.0/networks/lb-mgmt-net HTTP/1.1" status: 404 len: 295 time: 0.0692320
2026-05-20 18:37:51.750 9 INFO neutron.api.wsgi [None req-d3fced22-9757-4fb5-b7ce-ed09f0f40cfe 25961daeef90494d98212e8106a97e05 0405c3c08a9f4591ba583b5d93a8f032 - - default default] 199.204.45.242,10.0.0.32 "GET /v2.0/networks?name=lb-mgmt-net HTTP/1.1" status: 200 len: 913 time: 0.0425708
2026-05-20 18:37:51.770 9 INFO neutron.pecan_wsgi.hooks.translation [None req-41b45069-72b1-408d-a7ce-622e85bd0d41 25961daeef90494d98212e8106a97e05 0405c3c08a9f4591ba583b5d93a8f032 - - default default] GET failed (client error): The resource could not be found.
2026-05-20 18:37:51.771 9 INFO neutron.api.wsgi [None req-41b45069-72b1-408d-a7ce-622e85bd0d41 25961daeef90494d98212e8106a97e05 0405c3c08a9f4591ba583b5d93a8f032 - - default default] 199.204.45.242,10.0.0.32 "GET /v2.0/subnets/lb-mgmt-subnet?network_id=cc147b17-6832-465a-a177-1ebe9bd73574 HTTP/1.1" status: 404 len: 296 time: 0.0114472
2026-05-20 18:37:51.797 9 INFO neutron.api.wsgi [None req-790d4c9d-3f4f-4eda-98ea-cecb0e7955fd 25961daeef90494d98212e8106a97e05 0405c3c08a9f4591ba583b5d93a8f032 - - default default] 199.204.45.242,10.0.0.32 "GET /v2.0/subnets?name=lb-mgmt-subnet&network_id=cc147b17-6832-465a-a177-1ebe9bd73574 HTTP/1.1" status: 200 len: 829 time: 0.0219235
2026-05-20 18:37:52.987 10 INFO neutron.api.v2.resource [None req-af3c7687-feda-434b-b32f-99619bfb571f 25961daeef90494d98212e8106a97e05 0405c3c08a9f4591ba583b5d93a8f032 - - default default] show failed (client error): The resource could not be found.
2026-05-20 18:37:52.988 10 INFO neutron.api.wsgi [None req-af3c7687-feda-434b-b32f-99619bfb571f 25961daeef90494d98212e8106a97e05 0405c3c08a9f4591ba583b5d93a8f032 - - default default] 199.204.45.242,10.0.0.32 "GET /v2.0/security-groups/lb-health-mgr-sec-grp HTTP/1.1" status: 404 len: 313 time: 0.0385575
2026-05-20 18:37:53.026 10 INFO neutron.api.wsgi [None req-d53e91d4-4c53-4724-a7c7-27560bde0718 25961daeef90494d98212e8106a97e05 0405c3c08a9f4591ba583b5d93a8f032 - - default default] 199.204.45.242,10.0.0.32 "GET /v2.0/security-groups?name=lb-health-mgr-sec-grp HTTP/1.1" status: 200 len: 4866 time: 0.0333543
2026-05-20 18:37:54.158 10 INFO neutron.api.wsgi [None req-0efc1371-baf0-487e-b48f-dd3cb75a579e 25961daeef90494d98212e8106a97e05 0405c3c08a9f4591ba583b5d93a8f032 - - default default] 199.204.45.242,10.0.0.32 "GET /v2.0/security-groups/5388e2e4-2bda-4ebd-96c4-6a3ec1a1ebf1 HTTP/1.1" status: 200 len: 4870 time: 0.0624962
2026-05-20 18:37:54.199 10 INFO neutron.api.wsgi [None req-6f97d343-8cdd-462b-89e1-75d9209b25a4 25961daeef90494d98212e8106a97e05 0405c3c08a9f4591ba583b5d93a8f032 - - default default] 199.204.45.242,10.0.0.32 "GET /v2.0/security-groups/5388e2e4-2bda-4ebd-96c4-6a3ec1a1ebf1 HTTP/1.1" status: 200 len: 4870 time: 0.0327871
2026-05-20 18:37:54.220 10 INFO neutron.api.wsgi [None req-d1aff41a-24e0-4968-b8fd-8330341f7e5f 25961daeef90494d98212e8106a97e05 0405c3c08a9f4591ba583b5d93a8f032 - - default default] 199.204.45.242,10.0.0.32 "GET /v2.0/security-group-rules/8a412601-3732-4bc3-bcfe-c45f45315fa3 HTTP/1.1" status: 200 len: 776 time: 0.0136020
2026-05-20 18:37:55.072 10 INFO neutron.api.wsgi [None req-f8170858-5998-46da-89c2-55fa0f3fd177 25961daeef90494d98212e8106a97e05 0405c3c08a9f4591ba583b5d93a8f032 - - default default] 199.204.45.242,10.0.0.32 "GET /v2.0/security-groups/5388e2e4-2bda-4ebd-96c4-6a3ec1a1ebf1 HTTP/1.1" status: 200 len: 4870 time: 0.0615456
2026-05-20 18:37:55.113 10 INFO neutron.api.wsgi [None req-33e557b5-7620-442a-a078-27936cb2b377 25961daeef90494d98212e8106a97e05 0405c3c08a9f4591ba583b5d93a8f032 - - default default] 199.204.45.242,10.0.0.32 "GET /v2.0/security-groups/5388e2e4-2bda-4ebd-96c4-6a3ec1a1ebf1 HTTP/1.1" status: 200 len: 4870 time: 0.0327938
2026-05-20 18:37:55.133 10 INFO neutron.api.wsgi [None req-49771def-daf4-4090-be5c-1ac2d84ceb4f 25961daeef90494d98212e8106a97e05 0405c3c08a9f4591ba583b5d93a8f032 - - default default] 199.204.45.242,10.0.0.32 "GET /v2.0/security-group-rules/221f2559-9e63-47ce-9bc7-8b530e9d5541 HTTP/1.1" status: 200 len: 778 time: 0.0143030
2026-05-20 18:37:56.049 10 INFO neutron.api.wsgi [None req-82d712bf-802c-4740-9301-4271a5b174bc 25961daeef90494d98212e8106a97e05 0405c3c08a9f4591ba583b5d93a8f032 - - default default] 199.204.45.242,10.0.0.32 "GET /v2.0/security-groups/5388e2e4-2bda-4ebd-96c4-6a3ec1a1ebf1 HTTP/1.1" status: 200 len: 4870 time: 0.0554292
2026-05-20 18:37:56.078 10 INFO neutron.api.wsgi [None req-aa8fd781-7075-4856-863d-dd1b02f4f8e9 25961daeef90494d98212e8106a97e05 0405c3c08a9f4591ba583b5d93a8f032 - - default default] 199.204.45.242,10.0.0.32 "GET /v2.0/security-groups/5388e2e4-2bda-4ebd-96c4-6a3ec1a1ebf1 HTTP/1.1" status: 200 len: 4870 time: 0.0236471
2026-05-20 18:37:56.094 10 INFO neutron.api.wsgi [None req-11fdae34-c9c3-42cc-9da2-462c24366cde 25961daeef90494d98212e8106a97e05 0405c3c08a9f4591ba583b5d93a8f032 - - default default] 199.204.45.242,10.0.0.32 "GET /v2.0/security-group-rules/22b8ca89-8d04-43a5-bd31-cb6b25b5f9c0 HTTP/1.1" status: 200 len: 778 time: 0.0109515
2026-05-20 18:37:56.974 9 INFO neutron.api.wsgi [None req-5251a51b-c4ef-441e-a0d5-cf18cd670f1c 25961daeef90494d98212e8106a97e05 0405c3c08a9f4591ba583b5d93a8f032 - - default default] 199.204.45.242,10.0.0.32 "GET /v2.0/security-groups/5388e2e4-2bda-4ebd-96c4-6a3ec1a1ebf1 HTTP/1.1" status: 200 len: 4870 time: 0.0638347
2026-05-20 18:37:57.013 9 INFO neutron.api.wsgi [None req-bd7ee85e-d2d1-4ea5-9d3b-5d32214246f8 25961daeef90494d98212e8106a97e05 0405c3c08a9f4591ba583b5d93a8f032 - - default default] 199.204.45.242,10.0.0.32 "GET /v2.0/security-groups/5388e2e4-2bda-4ebd-96c4-6a3ec1a1ebf1 HTTP/1.1" status: 200 len: 4870 time: 0.0309598
2026-05-20 18:37:57.034 9 INFO neutron.api.wsgi [None req-7a37e941-f65f-4c97-80d6-285ca5334f6d 25961daeef90494d98212e8106a97e05 0405c3c08a9f4591ba583b5d93a8f032 - - default default] 199.204.45.242,10.0.0.32 "GET /v2.0/security-group-rules/dbee5920-5606-42de-b354-af98455c8b66 HTTP/1.1" status: 200 len: 778 time: 0.0140357
2026-05-20 18:37:57.914 10 INFO neutron.api.wsgi [None req-234f4a87-f8a7-4d66-9027-85f67e584d1f 25961daeef90494d98212e8106a97e05 0405c3c08a9f4591ba583b5d93a8f032 - - default default] 199.204.45.242,10.0.0.32 "GET /v2.0/security-groups/5388e2e4-2bda-4ebd-96c4-6a3ec1a1ebf1 HTTP/1.1" status: 200 len: 4870 time: 0.0597208
2026-05-20 18:37:57.955 10 INFO neutron.api.wsgi [None req-1a5a08d0-3b2f-45ed-9f87-acf076b8ddf1 25961daeef90494d98212e8106a97e05 0405c3c08a9f4591ba583b5d93a8f032 - - default default] 199.204.45.242,10.0.0.32 "GET /v2.0/security-groups/5388e2e4-2bda-4ebd-96c4-6a3ec1a1ebf1 HTTP/1.1" status: 200 len: 4870 time: 0.0325811
2026-05-20 18:37:57.977 10 INFO neutron.api.wsgi [None req-b1c0920a-1ec6-4295-82e5-8ce824946eaf 25961daeef90494d98212e8106a97e05 0405c3c08a9f4591ba583b5d93a8f032 - - default default] 199.204.45.242,10.0.0.32 "GET /v2.0/security-group-rules/38d93e92-0335-40e7-8d75-9f80a5d3bea0 HTTP/1.1" status: 200 len: 778 time: 0.0145488
2026-05-20 18:37:59.254 10 INFO neutron.api.wsgi [None req-639a2c59-d907-482a-81ae-540f09c0ddd1 25961daeef90494d98212e8106a97e05 0405c3c08a9f4591ba583b5d93a8f032 - - default default] 199.204.45.242,10.0.0.32 "GET /v2.0/networks/cc147b17-6832-465a-a177-1ebe9bd73574 HTTP/1.1" status: 200 len: 910 time: 0.1006629
2026-05-20 18:37:59.289 10 INFO neutron.pecan_wsgi.hooks.translation [None req-172b4510-f6cd-40fc-be43-577f9d1abb40 25961daeef90494d98212e8106a97e05 0405c3c08a9f4591ba583b5d93a8f032 - - default default] GET failed (client error): The resource could not be found.
2026-05-20 18:37:59.291 10 INFO neutron.api.wsgi [None req-172b4510-f6cd-40fc-be43-577f9d1abb40 25961daeef90494d98212e8106a97e05 0405c3c08a9f4591ba583b5d93a8f032 - - default default] 199.204.45.242,10.0.0.32 "GET /v2.0/ports/octavia-health-manager-port-instance?network_id=cc147b17-6832-465a-a177-1ebe9bd73574 HTTP/1.1" status: 404 len: 314 time: 0.0289986
2026-05-20 18:37:59.344 10 INFO neutron.api.wsgi [None req-23e7eedf-111e-4cfd-9769-a7268744b896 25961daeef90494d98212e8106a97e05 0405c3c08a9f4591ba583b5d93a8f032 - - default default] 199.204.45.242,10.0.0.32 "GET /v2.0/ports?name=octavia-health-manager-port-instance&network_id=cc147b17-6832-465a-a177-1ebe9bd73574 HTTP/1.1" status: 200 len: 1395 time: 0.0484834
2026-05-20 18:37:59.380 10 INFO neutron.api.wsgi [None req-9d8c627a-492a-4f83-9c13-bb5c2a9dd3eb 25961daeef90494d98212e8106a97e05 0405c3c08a9f4591ba583b5d93a8f032 - - default default] 199.204.45.242,10.0.0.32 "GET /v2.0/security-groups/5388e2e4-2bda-4ebd-96c4-6a3ec1a1ebf1 HTTP/1.1" status: 200 len: 4870 time: 0.0294724
2026-05-20 18:38:04.969 9 INFO neutron.api.wsgi [-] 10.0.0.32 "GET / HTTP/1.1" status: 200 len: 247 time: 0.0011640
2026-05-20 18:38:04.970 10 INFO neutron.api.wsgi [-] 10.0.0.32 "GET / HTTP/1.1" status: 200 len: 247 time: 0.0026879
2026-05-20 18:38:05.950 10 INFO neutron.pecan_wsgi.hooks.translation [None req-6ecbfe12-cb98-4257-ac28-7de071ba2ba1 25961daeef90494d98212e8106a97e05 0405c3c08a9f4591ba583b5d93a8f032 - - default default] GET failed (client error): The resource could not be found.
2026-05-20 18:38:05.951 10 INFO neutron.api.wsgi [None req-6ecbfe12-cb98-4257-ac28-7de071ba2ba1 25961daeef90494d98212e8106a97e05 0405c3c08a9f4591ba583b5d93a8f032 - - default default] 199.204.45.242,10.0.0.32 "GET /v2.0/ports/octavia-health-manager-port-instance HTTP/1.1" status: 404 len: 314 time: 0.0364714
2026-05-20 18:38:06.018 10 INFO neutron.api.wsgi [None req-bf730f86-1fe9-42da-a21f-89aeac8a44ac 25961daeef90494d98212e8106a97e05 0405c3c08a9f4591ba583b5d93a8f032 - - default default] 199.204.45.242,10.0.0.32 "GET /v2.0/ports?name=octavia-health-manager-port-instance HTTP/1.1" status: 200 len: 1395 time: 0.0631979
2026-05-20 18:38:07.583 9 INFO neutron.api.wsgi [None req-7888c7dc-f721-4b20-8360-5bdd3584b891 25961daeef90494d98212e8106a97e05 0405c3c08a9f4591ba583b5d93a8f032 - - default default] 199.204.45.242,10.0.0.32 "GET /v2.0/ports HTTP/1.1" status: 200 len: 5347 time: 0.0775485
2026-05-20 18:38:08.589 10 INFO neutron.api.v2.resource [None req-0503b89d-1e2b-42ec-9e2a-b9f21cf6d65b 25961daeef90494d98212e8106a97e05 0405c3c08a9f4591ba583b5d93a8f032 - - default default] show failed (client error): The resource could not be found.
2026-05-20 18:38:08.590 10 INFO neutron.api.wsgi [None req-0503b89d-1e2b-42ec-9e2a-b9f21cf6d65b 25961daeef90494d98212e8106a97e05 0405c3c08a9f4591ba583b5d93a8f032 - - default default] 199.204.45.242,10.0.0.32 "GET /v2.0/security-groups/lb-mgmt-sec-grp HTTP/1.1" status: 404 len: 307 time: 0.0345538
2026-05-20 18:38:08.621 10 INFO neutron.api.wsgi [None req-e625c835-3453-4752-b777-4d0d1dcdae59 25961daeef90494d98212e8106a97e05 0405c3c08a9f4591ba583b5d93a8f032 - - default default] 199.204.45.242,10.0.0.32 "GET /v2.0/security-groups?name=lb-mgmt-sec-grp HTTP/1.1" status: 200 len: 3057 time: 0.0264528
2026-05-20 18:38:09.556 9 INFO neutron.api.wsgi [None req-ba720bd1-3f68-46d5-9b60-a8e75ccb3690 25961daeef90494d98212e8106a97e05 0405c3c08a9f4591ba583b5d93a8f032 - - default default] 199.204.45.242,10.0.0.32 "GET /v2.0/security-groups/f0787a50-ce78-4884-9b36-d1f9664996e1 HTTP/1.1" status: 200 len: 3058 time: 0.0581453
2026-05-20 18:38:09.588 9 INFO neutron.api.wsgi [None req-2312b134-81f5-4904-8265-6abca151eb75 25961daeef90494d98212e8106a97e05 0405c3c08a9f4591ba583b5d93a8f032 - - default default] 199.204.45.242,10.0.0.32 "GET /v2.0/security-groups/f0787a50-ce78-4884-9b36-d1f9664996e1 HTTP/1.1" status: 200 len: 3058 time: 0.0247121
2026-05-20 18:38:09.608 9 INFO neutron.api.wsgi [None req-953f5cef-4619-4a6e-852f-f6703f4f82a3 25961daeef90494d98212e8106a97e05 0405c3c08a9f4591ba583b5d93a8f032 - - default default] 199.204.45.242,10.0.0.32 "GET /v2.0/security-group-rules/1b53636c-0d02-4d7f-a8aa-4a9e3d0f03ec HTTP/1.1" status: 200 len: 796 time: 0.0154514
2026-05-20 18:38:10.483 9 INFO neutron.api.wsgi [None req-49aebb1b-bd07-4883-9fc7-c8bf16a22105 25961daeef90494d98212e8106a97e05 0405c3c08a9f4591ba583b5d93a8f032 - - default default] 199.204.45.242,10.0.0.32 "GET /v2.0/security-groups/f0787a50-ce78-4884-9b36-d1f9664996e1 HTTP/1.1" status: 200 len: 3058 time: 0.0460327
2026-05-20 18:38:10.516 9 INFO neutron.api.wsgi [None req-c1417128-c8aa-489f-b3b7-6a912400861b 25961daeef90494d98212e8106a97e05 0405c3c08a9f4591ba583b5d93a8f032 - - default default] 199.204.45.242,10.0.0.32 "GET /v2.0/security-groups/f0787a50-ce78-4884-9b36-d1f9664996e1 HTTP/1.1" status: 200 len: 3058 time: 0.0241458
2026-05-20 18:38:10.538 9 INFO neutron.api.wsgi [None req-4becd994-1a7e-4573-905e-7df539581a0c 25961daeef90494d98212e8106a97e05 0405c3c08a9f4591ba583b5d93a8f032 - - default default] 199.204.45.242,10.0.0.32 "GET /v2.0/security-group-rules/16478552-a3ae-4341-bf41-eb2aed564341 HTTP/1.1" status: 200 len: 800 time: 0.0142078
2026-05-20 18:38:19.971 9 INFO neutron.api.wsgi [-] 10.0.0.32 "GET / HTTP/1.1" status: 200 len: 247 time: 0.0023093
2026-05-20 18:38:19.972 10 INFO neutron.api.wsgi [-] 10.0.0.32 "GET / HTTP/1.1" status: 200 len: 247 time: 0.0033209
2026-05-20 18:38:21.700 9 INFO neutron.api.wsgi [None req-a370ef98-fefe-434a-ad43-a1e3eba226fe 25961daeef90494d98212e8106a97e05 0405c3c08a9f4591ba583b5d93a8f032 - - default default] 199.204.45.242,10.0.0.32 "GET /v2.0/quotas/0405c3c08a9f4591ba583b5d93a8f032 HTTP/1.1" status: 200 len: 466 time: 0.0097270
2026-05-20 18:38:34.971 10 INFO neutron.api.wsgi [-] 10.0.0.32 "GET / HTTP/1.1" status: 200 len: 247 time: 0.0024412
2026-05-20 18:38:34.972 9 INFO neutron.api.wsgi [-] 10.0.0.32 "GET / HTTP/1.1" status: 200 len: 247 time: 0.0022471
2026-05-20 18:38:42.644 9 INFO neutron.api.wsgi [None req-5b85891b-4bd5-4c31-9eb5-d3dc759bf575 25961daeef90494d98212e8106a97e05 0405c3c08a9f4591ba583b5d93a8f032 - - default default] 10.0.0.10 "GET /v2.0/subnets HTTP/1.1" status: 200 len: 1484 time: 0.0873377
2026-05-20 18:38:42.657 9 INFO neutron.api.wsgi [None req-bfe020ea-44e7-4f8c-9022-02f7d696a283 25961daeef90494d98212e8106a97e05 0405c3c08a9f4591ba583b5d93a8f032 - - default default] 10.0.0.10 "GET /v2.0/routers HTTP/1.1" status: 200 len: 189 time: 0.0118713
2026-05-20 18:38:42.687 9 INFO neutron.api.wsgi [None req-b22f4566-d01e-4830-8093-8589ffded682 25961daeef90494d98212e8106a97e05 0405c3c08a9f4591ba583b5d93a8f032 - - default default] 10.0.0.10 "GET /v2.0/agents?binary=ovn-controller HTTP/1.1" status: 200 len: 591 time: 0.0299008
2026-05-20 18:38:42.739 9 INFO neutron.api.wsgi [None req-ea3722e0-1161-4433-ae46-417950592d37 25961daeef90494d98212e8106a97e05 0405c3c08a9f4591ba583b5d93a8f032 - - default default] 10.0.0.10 "GET /v2.0/networks HTTP/1.1" status: 200 len: 2349 time: 0.0503008
2026-05-20 18:38:42.762 9 INFO neutron.api.wsgi [None req-7e6573e0-6efb-45ec-91b6-7335ac7e2e94 25961daeef90494d98212e8106a97e05 0405c3c08a9f4591ba583b5d93a8f032 - - default default] 10.0.0.10 "GET /v2.0/floatingips HTTP/1.1" status: 200 len: 193 time: 0.0175588
2026-05-20 18:38:42.774 9 INFO neutron.api.wsgi [None req-7e7d2003-ad70-46a5-b1f6-175290f7f23e 25961daeef90494d98212e8106a97e05 0405c3c08a9f4591ba583b5d93a8f032 - - default default] 10.0.0.10 "GET /v2.0/agents HTTP/1.1" status: 200 len: 1390 time: 0.0110018
2026-05-20 18:38:42.799 9 INFO neutron.api.wsgi [None req-6a91aa47-49e0-4348-b429-82648f9eec03 25961daeef90494d98212e8106a97e05 0405c3c08a9f4591ba583b5d93a8f032 - - default default] 10.0.0.10 "GET /v2.0/subnets HTTP/1.1" status: 200 len: 1484 time: 0.0249021
2026-05-20 18:38:42.809 9 INFO neutron.api.wsgi [None req-a6bf506f-4969-4abd-ad66-c0481076a4d7 25961daeef90494d98212e8106a97e05 0405c3c08a9f4591ba583b5d93a8f032 - - default default] 10.0.0.10 "GET /v2.0/subnetpools HTTP/1.1" status: 200 len: 193 time: 0.0080857
2026-05-20 18:38:42.844 9 INFO neutron.api.wsgi [None req-8c40168e-b017-43d3-b698-34852781170b 25961daeef90494d98212e8106a97e05 0405c3c08a9f4591ba583b5d93a8f032 - - default default] 10.0.0.10 "GET /v2.0/security-groups HTTP/1.1" status: 200 len: 17574 time: 0.0341072
2026-05-20 18:38:42.890 9 INFO neutron.api.wsgi [None req-6e6dae29-a4bd-41e8-83cb-2096af74d67c 25961daeef90494d98212e8106a97e05 0405c3c08a9f4591ba583b5d93a8f032 - - default default] 10.0.0.10 "GET /v2.0/ports HTTP/1.1" status: 200 len: 5347 time: 0.0416541
2026-05-20 18:38:42.909 9 INFO neutron.api.wsgi [None req-1346e53e-7377-4c4b-81a9-2a8933c81149 25961daeef90494d98212e8106a97e05 0405c3c08a9f4591ba583b5d93a8f032 - - default default] 10.0.0.10 "GET /v2.0/network-ip-availabilities HTTP/1.1" status: 200 len: 1280 time: 0.0150740
2026-05-20 18:38:49.974 10 INFO neutron.api.wsgi [-] 10.0.0.32 "GET / HTTP/1.1" status: 200 len: 247 time: 0.0051150
2026-05-20 18:38:49.977 10 INFO neutron.api.wsgi [-] 10.0.0.32 "GET / HTTP/1.1" status: 200 len: 247 time: 0.0022564
2026-05-20 18:39:04.971 9 INFO neutron.api.wsgi [-] 10.0.0.32 "GET / HTTP/1.1" status: 200 len: 247 time: 0.0022817
2026-05-20 18:39:04.974 9 INFO neutron.api.wsgi [-] 10.0.0.32 "GET / HTTP/1.1" status: 200 len: 247 time: 0.0024860
2026-05-20 18:39:10.801 9 INFO neutron.api.v2.resource [None req-2e7167ad-561a-4bed-a99d-86c7d5b8dd7d 25961daeef90494d98212e8106a97e05 0405c3c08a9f4591ba583b5d93a8f032 - - default default] show failed (client error): The resource could not be found.
2026-05-20 18:39:10.801 9 INFO neutron.api.wsgi [None req-2e7167ad-561a-4bed-a99d-86c7d5b8dd7d 25961daeef90494d98212e8106a97e05 0405c3c08a9f4591ba583b5d93a8f032 - - default default] 199.204.45.242,10.0.0.32 "GET /v2.0/security-groups/manila-service-security-group?project_id=ec8322b84130496bbd20415bbb09ca23 HTTP/1.1" status: 404 len: 321 time: 0.0402079
2026-05-20 18:39:10.834 9 INFO neutron.api.wsgi [None req-d981727d-1f7c-4124-8c30-a6643f814e12 25961daeef90494d98212e8106a97e05 0405c3c08a9f4591ba583b5d93a8f032 - - default default] 199.204.45.242,10.0.0.32 "GET /v2.0/security-groups?name=manila-service-security-group&project_id=ec8322b84130496bbd20415bbb09ca23 HTTP/1.1" status: 200 len: 4248 time: 0.0289521
2026-05-20 18:39:11.856 9 INFO neutron.api.wsgi [None req-a4c393c7-3312-48ed-8eb4-c2d12ec4bf56 25961daeef90494d98212e8106a97e05 0405c3c08a9f4591ba583b5d93a8f032 - - default default] 199.204.45.242,10.0.0.32 "GET /v2.0/security-groups/64583d3f-a6d1-4c6f-ac57-415b35ba1ba9?project_id=ec8322b84130496bbd20415bbb09ca23 HTTP/1.1" status: 200 len: 4251 time: 0.0650263
2026-05-20 18:39:11.884 9 INFO neutron.api.wsgi [None req-916f27bd-d607-4043-89df-f5dad8845972 25961daeef90494d98212e8106a97e05 0405c3c08a9f4591ba583b5d93a8f032 - - default default] 199.204.45.242,10.0.0.32 "GET /v2.0/security-groups/64583d3f-a6d1-4c6f-ac57-415b35ba1ba9 HTTP/1.1" status: 200 len: 4251 time: 0.0228670
2026-05-20 18:39:11.904 9 INFO neutron.api.wsgi [None req-fd4fcf48-a769-4be9-9986-a67d3717fd19 25961daeef90494d98212e8106a97e05 0405c3c08a9f4591ba583b5d93a8f032 - - default default] 199.204.45.242,10.0.0.32 "GET /v2.0/security-group-rules/1fa3f8ef-8726-430e-a35b-9e4849a81e2c HTTP/1.1" status: 200 len: 772 time: 0.0138507
2026-05-20 18:39:12.857 9 INFO neutron.api.wsgi [None req-97e3f3a7-944d-42a4-841b-91d9c6649fcb 25961daeef90494d98212e8106a97e05 0405c3c08a9f4591ba583b5d93a8f032 - - default default] 199.204.45.242,10.0.0.32 "GET /v2.0/security-groups/64583d3f-a6d1-4c6f-ac57-415b35ba1ba9?project_id=ec8322b84130496bbd20415bbb09ca23 HTTP/1.1" status: 200 len: 4251 time: 0.0479705
