2026-05-20 18:43:13.672 10 INFO neutron.db.ovn_revision_numbers_db [req-fd327b5f-b091-453b-9690-4c54c111152b req-1e4aa728-a7c6-4ecf-a1da-1dd37fed3274 416a9947ba2b406d9f81181676046b8b 0b613e40b51742d2a781e934572e7e1b - - default default] Successfully bumped revision number for resource a9bbe412-690b-4b7b-a891-fdc51ea58d67 (type: ports) to 1
2026-05-20 18:43:13.714 10 INFO neutron.api.wsgi [req-fd327b5f-b091-453b-9690-4c54c111152b req-1e4aa728-a7c6-4ecf-a1da-1dd37fed3274 416a9947ba2b406d9f81181676046b8b 0b613e40b51742d2a781e934572e7e1b - - default default] 199.204.45.242 "POST /v2.0/ports HTTP/1.1" status: 201 len: 1162 time: 0.8220818 /var/lib/openstack/lib/python3.12/site-packages/pycadf/identifier.py:71: UserWarning: Invalid uuid: neutron. To ensure interoperability, identifiers should be a valid uuid. warnings.warn(('Invalid uuid: %s. To ensure interoperability, '
2026-05-20 18:43:13.725 10 INFO neutron.api.wsgi [req-fd327b5f-b091-453b-9690-4c54c111152b req-a61cac0a-3978-4793-84fb-5f644e80d7fb 416a9947ba2b406d9f81181676046b8b 0b613e40b51742d2a781e934572e7e1b - - default default] 199.204.45.242 "GET /v2.0/extensions HTTP/1.1" status: 200 len: 19298 time: 0.0074329
2026-05-20 18:43:13.968 9 INFO neutron.api.wsgi [req-ae2ccd60-9039-46c9-abd5-738dd46846ea req-364d6e1c-0646-4158-916e-a565adde85e1 80d17cb49edd46dd9efbca80b3993c08 0191e27732b54091858e4e7312caba93 - - default default] 10.0.0.131 "GET /v2.0/ports?device_id=d13cfdfd-1806-497d-836c-5ecbdc546269 HTTP/1.1" status: 200 len: 210 time: 0.0424902
2026-05-20 18:43:14.046 10 WARNING neutron.scheduler.dhcp_agent_scheduler [None req-df97d515-0a7e-4ba7-b76c-6420ebfaa37b 25961daeef90494d98212e8106a97e05 0405c3c08a9f4591ba583b5d93a8f032 - - default default] No more DHCP agents
2026-05-20 18:43:14.048 10 WARNING neutron.api.rpc.agentnotifiers.dhcp_rpc_agent_api [None req-df97d515-0a7e-4ba7-b76c-6420ebfaa37b 25961daeef90494d98212e8106a97e05 0405c3c08a9f4591ba583b5d93a8f032 - - default default] Unable to schedule network 1b4fc365-0321-4ce5-bf09-5351fb21ba4a: no agents available; will retry on subsequent port and subnet creation events.
2026-05-20 18:43:14.166 10 INFO neutron.db.ovn_revision_numbers_db [None req-df97d515-0a7e-4ba7-b76c-6420ebfaa37b 25961daeef90494d98212e8106a97e05 0405c3c08a9f4591ba583b5d93a8f032 - - default default] Successfully bumped revision number for resource 2deb9a51-d4fe-4797-a1fd-3d30f02f20fa (type: ports) to 1
2026-05-20 18:43:14.457 10 INFO neutron.api.wsgi [req-de22e4a9-19c1-4ee0-8ba7-51220cef6175 req-82afb9d3-6f57-4ac4-a7aa-b76772750899 416a9947ba2b406d9f81181676046b8b 0b613e40b51742d2a781e934572e7e1b - - default default] 10.0.0.131 "GET /v2.0/ports?device_id=9f0e35b4-3860-4312-88f7-89486c8343e9 HTTP/1.1" status: 200 len: 1160 time: 0.1379404
2026-05-20 18:43:14.534 10 INFO neutron.api.wsgi [req-de22e4a9-19c1-4ee0-8ba7-51220cef6175 req-decfe347-8fb7-47a5-81b9-8cea7a6578c9 416a9947ba2b406d9f81181676046b8b 0b613e40b51742d2a781e934572e7e1b - - default default] 10.0.0.131 "GET /v2.0/security-groups?id=1b2f849c-05bf-48fd-8ae7-a89daf77fffa&fields=id&fields=name HTTP/1.1" status: 200 len: 286 time: 0.0692570
2026-05-20 18:43:15.064 9 INFO neutron.api.wsgi [req-012db401-401a-4972-a4d8-9c50aa3c0f91 req-12ca2be0-79a0-4539-8e3b-890e4f905e00 80d17cb49edd46dd9efbca80b3993c08 0191e27732b54091858e4e7312caba93 - - default default] 10.0.0.131 "GET /v2.0/ports?device_id=d13cfdfd-1806-497d-836c-5ecbdc546269 HTTP/1.1" status: 200 len: 210 time: 0.0216227
2026-05-20 18:43:15.106 10 INFO neutron.db.ovn_revision_numbers_db [req-fd327b5f-b091-453b-9690-4c54c111152b req-293f2c04-ccb0-434e-bea9-eb59bb63d218 296f79a337154385b1d2d52f990f5720 ec8322b84130496bbd20415bbb09ca23 - - cb9ff544df3446bb97acdb0921216e7a cb9ff544df3446bb97acdb0921216e7a] Successfully bumped revision number for resource a9bbe412-690b-4b7b-a891-fdc51ea58d67 (type: ports) to 2
2026-05-20 18:43:15.149 10 INFO neutron.plugins.ml2.drivers.ovn.mech_driver.ovsdb.commands [None req-a5dc6f01-f533-4962-b876-1d3bedf722c3 - - - - - -] Schedule LRP lrp-2deb9a51-d4fe-4797-a1fd-3d30f02f20fa on gateway da08c451-8318-4be6-9f14-7d6c1115e9df with priority 1
2026-05-20 18:43:15.160 10 INFO neutron.plugins.ml2.drivers.ovn.mech_driver.mech_driver [None req-8fba1749-52a1-462f-b336-408df9bfaad5 - - - - - -] OVN reports status up for port: 2deb9a51-d4fe-4797-a1fd-3d30f02f20fa
2026-05-20 18:43:15.176 9 INFO neutron.plugins.ml2.drivers.ovn.mech_driver.ovsdb.ovsdb_monitor [None req-45cedb73-987f-4599-9365-0cfd23d8852d - - - - - -] Router 4584b6bd-0acb-4baf-968d-5aea00e4b9aa is bound to host instance
2026-05-20 18:43:15.182 10 INFO neutron.plugins.ml2.plugin [None req-8fba1749-52a1-462f-b336-408df9bfaad5 - - - - - -] Attempt 1 to provision port 2deb9a51-d4fe-4797-a1fd-3d30f02f20fa
2026-05-20 18:43:15.298 10 INFO neutron.db.ovn_revision_numbers_db [None req-df97d515-0a7e-4ba7-b76c-6420ebfaa37b 25961daeef90494d98212e8106a97e05 0405c3c08a9f4591ba583b5d93a8f032 - - default default] Successfully bumped revision number for resource 2deb9a51-d4fe-4797-a1fd-3d30f02f20fa (type: router_ports) to 1 /var/lib/openstack/lib/python3.12/site-packages/pycadf/identifier.py:71: UserWarning: Invalid uuid: neutron. To ensure interoperability, identifiers should be a valid uuid. warnings.warn(('Invalid uuid: %s. To ensure interoperability, '
2026-05-20 18:43:15.647 10 INFO neutron.api.wsgi [req-5ae9ef3d-d236-4b36-914a-c087135a3144 req-054e15cd-234b-44b8-94e3-7c5ace54e761 416a9947ba2b406d9f81181676046b8b 0b613e40b51742d2a781e934572e7e1b - - default default] 10.0.0.131 "GET /v2.0/ports?device_id=9f0e35b4-3860-4312-88f7-89486c8343e9 HTTP/1.1" status: 200 len: 1172 time: 0.0313575
2026-05-20 18:43:15.652 10 INFO neutron.db.ovn_revision_numbers_db [None req-df97d515-0a7e-4ba7-b76c-6420ebfaa37b 25961daeef90494d98212e8106a97e05 0405c3c08a9f4591ba583b5d93a8f032 - - default default] Successfully bumped revision number for resource 4584b6bd-0acb-4baf-968d-5aea00e4b9aa (type: routers) to 2
2026-05-20 18:43:15.656 10 INFO neutron.db.ovn_revision_numbers_db [req-fd327b5f-b091-453b-9690-4c54c111152b req-293f2c04-ccb0-434e-bea9-eb59bb63d218 296f79a337154385b1d2d52f990f5720 ec8322b84130496bbd20415bbb09ca23 - - cb9ff544df3446bb97acdb0921216e7a cb9ff544df3446bb97acdb0921216e7a] Successfully bumped revision number for resource a9bbe412-690b-4b7b-a891-fdc51ea58d67 (type: ports) to 4
2026-05-20 18:43:15.699 10 INFO neutron.api.wsgi [req-fd327b5f-b091-453b-9690-4c54c111152b req-293f2c04-ccb0-434e-bea9-eb59bb63d218 296f79a337154385b1d2d52f990f5720 ec8322b84130496bbd20415bbb09ca23 - - cb9ff544df3446bb97acdb0921216e7a cb9ff544df3446bb97acdb0921216e7a] 199.204.45.242 "PUT /v2.0/ports/a9bbe412-690b-4b7b-a891-fdc51ea58d67 HTTP/1.1" status: 200 len: 1408 time: 1.5667868
2026-05-20 18:43:15.718 10 INFO neutron.api.wsgi [None req-df97d515-0a7e-4ba7-b76c-6420ebfaa37b 25961daeef90494d98212e8106a97e05 0405c3c08a9f4591ba583b5d93a8f032 - - default default] 10.0.0.47 "POST /v2.0/routers HTTP/1.1" status: 201 len: 1169 time: 2.2566373
2026-05-20 18:43:15.723 10 INFO neutron.api.wsgi [req-5ae9ef3d-d236-4b36-914a-c087135a3144 req-eda6d749-39b1-404b-9062-bd34849a0b6e 416a9947ba2b406d9f81181676046b8b 0b613e40b51742d2a781e934572e7e1b - - default default] 10.0.0.131 "GET /v2.0/security-groups?id=1b2f849c-05bf-48fd-8ae7-a89daf77fffa&fields=id&fields=name HTTP/1.1" status: 200 len: 286 time: 0.0696626
2026-05-20 18:43:15.882 9 INFO neutron.db.ovn_revision_numbers_db [None req-5fa23546-669a-4177-a919-766f3ca7ff0e - - - - - -] Successfully bumped revision number for resource 2deb9a51-d4fe-4797-a1fd-3d30f02f20fa (type: ports) to 1
2026-05-20 18:43:16.140 9 INFO neutron.api.wsgi [req-a18fb922-6ee2-402b-adca-9a416f9f7678 req-b25b16f1-90a6-4308-ae84-0dfc9fac4884 80d17cb49edd46dd9efbca80b3993c08 0191e27732b54091858e4e7312caba93 - - default default] 10.0.0.131 "GET /v2.0/ports?device_id=d13cfdfd-1806-497d-836c-5ecbdc546269 HTTP/1.1" status: 200 len: 210 time: 0.0190184
2026-05-20 18:43:16.238 10 INFO neutron.notifiers.nova [-] Nova event matching ['req-59931642-c67a-4d50-8f03-e84ae81fd416'] response: {'name': 'network-changed', 'server_uuid': '9f0e35b4-3860-4312-88f7-89486c8343e9', 'tag': 'a9bbe412-690b-4b7b-a891-fdc51ea58d67', 'status': 'completed', 'code': 200}
2026-05-20 18:43:16.778 10 INFO neutron.api.wsgi [req-fd327b5f-b091-453b-9690-4c54c111152b req-57818973-64d0-429b-a2aa-fadee3d58599 296f79a337154385b1d2d52f990f5720 ec8322b84130496bbd20415bbb09ca23 - - cb9ff544df3446bb97acdb0921216e7a cb9ff544df3446bb97acdb0921216e7a] 199.204.45.242 "GET /v2.0/ports?tenant_id=0b613e40b51742d2a781e934572e7e1b&device_id=9f0e35b4-3860-4312-88f7-89486c8343e9 HTTP/1.1" status: 200 len: 1411 time: 0.0649333
2026-05-20 18:43:16.806 10 WARNING neutron.scheduler.dhcp_agent_scheduler [None req-7a5a71e5-fb16-4461-9802-e39a09387370 25961daeef90494d98212e8106a97e05 0405c3c08a9f4591ba583b5d93a8f032 - - default default] No more DHCP agents
2026-05-20 18:43:16.808 10 WARNING neutron.api.rpc.agentnotifiers.dhcp_rpc_agent_api [None req-7a5a71e5-fb16-4461-9802-e39a09387370 25961daeef90494d98212e8106a97e05 0405c3c08a9f4591ba583b5d93a8f032 - - default default] Unable to schedule network c2cc011a-699f-4549-af3e-b92d280dd9ad: no agents available; will retry on subsequent port and subnet creation events.
2026-05-20 18:43:16.816 10 INFO neutron.api.wsgi [req-fd327b5f-b091-453b-9690-4c54c111152b req-9eb1eb10-8eca-4f1c-9fd6-a3991140cbb7 296f79a337154385b1d2d52f990f5720 ec8322b84130496bbd20415bbb09ca23 - - cb9ff544df3446bb97acdb0921216e7a cb9ff544df3446bb97acdb0921216e7a] 199.204.45.242 "GET /v2.0/floatingips?fixed_ip_address=10.100.0.14&port_id=a9bbe412-690b-4b7b-a891-fdc51ea58d67 HTTP/1.1" status: 200 len: 217 time: 0.0329924
2026-05-20 18:43:16.852 10 INFO neutron.api.wsgi [req-fd327b5f-b091-453b-9690-4c54c111152b req-5fcff283-55ea-4cf8-adb5-a8d1a587ede6 296f79a337154385b1d2d52f990f5720 ec8322b84130496bbd20415bbb09ca23 - - cb9ff544df3446bb97acdb0921216e7a cb9ff544df3446bb97acdb0921216e7a] 199.204.45.242 "GET /v2.0/subnets?id=bf24abaf-8c6e-4180-9846-3c6699f1f3b9 HTTP/1.1" status: 200 len: 893 time: 0.0302026
2026-05-20 18:43:16.868 9 INFO neutron.api.wsgi [req-d497cf3e-6825-4897-a251-7076fd77839b req-4a42afc6-1878-46aa-81cf-4d757c9674e7 80d17cb49edd46dd9efbca80b3993c08 0191e27732b54091858e4e7312caba93 - - default default] 199.204.45.242 "GET /v2.0/networks?id=971d0303-37a5-44ea-98ee-de524b512092 HTTP/1.1" status: 200 len: 879 time: 0.0439768
2026-05-20 18:43:16.884 10 INFO neutron.api.wsgi [req-fd327b5f-b091-453b-9690-4c54c111152b req-dd52128e-113a-47a9-87a6-6ca9587a4d7d 296f79a337154385b1d2d52f990f5720 ec8322b84130496bbd20415bbb09ca23 - - cb9ff544df3446bb97acdb0921216e7a cb9ff544df3446bb97acdb0921216e7a] 199.204.45.242 "GET /v2.0/ports?network_id=cfd62785-bdef-4b6b-bdc3-5ad2390d5a00&device_owner=network%3Adhcp HTTP/1.1" status: 200 len: 210 time: 0.0274298
2026-05-20 18:43:16.903 9 INFO neutron.api.wsgi [req-82c03dfc-66f3-4a96-a912-0a097f834632 req-c67ebeda-6262-455c-b6dd-97d115dec95c 416a9947ba2b406d9f81181676046b8b 0b613e40b51742d2a781e934572e7e1b - - default default] 10.0.0.131 "GET /v2.0/ports?device_id=9f0e35b4-3860-4312-88f7-89486c8343e9 HTTP/1.1" status: 200 len: 1172 time: 0.1032362
2026-05-20 18:43:16.933 9 INFO neutron.db.ovn_revision_numbers_db [None req-5fa23546-669a-4177-a919-766f3ca7ff0e - - - - - -] Successfully bumped revision number for resource 2deb9a51-d4fe-4797-a1fd-3d30f02f20fa (type: ports) to 4
2026-05-20 18:43:16.937 10 INFO neutron.api.wsgi [req-fd327b5f-b091-453b-9690-4c54c111152b req-101e62dc-4489-4a4f-8a02-67dea9044263 296f79a337154385b1d2d52f990f5720 ec8322b84130496bbd20415bbb09ca23 - - cb9ff544df3446bb97acdb0921216e7a cb9ff544df3446bb97acdb0921216e7a] 199.204.45.242 "GET /v2.0/networks/cfd62785-bdef-4b6b-bdc3-5ad2390d5a00?fields=segments HTTP/1.1" status: 200 len: 212 time: 0.0483010
2026-05-20 18:43:16.950 9 INFO neutron.api.wsgi [req-d497cf3e-6825-4897-a251-7076fd77839b req-e0cbaef1-4faf-429e-ac0a-cd49047bcc48 80d17cb49edd46dd9efbca80b3993c08 0191e27732b54091858e4e7312caba93 - - default default] 199.204.45.242 "GET /v2.0/security-groups?fields=id&fields=name&tenant_id=0191e27732b54091858e4e7312caba93 HTTP/1.1" status: 200 len: 380 time: 0.0796034
2026-05-20 18:43:16.955 9 INFO neutron.api.wsgi [req-82c03dfc-66f3-4a96-a912-0a097f834632 req-a074f6dc-0ece-4f64-9e26-533aff152d6a 416a9947ba2b406d9f81181676046b8b 0b613e40b51742d2a781e934572e7e1b - - default default] 10.0.0.131 "GET /v2.0/security-groups?id=1b2f849c-05bf-48fd-8ae7-a89daf77fffa&fields=id&fields=name HTTP/1.1" status: 200 len: 286 time: 0.0473876
2026-05-20 18:43:16.963 9 WARNING neutron_lib.context [req-d497cf3e-6825-4897-a251-7076fd77839b req-e42dbd6a-598f-4d09-b320-cf907b0ee5c8 80d17cb49edd46dd9efbca80b3993c08 0191e27732b54091858e4e7312caba93 - - default default] Method 'is_advsvc' is deprecated since 2023.2 release (neutron-lib 3.8.0) and will be removed once support for the old RBAC API policies will be removed from Neutron. Please use method 'is_service_role' instead.
2026-05-20 18:43:17.002 10 INFO neutron.api.wsgi [req-fd327b5f-b091-453b-9690-4c54c111152b req-40373a1a-2cf9-4ce9-a036-2f1f9b138557 296f79a337154385b1d2d52f990f5720 ec8322b84130496bbd20415bbb09ca23 - - cb9ff544df3446bb97acdb0921216e7a cb9ff544df3446bb97acdb0921216e7a] 199.204.45.242 "GET /v2.0/networks/cfd62785-bdef-4b6b-bdc3-5ad2390d5a00?fields=provider%3Aphysical_network&fields=provider%3Anetwork_type HTTP/1.1" status: 200 len: 277 time: 0.0527556
2026-05-20 18:43:17.014 10 INFO neutron.db.ovn_revision_numbers_db [None req-7a5a71e5-fb16-4461-9802-e39a09387370 25961daeef90494d98212e8106a97e05 0405c3c08a9f4591ba583b5d93a8f032 - - default default] Successfully bumped revision number for resource 2f336af2-2e33-41a6-88cf-f5ccb8944d0f (type: ports) to 1
2026-05-20 18:43:17.217 10 INFO neutron.api.wsgi [req-f274eb85-b65a-4d67-b715-38fcbd40cd9e req-762ba15a-e817-4237-85d5-c9e8887330b2 80d17cb49edd46dd9efbca80b3993c08 0191e27732b54091858e4e7312caba93 - - default default] 10.0.0.131 "GET /v2.0/ports?device_id=d13cfdfd-1806-497d-836c-5ecbdc546269 HTTP/1.1" status: 200 len: 210 time: 0.0171399
2026-05-20 18:43:17.577 9 INFO neutron.db.ovn_revision_numbers_db [None req-5fa23546-669a-4177-a919-766f3ca7ff0e - - - - - -] Successfully bumped revision number for resource 2deb9a51-d4fe-4797-a1fd-3d30f02f20fa (type: ports) to 5 /var/lib/openstack/lib/python3.12/site-packages/pycadf/identifier.py:71: UserWarning: Invalid uuid: neutron. To ensure interoperability, identifiers should be a valid uuid. warnings.warn(('Invalid uuid: %s. To ensure interoperability, '
2026-05-20 18:43:17.591 9 WARNING neutron.scheduler.dhcp_agent_scheduler [req-d497cf3e-6825-4897-a251-7076fd77839b req-e42dbd6a-598f-4d09-b320-cf907b0ee5c8 80d17cb49edd46dd9efbca80b3993c08 0191e27732b54091858e4e7312caba93 - - default default] No more DHCP agents
2026-05-20 18:43:17.594 9 WARNING neutron.api.rpc.agentnotifiers.dhcp_rpc_agent_api [req-d497cf3e-6825-4897-a251-7076fd77839b req-e42dbd6a-598f-4d09-b320-cf907b0ee5c8 80d17cb49edd46dd9efbca80b3993c08 0191e27732b54091858e4e7312caba93 - - default default] Unable to schedule network 971d0303-37a5-44ea-98ee-de524b512092: no agents available; will retry on subsequent port and subnet creation events.
2026-05-20 18:43:17.826 9 INFO neutron.db.ovn_revision_numbers_db [req-d497cf3e-6825-4897-a251-7076fd77839b req-e42dbd6a-598f-4d09-b320-cf907b0ee5c8 80d17cb49edd46dd9efbca80b3993c08 0191e27732b54091858e4e7312caba93 - - default default] Successfully bumped revision number for resource 108857cb-1420-4710-b70a-b28e68e6da93 (type: ports) to 1
2026-05-20 18:43:17.945 10 INFO neutron.db.ovn_revision_numbers_db [None req-7a5a71e5-fb16-4461-9802-e39a09387370 25961daeef90494d98212e8106a97e05 0405c3c08a9f4591ba583b5d93a8f032 - - default default] Successfully bumped revision number for resource 2f336af2-2e33-41a6-88cf-f5ccb8944d0f (type: ports) to 1
2026-05-20 18:43:17.999 10 INFO neutron.plugins.ml2.drivers.ovn.mech_driver.mech_driver [None req-8fba1749-52a1-462f-b336-408df9bfaad5 - - - - - -] OVN reports status up for port: 2f336af2-2e33-41a6-88cf-f5ccb8944d0f
2026-05-20 18:43:18.005 10 WARNING neutron.scheduler.dhcp_agent_scheduler [None req-7a5a71e5-fb16-4461-9802-e39a09387370 25961daeef90494d98212e8106a97e05 0405c3c08a9f4591ba583b5d93a8f032 - - default default] No more DHCP agents
2026-05-20 18:43:18.008 10 WARNING neutron.api.rpc.agentnotifiers.dhcp_rpc_agent_api [None req-7a5a71e5-fb16-4461-9802-e39a09387370 25961daeef90494d98212e8106a97e05 0405c3c08a9f4591ba583b5d93a8f032 - - default default] Unable to schedule network c2cc011a-699f-4549-af3e-b92d280dd9ad: no agents available; will retry on subsequent port and subnet creation events.
2026-05-20 18:43:18.013 9 INFO neutron.db.ovn_revision_numbers_db [None req-41ef95e6-ca02-493e-ad63-3a3e42d08dd9 25961daeef90494d98212e8106a97e05 0405c3c08a9f4591ba583b5d93a8f032 - - default default] Successfully bumped revision number for resource aa1a065f-f00f-4d38-85df-6fd910e243e4 (type: security_groups) to 1
2026-05-20 18:43:18.017 9 INFO neutron.api.wsgi [req-d497cf3e-6825-4897-a251-7076fd77839b req-e42dbd6a-598f-4d09-b320-cf907b0ee5c8 80d17cb49edd46dd9efbca80b3993c08 0191e27732b54091858e4e7312caba93 - - default default] 199.204.45.242 "POST /v2.0/ports HTTP/1.1" status: 201 len: 1158 time: 1.0644538
2026-05-20 18:43:18.019 10 INFO neutron.plugins.ml2.plugin [None req-8fba1749-52a1-462f-b336-408df9bfaad5 - - - - - -] Attempt 1 to provision port 2f336af2-2e33-41a6-88cf-f5ccb8944d0f
2026-05-20 18:43:18.079 10 INFO neutron.api.wsgi [req-2ca9b714-3d2f-483b-a3f2-e3467a033314 req-b70bc4f0-0159-4589-ae81-879342859131 296f79a337154385b1d2d52f990f5720 ec8322b84130496bbd20415bbb09ca23 - - cb9ff544df3446bb97acdb0921216e7a cb9ff544df3446bb97acdb0921216e7a] 199.204.45.242 "GET /v2.0/ports?tenant_id=0b613e40b51742d2a781e934572e7e1b&device_id=9f0e35b4-3860-4312-88f7-89486c8343e9 HTTP/1.1" status: 200 len: 1411 time: 0.0582533
2026-05-20 18:43:18.087 9 INFO neutron.api.wsgi [req-3963d66e-572d-45c2-ba43-72a89bea9ff6 req-a5f8ccde-5db1-40ac-9cd0-b42aa1d21daf 416a9947ba2b406d9f81181676046b8b 0b613e40b51742d2a781e934572e7e1b - - default default] 10.0.0.131 "GET /v2.0/ports?device_id=9f0e35b4-3860-4312-88f7-89486c8343e9 HTTP/1.1" status: 200 len: 1172 time: 0.0655041
2026-05-20 18:43:18.136 9 INFO neutron.api.wsgi [req-3963d66e-572d-45c2-ba43-72a89bea9ff6 req-c2252e3c-cf48-43d5-8f8d-8b0cf7630083 416a9947ba2b406d9f81181676046b8b 0b613e40b51742d2a781e934572e7e1b - - default default] 10.0.0.131 "GET /v2.0/security-groups?id=1b2f849c-05bf-48fd-8ae7-a89daf77fffa&fields=id&fields=name HTTP/1.1" status: 200 len: 286 time: 0.0378044
2026-05-20 18:43:18.142 10 INFO neutron.api.wsgi [req-2ca9b714-3d2f-483b-a3f2-e3467a033314 req-79396e57-e74d-4160-aeae-61441c3e0287 296f79a337154385b1d2d52f990f5720 ec8322b84130496bbd20415bbb09ca23 - - cb9ff544df3446bb97acdb0921216e7a cb9ff544df3446bb97acdb0921216e7a] 199.204.45.242 "GET /v2.0/networks?id=cfd62785-bdef-4b6b-bdc3-5ad2390d5a00 HTTP/1.1" status: 200 len: 974 time: 0.0578475
2026-05-20 18:43:18.301 9 INFO neutron.db.ovn_revision_numbers_db [None req-41ef95e6-ca02-493e-ad63-3a3e42d08dd9 25961daeef90494d98212e8106a97e05 0405c3c08a9f4591ba583b5d93a8f032 - - default default] Successfully bumped revision number for resource 193961b4-31a3-4dfb-a5fb-efefe7279b3d (type: security_group_rules) to 0
2026-05-20 18:43:18.334 10 INFO neutron.api.wsgi [req-2ca9b714-3d2f-483b-a3f2-e3467a033314 req-e8f38069-1846-4a19-b227-c40478e1c616 296f79a337154385b1d2d52f990f5720 ec8322b84130496bbd20415bbb09ca23 - - cb9ff544df3446bb97acdb0921216e7a cb9ff544df3446bb97acdb0921216e7a] 199.204.45.242 "GET /v2.0/floatingips?fixed_ip_address=10.100.0.14&port_id=a9bbe412-690b-4b7b-a891-fdc51ea58d67 HTTP/1.1" status: 200 len: 217 time: 0.1886823
2026-05-20 18:43:18.388 9 INFO neutron.db.ovn_revision_numbers_db [None req-41ef95e6-ca02-493e-ad63-3a3e42d08dd9 25961daeef90494d98212e8106a97e05 0405c3c08a9f4591ba583b5d93a8f032 - - default default] Successfully bumped revision number for resource 8455caf4-52f7-47ac-a6a7-309263c59e30 (type: security_group_rules) to 0
2026-05-20 18:43:18.396 10 INFO neutron.api.wsgi [req-2ca9b714-3d2f-483b-a3f2-e3467a033314 req-d1a24d6a-f66c-4516-919f-eb7e8daec6e3 296f79a337154385b1d2d52f990f5720 ec8322b84130496bbd20415bbb09ca23 - - cb9ff544df3446bb97acdb0921216e7a cb9ff544df3446bb97acdb0921216e7a] 199.204.45.242 "GET /v2.0/subnets?id=bf24abaf-8c6e-4180-9846-3c6699f1f3b9 HTTP/1.1" status: 200 len: 893 time: 0.0501263
2026-05-20 18:43:18.452 10 INFO neutron.api.wsgi [req-2ca9b714-3d2f-483b-a3f2-e3467a033314 req-db9951cc-3f7f-48ee-b7ff-2421e88a2825 296f79a337154385b1d2d52f990f5720 ec8322b84130496bbd20415bbb09ca23 - - cb9ff544df3446bb97acdb0921216e7a cb9ff544df3446bb97acdb0921216e7a] 199.204.45.242 "GET /v2.0/ports?network_id=cfd62785-bdef-4b6b-bdc3-5ad2390d5a00&device_owner=network%3Adhcp HTTP/1.1" status: 200 len: 210 time: 0.0306346
2026-05-20 18:43:18.469 10 INFO neutron.api.wsgi [req-7ec8302c-b104-4dcb-a079-f12ed5be3cac req-2eaedcc7-8a6a-465f-952f-923c47f5d583 80d17cb49edd46dd9efbca80b3993c08 0191e27732b54091858e4e7312caba93 - - default default] 10.0.0.131 "GET /v2.0/ports?device_id=d13cfdfd-1806-497d-836c-5ecbdc546269 HTTP/1.1" status: 200 len: 1168 time: 0.1480370
2026-05-20 18:43:18.536 10 INFO neutron.api.wsgi [req-7ec8302c-b104-4dcb-a079-f12ed5be3cac req-ee5ad332-2e22-4625-8699-06dfbad99c40 80d17cb49edd46dd9efbca80b3993c08 0191e27732b54091858e4e7312caba93 - - default default] 10.0.0.131 "GET /v2.0/security-groups?id=0f94f51d-da9f-4734-80a9-4bdff9e85df1&fields=id&fields=name HTTP/1.1" status: 200 len: 313 time: 0.0612822
2026-05-20 18:43:18.540 10 INFO neutron.api.wsgi [req-2ca9b714-3d2f-483b-a3f2-e3467a033314 req-890c7abb-e81e-4fe2-9a18-d09b2f9e71ba 296f79a337154385b1d2d52f990f5720 ec8322b84130496bbd20415bbb09ca23 - - cb9ff544df3446bb97acdb0921216e7a cb9ff544df3446bb97acdb0921216e7a] 199.204.45.242 "GET /v2.0/networks/cfd62785-bdef-4b6b-bdc3-5ad2390d5a00?fields=segments HTTP/1.1" status: 200 len: 212 time: 0.0764279
2026-05-20 18:43:18.606 10 INFO neutron.api.wsgi [req-2ca9b714-3d2f-483b-a3f2-e3467a033314 req-80663ebc-53d4-4c7a-9107-b57572355f67 296f79a337154385b1d2d52f990f5720 ec8322b84130496bbd20415bbb09ca23 - - cb9ff544df3446bb97acdb0921216e7a cb9ff544df3446bb97acdb0921216e7a] 199.204.45.242 "GET /v2.0/networks/cfd62785-bdef-4b6b-bdc3-5ad2390d5a00?fields=provider%3Aphysical_network&fields=provider%3Anetwork_type HTTP/1.1" status: 200 len: 277 time: 0.0607479
2026-05-20 18:43:18.651 9 INFO neutron.db.ovn_revision_numbers_db [None req-41ef95e6-ca02-493e-ad63-3a3e42d08dd9 25961daeef90494d98212e8106a97e05 0405c3c08a9f4591ba583b5d93a8f032 - - default default] Successfully bumped revision number for resource c0a6504c-1ca6-459a-8076-1f6402a2f0fe (type: security_group_rules) to 0
2026-05-20 18:43:18.786 9 INFO neutron.db.ovn_revision_numbers_db [req-d497cf3e-6825-4897-a251-7076fd77839b req-5946c31b-8b02-433d-9e3f-590009257ab0 296f79a337154385b1d2d52f990f5720 ec8322b84130496bbd20415bbb09ca23 - - cb9ff544df3446bb97acdb0921216e7a cb9ff544df3446bb97acdb0921216e7a] Successfully bumped revision number for resource 108857cb-1420-4710-b70a-b28e68e6da93 (type: ports) to 2
2026-05-20 18:43:18.885 9 INFO neutron.db.ovn_revision_numbers_db [None req-41ef95e6-ca02-493e-ad63-3a3e42d08dd9 25961daeef90494d98212e8106a97e05 0405c3c08a9f4591ba583b5d93a8f032 - - default default] Successfully bumped revision number for resource d57bb57b-765e-45c6-afbc-57fd9d5e3fe0 (type: security_group_rules) to 0
2026-05-20 18:43:18.942 9 INFO neutron.api.wsgi [None req-41ef95e6-ca02-493e-ad63-3a3e42d08dd9 25961daeef90494d98212e8106a97e05 0405c3c08a9f4591ba583b5d93a8f032 - - default default] 10.0.0.47 "GET /v2.0/security-groups?tenant_id=2590c0e827784ca8b6a9b75e7d5581b5&name=default HTTP/1.1" status: 200 len: 3120 time: 1.5392604 /var/lib/openstack/lib/python3.12/site-packages/pycadf/identifier.py:71: UserWarning: Invalid uuid: neutron. To ensure interoperability, identifiers should be a valid uuid. warnings.warn(('Invalid uuid: %s. To ensure interoperability, '
2026-05-20 18:43:19.254 9 INFO neutron.api.wsgi [req-45e2e1a6-9699-4244-acc6-6f5ca826dfb3 req-da8b4600-271b-43ed-89f0-3c8efb9f546e 416a9947ba2b406d9f81181676046b8b 0b613e40b51742d2a781e934572e7e1b - - default default] 10.0.0.131 "GET /v2.0/ports?device_id=9f0e35b4-3860-4312-88f7-89486c8343e9 HTTP/1.1" status: 200 len: 1172 time: 0.0308919
2026-05-20 18:43:19.291 9 INFO neutron.api.wsgi [req-45e2e1a6-9699-4244-acc6-6f5ca826dfb3 req-b0485ec6-99ac-4bc7-bd26-a427c9299eee 416a9947ba2b406d9f81181676046b8b 0b613e40b51742d2a781e934572e7e1b - - default default] 10.0.0.131 "GET /v2.0/security-groups?id=1b2f849c-05bf-48fd-8ae7-a89daf77fffa&fields=id&fields=name HTTP/1.1" status: 200 len: 286 time: 0.0302145
2026-05-20 18:43:19.475 10 INFO neutron.db.ovn_revision_numbers_db [None req-7a5a71e5-fb16-4461-9802-e39a09387370 25961daeef90494d98212e8106a97e05 0405c3c08a9f4591ba583b5d93a8f032 - - default default] Successfully bumped revision number for resource 2f336af2-2e33-41a6-88cf-f5ccb8944d0f (type: router_ports) to 1
2026-05-20 18:43:19.476 9 INFO neutron.db.ovn_revision_numbers_db [req-d497cf3e-6825-4897-a251-7076fd77839b req-5946c31b-8b02-433d-9e3f-590009257ab0 296f79a337154385b1d2d52f990f5720 ec8322b84130496bbd20415bbb09ca23 - - cb9ff544df3446bb97acdb0921216e7a cb9ff544df3446bb97acdb0921216e7a] Successfully bumped revision number for resource 108857cb-1420-4710-b70a-b28e68e6da93 (type: ports) to 4
2026-05-20 18:43:19.477 10 INFO neutron.db.ovn_revision_numbers_db [None req-8fba1749-52a1-462f-b336-408df9bfaad5 - - - - - -] Successfully bumped revision number for resource 2f336af2-2e33-41a6-88cf-f5ccb8944d0f (type: ports) to 2
2026-05-20 18:43:19.482 10 INFO neutron.api.wsgi [None req-7a5a71e5-fb16-4461-9802-e39a09387370 25961daeef90494d98212e8106a97e05 0405c3c08a9f4591ba583b5d93a8f032 - - default default] 10.0.0.47 "PUT /v2.0/routers/4584b6bd-0acb-4baf-968d-5aea00e4b9aa/add_router_interface HTTP/1.1" status: 200 len: 503 time: 3.7567899
2026-05-20 18:43:19.500 9 INFO neutron.api.wsgi [req-d497cf3e-6825-4897-a251-7076fd77839b req-5946c31b-8b02-433d-9e3f-590009257ab0 296f79a337154385b1d2d52f990f5720 ec8322b84130496bbd20415bbb09ca23 - - cb9ff544df3446bb97acdb0921216e7a cb9ff544df3446bb97acdb0921216e7a] 199.204.45.242 "PUT /v2.0/ports/108857cb-1420-4710-b70a-b28e68e6da93 HTTP/1.1" status: 200 len: 1404 time: 1.4766333
2026-05-20 18:43:19.689 10 INFO neutron.api.wsgi [req-21d4b3c8-8245-4abc-849a-48d3b41faba9 req-cd830e4a-0633-4056-bb8b-106f486950c8 80d17cb49edd46dd9efbca80b3993c08 0191e27732b54091858e4e7312caba93 - - default default] 10.0.0.131 "GET /v2.0/ports?device_id=d13cfdfd-1806-497d-836c-5ecbdc546269 HTTP/1.1" status: 200 len: 1168 time: 0.0355337
2026-05-20 18:43:19.738 10 INFO neutron.api.wsgi [req-21d4b3c8-8245-4abc-849a-48d3b41faba9 req-2aa7f364-39a7-4331-a921-9df96c1ec060 80d17cb49edd46dd9efbca80b3993c08 0191e27732b54091858e4e7312caba93 - - default default] 10.0.0.131 "GET /v2.0/security-groups?id=0f94f51d-da9f-4734-80a9-4bdff9e85df1&fields=id&fields=name HTTP/1.1" status: 200 len: 313 time: 0.0429554
2026-05-20 18:43:19.971 9 INFO neutron.api.wsgi [-] 10.0.0.32 "GET / HTTP/1.1" status: 200 len: 247 time: 0.0023925
2026-05-20 18:43:19.971 10 INFO neutron.api.wsgi [-] 10.0.0.32 "GET / HTTP/1.1" status: 200 len: 247 time: 0.0024722
2026-05-20 18:43:20.023 9 INFO neutron.notifiers.nova [-] Nova event matching ['req-4588c46d-be90-4cf9-814d-8c571d32741a'] response: {'name': 'network-changed', 'server_uuid': 'd13cfdfd-1806-497d-836c-5ecbdc546269', 'tag': '108857cb-1420-4710-b70a-b28e68e6da93', 'status': 'completed', 'code': 200}
2026-05-20 18:43:20.459 10 INFO neutron.api.wsgi [req-5b131377-e691-42c4-82e4-f1c0af5d8adc req-f666dda6-78b2-4e97-8f2b-d7401071c349 416a9947ba2b406d9f81181676046b8b 0b613e40b51742d2a781e934572e7e1b - - default default] 10.0.0.131 "GET /v2.0/ports?device_id=9f0e35b4-3860-4312-88f7-89486c8343e9 HTTP/1.1" status: 200 len: 1172 time: 0.1035488
2026-05-20 18:43:20.512 10 INFO neutron.api.wsgi [req-5b131377-e691-42c4-82e4-f1c0af5d8adc req-da9cf273-f978-4c65-9bf7-7ff38c054034 416a9947ba2b406d9f81181676046b8b 0b613e40b51742d2a781e934572e7e1b - - default default] 10.0.0.131 "GET /v2.0/security-groups?id=1b2f849c-05bf-48fd-8ae7-a89daf77fffa&fields=id&fields=name HTTP/1.1" status: 200 len: 286 time: 0.0484185
2026-05-20 18:43:20.614 9 INFO neutron.api.wsgi [req-a9da81a4-ec97-4b75-9ff8-80d68d14bad6 req-3784e541-c2fe-462b-8fe3-4dee0885d8b1 296f79a337154385b1d2d52f990f5720 ec8322b84130496bbd20415bbb09ca23 - - cb9ff544df3446bb97acdb0921216e7a cb9ff544df3446bb97acdb0921216e7a] 199.204.45.242 "GET /v2.0/ports?tenant_id=0191e27732b54091858e4e7312caba93&device_id=d13cfdfd-1806-497d-836c-5ecbdc546269 HTTP/1.1" status: 200 len: 1407 time: 0.0797493
2026-05-20 18:43:20.678 9 INFO neutron.api.wsgi [req-a9da81a4-ec97-4b75-9ff8-80d68d14bad6 req-a6838882-a4dc-4840-b4a9-f47eab3e7274 296f79a337154385b1d2d52f990f5720 ec8322b84130496bbd20415bbb09ca23 - - cb9ff544df3446bb97acdb0921216e7a cb9ff544df3446bb97acdb0921216e7a] 199.204.45.242 "GET /v2.0/networks?tenant_id=0191e27732b54091858e4e7312caba93&shared=False HTTP/1.1" status: 200 len: 978 time: 0.0559130
2026-05-20 18:43:20.726 9 WARNING neutron_lib.context [req-76878cef-ee0d-4296-a03c-90a4c7a03c41 req-288ed492-1ae2-41d9-923b-e2a03553e70a e8670233c962483b88e8b23a8a7d2d5c 427ccb65fe524736aa98e45d05e62ce4 - - default default] Method 'is_advsvc' is deprecated since 2023.2 release (neutron-lib 3.8.0) and will be removed once support for the old RBAC API policies will be removed from Neutron. Please use method 'is_service_role' instead.
2026-05-20 18:43:20.836 9 INFO neutron.api.wsgi [req-a9da81a4-ec97-4b75-9ff8-80d68d14bad6 req-d41b744e-ef65-42ec-b71b-acdb3cfcb757 296f79a337154385b1d2d52f990f5720 ec8322b84130496bbd20415bbb09ca23 - - cb9ff544df3446bb97acdb0921216e7a cb9ff544df3446bb97acdb0921216e7a] 199.204.45.242 "GET /v2.0/networks?shared=True HTTP/1.1" status: 200 len: 952 time: 0.0486102
2026-05-20 18:43:20.859 10 INFO neutron.api.wsgi [req-824292dc-17ee-4765-98de-64a22f616cb8 req-92286741-713d-459f-9cf8-9b156d202b1a 80d17cb49edd46dd9efbca80b3993c08 0191e27732b54091858e4e7312caba93 - - default default] 10.0.0.131 "GET /v2.0/ports?device_id=d13cfdfd-1806-497d-836c-5ecbdc546269 HTTP/1.1" status: 200 len: 1168 time: 0.0312054
2026-05-20 18:43:20.912 10 INFO neutron.api.wsgi [req-824292dc-17ee-4765-98de-64a22f616cb8 req-f73bfe77-d4d2-4617-8f07-6dec5b408b9f 80d17cb49edd46dd9efbca80b3993c08 0191e27732b54091858e4e7312caba93 - - default default] 10.0.0.131 "GET /v2.0/security-groups?id=0f94f51d-da9f-4734-80a9-4bdff9e85df1&fields=id&fields=name HTTP/1.1" status: 200 len: 313 time: 0.0484979
2026-05-20 18:43:21.042 10 INFO neutron.api.wsgi [None req-c000394f-e7e7-4bab-b878-be9ec5fd9a6a 25961daeef90494d98212e8106a97e05 0405c3c08a9f4591ba583b5d93a8f032 - - default default] 10.0.0.47 "DELETE /v2.0/security-groups/aa1a065f-f00f-4d38-85df-6fd910e243e4 HTTP/1.1" status: 204 len: 168 time: 2.0859895
2026-05-20 18:43:21.644 10 INFO neutron.api.wsgi [req-3d2a6698-824d-4993-ad42-d84d0a612dea req-8d0684c7-363b-41ab-aab9-4c0a209c5984 416a9947ba2b406d9f81181676046b8b 0b613e40b51742d2a781e934572e7e1b - - default default] 10.0.0.131 "GET /v2.0/ports?device_id=9f0e35b4-3860-4312-88f7-89486c8343e9 HTTP/1.1" status: 200 len: 1172 time: 0.0540297
2026-05-20 18:43:21.684 10 INFO neutron.api.wsgi [req-3d2a6698-824d-4993-ad42-d84d0a612dea req-17b6a848-6597-4e12-b14c-e10155608eba 416a9947ba2b406d9f81181676046b8b 0b613e40b51742d2a781e934572e7e1b - - default default] 10.0.0.131 "GET /v2.0/security-groups?id=1b2f849c-05bf-48fd-8ae7-a89daf77fffa&fields=id&fields=name HTTP/1.1" status: 200 len: 286 time: 0.0357351
2026-05-20 18:43:21.963 9 INFO neutron.api.wsgi [req-d497cf3e-6825-4897-a251-7076fd77839b req-b6ff1a7c-1b99-4af0-b251-726fe43eb142 296f79a337154385b1d2d52f990f5720 ec8322b84130496bbd20415bbb09ca23 - - cb9ff544df3446bb97acdb0921216e7a cb9ff544df3446bb97acdb0921216e7a] 199.204.45.242 "GET /v2.0/ports?tenant_id=0191e27732b54091858e4e7312caba93&device_id=d13cfdfd-1806-497d-836c-5ecbdc546269 HTTP/1.1" status: 200 len: 1407 time: 0.0414073
2026-05-20 18:43:21.997 9 INFO neutron.api.wsgi [req-d497cf3e-6825-4897-a251-7076fd77839b req-b31b9325-2f63-42fb-99a1-7d970566e90e 296f79a337154385b1d2d52f990f5720 ec8322b84130496bbd20415bbb09ca23 - - cb9ff544df3446bb97acdb0921216e7a cb9ff544df3446bb97acdb0921216e7a] 199.204.45.242 "GET /v2.0/floatingips?fixed_ip_address=10.100.0.5&port_id=108857cb-1420-4710-b70a-b28e68e6da93 HTTP/1.1" status: 200 len: 217 time: 0.0283167
2026-05-20 18:43:22.035 9 INFO neutron.api.wsgi [req-d497cf3e-6825-4897-a251-7076fd77839b req-a0107432-df93-454e-84d8-f81f27d26d6a 296f79a337154385b1d2d52f990f5720 ec8322b84130496bbd20415bbb09ca23 - - cb9ff544df3446bb97acdb0921216e7a cb9ff544df3446bb97acdb0921216e7a] 199.204.45.242 "GET /v2.0/subnets?id=332f5576-ea49-4133-aa39-4b62f4a7a5d3 HTTP/1.1" status: 200 len: 897 time: 0.0328455
2026-05-20 18:43:22.048 10 INFO neutron.api.wsgi [req-4662cddd-b797-476c-8157-857698f3ea09 req-a96d7a4c-4ddd-435c-965f-0b581980cb5d 80d17cb49edd46dd9efbca80b3993c08 0191e27732b54091858e4e7312caba93 - - default default] 10.0.0.131 "GET /v2.0/ports?device_id=d13cfdfd-1806-497d-836c-5ecbdc546269 HTTP/1.1" status: 200 len: 1168 time: 0.0618126
2026-05-20 18:43:22.085 10 INFO neutron.api.wsgi [req-4662cddd-b797-476c-8157-857698f3ea09 req-27b27f56-f5ee-4561-9d25-2922e9449206 80d17cb49edd46dd9efbca80b3993c08 0191e27732b54091858e4e7312caba93 - - default default] 10.0.0.131 "GET /v2.0/security-groups?id=0f94f51d-da9f-4734-80a9-4bdff9e85df1&fields=id&fields=name HTTP/1.1" status: 200 len: 313 time: 0.0316672
2026-05-20 18:43:22.199 9 INFO neutron.api.wsgi [req-d497cf3e-6825-4897-a251-7076fd77839b req-e3716c96-2dd6-435e-9534-c525a7e3673b 296f79a337154385b1d2d52f990f5720 ec8322b84130496bbd20415bbb09ca23 - - cb9ff544df3446bb97acdb0921216e7a cb9ff544df3446bb97acdb0921216e7a] 199.204.45.242 "GET /v2.0/ports?network_id=971d0303-37a5-44ea-98ee-de524b512092&device_owner=network%3Adhcp HTTP/1.1" status: 200 len: 210 time: 0.1579804
2026-05-20 18:43:22.256 9 INFO neutron.api.wsgi [req-d497cf3e-6825-4897-a251-7076fd77839b req-0610eb9b-28c8-4775-a112-96ec15bb1968 296f79a337154385b1d2d52f990f5720 ec8322b84130496bbd20415bbb09ca23 - - cb9ff544df3446bb97acdb0921216e7a cb9ff544df3446bb97acdb0921216e7a] 199.204.45.242 "GET /v2.0/networks/971d0303-37a5-44ea-98ee-de524b512092?fields=segments HTTP/1.1" status: 200 len: 212 time: 0.0511758
2026-05-20 18:43:22.316 9 INFO neutron.api.wsgi [req-d497cf3e-6825-4897-a251-7076fd77839b req-a8f19b2f-371a-4daf-bd13-a17aebb8c460 296f79a337154385b1d2d52f990f5720 ec8322b84130496bbd20415bbb09ca23 - - cb9ff544df3446bb97acdb0921216e7a cb9ff544df3446bb97acdb0921216e7a] 199.204.45.242 "GET /v2.0/networks/971d0303-37a5-44ea-98ee-de524b512092?fields=provider%3Aphysical_network&fields=provider%3Anetwork_type HTTP/1.1" status: 200 len: 277 time: 0.0535798
2026-05-20 18:43:22.802 10 INFO neutron.api.wsgi [req-70ce2d04-e66a-49fe-90c2-777605ca69b8 req-66b3b686-842f-4fb5-8b32-aecff0e850af 416a9947ba2b406d9f81181676046b8b 0b613e40b51742d2a781e934572e7e1b - - default default] 10.0.0.131 "GET /v2.0/ports?device_id=9f0e35b4-3860-4312-88f7-89486c8343e9 HTTP/1.1" status: 200 len: 1172 time: 0.0351825
2026-05-20 18:43:22.836 10 INFO neutron.api.wsgi [req-70ce2d04-e66a-49fe-90c2-777605ca69b8 req-412646e3-4463-4547-a7b3-046a55e67659 416a9947ba2b406d9f81181676046b8b 0b613e40b51742d2a781e934572e7e1b - - default default] 10.0.0.131 "GET /v2.0/security-groups?id=1b2f849c-05bf-48fd-8ae7-a89daf77fffa&fields=id&fields=name HTTP/1.1" status: 200 len: 286 time: 0.0277693
2026-05-20 18:43:23.190 10 INFO neutron.api.wsgi [req-966a6656-69a7-475e-a2be-ba7d6caff2c5 req-ba812c1f-5ece-41f4-8461-1cd5c3422f74 80d17cb49edd46dd9efbca80b3993c08 0191e27732b54091858e4e7312caba93 - - default default] 10.0.0.131 "GET /v2.0/ports?device_id=d13cfdfd-1806-497d-836c-5ecbdc546269 HTTP/1.1" status: 200 len: 1168 time: 0.0355799
2026-05-20 18:43:23.224 10 INFO neutron.api.wsgi [req-966a6656-69a7-475e-a2be-ba7d6caff2c5 req-24a82ed3-1935-4dfa-bd07-b08efe4462fa 80d17cb49edd46dd9efbca80b3993c08 0191e27732b54091858e4e7312caba93 - - default default] 10.0.0.131 "GET /v2.0/security-groups?id=0f94f51d-da9f-4734-80a9-4bdff9e85df1&fields=id&fields=name HTTP/1.1" status: 200 len: 313 time: 0.0283856
2026-05-20 18:43:23.245 9 INFO neutron.db.ovn_revision_numbers_db [req-76878cef-ee0d-4296-a03c-90a4c7a03c41 req-288ed492-1ae2-41d9-923b-e2a03553e70a e8670233c962483b88e8b23a8a7d2d5c 427ccb65fe524736aa98e45d05e62ce4 - - default default] Successfully bumped revision number for resource 35ab9345-ece7-499e-8710-c3c789e1e293 (type: security_groups) to 1
2026-05-20 18:43:23.290 9 INFO neutron.db.ovn_revision_numbers_db [None req-e02567aa-f11b-42fd-a82e-79bbd376a684 25961daeef90494d98212e8106a97e05 0405c3c08a9f4591ba583b5d93a8f032 - - default default] Successfully bumped revision number for resource 1ddae4f6-be7a-4199-93d2-b3ab525766e8 (type: security_groups) to 1
2026-05-20 18:43:23.704 9 INFO neutron.db.ovn_revision_numbers_db [req-76878cef-ee0d-4296-a03c-90a4c7a03c41 req-288ed492-1ae2-41d9-923b-e2a03553e70a e8670233c962483b88e8b23a8a7d2d5c 427ccb65fe524736aa98e45d05e62ce4 - - default default] Successfully bumped revision number for resource 0c42b8ea-847f-4d64-bf26-332f4dc7685a (type: security_group_rules) to 0
2026-05-20 18:43:23.705 10 WARNING neutron.plugins.ml2.drivers.ovn.mech_driver.ovsdb.ovn_client [None req-5c0e617d-932d-43c7-a3af-a2312438677a - - - - - -] No hosting information found for port 2f336af2-2e33-41a6-88cf-f5ccb8944d0f: RuntimeError: No hosting information found for port 2f336af2-2e33-41a6-88cf-f5ccb8944d0f
2026-05-20 18:43:23.855 9 INFO neutron.db.ovn_revision_numbers_db [None req-e02567aa-f11b-42fd-a82e-79bbd376a684 25961daeef90494d98212e8106a97e05 0405c3c08a9f4591ba583b5d93a8f032 - - default default] Successfully bumped revision number for resource 1e43a74b-7a1c-4de3-99c5-ce32e799f40b (type: security_group_rules) to 0
2026-05-20 18:43:23.981 10 INFO neutron.api.wsgi [req-6b354df5-10ed-4302-9be6-f0c554053e57 req-b0d91cbf-762f-4c32-979f-962533399304 416a9947ba2b406d9f81181676046b8b 0b613e40b51742d2a781e934572e7e1b - - default default] 10.0.0.131 "GET /v2.0/ports?device_id=9f0e35b4-3860-4312-88f7-89486c8343e9 HTTP/1.1" status: 200 len: 1172 time: 0.0643384
2026-05-20 18:43:24.012 10 INFO neutron.api.wsgi [req-6b354df5-10ed-4302-9be6-f0c554053e57 req-4a779d5c-514b-43e3-b0f9-7e357c36da23 416a9947ba2b406d9f81181676046b8b 0b613e40b51742d2a781e934572e7e1b - - default default] 10.0.0.131 "GET /v2.0/security-groups?id=1b2f849c-05bf-48fd-8ae7-a89daf77fffa&fields=id&fields=name HTTP/1.1" status: 200 len: 286 time: 0.0265844
2026-05-20 18:43:24.191 10 INFO neutron.db.ovn_revision_numbers_db [None req-5c0e617d-932d-43c7-a3af-a2312438677a - - - - - -] Successfully bumped revision number for resource 2f336af2-2e33-41a6-88cf-f5ccb8944d0f (type: router_ports) to 2
2026-05-20 18:43:24.191 9 INFO neutron.db.ovn_revision_numbers_db [req-76878cef-ee0d-4296-a03c-90a4c7a03c41 req-288ed492-1ae2-41d9-923b-e2a03553e70a e8670233c962483b88e8b23a8a7d2d5c 427ccb65fe524736aa98e45d05e62ce4 - - default default] Successfully bumped revision number for resource f2261658-cdac-4024-8e86-8ea78e9bc0fe (type: security_group_rules) to 0
2026-05-20 18:43:24.345 10 INFO neutron.api.wsgi [req-9f118b67-4826-455d-91aa-e9413ff55467 req-23adaff2-43b9-4658-bf02-9b59006ea29b 80d17cb49edd46dd9efbca80b3993c08 0191e27732b54091858e4e7312caba93 - - default default] 10.0.0.131 "GET /v2.0/ports?device_id=d13cfdfd-1806-497d-836c-5ecbdc546269 HTTP/1.1" status: 200 len: 1168 time: 0.0662591
2026-05-20 18:43:24.380 10 INFO neutron.api.wsgi [req-9f118b67-4826-455d-91aa-e9413ff55467 req-1208f5aa-e587-4242-8f42-267eff6edbd9 80d17cb49edd46dd9efbca80b3993c08 0191e27732b54091858e4e7312caba93 - - default default] 10.0.0.131 "GET /v2.0/security-groups?id=0f94f51d-da9f-4734-80a9-4bdff9e85df1&fields=id&fields=name HTTP/1.1" status: 200 len: 313 time: 0.0286222
2026-05-20 18:43:24.679 9 INFO neutron.db.ovn_revision_numbers_db [None req-e02567aa-f11b-42fd-a82e-79bbd376a684 25961daeef90494d98212e8106a97e05 0405c3c08a9f4591ba583b5d93a8f032 - - default default] Successfully bumped revision number for resource 485a677a-cb24-46b1-92f7-72b965a086b7 (type: security_group_rules) to 0
2026-05-20 18:43:24.963 9 INFO neutron.api.wsgi [req-76878cef-ee0d-4296-a03c-90a4c7a03c41 req-288ed492-1ae2-41d9-923b-e2a03553e70a e8670233c962483b88e8b23a8a7d2d5c 427ccb65fe524736aa98e45d05e62ce4 - - default default] 10.0.0.131 "POST /v2.0/security-groups HTTP/1.1" status: 201 len: 1887 time: 4.2441344
2026-05-20 18:43:24.997 10 WARNING neutron_lib.context [req-877a2975-c679-4c9d-aa2c-c0725d32eebe req-9b828aa7-e33a-4d74-85e4-269747acb2c8 e8670233c962483b88e8b23a8a7d2d5c 427ccb65fe524736aa98e45d05e62ce4 - - default default] Method 'is_advsvc' is deprecated since 2023.2 release (neutron-lib 3.8.0) and will be removed once support for the old RBAC API policies will be removed from Neutron. Please use method 'is_service_role' instead.
2026-05-20 18:43:24.999 9 INFO neutron.db.ovn_revision_numbers_db [None req-e02567aa-f11b-42fd-a82e-79bbd376a684 25961daeef90494d98212e8106a97e05 0405c3c08a9f4591ba583b5d93a8f032 - - default default] Successfully bumped revision number for resource e799e0f8-3d6b-4478-bff4-eba6e415de2d (type: security_group_rules) to 0
2026-05-20 18:43:25.184 9 INFO neutron.api.wsgi [req-2a92a537-f9e2-4eed-9d36-85f4641f8bdf req-c5914979-245b-4def-89a0-3fdc1aa6b47d 416a9947ba2b406d9f81181676046b8b 0b613e40b51742d2a781e934572e7e1b - - default default] 10.0.0.131 "GET /v2.0/ports?device_id=9f0e35b4-3860-4312-88f7-89486c8343e9 HTTP/1.1" status: 200 len: 1172 time: 0.0694318
2026-05-20 18:43:25.235 9 INFO neutron.api.wsgi [req-2a92a537-f9e2-4eed-9d36-85f4641f8bdf req-07fd3908-87bd-473a-8b5a-8707f635c5de 416a9947ba2b406d9f81181676046b8b 0b613e40b51742d2a781e934572e7e1b - - default default] 10.0.0.131 "GET /v2.0/security-groups?id=1b2f849c-05bf-48fd-8ae7-a89daf77fffa&fields=id&fields=name HTTP/1.1" status: 200 len: 286 time: 0.0419679
2026-05-20 18:43:25.288 9 INFO neutron.plugins.ml2.drivers.ovn.mech_driver.mech_driver [None req-78d08b5c-e618-450c-b840-25c1b1799bb9 - - - - - -] OVN reports status up for port: a9bbe412-690b-4b7b-a891-fdc51ea58d67
2026-05-20 18:43:25.354 9 INFO neutron.db.ovn_revision_numbers_db [None req-e02567aa-f11b-42fd-a82e-79bbd376a684 25961daeef90494d98212e8106a97e05 0405c3c08a9f4591ba583b5d93a8f032 - - default default] Successfully bumped revision number for resource e84ade9e-370c-4138-ab93-acf8773fd317 (type: security_group_rules) to 0
2026-05-20 18:43:25.407 9 INFO neutron.api.wsgi [None req-e02567aa-f11b-42fd-a82e-79bbd376a684 25961daeef90494d98212e8106a97e05 0405c3c08a9f4591ba583b5d93a8f032 - - default default] 10.0.0.47 "GET /v2.0/security-groups?tenant_id=3c58627884dc4a7985816c7b05490d34&name=default HTTP/1.1" status: 200 len: 3120 time: 2.9542320
2026-05-20 18:43:25.539 9 INFO neutron.api.wsgi [req-fdffda9f-e6d8-4313-90ff-09fbf65cb3fd req-cc29088a-b0a0-4f02-9e97-38eaa4f44c7f 80d17cb49edd46dd9efbca80b3993c08 0191e27732b54091858e4e7312caba93 - - default default] 10.0.0.131 "GET /v2.0/ports?device_id=d13cfdfd-1806-497d-836c-5ecbdc546269 HTTP/1.1" status: 200 len: 1168 time: 0.0844443
2026-05-20 18:43:25.587 9 INFO neutron.api.wsgi [req-fdffda9f-e6d8-4313-90ff-09fbf65cb3fd req-300bbb06-4672-4364-8ab8-df6f77f4b118 80d17cb49edd46dd9efbca80b3993c08 0191e27732b54091858e4e7312caba93 - - default default] 10.0.0.131 "GET /v2.0/security-groups?id=0f94f51d-da9f-4734-80a9-4bdff9e85df1&fields=id&fields=name HTTP/1.1" status: 200 len: 313 time: 0.0434873
2026-05-20 18:43:25.699 9 INFO neutron.plugins.ml2.plugin [None req-78d08b5c-e618-450c-b840-25c1b1799bb9 - - - - - -] Attempt 1 to provision port a9bbe412-690b-4b7b-a891-fdc51ea58d67
2026-05-20 18:43:25.793 9 INFO neutron.notifiers.nova [-] Nova event matching ['req-f57b67bb-308a-4ce4-975c-2f06fc1c9403'] response: {'server_uuid': '9f0e35b4-3860-4312-88f7-89486c8343e9', 'name': 'network-vif-plugged', 'status': 'completed', 'tag': 'a9bbe412-690b-4b7b-a891-fdc51ea58d67', 'code': 200}
2026-05-20 18:43:26.176 10 INFO neutron.db.ovn_revision_numbers_db [req-877a2975-c679-4c9d-aa2c-c0725d32eebe req-9b828aa7-e33a-4d74-85e4-269747acb2c8 e8670233c962483b88e8b23a8a7d2d5c 427ccb65fe524736aa98e45d05e62ce4 - - default default] Successfully bumped revision number for resource d708f60b-46de-4761-b651-29d8cd628ca6 (type: security_groups) to 1
2026-05-20 18:43:26.240 10 INFO neutron.db.ovn_revision_numbers_db [req-877a2975-c679-4c9d-aa2c-c0725d32eebe req-9b828aa7-e33a-4d74-85e4-269747acb2c8 e8670233c962483b88e8b23a8a7d2d5c 427ccb65fe524736aa98e45d05e62ce4 - - default default] Successfully bumped revision number for resource 37b0ee65-7a40-47a3-8d13-44f31cdd033a (type: security_group_rules) to 0
2026-05-20 18:43:26.279 10 INFO neutron.db.ovn_revision_numbers_db [req-877a2975-c679-4c9d-aa2c-c0725d32eebe req-9b828aa7-e33a-4d74-85e4-269747acb2c8 e8670233c962483b88e8b23a8a7d2d5c 427ccb65fe524736aa98e45d05e62ce4 - - default default] Successfully bumped revision number for resource c68ad1b7-39f3-482f-9b78-9b1e067b7a62 (type: security_group_rules) to 0
2026-05-20 18:43:26.279 9 INFO neutron.api.wsgi [None req-bf8ca14b-2225-44d3-92b8-ceeb70f38c8f 25961daeef90494d98212e8106a97e05 0405c3c08a9f4591ba583b5d93a8f032 - - default default] 10.0.0.47 "DELETE /v2.0/security-groups/1ddae4f6-be7a-4199-93d2-b3ab525766e8 HTTP/1.1" status: 204 len: 168 time: 0.8674891
2026-05-20 18:43:26.324 9 INFO neutron.db.ovn_revision_numbers_db [None req-78d08b5c-e618-450c-b840-25c1b1799bb9 - - - - - -] Successfully bumped revision number for resource a9bbe412-690b-4b7b-a891-fdc51ea58d67 (type: ports) to 5
2026-05-20 18:43:26.340 10 INFO neutron.api.wsgi [req-877a2975-c679-4c9d-aa2c-c0725d32eebe req-9b828aa7-e33a-4d74-85e4-269747acb2c8 e8670233c962483b88e8b23a8a7d2d5c 427ccb65fe524736aa98e45d05e62ce4 - - default default] 10.0.0.131 "POST /v2.0/security-groups HTTP/1.1" status: 201 len: 1885 time: 1.3489413
2026-05-20 18:43:26.350 9 INFO neutron.api.wsgi [req-0b94baab-38d5-4815-b33f-0b96b2e1c95d req-64738993-f410-44b9-8b4c-20810e27c293 416a9947ba2b406d9f81181676046b8b 0b613e40b51742d2a781e934572e7e1b - - default default] 10.0.0.131 "GET /v2.0/ports?device_id=9f0e35b4-3860-4312-88f7-89486c8343e9 HTTP/1.1" status: 200 len: 1174 time: 0.0470672
2026-05-20 18:43:26.390 10 WARNING neutron_lib.context [req-742394ab-6d0e-4b57-95ee-843575af8ad6 req-4b2d7f30-8a9f-4151-9784-42cf7e757d89 e8670233c962483b88e8b23a8a7d2d5c 427ccb65fe524736aa98e45d05e62ce4 - - default default] Method 'is_advsvc' is deprecated since 2023.2 release (neutron-lib 3.8.0) and will be removed once support for the old RBAC API policies will be removed from Neutron. Please use method 'is_service_role' instead.
2026-05-20 18:43:26.394 9 INFO neutron.api.wsgi [req-0b94baab-38d5-4815-b33f-0b96b2e1c95d req-3f1644f8-a14c-4bf6-9849-34596cb59397 416a9947ba2b406d9f81181676046b8b 0b613e40b51742d2a781e934572e7e1b - - default default] 10.0.0.131 "GET /v2.0/security-groups?id=1b2f849c-05bf-48fd-8ae7-a89daf77fffa&fields=id&fields=name HTTP/1.1" status: 200 len: 286 time: 0.0382457 /var/lib/openstack/lib/python3.12/site-packages/pycadf/identifier.py:71: UserWarning: Invalid uuid: neutron. To ensure interoperability, identifiers should be a valid uuid. warnings.warn(('Invalid uuid: %s. To ensure interoperability, '
2026-05-20 18:43:26.784 9 INFO neutron.api.wsgi [req-ba7012da-0348-4005-977a-44da79a09082 req-3652d0f4-6fc4-4d07-8d83-0f9e54f806ac 80d17cb49edd46dd9efbca80b3993c08 0191e27732b54091858e4e7312caba93 - - default default] 10.0.0.131 "GET /v2.0/ports?device_id=d13cfdfd-1806-497d-836c-5ecbdc546269 HTTP/1.1" status: 200 len: 1168 time: 0.0409522
2026-05-20 18:43:26.881 9 INFO neutron.api.wsgi [req-ba7012da-0348-4005-977a-44da79a09082 req-b0f60658-2114-4440-9dde-ce144037af6b 80d17cb49edd46dd9efbca80b3993c08 0191e27732b54091858e4e7312caba93 - - default default] 10.0.0.131 "GET /v2.0/security-groups?id=0f94f51d-da9f-4734-80a9-4bdff9e85df1&fields=id&fields=name HTTP/1.1" status: 200 len: 313 time: 0.0871255
2026-05-20 18:43:27.323 10 INFO neutron.db.ovn_revision_numbers_db [req-742394ab-6d0e-4b57-95ee-843575af8ad6 req-4b2d7f30-8a9f-4151-9784-42cf7e757d89 e8670233c962483b88e8b23a8a7d2d5c 427ccb65fe524736aa98e45d05e62ce4 - - default default] Successfully bumped revision number for resource aaa63a27-a265-4fec-bac0-b3d2c859de71 (type: security_groups) to 1
2026-05-20 18:43:27.484 9 INFO neutron.api.wsgi [req-84a7e1a5-bab5-4578-a65b-db70f764e793 req-455ae250-4cc6-4dfe-8ffb-ced79a18966a 416a9947ba2b406d9f81181676046b8b 0b613e40b51742d2a781e934572e7e1b - - default default] 10.0.0.131 "GET /v2.0/ports?device_id=9f0e35b4-3860-4312-88f7-89486c8343e9 HTTP/1.1" status: 200 len: 1174 time: 0.0310237
2026-05-20 18:43:27.523 9 INFO neutron.api.wsgi [req-84a7e1a5-bab5-4578-a65b-db70f764e793 req-2e18459b-a171-4887-8e2c-b1626a3c63af 416a9947ba2b406d9f81181676046b8b 0b613e40b51742d2a781e934572e7e1b - - default default] 10.0.0.131 "GET /v2.0/security-groups?id=1b2f849c-05bf-48fd-8ae7-a89daf77fffa&fields=id&fields=name HTTP/1.1" status: 200 len: 286 time: 0.0348217
2026-05-20 18:43:27.843 9 INFO neutron.notifiers.nova [-] Nova event matching ['req-32296e93-d2f8-4ecb-a8cb-278f2c853de5'] response: {'server_uuid': '9f0e35b4-3860-4312-88f7-89486c8343e9', 'name': 'network-vif-plugged', 'status': 'completed', 'tag': 'a9bbe412-690b-4b7b-a891-fdc51ea58d67', 'code': 200}
2026-05-20 18:43:27.938 10 INFO neutron.db.ovn_revision_numbers_db [req-742394ab-6d0e-4b57-95ee-843575af8ad6 req-4b2d7f30-8a9f-4151-9784-42cf7e757d89 e8670233c962483b88e8b23a8a7d2d5c 427ccb65fe524736aa98e45d05e62ce4 - - default default] Successfully bumped revision number for resource 67a59f69-ea0b-4e97-a493-101bd54321e3 (type: security_group_rules) to 0
