2026-05-20 18:48:48.424 9 INFO neutron.api.wsgi [None req-3071b7a9-03c2-44aa-873c-12e0639f0f48 0e279818025c474bb062c05e093f4e17 2d10c68ecdb84106af80bb7ee184bc52 - - default default] 10.0.0.47 "POST /v2.0/vpn/vpnservices HTTP/1.1" status: 201 len: 657 time: 4.2474854
2026-05-20 18:48:48.435 9 WARNING neutron_lib.context [None req-5b2dd224-df22-4002-9542-453ab2251eb1 0e279818025c474bb062c05e093f4e17 2d10c68ecdb84106af80bb7ee184bc52 - - default default] Method 'is_advsvc' is deprecated since 2023.2 release (neutron-lib 3.8.0) and will be removed once support for the old RBAC API policies will be removed from Neutron. Please use method 'is_service_role' instead.
2026-05-20 18:48:48.794 9 INFO neutron.api.wsgi [None req-5b2dd224-df22-4002-9542-453ab2251eb1 0e279818025c474bb062c05e093f4e17 2d10c68ecdb84106af80bb7ee184bc52 - - default default] 10.0.0.47 "POST /v2.0/vpn/vpnservices HTTP/1.1" status: 201 len: 622 time: 0.3643649
2026-05-20 18:48:48.803 9 WARNING neutron_lib.context [None req-6202d2dc-3411-492b-94de-29c60a5b6d3b 0e279818025c474bb062c05e093f4e17 2d10c68ecdb84106af80bb7ee184bc52 - - default default] Method 'is_advsvc' is deprecated since 2023.2 release (neutron-lib 3.8.0) and will be removed once support for the old RBAC API policies will be removed from Neutron. Please use method 'is_service_role' instead.
2026-05-20 18:48:48.835 9 INFO neutron.api.wsgi [None req-6202d2dc-3411-492b-94de-29c60a5b6d3b 0e279818025c474bb062c05e093f4e17 2d10c68ecdb84106af80bb7ee184bc52 - - default default] 10.0.0.47 "POST /v2.0/vpn/ikepolicies HTTP/1.1" status: 201 len: 602 time: 0.0358737
2026-05-20 18:48:48.843 9 WARNING neutron_lib.context [None req-f7d076d5-14a7-46bc-a959-ba04b4e7ded8 0e279818025c474bb062c05e093f4e17 2d10c68ecdb84106af80bb7ee184bc52 - - default default] Method 'is_advsvc' is deprecated since 2023.2 release (neutron-lib 3.8.0) and will be removed once support for the old RBAC API policies will be removed from Neutron. Please use method 'is_service_role' instead.
2026-05-20 18:48:48.876 9 INFO neutron.api.wsgi [None req-f7d076d5-14a7-46bc-a959-ba04b4e7ded8 0e279818025c474bb062c05e093f4e17 2d10c68ecdb84106af80bb7ee184bc52 - - default default] 10.0.0.47 "POST /v2.0/vpn/ipsecpolicies HTTP/1.1" status: 201 len: 611 time: 0.0366583
2026-05-20 18:48:48.886 9 WARNING neutron_lib.context [None req-abc46c76-01ce-4fe8-8299-d042ce08dfb8 0e279818025c474bb062c05e093f4e17 2d10c68ecdb84106af80bb7ee184bc52 - - default default] Method 'is_advsvc' is deprecated since 2023.2 release (neutron-lib 3.8.0) and will be removed once support for the old RBAC API policies will be removed from Neutron. Please use method 'is_service_role' instead.
2026-05-20 18:48:48.936 9 INFO neutron.api.wsgi [None req-abc46c76-01ce-4fe8-8299-d042ce08dfb8 0e279818025c474bb062c05e093f4e17 2d10c68ecdb84106af80bb7ee184bc52 - - default default] 10.0.0.47 "POST /v2.0/vpn/endpoint-groups HTTP/1.1" status: 201 len: 527 time: 0.0548201
2026-05-20 18:48:48.945 9 WARNING neutron_lib.context [None req-70c529c9-7f9f-4a28-bad7-3f771059e18c 0e279818025c474bb062c05e093f4e17 2d10c68ecdb84106af80bb7ee184bc52 - - default default] Method 'is_advsvc' is deprecated since 2023.2 release (neutron-lib 3.8.0) and will be removed once support for the old RBAC API policies will be removed from Neutron. Please use method 'is_service_role' instead.
2026-05-20 18:48:48.982 9 INFO neutron.api.wsgi [None req-70c529c9-7f9f-4a28-bad7-3f771059e18c 0e279818025c474bb062c05e093f4e17 2d10c68ecdb84106af80bb7ee184bc52 - - default default] 10.0.0.47 "POST /v2.0/vpn/endpoint-groups HTTP/1.1" status: 201 len: 519 time: 0.0409596
2026-05-20 18:48:48.991 9 WARNING neutron_lib.context [None req-8389a414-9d3c-406f-b3f5-11e4bb2259ff 0e279818025c474bb062c05e093f4e17 2d10c68ecdb84106af80bb7ee184bc52 - - default default] Method 'is_advsvc' is deprecated since 2023.2 release (neutron-lib 3.8.0) and will be removed once support for the old RBAC API policies will be removed from Neutron. Please use method 'is_service_role' instead.
2026-05-20 18:48:49.555 9 WARNING neutron.plugins.ml2.drivers.ovn.mech_driver.ovsdb.ovn_client [None req-8f1bc1b9-38de-472c-be09-30f1d76330ab - - - - - -] No hosting information found for port bfc45c43-ad25-4cad-ba9f-a220f73f63cc: RuntimeError: No hosting information found for port bfc45c43-ad25-4cad-ba9f-a220f73f63cc
2026-05-20 18:48:49.642 10 INFO neutron.api.wsgi [None req-45d7a7c3-a21b-4673-842c-77b0e161f397 4a902e6160c3455288d1c43ec2365010 761ce78bcd5547319646127799598f37 - - default default] 10.0.0.47 "GET /v2.0/subnets/f1522f29-bb9a-4751-8542-a8a8b686f572 HTTP/1.1" status: 200 len: 869 time: 0.0342193
2026-05-20 18:48:49.657 9 INFO neutron.db.ovn_revision_numbers_db [None req-8f1bc1b9-38de-472c-be09-30f1d76330ab - - - - - -] Successfully bumped revision number for resource bfc45c43-ad25-4cad-ba9f-a220f73f63cc (type: router_ports) to 2
2026-05-20 18:48:49.657 9 INFO neutron.plugins.ml2.drivers.ovn.mech_driver.mech_driver [None req-8f1bc1b9-38de-472c-be09-30f1d76330ab - - - - - -] OVN reports status up for port: 3445fc95-64e1-46c9-98b1-b88eb75388b7
2026-05-20 18:48:49.673 9 INFO neutron.db.ovn_revision_numbers_db [None req-8389a414-9d3c-406f-b3f5-11e4bb2259ff 0e279818025c474bb062c05e093f4e17 2d10c68ecdb84106af80bb7ee184bc52 - - default default] Successfully bumped revision number for resource 10b2aa12-89f2-404b-9791-2f8211787ddb (type: routers) to 5
2026-05-20 18:48:49.676 9 INFO neutron.plugins.ml2.plugin [None req-8f1bc1b9-38de-472c-be09-30f1d76330ab - - - - - -] Attempt 1 to provision port 3445fc95-64e1-46c9-98b1-b88eb75388b7
2026-05-20 18:48:49.719 9 INFO neutron.api.wsgi [None req-8389a414-9d3c-406f-b3f5-11e4bb2259ff 0e279818025c474bb062c05e093f4e17 2d10c68ecdb84106af80bb7ee184bc52 - - default default] 10.0.0.47 "POST /v2.0/vpn/ipsec-site-connections HTTP/1.1" status: 201 len: 1001 time: 0.7322612
2026-05-20 18:48:49.731 9 WARNING neutron_lib.context [None req-6ce51e7e-b575-47a9-812d-10afae2b90f6 0e279818025c474bb062c05e093f4e17 2d10c68ecdb84106af80bb7ee184bc52 - - default default] Method 'is_advsvc' is deprecated since 2023.2 release (neutron-lib 3.8.0) and will be removed once support for the old RBAC API policies will be removed from Neutron. Please use method 'is_service_role' instead.
2026-05-20 18:48:49.778 9 INFO neutron.api.wsgi [None req-6ce51e7e-b575-47a9-812d-10afae2b90f6 0e279818025c474bb062c05e093f4e17 2d10c68ecdb84106af80bb7ee184bc52 - - default default] 10.0.0.47 "POST /v2.0/vpn/endpoint-groups HTTP/1.1" status: 201 len: 488 time: 0.0521443
2026-05-20 18:48:49.822 9 INFO neutron.api.wsgi [None req-bf7cc43a-b4d9-4139-9319-2b8966ee0f7e 0e279818025c474bb062c05e093f4e17 2d10c68ecdb84106af80bb7ee184bc52 - - default default] 10.0.0.47 "DELETE /v2.0/vpn/endpoint-groups/bcf5da36-2d45-4706-86bf-177fe74edef4 HTTP/1.1" status: 204 len: 168 time: 0.0349739
2026-05-20 18:48:49.848 10 INFO neutron.api.wsgi [None req-64a2964b-abdf-4ead-9512-3ac7ab93f0bd 0e279818025c474bb062c05e093f4e17 2d10c68ecdb84106af80bb7ee184bc52 - - default default] 10.0.0.47 "GET /v2.0/vpn/endpoint-groups HTTP/1.1" status: 200 len: 827 time: 0.0209365
2026-05-20 18:48:49.869 10 INFO neutron.api.wsgi [None req-81a3ee44-91e5-43a4-a5db-a973e5d6d692 0e279818025c474bb062c05e093f4e17 2d10c68ecdb84106af80bb7ee184bc52 - - default default] 10.0.0.47 "GET /v2.0/vpn/endpoint-groups HTTP/1.1" status: 200 len: 827 time: 0.0139325
2026-05-20 18:48:49.973 10 INFO neutron.api.wsgi [-] 10.0.0.32 "GET / HTTP/1.1" status: 200 len: 247 time: 0.0034986
2026-05-20 18:48:49.976 10 INFO neutron.api.wsgi [-] 10.0.0.32 "GET / HTTP/1.1" status: 200 len: 247 time: 0.0022850
2026-05-20 18:48:50.175 9 INFO neutron.db.ovn_revision_numbers_db [None req-8f1bc1b9-38de-472c-be09-30f1d76330ab - - - - - -] Successfully bumped revision number for resource 3445fc95-64e1-46c9-98b1-b88eb75388b7 (type: ports) to 2
2026-05-20 18:48:50.434 9 INFO neutron.api.wsgi [None req-34aa9ca5-c60c-4ae4-9ba8-b9086a8d1be5 7b664cb514a04530a8e8d7947b7781f5 6f201155bfee40859e961c32a9f503dc - - default default] 10.0.0.47 "POST /v2.0/vpn/ikepolicies HTTP/1.1" status: 201 len: 602 time: 0.1594923
2026-05-20 18:48:50.450 9 INFO neutron.api.wsgi [None req-67ed6a1f-dc35-43ae-b23c-98f582617539 0e279818025c474bb062c05e093f4e17 2d10c68ecdb84106af80bb7ee184bc52 - - default default] 10.0.0.47 "GET /v2.0/vpn/ikepolicies HTTP/1.1" status: 200 len: 991 time: 0.0105476
2026-05-20 18:48:50.491 9 INFO neutron.api.wsgi [None req-27a556c1-42b9-4ea6-abfa-8dcb4110b060 7b664cb514a04530a8e8d7947b7781f5 6f201155bfee40859e961c32a9f503dc - - default default] 10.0.0.47 "DELETE /v2.0/vpn/ikepolicies/91a8522a-f493-46a2-bdec-472f240e1471 HTTP/1.1" status: 204 len: 168 time: 0.0341086
2026-05-20 18:48:50.518 9 WARNING neutron_lib.context [None req-a3bff745-bfba-41da-8cf8-d759708af239 e3f1f31b09fe464c9f2c59d2e7b01d92 8d22025338a24d2ab5834e048637f3f9 - - default default] Method 'is_advsvc' is deprecated since 2023.2 release (neutron-lib 3.8.0) and will be removed once support for the old RBAC API policies will be removed from Neutron. Please use method 'is_service_role' instead.
2026-05-20 18:48:50.539 10 INFO neutron.api.wsgi [None req-f598697f-2f41-4258-99e0-0c34ab308259 7b664cb514a04530a8e8d7947b7781f5 6f201155bfee40859e961c32a9f503dc - - default default] 10.0.0.47 "POST /v2.0/vpn/ipsecpolicies HTTP/1.1" status: 201 len: 611 time: 0.0402193
2026-05-20 18:48:50.563 10 INFO neutron.api.wsgi [None req-b30ccf51-bfab-4958-b50f-2b6f08c7d18e 0e279818025c474bb062c05e093f4e17 2d10c68ecdb84106af80bb7ee184bc52 - - default default] 10.0.0.47 "GET /v2.0/vpn/ipsecpolicies HTTP/1.1" status: 200 len: 1007 time: 0.0187664
2026-05-20 18:48:50.574 9 INFO neutron.api.wsgi [None req-a3bff745-bfba-41da-8cf8-d759708af239 e3f1f31b09fe464c9f2c59d2e7b01d92 8d22025338a24d2ab5834e048637f3f9 - - default default] 10.0.0.47 "POST /v2.0/subnetpools HTTP/1.1" status: 201 len: 715 time: 0.0891654
2026-05-20 18:48:50.584 9 WARNING neutron_lib.context [None req-a2987588-48eb-4b4c-aade-bab34498a50a e3f1f31b09fe464c9f2c59d2e7b01d92 8d22025338a24d2ab5834e048637f3f9 - - default default] Method 'is_advsvc' is deprecated since 2023.2 release (neutron-lib 3.8.0) and will be removed once support for the old RBAC API policies will be removed from Neutron. Please use method 'is_service_role' instead.
2026-05-20 18:48:50.599 10 INFO neutron.api.wsgi [None req-4d8845c0-6ee0-48bb-8ef9-56af2fb442fa 7b664cb514a04530a8e8d7947b7781f5 6f201155bfee40859e961c32a9f503dc - - default default] 10.0.0.47 "DELETE /v2.0/vpn/ipsecpolicies/3904f47d-99bd-474f-9d82-cefd0ce370bd HTTP/1.1" status: 204 len: 168 time: 0.0298061
2026-05-20 18:48:50.608 10 WARNING neutron_lib.context [None req-bc9493d3-126c-446c-919d-6c9780cf9566 0e279818025c474bb062c05e093f4e17 2d10c68ecdb84106af80bb7ee184bc52 - - default default] Method 'is_advsvc' is deprecated since 2023.2 release (neutron-lib 3.8.0) and will be removed once support for the old RBAC API policies will be removed from Neutron. Please use method 'is_service_role' instead.
2026-05-20 18:48:50.627 9 INFO neutron.api.wsgi [None req-a2987588-48eb-4b4c-aade-bab34498a50a e3f1f31b09fe464c9f2c59d2e7b01d92 8d22025338a24d2ab5834e048637f3f9 - - default default] 10.0.0.47 "POST /v2.0/subnetpools HTTP/1.1" status: 201 len: 715 time: 0.0482998
2026-05-20 18:48:50.637 9 WARNING neutron_lib.context [None req-dad2bc8e-3393-4a18-99ae-3b2485b88770 e3f1f31b09fe464c9f2c59d2e7b01d92 8d22025338a24d2ab5834e048637f3f9 - - default default] Method 'is_advsvc' is deprecated since 2023.2 release (neutron-lib 3.8.0) and will be removed once support for the old RBAC API policies will be removed from Neutron. Please use method 'is_service_role' instead.
2026-05-20 18:48:50.677 10 INFO neutron.db.segments_db [None req-bc9493d3-126c-446c-919d-6c9780cf9566 0e279818025c474bb062c05e093f4e17 2d10c68ecdb84106af80bb7ee184bc52 - - default default] Added segment 9a683412-b8f8-4455-8817-85d8aa8a6c64 of type geneve for network 138ae4dc-3acd-44c8-9341-795013515000
2026-05-20 18:48:50.707 9 INFO neutron.api.wsgi [None req-dad2bc8e-3393-4a18-99ae-3b2485b88770 e3f1f31b09fe464c9f2c59d2e7b01d92 8d22025338a24d2ab5834e048637f3f9 - - default default] 10.0.0.47 "POST /v2.0/subnetpools HTTP/1.1" status: 201 len: 715 time: 0.0757165
2026-05-20 18:48:50.716 9 WARNING neutron_lib.context [None req-b96946d2-47af-41e0-994f-30449c29eb5c e3f1f31b09fe464c9f2c59d2e7b01d92 8d22025338a24d2ab5834e048637f3f9 - - default default] Method 'is_advsvc' is deprecated since 2023.2 release (neutron-lib 3.8.0) and will be removed once support for the old RBAC API policies will be removed from Neutron. Please use method 'is_service_role' instead.
2026-05-20 18:48:50.773 9 INFO neutron.api.wsgi [None req-b96946d2-47af-41e0-994f-30449c29eb5c e3f1f31b09fe464c9f2c59d2e7b01d92 8d22025338a24d2ab5834e048637f3f9 - - default default] 10.0.0.47 "POST /v2.0/subnetpools HTTP/1.1" status: 201 len: 715 time: 0.0612557
2026-05-20 18:48:50.785 9 WARNING neutron_lib.context [None req-6edcb6db-bcf4-4f99-a611-3ae40167ac5f e3f1f31b09fe464c9f2c59d2e7b01d92 8d22025338a24d2ab5834e048637f3f9 - - default default] Method 'is_advsvc' is deprecated since 2023.2 release (neutron-lib 3.8.0) and will be removed once support for the old RBAC API policies will be removed from Neutron. Please use method 'is_service_role' instead.
2026-05-20 18:48:50.786 10 INFO neutron.db.ovn_revision_numbers_db [None req-bc9493d3-126c-446c-919d-6c9780cf9566 0e279818025c474bb062c05e093f4e17 2d10c68ecdb84106af80bb7ee184bc52 - - default default] Successfully bumped revision number for resource 138ae4dc-3acd-44c8-9341-795013515000 (type: networks) to 1
2026-05-20 18:48:50.829 9 INFO neutron.api.wsgi [None req-6edcb6db-bcf4-4f99-a611-3ae40167ac5f e3f1f31b09fe464c9f2c59d2e7b01d92 8d22025338a24d2ab5834e048637f3f9 - - default default] 10.0.0.47 "POST /v2.0/subnetpools HTTP/1.1" status: 201 len: 715 time: 0.0503516
2026-05-20 18:48:50.867 10 INFO neutron.api.wsgi [None req-de426b28-10d8-4e23-a388-510e50f162fe 25961daeef90494d98212e8106a97e05 0405c3c08a9f4591ba583b5d93a8f032 - - default default] 10.0.0.149 "GET /v2.0/extensions/security-group HTTP/1.1" status: 200 len: 369 time: 0.0582097
2026-05-20 18:48:50.880 10 INFO neutron.api.wsgi [None req-d5abe204-3363-412b-90c8-71d5ebba3a4a 25961daeef90494d98212e8106a97e05 0405c3c08a9f4591ba583b5d93a8f032 - - default default] 10.0.0.149 "GET /v2.0/extensions/dns-integration HTTP/1.1" status: 200 len: 371 time: 0.0053113
2026-05-20 18:48:50.887 10 INFO neutron.api.wsgi [None req-b87831ed-8a1c-4210-83a1-142530afba51 e3f1f31b09fe464c9f2c59d2e7b01d92 8d22025338a24d2ab5834e048637f3f9 - - default default] 10.0.0.47 "PUT /v2.0/subnetpools/072f5308-5f38-43ab-ab32-4c0b62b40aa2/tags HTTP/1.1" status: 200 len: 210 time: 0.0529034
2026-05-20 18:48:50.891 10 INFO neutron.api.wsgi [None req-76ba55cc-b6dc-4d9d-b43b-5fec837fdee0 25961daeef90494d98212e8106a97e05 0405c3c08a9f4591ba583b5d93a8f032 - - default default] 10.0.0.149 "GET /v2.0/extensions/qos HTTP/1.1" status: 200 len: 365 time: 0.0067091
2026-05-20 18:48:50.900 10 INFO neutron.api.wsgi [None req-747f1b0d-562d-4dad-a988-1cb9c76da7dd 25961daeef90494d98212e8106a97e05 0405c3c08a9f4591ba583b5d93a8f032 - - default default] 10.0.0.149 "GET /v2.0/extensions/allowed-address-pairs HTTP/1.1" status: 200 len: 383 time: 0.0041335
2026-05-20 18:48:50.926 9 INFO neutron.api.wsgi [None req-00c60ca8-50d9-4811-99e5-2d33420d2dde e3f1f31b09fe464c9f2c59d2e7b01d92 8d22025338a24d2ab5834e048637f3f9 - - default default] 10.0.0.47 "PUT /v2.0/subnetpools/be031ea9-7a77-4022-bddd-8d2129551aaf/tags HTTP/1.1" status: 200 len: 218 time: 0.0345485
2026-05-20 18:48:50.971 10 WARNING neutron.scheduler.dhcp_agent_scheduler [None req-bc9493d3-126c-446c-919d-6c9780cf9566 0e279818025c474bb062c05e093f4e17 2d10c68ecdb84106af80bb7ee184bc52 - - default default] No more DHCP agents
2026-05-20 18:48:50.973 10 WARNING neutron.api.rpc.agentnotifiers.dhcp_rpc_agent_api [None req-bc9493d3-126c-446c-919d-6c9780cf9566 0e279818025c474bb062c05e093f4e17 2d10c68ecdb84106af80bb7ee184bc52 - - default default] Unable to schedule network 138ae4dc-3acd-44c8-9341-795013515000: no agents available; will retry on subsequent port and subnet creation events.
2026-05-20 18:48:50.983 9 INFO neutron.api.wsgi [None req-4551849d-5206-4e46-af9d-76caf80544dd e3f1f31b09fe464c9f2c59d2e7b01d92 8d22025338a24d2ab5834e048637f3f9 - - default default] 10.0.0.47 "PUT /v2.0/subnetpools/6e8eb1a0-184b-4dd5-9a5d-f8d0778065cc/tags HTTP/1.1" status: 200 len: 227 time: 0.0335522
2026-05-20 18:48:51.020 9 INFO neutron.api.wsgi [None req-0711d3a5-a049-4914-bced-7c5dc96de9fd e3f1f31b09fe464c9f2c59d2e7b01d92 8d22025338a24d2ab5834e048637f3f9 - - default default] 10.0.0.47 "PUT /v2.0/subnetpools/744e85d3-aa75-44d3-9f48-9fcc25fb762e/tags HTTP/1.1" status: 200 len: 212 time: 0.0301421
2026-05-20 18:48:51.043 9 INFO neutron.api.wsgi [None req-76e6afdb-45a3-49c4-8eb1-838560afcdc5 e3f1f31b09fe464c9f2c59d2e7b01d92 8d22025338a24d2ab5834e048637f3f9 - - default default] 10.0.0.47 "GET /v2.0/subnetpools?tags=red HTTP/1.1" status: 200 len: 1758 time: 0.0177600
2026-05-20 18:48:51.059 10 INFO neutron.db.ovn_revision_numbers_db [None req-bc9493d3-126c-446c-919d-6c9780cf9566 0e279818025c474bb062c05e093f4e17 2d10c68ecdb84106af80bb7ee184bc52 - - default default] Successfully bumped revision number for resource 50dab8d6-11df-4806-ad54-fbecb834169b (type: ports) to 1
2026-05-20 18:48:51.069 9 INFO neutron.api.wsgi [None req-a7b347bf-e74e-4d6d-9aa3-14994fbe042c e3f1f31b09fe464c9f2c59d2e7b01d92 8d22025338a24d2ab5834e048637f3f9 - - default default] 10.0.0.47 "GET /v2.0/subnetpools?tags=red%2Cblue HTTP/1.1" status: 200 len: 1251 time: 0.0199997
2026-05-20 18:48:51.095 9 INFO neutron.api.wsgi [None req-dce6e27d-d069-49d1-96f1-d1737808f8fc e3f1f31b09fe464c9f2c59d2e7b01d92 8d22025338a24d2ab5834e048637f3f9 - - default default] 10.0.0.47 "GET /v2.0/subnetpools?tags-any=blue HTTP/1.1" status: 200 len: 1251 time: 0.0201890
2026-05-20 18:48:51.099 10 INFO neutron.api.wsgi [None req-bc9493d3-126c-446c-919d-6c9780cf9566 0e279818025c474bb062c05e093f4e17 2d10c68ecdb84106af80bb7ee184bc52 - - default default] 10.0.0.47 "POST /v2.0/networks HTTP/1.1" status: 201 len: 830 time: 0.4935751
2026-05-20 18:48:51.109 9 WARNING neutron_lib.context [None req-4ddad8d5-e7b3-404a-9f80-49992074d0f5 0e279818025c474bb062c05e093f4e17 2d10c68ecdb84106af80bb7ee184bc52 - - default default] Method 'is_advsvc' is deprecated since 2023.2 release (neutron-lib 3.8.0) and will be removed once support for the old RBAC API policies will be removed from Neutron. Please use method 'is_service_role' instead.
2026-05-20 18:48:51.128 9 INFO neutron.api.wsgi [None req-32773532-2c9a-466f-9d01-4545d17f30d0 e3f1f31b09fe464c9f2c59d2e7b01d92 8d22025338a24d2ab5834e048637f3f9 - - default default] 10.0.0.47 "GET /v2.0/subnetpools?tags-any=red%2Cblue HTTP/1.1" status: 200 len: 1758 time: 0.0291479
2026-05-20 18:48:51.166 9 INFO neutron.api.wsgi [None req-c32420e5-8d86-4628-a296-00ce1f1d7221 e3f1f31b09fe464c9f2c59d2e7b01d92 8d22025338a24d2ab5834e048637f3f9 - - default default] 10.0.0.47 "GET /v2.0/subnetpools?not-tags=red HTTP/1.1" status: 200 len: 1223 time: 0.0258908
2026-05-20 18:48:51.207 10 INFO neutron.api.wsgi [None req-f0c7360b-1bf5-4b23-bcc1-9f1c3886ac70 e3f1f31b09fe464c9f2c59d2e7b01d92 8d22025338a24d2ab5834e048637f3f9 - - default default] 10.0.0.47 "GET /v2.0/subnetpools?not-tags=red%2Cblue HTTP/1.1" status: 200 len: 1730 time: 0.0336533
2026-05-20 18:48:51.244 10 INFO neutron.api.wsgi [None req-d2adc7a0-67b0-4585-b752-ab747d813590 e3f1f31b09fe464c9f2c59d2e7b01d92 8d22025338a24d2ab5834e048637f3f9 - - default default] 10.0.0.47 "GET /v2.0/subnetpools?not-tags-any=blue HTTP/1.1" status: 200 len: 1730 time: 0.0297484
2026-05-20 18:48:51.271 10 INFO neutron.api.wsgi [None req-85e9d66f-ed23-4f27-9e4c-3c2d089f66b7 e3f1f31b09fe464c9f2c59d2e7b01d92 8d22025338a24d2ab5834e048637f3f9 - - default default] 10.0.0.47 "GET /v2.0/subnetpools?not-tags-any=red%2Cblue HTTP/1.1" status: 200 len: 1223 time: 0.0197504
2026-05-20 18:48:51.317 9 WARNING neutron.scheduler.dhcp_agent_scheduler [None req-4ddad8d5-e7b3-404a-9f80-49992074d0f5 0e279818025c474bb062c05e093f4e17 2d10c68ecdb84106af80bb7ee184bc52 - - default default] No more DHCP agents
2026-05-20 18:48:51.318 9 WARNING neutron.api.rpc.agentnotifiers.dhcp_rpc_agent_api [None req-4ddad8d5-e7b3-404a-9f80-49992074d0f5 0e279818025c474bb062c05e093f4e17 2d10c68ecdb84106af80bb7ee184bc52 - - default default] Unable to schedule network 138ae4dc-3acd-44c8-9341-795013515000: no agents available; will retry on subsequent port and subnet creation events.
2026-05-20 18:48:51.328 10 INFO neutron.api.wsgi [None req-379db60e-4b69-4f54-9595-ee5f27cffd4f e3f1f31b09fe464c9f2c59d2e7b01d92 8d22025338a24d2ab5834e048637f3f9 - - default default] 10.0.0.47 "DELETE /v2.0/subnetpools/072f5308-5f38-43ab-ab32-4c0b62b40aa2 HTTP/1.1" status: 204 len: 168 time: 0.0485294
2026-05-20 18:48:51.401 9 INFO neutron.api.wsgi [None req-5a4358fa-57fb-4719-8d5c-d5e147ddd575 e3f1f31b09fe464c9f2c59d2e7b01d92 8d22025338a24d2ab5834e048637f3f9 - - default default] 10.0.0.47 "DELETE /v2.0/subnetpools/be031ea9-7a77-4022-bddd-8d2129551aaf HTTP/1.1" status: 204 len: 168 time: 0.0628679
2026-05-20 18:48:51.417 10 INFO neutron.api.wsgi [-] 10.0.0.149 "GET / HTTP/1.1" status: 200 len: 284 time: 0.0022838
2026-05-20 18:48:51.455 9 INFO neutron.api.wsgi [None req-fa29f78e-1c52-4060-a431-fdcdd6aa2ad2 e3f1f31b09fe464c9f2c59d2e7b01d92 8d22025338a24d2ab5834e048637f3f9 - - default default] 10.0.0.47 "DELETE /v2.0/subnetpools/6e8eb1a0-184b-4dd5-9a5d-f8d0778065cc HTTP/1.1" status: 204 len: 168 time: 0.0471241
2026-05-20 18:48:51.464 10 INFO neutron.api.wsgi [None req-7a435524-7674-41c1-a096-4f6e25664551 35e52210f8634cd9ba6f90ac2731df90 76839c0e988543c5a63287d8f3e65043 - - default default] 10.0.0.149 "GET /v2.0/subnets/f1522f29-bb9a-4751-8542-a8a8b686f572 HTTP/1.1" status: 200 len: 856 time: 0.0276065
2026-05-20 18:48:51.473 10 INFO neutron.api.wsgi [None req-ebc99451-efc7-4ab5-9184-322bbea81d9e 25961daeef90494d98212e8106a97e05 0405c3c08a9f4591ba583b5d93a8f032 - - default default] 10.0.0.149 "GET /v2.0/extensions/security-group HTTP/1.1" status: 200 len: 369 time: 0.0036888
2026-05-20 18:48:51.483 10 INFO neutron.api.wsgi [None req-dbf0f8c7-bfee-4c17-9fe4-7e6c9fd2ae5e 25961daeef90494d98212e8106a97e05 0405c3c08a9f4591ba583b5d93a8f032 - - default default] 10.0.0.149 "GET /v2.0/extensions/dns-integration HTTP/1.1" status: 200 len: 371 time: 0.0049045
2026-05-20 18:48:51.493 10 INFO neutron.api.wsgi [None req-c1e149b7-1e67-4d40-b9e9-81dda30510a2 25961daeef90494d98212e8106a97e05 0405c3c08a9f4591ba583b5d93a8f032 - - default default] 10.0.0.149 "GET /v2.0/extensions/qos HTTP/1.1" status: 200 len: 365 time: 0.0064387
2026-05-20 18:48:51.501 10 INFO neutron.api.wsgi [None req-07470f04-3f60-4fc9-b2e3-974990907b4b 25961daeef90494d98212e8106a97e05 0405c3c08a9f4591ba583b5d93a8f032 - - default default] 10.0.0.149 "GET /v2.0/extensions/allowed-address-pairs HTTP/1.1" status: 200 len: 383 time: 0.0042710
2026-05-20 18:48:51.517 9 INFO neutron.api.wsgi [None req-a6d37b40-6017-40fe-9d5a-471c2c248eba e3f1f31b09fe464c9f2c59d2e7b01d92 8d22025338a24d2ab5834e048637f3f9 - - default default] 10.0.0.47 "DELETE /v2.0/subnetpools/744e85d3-aa75-44d3-9f48-9fcc25fb762e HTTP/1.1" status: 204 len: 168 time: 0.0536256
2026-05-20 18:48:51.537 10 INFO neutron.api.wsgi [None req-8df792d1-b681-4ee8-9dbc-4a660a56a706 25961daeef90494d98212e8106a97e05 0405c3c08a9f4591ba583b5d93a8f032 - - default default] 10.0.0.149 "GET /v2.0/subnets/f1522f29-bb9a-4751-8542-a8a8b686f572 HTTP/1.1" status: 200 len: 874 time: 0.0252306
2026-05-20 18:48:51.587 9 INFO neutron.api.wsgi [None req-bb267e4a-ff9c-4d86-a4af-ba22a91537e0 e3f1f31b09fe464c9f2c59d2e7b01d92 8d22025338a24d2ab5834e048637f3f9 - - default default] 10.0.0.47 "DELETE /v2.0/subnetpools/d8e91041-898a-4595-9a22-2d09314aff25 HTTP/1.1" status: 204 len: 168 time: 0.0638421
2026-05-20 18:48:51.625 10 INFO neutron.api.wsgi [None req-3c06fba4-639f-4987-99b0-237874dbad2e 25961daeef90494d98212e8106a97e05 0405c3c08a9f4591ba583b5d93a8f032 - - default default] 10.0.0.149 "GET /v2.0/extensions/security-group HTTP/1.1" status: 200 len: 369 time: 0.0045717
2026-05-20 18:48:51.638 10 INFO neutron.api.wsgi [None req-b8092e09-a56b-4e48-ab95-98d882557d40 25961daeef90494d98212e8106a97e05 0405c3c08a9f4591ba583b5d93a8f032 - - default default] 10.0.0.149 "GET /v2.0/extensions/dns-integration HTTP/1.1" status: 200 len: 371 time: 0.0050151
2026-05-20 18:48:51.649 10 INFO neutron.api.wsgi [None req-1265dfc7-556c-4dfb-b39e-08417ea2d138 25961daeef90494d98212e8106a97e05 0405c3c08a9f4591ba583b5d93a8f032 - - default default] 10.0.0.149 "GET /v2.0/extensions/qos HTTP/1.1" status: 200 len: 365 time: 0.0060353
2026-05-20 18:48:51.660 10 INFO neutron.api.wsgi [None req-24ba0a8a-12ae-4e06-8df3-da98aea529c9 25961daeef90494d98212e8106a97e05 0405c3c08a9f4591ba583b5d93a8f032 - - default default] 10.0.0.149 "GET /v2.0/extensions/allowed-address-pairs HTTP/1.1" status: 200 len: 383 time: 0.0044336
2026-05-20 18:48:51.716 10 INFO neutron.api.wsgi [None req-7fdd1554-9c1e-435a-9e4f-5b704321a53f 25961daeef90494d98212e8106a97e05 0405c3c08a9f4591ba583b5d93a8f032 - - default default] 10.0.0.149 "GET /v2.0/networks/670727c9-6122-40fb-97f0-dd8e447e4bda HTTP/1.1" status: 200 len: 1001 time: 0.0505278
2026-05-20 18:48:51.726 10 INFO neutron.api.wsgi [None req-ee23990c-ae0c-489e-bb01-3119d04e1af2 25961daeef90494d98212e8106a97e05 0405c3c08a9f4591ba583b5d93a8f032 - - default default] 10.0.0.149 "GET /v2.0/extensions/project-id HTTP/1.1" status: 200 len: 403 time: 0.0044217
2026-05-20 18:48:51.901 9 INFO neutron.db.ovn_revision_numbers_db [None req-f1959839-774a-4043-8e4c-d1dde9cdf8c8 - - - - - -] Successfully bumped revision number for resource 50dab8d6-11df-4806-ad54-fbecb834169b (type: ports) to 2
2026-05-20 18:48:51.949 9 INFO neutron.db.ovn_revision_numbers_db [None req-f1959839-774a-4043-8e4c-d1dde9cdf8c8 - - - - - -] Successfully bumped revision number for resource 74cc5098-9fa7-4f63-a934-8f94f4460316 (type: subnets) to 0
2026-05-20 18:48:51.975 9 INFO neutron.api.wsgi [None req-4ddad8d5-e7b3-404a-9f80-49992074d0f5 0e279818025c474bb062c05e093f4e17 2d10c68ecdb84106af80bb7ee184bc52 - - default default] 10.0.0.47 "POST /v2.0/subnets HTTP/1.1" status: 201 len: 828 time: 0.8701310
2026-05-20 18:48:51.997 9 WARNING neutron_lib.context [None req-ffcaff9e-db40-485d-af8e-b68c938633d3 0e279818025c474bb062c05e093f4e17 2d10c68ecdb84106af80bb7ee184bc52 - - default default] Method 'is_advsvc' is deprecated since 2023.2 release (neutron-lib 3.8.0) and will be removed once support for the old RBAC API policies will be removed from Neutron. Please use method 'is_service_role' instead.
2026-05-20 18:48:52.035 10 WARNING neutron.scheduler.dhcp_agent_scheduler [None req-143099ee-dde5-428d-a450-0459ad9aed1f 25961daeef90494d98212e8106a97e05 0405c3c08a9f4591ba583b5d93a8f032 - - default default] No more DHCP agents
2026-05-20 18:48:52.036 10 WARNING neutron.api.rpc.agentnotifiers.dhcp_rpc_agent_api [None req-143099ee-dde5-428d-a450-0459ad9aed1f 25961daeef90494d98212e8106a97e05 0405c3c08a9f4591ba583b5d93a8f032 - - default default] Unable to schedule network 670727c9-6122-40fb-97f0-dd8e447e4bda: no agents available; will retry on subsequent port and subnet creation events.
2026-05-20 18:48:52.174 10 INFO neutron.db.ovn_revision_numbers_db [None req-143099ee-dde5-428d-a450-0459ad9aed1f 25961daeef90494d98212e8106a97e05 0405c3c08a9f4591ba583b5d93a8f032 - - default default] Successfully bumped revision number for resource 9dfa2862-9b8a-4238-9d85-036fadc9343f (type: ports) to 1
2026-05-20 18:48:52.197 10 INFO neutron.api.wsgi [None req-143099ee-dde5-428d-a450-0459ad9aed1f 25961daeef90494d98212e8106a97e05 0405c3c08a9f4591ba583b5d93a8f032 - - default default] 10.0.0.149 "POST /v2.0/ports HTTP/1.1" status: 201 len: 1333 time: 0.4661002
2026-05-20 18:48:52.450 9 WARNING neutron.scheduler.dhcp_agent_scheduler [None req-ffcaff9e-db40-485d-af8e-b68c938633d3 0e279818025c474bb062c05e093f4e17 2d10c68ecdb84106af80bb7ee184bc52 - - default default] No more DHCP agents
2026-05-20 18:48:52.452 9 WARNING neutron.api.rpc.agentnotifiers.dhcp_rpc_agent_api [None req-ffcaff9e-db40-485d-af8e-b68c938633d3 0e279818025c474bb062c05e093f4e17 2d10c68ecdb84106af80bb7ee184bc52 - - default default] Unable to schedule network 1b4fc365-0321-4ce5-bf09-5351fb21ba4a: no agents available; will retry on subsequent port and subnet creation events.
2026-05-20 18:48:52.604 9 INFO neutron.db.ovn_revision_numbers_db [None req-ffcaff9e-db40-485d-af8e-b68c938633d3 0e279818025c474bb062c05e093f4e17 2d10c68ecdb84106af80bb7ee184bc52 - - default default] Successfully bumped revision number for resource 5000f982-2c77-41a5-b106-f9f91a9f1aec (type: ports) to 1 /var/lib/openstack/lib/python3.12/site-packages/pycadf/identifier.py:71: UserWarning: Invalid uuid: neutron. To ensure interoperability, identifiers should be a valid uuid. warnings.warn(('Invalid uuid: %s. To ensure interoperability, '
2026-05-20 18:48:52.857 10 INFO neutron.db.ovn_revision_numbers_db [None req-a723b9ef-98c2-4bea-80ff-8b410dae46da 25961daeef90494d98212e8106a97e05 0405c3c08a9f4591ba583b5d93a8f032 - - default default] Successfully bumped revision number for resource 485c5f35-92bb-47d4-b38d-507444497030 (type: security_groups) to 1
2026-05-20 18:48:52.875 10 INFO neutron.db.ovn_revision_numbers_db [None req-a723b9ef-98c2-4bea-80ff-8b410dae46da 25961daeef90494d98212e8106a97e05 0405c3c08a9f4591ba583b5d93a8f032 - - default default] Successfully bumped revision number for resource 071398d0-77f2-4d02-a6cd-e255cf175ba1 (type: security_group_rules) to 0
2026-05-20 18:48:52.890 10 INFO neutron.db.ovn_revision_numbers_db [None req-a723b9ef-98c2-4bea-80ff-8b410dae46da 25961daeef90494d98212e8106a97e05 0405c3c08a9f4591ba583b5d93a8f032 - - default default] Successfully bumped revision number for resource 6378c8f4-33a8-4657-b29c-16e0d715fc02 (type: security_group_rules) to 0
2026-05-20 18:48:52.911 10 INFO neutron.db.ovn_revision_numbers_db [None req-a723b9ef-98c2-4bea-80ff-8b410dae46da 25961daeef90494d98212e8106a97e05 0405c3c08a9f4591ba583b5d93a8f032 - - default default] Successfully bumped revision number for resource 8e7c3cab-47e9-47b1-adc6-beefa118290e (type: security_group_rules) to 0
2026-05-20 18:48:52.927 10 INFO neutron.db.ovn_revision_numbers_db [None req-a723b9ef-98c2-4bea-80ff-8b410dae46da 25961daeef90494d98212e8106a97e05 0405c3c08a9f4591ba583b5d93a8f032 - - default default] Successfully bumped revision number for resource c24457e2-20fc-40a9-acea-be099abe14c0 (type: security_group_rules) to 0
2026-05-20 18:48:52.977 10 INFO neutron.api.wsgi [None req-a723b9ef-98c2-4bea-80ff-8b410dae46da 25961daeef90494d98212e8106a97e05 0405c3c08a9f4591ba583b5d93a8f032 - - default default] 10.0.0.47 "GET /v2.0/security-groups?tenant_id=8d22025338a24d2ab5834e048637f3f9&name=default HTTP/1.1" status: 200 len: 3124 time: 0.4819689
2026-05-20 18:48:53.232 10 INFO neutron.api.wsgi [None req-d33105f2-2d22-46da-9306-5ee747e0cf21 25961daeef90494d98212e8106a97e05 0405c3c08a9f4591ba583b5d93a8f032 - - default default] 10.0.0.47 "DELETE /v2.0/security-groups/485c5f35-92bb-47d4-b38d-507444497030 HTTP/1.1" status: 204 len: 168 time: 0.2491932
2026-05-20 18:48:53.327 9 INFO neutron.plugins.ml2.drivers.ovn.mech_driver.ovsdb.commands [None req-daf088a4-1a44-40de-a532-f2b71a9c5ed0 - - - - - -] Schedule LRP lrp-5000f982-2c77-41a5-b106-f9f91a9f1aec on gateway da08c451-8318-4be6-9f14-7d6c1115e9df with priority 1
2026-05-20 18:48:53.380 9 INFO neutron.db.ovn_revision_numbers_db [None req-ffcaff9e-db40-485d-af8e-b68c938633d3 0e279818025c474bb062c05e093f4e17 2d10c68ecdb84106af80bb7ee184bc52 - - default default] Successfully bumped revision number for resource 5000f982-2c77-41a5-b106-f9f91a9f1aec (type: router_ports) to 1
2026-05-20 18:48:53.466 9 INFO neutron.db.ovn_revision_numbers_db [None req-ffcaff9e-db40-485d-af8e-b68c938633d3 0e279818025c474bb062c05e093f4e17 2d10c68ecdb84106af80bb7ee184bc52 - - default default] Successfully bumped revision number for resource f8d30307-9fdb-4e05-b57e-08612016f441 (type: routers) to 2
2026-05-20 18:48:53.491 9 INFO neutron.api.wsgi [None req-ffcaff9e-db40-485d-af8e-b68c938633d3 0e279818025c474bb062c05e093f4e17 2d10c68ecdb84106af80bb7ee184bc52 - - default default] 10.0.0.47 "POST /v2.0/routers HTTP/1.1" status: 201 len: 1136 time: 1.4974890
2026-05-20 18:48:53.523 9 INFO neutron.db.ovn_revision_numbers_db [None req-cca6d015-8fd5-471b-bf20-1713ad5851ec 25961daeef90494d98212e8106a97e05 0405c3c08a9f4591ba583b5d93a8f032 - - default default] Successfully bumped revision number for resource f55157a0-c501-4a9c-bb50-fbb8b80735a0 (type: security_groups) to 1
2026-05-20 18:48:53.544 9 INFO neutron.db.ovn_revision_numbers_db [None req-cca6d015-8fd5-471b-bf20-1713ad5851ec 25961daeef90494d98212e8106a97e05 0405c3c08a9f4591ba583b5d93a8f032 - - default default] Successfully bumped revision number for resource 0ab2b5ff-fa28-4a1b-b4cd-71a4b24c73e3 (type: security_group_rules) to 0
2026-05-20 18:48:53.566 9 INFO neutron.db.ovn_revision_numbers_db [None req-cca6d015-8fd5-471b-bf20-1713ad5851ec 25961daeef90494d98212e8106a97e05 0405c3c08a9f4591ba583b5d93a8f032 - - default default] Successfully bumped revision number for resource a1f90484-7e1f-45ec-b721-46e377282205 (type: security_group_rules) to 0
2026-05-20 18:48:53.580 9 INFO neutron.db.ovn_revision_numbers_db [None req-cca6d015-8fd5-471b-bf20-1713ad5851ec 25961daeef90494d98212e8106a97e05 0405c3c08a9f4591ba583b5d93a8f032 - - default default] Successfully bumped revision number for resource c219b403-f30e-4cdc-bc86-a5c425ba7d8a (type: security_group_rules) to 0
2026-05-20 18:48:53.594 9 INFO neutron.db.ovn_revision_numbers_db [None req-cca6d015-8fd5-471b-bf20-1713ad5851ec 25961daeef90494d98212e8106a97e05 0405c3c08a9f4591ba583b5d93a8f032 - - default default] Successfully bumped revision number for resource cefa3319-3287-40b6-94c7-7abfab8a7a37 (type: security_group_rules) to 0
2026-05-20 18:48:53.635 9 INFO neutron.api.wsgi [None req-cca6d015-8fd5-471b-bf20-1713ad5851ec 25961daeef90494d98212e8106a97e05 0405c3c08a9f4591ba583b5d93a8f032 - - default default] 10.0.0.47 "GET /v2.0/security-groups?tenant_id=3a9cbe6671de4b6eb8cd85a6f20418a2&name=default HTTP/1.1" status: 200 len: 3124 time: 0.3018336
2026-05-20 18:48:53.847 9 INFO neutron.api.wsgi [None req-ce86e9d8-0727-46a3-9f3d-a07a518a45cd 25961daeef90494d98212e8106a97e05 0405c3c08a9f4591ba583b5d93a8f032 - - default default] 10.0.0.47 "DELETE /v2.0/security-groups/f55157a0-c501-4a9c-bb50-fbb8b80735a0 HTTP/1.1" status: 204 len: 168 time: 0.2060478
2026-05-20 18:48:54.027 10 WARNING neutron.scheduler.dhcp_agent_scheduler [None req-2c80eaac-d3b6-4e78-955c-977a6abcc2a1 0e279818025c474bb062c05e093f4e17 2d10c68ecdb84106af80bb7ee184bc52 - - default default] No more DHCP agents
2026-05-20 18:48:54.029 10 WARNING neutron.api.rpc.agentnotifiers.dhcp_rpc_agent_api [None req-2c80eaac-d3b6-4e78-955c-977a6abcc2a1 0e279818025c474bb062c05e093f4e17 2d10c68ecdb84106af80bb7ee184bc52 - - default default] Unable to schedule network 138ae4dc-3acd-44c8-9341-795013515000: no agents available; will retry on subsequent port and subnet creation events.
2026-05-20 18:48:54.166 10 INFO neutron.db.ovn_revision_numbers_db [None req-2c80eaac-d3b6-4e78-955c-977a6abcc2a1 0e279818025c474bb062c05e093f4e17 2d10c68ecdb84106af80bb7ee184bc52 - - default default] Successfully bumped revision number for resource ebff579a-6cef-4006-ac56-c123971bb0c4 (type: ports) to 1
2026-05-20 18:48:54.171 9 INFO neutron.db.ovn_revision_numbers_db [None req-01fcd20a-da79-4a8d-99a2-7a6efc4b4bda 25961daeef90494d98212e8106a97e05 0405c3c08a9f4591ba583b5d93a8f032 - - default default] Successfully bumped revision number for resource 24aa28b4-65f3-42d1-835a-770750d46849 (type: security_groups) to 1
2026-05-20 18:48:54.185 9 INFO neutron.db.ovn_revision_numbers_db [None req-01fcd20a-da79-4a8d-99a2-7a6efc4b4bda 25961daeef90494d98212e8106a97e05 0405c3c08a9f4591ba583b5d93a8f032 - - default default] Successfully bumped revision number for resource 00641d30-784f-4708-8eba-b492068a027d (type: security_group_rules) to 0
2026-05-20 18:48:54.197 9 INFO neutron.db.ovn_revision_numbers_db [None req-01fcd20a-da79-4a8d-99a2-7a6efc4b4bda 25961daeef90494d98212e8106a97e05 0405c3c08a9f4591ba583b5d93a8f032 - - default default] Successfully bumped revision number for resource 020808d4-be9f-44fe-b67e-75cc4890375d (type: security_group_rules) to 0
2026-05-20 18:48:54.207 9 INFO neutron.db.ovn_revision_numbers_db [None req-01fcd20a-da79-4a8d-99a2-7a6efc4b4bda 25961daeef90494d98212e8106a97e05 0405c3c08a9f4591ba583b5d93a8f032 - - default default] Successfully bumped revision number for resource 034dce74-ad9e-4d5a-9ca5-f1380617a082 (type: security_group_rules) to 0
2026-05-20 18:48:54.223 9 INFO neutron.db.ovn_revision_numbers_db [None req-01fcd20a-da79-4a8d-99a2-7a6efc4b4bda 25961daeef90494d98212e8106a97e05 0405c3c08a9f4591ba583b5d93a8f032 - - default default] Successfully bumped revision number for resource 3732500a-45f1-4ade-92fb-c9cd3e3be1fa (type: security_group_rules) to 0
2026-05-20 18:48:54.263 9 INFO neutron.api.wsgi [None req-01fcd20a-da79-4a8d-99a2-7a6efc4b4bda 25961daeef90494d98212e8106a97e05 0405c3c08a9f4591ba583b5d93a8f032 - - default default] 10.0.0.47 "GET /v2.0/security-groups?tenant_id=692fd3ad09dc43e185def77dafee13ee&name=default HTTP/1.1" status: 200 len: 3124 time: 0.2067831
2026-05-20 18:48:54.499 9 INFO neutron.api.wsgi [None req-bdb9ccd1-f3cf-452d-8984-48047d70ce64 25961daeef90494d98212e8106a97e05 0405c3c08a9f4591ba583b5d93a8f032 - - default default] 10.0.0.47 "DELETE /v2.0/security-groups/24aa28b4-65f3-42d1-835a-770750d46849 HTTP/1.1" status: 204 len: 168 time: 0.2296648
2026-05-20 18:48:54.894 10 INFO neutron.plugins.ml2.drivers.ovn.mech_driver.mech_driver [None req-f9e63bb9-e37f-43c4-8dce-ea1f6180860e - - - - - -] OVN reports status up for port: ebff579a-6cef-4006-ac56-c123971bb0c4
2026-05-20 18:48:54.907 10 INFO neutron.plugins.ml2.plugin [None req-f9e63bb9-e37f-43c4-8dce-ea1f6180860e - - - - - -] Attempt 1 to provision port ebff579a-6cef-4006-ac56-c123971bb0c4
2026-05-20 18:48:54.940 10 INFO neutron.db.ovn_revision_numbers_db [None req-2c80eaac-d3b6-4e78-955c-977a6abcc2a1 0e279818025c474bb062c05e093f4e17 2d10c68ecdb84106af80bb7ee184bc52 - - default default] Successfully bumped revision number for resource ebff579a-6cef-4006-ac56-c123971bb0c4 (type: ports) to 1
2026-05-20 18:48:55.051 10 INFO neutron.api.wsgi [None req-2cfb5fa2-38cd-4676-bdf8-0ca13850ad8d 25961daeef90494d98212e8106a97e05 0405c3c08a9f4591ba583b5d93a8f032 - - default default] 199.204.45.242 "GET /v2.0/extensions/security-group HTTP/1.1" status: 200 len: 369 time: 0.1866963
2026-05-20 18:48:55.060 10 WARNING neutron.scheduler.dhcp_agent_scheduler [None req-2c80eaac-d3b6-4e78-955c-977a6abcc2a1 0e279818025c474bb062c05e093f4e17 2d10c68ecdb84106af80bb7ee184bc52 - - default default] No more DHCP agents
2026-05-20 18:48:55.065 10 INFO neutron.api.wsgi [None req-e3bf4bee-0bae-4706-a056-80f5c6f5f17d 25961daeef90494d98212e8106a97e05 0405c3c08a9f4591ba583b5d93a8f032 - - default default] 199.204.45.242 "GET /v2.0/extensions/dns-integration HTTP/1.1" status: 200 len: 371 time: 0.0060055
2026-05-20 18:48:55.069 10 WARNING neutron.api.rpc.agentnotifiers.dhcp_rpc_agent_api [None req-2c80eaac-d3b6-4e78-955c-977a6abcc2a1 0e279818025c474bb062c05e093f4e17 2d10c68ecdb84106af80bb7ee184bc52 - - default default] Unable to schedule network 138ae4dc-3acd-44c8-9341-795013515000: no agents available; will retry on subsequent port and subnet creation events.
2026-05-20 18:48:55.078 10 INFO neutron.api.wsgi [None req-427e4be3-a74f-4115-aa94-4ae6338e8556 25961daeef90494d98212e8106a97e05 0405c3c08a9f4591ba583b5d93a8f032 - - default default] 199.204.45.242 "GET /v2.0/extensions/qos HTTP/1.1" status: 200 len: 365 time: 0.0077436
2026-05-20 18:48:55.100 10 INFO neutron.api.wsgi [None req-846dcba1-4400-4cc2-b564-e31a6e49456b 25961daeef90494d98212e8106a97e05 0405c3c08a9f4591ba583b5d93a8f032 - - default default] 199.204.45.242 "GET /v2.0/extensions/allowed-address-pairs HTTP/1.1" status: 200 len: 383 time: 0.0071237
2026-05-20 18:48:55.167 10 INFO neutron.api.wsgi [None req-05d46c7a-c449-423a-9299-0e3acc2eb697 25961daeef90494d98212e8106a97e05 0405c3c08a9f4591ba583b5d93a8f032 - - default default] 199.204.45.242 "GET /v2.0/ports/9dfa2862-9b8a-4238-9d85-036fadc9343f HTTP/1.1" status: 200 len: 1328 time: 0.0587885
2026-05-20 18:48:55.306 9 WARNING neutron.plugins.ml2.drivers.ovn.mech_driver.ovsdb.ovn_client [None req-b944bb55-0f60-4f9d-b0e3-7082ba897a9c - - - - - -] No hosting information found for port 3445fc95-64e1-46c9-98b1-b88eb75388b7: RuntimeError: No hosting information found for port 3445fc95-64e1-46c9-98b1-b88eb75388b7
2026-05-20 18:48:55.378 9 INFO neutron.db.ovn_revision_numbers_db [None req-b944bb55-0f60-4f9d-b0e3-7082ba897a9c - - - - - -] Successfully bumped revision number for resource 3445fc95-64e1-46c9-98b1-b88eb75388b7 (type: router_ports) to 2
2026-05-20 18:48:55.409 10 INFO neutron.api.wsgi [None req-7d797c8d-9223-4c41-b1ae-f9a2d13aa5d1 25961daeef90494d98212e8106a97e05 0405c3c08a9f4591ba583b5d93a8f032 - - default default] 199.204.45.242 "GET /v2.0/extensions/security-group HTTP/1.1" status: 200 len: 369 time: 0.0051219
2026-05-20 18:48:55.422 9 INFO neutron.plugins.ml2.drivers.ovn.mech_driver.mech_driver [None req-b944bb55-0f60-4f9d-b0e3-7082ba897a9c - - - - - -] OVN reports status up for port: 5000f982-2c77-41a5-b106-f9f91a9f1aec
2026-05-20 18:48:55.426 10 INFO neutron.api.wsgi [None req-91dbd8a2-eb9b-4f1d-a4a3-5abd2c1c52af 25961daeef90494d98212e8106a97e05 0405c3c08a9f4591ba583b5d93a8f032 - - default default] 199.204.45.242 "GET /v2.0/extensions/dns-integration HTTP/1.1" status: 200 len: 371 time: 0.0047700
2026-05-20 18:48:55.428 9 INFO neutron.plugins.ml2.plugin [None req-b944bb55-0f60-4f9d-b0e3-7082ba897a9c - - - - - -] Attempt 1 to provision port 5000f982-2c77-41a5-b106-f9f91a9f1aec
2026-05-20 18:48:55.442 10 INFO neutron.api.wsgi [None req-9a897b33-5652-42a3-b216-c2f8f62139ea 25961daeef90494d98212e8106a97e05 0405c3c08a9f4591ba583b5d93a8f032 - - default default] 199.204.45.242 "GET /v2.0/extensions/qos HTTP/1.1" status: 200 len: 365 time: 0.0058117
2026-05-20 18:48:55.449 10 INFO neutron.api.wsgi [None req-dffbdf4c-b34d-4703-96f2-e2de40f8a052 25961daeef90494d98212e8106a97e05 0405c3c08a9f4591ba583b5d93a8f032 - - default default] 199.204.45.242 "GET /v2.0/extensions/allowed-address-pairs HTTP/1.1" status: 200 len: 383 time: 0.0030804
2026-05-20 18:48:55.460 10 INFO neutron.db.ovn_revision_numbers_db [None req-f9e63bb9-e37f-43c4-8dce-ea1f6180860e - - - - - -] Successfully bumped revision number for resource ebff579a-6cef-4006-ac56-c123971bb0c4 (type: ports) to 2
2026-05-20 18:48:55.465 10 INFO neutron.api.v2.resource [None req-3f28d43b-2f5b-448e-b221-a5673a71efa9 25961daeef90494d98212e8106a97e05 0405c3c08a9f4591ba583b5d93a8f032 - - default default] show failed (client error): The resource could not be found.
2026-05-20 18:48:55.466 10 INFO neutron.api.wsgi [None req-3f28d43b-2f5b-448e-b221-a5673a71efa9 25961daeef90494d98212e8106a97e05 0405c3c08a9f4591ba583b5d93a8f032 - - default default] 199.204.45.242 "GET /v2.0/security-groups/lb-0cfaf019-0f52-4008-ad9e-46eba681d2bd HTTP/1.1" status: 404 len: 355 time: 0.0104735
2026-05-20 18:48:55.516 10 INFO neutron.api.wsgi [None req-4d679370-89a1-4333-bc24-4730607ebb59 25961daeef90494d98212e8106a97e05 0405c3c08a9f4591ba583b5d93a8f032 - - default default] 199.204.45.242 "GET /v2.0/security-groups?name=lb-0cfaf019-0f52-4008-ad9e-46eba681d2bd HTTP/1.1" status: 200 len: 221 time: 0.0448322
2026-05-20 18:48:55.618 10 INFO neutron.db.ovn_revision_numbers_db [None req-2c80eaac-d3b6-4e78-955c-977a6abcc2a1 0e279818025c474bb062c05e093f4e17 2d10c68ecdb84106af80bb7ee184bc52 - - default default] Successfully bumped revision number for resource ebff579a-6cef-4006-ac56-c123971bb0c4 (type: router_ports) to 1
2026-05-20 18:48:55.623 10 INFO neutron.api.wsgi [None req-2c80eaac-d3b6-4e78-955c-977a6abcc2a1 0e279818025c474bb062c05e093f4e17 2d10c68ecdb84106af80bb7ee184bc52 - - default default] 10.0.0.47 "PUT /v2.0/routers/f8d30307-9fdb-4e05-b57e-08612016f441/add_router_interface HTTP/1.1" status: 200 len: 503 time: 2.1245499
2026-05-20 18:48:55.677 10 INFO neutron.db.ovn_revision_numbers_db [None req-76e572b4-2e55-4ec5-8075-56f829e88160 25961daeef90494d98212e8106a97e05 0405c3c08a9f4591ba583b5d93a8f032 - - default default] Successfully bumped revision number for resource 6f962e52-2e70-4d17-8242-6ddedac436fc (type: security_groups) to 1
2026-05-20 18:48:55.699 10 INFO neutron.db.ovn_revision_numbers_db [None req-76e572b4-2e55-4ec5-8075-56f829e88160 25961daeef90494d98212e8106a97e05 0405c3c08a9f4591ba583b5d93a8f032 - - default default] Successfully bumped revision number for resource ab5a4570-2d5e-4f6e-854e-1e94c770eb82 (type: security_group_rules) to 0
2026-05-20 18:48:55.712 10 INFO neutron.db.ovn_revision_numbers_db [None req-76e572b4-2e55-4ec5-8075-56f829e88160 25961daeef90494d98212e8106a97e05 0405c3c08a9f4591ba583b5d93a8f032 - - default default] Successfully bumped revision number for resource e27d4e06-4458-4afd-a526-0e98d890d7eb (type: security_group_rules) to 0
2026-05-20 18:48:55.743 10 INFO neutron.api.wsgi [None req-76e572b4-2e55-4ec5-8075-56f829e88160 25961daeef90494d98212e8106a97e05 0405c3c08a9f4591ba583b5d93a8f032 - - default default] 199.204.45.242 "POST /v2.0/security-groups HTTP/1.1" status: 201 len: 1843 time: 0.2206228
2026-05-20 18:48:55.787 10 INFO neutron.api.wsgi [None req-718f5969-49bc-4c95-81b6-8fb86265c9bc 25961daeef90494d98212e8106a97e05 0405c3c08a9f4591ba583b5d93a8f032 - - default default] 199.204.45.242 "GET /v2.0/security-group-rules?security_group_id=6f962e52-2e70-4d17-8242-6ddedac436fc HTTP/1.1" status: 200 len: 1382 time: 0.0389163
2026-05-20 18:48:56.122 10 INFO neutron.db.ovn_revision_numbers_db [None req-02650fd9-7123-44ab-ad92-c2865a3c1309 25961daeef90494d98212e8106a97e05 0405c3c08a9f4591ba583b5d93a8f032 - - default default] Successfully bumped revision number for resource 9dfa2862-9b8a-4238-9d85-036fadc9343f (type: ports) to 2
2026-05-20 18:48:56.130 10 INFO neutron.api.wsgi [None req-02650fd9-7123-44ab-ad92-c2865a3c1309 25961daeef90494d98212e8106a97e05 0405c3c08a9f4591ba583b5d93a8f032 - - default default] 199.204.45.242 "PUT /v2.0/ports/9dfa2862-9b8a-4238-9d85-036fadc9343f HTTP/1.1" status: 200 len: 1328 time: 0.3356895 /var/lib/openstack/lib/python3.12/site-packages/pycadf/identifier.py:71: UserWarning: Invalid uuid: neutron. To ensure interoperability, identifiers should be a valid uuid. warnings.warn(('Invalid uuid: %s. To ensure interoperability, '
2026-05-20 18:48:56.205 9 WARNING neutron.scheduler.dhcp_agent_scheduler [None req-c224cc56-44c2-4437-9b49-1b5213438971 - - - - - -] No more DHCP agents
2026-05-20 18:48:56.207 10 INFO neutron.api.wsgi [None req-a192da87-e92b-4df8-a6cc-ef9764e1f22d 25961daeef90494d98212e8106a97e05 0405c3c08a9f4591ba583b5d93a8f032 - - default default] 199.204.45.242 "GET /v2.0/extensions/security-group HTTP/1.1" status: 200 len: 369 time: 0.0088274
2026-05-20 18:48:56.208 9 WARNING neutron.api.rpc.agentnotifiers.dhcp_rpc_agent_api [None req-c224cc56-44c2-4437-9b49-1b5213438971 - - - - - -] Unable to schedule network 1b4fc365-0321-4ce5-bf09-5351fb21ba4a: no agents available; will retry on subsequent port and subnet creation events.
2026-05-20 18:48:56.213 10 INFO neutron.api.wsgi [None req-b69bbdcd-2cdf-45df-8ceb-d4393d97482c 25961daeef90494d98212e8106a97e05 0405c3c08a9f4591ba583b5d93a8f032 - - default default] 199.204.45.242 "GET /v2.0/extensions/dns-integration HTTP/1.1" status: 200 len: 371 time: 0.0028675
2026-05-20 18:48:56.220 10 INFO neutron.api.wsgi [None req-50140ca1-c0e4-49c7-a5c6-616a79e01483 25961daeef90494d98212e8106a97e05 0405c3c08a9f4591ba583b5d93a8f032 - - default default] 199.204.45.242 "GET /v2.0/extensions/qos HTTP/1.1" status: 200 len: 365 time: 0.0041733
2026-05-20 18:48:56.229 10 INFO neutron.api.wsgi [None req-5e60dd30-ab3d-4709-b0bd-df1d67a9c80e 25961daeef90494d98212e8106a97e05 0405c3c08a9f4591ba583b5d93a8f032 - - default default] 199.204.45.242 "GET /v2.0/extensions/allowed-address-pairs HTTP/1.1" status: 200 len: 383 time: 0.0039196
2026-05-20 18:48:56.259 10 INFO neutron.api.wsgi [None req-f0151d9e-7177-4d9c-87ef-8fce5a4def36 25961daeef90494d98212e8106a97e05 0405c3c08a9f4591ba583b5d93a8f032 - - default default] 199.204.45.242 "GET /v2.0/subnets/f1522f29-bb9a-4751-8542-a8a8b686f572 HTTP/1.1" status: 200 len: 874 time: 0.0260322
2026-05-20 18:48:56.364 9 INFO neutron.db.ovn_revision_numbers_db [None req-c224cc56-44c2-4437-9b49-1b5213438971 - - - - - -] Successfully bumped revision number for resource 8a684969-f48f-48c5-a8e6-5a8458ab3052 (type: ports) to 1
2026-05-20 18:48:56.604 9 INFO neutron.db.ovn_revision_numbers_db [None req-c224cc56-44c2-4437-9b49-1b5213438971 - - - - - -] Successfully bumped revision number for resource 8a684969-f48f-48c5-a8e6-5a8458ab3052 (type: ports) to 3
2026-05-20 18:48:56.672 9 INFO neutron.db.segments_db [None req-c224cc56-44c2-4437-9b49-1b5213438971 - - - - - -] Added segment 8ee6f789-d9f6-45b7-b838-00c6824fc1c3 of type geneve for network 39eac6f3-9b17-49e3-91e6-21b67dcce15c
2026-05-20 18:48:56.792 9 INFO neutron.db.ovn_revision_numbers_db [None req-d371f3df-3877-40ab-8f37-48c124cb6dea - - - - - -] Successfully bumped revision number for resource 39eac6f3-9b17-49e3-91e6-21b67dcce15c (type: networks) to 1
2026-05-20 18:48:56.933 9 WARNING neutron.scheduler.dhcp_agent_scheduler [None req-d371f3df-3877-40ab-8f37-48c124cb6dea - - - - - -] No more DHCP agents
2026-05-20 18:48:56.934 9 WARNING neutron.api.rpc.agentnotifiers.dhcp_rpc_agent_api [None req-d371f3df-3877-40ab-8f37-48c124cb6dea - - - - - -] Unable to schedule network 39eac6f3-9b17-49e3-91e6-21b67dcce15c: no agents available; will retry on subsequent port and subnet creation events.
