2026-05-20 18:46:38.718 9 WARNING neutron_lib.context [None req-ec2721d0-84b1-4bc0-9983-f51575323b17 0312112811ac417b9d376e2520a53faf 336652c691b14729bd0e604ba70bfade - - default default] Method 'is_advsvc' is deprecated since 2023.2 release (neutron-lib 3.8.0) and will be removed once support for the old RBAC API policies will be removed from Neutron. Please use method 'is_service_role' instead.
2026-05-20 18:46:38.732 9 INFO neutron.api.wsgi [None req-87df8097-162e-425d-b8ef-d04567e17ade ed63f965d1434a739c894b16caafdb8b 1df67958b4a44099b7b5d529c2cf1640 - - default default] 10.0.0.47 "DELETE /v2.0/trunks/160d6ea2-3506-4538-91bf-e93cd128cbba HTTP/1.1" status: 204 len: 168 time: 0.0723541
2026-05-20 18:46:38.737 10 INFO neutron.api.wsgi [None req-c9378b88-927e-44a8-8ce8-e83fd82105f0 12d8bbc758eb4b2cb894392d9c41b8e7 8e0145a271bb4470a5f5fc777e5b8c03 - - default default] 10.0.0.47 "GET /v2.0/security-group-rules/a5803360-077a-4d3d-8e7a-f6a82e004323 HTTP/1.1" status: 200 len: 795 time: 0.0155795
2026-05-20 18:46:38.752 9 INFO neutron.api.wsgi [None req-952a02b0-0f0c-4721-a108-2ae25cb86c31 ed63f965d1434a739c894b16caafdb8b 1df67958b4a44099b7b5d529c2cf1640 - - default default] 10.0.0.47 "GET /v2.0/trunks/c85d5c1e-0382-470b-b5f6-ec71188664a4 HTTP/1.1" status: 200 len: 610 time: 0.0159216
2026-05-20 18:46:38.822 9 INFO neutron.db.ovn_revision_numbers_db [None req-ec2721d0-84b1-4bc0-9983-f51575323b17 0312112811ac417b9d376e2520a53faf 336652c691b14729bd0e604ba70bfade - - default default] Successfully bumped revision number for resource e23d3296-1ae7-4069-a64e-7c73893ac38b (type: security_groups) to 1
2026-05-20 18:46:38.823 10 INFO neutron.api.wsgi [None req-fd0b2c7e-57bb-4f4e-9b5b-9d4754eb6de0 12d8bbc758eb4b2cb894392d9c41b8e7 8e0145a271bb4470a5f5fc777e5b8c03 - - default default] 10.0.0.47 "GET /v2.0/security-group-rules HTTP/1.1" status: 200 len: 4333 time: 0.0833416
2026-05-20 18:46:38.840 9 INFO neutron.db.ovn_revision_numbers_db [None req-ec2721d0-84b1-4bc0-9983-f51575323b17 0312112811ac417b9d376e2520a53faf 336652c691b14729bd0e604ba70bfade - - default default] Successfully bumped revision number for resource 9c7e92b4-7b77-4ca8-95b9-4ff75190f5ca (type: security_group_rules) to 0
2026-05-20 18:46:38.844 10 INFO neutron.api.wsgi [None req-5acb746b-79f3-4578-a476-1a4fb1fc9b28 ed63f965d1434a739c894b16caafdb8b 1df67958b4a44099b7b5d529c2cf1640 - - default default] 10.0.0.47 "GET /v2.0/ports/69726439-29eb-4fc1-bcff-d9abc91f96ab HTTP/1.1" status: 200 len: 1020 time: 0.0883965
2026-05-20 18:46:38.855 9 INFO neutron.db.ovn_revision_numbers_db [None req-ec2721d0-84b1-4bc0-9983-f51575323b17 0312112811ac417b9d376e2520a53faf 336652c691b14729bd0e604ba70bfade - - default default] Successfully bumped revision number for resource fab0a2c3-6983-4bcb-b230-e37d99ca92da (type: security_group_rules) to 0
2026-05-20 18:46:38.891 9 INFO neutron.api.wsgi [None req-ec2721d0-84b1-4bc0-9983-f51575323b17 0312112811ac417b9d376e2520a53faf 336652c691b14729bd0e604ba70bfade - - default default] 10.0.0.47 "POST /v2.0/security-groups HTTP/1.1" status: 201 len: 1825 time: 0.1768627
2026-05-20 18:46:38.900 9 WARNING neutron_lib.context [None req-ecaaab42-fb81-4ec2-aee1-2fdaadd45b94 0312112811ac417b9d376e2520a53faf 336652c691b14729bd0e604ba70bfade - - default default] Method 'is_advsvc' is deprecated since 2023.2 release (neutron-lib 3.8.0) and will be removed once support for the old RBAC API policies will be removed from Neutron. Please use method 'is_service_role' instead.
2026-05-20 18:46:38.926 10 INFO neutron.api.wsgi [None req-fa84bd97-5c6e-45df-934c-5210c8916711 ed63f965d1434a739c894b16caafdb8b 1df67958b4a44099b7b5d529c2cf1640 - - default default] 10.0.0.47 "DELETE /v2.0/trunks/c85d5c1e-0382-470b-b5f6-ec71188664a4 HTTP/1.1" status: 204 len: 168 time: 0.0772805
2026-05-20 18:46:38.948 10 INFO neutron.api.wsgi [None req-a99dd935-7f8b-4160-aa5f-cf0552672100 ed63f965d1434a739c894b16caafdb8b 1df67958b4a44099b7b5d529c2cf1640 - - default default] 10.0.0.47 "GET /v2.0/trunks/c960efed-4601-4296-9bd2-87f2d1c96fa8 HTTP/1.1" status: 200 len: 603 time: 0.0160599
2026-05-20 18:46:38.983 9 INFO neutron.api.wsgi [None req-9c595d5e-f4cc-4adf-b752-c36e72596b3a 12d8bbc758eb4b2cb894392d9c41b8e7 8e0145a271bb4470a5f5fc777e5b8c03 - - default default] 10.0.0.47 "DELETE /v2.0/security-group-rules/a5803360-077a-4d3d-8e7a-f6a82e004323 HTTP/1.1" status: 204 len: 168 time: 0.1534469
2026-05-20 18:46:39.031 9 INFO neutron.api.wsgi [None req-89330619-b95f-42bf-9b13-37342d858dce ed63f965d1434a739c894b16caafdb8b 1df67958b4a44099b7b5d529c2cf1640 - - default default] 10.0.0.47 "GET /v2.0/ports/96f2911d-be6d-4b44-ad8f-bfc4edb0caff HTTP/1.1" status: 200 len: 1020 time: 0.0796373
2026-05-20 18:46:39.044 10 INFO neutron.api.wsgi [None req-25465257-0139-415d-868c-530ae2376225 12d8bbc758eb4b2cb894392d9c41b8e7 8e0145a271bb4470a5f5fc777e5b8c03 - - default default] 10.0.0.47 "GET /v2.0/security-group-rules HTTP/1.1" status: 200 len: 3755 time: 0.0555530
2026-05-20 18:46:39.051 9 WARNING neutron_lib.context [None req-3898d4bc-4c5f-4f45-9865-851896befea4 12d8bbc758eb4b2cb894392d9c41b8e7 8e0145a271bb4470a5f5fc777e5b8c03 - - default default] Method 'is_advsvc' is deprecated since 2023.2 release (neutron-lib 3.8.0) and will be removed once support for the old RBAC API policies will be removed from Neutron. Please use method 'is_service_role' instead.
2026-05-20 18:46:39.069 9 INFO neutron.db.ovn_revision_numbers_db [None req-ecaaab42-fb81-4ec2-aee1-2fdaadd45b94 0312112811ac417b9d376e2520a53faf 336652c691b14729bd0e604ba70bfade - - default default] Successfully bumped revision number for resource aa36b9c4-49f0-4dff-b4b3-c585467df954 (type: security_group_rules) to 0
2026-05-20 18:46:39.118 9 INFO neutron.api.wsgi [None req-ecaaab42-fb81-4ec2-aee1-2fdaadd45b94 0312112811ac417b9d376e2520a53faf 336652c691b14729bd0e604ba70bfade - - default default] 10.0.0.47 "POST /v2.0/security-group-rules HTTP/1.1" status: 201 len: 800 time: 0.2219503
2026-05-20 18:46:39.138 9 INFO neutron.api.wsgi [None req-a04423cf-e37e-4e3b-ba1d-dbd61786c251 ed63f965d1434a739c894b16caafdb8b 1df67958b4a44099b7b5d529c2cf1640 - - default default] 10.0.0.47 "DELETE /v2.0/trunks/c960efed-4601-4296-9bd2-87f2d1c96fa8 HTTP/1.1" status: 204 len: 168 time: 0.1010306
2026-05-20 18:46:39.161 10 INFO neutron.api.wsgi [None req-473adc9e-a8c5-494b-a5ce-fb5e4a5cbe62 0312112811ac417b9d376e2520a53faf 336652c691b14729bd0e604ba70bfade - - default default] 10.0.0.47 "GET /v2.0/security-group-rules/aa36b9c4-49f0-4dff-b4b3-c585467df954 HTTP/1.1" status: 200 len: 795 time: 0.0368676
2026-05-20 18:46:39.222 9 INFO neutron.db.ovn_revision_numbers_db [None req-3898d4bc-4c5f-4f45-9865-851896befea4 12d8bbc758eb4b2cb894392d9c41b8e7 8e0145a271bb4470a5f5fc777e5b8c03 - - default default] Successfully bumped revision number for resource 5a317120-9618-40a3-b0f5-95635686b85f (type: security_group_rules) to 0
2026-05-20 18:46:39.239 10 INFO neutron.api.wsgi [None req-84b3b6bf-4253-43a2-bae7-538a9ae8fea6 0312112811ac417b9d376e2520a53faf 336652c691b14729bd0e604ba70bfade - - default default] 10.0.0.47 "GET /v2.0/security-group-rules HTTP/1.1" status: 200 len: 4333 time: 0.0739150
2026-05-20 18:46:39.302 9 INFO neutron.api.wsgi [None req-3898d4bc-4c5f-4f45-9865-851896befea4 12d8bbc758eb4b2cb894392d9c41b8e7 8e0145a271bb4470a5f5fc777e5b8c03 - - default default] 10.0.0.47 "POST /v2.0/security-group-rules HTTP/1.1" status: 201 len: 800 time: 0.2547483
2026-05-20 18:46:39.320 9 INFO neutron.api.wsgi [req-6dde15cd-c786-4b0f-8bfc-cb34d76e33bc req-43b2cf48-3d31-4598-88ba-2ecefa2a905b 33f6d37ecef94ed2a52685ea37800ee0 337228ddd44a4c25b48d128c544acf96 - - default default] 10.0.0.131 "GET /v2.0/ports?device_id=9fd109c2-c8a0-4269-b185-97ba94a9b1ff HTTP/1.1" status: 200 len: 1168 time: 0.0411541
2026-05-20 18:46:39.324 10 INFO neutron.api.wsgi [None req-3fd07850-fe9c-4895-aa3f-99768f09f045 12d8bbc758eb4b2cb894392d9c41b8e7 8e0145a271bb4470a5f5fc777e5b8c03 - - default default] 10.0.0.47 "GET /v2.0/security-group-rules/5a317120-9618-40a3-b0f5-95635686b85f HTTP/1.1" status: 200 len: 795 time: 0.0159090
2026-05-20 18:46:39.372 9 INFO neutron.api.wsgi [req-6dde15cd-c786-4b0f-8bfc-cb34d76e33bc req-026bfafb-eec2-49f9-8354-6cdbe270f100 33f6d37ecef94ed2a52685ea37800ee0 337228ddd44a4c25b48d128c544acf96 - - default default] 10.0.0.131 "GET /v2.0/security-groups?id=02aeedb0-1fc2-4a07-9d9f-b930163326b7&fields=id&fields=name HTTP/1.1" status: 200 len: 312 time: 0.0371263
2026-05-20 18:46:39.376 10 INFO neutron.api.wsgi [None req-c8e9c8c0-15d5-4588-b6dd-b9e549eb1e45 0312112811ac417b9d376e2520a53faf 336652c691b14729bd0e604ba70bfade - - default default] 10.0.0.47 "DELETE /v2.0/security-group-rules/aa36b9c4-49f0-4dff-b4b3-c585467df954 HTTP/1.1" status: 204 len: 168 time: 0.1283810
2026-05-20 18:46:39.410 10 INFO neutron.api.wsgi [None req-913822b8-0184-4ef8-af78-903fa51d4d8f 12d8bbc758eb4b2cb894392d9c41b8e7 8e0145a271bb4470a5f5fc777e5b8c03 - - default default] 10.0.0.47 "GET /v2.0/security-group-rules HTTP/1.1" status: 200 len: 4333 time: 0.0799429
2026-05-20 18:46:39.416 9 INFO neutron.api.wsgi [None req-af3ac5d4-aebf-49e6-b083-b826e0e94d2b ed63f965d1434a739c894b16caafdb8b 1df67958b4a44099b7b5d529c2cf1640 - - default default] 10.0.0.47 "DELETE /v2.0/ports/7a3f0400-e2aa-4e1b-84e5-f77e305a92e1 HTTP/1.1" status: 204 len: 168 time: 0.2729535
2026-05-20 18:46:39.456 10 INFO neutron.api.wsgi [None req-35154aa4-8c9a-4db4-bda8-dbf468570e7f 0312112811ac417b9d376e2520a53faf 336652c691b14729bd0e604ba70bfade - - default default] 10.0.0.47 "GET /v2.0/security-group-rules HTTP/1.1" status: 200 len: 3755 time: 0.0712075
2026-05-20 18:46:39.471 9 WARNING neutron_lib.context [None req-30f5bc0e-e844-4a2d-9300-290bd0af0783 0312112811ac417b9d376e2520a53faf 336652c691b14729bd0e604ba70bfade - - default default] Method 'is_advsvc' is deprecated since 2023.2 release (neutron-lib 3.8.0) and will be removed once support for the old RBAC API policies will be removed from Neutron. Please use method 'is_service_role' instead.
2026-05-20 18:46:39.537 10 INFO neutron.api.wsgi [None req-3fbbcc71-c30d-4820-bb4a-50a48dc6eb91 12d8bbc758eb4b2cb894392d9c41b8e7 8e0145a271bb4470a5f5fc777e5b8c03 - - default default] 10.0.0.47 "DELETE /v2.0/security-group-rules/5a317120-9618-40a3-b0f5-95635686b85f HTTP/1.1" status: 204 len: 168 time: 0.1208994
2026-05-20 18:46:39.592 10 INFO neutron.api.wsgi [None req-0e5b794a-ff7f-4e32-8f8e-17763ef9e8da 12d8bbc758eb4b2cb894392d9c41b8e7 8e0145a271bb4470a5f5fc777e5b8c03 - - default default] 10.0.0.47 "GET /v2.0/security-group-rules HTTP/1.1" status: 200 len: 3755 time: 0.0506310
2026-05-20 18:46:39.599 10 WARNING neutron_lib.context [None req-97789d23-29b2-491e-b165-05e563eff074 12d8bbc758eb4b2cb894392d9c41b8e7 8e0145a271bb4470a5f5fc777e5b8c03 - - default default] Method 'is_advsvc' is deprecated since 2023.2 release (neutron-lib 3.8.0) and will be removed once support for the old RBAC API policies will be removed from Neutron. Please use method 'is_service_role' instead.
2026-05-20 18:46:39.600 9 INFO neutron.db.ovn_revision_numbers_db [None req-30f5bc0e-e844-4a2d-9300-290bd0af0783 0312112811ac417b9d376e2520a53faf 336652c691b14729bd0e604ba70bfade - - default default] Successfully bumped revision number for resource e229f5f7-d18d-49a5-a8eb-d130069714b7 (type: security_group_rules) to 0
2026-05-20 18:46:39.630 10 INFO neutron.db.securitygroups_db [None req-97789d23-29b2-491e-b165-05e563eff074 12d8bbc758eb4b2cb894392d9c41b8e7 8e0145a271bb4470a5f5fc777e5b8c03 - - default default] Project 8e0145a271bb4470a5f5fc777e5b8c03 added a security group rule with legacy IPv6 ICMP protocol name icmp, ipv6-icmp should be used instead. It was automatically converted.
2026-05-20 18:46:39.634 9 INFO neutron.api.wsgi [None req-30f5bc0e-e844-4a2d-9300-290bd0af0783 0312112811ac417b9d376e2520a53faf 336652c691b14729bd0e604ba70bfade - - default default] 10.0.0.47 "POST /v2.0/security-group-rules HTTP/1.1" status: 201 len: 800 time: 0.1681499
2026-05-20 18:46:39.660 9 INFO neutron.api.wsgi [None req-8b4289a3-ec96-4024-8dac-b3da8b764c45 0312112811ac417b9d376e2520a53faf 336652c691b14729bd0e604ba70bfade - - default default] 10.0.0.47 "GET /v2.0/security-group-rules/e229f5f7-d18d-49a5-a8eb-d130069714b7 HTTP/1.1" status: 200 len: 795 time: 0.0209460
2026-05-20 18:46:39.681 9 INFO neutron.api.wsgi [None req-4b15e6e9-2214-4708-9fa5-9b42ed86b8cc ed63f965d1434a739c894b16caafdb8b 1df67958b4a44099b7b5d529c2cf1640 - - default default] 10.0.0.47 "DELETE /v2.0/ports/700a7dbd-979c-42b3-b518-23b411f80d82 HTTP/1.1" status: 204 len: 168 time: 0.2583160
2026-05-20 18:46:39.711 10 INFO neutron.db.ovn_revision_numbers_db [None req-97789d23-29b2-491e-b165-05e563eff074 12d8bbc758eb4b2cb894392d9c41b8e7 8e0145a271bb4470a5f5fc777e5b8c03 - - default default] Successfully bumped revision number for resource 094c825e-a771-4b00-8b70-087583e3f092 (type: security_group_rules) to 0
2026-05-20 18:46:39.745 10 INFO neutron.api.wsgi [None req-97789d23-29b2-491e-b165-05e563eff074 12d8bbc758eb4b2cb894392d9c41b8e7 8e0145a271bb4470a5f5fc777e5b8c03 - - default default] 10.0.0.47 "POST /v2.0/security-group-rules HTTP/1.1" status: 201 len: 806 time: 0.1485996
2026-05-20 18:46:39.757 9 INFO neutron.api.wsgi [None req-dd51f4c2-cf7d-4f68-a554-5669ed6a02c0 0312112811ac417b9d376e2520a53faf 336652c691b14729bd0e604ba70bfade - - default default] 10.0.0.47 "GET /v2.0/security-group-rules HTTP/1.1" status: 200 len: 4333 time: 0.0871267
2026-05-20 18:46:39.767 10 INFO neutron.api.wsgi [None req-c1d59a7c-311b-4cdb-b1c4-60fc4fe1393e 12d8bbc758eb4b2cb894392d9c41b8e7 8e0145a271bb4470a5f5fc777e5b8c03 - - default default] 10.0.0.47 "GET /v2.0/security-group-rules/094c825e-a771-4b00-8b70-087583e3f092 HTTP/1.1" status: 200 len: 801 time: 0.0175242
2026-05-20 18:46:39.829 10 INFO neutron.api.wsgi [None req-ef339d7a-1109-46da-bd20-e4e9d5875dcc 12d8bbc758eb4b2cb894392d9c41b8e7 8e0145a271bb4470a5f5fc777e5b8c03 - - default default] 10.0.0.47 "GET /v2.0/security-group-rules HTTP/1.1" status: 200 len: 4339 time: 0.0572441
2026-05-20 18:46:39.898 10 INFO neutron.api.wsgi [None req-24d86b49-efa7-4452-9350-6d49c2ae5f3a 0312112811ac417b9d376e2520a53faf 336652c691b14729bd0e604ba70bfade - - default default] 10.0.0.47 "DELETE /v2.0/security-group-rules/e229f5f7-d18d-49a5-a8eb-d130069714b7 HTTP/1.1" status: 204 len: 168 time: 0.1366596
2026-05-20 18:46:39.927 9 INFO neutron.api.wsgi [None req-1c990465-4259-4fd8-a51b-2c1d70246485 ed63f965d1434a739c894b16caafdb8b 1df67958b4a44099b7b5d529c2cf1640 - - default default] 10.0.0.47 "DELETE /v2.0/ports/5d42ed43-71b8-464a-90a1-11e635212a2d HTTP/1.1" status: 204 len: 168 time: 0.2394781
2026-05-20 18:46:39.960 10 INFO neutron.api.wsgi [None req-70bc0d87-5eac-4e62-b7bd-88f8c937fd2c 12d8bbc758eb4b2cb894392d9c41b8e7 8e0145a271bb4470a5f5fc777e5b8c03 - - default default] 10.0.0.47 "DELETE /v2.0/security-group-rules/094c825e-a771-4b00-8b70-087583e3f092 HTTP/1.1" status: 204 len: 168 time: 0.1265469
2026-05-20 18:46:39.978 9 INFO neutron.api.wsgi [None req-711fa398-3f81-4ec1-87e3-c48a3c1d475e 0312112811ac417b9d376e2520a53faf 336652c691b14729bd0e604ba70bfade - - default default] 10.0.0.47 "GET /v2.0/security-group-rules HTTP/1.1" status: 200 len: 3755 time: 0.0760031
2026-05-20 18:46:39.988 10 WARNING neutron_lib.context [None req-a0bf9078-0b8a-4c28-8d2f-3207f42709af 0312112811ac417b9d376e2520a53faf 336652c691b14729bd0e604ba70bfade - - default default] Method 'is_advsvc' is deprecated since 2023.2 release (neutron-lib 3.8.0) and will be removed once support for the old RBAC API policies will be removed from Neutron. Please use method 'is_service_role' instead.
2026-05-20 18:46:40.049 9 INFO neutron.api.wsgi [None req-7ba882a9-0160-4437-8fd5-bd3dfd3399c6 12d8bbc758eb4b2cb894392d9c41b8e7 8e0145a271bb4470a5f5fc777e5b8c03 - - default default] 10.0.0.47 "GET /v2.0/security-group-rules HTTP/1.1" status: 200 len: 3755 time: 0.0851951
2026-05-20 18:46:40.103 10 INFO neutron.db.ovn_revision_numbers_db [None req-a0bf9078-0b8a-4c28-8d2f-3207f42709af 0312112811ac417b9d376e2520a53faf 336652c691b14729bd0e604ba70bfade - - default default] Successfully bumped revision number for resource db384626-5fda-4725-bcf7-49f16a9df2b2 (type: security_group_rules) to 0
2026-05-20 18:46:40.163 10 INFO neutron.plugins.ml2.drivers.ovn.mech_driver.mech_driver [None req-9576bcb8-6a2a-41ff-9059-7ccd34a845e7 - - - - - -] OVN reports status up for port: 63e4dc50-551d-4ebb-b631-666ce92380bd
2026-05-20 18:46:40.168 10 INFO neutron.api.wsgi [None req-a0bf9078-0b8a-4c28-8d2f-3207f42709af 0312112811ac417b9d376e2520a53faf 336652c691b14729bd0e604ba70bfade - - default default] 10.0.0.47 "POST /v2.0/security-group-rules HTTP/1.1" status: 201 len: 801 time: 0.1847236
2026-05-20 18:46:40.185 10 INFO neutron.plugins.ml2.plugin [None req-9576bcb8-6a2a-41ff-9059-7ccd34a845e7 - - - - - -] Attempt 1 to provision port 63e4dc50-551d-4ebb-b631-666ce92380bd
2026-05-20 18:46:40.222 10 INFO neutron.api.wsgi [None req-cb042871-cf6c-4b65-95c2-6e7630b51979 0312112811ac417b9d376e2520a53faf 336652c691b14729bd0e604ba70bfade - - default default] 10.0.0.47 "GET /v2.0/security-group-rules/db384626-5fda-4725-bcf7-49f16a9df2b2 HTTP/1.1" status: 200 len: 796 time: 0.0451682
2026-05-20 18:46:40.234 9 INFO neutron.api.wsgi [None req-347e6b1d-bc44-4a95-9dae-d38984b3606d 12d8bbc758eb4b2cb894392d9c41b8e7 8e0145a271bb4470a5f5fc777e5b8c03 - - default default] 10.0.0.47 "DELETE /v2.0/security-groups/15ba4ed0-8199-45ad-be08-360bf82f1737 HTTP/1.1" status: 204 len: 168 time: 0.1772759
2026-05-20 18:46:40.273 9 INFO neutron.api.wsgi [None req-c6bf9916-7097-40ff-8ea7-691ea53b0791 ed63f965d1434a739c894b16caafdb8b 1df67958b4a44099b7b5d529c2cf1640 - - default default] 10.0.0.47 "DELETE /v2.0/ports/69726439-29eb-4fc1-bcff-d9abc91f96ab HTTP/1.1" status: 204 len: 168 time: 0.3421683
2026-05-20 18:46:40.301 10 INFO neutron.api.wsgi [None req-1dbd465b-b315-462c-8f0e-0088ec4cf327 12d8bbc758eb4b2cb894392d9c41b8e7 8e0145a271bb4470a5f5fc777e5b8c03 - - default default] 10.0.0.47 "GET /v2.0/security-groups HTTP/1.1" status: 200 len: 3120 time: 0.0558190
2026-05-20 18:46:40.311 9 INFO neutron.api.wsgi [None req-5752533f-82e4-461b-9aa3-d020821e3e9a 0312112811ac417b9d376e2520a53faf 336652c691b14729bd0e604ba70bfade - - default default] 10.0.0.47 "GET /v2.0/security-group-rules HTTP/1.1" status: 200 len: 4334 time: 0.0833683
2026-05-20 18:46:40.381 10 INFO neutron.api.wsgi [None req-f317632e-9af7-4867-9aea-c94876498917 12d8bbc758eb4b2cb894392d9c41b8e7 8e0145a271bb4470a5f5fc777e5b8c03 - - default default] 10.0.0.47 "GET /v2.0/security-groups HTTP/1.1" status: 200 len: 3120 time: 0.0726478
2026-05-20 18:46:40.400 10 INFO neutron.notifiers.nova [-] Nova event matching ['req-6320e00f-4bf4-433d-9189-ed8d7820f340'] response: {'server_uuid': '9fd109c2-c8a0-4269-b185-97ba94a9b1ff', 'name': 'network-vif-plugged', 'status': 'completed', 'tag': '63e4dc50-551d-4ebb-b631-666ce92380bd', 'code': 200}
2026-05-20 18:46:40.477 9 INFO neutron.api.wsgi [req-60fc0e6e-cc40-4cab-adfd-030e3f8025b3 req-dace1f94-be30-45ea-bfcf-39944233759b 33f6d37ecef94ed2a52685ea37800ee0 337228ddd44a4c25b48d128c544acf96 - - default default] 10.0.0.131 "GET /v2.0/ports?device_id=9fd109c2-c8a0-4269-b185-97ba94a9b1ff HTTP/1.1" status: 200 len: 1170 time: 0.0418103
2026-05-20 18:46:40.520 10 INFO neutron.api.wsgi [None req-f7b854c0-605f-425c-a055-84db4abb3227 0312112811ac417b9d376e2520a53faf 336652c691b14729bd0e604ba70bfade - - default default] 10.0.0.47 "DELETE /v2.0/security-group-rules/db384626-5fda-4725-bcf7-49f16a9df2b2 HTTP/1.1" status: 204 len: 168 time: 0.2015438
2026-05-20 18:46:40.522 9 INFO neutron.api.wsgi [req-60fc0e6e-cc40-4cab-adfd-030e3f8025b3 req-be844cfa-ef8d-49a1-8d09-adc8ba27f90f 33f6d37ecef94ed2a52685ea37800ee0 337228ddd44a4c25b48d128c544acf96 - - default default] 10.0.0.131 "GET /v2.0/security-groups?id=02aeedb0-1fc2-4a07-9d9f-b930163326b7&fields=id&fields=name HTTP/1.1" status: 200 len: 312 time: 0.0408034
2026-05-20 18:46:40.555 10 INFO neutron.db.ovn_revision_numbers_db [None req-9576bcb8-6a2a-41ff-9059-7ccd34a845e7 - - - - - -] Successfully bumped revision number for resource 63e4dc50-551d-4ebb-b631-666ce92380bd (type: ports) to 5
2026-05-20 18:46:40.576 9 INFO neutron.api.wsgi [None req-819e9894-0d6f-4f69-a1e0-b22ff98a9d78 ed63f965d1434a739c894b16caafdb8b 1df67958b4a44099b7b5d529c2cf1640 - - default default] 10.0.0.47 "DELETE /v2.0/ports/96f2911d-be6d-4b44-ad8f-bfc4edb0caff HTTP/1.1" status: 204 len: 168 time: 0.2957966
2026-05-20 18:46:40.601 10 INFO neutron.api.wsgi [None req-bb5abdd7-52a9-45c2-b4a9-a0bd49f33a3f 0312112811ac417b9d376e2520a53faf 336652c691b14729bd0e604ba70bfade - - default default] 10.0.0.47 "GET /v2.0/security-group-rules HTTP/1.1" status: 200 len: 3755 time: 0.0739832
2026-05-20 18:46:40.719 9 INFO neutron.api.wsgi [None req-30191a3a-7875-48ee-9f93-ea2c0cba72f4 0312112811ac417b9d376e2520a53faf 336652c691b14729bd0e604ba70bfade - - default default] 10.0.0.47 "DELETE /v2.0/security-groups/e23d3296-1ae7-4069-a64e-7c73893ac38b HTTP/1.1" status: 204 len: 168 time: 0.1117849 /var/lib/openstack/lib/python3.12/site-packages/pycadf/identifier.py:71: UserWarning: Invalid uuid: neutron. To ensure interoperability, identifiers should be a valid uuid. warnings.warn(('Invalid uuid: %s. To ensure interoperability, '
2026-05-20 18:46:40.757 10 INFO neutron.api.wsgi [None req-4053db9d-8854-49f2-9e52-3fd4c278eb4f 0312112811ac417b9d376e2520a53faf 336652c691b14729bd0e604ba70bfade - - default default] 10.0.0.47 "GET /v2.0/security-groups HTTP/1.1" status: 200 len: 3120 time: 0.0330176
2026-05-20 18:46:40.796 10 INFO neutron.api.wsgi [None req-e44f301e-9fd0-413e-9755-17c667bf2bed 0312112811ac417b9d376e2520a53faf 336652c691b14729bd0e604ba70bfade - - default default] 10.0.0.47 "GET /v2.0/security-groups HTTP/1.1" status: 200 len: 3120 time: 0.0293586
2026-05-20 18:46:40.940 9 INFO neutron.services.segments.plugin [-] Segment 2d4b2312-c31d-4a36-b2ad-15464490296b resource provider aggregate not found
2026-05-20 18:46:40.944 9 INFO neutron.services.segments.plugin [-] Segment 2d4b2312-c31d-4a36-b2ad-15464490296b resource provider aggregate not found
2026-05-20 18:46:40.951 9 INFO neutron.services.segments.plugin [-] Segment 2d4b2312-c31d-4a36-b2ad-15464490296b resource provider not found; error: Placement Client Error (4xx): {"errors": [{"status": 404, "title": "Not Found", "detail": "The resource could not be found.\n\n No resource provider with uuid 2d4b2312-c31d-4a36-b2ad-15464490296b found for delete ", "request_id": "req-74a0a32e-9c8f-488f-8e8c-e6200be52014"}]}
2026-05-20 18:46:40.959 9 INFO neutron.services.segments.plugin [-] Segment 2d4b2312-c31d-4a36-b2ad-15464490296b resource provider not found; error: Placement Client Error (4xx): {"errors": [{"status": 404, "title": "Not Found", "detail": "The resource could not be found.\n\n No resource provider with uuid 2d4b2312-c31d-4a36-b2ad-15464490296b found for delete ", "request_id": "req-4a477463-9523-4279-9436-49e2adb6ab10"}]}
2026-05-20 18:46:40.993 9 INFO neutron.api.wsgi [None req-36bd4aba-8f75-4347-b269-632d5c45241c ed63f965d1434a739c894b16caafdb8b 1df67958b4a44099b7b5d529c2cf1640 - - default default] 10.0.0.47 "DELETE /v2.0/networks/6dd47d62-ed8c-424e-8ae1-84af9ce3eed4 HTTP/1.1" status: 204 len: 168 time: 0.4102199
2026-05-20 18:46:41.192 9 INFO neutron.api.wsgi [None req-0f86530a-aac7-4c9f-ba30-dbe0d5117ccf 25961daeef90494d98212e8106a97e05 0405c3c08a9f4591ba583b5d93a8f032 - - default default] 10.0.0.47 "GET /v2.0/security-groups?tenant_id=8e0145a271bb4470a5f5fc777e5b8c03&name=default HTTP/1.1" status: 200 len: 3120 time: 0.2550325
2026-05-20 18:46:41.339 9 INFO neutron.api.wsgi [None req-82bb376a-b020-4957-a516-d81715d24a1a ed63f965d1434a739c894b16caafdb8b 1df67958b4a44099b7b5d529c2cf1640 - - default default] 10.0.0.47 "DELETE /v2.0/networks/d8998ea5-66c5-4fa7-b0e2-c9d09e9a235f HTTP/1.1" status: 204 len: 168 time: 0.3426979
2026-05-20 18:46:41.419 10 INFO neutron.api.wsgi [None req-7e985761-f3c0-4b78-9cd2-1c1848769ebc 25961daeef90494d98212e8106a97e05 0405c3c08a9f4591ba583b5d93a8f032 - - default default] 10.0.0.47 "DELETE /v2.0/security-groups/9c90a762-82a0-40fe-a021-a19380a95d77 HTTP/1.1" status: 204 len: 168 time: 0.2211270
2026-05-20 18:46:41.648 10 INFO neutron.api.wsgi [None req-06c9a574-dc4a-4626-a985-20ad16ac48c6 25961daeef90494d98212e8106a97e05 0405c3c08a9f4591ba583b5d93a8f032 - - default default] 10.0.0.47 "GET /v2.0/security-groups?tenant_id=336652c691b14729bd0e604ba70bfade&name=default HTTP/1.1" status: 200 len: 3120 time: 0.1989770
2026-05-20 18:46:41.655 10 INFO neutron.api.wsgi [req-6ef45db8-38cb-4fdb-80d5-d5c3e3a38d68 req-5f30600e-ba2f-4c21-8eeb-f22619da7052 33f6d37ecef94ed2a52685ea37800ee0 337228ddd44a4c25b48d128c544acf96 - - default default] 10.0.0.131 "GET /v2.0/ports?device_id=9fd109c2-c8a0-4269-b185-97ba94a9b1ff HTTP/1.1" status: 200 len: 1170 time: 0.0549023
2026-05-20 18:46:41.700 10 INFO neutron.api.wsgi [req-6ef45db8-38cb-4fdb-80d5-d5c3e3a38d68 req-0c05480b-2b68-4198-ad5d-8cc301bbda65 33f6d37ecef94ed2a52685ea37800ee0 337228ddd44a4c25b48d128c544acf96 - - default default] 10.0.0.131 "GET /v2.0/security-groups?id=02aeedb0-1fc2-4a07-9d9f-b930163326b7&fields=id&fields=name HTTP/1.1" status: 200 len: 312 time: 0.0399513
2026-05-20 18:46:41.719 9 INFO neutron.api.wsgi [None req-fb80155d-a775-4a36-9c6a-42e41217886a ed63f965d1434a739c894b16caafdb8b 1df67958b4a44099b7b5d529c2cf1640 - - default default] 10.0.0.47 "DELETE /v2.0/networks/2ef3da37-47f0-47fe-9547-95194473500c HTTP/1.1" status: 204 len: 168 time: 0.3737893
2026-05-20 18:46:41.855 9 INFO neutron.api.wsgi [None req-77c228b1-4b47-481e-8a1a-178cb5bad098 25961daeef90494d98212e8106a97e05 0405c3c08a9f4591ba583b5d93a8f032 - - default default] 10.0.0.47 "DELETE /v2.0/security-groups/1aaff510-1a39-41fc-8950-2c0403fbde3e HTTP/1.1" status: 204 len: 168 time: 0.2015896
2026-05-20 18:46:42.069 10 INFO neutron.services.segments.plugin [-] Segment ecc0923f-15a7-4791-a587-4ae4a1639906 resource provider aggregate not found
2026-05-20 18:46:42.074 10 INFO neutron.services.segments.plugin [-] Segment ecc0923f-15a7-4791-a587-4ae4a1639906 resource provider aggregate not found
2026-05-20 18:46:42.084 10 INFO neutron.services.segments.plugin [-] Segment ecc0923f-15a7-4791-a587-4ae4a1639906 resource provider not found; error: Placement Client Error (4xx): {"errors": [{"status": 404, "title": "Not Found", "detail": "The resource could not be found.\n\n No resource provider with uuid ecc0923f-15a7-4791-a587-4ae4a1639906 found for delete ", "request_id": "req-36682469-a76a-4ac5-97b7-626d4666ca1d"}]}
2026-05-20 18:46:42.092 10 INFO neutron.services.segments.plugin [-] Segment ecc0923f-15a7-4791-a587-4ae4a1639906 resource provider not found; error: Placement Client Error (4xx): {"errors": [{"status": 404, "title": "Not Found", "detail": "The resource could not be found.\n\n No resource provider with uuid ecc0923f-15a7-4791-a587-4ae4a1639906 found for delete ", "request_id": "req-4d518b73-041c-4d54-a74a-f8b3a4b643ca"}]}
2026-05-20 18:46:42.105 10 INFO neutron.api.wsgi [None req-39b058ec-e241-40e7-8054-74faee4f247e ed63f965d1434a739c894b16caafdb8b 1df67958b4a44099b7b5d529c2cf1640 - - default default] 10.0.0.47 "DELETE /v2.0/networks/ffa564f5-8e46-4b3e-b7cd-1949fca72593 HTTP/1.1" status: 204 len: 168 time: 0.3812058
2026-05-20 18:46:42.416 10 INFO neutron.api.wsgi [None req-ccedd209-9213-42ce-b1b4-0a9d9e777e86 ed63f965d1434a739c894b16caafdb8b 1df67958b4a44099b7b5d529c2cf1640 - - default default] 10.0.0.47 "DELETE /v2.0/networks/f0ca2088-ce64-40f3-87ae-f56ea2c9e4b5 HTTP/1.1" status: 204 len: 168 time: 0.2991812
2026-05-20 18:46:42.455 10 INFO neutron.notifiers.nova [-] Nova event matching ['req-6f798900-6c52-4a25-9729-7fd7c0767b1e'] response: {'server_uuid': '9fd109c2-c8a0-4269-b185-97ba94a9b1ff', 'name': 'network-vif-plugged', 'status': 'completed', 'tag': '63e4dc50-551d-4ebb-b631-666ce92380bd', 'code': 200}
2026-05-20 18:46:42.810 10 INFO neutron.api.wsgi [req-7bafb41b-d607-49ea-9cf5-67d8eb55cc1a req-f7c97e00-c09c-43db-a3ef-49a2b2ad0c7e 33f6d37ecef94ed2a52685ea37800ee0 337228ddd44a4c25b48d128c544acf96 - - default default] 10.0.0.131 "GET /v2.0/ports?device_id=9fd109c2-c8a0-4269-b185-97ba94a9b1ff HTTP/1.1" status: 200 len: 1170 time: 0.0345712
2026-05-20 18:46:42.849 10 INFO neutron.api.wsgi [req-7bafb41b-d607-49ea-9cf5-67d8eb55cc1a req-1ca5e965-176b-48a5-9a89-dc2265c5980a 33f6d37ecef94ed2a52685ea37800ee0 337228ddd44a4c25b48d128c544acf96 - - default default] 10.0.0.131 "GET /v2.0/security-groups?id=02aeedb0-1fc2-4a07-9d9f-b930163326b7&fields=id&fields=name HTTP/1.1" status: 200 len: 312 time: 0.0336158
2026-05-20 18:46:42.932 9 INFO neutron.api.wsgi [None req-c9b5f7d3-bd8a-4b73-84f8-14a7b0724b4f 25961daeef90494d98212e8106a97e05 0405c3c08a9f4591ba583b5d93a8f032 - - default default] 10.0.0.10 "GET /v2.0/ports HTTP/1.1" status: 200 len: 9770 time: 0.2533247
2026-05-20 18:46:42.968 9 INFO neutron.api.wsgi [None req-03733ca4-c3d4-4487-9d9c-e1686062d9e5 25961daeef90494d98212e8106a97e05 0405c3c08a9f4591ba583b5d93a8f032 - - default default] 10.0.0.10 "GET /v2.0/network-ip-availabilities HTTP/1.1" status: 200 len: 1726 time: 0.0299950
2026-05-20 18:46:42.980 9 INFO neutron.services.segments.plugin [-] Segment 084302a6-16e2-42a8-b467-16b22771b3e3 resource provider aggregate not found
2026-05-20 18:46:42.988 9 INFO neutron.services.segments.plugin [-] Segment 084302a6-16e2-42a8-b467-16b22771b3e3 resource provider aggregate not found
2026-05-20 18:46:42.992 9 INFO neutron.services.segments.plugin [-] Segment 084302a6-16e2-42a8-b467-16b22771b3e3 resource provider not found; error: Placement Client Error (4xx): {"errors": [{"status": 404, "title": "Not Found", "detail": "The resource could not be found.\n\n No resource provider with uuid 084302a6-16e2-42a8-b467-16b22771b3e3 found for delete ", "request_id": "req-62726174-2f7c-4d95-b341-0487f1618c3a"}]}
2026-05-20 18:46:42.996 9 INFO neutron.api.wsgi [None req-526add89-605f-4ab5-ab53-a63c601b0037 25961daeef90494d98212e8106a97e05 0405c3c08a9f4591ba583b5d93a8f032 - - default default] 10.0.0.10 "GET /v2.0/floatingips HTTP/1.1" status: 200 len: 193 time: 0.0258422
2026-05-20 18:46:43.006 9 INFO neutron.services.segments.plugin [-] Segment d1047f2b-e821-4903-90e4-26703ef91630 resource provider aggregate not found
2026-05-20 18:46:43.008 9 INFO neutron.services.segments.plugin [-] Segment 084302a6-16e2-42a8-b467-16b22771b3e3 resource provider not found; error: Placement Client Error (4xx): {"errors": [{"status": 404, "title": "Not Found", "detail": "The resource could not be found.\n\n No resource provider with uuid 084302a6-16e2-42a8-b467-16b22771b3e3 found for delete ", "request_id": "req-5cd1df1b-c117-4b20-8511-7e7c35018d31"}]}
2026-05-20 18:46:43.021 9 INFO neutron.services.segments.plugin [-] Segment d1047f2b-e821-4903-90e4-26703ef91630 resource provider not found; error: Placement Client Error (4xx): {"errors": [{"status": 404, "title": "Not Found", "detail": "The resource could not be found.\n\n No resource provider with uuid d1047f2b-e821-4903-90e4-26703ef91630 found for delete ", "request_id": "req-b7b30526-15f0-46f3-b217-e17cea35c2d3"}]}
2026-05-20 18:46:43.025 9 INFO neutron.services.segments.plugin [-] Segment d1047f2b-e821-4903-90e4-26703ef91630 resource provider aggregate not found
2026-05-20 18:46:43.041 9 INFO neutron.services.segments.plugin [-] Segment d1047f2b-e821-4903-90e4-26703ef91630 resource provider not found; error: Placement Client Error (4xx): {"errors": [{"status": 404, "title": "Not Found", "detail": "The resource could not be found.\n\n No resource provider with uuid d1047f2b-e821-4903-90e4-26703ef91630 found for delete ", "request_id": "req-fafbaa37-c8d7-4995-8042-014cca9d72cb"}]}
2026-05-20 18:46:43.051 9 INFO neutron.api.wsgi [req-f55b1e43-8c69-4a4a-901f-426aa45907d0 req-0dc5a7d1-9051-4f8a-a90f-8c7e8a813609 33f6d37ecef94ed2a52685ea37800ee0 337228ddd44a4c25b48d128c544acf96 - - default default] 10.0.0.131 "GET /v2.0/ports?device_id=9fd109c2-c8a0-4269-b185-97ba94a9b1ff HTTP/1.1" status: 200 len: 1170 time: 0.1184359
2026-05-20 18:46:43.086 9 INFO neutron.api.wsgi [None req-fbe3ad0b-6ca2-4810-9b13-fbcce48c7124 25961daeef90494d98212e8106a97e05 0405c3c08a9f4591ba583b5d93a8f032 - - default default] 10.0.0.10 "GET /v2.0/networks HTTP/1.1" status: 200 len: 3095 time: 0.0886831
2026-05-20 18:46:43.136 9 INFO neutron.api.wsgi [req-f55b1e43-8c69-4a4a-901f-426aa45907d0 req-86c35d01-29d1-49b5-94fd-870474316905 33f6d37ecef94ed2a52685ea37800ee0 337228ddd44a4c25b48d128c544acf96 - - default default] 10.0.0.131 "GET /v2.0/security-groups?id=02aeedb0-1fc2-4a07-9d9f-b930163326b7&fields=id&fields=name HTTP/1.1" status: 200 len: 312 time: 0.0788300
2026-05-20 18:46:43.153 9 INFO neutron.api.wsgi [None req-3b95da13-bc81-429d-bbe9-577d794c8d81 25961daeef90494d98212e8106a97e05 0405c3c08a9f4591ba583b5d93a8f032 - - default default] 10.0.0.10 "GET /v2.0/security-groups HTTP/1.1" status: 200 len: 28722 time: 0.0594063
2026-05-20 18:46:43.202 9 INFO neutron.api.wsgi [None req-1b7e5a27-5d0a-40a5-9927-9979ffaf060a a699472d38204201914441b2686390c8 c10619f871b547d2a7dcceb3c05c6f74 - - default default] 10.0.0.47 "GET /v2.0/ports?device_id=9fd109c2-c8a0-4269-b185-97ba94a9b1ff HTTP/1.1" status: 200 len: 1404 time: 0.0410135
2026-05-20 18:46:43.210 9 WARNING neutron_lib.context [None req-d3289453-6378-4a32-bb12-07d7f7ebf96a 33f6d37ecef94ed2a52685ea37800ee0 337228ddd44a4c25b48d128c544acf96 - - default default] Method 'is_advsvc' is deprecated since 2023.2 release (neutron-lib 3.8.0) and will be removed once support for the old RBAC API policies will be removed from Neutron. Please use method 'is_service_role' instead.
2026-05-20 18:46:43.232 9 INFO neutron.api.wsgi [None req-3d65ced4-d145-420e-9a25-b439ef11a462 25961daeef90494d98212e8106a97e05 0405c3c08a9f4591ba583b5d93a8f032 - - default default] 10.0.0.10 "GET /v2.0/routers HTTP/1.1" status: 200 len: 1150 time: 0.0753415
2026-05-20 18:46:43.249 9 INFO neutron.api.wsgi [None req-47c96e0f-77dd-4ab1-8e03-e9b1f9545677 25961daeef90494d98212e8106a97e05 0405c3c08a9f4591ba583b5d93a8f032 - - default default] 10.0.0.10 "GET /v2.0/agents?binary=ovn-controller HTTP/1.1" status: 200 len: 591 time: 0.0149441
2026-05-20 18:46:43.277 9 INFO neutron.api.wsgi [None req-5a6e61b7-ea70-43e4-8ff7-eb0640db09ff 25961daeef90494d98212e8106a97e05 0405c3c08a9f4591ba583b5d93a8f032 - - default default] 10.0.0.10 "GET /v2.0/subnets HTTP/1.1" status: 200 len: 2148 time: 0.0264804
2026-05-20 18:46:43.295 9 INFO neutron.api.wsgi [None req-ae64ce0f-e7f9-4a48-bba2-387cf9eefe9e 25961daeef90494d98212e8106a97e05 0405c3c08a9f4591ba583b5d93a8f032 - - default default] 10.0.0.10 "GET /v2.0/subnetpools HTTP/1.1" status: 200 len: 193 time: 0.0144005
2026-05-20 18:46:43.347 9 INFO neutron.api.wsgi [None req-8114c85b-1957-4fbc-97c2-6f8ae7aedd78 25961daeef90494d98212e8106a97e05 0405c3c08a9f4591ba583b5d93a8f032 - - default default] 10.0.0.10 "GET /v2.0/subnets HTTP/1.1" status: 200 len: 2148 time: 0.0483856
2026-05-20 18:46:43.359 9 INFO neutron.api.wsgi [None req-00936322-e548-4639-89c6-62d73d147fab 25961daeef90494d98212e8106a97e05 0405c3c08a9f4591ba583b5d93a8f032 - - default default] 10.0.0.10 "GET /v2.0/agents HTTP/1.1" status: 200 len: 1390 time: 0.0108550
2026-05-20 18:46:43.500 9 WARNING neutron.scheduler.dhcp_agent_scheduler [None req-d3289453-6378-4a32-bb12-07d7f7ebf96a 33f6d37ecef94ed2a52685ea37800ee0 337228ddd44a4c25b48d128c544acf96 - - default default] No more DHCP agents
2026-05-20 18:46:43.502 9 WARNING neutron.api.rpc.agentnotifiers.dhcp_rpc_agent_api [None req-d3289453-6378-4a32-bb12-07d7f7ebf96a 33f6d37ecef94ed2a52685ea37800ee0 337228ddd44a4c25b48d128c544acf96 - - default default] Unable to schedule network 1b4fc365-0321-4ce5-bf09-5351fb21ba4a: no agents available; will retry on subsequent port and subnet creation events.
2026-05-20 18:46:43.665 10 WARNING neutron_lib.context [None req-6c2902f0-46ef-46f2-bf67-12e7dc3c620c b609c60db59041eeb4a0fd9ea351b7e7 99ceefeee5004751aa29e6fbe67a654b - - default default] Method 'is_advsvc' is deprecated since 2023.2 release (neutron-lib 3.8.0) and will be removed once support for the old RBAC API policies will be removed from Neutron. Please use method 'is_service_role' instead.
2026-05-20 18:46:43.692 10 INFO neutron.db.ovn_revision_numbers_db [None req-d9be99e3-3853-4ceb-ab50-d53a0bbc5ee9 25961daeef90494d98212e8106a97e05 0405c3c08a9f4591ba583b5d93a8f032 - - default default] Successfully bumped revision number for resource 87f04058-532f-4271-a69f-5a827f7cf23f (type: security_groups) to 1
2026-05-20 18:46:43.706 10 INFO neutron.db.ovn_revision_numbers_db [None req-d9be99e3-3853-4ceb-ab50-d53a0bbc5ee9 25961daeef90494d98212e8106a97e05 0405c3c08a9f4591ba583b5d93a8f032 - - default default] Successfully bumped revision number for resource 311634ee-cbe2-4127-851b-7510d777ceaf (type: security_group_rules) to 0
2026-05-20 18:46:43.722 10 INFO neutron.db.ovn_revision_numbers_db [None req-d9be99e3-3853-4ceb-ab50-d53a0bbc5ee9 25961daeef90494d98212e8106a97e05 0405c3c08a9f4591ba583b5d93a8f032 - - default default] Successfully bumped revision number for resource 544d2b0b-35d1-4c45-bda0-72d86f1eb00a (type: security_group_rules) to 0
2026-05-20 18:46:43.735 10 INFO neutron.api.wsgi [None req-6c2902f0-46ef-46f2-bf67-12e7dc3c620c b609c60db59041eeb4a0fd9ea351b7e7 99ceefeee5004751aa29e6fbe67a654b - - default default] 10.0.0.47 "POST /v2.0/subnetpools HTTP/1.1" status: 201 len: 747 time: 0.2711167
2026-05-20 18:46:43.736 10 INFO neutron.db.ovn_revision_numbers_db [None req-d9be99e3-3853-4ceb-ab50-d53a0bbc5ee9 25961daeef90494d98212e8106a97e05 0405c3c08a9f4591ba583b5d93a8f032 - - default default] Successfully bumped revision number for resource 8c010945-f96a-4ea6-aca1-e7ba24ea6084 (type: security_group_rules) to 0
2026-05-20 18:46:43.759 10 INFO neutron.api.wsgi [None req-04dd10b5-c02d-4db8-8765-5fe466e515d9 b609c60db59041eeb4a0fd9ea351b7e7 99ceefeee5004751aa29e6fbe67a654b - - default default] 10.0.0.47 "GET /v2.0/subnetpools/d849ed81-556e-4630-a7ba-5bc2ca22a3fb HTTP/1.1" status: 200 len: 742 time: 0.0176113
2026-05-20 18:46:43.761 10 INFO neutron.db.ovn_revision_numbers_db [None req-d9be99e3-3853-4ceb-ab50-d53a0bbc5ee9 25961daeef90494d98212e8106a97e05 0405c3c08a9f4591ba583b5d93a8f032 - - default default] Successfully bumped revision number for resource ed61d2e5-337e-4c39-b5b7-e4d2271efd64 (type: security_group_rules) to 0
2026-05-20 18:46:43.807 10 INFO neutron.api.wsgi [None req-d9be99e3-3853-4ceb-ab50-d53a0bbc5ee9 25961daeef90494d98212e8106a97e05 0405c3c08a9f4591ba583b5d93a8f032 - - default default] 10.0.0.47 "GET /v2.0/security-groups?tenant_id=592b7f7678674b709702b6e1d375c2db&name=default HTTP/1.1" status: 200 len: 3120 time: 0.4555278
2026-05-20 18:46:43.828 10 INFO neutron.api.wsgi [None req-dd44f45b-0844-4321-91ab-64ab2d56ddbf b609c60db59041eeb4a0fd9ea351b7e7 99ceefeee5004751aa29e6fbe67a654b - - default default] 10.0.0.47 "PUT /v2.0/subnetpools/d849ed81-556e-4630-a7ba-5bc2ca22a3fb HTTP/1.1" status: 200 len: 695 time: 0.0624969
2026-05-20 18:46:43.843 9 INFO neutron.api.wsgi [-] 10.0.0.47 "GET / HTTP/1.1" status: 200 len: 279 time: 0.0011482
2026-05-20 18:46:43.894 9 INFO neutron.api.wsgi [None req-840f61b2-dd1b-4e1f-894f-b5ba201217dc b609c60db59041eeb4a0fd9ea351b7e7 99ceefeee5004751aa29e6fbe67a654b - - default default] 10.0.0.47 "DELETE /v2.0/subnetpools/d849ed81-556e-4630-a7ba-5bc2ca22a3fb HTTP/1.1" status: 204 len: 168 time: 0.0605159
2026-05-20 18:46:43.910 9 INFO neutron.api.v2.resource [None req-5507f7ae-f1f4-4775-892a-4d409ee652af b609c60db59041eeb4a0fd9ea351b7e7 99ceefeee5004751aa29e6fbe67a654b - - default default] show failed (client error): The resource could not be found.
2026-05-20 18:46:43.911 9 INFO neutron.api.wsgi [None req-5507f7ae-f1f4-4775-892a-4d409ee652af b609c60db59041eeb4a0fd9ea351b7e7 99ceefeee5004751aa29e6fbe67a654b - - default default] 10.0.0.47 "GET /v2.0/subnetpools/d849ed81-556e-4630-a7ba-5bc2ca22a3fb HTTP/1.1" status: 404 len: 346 time: 0.0124297
2026-05-20 18:46:43.923 9 INFO neutron.api.v2.resource [None req-735918df-3c7b-4ca9-bca6-e233ac0bf7d7 b609c60db59041eeb4a0fd9ea351b7e7 99ceefeee5004751aa29e6fbe67a654b - - default default] delete failed (client error): The resource could not be found.
2026-05-20 18:46:43.924 9 INFO neutron.api.wsgi [None req-735918df-3c7b-4ca9-bca6-e233ac0bf7d7 b609c60db59041eeb4a0fd9ea351b7e7 99ceefeee5004751aa29e6fbe67a654b - - default default] 10.0.0.47 "DELETE /v2.0/subnetpools/d849ed81-556e-4630-a7ba-5bc2ca22a3fb HTTP/1.1" status: 404 len: 346 time: 0.0087519
2026-05-20 18:46:43.928 10 INFO neutron.api.wsgi [None req-d0ea1616-ef32-418d-826e-8ab2cc4be362 cded77e368764cbe85d3706ff3d701e2 51a1c5593a454a8aaf8bc4b4e3f175a8 - - default default] 10.0.0.47 "GET /v2.0/ HTTP/1.1" status: 200 len: 826 time: 0.0765069
2026-05-20 18:46:44.034 10 INFO neutron.api.wsgi [None req-4c993758-9040-4bc5-8fee-6c097a261041 25961daeef90494d98212e8106a97e05 0405c3c08a9f4591ba583b5d93a8f032 - - default default] 10.0.0.47 "DELETE /v2.0/security-groups/87f04058-532f-4271-a69f-5a827f7cf23f HTTP/1.1" status: 204 len: 168 time: 0.2203214
2026-05-20 18:46:44.107 10 INFO neutron.services.segments.plugin [-] Segment 0002e3bc-953c-40a4-9c56-e9de1ce03e48 resource provider aggregate not found
2026-05-20 18:46:44.111 10 INFO neutron.services.segments.plugin [-] Segment 0002e3bc-953c-40a4-9c56-e9de1ce03e48 resource provider aggregate not found
2026-05-20 18:46:44.121 10 INFO neutron.services.segments.plugin [-] Segment 0002e3bc-953c-40a4-9c56-e9de1ce03e48 resource provider not found; error: Placement Client Error (4xx): {"errors": [{"status": 404, "title": "Not Found", "detail": "The resource could not be found.\n\n No resource provider with uuid 0002e3bc-953c-40a4-9c56-e9de1ce03e48 found for delete ", "request_id": "req-e7df83d5-50de-4a44-ae48-8783a9d2fdc1"}]}
2026-05-20 18:46:44.159 9 INFO neutron.db.ovn_revision_numbers_db [None req-d3289453-6378-4a32-bb12-07d7f7ebf96a 33f6d37ecef94ed2a52685ea37800ee0 337228ddd44a4c25b48d128c544acf96 - - default default] Successfully bumped revision number for resource 6033c907-8b57-42bb-b9fd-10797b931ba0 (type: floatingips) to -1
2026-05-20 18:46:44.168 10 INFO neutron.services.segments.plugin [-] Segment 0002e3bc-953c-40a4-9c56-e9de1ce03e48 resource provider not found; error: Placement Client Error (4xx): {"errors": [{"status": 404, "title": "Not Found", "detail": "The resource could not be found.\n\n No resource provider with uuid 0002e3bc-953c-40a4-9c56-e9de1ce03e48 found for delete ", "request_id": "req-09cd28b0-7e2a-4d66-9a62-5e7cea9a65e5"}]}
2026-05-20 18:46:44.277 9 INFO neutron.db.ovn_revision_numbers_db [None req-d3289453-6378-4a32-bb12-07d7f7ebf96a 33f6d37ecef94ed2a52685ea37800ee0 337228ddd44a4c25b48d128c544acf96 - - default default] Successfully bumped revision number for resource 6033c907-8b57-42bb-b9fd-10797b931ba0 (type: floatingips) to 1
2026-05-20 18:46:44.278 9 INFO neutron.db.l3_db [None req-d3289453-6378-4a32-bb12-07d7f7ebf96a 33f6d37ecef94ed2a52685ea37800ee0 337228ddd44a4c25b48d128c544acf96 - - default default] Floating IP 6033c907-8b57-42bb-b9fd-10797b931ba0 associated. External IP: 10.96.250.211, port: 63e4dc50-551d-4ebb-b631-666ce92380bd.
2026-05-20 18:46:44.337 9 INFO neutron.api.wsgi [None req-d3289453-6378-4a32-bb12-07d7f7ebf96a 33f6d37ecef94ed2a52685ea37800ee0 337228ddd44a4c25b48d128c544acf96 - - default default] 10.0.0.47 "POST /v2.0/floatingips HTTP/1.1" status: 201 len: 1054 time: 1.1298985 /var/lib/openstack/lib/python3.12/site-packages/pycadf/identifier.py:71: UserWarning: Invalid uuid: neutron. To ensure interoperability, identifiers should be a valid uuid. warnings.warn(('Invalid uuid: %s. To ensure interoperability, '
2026-05-20 18:46:44.383 9 INFO neutron.notifiers.nova [-] Nova event matching ['req-53c9c67f-06b9-4b6f-a483-e5cb43f3e0df'] response: {'name': 'network-changed', 'server_uuid': '9fd109c2-c8a0-4269-b185-97ba94a9b1ff', 'tag': '63e4dc50-551d-4ebb-b631-666ce92380bd', 'status': 'completed', 'code': 200}
2026-05-20 18:46:44.389 9 INFO neutron.db.ovn_revision_numbers_db [None req-f891ca0b-cacd-48fa-9255-62941bfa6d03 25961daeef90494d98212e8106a97e05 0405c3c08a9f4591ba583b5d93a8f032 - - default default] Successfully bumped revision number for resource af1581c3-d7ec-46b8-b022-828f53092778 (type: security_groups) to 1
2026-05-20 18:46:44.390 10 INFO neutron.api.wsgi [None req-f515c9de-f10a-4a84-89d4-dbe0d9f5e153 33f6d37ecef94ed2a52685ea37800ee0 337228ddd44a4c25b48d128c544acf96 - - default default] 10.0.0.47 "GET /v2.0/floatingips/6033c907-8b57-42bb-b9fd-10797b931ba0 HTTP/1.1" status: 200 len: 1051 time: 0.0472424
2026-05-20 18:46:44.401 9 INFO neutron.db.ovn_revision_numbers_db [None req-f891ca0b-cacd-48fa-9255-62941bfa6d03 25961daeef90494d98212e8106a97e05 0405c3c08a9f4591ba583b5d93a8f032 - - default default] Successfully bumped revision number for resource 093beec5-1dc0-4eb1-9e87-6db2c3029ae9 (type: security_group_rules) to 0
2026-05-20 18:46:44.415 9 INFO neutron.db.ovn_revision_numbers_db [None req-f891ca0b-cacd-48fa-9255-62941bfa6d03 25961daeef90494d98212e8106a97e05 0405c3c08a9f4591ba583b5d93a8f032 - - default default] Successfully bumped revision number for resource 621730e7-846e-4fd2-a32b-d128c1d8cfca (type: security_group_rules) to 0
2026-05-20 18:46:44.443 9 INFO neutron.db.ovn_revision_numbers_db [None req-f891ca0b-cacd-48fa-9255-62941bfa6d03 25961daeef90494d98212e8106a97e05 0405c3c08a9f4591ba583b5d93a8f032 - - default default] Successfully bumped revision number for resource 74ee74e9-ddb2-407a-9691-0df57b8d91d1 (type: security_group_rules) to 0
2026-05-20 18:46:44.461 9 INFO neutron.db.ovn_revision_numbers_db [None req-f891ca0b-cacd-48fa-9255-62941bfa6d03 25961daeef90494d98212e8106a97e05 0405c3c08a9f4591ba583b5d93a8f032 - - default default] Successfully bumped revision number for resource c7b91e48-6bce-48b5-a146-468db00d0bb8 (type: security_group_rules) to 0
2026-05-20 18:46:44.513 9 INFO neutron.api.wsgi [None req-f891ca0b-cacd-48fa-9255-62941bfa6d03 25961daeef90494d98212e8106a97e05 0405c3c08a9f4591ba583b5d93a8f032 - - default default] 10.0.0.47 "GET /v2.0/security-groups?tenant_id=d793faa13fa04ec7ba2e2aca8fbccc87&name=default HTTP/1.1" status: 200 len: 3120 time: 0.2920935
2026-05-20 18:46:44.646 10 INFO neutron.db.ovn_revision_numbers_db [None req-60cb5296-6b6f-40e4-9af5-a95dbd2d8624 25961daeef90494d98212e8106a97e05 0405c3c08a9f4591ba583b5d93a8f032 - - default default] Successfully bumped revision number for resource d45b35a9-abd2-4952-96e6-5dd465206976 (type: security_groups) to 1
2026-05-20 18:46:44.663 10 INFO neutron.db.ovn_revision_numbers_db [None req-60cb5296-6b6f-40e4-9af5-a95dbd2d8624 25961daeef90494d98212e8106a97e05 0405c3c08a9f4591ba583b5d93a8f032 - - default default] Successfully bumped revision number for resource 152a3ebb-8f5f-47a4-b79a-851027db71ec (type: security_group_rules) to 0
2026-05-20 18:46:44.681 10 INFO neutron.db.ovn_revision_numbers_db [None req-60cb5296-6b6f-40e4-9af5-a95dbd2d8624 25961daeef90494d98212e8106a97e05 0405c3c08a9f4591ba583b5d93a8f032 - - default default] Successfully bumped revision number for resource 1de337b7-b039-4e4e-a5e7-27efc33e5d31 (type: security_group_rules) to 0
2026-05-20 18:46:44.681 9 INFO neutron.db.ovn_revision_numbers_db [None req-dd6534b0-e111-4531-952a-7ccae3d388e4 25961daeef90494d98212e8106a97e05 0405c3c08a9f4591ba583b5d93a8f032 - - default default] Successfully bumped revision number for resource c98ab168-5fe4-43e2-8c25-44f5e7268085 (type: security_groups) to 1
2026-05-20 18:46:44.698 10 INFO neutron.db.ovn_revision_numbers_db [None req-60cb5296-6b6f-40e4-9af5-a95dbd2d8624 25961daeef90494d98212e8106a97e05 0405c3c08a9f4591ba583b5d93a8f032 - - default default] Successfully bumped revision number for resource 7237b1bc-831c-41b9-9e08-2b8b7fdd6f84 (type: security_group_rules) to 0
2026-05-20 18:46:44.704 9 INFO neutron.db.ovn_revision_numbers_db [None req-dd6534b0-e111-4531-952a-7ccae3d388e4 25961daeef90494d98212e8106a97e05 0405c3c08a9f4591ba583b5d93a8f032 - - default default] Successfully bumped revision number for resource 72322c7e-ecfc-4ffc-b09d-576268c76c11 (type: security_group_rules) to 0
2026-05-20 18:46:44.719 9 INFO neutron.db.ovn_revision_numbers_db [None req-dd6534b0-e111-4531-952a-7ccae3d388e4 25961daeef90494d98212e8106a97e05 0405c3c08a9f4591ba583b5d93a8f032 - - default default] Successfully bumped revision number for resource 8a1991bf-0e46-40f6-abfe-f7fefba041e8 (type: security_group_rules) to 0
2026-05-20 18:46:44.719 10 INFO neutron.db.ovn_revision_numbers_db [None req-60cb5296-6b6f-40e4-9af5-a95dbd2d8624 25961daeef90494d98212e8106a97e05 0405c3c08a9f4591ba583b5d93a8f032 - - default default] Successfully bumped revision number for resource 8c21b4c3-5717-4614-98c3-5aa0ebcf52b4 (type: security_group_rules) to 0
2026-05-20 18:46:44.734 9 INFO neutron.db.ovn_revision_numbers_db [None req-dd6534b0-e111-4531-952a-7ccae3d388e4 25961daeef90494d98212e8106a97e05 0405c3c08a9f4591ba583b5d93a8f032 - - default default] Successfully bumped revision number for resource 8a7a16cb-80cd-4aba-8e31-3685d8f199d0 (type: security_group_rules) to 0
2026-05-20 18:46:44.749 9 INFO neutron.db.ovn_revision_numbers_db [None req-dd6534b0-e111-4531-952a-7ccae3d388e4 25961daeef90494d98212e8106a97e05 0405c3c08a9f4591ba583b5d93a8f032 - - default default] Successfully bumped revision number for resource b5138615-81b7-4968-baf3-a089b0555849 (type: security_group_rules) to 0
2026-05-20 18:46:44.762 10 INFO neutron.api.wsgi [None req-60cb5296-6b6f-40e4-9af5-a95dbd2d8624 25961daeef90494d98212e8106a97e05 0405c3c08a9f4591ba583b5d93a8f032 - - default default] 10.0.0.47 "GET /v2.0/security-groups?tenant_id=51a1c5593a454a8aaf8bc4b4e3f175a8&name=default HTTP/1.1" status: 200 len: 3120 time: 0.3449841
2026-05-20 18:46:44.777 9 INFO neutron.api.wsgi [None req-1d60ce78-2391-4ecd-a5f8-884db83a0e35 25961daeef90494d98212e8106a97e05 0405c3c08a9f4591ba583b5d93a8f032 - - default default] 10.0.0.47 "DELETE /v2.0/security-groups/af1581c3-d7ec-46b8-b022-828f53092778 HTTP/1.1" status: 204 len: 168 time: 0.2577591
