2026-05-20 18:49:12.987 10 INFO neutron.api.wsgi [None req-7fca59a0-c7b4-47c3-9c7a-8df77a8f2c80 83cdd8109b2a43e38f23cf5673e3b52a 60122ff0c9924a4f9bb722d560c306ed - - default default] 10.0.0.47 "DELETE /v2.0/security-groups/b62eb4b4-6eac-43c6-9932-508bd7457e66/tags HTTP/1.1" status: 204 len: 168 time: 0.0340254
2026-05-20 18:49:13.011 10 INFO neutron.api.wsgi [None req-ccaff5ab-785e-4e8d-971a-0c8b9c7aa027 83cdd8109b2a43e38f23cf5673e3b52a 60122ff0c9924a4f9bb722d560c306ed - - default default] 10.0.0.47 "GET /v2.0/security-groups/b62eb4b4-6eac-43c6-9932-508bd7457e66/tags HTTP/1.1" status: 200 len: 205 time: 0.0188842
2026-05-20 18:49:13.186 9 INFO neutron.api.wsgi [None req-e1c26769-3209-4dcb-9177-ff190f2a0264 83cdd8109b2a43e38f23cf5673e3b52a 60122ff0c9924a4f9bb722d560c306ed - - default default] 10.0.0.47 "DELETE /v2.0/security-groups/b62eb4b4-6eac-43c6-9932-508bd7457e66 HTTP/1.1" status: 204 len: 168 time: 0.1657989
2026-05-20 18:49:13.368 9 INFO neutron.db.ovn_revision_numbers_db [None req-ecb10a65-2e5e-4a4f-a654-145c112ffae2 0e279818025c474bb062c05e093f4e17 2d10c68ecdb84106af80bb7ee184bc52 - - default default] Successfully bumped revision number for resource 10b2aa12-89f2-404b-9791-2f8211787ddb (type: routers) to 8
2026-05-20 18:49:13.401 9 INFO neutron.api.wsgi [None req-ecb10a65-2e5e-4a4f-a654-145c112ffae2 0e279818025c474bb062c05e093f4e17 2d10c68ecdb84106af80bb7ee184bc52 - - default default] 10.0.0.47 "POST /v2.0/vpn/ipsec-site-connections HTTP/1.1" status: 201 len: 1003 time: 0.7539964
2026-05-20 18:49:14.148 9 INFO neutron.db.ovn_revision_numbers_db [None req-e6300d76-f1a2-4b8d-8a9a-9529844a999a 25961daeef90494d98212e8106a97e05 0405c3c08a9f4591ba583b5d93a8f032 - - default default] Successfully bumped revision number for resource 64bcc13a-a08f-40db-9199-212139630c7e (type: security_groups) to 1
2026-05-20 18:49:14.167 9 INFO neutron.db.ovn_revision_numbers_db [None req-e6300d76-f1a2-4b8d-8a9a-9529844a999a 25961daeef90494d98212e8106a97e05 0405c3c08a9f4591ba583b5d93a8f032 - - default default] Successfully bumped revision number for resource b54278cf-1632-4e0e-94a0-d37fac9f8d0e (type: security_group_rules) to 0
2026-05-20 18:49:14.189 9 INFO neutron.db.ovn_revision_numbers_db [None req-e6300d76-f1a2-4b8d-8a9a-9529844a999a 25961daeef90494d98212e8106a97e05 0405c3c08a9f4591ba583b5d93a8f032 - - default default] Successfully bumped revision number for resource b86b9a2f-1c0c-46da-a0dc-a4cd5ce7cb4d (type: security_group_rules) to 0
2026-05-20 18:49:14.212 9 INFO neutron.db.ovn_revision_numbers_db [None req-e6300d76-f1a2-4b8d-8a9a-9529844a999a 25961daeef90494d98212e8106a97e05 0405c3c08a9f4591ba583b5d93a8f032 - - default default] Successfully bumped revision number for resource d7a6b117-4109-49a6-a0e3-ec8ea46a3187 (type: security_group_rules) to 0
2026-05-20 18:49:14.239 9 INFO neutron.db.ovn_revision_numbers_db [None req-e6300d76-f1a2-4b8d-8a9a-9529844a999a 25961daeef90494d98212e8106a97e05 0405c3c08a9f4591ba583b5d93a8f032 - - default default] Successfully bumped revision number for resource ef0faada-8e9a-467a-b8bd-9d76293af5b4 (type: security_group_rules) to 0
2026-05-20 18:49:14.282 9 INFO neutron.api.wsgi [None req-e6300d76-f1a2-4b8d-8a9a-9529844a999a 25961daeef90494d98212e8106a97e05 0405c3c08a9f4591ba583b5d93a8f032 - - default default] 10.0.0.47 "GET /v2.0/security-groups?tenant_id=46c7037dd4ec46f0b1963e999ee2f1c9&name=default HTTP/1.1" status: 200 len: 3124 time: 0.3952515
2026-05-20 18:49:14.363 9 INFO neutron.db.ovn_revision_numbers_db [None req-4e274474-c609-4507-89a9-7920310e2351 0e279818025c474bb062c05e093f4e17 2d10c68ecdb84106af80bb7ee184bc52 - - default default] Successfully bumped revision number for resource 10b2aa12-89f2-404b-9791-2f8211787ddb (type: routers) to 9
2026-05-20 18:49:14.383 9 INFO neutron.api.wsgi [None req-4e274474-c609-4507-89a9-7920310e2351 0e279818025c474bb062c05e093f4e17 2d10c68ecdb84106af80bb7ee184bc52 - - default default] 10.0.0.47 "DELETE /v2.0/vpn/ipsec-site-connections/efe1344b-ab48-4cb1-b8af-067fb3ecdfcb HTTP/1.1" status: 204 len: 168 time: 0.9771066
2026-05-20 18:49:14.400 9 INFO neutron.api.wsgi [None req-d1295fde-45e2-4c95-b9c3-f610da86b052 0e279818025c474bb062c05e093f4e17 2d10c68ecdb84106af80bb7ee184bc52 - - default default] 10.0.0.47 "GET /v2.0/vpn/ipsec-site-connections HTTP/1.1" status: 200 len: 989 time: 0.0117874
2026-05-20 18:49:14.426 10 INFO neutron.api.v2.resource [None req-4c9a0f7b-985f-4213-9ce5-8aeb72670592 0e279818025c474bb062c05e093f4e17 2d10c68ecdb84106af80bb7ee184bc52 - - default default] delete failed (client error): The resource could not be found.
2026-05-20 18:49:14.427 10 INFO neutron.api.wsgi [None req-4c9a0f7b-985f-4213-9ce5-8aeb72670592 0e279818025c474bb062c05e093f4e17 2d10c68ecdb84106af80bb7ee184bc52 - - default default] 10.0.0.47 "DELETE /v2.0/vpn/ipsec-site-connections/efe1344b-ab48-4cb1-b8af-067fb3ecdfcb HTTP/1.1" status: 404 len: 355 time: 0.0232801
2026-05-20 18:49:14.439 10 WARNING neutron_lib.context [None req-efc0f0c8-e8d8-4561-a17f-de8ab01ad9c5 0e279818025c474bb062c05e093f4e17 2d10c68ecdb84106af80bb7ee184bc52 - - default default] Method 'is_advsvc' is deprecated since 2023.2 release (neutron-lib 3.8.0) and will be removed once support for the old RBAC API policies will be removed from Neutron. Please use method 'is_service_role' instead.
2026-05-20 18:49:14.481 10 INFO neutron.api.wsgi [None req-efc0f0c8-e8d8-4561-a17f-de8ab01ad9c5 0e279818025c474bb062c05e093f4e17 2d10c68ecdb84106af80bb7ee184bc52 - - default default] 10.0.0.47 "POST /v2.0/vpn/endpoint-groups HTTP/1.1" status: 201 len: 487 time: 0.0470593
2026-05-20 18:49:14.512 10 INFO neutron.api.wsgi [None req-ecc3c181-790c-4eaf-8aa1-3122af6b6fb4 0e279818025c474bb062c05e093f4e17 2d10c68ecdb84106af80bb7ee184bc52 - - default default] 10.0.0.47 "PUT /v2.0/vpn/endpoint-groups/1e0ee64b-e754-4528-9051-6c8f738dc575 HTTP/1.1" status: 200 len: 482 time: 0.0248268
2026-05-20 18:49:14.520 9 INFO neutron.api.wsgi [None req-54d00dd9-79d5-4544-8356-66f49e53e019 25961daeef90494d98212e8106a97e05 0405c3c08a9f4591ba583b5d93a8f032 - - default default] 10.0.0.47 "DELETE /v2.0/security-groups/64bcc13a-a08f-40db-9199-212139630c7e HTTP/1.1" status: 204 len: 168 time: 0.2331486
2026-05-20 18:49:14.531 10 INFO neutron.api.wsgi [None req-24dcb984-8d9d-4767-ba04-8f410f88176f 0e279818025c474bb062c05e093f4e17 2d10c68ecdb84106af80bb7ee184bc52 - - default default] 10.0.0.47 "GET /v2.0/vpn/endpoint-groups/1e0ee64b-e754-4528-9051-6c8f738dc575 HTTP/1.1" status: 200 len: 482 time: 0.0120759
2026-05-20 18:49:14.562 10 INFO neutron.api.wsgi [None req-36d558c3-26d9-4e20-8277-2d037019776a 0e279818025c474bb062c05e093f4e17 2d10c68ecdb84106af80bb7ee184bc52 - - default default] 10.0.0.47 "DELETE /v2.0/vpn/endpoint-groups/1e0ee64b-e754-4528-9051-6c8f738dc575 HTTP/1.1" status: 204 len: 168 time: 0.0235856
2026-05-20 18:49:14.576 10 INFO neutron.api.wsgi [None req-f965c45a-3a5c-481c-8993-bdb28c88b8ce 0e279818025c474bb062c05e093f4e17 2d10c68ecdb84106af80bb7ee184bc52 - - default default] 10.0.0.47 "GET /v2.0/vpn/endpoint-groups HTTP/1.1" status: 200 len: 827 time: 0.0099781
2026-05-20 18:49:14.591 10 INFO neutron.api.wsgi [None req-5a2f04af-cb64-4614-a942-1cb2b445cf22 0e279818025c474bb062c05e093f4e17 2d10c68ecdb84106af80bb7ee184bc52 - - default default] 10.0.0.47 "GET /v2.0/vpn/endpoint-groups HTTP/1.1" status: 200 len: 827 time: 0.0101929
2026-05-20 18:49:14.601 10 WARNING neutron_lib.context [None req-e06e75af-24f4-4c03-8192-e65996b65db8 0e279818025c474bb062c05e093f4e17 2d10c68ecdb84106af80bb7ee184bc52 - - default default] Method 'is_advsvc' is deprecated since 2023.2 release (neutron-lib 3.8.0) and will be removed once support for the old RBAC API policies will be removed from Neutron. Please use method 'is_service_role' instead.
2026-05-20 18:49:14.640 10 INFO neutron.api.wsgi [None req-e06e75af-24f4-4c03-8192-e65996b65db8 0e279818025c474bb062c05e093f4e17 2d10c68ecdb84106af80bb7ee184bc52 - - default default] 10.0.0.47 "POST /v2.0/vpn/ikepolicies HTTP/1.1" status: 201 len: 602 time: 0.0443728
2026-05-20 18:49:14.651 10 INFO neutron.api.wsgi [None req-e7a3e4ed-78d3-4226-a5d1-cc032d3adb94 25961daeef90494d98212e8106a97e05 0405c3c08a9f4591ba583b5d93a8f032 - - default default] 10.0.0.47 "GET /v2.0/security-groups?tenant_id=60122ff0c9924a4f9bb722d560c306ed&name=default HTTP/1.1" status: 200 len: 3124 time: 0.0330231
2026-05-20 18:49:14.670 9 INFO neutron.api.wsgi [None req-178d807a-1d2f-418c-b210-bb42e2e39bf3 0e279818025c474bb062c05e093f4e17 2d10c68ecdb84106af80bb7ee184bc52 - - default default] 10.0.0.47 "PUT /v2.0/vpn/ikepolicies/631195e7-12d9-445b-b855-907cb39a0833 HTTP/1.1" status: 200 len: 613 time: 0.0244615
2026-05-20 18:49:14.689 9 INFO neutron.api.wsgi [None req-a4dc793f-7263-446c-a9d7-f29fe2b4b738 0e279818025c474bb062c05e093f4e17 2d10c68ecdb84106af80bb7ee184bc52 - - default default] 10.0.0.47 "GET /v2.0/vpn/ikepolicies/631195e7-12d9-445b-b855-907cb39a0833 HTTP/1.1" status: 200 len: 613 time: 0.0130906
2026-05-20 18:49:14.721 9 INFO neutron.api.wsgi [None req-4e74f7cb-b915-4e97-92fe-2e03987bcf3f 0e279818025c474bb062c05e093f4e17 2d10c68ecdb84106af80bb7ee184bc52 - - default default] 10.0.0.47 "DELETE /v2.0/vpn/ikepolicies/631195e7-12d9-445b-b855-907cb39a0833 HTTP/1.1" status: 204 len: 168 time: 0.0270855
2026-05-20 18:49:14.735 10 INFO neutron.api.wsgi [None req-73a455f1-1a8e-4cc2-b0a2-f37817f3d8e3 0e279818025c474bb062c05e093f4e17 2d10c68ecdb84106af80bb7ee184bc52 - - default default] 10.0.0.47 "GET /v2.0/vpn/ikepolicies HTTP/1.1" status: 200 len: 601 time: 0.0095580
2026-05-20 18:49:14.750 9 INFO neutron.api.wsgi [None req-17e39ae5-e54e-4b4a-9754-1de66cecb0bf 0e279818025c474bb062c05e093f4e17 2d10c68ecdb84106af80bb7ee184bc52 - - default default] 10.0.0.47 "GET /v2.0/vpn/ikepolicies HTTP/1.1" status: 200 len: 601 time: 0.0103459
2026-05-20 18:49:14.759 9 WARNING neutron_lib.context [None req-e5e014f2-ffc7-4b3e-ace3-96698a8f87d9 0e279818025c474bb062c05e093f4e17 2d10c68ecdb84106af80bb7ee184bc52 - - default default] Method 'is_advsvc' is deprecated since 2023.2 release (neutron-lib 3.8.0) and will be removed once support for the old RBAC API policies will be removed from Neutron. Please use method 'is_service_role' instead.
2026-05-20 18:49:14.794 9 INFO neutron.api.wsgi [None req-e5e014f2-ffc7-4b3e-ace3-96698a8f87d9 0e279818025c474bb062c05e093f4e17 2d10c68ecdb84106af80bb7ee184bc52 - - default default] 10.0.0.47 "POST /v2.0/vpn/ipsecpolicies HTTP/1.1" status: 201 len: 611 time: 0.0381255
2026-05-20 18:49:14.835 9 INFO neutron.api.wsgi [None req-212fa7dc-f872-471b-bcd2-91ca023e6255 0e279818025c474bb062c05e093f4e17 2d10c68ecdb84106af80bb7ee184bc52 - - default default] 10.0.0.47 "PUT /v2.0/vpn/ipsecpolicies/59bedce7-6e68-4456-af36-90cb38741d16 HTTP/1.1" status: 200 len: 625 time: 0.0333693
2026-05-20 18:49:14.869 10 INFO neutron.api.wsgi [None req-9bd6a1f6-da33-424c-a848-ee33042e1da3 25961daeef90494d98212e8106a97e05 0405c3c08a9f4591ba583b5d93a8f032 - - default default] 10.0.0.47 "DELETE /v2.0/security-groups/09264bc1-c6ea-4708-b7ff-96c66068fb40 HTTP/1.1" status: 204 len: 168 time: 0.2135601
2026-05-20 18:49:14.878 9 INFO neutron.api.wsgi [None req-3bba6001-a0f0-4fde-aa08-25c17e2bc8b2 0e279818025c474bb062c05e093f4e17 2d10c68ecdb84106af80bb7ee184bc52 - - default default] 10.0.0.47 "DELETE /v2.0/vpn/ipsecpolicies/59bedce7-6e68-4456-af36-90cb38741d16 HTTP/1.1" status: 204 len: 168 time: 0.0336299
2026-05-20 18:49:14.892 10 INFO neutron.api.v2.resource [None req-9779dcf4-064f-4f04-bce0-f1d705b43fcd 0e279818025c474bb062c05e093f4e17 2d10c68ecdb84106af80bb7ee184bc52 - - default default] delete failed (client error): The resource could not be found.
2026-05-20 18:49:14.893 10 INFO neutron.api.wsgi [None req-9779dcf4-064f-4f04-bce0-f1d705b43fcd 0e279818025c474bb062c05e093f4e17 2d10c68ecdb84106af80bb7ee184bc52 - - default default] 10.0.0.47 "DELETE /v2.0/vpn/ipsecpolicies/59bedce7-6e68-4456-af36-90cb38741d16 HTTP/1.1" status: 404 len: 346 time: 0.0106826
2026-05-20 18:49:14.915 9 INFO neutron.api.v2.resource [None req-bcaf6c4d-099b-42d5-8f78-1b29bf3212a6 0e279818025c474bb062c05e093f4e17 2d10c68ecdb84106af80bb7ee184bc52 - - default default] delete failed (client error): The resource could not be found.
2026-05-20 18:49:14.915 9 INFO neutron.api.wsgi [None req-bcaf6c4d-099b-42d5-8f78-1b29bf3212a6 0e279818025c474bb062c05e093f4e17 2d10c68ecdb84106af80bb7ee184bc52 - - default default] 10.0.0.47 "DELETE /v2.0/vpn/ipsecpolicies/59bedce7-6e68-4456-af36-90cb38741d16 HTTP/1.1" status: 404 len: 346 time: 0.0116870
2026-05-20 18:49:14.928 9 WARNING neutron_lib.context [None req-840636ee-cc83-4186-818b-a5af3d8eb61a 0e279818025c474bb062c05e093f4e17 2d10c68ecdb84106af80bb7ee184bc52 - - default default] Method 'is_advsvc' is deprecated since 2023.2 release (neutron-lib 3.8.0) and will be removed once support for the old RBAC API policies will be removed from Neutron. Please use method 'is_service_role' instead.
2026-05-20 18:49:15.002 9 INFO neutron.db.segments_db [None req-840636ee-cc83-4186-818b-a5af3d8eb61a 0e279818025c474bb062c05e093f4e17 2d10c68ecdb84106af80bb7ee184bc52 - - default default] Added segment bd5186df-1d69-415d-a8f7-d1a400f7da15 of type geneve for network bdefd0d9-424f-4a30-a656-ef2b248f89f0
2026-05-20 18:49:15.117 9 INFO neutron.db.ovn_revision_numbers_db [None req-840636ee-cc83-4186-818b-a5af3d8eb61a 0e279818025c474bb062c05e093f4e17 2d10c68ecdb84106af80bb7ee184bc52 - - default default] Successfully bumped revision number for resource bdefd0d9-424f-4a30-a656-ef2b248f89f0 (type: networks) to 1
2026-05-20 18:49:15.291 9 WARNING neutron.scheduler.dhcp_agent_scheduler [None req-840636ee-cc83-4186-818b-a5af3d8eb61a 0e279818025c474bb062c05e093f4e17 2d10c68ecdb84106af80bb7ee184bc52 - - default default] No more DHCP agents
2026-05-20 18:49:15.292 9 WARNING neutron.api.rpc.agentnotifiers.dhcp_rpc_agent_api [None req-840636ee-cc83-4186-818b-a5af3d8eb61a 0e279818025c474bb062c05e093f4e17 2d10c68ecdb84106af80bb7ee184bc52 - - default default] Unable to schedule network bdefd0d9-424f-4a30-a656-ef2b248f89f0: no agents available; will retry on subsequent port and subnet creation events.
2026-05-20 18:49:15.350 9 INFO neutron.db.ovn_revision_numbers_db [None req-840636ee-cc83-4186-818b-a5af3d8eb61a 0e279818025c474bb062c05e093f4e17 2d10c68ecdb84106af80bb7ee184bc52 - - default default] Successfully bumped revision number for resource 0f5881ac-95d7-474f-a288-366c58bb1e09 (type: ports) to 1
2026-05-20 18:49:15.375 9 INFO neutron.api.wsgi [None req-840636ee-cc83-4186-818b-a5af3d8eb61a 0e279818025c474bb062c05e093f4e17 2d10c68ecdb84106af80bb7ee184bc52 - - default default] 10.0.0.47 "POST /v2.0/networks HTTP/1.1" status: 201 len: 830 time: 0.4536407
2026-05-20 18:49:15.393 10 WARNING neutron_lib.context [None req-d238ed0c-2326-4626-b030-cd30b1ccced5 0e279818025c474bb062c05e093f4e17 2d10c68ecdb84106af80bb7ee184bc52 - - default default] Method 'is_advsvc' is deprecated since 2023.2 release (neutron-lib 3.8.0) and will be removed once support for the old RBAC API policies will be removed from Neutron. Please use method 'is_service_role' instead.
2026-05-20 18:49:15.462 9 INFO neutron.api.wsgi [req-d61a8eef-0055-4f43-bf2f-5083f6845b2c req-bd1449ba-c6f3-4b4b-8e4b-8b2bdb14ee5c 25961daeef90494d98212e8106a97e05 0405c3c08a9f4591ba583b5d93a8f032 - - default default] 10.0.0.131 "GET /v2.0/ports?device_id=c04598d4-a045-4c64-a547-c26fea893bf7 HTTP/1.1" status: 200 len: 210 time: 0.0162117
2026-05-20 18:49:15.553 10 INFO neutron.api.wsgi [req-b7141f18-6df3-4394-95e8-6fca4927d88c req-666d23f1-6b23-4acc-b1c7-9ae31423239e 25961daeef90494d98212e8106a97e05 0405c3c08a9f4591ba583b5d93a8f032 - - default default] 10.0.0.131 "GET /v2.0/ports?device_id=c04598d4-a045-4c64-a547-c26fea893bf7 HTTP/1.1" status: 200 len: 210 time: 0.0177546
2026-05-20 18:49:15.605 10 WARNING neutron.scheduler.dhcp_agent_scheduler [None req-d238ed0c-2326-4626-b030-cd30b1ccced5 0e279818025c474bb062c05e093f4e17 2d10c68ecdb84106af80bb7ee184bc52 - - default default] No more DHCP agents
2026-05-20 18:49:15.606 10 WARNING neutron.api.rpc.agentnotifiers.dhcp_rpc_agent_api [None req-d238ed0c-2326-4626-b030-cd30b1ccced5 0e279818025c474bb062c05e093f4e17 2d10c68ecdb84106af80bb7ee184bc52 - - default default] Unable to schedule network bdefd0d9-424f-4a30-a656-ef2b248f89f0: no agents available; will retry on subsequent port and subnet creation events.
2026-05-20 18:49:16.032 10 INFO neutron.db.ovn_revision_numbers_db [None req-d359357f-61c7-4758-974f-fcc56c42463b - - - - - -] Successfully bumped revision number for resource 0f5881ac-95d7-474f-a288-366c58bb1e09 (type: ports) to 2
2026-05-20 18:49:16.064 10 INFO neutron.db.ovn_revision_numbers_db [None req-d359357f-61c7-4758-974f-fcc56c42463b - - - - - -] Successfully bumped revision number for resource cc96e7af-1d7f-4e2b-ac3e-df078515039f (type: subnets) to 0
2026-05-20 18:49:16.077 10 INFO neutron.api.wsgi [None req-d238ed0c-2326-4626-b030-cd30b1ccced5 0e279818025c474bb062c05e093f4e17 2d10c68ecdb84106af80bb7ee184bc52 - - default default] 10.0.0.47 "POST /v2.0/subnets HTTP/1.1" status: 201 len: 828 time: 0.6922016
2026-05-20 18:49:16.086 10 WARNING neutron_lib.context [None req-309fd3a5-e1f6-411a-83cc-48fa1033e423 0e279818025c474bb062c05e093f4e17 2d10c68ecdb84106af80bb7ee184bc52 - - default default] Method 'is_advsvc' is deprecated since 2023.2 release (neutron-lib 3.8.0) and will be removed once support for the old RBAC API policies will be removed from Neutron. Please use method 'is_service_role' instead.
2026-05-20 18:49:16.476 10 WARNING neutron.scheduler.dhcp_agent_scheduler [None req-309fd3a5-e1f6-411a-83cc-48fa1033e423 0e279818025c474bb062c05e093f4e17 2d10c68ecdb84106af80bb7ee184bc52 - - default default] No more DHCP agents
2026-05-20 18:49:16.477 10 WARNING neutron.api.rpc.agentnotifiers.dhcp_rpc_agent_api [None req-309fd3a5-e1f6-411a-83cc-48fa1033e423 0e279818025c474bb062c05e093f4e17 2d10c68ecdb84106af80bb7ee184bc52 - - default default] Unable to schedule network 1b4fc365-0321-4ce5-bf09-5351fb21ba4a: no agents available; will retry on subsequent port and subnet creation events.
2026-05-20 18:49:16.596 10 INFO neutron.db.ovn_revision_numbers_db [None req-309fd3a5-e1f6-411a-83cc-48fa1033e423 0e279818025c474bb062c05e093f4e17 2d10c68ecdb84106af80bb7ee184bc52 - - default default] Successfully bumped revision number for resource 62cb82e7-8b54-4f62-821c-d05128f84143 (type: ports) to 1
2026-05-20 18:49:17.183 10 INFO neutron.plugins.ml2.drivers.ovn.mech_driver.ovsdb.commands [None req-a5dc6f01-f533-4962-b876-1d3bedf722c3 - - - - - -] Schedule LRP lrp-62cb82e7-8b54-4f62-821c-d05128f84143 on gateway da08c451-8318-4be6-9f14-7d6c1115e9df with priority 1
2026-05-20 18:49:17.197 9 INFO neutron.plugins.ml2.drivers.ovn.mech_driver.mech_driver [None req-5ff7bf88-e17c-40a5-8839-2dc9e4ceae2f - - - - - -] OVN reports status up for port: 62cb82e7-8b54-4f62-821c-d05128f84143
2026-05-20 18:49:17.205 9 INFO neutron.plugins.ml2.plugin [None req-5ff7bf88-e17c-40a5-8839-2dc9e4ceae2f - - - - - -] Attempt 1 to provision port 62cb82e7-8b54-4f62-821c-d05128f84143
2026-05-20 18:49:17.230 10 INFO neutron.db.ovn_revision_numbers_db [None req-309fd3a5-e1f6-411a-83cc-48fa1033e423 0e279818025c474bb062c05e093f4e17 2d10c68ecdb84106af80bb7ee184bc52 - - default default] Successfully bumped revision number for resource 62cb82e7-8b54-4f62-821c-d05128f84143 (type: router_ports) to 1
2026-05-20 18:49:17.305 10 INFO neutron.db.ovn_revision_numbers_db [None req-309fd3a5-e1f6-411a-83cc-48fa1033e423 0e279818025c474bb062c05e093f4e17 2d10c68ecdb84106af80bb7ee184bc52 - - default default] Successfully bumped revision number for resource 2970cc65-9114-4b4b-8c0d-fadefe64c573 (type: routers) to 2
2026-05-20 18:49:17.319 10 INFO neutron.api.wsgi [None req-309fd3a5-e1f6-411a-83cc-48fa1033e423 0e279818025c474bb062c05e093f4e17 2d10c68ecdb84106af80bb7ee184bc52 - - default default] 10.0.0.47 "POST /v2.0/routers HTTP/1.1" status: 201 len: 1136 time: 1.2367098
2026-05-20 18:49:17.778 10 WARNING neutron.scheduler.dhcp_agent_scheduler [None req-657b67ab-b671-4b12-bb56-1aaa29e6be34 0e279818025c474bb062c05e093f4e17 2d10c68ecdb84106af80bb7ee184bc52 - - default default] No more DHCP agents
2026-05-20 18:49:17.780 10 WARNING neutron.api.rpc.agentnotifiers.dhcp_rpc_agent_api [None req-657b67ab-b671-4b12-bb56-1aaa29e6be34 0e279818025c474bb062c05e093f4e17 2d10c68ecdb84106af80bb7ee184bc52 - - default default] Unable to schedule network bdefd0d9-424f-4a30-a656-ef2b248f89f0: no agents available; will retry on subsequent port and subnet creation events.
2026-05-20 18:49:17.906 10 INFO neutron.db.ovn_revision_numbers_db [None req-657b67ab-b671-4b12-bb56-1aaa29e6be34 0e279818025c474bb062c05e093f4e17 2d10c68ecdb84106af80bb7ee184bc52 - - default default] Successfully bumped revision number for resource 28f46f8c-668a-440a-9b84-4e8dd2bb6041 (type: ports) to 1
2026-05-20 18:49:18.139 9 WARNING neutron_lib.context [None req-6108be9d-0c84-4ca8-b17a-c9fffad7743f 7e70decc6b774bab9b4576d347523966 8120fb5945a14d25ba8ac2b8029f3549 - - default default] Method 'is_advsvc' is deprecated since 2023.2 release (neutron-lib 3.8.0) and will be removed once support for the old RBAC API policies will be removed from Neutron. Please use method 'is_service_role' instead.
2026-05-20 18:49:18.213 9 INFO neutron.api.wsgi [None req-6108be9d-0c84-4ca8-b17a-c9fffad7743f 7e70decc6b774bab9b4576d347523966 8120fb5945a14d25ba8ac2b8029f3549 - - default default] 10.0.0.47 "POST /v2.0/subnetpools HTTP/1.1" status: 201 len: 715 time: 0.2379436
2026-05-20 18:49:18.262 10 INFO neutron.api.wsgi [None req-5d339082-d48b-4d0c-98fa-4882bf811e7b 7e70decc6b774bab9b4576d347523966 8120fb5945a14d25ba8ac2b8029f3549 - - default default] 10.0.0.47 "PUT /v2.0/subnetpools/28bacfdd-8dfd-443a-9cab-45c17f97cba3/tags HTTP/1.1" status: 200 len: 218 time: 0.0454106
2026-05-20 18:49:18.289 9 INFO neutron.api.wsgi [None req-0db0d709-a238-475e-9453-f4d0294d6848 7e70decc6b774bab9b4576d347523966 8120fb5945a14d25ba8ac2b8029f3549 - - default default] 10.0.0.47 "GET /v2.0/subnetpools/28bacfdd-8dfd-443a-9cab-45c17f97cba3/tags HTTP/1.1" status: 200 len: 218 time: 0.0203378
2026-05-20 18:49:18.327 9 INFO neutron.api.wsgi [None req-110865be-a239-48d1-ba20-10628ab97d13 7e70decc6b774bab9b4576d347523966 8120fb5945a14d25ba8ac2b8029f3549 - - default default] 10.0.0.47 "PUT /v2.0/subnetpools/28bacfdd-8dfd-443a-9cab-45c17f97cba3/tags/green HTTP/1.1" status: 201 len: 201 time: 0.0342221
2026-05-20 18:49:18.353 10 INFO neutron.api.wsgi [None req-23c0cdae-dc08-4879-94ca-49cac674ae79 7e70decc6b774bab9b4576d347523966 8120fb5945a14d25ba8ac2b8029f3549 - - default default] 10.0.0.47 "GET /v2.0/subnetpools/28bacfdd-8dfd-443a-9cab-45c17f97cba3/tags HTTP/1.1" status: 200 len: 227 time: 0.0204115
2026-05-20 18:49:18.383 9 INFO neutron.api.wsgi [None req-9aed9831-abfb-4c5b-9a37-35df85185384 7e70decc6b774bab9b4576d347523966 8120fb5945a14d25ba8ac2b8029f3549 - - default default] 10.0.0.47 "PUT /v2.0/subnetpools/28bacfdd-8dfd-443a-9cab-45c17f97cba3/tags/red HTTP/1.1" status: 201 len: 201 time: 0.0223324
2026-05-20 18:49:18.412 10 INFO neutron.api.wsgi [None req-780f778d-1d49-4d2d-87d4-8108741aeed6 7e70decc6b774bab9b4576d347523966 8120fb5945a14d25ba8ac2b8029f3549 - - default default] 10.0.0.47 "GET /v2.0/subnetpools/28bacfdd-8dfd-443a-9cab-45c17f97cba3/tags HTTP/1.1" status: 200 len: 227 time: 0.0238233
2026-05-20 18:49:18.465 9 INFO neutron.api.wsgi [None req-6bfd2b14-74de-4733-887e-beba694706d3 7e70decc6b774bab9b4576d347523966 8120fb5945a14d25ba8ac2b8029f3549 - - default default] 10.0.0.47 "PUT /v2.0/subnetpools/28bacfdd-8dfd-443a-9cab-45c17f97cba3/tags/black.or.white HTTP/1.1" status: 201 len: 201 time: 0.0484428
2026-05-20 18:49:18.494 9 INFO neutron.api.wsgi [None req-ca46a8a4-0387-4d20-bec7-29da8eb4774a 7e70decc6b774bab9b4576d347523966 8120fb5945a14d25ba8ac2b8029f3549 - - default default] 10.0.0.47 "GET /v2.0/subnetpools/28bacfdd-8dfd-443a-9cab-45c17f97cba3/tags HTTP/1.1" status: 200 len: 245 time: 0.0246768
2026-05-20 18:49:18.533 9 INFO neutron.api.wsgi [None req-e73fb7ca-86ce-4a89-b417-8674f09c4104 7e70decc6b774bab9b4576d347523966 8120fb5945a14d25ba8ac2b8029f3549 - - default default] 10.0.0.47 "PUT /v2.0/subnetpools/28bacfdd-8dfd-443a-9cab-45c17f97cba3/tags HTTP/1.1" status: 200 len: 230 time: 0.0351789
2026-05-20 18:49:18.542 10 INFO neutron.db.ovn_revision_numbers_db [None req-657b67ab-b671-4b12-bb56-1aaa29e6be34 0e279818025c474bb062c05e093f4e17 2d10c68ecdb84106af80bb7ee184bc52 - - default default] Successfully bumped revision number for resource 28f46f8c-668a-440a-9b84-4e8dd2bb6041 (type: ports) to 1
2026-05-20 18:49:18.555 10 INFO neutron.api.wsgi [None req-93ba3d31-a8e3-4515-a861-676299c55fda 7e70decc6b774bab9b4576d347523966 8120fb5945a14d25ba8ac2b8029f3549 - - default default] 10.0.0.47 "GET /v2.0/subnetpools/28bacfdd-8dfd-443a-9cab-45c17f97cba3/tags HTTP/1.1" status: 200 len: 230 time: 0.0170207
2026-05-20 18:49:18.578 9 INFO neutron.api.wsgi [req-17265e62-758f-4b67-8d18-37e2bfa1bfb5 req-d19ce3eb-bab6-420c-a39c-ee7ac300c298 25961daeef90494d98212e8106a97e05 0405c3c08a9f4591ba583b5d93a8f032 - - default default] 10.0.0.131 "GET /v2.0/ports?device_id=c04598d4-a045-4c64-a547-c26fea893bf7 HTTP/1.1" status: 200 len: 210 time: 0.0274429
2026-05-20 18:49:18.584 10 INFO neutron.api.wsgi [None req-63de9169-1dee-41f1-aeb0-347c743178df 7e70decc6b774bab9b4576d347523966 8120fb5945a14d25ba8ac2b8029f3549 - - default default] 10.0.0.47 "GET /v2.0/subnetpools/28bacfdd-8dfd-443a-9cab-45c17f97cba3/tags/red HTTP/1.1" status: 204 len: 168 time: 0.0264583
2026-05-20 18:49:18.606 10 INFO neutron.api.v2.resource [None req-4e6da68d-f1dc-4076-847d-1efd41d9725d 7e70decc6b774bab9b4576d347523966 8120fb5945a14d25ba8ac2b8029f3549 - - default default] show failed (client error): The resource could not be found.
2026-05-20 18:49:18.607 10 INFO neutron.api.wsgi [None req-4e6da68d-f1dc-4076-847d-1efd41d9725d 7e70decc6b774bab9b4576d347523966 8120fb5945a14d25ba8ac2b8029f3549 - - default default] 10.0.0.47 "GET /v2.0/subnetpools/28bacfdd-8dfd-443a-9cab-45c17f97cba3/tags/green HTTP/1.1" status: 404 len: 299 time: 0.0196698
2026-05-20 18:49:18.610 10 WARNING neutron.scheduler.dhcp_agent_scheduler [None req-657b67ab-b671-4b12-bb56-1aaa29e6be34 0e279818025c474bb062c05e093f4e17 2d10c68ecdb84106af80bb7ee184bc52 - - default default] No more DHCP agents
2026-05-20 18:49:18.616 10 WARNING neutron.api.rpc.agentnotifiers.dhcp_rpc_agent_api [None req-657b67ab-b671-4b12-bb56-1aaa29e6be34 0e279818025c474bb062c05e093f4e17 2d10c68ecdb84106af80bb7ee184bc52 - - default default] Unable to schedule network bdefd0d9-424f-4a30-a656-ef2b248f89f0: no agents available; will retry on subsequent port and subnet creation events.
2026-05-20 18:49:18.646 10 INFO neutron.api.wsgi [req-a49fda90-c48b-466a-ae93-933a0ebeb540 req-6191fd3a-44fb-4ddc-9368-e362a55494b6 25961daeef90494d98212e8106a97e05 0405c3c08a9f4591ba583b5d93a8f032 - - default default] 10.0.0.131 "GET /v2.0/ports?device_id=c04598d4-a045-4c64-a547-c26fea893bf7 HTTP/1.1" status: 200 len: 210 time: 0.0201244
2026-05-20 18:49:18.651 9 INFO neutron.api.wsgi [req-d4428e40-9ca6-4ac9-b1be-53e9cb2bb73f req-52deaccb-dbfb-4d90-868c-367f4301f16e 296f79a337154385b1d2d52f990f5720 ec8322b84130496bbd20415bbb09ca23 - - cb9ff544df3446bb97acdb0921216e7a cb9ff544df3446bb97acdb0921216e7a] 199.204.45.242 "GET /v2.0/ports?device_id=ac80b6c8-0030-4798-a9c0-b4cf6bdce2aa&fields=binding%3Ahost_id&fields=binding%3Avif_type HTTP/1.1" status: 200 len: 265 time: 0.0401886
2026-05-20 18:49:18.663 10 INFO neutron.api.wsgi [None req-3f7615d2-ddb7-4ef6-9bda-a6b6bf2f6123 7e70decc6b774bab9b4576d347523966 8120fb5945a14d25ba8ac2b8029f3549 - - default default] 10.0.0.47 "DELETE /v2.0/subnetpools/28bacfdd-8dfd-443a-9cab-45c17f97cba3/tags/red HTTP/1.1" status: 204 len: 168 time: 0.0513480
2026-05-20 18:49:18.691 10 INFO neutron.api.wsgi [None req-4eb2b121-6dd0-44c1-9648-1d7b6b09341c 7e70decc6b774bab9b4576d347523966 8120fb5945a14d25ba8ac2b8029f3549 - - default default] 10.0.0.47 "GET /v2.0/subnetpools/28bacfdd-8dfd-443a-9cab-45c17f97cba3/tags HTTP/1.1" status: 200 len: 223 time: 0.0237117
2026-05-20 18:49:18.718 9 INFO neutron.api.v2.resource [None req-2a493658-d93c-427d-8c9f-35ddd7b1a851 7e70decc6b774bab9b4576d347523966 8120fb5945a14d25ba8ac2b8029f3549 - - default default] delete failed (client error): The resource could not be found.
2026-05-20 18:49:18.719 9 INFO neutron.api.wsgi [None req-2a493658-d93c-427d-8c9f-35ddd7b1a851 7e70decc6b774bab9b4576d347523966 8120fb5945a14d25ba8ac2b8029f3549 - - default default] 10.0.0.47 "DELETE /v2.0/subnetpools/28bacfdd-8dfd-443a-9cab-45c17f97cba3/tags/green HTTP/1.1" status: 404 len: 299 time: 0.0215063
2026-05-20 18:49:18.763 10 INFO neutron.api.wsgi [None req-f11e8fa1-7c33-4e76-b2af-2df2af1557e6 7e70decc6b774bab9b4576d347523966 8120fb5945a14d25ba8ac2b8029f3549 - - default default] 10.0.0.47 "DELETE /v2.0/subnetpools/28bacfdd-8dfd-443a-9cab-45c17f97cba3/tags HTTP/1.1" status: 204 len: 168 time: 0.0379806
2026-05-20 18:49:18.788 9 INFO neutron.api.wsgi [req-8ec03f07-8f96-4f63-b378-4044dbc06862 req-0317ba73-165c-43b4-b689-3c17ef14eca9 25961daeef90494d98212e8106a97e05 0405c3c08a9f4591ba583b5d93a8f032 - - default default] 199.204.45.242 "GET /v2.0/networks?id=cc147b17-6832-465a-a177-1ebe9bd73574 HTTP/1.1" status: 200 len: 937 time: 0.0529616
2026-05-20 18:49:18.789 9 INFO neutron.api.wsgi [None req-32d342b1-2364-441d-a89d-0e6589d91bd0 7e70decc6b774bab9b4576d347523966 8120fb5945a14d25ba8ac2b8029f3549 - - default default] 10.0.0.47 "GET /v2.0/subnetpools/28bacfdd-8dfd-443a-9cab-45c17f97cba3/tags HTTP/1.1" status: 200 len: 205 time: 0.0215356
2026-05-20 18:49:18.843 9 INFO neutron.api.wsgi [req-8ec03f07-8f96-4f63-b378-4044dbc06862 req-a68497de-e8bc-4465-a2ee-0b2e5d75870e 25961daeef90494d98212e8106a97e05 0405c3c08a9f4591ba583b5d93a8f032 - - default default] 199.204.45.242 "GET /v2.0/security-groups?fields=id&fields=name&tenant_id=0405c3c08a9f4591ba583b5d93a8f032 HTTP/1.1" status: 200 len: 542 time: 0.0507383
2026-05-20 18:49:18.868 9 INFO neutron.api.wsgi [None req-9c843a39-3e85-4e83-8a8b-be85679adfa2 7e70decc6b774bab9b4576d347523966 8120fb5945a14d25ba8ac2b8029f3549 - - default default] 10.0.0.47 "DELETE /v2.0/subnetpools/28bacfdd-8dfd-443a-9cab-45c17f97cba3 HTTP/1.1" status: 204 len: 168 time: 0.0664897
2026-05-20 18:49:18.934 10 INFO neutron.db.ovn_revision_numbers_db [None req-657b67ab-b671-4b12-bb56-1aaa29e6be34 0e279818025c474bb062c05e093f4e17 2d10c68ecdb84106af80bb7ee184bc52 - - default default] Successfully bumped revision number for resource 28f46f8c-668a-440a-9b84-4e8dd2bb6041 (type: router_ports) to 1
2026-05-20 18:49:18.939 10 INFO neutron.api.wsgi [None req-657b67ab-b671-4b12-bb56-1aaa29e6be34 0e279818025c474bb062c05e093f4e17 2d10c68ecdb84106af80bb7ee184bc52 - - default default] 10.0.0.47 "PUT /v2.0/routers/2970cc65-9114-4b4b-8c0d-fadefe64c573/add_router_interface HTTP/1.1" status: 200 len: 503 time: 1.6147294
2026-05-20 18:49:18.948 10 WARNING neutron_lib.context [None req-f3012067-d79c-4ba4-ad4b-067a9c3d30ef 0e279818025c474bb062c05e093f4e17 2d10c68ecdb84106af80bb7ee184bc52 - - default default] Method 'is_advsvc' is deprecated since 2023.2 release (neutron-lib 3.8.0) and will be removed once support for the old RBAC API policies will be removed from Neutron. Please use method 'is_service_role' instead.
2026-05-20 18:49:19.118 9 WARNING neutron.scheduler.dhcp_agent_scheduler [req-8ec03f07-8f96-4f63-b378-4044dbc06862 req-b2d5bb27-aaf1-422c-8ef3-4dbb71f9b5a2 25961daeef90494d98212e8106a97e05 0405c3c08a9f4591ba583b5d93a8f032 - - default default] No more DHCP agents
2026-05-20 18:49:19.120 9 WARNING neutron.api.rpc.agentnotifiers.dhcp_rpc_agent_api [req-8ec03f07-8f96-4f63-b378-4044dbc06862 req-b2d5bb27-aaf1-422c-8ef3-4dbb71f9b5a2 25961daeef90494d98212e8106a97e05 0405c3c08a9f4591ba583b5d93a8f032 - - default default] Unable to schedule network cc147b17-6832-465a-a177-1ebe9bd73574: no agents available; will retry on subsequent port and subnet creation events.
2026-05-20 18:49:19.295 9 INFO neutron.db.ovn_revision_numbers_db [req-8ec03f07-8f96-4f63-b378-4044dbc06862 req-b2d5bb27-aaf1-422c-8ef3-4dbb71f9b5a2 25961daeef90494d98212e8106a97e05 0405c3c08a9f4591ba583b5d93a8f032 - - default default] Successfully bumped revision number for resource 232984d0-b78c-4abb-bdbd-72fec173d635 (type: ports) to 1
2026-05-20 18:49:19.323 9 INFO neutron.api.wsgi [req-8ec03f07-8f96-4f63-b378-4044dbc06862 req-b2d5bb27-aaf1-422c-8ef3-4dbb71f9b5a2 25961daeef90494d98212e8106a97e05 0405c3c08a9f4591ba583b5d93a8f032 - - default default] 199.204.45.242 "POST /v2.0/ports HTTP/1.1" status: 201 len: 1287 time: 0.4755332 /var/lib/openstack/lib/python3.12/site-packages/pycadf/identifier.py:71: UserWarning: Invalid uuid: neutron. To ensure interoperability, identifiers should be a valid uuid. warnings.warn(('Invalid uuid: %s. To ensure interoperability, '
2026-05-20 18:49:19.509 10 WARNING neutron.scheduler.dhcp_agent_scheduler [None req-890ec02b-e21b-49fc-9681-c81f1da56904 - - - - - -] No more DHCP agents
2026-05-20 18:49:19.510 10 WARNING neutron.api.rpc.agentnotifiers.dhcp_rpc_agent_api [None req-890ec02b-e21b-49fc-9681-c81f1da56904 - - - - - -] Unable to schedule network 1b4fc365-0321-4ce5-bf09-5351fb21ba4a: no agents available; will retry on subsequent port and subnet creation events.
2026-05-20 18:49:19.631 10 INFO neutron.db.ovn_revision_numbers_db [None req-890ec02b-e21b-49fc-9681-c81f1da56904 - - - - - -] Successfully bumped revision number for resource 689db2a6-766a-4b28-83fb-a12160d63c8c (type: ports) to 1 /var/lib/openstack/lib/python3.12/site-packages/pycadf/identifier.py:71: UserWarning: Invalid uuid: neutron. To ensure interoperability, identifiers should be a valid uuid. warnings.warn(('Invalid uuid: %s. To ensure interoperability, '
2026-05-20 18:49:19.707 10 INFO neutron.api.wsgi [req-d4428e40-9ca6-4ac9-b1be-53e9cb2bb73f req-ea793bf3-87c2-49c2-825c-e200b6655ba5 296f79a337154385b1d2d52f990f5720 ec8322b84130496bbd20415bbb09ca23 - - cb9ff544df3446bb97acdb0921216e7a cb9ff544df3446bb97acdb0921216e7a] 199.204.45.242 "GET /v2.0/ports?tenant_id=76839c0e988543c5a63287d8f3e65043&device_id=ac80b6c8-0030-4798-a9c0-b4cf6bdce2aa HTTP/1.1" status: 200 len: 1634 time: 0.0401933
2026-05-20 18:49:19.851 9 INFO neutron.db.ovn_revision_numbers_db [req-8ec03f07-8f96-4f63-b378-4044dbc06862 req-8c668ab0-9017-4102-9db8-6b7675b8b95d 296f79a337154385b1d2d52f990f5720 ec8322b84130496bbd20415bbb09ca23 - - cb9ff544df3446bb97acdb0921216e7a cb9ff544df3446bb97acdb0921216e7a] Successfully bumped revision number for resource 232984d0-b78c-4abb-bdbd-72fec173d635 (type: ports) to 2
2026-05-20 18:49:19.884 9 INFO neutron.db.ovn_revision_numbers_db [None req-2142dc02-85fd-49cc-add3-a0e4f6dcb3b3 25961daeef90494d98212e8106a97e05 0405c3c08a9f4591ba583b5d93a8f032 - - default default] Successfully bumped revision number for resource aea3e76a-3ed6-4dd8-8824-dbc57995a187 (type: security_groups) to 1
2026-05-20 18:49:19.904 9 INFO neutron.db.ovn_revision_numbers_db [None req-2142dc02-85fd-49cc-add3-a0e4f6dcb3b3 25961daeef90494d98212e8106a97e05 0405c3c08a9f4591ba583b5d93a8f032 - - default default] Successfully bumped revision number for resource 3c6c17d5-621d-42f9-97f0-95b6f1e9b346 (type: security_group_rules) to 0
2026-05-20 18:49:19.924 9 INFO neutron.db.ovn_revision_numbers_db [None req-2142dc02-85fd-49cc-add3-a0e4f6dcb3b3 25961daeef90494d98212e8106a97e05 0405c3c08a9f4591ba583b5d93a8f032 - - default default] Successfully bumped revision number for resource a020e3ec-9abc-40ff-9ff0-bef3c0196a46 (type: security_group_rules) to 0
2026-05-20 18:49:19.950 9 INFO neutron.db.ovn_revision_numbers_db [None req-2142dc02-85fd-49cc-add3-a0e4f6dcb3b3 25961daeef90494d98212e8106a97e05 0405c3c08a9f4591ba583b5d93a8f032 - - default default] Successfully bumped revision number for resource c74bdf25-9af3-46dc-923b-9f5eeec82a2c (type: security_group_rules) to 0
2026-05-20 18:49:19.966 10 INFO neutron.db.ovn_revision_numbers_db [None req-890ec02b-e21b-49fc-9681-c81f1da56904 - - - - - -] Successfully bumped revision number for resource 689db2a6-766a-4b28-83fb-a12160d63c8c (type: ports) to 3
2026-05-20 18:49:19.969 9 INFO neutron.api.wsgi [-] 10.0.0.32 "GET / HTTP/1.1" status: 200 len: 247 time: 0.0013816
2026-05-20 18:49:19.971 9 INFO neutron.api.wsgi [-] 10.0.0.32 "GET / HTTP/1.1" status: 200 len: 247 time: 0.0012412
2026-05-20 18:49:19.973 9 INFO neutron.db.ovn_revision_numbers_db [None req-2142dc02-85fd-49cc-add3-a0e4f6dcb3b3 25961daeef90494d98212e8106a97e05 0405c3c08a9f4591ba583b5d93a8f032 - - default default] Successfully bumped revision number for resource cf773ff8-ec7e-4098-ae0d-d4638a0c1e9c (type: security_group_rules) to 0
2026-05-20 18:49:20.016 10 INFO neutron.db.segments_db [None req-890ec02b-e21b-49fc-9681-c81f1da56904 - - - - - -] Added segment e0f94ac2-541a-4d2a-806c-fe7319905612 of type geneve for network 355a9ac0-1b38-42b6-9c64-6c7555e1f0cb
2026-05-20 18:49:20.018 9 INFO neutron.api.wsgi [None req-2142dc02-85fd-49cc-add3-a0e4f6dcb3b3 25961daeef90494d98212e8106a97e05 0405c3c08a9f4591ba583b5d93a8f032 - - default default] 10.0.0.47 "GET /v2.0/security-groups?tenant_id=01de64489ac9419cb43a2e9126249107&name=default HTTP/1.1" status: 200 len: 3124 time: 0.4912293
2026-05-20 18:49:20.120 10 INFO neutron.db.ovn_revision_numbers_db [None req-a7d64bbf-2062-4a9e-9ca4-eedf278fbfa1 - - - - - -] Successfully bumped revision number for resource 355a9ac0-1b38-42b6-9c64-6c7555e1f0cb (type: networks) to 1
2026-05-20 18:49:20.149 9 INFO neutron.db.ovn_revision_numbers_db [req-8ec03f07-8f96-4f63-b378-4044dbc06862 req-8c668ab0-9017-4102-9db8-6b7675b8b95d 296f79a337154385b1d2d52f990f5720 ec8322b84130496bbd20415bbb09ca23 - - cb9ff544df3446bb97acdb0921216e7a cb9ff544df3446bb97acdb0921216e7a] Successfully bumped revision number for resource 232984d0-b78c-4abb-bdbd-72fec173d635 (type: ports) to 4
2026-05-20 18:49:20.176 9 INFO neutron.api.wsgi [req-8ec03f07-8f96-4f63-b378-4044dbc06862 req-8c668ab0-9017-4102-9db8-6b7675b8b95d 296f79a337154385b1d2d52f990f5720 ec8322b84130496bbd20415bbb09ca23 - - cb9ff544df3446bb97acdb0921216e7a cb9ff544df3446bb97acdb0921216e7a] 199.204.45.242 "PUT /v2.0/ports/232984d0-b78c-4abb-bdbd-72fec173d635 HTTP/1.1" status: 200 len: 1412 time: 0.8471720 /var/lib/openstack/lib/python3.12/site-packages/pycadf/identifier.py:71: UserWarning: Invalid uuid: neutron. To ensure interoperability, identifiers should be a valid uuid. warnings.warn(('Invalid uuid: %s. To ensure interoperability, '
2026-05-20 18:49:20.264 10 WARNING neutron.scheduler.dhcp_agent_scheduler [None req-a7d64bbf-2062-4a9e-9ca4-eedf278fbfa1 - - - - - -] No more DHCP agents
2026-05-20 18:49:20.265 10 WARNING neutron.api.rpc.agentnotifiers.dhcp_rpc_agent_api [None req-a7d64bbf-2062-4a9e-9ca4-eedf278fbfa1 - - - - - -] Unable to schedule network 355a9ac0-1b38-42b6-9c64-6c7555e1f0cb: no agents available; will retry on subsequent port and subnet creation events.
2026-05-20 18:49:20.273 9 INFO neutron.api.wsgi [req-d4428e40-9ca6-4ac9-b1be-53e9cb2bb73f req-4513b296-7b39-4781-9903-317be173f9cb 296f79a337154385b1d2d52f990f5720 ec8322b84130496bbd20415bbb09ca23 - - cb9ff544df3446bb97acdb0921216e7a cb9ff544df3446bb97acdb0921216e7a] 199.204.45.242 "GET /v2.0/networks?id=2141913b-db98-4905-ae73-dedc01e4fd75 HTTP/1.1" status: 200 len: 1003 time: 0.0548239
2026-05-20 18:49:20.276 9 INFO neutron.api.wsgi [None req-30e241cc-1f42-4707-be60-000e418bdbe5 25961daeef90494d98212e8106a97e05 0405c3c08a9f4591ba583b5d93a8f032 - - default default] 10.0.0.47 "DELETE /v2.0/security-groups/aea3e76a-3ed6-4dd8-8824-dbc57995a187 HTTP/1.1" status: 204 len: 168 time: 0.2541237
2026-05-20 18:49:20.324 10 INFO neutron.db.ovn_revision_numbers_db [None req-a7d64bbf-2062-4a9e-9ca4-eedf278fbfa1 - - - - - -] Successfully bumped revision number for resource 15c49773-b5b5-4d1b-b192-2b220dcd2a05 (type: ports) to 1
2026-05-20 18:49:20.335 9 INFO neutron.api.wsgi [req-d4428e40-9ca6-4ac9-b1be-53e9cb2bb73f req-c2f67b4d-48cf-4c98-9103-bf90e8ee6541 296f79a337154385b1d2d52f990f5720 ec8322b84130496bbd20415bbb09ca23 - - cb9ff544df3446bb97acdb0921216e7a cb9ff544df3446bb97acdb0921216e7a] 199.204.45.242 "GET /v2.0/floatingips?fixed_ip_address=10.2.1.222&port_id=4a50635c-e0c8-49e1-a5b5-f1d010a249cd HTTP/1.1" status: 200 len: 1059 time: 0.0527513
2026-05-20 18:49:20.356 9 INFO neutron.api.wsgi [req-d4428e40-9ca6-4ac9-b1be-53e9cb2bb73f req-2c06268d-5e64-432e-bb8c-a78880182de0 296f79a337154385b1d2d52f990f5720 ec8322b84130496bbd20415bbb09ca23 - - cb9ff544df3446bb97acdb0921216e7a cb9ff544df3446bb97acdb0921216e7a] 199.204.45.242 "GET /v2.0/floatingips?fixed_ip_address=fd7b%3Af9f7%3Afff%3A4eca%3A%3Ac9&port_id=4a50635c-e0c8-49e1-a5b5-f1d010a249cd HTTP/1.1" status: 200 len: 217 time: 0.0165381
2026-05-20 18:49:20.387 9 INFO neutron.api.wsgi [req-d4428e40-9ca6-4ac9-b1be-53e9cb2bb73f req-a8705008-4aca-41fe-bcf1-11ca30947a43 296f79a337154385b1d2d52f990f5720 ec8322b84130496bbd20415bbb09ca23 - - cb9ff544df3446bb97acdb0921216e7a cb9ff544df3446bb97acdb0921216e7a] 199.204.45.242 "GET /v2.0/subnets?id=e7173075-3596-4538-adf0-0b1d0221b7a3&id=1a313747-eb1a-4894-93d8-de603d9f1bca HTTP/1.1" status: 200 len: 1610 time: 0.0250371
2026-05-20 18:49:20.426 9 INFO neutron.notifiers.nova [-] Nova event matching ['req-cab23825-1e3f-4f6b-aa10-94d5c19630d0'] response: {'name': 'network-changed', 'server_uuid': 'c04598d4-a045-4c64-a547-c26fea893bf7', 'tag': '232984d0-b78c-4abb-bdbd-72fec173d635', 'status': 'completed', 'code': 200}
2026-05-20 18:49:20.428 9 INFO neutron.api.wsgi [req-d4428e40-9ca6-4ac9-b1be-53e9cb2bb73f req-75e11bf5-910d-46a3-9838-afb635b7c498 296f79a337154385b1d2d52f990f5720 ec8322b84130496bbd20415bbb09ca23 - - cb9ff544df3446bb97acdb0921216e7a cb9ff544df3446bb97acdb0921216e7a] 199.204.45.242 "GET /v2.0/ports?network_id=2141913b-db98-4905-ae73-dedc01e4fd75&device_owner=network%3Adhcp HTTP/1.1" status: 200 len: 210 time: 0.0302162
2026-05-20 18:49:20.440 10 WARNING neutron.scheduler.dhcp_agent_scheduler [None req-a7d64bbf-2062-4a9e-9ca4-eedf278fbfa1 - - - - - -] No more DHCP agents
2026-05-20 18:49:20.442 10 WARNING neutron.api.rpc.agentnotifiers.dhcp_rpc_agent_api [None req-a7d64bbf-2062-4a9e-9ca4-eedf278fbfa1 - - - - - -] Unable to schedule network 355a9ac0-1b38-42b6-9c64-6c7555e1f0cb: no agents available; will retry on subsequent port and subnet creation events.
2026-05-20 18:49:20.461 10 INFO neutron.db.ovn_revision_numbers_db [None req-a7d64bbf-2062-4a9e-9ca4-eedf278fbfa1 - - - - - -] Successfully bumped revision number for resource 57c13693-70d5-4e7e-9a51-0e967699f044 (type: subnets) to 0
2026-05-20 18:49:20.463 9 INFO neutron.api.wsgi [req-d4428e40-9ca6-4ac9-b1be-53e9cb2bb73f req-05a78ab2-412e-4a85-a623-db4fd54a5964 296f79a337154385b1d2d52f990f5720 ec8322b84130496bbd20415bbb09ca23 - - cb9ff544df3446bb97acdb0921216e7a cb9ff544df3446bb97acdb0921216e7a] 199.204.45.242 "GET /v2.0/ports?network_id=2141913b-db98-4905-ae73-dedc01e4fd75&device_owner=network%3Adhcp HTTP/1.1" status: 200 len: 210 time: 0.0204086
2026-05-20 18:49:20.536 9 INFO neutron.api.wsgi [req-d4428e40-9ca6-4ac9-b1be-53e9cb2bb73f req-6fb5facc-8efa-46c5-92e5-2c4ef99ad90f 296f79a337154385b1d2d52f990f5720 ec8322b84130496bbd20415bbb09ca23 - - cb9ff544df3446bb97acdb0921216e7a cb9ff544df3446bb97acdb0921216e7a] 199.204.45.242 "GET /v2.0/networks/2141913b-db98-4905-ae73-dedc01e4fd75?fields=segments HTTP/1.1" status: 200 len: 212 time: 0.0640347
2026-05-20 18:49:20.577 9 INFO neutron.db.ovn_revision_numbers_db [None req-83d05b1f-c786-4dc4-ac0b-8f7db578af75 25961daeef90494d98212e8106a97e05 0405c3c08a9f4591ba583b5d93a8f032 - - default default] Successfully bumped revision number for resource f97b1168-c232-436c-b242-ca17dbfa90b0 (type: security_groups) to 1
2026-05-20 18:49:20.589 9 INFO neutron.api.wsgi [req-d4428e40-9ca6-4ac9-b1be-53e9cb2bb73f req-817b49c5-3a0f-4397-ba63-8e28d050fe36 296f79a337154385b1d2d52f990f5720 ec8322b84130496bbd20415bbb09ca23 - - cb9ff544df3446bb97acdb0921216e7a cb9ff544df3446bb97acdb0921216e7a] 199.204.45.242 "GET /v2.0/networks/2141913b-db98-4905-ae73-dedc01e4fd75?fields=provider%3Aphysical_network&fields=provider%3Anetwork_type HTTP/1.1" status: 200 len: 277 time: 0.0475459
2026-05-20 18:49:20.594 9 INFO neutron.db.ovn_revision_numbers_db [None req-83d05b1f-c786-4dc4-ac0b-8f7db578af75 25961daeef90494d98212e8106a97e05 0405c3c08a9f4591ba583b5d93a8f032 - - default default] Successfully bumped revision number for resource 3b1bce28-43fd-4e46-b02a-b8ca14aa36ac (type: security_group_rules) to 0
2026-05-20 18:49:20.605 9 INFO neutron.db.ovn_revision_numbers_db [None req-83d05b1f-c786-4dc4-ac0b-8f7db578af75 25961daeef90494d98212e8106a97e05 0405c3c08a9f4591ba583b5d93a8f032 - - default default] Successfully bumped revision number for resource 48d1e1d1-e001-4130-ac11-3f1a62fa0ef5 (type: security_group_rules) to 0
2026-05-20 18:49:20.616 9 INFO neutron.db.ovn_revision_numbers_db [None req-83d05b1f-c786-4dc4-ac0b-8f7db578af75 25961daeef90494d98212e8106a97e05 0405c3c08a9f4591ba583b5d93a8f032 - - default default] Successfully bumped revision number for resource b7beb70d-da5f-4f26-bb3c-41cf0e95d6d9 (type: security_group_rules) to 0
2026-05-20 18:49:20.629 9 INFO neutron.db.ovn_revision_numbers_db [None req-83d05b1f-c786-4dc4-ac0b-8f7db578af75 25961daeef90494d98212e8106a97e05 0405c3c08a9f4591ba583b5d93a8f032 - - default default] Successfully bumped revision number for resource b9319ed3-9fec-49ca-8405-e63a823b76a9 (type: security_group_rules) to 0
2026-05-20 18:49:20.663 9 INFO neutron.api.wsgi [None req-83d05b1f-c786-4dc4-ac0b-8f7db578af75 25961daeef90494d98212e8106a97e05 0405c3c08a9f4591ba583b5d93a8f032 - - default default] 10.0.0.47 "GET /v2.0/security-groups?tenant_id=8120fb5945a14d25ba8ac2b8029f3549&name=default HTTP/1.1" status: 200 len: 3124 time: 0.2630250
2026-05-20 18:49:20.836 10 WARNING neutron.scheduler.dhcp_agent_scheduler [None req-a7d64bbf-2062-4a9e-9ca4-eedf278fbfa1 - - - - - -] No more DHCP agents
2026-05-20 18:49:20.837 10 WARNING neutron.api.rpc.agentnotifiers.dhcp_rpc_agent_api [None req-a7d64bbf-2062-4a9e-9ca4-eedf278fbfa1 - - - - - -] Unable to schedule network 355a9ac0-1b38-42b6-9c64-6c7555e1f0cb: no agents available; will retry on subsequent port and subnet creation events.
2026-05-20 18:49:20.882 9 INFO neutron.api.wsgi [None req-542671a8-9570-450a-b649-ee964aea62f6 25961daeef90494d98212e8106a97e05 0405c3c08a9f4591ba583b5d93a8f032 - - default default] 10.0.0.47 "DELETE /v2.0/security-groups/f97b1168-c232-436c-b242-ca17dbfa90b0 HTTP/1.1" status: 204 len: 168 time: 0.2126753
2026-05-20 18:49:20.966 10 INFO neutron.db.ovn_revision_numbers_db [None req-a7d64bbf-2062-4a9e-9ca4-eedf278fbfa1 - - - - - -] Successfully bumped revision number for resource b3f73ab9-c2b1-437e-ada0-fb06c48ad069 (type: ports) to 1
2026-05-20 18:49:20.994 9 INFO neutron.api.wsgi [req-66516fa8-de05-452f-95cf-247d78233f80 req-1e1e15aa-be62-41a9-99d9-176a3061b6c3 296f79a337154385b1d2d52f990f5720 ec8322b84130496bbd20415bbb09ca23 - - cb9ff544df3446bb97acdb0921216e7a cb9ff544df3446bb97acdb0921216e7a] 199.204.45.242 "GET /v2.0/ports?tenant_id=0405c3c08a9f4591ba583b5d93a8f032&device_id=c04598d4-a045-4c64-a547-c26fea893bf7 HTTP/1.1" status: 200 len: 1415 time: 0.0511916
2026-05-20 18:49:21.056 9 INFO neutron.api.wsgi [req-66516fa8-de05-452f-95cf-247d78233f80 req-b349dfca-708e-46ce-ab04-7b887e8b859f 296f79a337154385b1d2d52f990f5720 ec8322b84130496bbd20415bbb09ca23 - - cb9ff544df3446bb97acdb0921216e7a cb9ff544df3446bb97acdb0921216e7a] 199.204.45.242 "GET /v2.0/networks?tenant_id=0405c3c08a9f4591ba583b5d93a8f032&shared=False HTTP/1.1" status: 200 len: 937 time: 0.0562766
2026-05-20 18:49:21.111 9 INFO neutron.api.wsgi [req-66516fa8-de05-452f-95cf-247d78233f80 req-1cb7e89b-33c5-4bd9-9463-ad8bd313ccc0 296f79a337154385b1d2d52f990f5720 ec8322b84130496bbd20415bbb09ca23 - - cb9ff544df3446bb97acdb0921216e7a cb9ff544df3446bb97acdb0921216e7a] 199.204.45.242 "GET /v2.0/networks?shared=True HTTP/1.1" status: 200 len: 952 time: 0.0476627
2026-05-20 18:49:21.502 9 INFO neutron.api.wsgi [req-0e207d93-e411-483b-8d71-c9aef75f38ab req-3925363c-4025-43a8-88e2-b22ddd3b757f 25961daeef90494d98212e8106a97e05 0405c3c08a9f4591ba583b5d93a8f032 - - default default] 10.0.0.131 "GET /v2.0/ports?device_id=c04598d4-a045-4c64-a547-c26fea893bf7 HTTP/1.1" status: 200 len: 1415 time: 0.0371690
2026-05-20 18:49:21.540 9 INFO neutron.api.wsgi [req-0e207d93-e411-483b-8d71-c9aef75f38ab req-5860957b-bcda-48c0-9029-91d174058e91 25961daeef90494d98212e8106a97e05 0405c3c08a9f4591ba583b5d93a8f032 - - default default] 10.0.0.131 "GET /v2.0/security-groups?id=f0787a50-ce78-4884-9b36-d1f9664996e1&fields=id&fields=name HTTP/1.1" status: 200 len: 294 time: 0.0321550
2026-05-20 18:49:21.621 10 INFO neutron.api.wsgi [req-dddbe4b1-eb63-412b-9a3b-f31a0873613a req-ffd39da4-f1fe-4c06-9e2d-0c174b7af5a7 25961daeef90494d98212e8106a97e05 0405c3c08a9f4591ba583b5d93a8f032 - - default default] 10.0.0.131 "GET /v2.0/ports?device_id=c04598d4-a045-4c64-a547-c26fea893bf7 HTTP/1.1" status: 200 len: 1415 time: 0.0338907
2026-05-20 18:49:21.703 10 INFO neutron.plugins.ml2.drivers.ovn.mech_driver.mech_driver [None req-06d2f1f1-b148-4875-9be3-d1dc67510ba9 - - - - - -] OVN reports status up for port: b3f73ab9-c2b1-437e-ada0-fb06c48ad069
2026-05-20 18:49:21.712 10 INFO neutron.plugins.ml2.plugin [None req-06d2f1f1-b148-4875-9be3-d1dc67510ba9 - - - - - -] Attempt 1 to provision port b3f73ab9-c2b1-437e-ada0-fb06c48ad069
2026-05-20 18:49:21.722 10 INFO neutron.db.ovn_revision_numbers_db [None req-a7d64bbf-2062-4a9e-9ca4-eedf278fbfa1 - - - - - -] Successfully bumped revision number for resource b3f73ab9-c2b1-437e-ada0-fb06c48ad069 (type: ports) to 1
2026-05-20 18:49:21.794 10 WARNING neutron.scheduler.dhcp_agent_scheduler [None req-a7d64bbf-2062-4a9e-9ca4-eedf278fbfa1 - - - - - -] No more DHCP agents
2026-05-20 18:49:21.796 10 WARNING neutron.api.rpc.agentnotifiers.dhcp_rpc_agent_api [None req-a7d64bbf-2062-4a9e-9ca4-eedf278fbfa1 - - - - - -] Unable to schedule network 355a9ac0-1b38-42b6-9c64-6c7555e1f0cb: no agents available; will retry on subsequent port and subnet creation events.
