2026-05-20 18:48:56.989 9 INFO neutron.db.ovn_revision_numbers_db [None req-d371f3df-3877-40ab-8f37-48c124cb6dea - - - - - -] Successfully bumped revision number for resource d1a6f249-adf5-4142-aa0b-f2cc6a86d8ae (type: ports) to 1
2026-05-20 18:48:57.110 9 WARNING neutron.scheduler.dhcp_agent_scheduler [None req-d371f3df-3877-40ab-8f37-48c124cb6dea - - - - - -] No more DHCP agents
2026-05-20 18:48:57.111 9 WARNING neutron.api.rpc.agentnotifiers.dhcp_rpc_agent_api [None req-d371f3df-3877-40ab-8f37-48c124cb6dea - - - - - -] Unable to schedule network 39eac6f3-9b17-49e3-91e6-21b67dcce15c: no agents available; will retry on subsequent port and subnet creation events.
2026-05-20 18:48:57.132 9 INFO neutron.db.ovn_revision_numbers_db [None req-d371f3df-3877-40ab-8f37-48c124cb6dea - - - - - -] Successfully bumped revision number for resource fcd4a576-cbe7-464d-9863-cfc50586ff48 (type: subnets) to 0
2026-05-20 18:48:58.156 9 WARNING neutron.scheduler.dhcp_agent_scheduler [None req-d371f3df-3877-40ab-8f37-48c124cb6dea - - - - - -] No more DHCP agents
2026-05-20 18:48:58.157 9 WARNING neutron.api.rpc.agentnotifiers.dhcp_rpc_agent_api [None req-d371f3df-3877-40ab-8f37-48c124cb6dea - - - - - -] Unable to schedule network 39eac6f3-9b17-49e3-91e6-21b67dcce15c: no agents available; will retry on subsequent port and subnet creation events.
2026-05-20 18:48:58.835 10 INFO neutron.api.wsgi [None req-0d445658-d353-4bbf-8df3-f92664308b95 9ba2dcef06e748adbe4897c587d81b34 64a126cfec614e2ca13beec3ccb7f443 - - default default] 10.0.0.47 "POST /v2.0/qos/policies HTTP/1.1" status: 201 len: 558 time: 0.8879080
2026-05-20 18:48:59.159 9 INFO neutron.db.ovn_revision_numbers_db [None req-d371f3df-3877-40ab-8f37-48c124cb6dea - - - - - -] Successfully bumped revision number for resource 505f08b6-623b-43fb-8992-aea07de91246 (type: ports) to 1
2026-05-20 18:48:59.508 10 INFO neutron.api.wsgi [None req-bdbb4d9c-6742-4b05-bd81-a4adb9158e0c 9ba2dcef06e748adbe4897c587d81b34 64a126cfec614e2ca13beec3ccb7f443 - - default default] 10.0.0.47 "PUT /v2.0/policies/7c9e9cdc-7131-4a36-9eb9-8dd03ed84140/tags HTTP/1.1" status: 200 len: 218 time: 0.6671515
2026-05-20 18:48:59.543 10 INFO neutron.api.wsgi [None req-cbd9c094-4d71-4d67-a515-bba3f2fe8683 9ba2dcef06e748adbe4897c587d81b34 64a126cfec614e2ca13beec3ccb7f443 - - default default] 10.0.0.47 "GET /v2.0/policies/7c9e9cdc-7131-4a36-9eb9-8dd03ed84140/tags HTTP/1.1" status: 200 len: 218 time: 0.0263369
2026-05-20 18:48:59.662 9 INFO neutron.api.wsgi [None req-486ea5bb-a338-4828-95d6-c311a18cb6ba 9ba2dcef06e748adbe4897c587d81b34 64a126cfec614e2ca13beec3ccb7f443 - - default default] 10.0.0.47 "PUT /v2.0/policies/7c9e9cdc-7131-4a36-9eb9-8dd03ed84140/tags/green HTTP/1.1" status: 201 len: 201 time: 0.1141236
2026-05-20 18:48:59.678 9 INFO neutron.api.wsgi [None req-07e08b41-a6f9-4afe-a293-329a5bb9d239 9ba2dcef06e748adbe4897c587d81b34 64a126cfec614e2ca13beec3ccb7f443 - - default default] 10.0.0.47 "GET /v2.0/policies/7c9e9cdc-7131-4a36-9eb9-8dd03ed84140/tags HTTP/1.1" status: 200 len: 227 time: 0.0123522
2026-05-20 18:48:59.702 10 INFO neutron.api.wsgi [None req-a3e9b4e2-eb71-4735-8ef8-994de13a7e8f 9ba2dcef06e748adbe4897c587d81b34 64a126cfec614e2ca13beec3ccb7f443 - - default default] 10.0.0.47 "PUT /v2.0/policies/7c9e9cdc-7131-4a36-9eb9-8dd03ed84140/tags/red HTTP/1.1" status: 201 len: 201 time: 0.0187402
2026-05-20 18:48:59.726 10 INFO neutron.api.wsgi [None req-3bbb2954-80b3-4fb0-96da-9c7b41bf3b8d 9ba2dcef06e748adbe4897c587d81b34 64a126cfec614e2ca13beec3ccb7f443 - - default default] 10.0.0.47 "GET /v2.0/policies/7c9e9cdc-7131-4a36-9eb9-8dd03ed84140/tags HTTP/1.1" status: 200 len: 227 time: 0.0204298
2026-05-20 18:49:00.004 10 INFO neutron.api.wsgi [None req-069c8b3a-27e9-4b20-8ce7-5eb9546c7658 9ba2dcef06e748adbe4897c587d81b34 64a126cfec614e2ca13beec3ccb7f443 - - default default] 10.0.0.47 "PUT /v2.0/policies/7c9e9cdc-7131-4a36-9eb9-8dd03ed84140/tags/black.or.white HTTP/1.1" status: 201 len: 201 time: 0.2732770
2026-05-20 18:49:00.024 10 INFO neutron.api.wsgi [None req-bd9ebd20-9943-4827-89c0-a3e0a8da0523 9ba2dcef06e748adbe4897c587d81b34 64a126cfec614e2ca13beec3ccb7f443 - - default default] 10.0.0.47 "GET /v2.0/policies/7c9e9cdc-7131-4a36-9eb9-8dd03ed84140/tags HTTP/1.1" status: 200 len: 245 time: 0.0143285
2026-05-20 18:49:00.292 9 INFO neutron.db.ovn_revision_numbers_db [None req-d371f3df-3877-40ab-8f37-48c124cb6dea - - - - - -] Successfully bumped revision number for resource 505f08b6-623b-43fb-8992-aea07de91246 (type: ports) to 1
2026-05-20 18:49:00.359 9 WARNING neutron.scheduler.dhcp_agent_scheduler [None req-d371f3df-3877-40ab-8f37-48c124cb6dea - - - - - -] No more DHCP agents
2026-05-20 18:49:00.361 9 WARNING neutron.api.rpc.agentnotifiers.dhcp_rpc_agent_api [None req-d371f3df-3877-40ab-8f37-48c124cb6dea - - - - - -] Unable to schedule network 39eac6f3-9b17-49e3-91e6-21b67dcce15c: no agents available; will retry on subsequent port and subnet creation events.
2026-05-20 18:49:00.389 10 INFO neutron.api.wsgi [None req-3e63c064-d3e3-4899-8325-615e6886ac6c 9ba2dcef06e748adbe4897c587d81b34 64a126cfec614e2ca13beec3ccb7f443 - - default default] 10.0.0.47 "PUT /v2.0/policies/7c9e9cdc-7131-4a36-9eb9-8dd03ed84140/tags HTTP/1.1" status: 200 len: 230 time: 0.3607676
2026-05-20 18:49:00.407 10 INFO neutron.api.wsgi [None req-b418defb-6c7b-46c1-b989-ed942ed8927b 9ba2dcef06e748adbe4897c587d81b34 64a126cfec614e2ca13beec3ccb7f443 - - default default] 10.0.0.47 "GET /v2.0/policies/7c9e9cdc-7131-4a36-9eb9-8dd03ed84140/tags HTTP/1.1" status: 200 len: 230 time: 0.0140615
2026-05-20 18:49:00.428 10 INFO neutron.api.wsgi [None req-ef0ce8a5-a596-4403-99ca-3bbd4d34689d 9ba2dcef06e748adbe4897c587d81b34 64a126cfec614e2ca13beec3ccb7f443 - - default default] 10.0.0.47 "GET /v2.0/policies/7c9e9cdc-7131-4a36-9eb9-8dd03ed84140/tags/red HTTP/1.1" status: 204 len: 168 time: 0.0167716
2026-05-20 18:49:00.449 10 INFO neutron.api.v2.resource [None req-8ad73063-8aff-4a9b-8060-40fb1c906c57 9ba2dcef06e748adbe4897c587d81b34 64a126cfec614e2ca13beec3ccb7f443 - - default default] show failed (client error): The resource could not be found.
2026-05-20 18:49:00.450 10 INFO neutron.api.wsgi [None req-8ad73063-8aff-4a9b-8060-40fb1c906c57 9ba2dcef06e748adbe4897c587d81b34 64a126cfec614e2ca13beec3ccb7f443 - - default default] 10.0.0.47 "GET /v2.0/policies/7c9e9cdc-7131-4a36-9eb9-8dd03ed84140/tags/green HTTP/1.1" status: 404 len: 299 time: 0.0181818
2026-05-20 18:49:00.687 10 WARNING neutron.plugins.ml2.drivers.ovn.mech_driver.ovsdb.ovn_client [None req-6f928295-9476-4069-8e6d-114077f88d52 - - - - - -] No hosting information found for port ebff579a-6cef-4006-ac56-c123971bb0c4: RuntimeError: No hosting information found for port ebff579a-6cef-4006-ac56-c123971bb0c4
2026-05-20 18:49:00.688 10 INFO neutron.plugins.ml2.drivers.ovn.mech_driver.mech_driver [None req-6f928295-9476-4069-8e6d-114077f88d52 - - - - - -] OVN reports status up for port: e939deab-24f1-4657-a96c-77cdb5d27871
2026-05-20 18:49:00.866 10 INFO neutron.api.wsgi [None req-ddd733c1-7ea6-4ae4-aae9-bdd7a3f8f4e5 9ba2dcef06e748adbe4897c587d81b34 64a126cfec614e2ca13beec3ccb7f443 - - default default] 10.0.0.47 "DELETE /v2.0/policies/7c9e9cdc-7131-4a36-9eb9-8dd03ed84140/tags/red HTTP/1.1" status: 204 len: 168 time: 0.4099958
2026-05-20 18:49:00.882 9 WARNING neutron.plugins.ml2.drivers.ovn.mech_driver.ovsdb.ovn_client [None req-b944bb55-0f60-4f9d-b0e3-7082ba897a9c - - - - - -] No hosting information found for port 5000f982-2c77-41a5-b106-f9f91a9f1aec: RuntimeError: No hosting information found for port 5000f982-2c77-41a5-b106-f9f91a9f1aec
2026-05-20 18:49:00.883 9 INFO neutron.plugins.ml2.drivers.ovn.mech_driver.mech_driver [None req-b944bb55-0f60-4f9d-b0e3-7082ba897a9c - - - - - -] OVN reports status up for port: b3990181-f7de-46e4-a135-da591d9bea0a
2026-05-20 18:49:00.927 9 INFO neutron.api.wsgi [None req-7d4bc9a7-ae91-4bce-ac50-88a1b2f95026 9ba2dcef06e748adbe4897c587d81b34 64a126cfec614e2ca13beec3ccb7f443 - - default default] 10.0.0.47 "GET /v2.0/policies/7c9e9cdc-7131-4a36-9eb9-8dd03ed84140/tags HTTP/1.1" status: 200 len: 223 time: 0.0176876
2026-05-20 18:49:00.970 10 INFO neutron.api.v2.resource [None req-a546a0eb-6b72-4dbf-b5c3-5e2bcc3c5c9b 9ba2dcef06e748adbe4897c587d81b34 64a126cfec614e2ca13beec3ccb7f443 - - default default] delete failed (client error): The resource could not be found.
2026-05-20 18:49:00.972 10 INFO neutron.api.wsgi [None req-a546a0eb-6b72-4dbf-b5c3-5e2bcc3c5c9b 9ba2dcef06e748adbe4897c587d81b34 64a126cfec614e2ca13beec3ccb7f443 - - default default] 10.0.0.47 "DELETE /v2.0/policies/7c9e9cdc-7131-4a36-9eb9-8dd03ed84140/tags/green HTTP/1.1" status: 404 len: 299 time: 0.0394015
2026-05-20 18:49:01.063 10 INFO neutron.plugins.ml2.plugin [None req-6f928295-9476-4069-8e6d-114077f88d52 - - - - - -] Attempt 1 to provision port e939deab-24f1-4657-a96c-77cdb5d27871
2026-05-20 18:49:01.158 9 INFO neutron.plugins.ml2.plugin [None req-b944bb55-0f60-4f9d-b0e3-7082ba897a9c - - - - - -] Attempt 1 to provision port b3990181-f7de-46e4-a135-da591d9bea0a
2026-05-20 18:49:01.160 10 INFO neutron.api.wsgi [None req-56a4715b-1d05-4195-88ab-0948dddf3287 9ba2dcef06e748adbe4897c587d81b34 64a126cfec614e2ca13beec3ccb7f443 - - default default] 10.0.0.47 "DELETE /v2.0/policies/7c9e9cdc-7131-4a36-9eb9-8dd03ed84140/tags HTTP/1.1" status: 204 len: 168 time: 0.1794670
2026-05-20 18:49:01.207 10 INFO neutron.api.wsgi [None req-e7f24f58-db93-4e2f-b783-4fc7c7c78614 9ba2dcef06e748adbe4897c587d81b34 64a126cfec614e2ca13beec3ccb7f443 - - default default] 10.0.0.47 "GET /v2.0/policies/7c9e9cdc-7131-4a36-9eb9-8dd03ed84140/tags HTTP/1.1" status: 200 len: 205 time: 0.0413139
2026-05-20 18:49:01.614 9 INFO neutron.db.ovn_revision_numbers_db [None req-d371f3df-3877-40ab-8f37-48c124cb6dea - - - - - -] Successfully bumped revision number for resource 505f08b6-623b-43fb-8992-aea07de91246 (type: router_ports) to 1
2026-05-20 18:49:01.791 10 INFO neutron.api.wsgi [None req-c12b1bc6-5cd1-4de9-a22c-796286078e95 9ba2dcef06e748adbe4897c587d81b34 64a126cfec614e2ca13beec3ccb7f443 - - default default] 10.0.0.47 "DELETE /v2.0/qos/policies/7c9e9cdc-7131-4a36-9eb9-8dd03ed84140 HTTP/1.1" status: 204 len: 168 time: 0.5769887
2026-05-20 18:49:03.030 9 INFO neutron.db.ovn_revision_numbers_db [None req-b944bb55-0f60-4f9d-b0e3-7082ba897a9c - - - - - -] Successfully bumped revision number for resource b3990181-f7de-46e4-a135-da591d9bea0a (type: ports) to 4
2026-05-20 18:49:03.031 10 INFO neutron.db.ovn_revision_numbers_db [None req-6f928295-9476-4069-8e6d-114077f88d52 - - - - - -] Successfully bumped revision number for resource e939deab-24f1-4657-a96c-77cdb5d27871 (type: ports) to 4
2026-05-20 18:49:03.090 9 WARNING neutron.scheduler.dhcp_agent_scheduler [None req-d371f3df-3877-40ab-8f37-48c124cb6dea - - - - - -] No more DHCP agents
2026-05-20 18:49:03.102 9 WARNING neutron.api.rpc.agentnotifiers.dhcp_rpc_agent_api [None req-d371f3df-3877-40ab-8f37-48c124cb6dea - - - - - -] Unable to schedule network 39eac6f3-9b17-49e3-91e6-21b67dcce15c: no agents available; will retry on subsequent port and subnet creation events.
2026-05-20 18:49:03.868 9 INFO neutron.db.ovn_revision_numbers_db [None req-d371f3df-3877-40ab-8f37-48c124cb6dea - - - - - -] Successfully bumped revision number for resource b09aec00-247f-4e4b-ae7f-21562a14f4f8 (type: ports) to 1
2026-05-20 18:49:03.870 10 INFO neutron.db.ovn_revision_numbers_db [None req-a2ab1ee8-377e-4c57-b0db-3a02b54d183f - - - - - -] Successfully bumped revision number for resource ebff579a-6cef-4006-ac56-c123971bb0c4 (type: router_ports) to 2
2026-05-20 18:49:03.871 10 INFO neutron.plugins.ml2.drivers.ovn.mech_driver.mech_driver [None req-a2ab1ee8-377e-4c57-b0db-3a02b54d183f - - - - - -] OVN reports status up for port: 505f08b6-623b-43fb-8992-aea07de91246
2026-05-20 18:49:03.881 10 INFO neutron.plugins.ml2.plugin [None req-a2ab1ee8-377e-4c57-b0db-3a02b54d183f - - - - - -] Attempt 1 to provision port 505f08b6-623b-43fb-8992-aea07de91246
2026-05-20 18:49:04.970 10 INFO neutron.api.wsgi [-] 10.0.0.32 "GET / HTTP/1.1" status: 200 len: 247 time: 0.0019250
2026-05-20 18:49:04.972 10 INFO neutron.api.wsgi [-] 10.0.0.32 "GET / HTTP/1.1" status: 200 len: 247 time: 0.0016279
2026-05-20 18:49:05.651 10 INFO neutron.db.ovn_revision_numbers_db [None req-a2ab1ee8-377e-4c57-b0db-3a02b54d183f - - - - - -] Successfully bumped revision number for resource 505f08b6-623b-43fb-8992-aea07de91246 (type: ports) to 2
2026-05-20 18:49:05.657 9 INFO neutron.db.ovn_revision_numbers_db [None req-d371f3df-3877-40ab-8f37-48c124cb6dea - - - - - -] Successfully bumped revision number for resource b09aec00-247f-4e4b-ae7f-21562a14f4f8 (type: ports) to 3
2026-05-20 18:49:06.868 9 INFO neutron.api.wsgi [None req-4bbc449d-fe4e-40af-b65d-1b5e006b5d3c 7b664cb514a04530a8e8d7947b7781f5 6f201155bfee40859e961c32a9f503dc - - default default] 10.0.0.47 "POST /v2.0/vpn/vpnservices HTTP/1.1" status: 201 len: 656 time: 11.2341325
2026-05-20 18:49:06.884 9 INFO neutron.api.wsgi [None req-56129ec8-378b-41b3-a9d3-71e8cbddd2e3 0e279818025c474bb062c05e093f4e17 2d10c68ecdb84106af80bb7ee184bc52 - - default default] 10.0.0.47 "GET /v2.0/vpn/vpnservices HTTP/1.1" status: 200 len: 1500 time: 0.0092742
2026-05-20 18:49:07.586 10 INFO neutron.db.ovn_revision_numbers_db [None req-c897d19f-5bff-449a-ae7b-188661a6b7ee 25961daeef90494d98212e8106a97e05 0405c3c08a9f4591ba583b5d93a8f032 - - default default] Successfully bumped revision number for resource aebf6b4e-c3b6-4b45-94fb-1b95f08c167b (type: security_groups) to 1
2026-05-20 18:49:07.632 10 INFO neutron.db.ovn_revision_numbers_db [None req-c897d19f-5bff-449a-ae7b-188661a6b7ee 25961daeef90494d98212e8106a97e05 0405c3c08a9f4591ba583b5d93a8f032 - - default default] Successfully bumped revision number for resource 38b58e0f-63c1-4f00-b916-3ddd68cbe8cf (type: security_group_rules) to 0
2026-05-20 18:49:07.655 10 INFO neutron.db.ovn_revision_numbers_db [None req-c897d19f-5bff-449a-ae7b-188661a6b7ee 25961daeef90494d98212e8106a97e05 0405c3c08a9f4591ba583b5d93a8f032 - - default default] Successfully bumped revision number for resource 9719112e-da6d-46cc-9a89-7a33c8312ae3 (type: security_group_rules) to 0
2026-05-20 18:49:07.669 10 INFO neutron.db.ovn_revision_numbers_db [None req-c897d19f-5bff-449a-ae7b-188661a6b7ee 25961daeef90494d98212e8106a97e05 0405c3c08a9f4591ba583b5d93a8f032 - - default default] Successfully bumped revision number for resource cdbf731e-332f-42c4-b8cc-cbd6726d6a1d (type: security_group_rules) to 0
2026-05-20 18:49:07.702 10 INFO neutron.db.ovn_revision_numbers_db [None req-c897d19f-5bff-449a-ae7b-188661a6b7ee 25961daeef90494d98212e8106a97e05 0405c3c08a9f4591ba583b5d93a8f032 - - default default] Successfully bumped revision number for resource e35b8fe1-402c-4a13-b587-edce8bace721 (type: security_group_rules) to 0
2026-05-20 18:49:07.755 10 INFO neutron.api.wsgi [None req-c897d19f-5bff-449a-ae7b-188661a6b7ee 25961daeef90494d98212e8106a97e05 0405c3c08a9f4591ba583b5d93a8f032 - - default default] 10.0.0.47 "GET /v2.0/security-groups?tenant_id=64a126cfec614e2ca13beec3ccb7f443&name=default HTTP/1.1" status: 200 len: 3124 time: 1.5982122
2026-05-20 18:49:07.987 10 INFO neutron.api.wsgi [None req-2da1fddf-0aa2-4920-8bc1-4931e905fb78 25961daeef90494d98212e8106a97e05 0405c3c08a9f4591ba583b5d93a8f032 - - default default] 10.0.0.47 "DELETE /v2.0/security-groups/aebf6b4e-c3b6-4b45-94fb-1b95f08c167b HTTP/1.1" status: 204 len: 168 time: 0.2267246
2026-05-20 18:49:08.259 9 INFO neutron.db.ovn_revision_numbers_db [None req-1c8e18fb-f29a-4516-91fd-00e02042b1d6 25961daeef90494d98212e8106a97e05 0405c3c08a9f4591ba583b5d93a8f032 - - default default] Successfully bumped revision number for resource 42f1e5cb-5133-4eac-a575-3bb396f713fe (type: security_groups) to 1
2026-05-20 18:49:08.278 9 INFO neutron.db.ovn_revision_numbers_db [None req-1c8e18fb-f29a-4516-91fd-00e02042b1d6 25961daeef90494d98212e8106a97e05 0405c3c08a9f4591ba583b5d93a8f032 - - default default] Successfully bumped revision number for resource 047e8dcf-1316-4563-8275-acbd51d5b32b (type: security_group_rules) to 0
2026-05-20 18:49:08.297 9 INFO neutron.db.ovn_revision_numbers_db [None req-1c8e18fb-f29a-4516-91fd-00e02042b1d6 25961daeef90494d98212e8106a97e05 0405c3c08a9f4591ba583b5d93a8f032 - - default default] Successfully bumped revision number for resource abd769b5-a4db-48dd-b51b-c20707d03f84 (type: security_group_rules) to 0
2026-05-20 18:49:08.309 9 INFO neutron.db.ovn_revision_numbers_db [None req-1c8e18fb-f29a-4516-91fd-00e02042b1d6 25961daeef90494d98212e8106a97e05 0405c3c08a9f4591ba583b5d93a8f032 - - default default] Successfully bumped revision number for resource ce06cc8c-c070-4009-b683-e856a47f23fd (type: security_group_rules) to 0
2026-05-20 18:49:08.335 9 INFO neutron.db.ovn_revision_numbers_db [None req-1c8e18fb-f29a-4516-91fd-00e02042b1d6 25961daeef90494d98212e8106a97e05 0405c3c08a9f4591ba583b5d93a8f032 - - default default] Successfully bumped revision number for resource fe1abe49-f389-4af3-93fc-ecf4c808e77e (type: security_group_rules) to 0
2026-05-20 18:49:08.381 9 INFO neutron.api.wsgi [None req-1c8e18fb-f29a-4516-91fd-00e02042b1d6 25961daeef90494d98212e8106a97e05 0405c3c08a9f4591ba583b5d93a8f032 - - default default] 10.0.0.47 "GET /v2.0/security-groups?tenant_id=c7cc94228d1a487fb9e53e1c00100c94&name=default HTTP/1.1" status: 200 len: 3124 time: 0.2812219
2026-05-20 18:49:08.597 10 INFO neutron.api.wsgi [None req-588751ee-6ff4-475b-b7e7-8cb942ca0f1b 25961daeef90494d98212e8106a97e05 0405c3c08a9f4591ba583b5d93a8f032 - - default default] 10.0.0.47 "DELETE /v2.0/security-groups/42f1e5cb-5133-4eac-a575-3bb396f713fe HTTP/1.1" status: 204 len: 168 time: 0.2111051
2026-05-20 18:49:09.907 9 INFO neutron.services.segments.plugin [-] Segment 8ee6f789-d9f6-45b7-b838-00c6824fc1c3 resource provider aggregate not found
2026-05-20 18:49:09.912 9 INFO neutron.services.segments.plugin [-] Segment 8ee6f789-d9f6-45b7-b838-00c6824fc1c3 resource provider aggregate not found
2026-05-20 18:49:09.932 9 INFO neutron.services.segments.plugin [-] Segment 8ee6f789-d9f6-45b7-b838-00c6824fc1c3 resource provider not found; error: Placement Client Error (4xx): {"errors": [{"status": 404, "title": "Not Found", "detail": "The resource could not be found.\n\n No resource provider with uuid 8ee6f789-d9f6-45b7-b838-00c6824fc1c3 found for delete ", "request_id": "req-1dc2a5a3-c5d7-4fd4-996a-d43f79788ccf"}]}
2026-05-20 18:49:09.941 9 INFO neutron.services.segments.plugin [-] Segment 8ee6f789-d9f6-45b7-b838-00c6824fc1c3 resource provider not found; error: Placement Client Error (4xx): {"errors": [{"status": 404, "title": "Not Found", "detail": "The resource could not be found.\n\n No resource provider with uuid 8ee6f789-d9f6-45b7-b838-00c6824fc1c3 found for delete ", "request_id": "req-3f56e261-4c12-4818-aad7-6327b48c34ca"}]}
2026-05-20 18:49:09.984 9 INFO neutron.api.wsgi [None req-afd2cb74-6741-4f89-a6b3-fd5cff92e41e 7b664cb514a04530a8e8d7947b7781f5 6f201155bfee40859e961c32a9f503dc - - default default] 10.0.0.47 "DELETE /v2.0/vpn/vpnservices/3d320d8d-a611-4714-929a-aa542c54b7f4 HTTP/1.1" status: 204 len: 168 time: 3.0969539
2026-05-20 18:49:09.996 10 WARNING neutron_lib.context [None req-eed4bc21-15ce-4249-b6f7-24bbc0806696 0e279818025c474bb062c05e093f4e17 2d10c68ecdb84106af80bb7ee184bc52 - - default default] Method 'is_advsvc' is deprecated since 2023.2 release (neutron-lib 3.8.0) and will be removed once support for the old RBAC API policies will be removed from Neutron. Please use method 'is_service_role' instead.
2026-05-20 18:49:10.082 10 INFO neutron.api.wsgi [None req-eed4bc21-15ce-4249-b6f7-24bbc0806696 0e279818025c474bb062c05e093f4e17 2d10c68ecdb84106af80bb7ee184bc52 - - default default] 10.0.0.47 "POST /v2.0/vpn/endpoint-groups HTTP/1.1" status: 201 len: 501 time: 0.0899868 /var/lib/openstack/lib/python3.12/site-packages/pycadf/identifier.py:71: UserWarning: Invalid uuid: neutron. To ensure interoperability, identifiers should be a valid uuid. warnings.warn(('Invalid uuid: %s. To ensure interoperability, '
2026-05-20 18:49:10.090 9 WARNING neutron_lib.context [None req-6e27bcab-bb00-4efc-a2dd-63448b4724db 0e279818025c474bb062c05e093f4e17 2d10c68ecdb84106af80bb7ee184bc52 - - default default] Method 'is_advsvc' is deprecated since 2023.2 release (neutron-lib 3.8.0) and will be removed once support for the old RBAC API policies will be removed from Neutron. Please use method 'is_service_role' instead.
2026-05-20 18:49:10.148 9 INFO neutron.api.wsgi [None req-6e27bcab-bb00-4efc-a2dd-63448b4724db 0e279818025c474bb062c05e093f4e17 2d10c68ecdb84106af80bb7ee184bc52 - - default default] 10.0.0.47 "POST /v2.0/vpn/endpoint-groups HTTP/1.1" status: 201 len: 492 time: 0.0607870
2026-05-20 18:49:10.155 10 WARNING neutron.api.v2.base [None req-da165588-5289-4c15-b8cc-c23a5e615419 0e279818025c474bb062c05e093f4e17 2d10c68ecdb84106af80bb7ee184bc52 - - default default] An exception happened while processing the request body. The exception message is [Unrecognized attribute(s) 'peer_cidr'].: webob.exc.HTTPBadRequest: Unrecognized attribute(s) 'peer_cidr'
2026-05-20 18:49:10.155 10 INFO neutron.api.v2.resource [None req-da165588-5289-4c15-b8cc-c23a5e615419 0e279818025c474bb062c05e093f4e17 2d10c68ecdb84106af80bb7ee184bc52 - - default default] create failed (client error): Unrecognized attribute(s) 'peer_cidr'
2026-05-20 18:49:10.158 10 INFO neutron.api.wsgi [None req-da165588-5289-4c15-b8cc-c23a5e615419 0e279818025c474bb062c05e093f4e17 2d10c68ecdb84106af80bb7ee184bc52 - - default default] 10.0.0.47 "POST /v2.0/vpn/ipsec-site-connections HTTP/1.1" status: 400 len: 313 time: 0.0076869
2026-05-20 18:49:10.169 10 INFO neutron.api.wsgi [None req-3f5a344a-14e2-413a-8b01-0c1736e83a45 0e279818025c474bb062c05e093f4e17 2d10c68ecdb84106af80bb7ee184bc52 - - default default] 10.0.0.47 "GET /v2.0/vpn/endpoint-groups HTTP/1.1" status: 200 len: 1387 time: 0.0092964
2026-05-20 18:49:10.192 9 INFO neutron.api.wsgi [None req-c192f02c-fa5a-4f9f-82fe-744510d92d0a 0e279818025c474bb062c05e093f4e17 2d10c68ecdb84106af80bb7ee184bc52 - - default default] 10.0.0.47 "DELETE /v2.0/vpn/endpoint-groups/69f8705f-87bb-40e1-b30b-4db4404a8c9f HTTP/1.1" status: 204 len: 168 time: 0.0175099
2026-05-20 18:49:10.208 10 INFO neutron.api.wsgi [None req-f05da758-b953-4d0a-aa8d-2d2db73c7136 0e279818025c474bb062c05e093f4e17 2d10c68ecdb84106af80bb7ee184bc52 - - default default] 10.0.0.47 "GET /v2.0/vpn/endpoint-groups HTTP/1.1" status: 200 len: 1111 time: 0.0103889
2026-05-20 18:49:10.221 10 INFO neutron.api.wsgi [None req-8229bb27-2df1-4f50-a1a3-1c407ed874ba 0e279818025c474bb062c05e093f4e17 2d10c68ecdb84106af80bb7ee184bc52 - - default default] 10.0.0.47 "GET /v2.0/vpn/endpoint-groups HTTP/1.1" status: 200 len: 1111 time: 0.0093231
2026-05-20 18:49:10.251 9 INFO neutron.api.wsgi [None req-92475297-42e6-4318-9288-a98209f80f1a 0e279818025c474bb062c05e093f4e17 2d10c68ecdb84106af80bb7ee184bc52 - - default default] 10.0.0.47 "DELETE /v2.0/vpn/endpoint-groups/ee19af47-3fef-4e0d-8000-7b6844f10885 HTTP/1.1" status: 204 len: 168 time: 0.0258396
2026-05-20 18:49:10.266 10 INFO neutron.api.wsgi [None req-98fef088-d24b-49b1-a69a-9ae48b822c3d 0e279818025c474bb062c05e093f4e17 2d10c68ecdb84106af80bb7ee184bc52 - - default default] 10.0.0.47 "GET /v2.0/vpn/endpoint-groups HTTP/1.1" status: 200 len: 827 time: 0.0110748
2026-05-20 18:49:10.276 9 WARNING neutron_lib.context [None req-938e980a-73bd-47c4-94bc-1f1003651f03 0e279818025c474bb062c05e093f4e17 2d10c68ecdb84106af80bb7ee184bc52 - - default default] Method 'is_advsvc' is deprecated since 2023.2 release (neutron-lib 3.8.0) and will be removed once support for the old RBAC API policies will be removed from Neutron. Please use method 'is_service_role' instead.
2026-05-20 18:49:10.327 9 INFO neutron.api.wsgi [None req-938e980a-73bd-47c4-94bc-1f1003651f03 0e279818025c474bb062c05e093f4e17 2d10c68ecdb84106af80bb7ee184bc52 - - default default] 10.0.0.47 "POST /v2.0/vpn/endpoint-groups HTTP/1.1" status: 201 len: 501 time: 0.0548086
2026-05-20 18:49:10.337 9 WARNING neutron_lib.context [None req-39f08d99-9320-475b-b59f-79ee35c419a7 0e279818025c474bb062c05e093f4e17 2d10c68ecdb84106af80bb7ee184bc52 - - default default] Method 'is_advsvc' is deprecated since 2023.2 release (neutron-lib 3.8.0) and will be removed once support for the old RBAC API policies will be removed from Neutron. Please use method 'is_service_role' instead.
2026-05-20 18:49:10.371 9 INFO neutron.api.wsgi [None req-39f08d99-9320-475b-b59f-79ee35c419a7 0e279818025c474bb062c05e093f4e17 2d10c68ecdb84106af80bb7ee184bc52 - - default default] 10.0.0.47 "POST /v2.0/vpn/endpoint-groups HTTP/1.1" status: 201 len: 493 time: 0.0386872
2026-05-20 18:49:10.381 10 WARNING neutron_lib.context [None req-e93917b9-c833-44e7-9061-6df6b4480a8b 0e279818025c474bb062c05e093f4e17 2d10c68ecdb84106af80bb7ee184bc52 - - default default] Method 'is_advsvc' is deprecated since 2023.2 release (neutron-lib 3.8.0) and will be removed once support for the old RBAC API policies will be removed from Neutron. Please use method 'is_service_role' instead.
2026-05-20 18:49:10.430 10 INFO neutron.api.v2.resource [None req-e93917b9-c833-44e7-9061-6df6b4480a8b 0e279818025c474bb062c05e093f4e17 2d10c68ecdb84106af80bb7ee184bc52 - - default default] create failed (client error): The server could not comply with the request since it is either malformed or otherwise incorrect.
2026-05-20 18:49:10.431 10 INFO neutron.api.wsgi [None req-e93917b9-c833-44e7-9061-6df6b4480a8b 0e279818025c474bb062c05e093f4e17 2d10c68ecdb84106af80bb7ee184bc52 - - default default] 10.0.0.47 "POST /v2.0/vpn/ipsec-site-connections HTTP/1.1" status: 400 len: 373 time: 0.0549927
2026-05-20 18:49:10.450 9 INFO neutron.api.wsgi [None req-72ec3fce-3d52-41e2-bc4f-fc165d354987 0e279818025c474bb062c05e093f4e17 2d10c68ecdb84106af80bb7ee184bc52 - - default default] 10.0.0.47 "GET /v2.0/vpn/endpoint-groups HTTP/1.1" status: 200 len: 1388 time: 0.0128474
2026-05-20 18:49:10.485 10 INFO neutron.api.wsgi [None req-b790d696-2769-4b1e-a7ef-6bb7c2ea4971 0e279818025c474bb062c05e093f4e17 2d10c68ecdb84106af80bb7ee184bc52 - - default default] 10.0.0.47 "DELETE /v2.0/vpn/endpoint-groups/b12ea229-5eaa-47ac-867a-c1840fc8c16c HTTP/1.1" status: 204 len: 168 time: 0.0303428
2026-05-20 18:49:10.499 10 INFO neutron.api.wsgi [None req-ed67e14b-4d65-4241-bd17-1d211e03278e 0e279818025c474bb062c05e093f4e17 2d10c68ecdb84106af80bb7ee184bc52 - - default default] 10.0.0.47 "GET /v2.0/vpn/endpoint-groups HTTP/1.1" status: 200 len: 1111 time: 0.0103199
2026-05-20 18:49:10.516 10 INFO neutron.api.wsgi [None req-939100d7-1c69-417e-931e-f2a3291c550a 0e279818025c474bb062c05e093f4e17 2d10c68ecdb84106af80bb7ee184bc52 - - default default] 10.0.0.47 "GET /v2.0/vpn/endpoint-groups HTTP/1.1" status: 200 len: 1111 time: 0.0121658
2026-05-20 18:49:10.542 10 INFO neutron.api.wsgi [None req-b9a295be-6ae8-4723-a2e3-c8f3a8d12a1d 0e279818025c474bb062c05e093f4e17 2d10c68ecdb84106af80bb7ee184bc52 - - default default] 10.0.0.47 "DELETE /v2.0/vpn/endpoint-groups/85e7d82d-5d27-40a3-8082-7a3efbae24e5 HTTP/1.1" status: 204 len: 168 time: 0.0231190
2026-05-20 18:49:10.562 10 INFO neutron.api.wsgi [None req-7183809d-a50d-4930-b416-8367fdeadb71 0e279818025c474bb062c05e093f4e17 2d10c68ecdb84106af80bb7ee184bc52 - - default default] 10.0.0.47 "GET /v2.0/vpn/endpoint-groups HTTP/1.1" status: 200 len: 827 time: 0.0158329
2026-05-20 18:49:10.572 10 WARNING neutron_lib.context [None req-041938b0-4b65-4e50-9433-87ecec3af228 0e279818025c474bb062c05e093f4e17 2d10c68ecdb84106af80bb7ee184bc52 - - default default] Method 'is_advsvc' is deprecated since 2023.2 release (neutron-lib 3.8.0) and will be removed once support for the old RBAC API policies will be removed from Neutron. Please use method 'is_service_role' instead.
2026-05-20 18:49:10.618 10 INFO neutron.api.wsgi [None req-041938b0-4b65-4e50-9433-87ecec3af228 0e279818025c474bb062c05e093f4e17 2d10c68ecdb84106af80bb7ee184bc52 - - default default] 10.0.0.47 "POST /v2.0/vpn/endpoint-groups HTTP/1.1" status: 201 len: 500 time: 0.0500057
2026-05-20 18:49:10.627 10 WARNING neutron.api.v2.base [None req-a4b5ebda-c552-46bd-a36c-cf483b111f78 0e279818025c474bb062c05e093f4e17 2d10c68ecdb84106af80bb7ee184bc52 - - default default] An exception happened while processing the request body. The exception message is [Failed to parse request. Required attribute 'peer_id' not specified].: webob.exc.HTTPBadRequest: Failed to parse request. Required attribute 'peer_id' not specified
2026-05-20 18:49:10.627 10 INFO neutron.api.v2.resource [None req-a4b5ebda-c552-46bd-a36c-cf483b111f78 0e279818025c474bb062c05e093f4e17 2d10c68ecdb84106af80bb7ee184bc52 - - default default] create failed (client error): Failed to parse request. Required attribute 'peer_id' not specified
2026-05-20 18:49:10.628 10 INFO neutron.api.wsgi [None req-a4b5ebda-c552-46bd-a36c-cf483b111f78 0e279818025c474bb062c05e093f4e17 2d10c68ecdb84106af80bb7ee184bc52 - - default default] 10.0.0.47 "POST /v2.0/vpn/ipsec-site-connections HTTP/1.1" status: 400 len: 343 time: 0.0053570
2026-05-20 18:49:10.641 10 INFO neutron.api.wsgi [None req-4710268a-107f-431e-a675-6263bd050042 0e279818025c474bb062c05e093f4e17 2d10c68ecdb84106af80bb7ee184bc52 - - default default] 10.0.0.47 "GET /v2.0/vpn/endpoint-groups HTTP/1.1" status: 200 len: 1110 time: 0.0096159
2026-05-20 18:49:10.666 10 INFO neutron.api.wsgi [None req-d711e621-e7c1-4385-9975-78db68f2956e 0e279818025c474bb062c05e093f4e17 2d10c68ecdb84106af80bb7ee184bc52 - - default default] 10.0.0.47 "DELETE /v2.0/vpn/endpoint-groups/b0da89ef-07f6-4fb1-9d38-30b0edb5d550 HTTP/1.1" status: 204 len: 168 time: 0.0207086
2026-05-20 18:49:10.682 10 INFO neutron.api.wsgi [None req-f9b3a07f-07c5-4c18-9623-dbfd56db2969 0e279818025c474bb062c05e093f4e17 2d10c68ecdb84106af80bb7ee184bc52 - - default default] 10.0.0.47 "GET /v2.0/vpn/endpoint-groups HTTP/1.1" status: 200 len: 827 time: 0.0111163
2026-05-20 18:49:10.692 10 WARNING neutron_lib.context [None req-13164467-9589-48bb-b4b8-bca447e66edd 0e279818025c474bb062c05e093f4e17 2d10c68ecdb84106af80bb7ee184bc52 - - default default] Method 'is_advsvc' is deprecated since 2023.2 release (neutron-lib 3.8.0) and will be removed once support for the old RBAC API policies will be removed from Neutron. Please use method 'is_service_role' instead.
2026-05-20 18:49:10.746 10 INFO neutron.api.wsgi [None req-13164467-9589-48bb-b4b8-bca447e66edd 0e279818025c474bb062c05e093f4e17 2d10c68ecdb84106af80bb7ee184bc52 - - default default] 10.0.0.47 "POST /v2.0/vpn/endpoint-groups HTTP/1.1" status: 201 len: 491 time: 0.0580034
2026-05-20 18:49:10.760 10 WARNING neutron.api.v2.base [None req-b675c80a-bacd-414c-9428-c518430f0486 0e279818025c474bb062c05e093f4e17 2d10c68ecdb84106af80bb7ee184bc52 - - default default] An exception happened while processing the request body. The exception message is [Failed to parse request. Required attribute 'peer_id' not specified].: webob.exc.HTTPBadRequest: Failed to parse request. Required attribute 'peer_id' not specified
2026-05-20 18:49:10.761 10 INFO neutron.api.v2.resource [None req-b675c80a-bacd-414c-9428-c518430f0486 0e279818025c474bb062c05e093f4e17 2d10c68ecdb84106af80bb7ee184bc52 - - default default] create failed (client error): Failed to parse request. Required attribute 'peer_id' not specified
2026-05-20 18:49:10.762 10 INFO neutron.api.wsgi [None req-b675c80a-bacd-414c-9428-c518430f0486 0e279818025c474bb062c05e093f4e17 2d10c68ecdb84106af80bb7ee184bc52 - - default default] 10.0.0.47 "POST /v2.0/vpn/ipsec-site-connections HTTP/1.1" status: 400 len: 343 time: 0.0066898
2026-05-20 18:49:10.776 10 INFO neutron.api.wsgi [None req-67e1e034-e883-484b-af6d-c3552bbb204b 0e279818025c474bb062c05e093f4e17 2d10c68ecdb84106af80bb7ee184bc52 - - default default] 10.0.0.47 "GET /v2.0/vpn/endpoint-groups HTTP/1.1" status: 200 len: 1101 time: 0.0112283
2026-05-20 18:49:10.798 10 INFO neutron.api.wsgi [None req-6cff686e-1056-405e-beef-f46e651dade6 0e279818025c474bb062c05e093f4e17 2d10c68ecdb84106af80bb7ee184bc52 - - default default] 10.0.0.47 "DELETE /v2.0/vpn/endpoint-groups/c41f81e3-0f75-4bd1-afda-51169311902c HTTP/1.1" status: 204 len: 168 time: 0.0176191
2026-05-20 18:49:10.814 9 INFO neutron.api.wsgi [None req-6c740439-12e9-496c-96ee-c147973a004e 0e279818025c474bb062c05e093f4e17 2d10c68ecdb84106af80bb7ee184bc52 - - default default] 10.0.0.47 "GET /v2.0/vpn/endpoint-groups HTTP/1.1" status: 200 len: 827 time: 0.0111892
2026-05-20 18:49:10.825 9 WARNING neutron_lib.context [None req-e9a1532b-2d65-420d-984d-f75481eaf986 0e279818025c474bb062c05e093f4e17 2d10c68ecdb84106af80bb7ee184bc52 - - default default] Method 'is_advsvc' is deprecated since 2023.2 release (neutron-lib 3.8.0) and will be removed once support for the old RBAC API policies will be removed from Neutron. Please use method 'is_service_role' instead.
2026-05-20 18:49:10.866 9 INFO neutron.api.wsgi [None req-e9a1532b-2d65-420d-984d-f75481eaf986 0e279818025c474bb062c05e093f4e17 2d10c68ecdb84106af80bb7ee184bc52 - - default default] 10.0.0.47 "POST /v2.0/vpn/endpoint-groups HTTP/1.1" status: 201 len: 489 time: 0.0469503
2026-05-20 18:49:10.873 9 WARNING neutron_lib.context [None req-c096fd9c-1d7e-48b6-b3b9-71a6e765482c 0e279818025c474bb062c05e093f4e17 2d10c68ecdb84106af80bb7ee184bc52 - - default default] Method 'is_advsvc' is deprecated since 2023.2 release (neutron-lib 3.8.0) and will be removed once support for the old RBAC API policies will be removed from Neutron. Please use method 'is_service_role' instead.
2026-05-20 18:49:10.925 9 INFO neutron.api.wsgi [None req-c096fd9c-1d7e-48b6-b3b9-71a6e765482c 0e279818025c474bb062c05e093f4e17 2d10c68ecdb84106af80bb7ee184bc52 - - default default] 10.0.0.47 "POST /v2.0/vpn/endpoint-groups HTTP/1.1" status: 201 len: 500 time: 0.0554805
2026-05-20 18:49:10.934 9 WARNING neutron_lib.context [None req-f7f885cc-dd6d-4f7f-9dc4-05ed665e6207 0e279818025c474bb062c05e093f4e17 2d10c68ecdb84106af80bb7ee184bc52 - - default default] Method 'is_advsvc' is deprecated since 2023.2 release (neutron-lib 3.8.0) and will be removed once support for the old RBAC API policies will be removed from Neutron. Please use method 'is_service_role' instead.
2026-05-20 18:49:11.474 9 INFO neutron.api.wsgi [req-8ec03f07-8f96-4f63-b378-4044dbc06862 req-a5fc763b-4153-4a17-95ee-8a83aea8eb9a 25961daeef90494d98212e8106a97e05 0405c3c08a9f4591ba583b5d93a8f032 - - default default] 10.0.0.131 "GET /v2.0/security-groups?id=f0787a50-ce78-4884-9b36-d1f9664996e1&fields=id HTTP/1.1" status: 200 len: 267 time: 0.0581138
2026-05-20 18:49:11.540 9 INFO neutron.api.wsgi [req-8ec03f07-8f96-4f63-b378-4044dbc06862 req-cdc0c474-f318-4c51-a9dd-b32a583432fb 25961daeef90494d98212e8106a97e05 0405c3c08a9f4591ba583b5d93a8f032 - - default default] 10.0.0.131 "GET /v2.0/networks?id=cc147b17-6832-465a-a177-1ebe9bd73574 HTTP/1.1" status: 200 len: 937 time: 0.0532870
2026-05-20 18:49:11.562 9 INFO neutron.api.wsgi [req-8ec03f07-8f96-4f63-b378-4044dbc06862 req-03502ae8-765f-4fdf-bbc9-9a047225d537 25961daeef90494d98212e8106a97e05 0405c3c08a9f4591ba583b5d93a8f032 - - default default] 10.0.0.131 "GET /v2.0/quotas/0405c3c08a9f4591ba583b5d93a8f032 HTTP/1.1" status: 200 len: 490 time: 0.0130622
2026-05-20 18:49:11.588 9 INFO neutron.db.ovn_revision_numbers_db [None req-f7f885cc-dd6d-4f7f-9dc4-05ed665e6207 0e279818025c474bb062c05e093f4e17 2d10c68ecdb84106af80bb7ee184bc52 - - default default] Successfully bumped revision number for resource 10b2aa12-89f2-404b-9791-2f8211787ddb (type: routers) to 6
2026-05-20 18:49:11.637 9 INFO neutron.api.wsgi [req-8ec03f07-8f96-4f63-b378-4044dbc06862 req-7467e22a-1a20-4c30-95c7-0df2f96653f3 25961daeef90494d98212e8106a97e05 0405c3c08a9f4591ba583b5d93a8f032 - - default default] 10.0.0.131 "GET /v2.0/ports?tenant_id=0405c3c08a9f4591ba583b5d93a8f032&fields=id HTTP/1.1" status: 200 len: 348 time: 0.0669382
2026-05-20 18:49:11.660 9 INFO neutron.api.wsgi [None req-f7f885cc-dd6d-4f7f-9dc4-05ed665e6207 0e279818025c474bb062c05e093f4e17 2d10c68ecdb84106af80bb7ee184bc52 - - default default] 10.0.0.47 "POST /v2.0/vpn/ipsec-site-connections HTTP/1.1" status: 201 len: 1043 time: 0.7293389
2026-05-20 18:49:11.806 9 INFO neutron.api.wsgi [req-8ec03f07-8f96-4f63-b378-4044dbc06862 req-e443c7a7-f95e-49cd-a731-ecc963dfae32 296f79a337154385b1d2d52f990f5720 ec8322b84130496bbd20415bbb09ca23 - - cb9ff544df3446bb97acdb0921216e7a cb9ff544df3446bb97acdb0921216e7a] 10.0.0.131 "GET /v2.0/networks/cc147b17-6832-465a-a177-1ebe9bd73574?fields=segments HTTP/1.1" status: 200 len: 212 time: 0.1580682
2026-05-20 18:49:11.844 10 WARNING neutron.plugins.ml2.drivers.ovn.mech_driver.ovsdb.ovn_client [None req-06d2f1f1-b148-4875-9be3-d1dc67510ba9 - - - - - -] No port found with ID 505f08b6-623b-43fb-8992-aea07de91246: RuntimeError: No port found with ID 505f08b6-623b-43fb-8992-aea07de91246
2026-05-20 18:49:11.873 9 INFO neutron.api.wsgi [req-8ec03f07-8f96-4f63-b378-4044dbc06862 req-b37983e2-6018-47ff-8e7a-220abef531fb 296f79a337154385b1d2d52f990f5720 ec8322b84130496bbd20415bbb09ca23 - - cb9ff544df3446bb97acdb0921216e7a cb9ff544df3446bb97acdb0921216e7a] 10.0.0.131 "GET /v2.0/networks/cc147b17-6832-465a-a177-1ebe9bd73574?fields=provider%3Aphysical_network&fields=provider%3Anetwork_type HTTP/1.1" status: 200 len: 277 time: 0.0537353
2026-05-20 18:49:11.881 9 WARNING neutron_lib.context [None req-4fe48f29-3c5d-4259-b575-dfaa367d7d40 83cdd8109b2a43e38f23cf5673e3b52a 60122ff0c9924a4f9bb722d560c306ed - - default default] Method 'is_advsvc' is deprecated since 2023.2 release (neutron-lib 3.8.0) and will be removed once support for the old RBAC API policies will be removed from Neutron. Please use method 'is_service_role' instead.
2026-05-20 18:49:12.035 9 INFO neutron.db.ovn_revision_numbers_db [None req-4fe48f29-3c5d-4259-b575-dfaa367d7d40 83cdd8109b2a43e38f23cf5673e3b52a 60122ff0c9924a4f9bb722d560c306ed - - default default] Successfully bumped revision number for resource 09264bc1-c6ea-4708-b7ff-96c66068fb40 (type: security_groups) to 1
2026-05-20 18:49:12.064 9 INFO neutron.db.ovn_revision_numbers_db [None req-4fe48f29-3c5d-4259-b575-dfaa367d7d40 83cdd8109b2a43e38f23cf5673e3b52a 60122ff0c9924a4f9bb722d560c306ed - - default default] Successfully bumped revision number for resource 139abb4c-b03f-4cc5-8210-2f10581907fa (type: security_group_rules) to 0
2026-05-20 18:49:12.096 9 INFO neutron.db.ovn_revision_numbers_db [None req-4fe48f29-3c5d-4259-b575-dfaa367d7d40 83cdd8109b2a43e38f23cf5673e3b52a 60122ff0c9924a4f9bb722d560c306ed - - default default] Successfully bumped revision number for resource bbd338f4-4f25-4d64-8c64-b81d51d8fda9 (type: security_group_rules) to 0
2026-05-20 18:49:12.124 9 INFO neutron.db.ovn_revision_numbers_db [None req-4fe48f29-3c5d-4259-b575-dfaa367d7d40 83cdd8109b2a43e38f23cf5673e3b52a 60122ff0c9924a4f9bb722d560c306ed - - default default] Successfully bumped revision number for resource bf510e0f-a5c0-45fb-9e56-f3996e5fb114 (type: security_group_rules) to 0
2026-05-20 18:49:12.147 9 INFO neutron.db.ovn_revision_numbers_db [None req-4fe48f29-3c5d-4259-b575-dfaa367d7d40 83cdd8109b2a43e38f23cf5673e3b52a 60122ff0c9924a4f9bb722d560c306ed - - default default] Successfully bumped revision number for resource ddf9618d-acc9-4da4-8000-8475999953d9 (type: security_group_rules) to 0
2026-05-20 18:49:12.266 9 INFO neutron.db.ovn_revision_numbers_db [None req-4fe48f29-3c5d-4259-b575-dfaa367d7d40 83cdd8109b2a43e38f23cf5673e3b52a 60122ff0c9924a4f9bb722d560c306ed - - default default] Successfully bumped revision number for resource b62eb4b4-6eac-43c6-9932-508bd7457e66 (type: security_groups) to 1
2026-05-20 18:49:12.284 9 INFO neutron.db.ovn_revision_numbers_db [None req-4fe48f29-3c5d-4259-b575-dfaa367d7d40 83cdd8109b2a43e38f23cf5673e3b52a 60122ff0c9924a4f9bb722d560c306ed - - default default] Successfully bumped revision number for resource 45fae2fa-25b7-42b7-84b4-7c594cd86798 (type: security_group_rules) to 0
2026-05-20 18:49:12.304 9 INFO neutron.db.ovn_revision_numbers_db [None req-4fe48f29-3c5d-4259-b575-dfaa367d7d40 83cdd8109b2a43e38f23cf5673e3b52a 60122ff0c9924a4f9bb722d560c306ed - - default default] Successfully bumped revision number for resource 79f00f12-c649-4fb3-af74-5b17f8f18af8 (type: security_group_rules) to 0
2026-05-20 18:49:12.373 9 INFO neutron.api.wsgi [None req-4fe48f29-3c5d-4259-b575-dfaa367d7d40 83cdd8109b2a43e38f23cf5673e3b52a 60122ff0c9924a4f9bb722d560c306ed - - default default] 10.0.0.47 "POST /v2.0/security-groups HTTP/1.1" status: 201 len: 1803 time: 0.5300746
2026-05-20 18:49:12.388 9 INFO neutron.db.ovn_revision_numbers_db [None req-edbe3da5-f1a6-47a9-b2c1-b9a974b8f618 0e279818025c474bb062c05e093f4e17 2d10c68ecdb84106af80bb7ee184bc52 - - default default] Successfully bumped revision number for resource 10b2aa12-89f2-404b-9791-2f8211787ddb (type: routers) to 7
2026-05-20 18:49:12.416 9 INFO neutron.api.wsgi [None req-edbe3da5-f1a6-47a9-b2c1-b9a974b8f618 0e279818025c474bb062c05e093f4e17 2d10c68ecdb84106af80bb7ee184bc52 - - default default] 10.0.0.47 "DELETE /v2.0/vpn/ipsec-site-connections/c0422d9d-6828-4630-b183-72d02edf112d HTTP/1.1" status: 204 len: 168 time: 0.7480166
2026-05-20 18:49:12.424 10 INFO neutron.api.wsgi [None req-beb5dcd8-ff45-4b66-97c3-17f59eb7ec12 83cdd8109b2a43e38f23cf5673e3b52a 60122ff0c9924a4f9bb722d560c306ed - - default default] 10.0.0.47 "PUT /v2.0/security-groups/b62eb4b4-6eac-43c6-9932-508bd7457e66/tags HTTP/1.1" status: 200 len: 218 time: 0.0419166
2026-05-20 18:49:12.437 9 INFO neutron.api.wsgi [None req-7de4dffd-bbf4-42db-9364-e6372953b671 0e279818025c474bb062c05e093f4e17 2d10c68ecdb84106af80bb7ee184bc52 - - default default] 10.0.0.47 "GET /v2.0/vpn/ipsec-site-connections HTTP/1.1" status: 200 len: 989 time: 0.0156021
2026-05-20 18:49:12.453 9 INFO neutron.api.v2.resource [None req-29f9ffc7-7cdc-440c-8d12-e04cfcce6ffc 0e279818025c474bb062c05e093f4e17 2d10c68ecdb84106af80bb7ee184bc52 - - default default] delete failed (client error): The resource could not be found.
2026-05-20 18:49:12.453 9 INFO neutron.api.wsgi [None req-29f9ffc7-7cdc-440c-8d12-e04cfcce6ffc 0e279818025c474bb062c05e093f4e17 2d10c68ecdb84106af80bb7ee184bc52 - - default default] 10.0.0.47 "DELETE /v2.0/vpn/ipsec-site-connections/c0422d9d-6828-4630-b183-72d02edf112d HTTP/1.1" status: 404 len: 355 time: 0.0079634
2026-05-20 18:49:12.458 9 INFO neutron.api.wsgi [None req-e664fd80-afef-40f0-822d-12a1f4b5750e 83cdd8109b2a43e38f23cf5673e3b52a 60122ff0c9924a4f9bb722d560c306ed - - default default] 10.0.0.47 "GET /v2.0/security-groups/b62eb4b4-6eac-43c6-9932-508bd7457e66/tags HTTP/1.1" status: 200 len: 218 time: 0.0281072
2026-05-20 18:49:12.471 9 INFO neutron.api.wsgi [None req-e38cfed7-2c8c-44a2-809c-41a1ecd81b0a 0e279818025c474bb062c05e093f4e17 2d10c68ecdb84106af80bb7ee184bc52 - - default default] 10.0.0.47 "GET /v2.0/vpn/endpoint-groups HTTP/1.1" status: 200 len: 1383 time: 0.0095150
2026-05-20 18:49:12.518 10 INFO neutron.api.wsgi [None req-7619373b-098b-4190-8845-6add9ea89417 83cdd8109b2a43e38f23cf5673e3b52a 60122ff0c9924a4f9bb722d560c306ed - - default default] 10.0.0.47 "PUT /v2.0/security-groups/b62eb4b4-6eac-43c6-9932-508bd7457e66/tags/green HTTP/1.1" status: 201 len: 201 time: 0.0540736
2026-05-20 18:49:12.519 9 INFO neutron.api.wsgi [None req-8ccb3583-d371-4193-976e-75353489931f 0e279818025c474bb062c05e093f4e17 2d10c68ecdb84106af80bb7ee184bc52 - - default default] 10.0.0.47 "DELETE /v2.0/vpn/endpoint-groups/449f97e0-506b-4b9c-9476-a1458fb2490c HTTP/1.1" status: 204 len: 168 time: 0.0435944
2026-05-20 18:49:12.542 9 INFO neutron.api.wsgi [None req-ecf16b5a-c6df-4856-ac3e-92f197a30c47 83cdd8109b2a43e38f23cf5673e3b52a 60122ff0c9924a4f9bb722d560c306ed - - default default] 10.0.0.47 "GET /v2.0/security-groups/b62eb4b4-6eac-43c6-9932-508bd7457e66/tags HTTP/1.1" status: 200 len: 227 time: 0.0171278
2026-05-20 18:49:12.563 9 INFO neutron.api.wsgi [None req-99535594-0739-4762-ac8c-74dac870422f 83cdd8109b2a43e38f23cf5673e3b52a 60122ff0c9924a4f9bb722d560c306ed - - default default] 10.0.0.47 "PUT /v2.0/security-groups/b62eb4b4-6eac-43c6-9932-508bd7457e66/tags/red HTTP/1.1" status: 201 len: 201 time: 0.0177927
2026-05-20 18:49:12.564 10 INFO neutron.api.wsgi [None req-78d0cbe7-6d0b-4d8a-b2fe-d4910356210f 0e279818025c474bb062c05e093f4e17 2d10c68ecdb84106af80bb7ee184bc52 - - default default] 10.0.0.47 "GET /v2.0/vpn/endpoint-groups HTTP/1.1" status: 200 len: 1099 time: 0.0386667
2026-05-20 18:49:12.581 10 INFO neutron.api.wsgi [None req-829c26ad-bf93-4bf6-8c2e-9da6741eabe0 0e279818025c474bb062c05e093f4e17 2d10c68ecdb84106af80bb7ee184bc52 - - default default] 10.0.0.47 "GET /v2.0/vpn/endpoint-groups HTTP/1.1" status: 200 len: 1099 time: 0.0108974
2026-05-20 18:49:12.585 9 INFO neutron.api.wsgi [None req-8ec7593f-0451-455c-8059-7cb811ebeb11 83cdd8109b2a43e38f23cf5673e3b52a 60122ff0c9924a4f9bb722d560c306ed - - default default] 10.0.0.47 "GET /v2.0/security-groups/b62eb4b4-6eac-43c6-9932-508bd7457e66/tags HTTP/1.1" status: 200 len: 227 time: 0.0174069
2026-05-20 18:49:12.618 10 INFO neutron.api.wsgi [None req-4f7adfd8-8ea8-4767-8b06-4d74f2b567bd 0e279818025c474bb062c05e093f4e17 2d10c68ecdb84106af80bb7ee184bc52 - - default default] 10.0.0.47 "DELETE /v2.0/vpn/endpoint-groups/e28da589-ebbc-4ff1-8e0f-1ca77332a77a HTTP/1.1" status: 204 len: 168 time: 0.0276139
2026-05-20 18:49:12.625 9 INFO neutron.api.wsgi [None req-4dc2e563-ea38-46cc-8c5d-6a1e0a70b9f8 83cdd8109b2a43e38f23cf5673e3b52a 60122ff0c9924a4f9bb722d560c306ed - - default default] 10.0.0.47 "PUT /v2.0/security-groups/b62eb4b4-6eac-43c6-9932-508bd7457e66/tags/black.or.white HTTP/1.1" status: 201 len: 201 time: 0.0349851
2026-05-20 18:49:12.640 10 INFO neutron.api.wsgi [None req-e1dc5456-204c-4287-8ca0-c65723b0ee60 0e279818025c474bb062c05e093f4e17 2d10c68ecdb84106af80bb7ee184bc52 - - default default] 10.0.0.47 "GET /v2.0/vpn/endpoint-groups HTTP/1.1" status: 200 len: 827 time: 0.0169544
2026-05-20 18:49:12.652 9 WARNING neutron_lib.context [None req-ecb10a65-2e5e-4a4f-a654-145c112ffae2 0e279818025c474bb062c05e093f4e17 2d10c68ecdb84106af80bb7ee184bc52 - - default default] Method 'is_advsvc' is deprecated since 2023.2 release (neutron-lib 3.8.0) and will be removed once support for the old RBAC API policies will be removed from Neutron. Please use method 'is_service_role' instead.
2026-05-20 18:49:12.660 10 INFO neutron.api.wsgi [req-fcad822c-1013-4614-80ff-3ce28cb8b68e req-7f3b3d6f-f6b1-40fc-b80f-8267d47ec7ee 25961daeef90494d98212e8106a97e05 0405c3c08a9f4591ba583b5d93a8f032 - - default default] 10.0.0.131 "GET /v2.0/ports?device_id=c04598d4-a045-4c64-a547-c26fea893bf7 HTTP/1.1" status: 200 len: 210 time: 0.0186419
2026-05-20 18:49:12.667 10 INFO neutron.api.wsgi [None req-37277d53-96a4-40ed-b6b5-58745834e225 83cdd8109b2a43e38f23cf5673e3b52a 60122ff0c9924a4f9bb722d560c306ed - - default default] 10.0.0.47 "GET /v2.0/security-groups/b62eb4b4-6eac-43c6-9932-508bd7457e66/tags HTTP/1.1" status: 200 len: 245 time: 0.0374086
2026-05-20 18:49:12.733 9 INFO neutron.api.wsgi [req-70c2a8b5-2e3e-4d80-8be7-7ed681c0befd req-d465fbd0-e954-4d96-9c56-979c6599a57a 25961daeef90494d98212e8106a97e05 0405c3c08a9f4591ba583b5d93a8f032 - - default default] 10.0.0.131 "GET /v2.0/ports?device_id=c04598d4-a045-4c64-a547-c26fea893bf7 HTTP/1.1" status: 200 len: 210 time: 0.0380158
2026-05-20 18:49:12.742 9 INFO neutron.api.wsgi [None req-0416c6c1-b24f-482d-b828-6935aaba2aef 83cdd8109b2a43e38f23cf5673e3b52a 60122ff0c9924a4f9bb722d560c306ed - - default default] 10.0.0.47 "PUT /v2.0/security-groups/b62eb4b4-6eac-43c6-9932-508bd7457e66/tags HTTP/1.1" status: 200 len: 230 time: 0.0667925
2026-05-20 18:49:12.780 9 INFO neutron.api.wsgi [None req-50ff1546-9068-4a0f-acd9-d776a156a63f 83cdd8109b2a43e38f23cf5673e3b52a 60122ff0c9924a4f9bb722d560c306ed - - default default] 10.0.0.47 "GET /v2.0/security-groups/b62eb4b4-6eac-43c6-9932-508bd7457e66/tags HTTP/1.1" status: 200 len: 230 time: 0.0332098
2026-05-20 18:49:12.814 10 INFO neutron.api.wsgi [None req-c7d75834-815d-4671-92be-3c2e8ad574bf 83cdd8109b2a43e38f23cf5673e3b52a 60122ff0c9924a4f9bb722d560c306ed - - default default] 10.0.0.47 "GET /v2.0/security-groups/b62eb4b4-6eac-43c6-9932-508bd7457e66/tags/red HTTP/1.1" status: 204 len: 168 time: 0.0300834
2026-05-20 18:49:12.836 10 INFO neutron.api.v2.resource [None req-40bb35b5-c773-43ea-b116-fa3e42a2eef4 83cdd8109b2a43e38f23cf5673e3b52a 60122ff0c9924a4f9bb722d560c306ed - - default default] show failed (client error): The resource could not be found.
2026-05-20 18:49:12.839 10 INFO neutron.api.wsgi [None req-40bb35b5-c773-43ea-b116-fa3e42a2eef4 83cdd8109b2a43e38f23cf5673e3b52a 60122ff0c9924a4f9bb722d560c306ed - - default default] 10.0.0.47 "GET /v2.0/security-groups/b62eb4b4-6eac-43c6-9932-508bd7457e66/tags/green HTTP/1.1" status: 404 len: 299 time: 0.0206115
2026-05-20 18:49:12.879 10 INFO neutron.api.wsgi [None req-b452b835-293c-4acd-9376-dcb1497e8798 83cdd8109b2a43e38f23cf5673e3b52a 60122ff0c9924a4f9bb722d560c306ed - - default default] 10.0.0.47 "DELETE /v2.0/security-groups/b62eb4b4-6eac-43c6-9932-508bd7457e66/tags/red HTTP/1.1" status: 204 len: 168 time: 0.0356281
2026-05-20 18:49:12.906 10 INFO neutron.api.wsgi [None req-5f11a881-bf8e-4125-ae28-a18b1a8420d4 83cdd8109b2a43e38f23cf5673e3b52a 60122ff0c9924a4f9bb722d560c306ed - - default default] 10.0.0.47 "GET /v2.0/security-groups/b62eb4b4-6eac-43c6-9932-508bd7457e66/tags HTTP/1.1" status: 200 len: 223 time: 0.0195348
2026-05-20 18:49:12.947 9 INFO neutron.api.v2.resource [None req-678bd20a-9d5c-40af-987d-85bc603a5efd 83cdd8109b2a43e38f23cf5673e3b52a 60122ff0c9924a4f9bb722d560c306ed - - default default] delete failed (client error): The resource could not be found.
2026-05-20 18:49:12.948 9 INFO neutron.api.wsgi [None req-678bd20a-9d5c-40af-987d-85bc603a5efd 83cdd8109b2a43e38f23cf5673e3b52a 60122ff0c9924a4f9bb722d560c306ed - - default default] 10.0.0.47 "DELETE /v2.0/security-groups/b62eb4b4-6eac-43c6-9932-508bd7457e66/tags/green HTTP/1.1" status: 404 len: 299 time: 0.0367992
