2026-05-20 18:45:29.487 10 INFO neutron.api.wsgi [req-437b02e5-3e37-40c4-a3bb-e13d6ae8dedd req-52cca188-0060-4b6c-8f90-dddd6ce7c7c5 183523ef5ba440528accc55a09b579a4 17c28f8dc2a74ad7833b74806c151463 - - default default] 10.0.0.131 "GET /v2.0/ports?device_id=8a73eaaa-e145-449c-986a-b502cf1926e9 HTTP/1.1" status: 200 len: 1170 time: 0.0523515
2026-05-20 18:45:29.559 10 INFO neutron.api.wsgi [req-437b02e5-3e37-40c4-a3bb-e13d6ae8dedd req-b7995684-d5d8-4d4d-902d-63335b571293 183523ef5ba440528accc55a09b579a4 17c28f8dc2a74ad7833b74806c151463 - - default default] 10.0.0.131 "GET /v2.0/security-groups?id=2037d535-36dc-475f-bb82-d8503f428f93&fields=id&fields=name HTTP/1.1" status: 200 len: 286 time: 0.0670645
2026-05-20 18:45:29.577 9 INFO neutron.db.ovn_revision_numbers_db [None req-1de54e55-bce0-487e-b55a-10ff6ef0a0e3 c3ba15caac8e4cafb30c002b81074b7b 96bed301b8084098ba69b219a02bc1f4 - - default default] Successfully bumped revision number for resource 9d9c72fc-11fe-48ef-8671-3efd3848c60e (type: ports) to 1
2026-05-20 18:45:29.615 9 INFO neutron.api.wsgi [None req-1de54e55-bce0-487e-b55a-10ff6ef0a0e3 c3ba15caac8e4cafb30c002b81074b7b 96bed301b8084098ba69b219a02bc1f4 - - default default] 10.0.0.47 "POST /v2.0/ports HTTP/1.1" status: 201 len: 1163 time: 0.5889664 /var/lib/openstack/lib/python3.12/site-packages/pycadf/identifier.py:71: UserWarning: Invalid uuid: neutron. To ensure interoperability, identifiers should be a valid uuid. warnings.warn(('Invalid uuid: %s. To ensure interoperability, '
2026-05-20 18:45:29.687 10 INFO neutron.db.ovn_revision_numbers_db [None req-8dbc5508-f024-4bd2-8097-be0b1672d72b deb39b33451e41d5a6c92a964ac32d3c 22168f20ed2a4c558a264df5e283f5cb - - default default] Successfully bumped revision number for resource 8d6f8f12-8483-4dc4-b747-b3b4e3021f7f (type: floatingips) to 1
2026-05-20 18:45:29.859 10 INFO neutron.db.ovn_revision_numbers_db [None req-8dbc5508-f024-4bd2-8097-be0b1672d72b deb39b33451e41d5a6c92a964ac32d3c 22168f20ed2a4c558a264df5e283f5cb - - default default] Successfully bumped revision number for resource 8d6f8f12-8483-4dc4-b747-b3b4e3021f7f (type: floatingips) to 2
2026-05-20 18:45:29.859 10 INFO neutron.db.l3_db [None req-8dbc5508-f024-4bd2-8097-be0b1672d72b deb39b33451e41d5a6c92a964ac32d3c 22168f20ed2a4c558a264df5e283f5cb - - default default] Floating IP 8d6f8f12-8483-4dc4-b747-b3b4e3021f7f associated. External IP: 10.96.250.216, port: 521b66b8-60f4-46e4-971b-cd2f2f605d43.
2026-05-20 18:45:29.890 10 INFO neutron.api.wsgi [None req-8dbc5508-f024-4bd2-8097-be0b1672d72b deb39b33451e41d5a6c92a964ac32d3c 22168f20ed2a4c558a264df5e283f5cb - - default default] 10.0.0.47 "PUT /v2.0/floatingips/8d6f8f12-8483-4dc4-b747-b3b4e3021f7f HTTP/1.1" status: 200 len: 1049 time: 0.8576553
2026-05-20 18:45:29.980 9 INFO neutron.api.wsgi [req-b391c834-3107-495e-8ed1-79212287cb09 req-ca35fcb4-6c15-47aa-89a6-341807aa821d deb39b33451e41d5a6c92a964ac32d3c 22168f20ed2a4c558a264df5e283f5cb - - default default] 10.0.0.131 "GET /v2.0/ports?device_id=604802a4-d304-40f1-8c97-fa46a58fa70d HTTP/1.1" status: 200 len: 1170 time: 0.0507782
2026-05-20 18:45:30.057 9 INFO neutron.api.wsgi [req-b391c834-3107-495e-8ed1-79212287cb09 req-0cf8b61f-6610-486d-91e0-2aae50c7d919 deb39b33451e41d5a6c92a964ac32d3c 22168f20ed2a4c558a264df5e283f5cb - - default default] 10.0.0.131 "GET /v2.0/security-groups?id=1416d6e7-b51a-4a46-8f78-55087b539ba7&fields=id&fields=name HTTP/1.1" status: 200 len: 313 time: 0.0698144
2026-05-20 18:45:30.186 10 INFO neutron.plugins.ml2.drivers.ovn.mech_driver.mech_driver [None req-5a60cb10-8fec-4ce2-b8be-1dc5473487da - - - - - -] OVN reports status up for port: 9d9c72fc-11fe-48ef-8671-3efd3848c60e
2026-05-20 18:45:30.209 10 INFO neutron.plugins.ml2.plugin [None req-5a60cb10-8fec-4ce2-b8be-1dc5473487da - - - - - -] Attempt 1 to provision port 9d9c72fc-11fe-48ef-8671-3efd3848c60e
2026-05-20 18:45:30.217 9 INFO neutron.db.ovn_revision_numbers_db [None req-e5f1c241-2409-4e28-bbc6-c8fbea7f1f15 c3ba15caac8e4cafb30c002b81074b7b 96bed301b8084098ba69b219a02bc1f4 - - default default] Successfully bumped revision number for resource 9d9c72fc-11fe-48ef-8671-3efd3848c60e (type: ports) to 2
2026-05-20 18:45:30.327 10 INFO neutron.api.wsgi [req-b3c358cd-0635-49b1-9bd3-b778e8bef452 req-186252af-676c-46c4-8ab7-a5bb3e3891a9 deb39b33451e41d5a6c92a964ac32d3c 22168f20ed2a4c558a264df5e283f5cb - - default default] 10.0.0.131 "GET /v2.0/ports?device_id=604802a4-d304-40f1-8c97-fa46a58fa70d HTTP/1.1" status: 200 len: 1170 time: 0.0432932
2026-05-20 18:45:30.380 10 INFO neutron.api.wsgi [req-b3c358cd-0635-49b1-9bd3-b778e8bef452 req-a5be49a6-a9f1-490b-8cd3-d5a6f6edbca3 deb39b33451e41d5a6c92a964ac32d3c 22168f20ed2a4c558a264df5e283f5cb - - default default] 10.0.0.131 "GET /v2.0/security-groups?id=1416d6e7-b51a-4a46-8f78-55087b539ba7&fields=id&fields=name HTTP/1.1" status: 200 len: 313 time: 0.0467093
2026-05-20 18:45:30.462 9 WARNING neutron.plugins.ml2.drivers.ovn.mech_driver.ovsdb.ovn_client [None req-e6b9c467-bbc1-4c42-92a8-5bcf8f7d1eee - - - - - -] No port found with ID b5a178d4-c912-47cd-a358-399534132613: RuntimeError: No port found with ID b5a178d4-c912-47cd-a358-399534132613
2026-05-20 18:45:30.565 10 INFO neutron.db.ovn_revision_numbers_db [None req-5a60cb10-8fec-4ce2-b8be-1dc5473487da - - - - - -] Successfully bumped revision number for resource 9d9c72fc-11fe-48ef-8671-3efd3848c60e (type: ports) to 3 /var/lib/openstack/lib/python3.12/site-packages/pycadf/identifier.py:71: UserWarning: Invalid uuid: neutron. To ensure interoperability, identifiers should be a valid uuid. warnings.warn(('Invalid uuid: %s. To ensure interoperability, '
2026-05-20 18:45:30.681 10 INFO neutron.notifiers.nova [-] Nova event matching ['req-cc9ae34c-4609-440c-ae5f-bf3e8247df3c'] response: {'server_uuid': '8a73eaaa-e145-449c-986a-b502cf1926e9', 'name': 'network-vif-plugged', 'status': 'completed', 'tag': 'bfa11fbb-e69f-499e-bdf2-6f69c3d2d0d4', 'code': 200}
2026-05-20 18:45:30.681 10 INFO neutron.notifiers.nova [-] Nova event matching ['req-cc9ae34c-4609-440c-ae5f-bf3e8247df3c'] response: {'name': 'network-changed', 'server_uuid': '604802a4-d304-40f1-8c97-fa46a58fa70d', 'tag': '521b66b8-60f4-46e4-971b-cd2f2f605d43', 'status': 'completed', 'code': 200}
2026-05-20 18:45:30.759 9 INFO neutron.api.wsgi [req-06a6fd65-4e6c-40ae-b6c3-67b3ca3ee42e req-e5557731-ed4c-4bf7-bcfc-7a0bfd76851c 183523ef5ba440528accc55a09b579a4 17c28f8dc2a74ad7833b74806c151463 - - default default] 10.0.0.131 "GET /v2.0/ports?device_id=8a73eaaa-e145-449c-986a-b502cf1926e9 HTTP/1.1" status: 200 len: 1170 time: 0.1057394 /var/lib/openstack/lib/python3.12/site-packages/pycadf/identifier.py:71: UserWarning: Invalid uuid: neutron. To ensure interoperability, identifiers should be a valid uuid. warnings.warn(('Invalid uuid: %s. To ensure interoperability, '
2026-05-20 18:45:30.802 9 INFO neutron.api.wsgi [req-06a6fd65-4e6c-40ae-b6c3-67b3ca3ee42e req-2a2c72cf-6a66-4d24-bc1d-3ae722abeffd 183523ef5ba440528accc55a09b579a4 17c28f8dc2a74ad7833b74806c151463 - - default default] 10.0.0.131 "GET /v2.0/security-groups?id=2037d535-36dc-475f-bb82-d8503f428f93&fields=id&fields=name HTTP/1.1" status: 200 len: 286 time: 0.0370049
2026-05-20 18:45:30.870 9 INFO neutron.plugins.ml2.drivers.ovn.mech_driver.mech_driver [None req-e6b9c467-bbc1-4c42-92a8-5bcf8f7d1eee - - - - - -] OVN reports status down for port: 521b66b8-60f4-46e4-971b-cd2f2f605d43
2026-05-20 18:45:30.919 9 INFO neutron.db.ovn_revision_numbers_db [None req-e5f1c241-2409-4e28-bbc6-c8fbea7f1f15 c3ba15caac8e4cafb30c002b81074b7b 96bed301b8084098ba69b219a02bc1f4 - - default default] Successfully bumped revision number for resource 9d9c72fc-11fe-48ef-8671-3efd3848c60e (type: ports) to 3
2026-05-20 18:45:31.013 9 WARNING neutron.scheduler.dhcp_agent_scheduler [None req-e5f1c241-2409-4e28-bbc6-c8fbea7f1f15 c3ba15caac8e4cafb30c002b81074b7b 96bed301b8084098ba69b219a02bc1f4 - - default default] No more DHCP agents
2026-05-20 18:45:31.018 9 WARNING neutron.api.rpc.agentnotifiers.dhcp_rpc_agent_api [None req-e5f1c241-2409-4e28-bbc6-c8fbea7f1f15 c3ba15caac8e4cafb30c002b81074b7b 96bed301b8084098ba69b219a02bc1f4 - - default default] Unable to schedule network 29f8230f-e6eb-4fc9-8fb6-20320904917a: no agents available; will retry on subsequent port and subnet creation events.
2026-05-20 18:45:31.031 9 INFO neutron.notifiers.nova [-] Nova event matching ['req-8ae2894a-f9ab-4377-9b79-9558dc9332ce'] response: {'server_uuid': '604802a4-d304-40f1-8c97-fa46a58fa70d', 'name': 'network-vif-unplugged', 'status': 'completed', 'tag': '521b66b8-60f4-46e4-971b-cd2f2f605d43', 'code': 200}
2026-05-20 18:45:31.235 9 INFO neutron.api.wsgi [req-9bf7b1c3-1102-4630-9c9e-d2cbe1b48c99 req-d89dd3d3-894c-4b14-8779-6adbe2f7de7f 296f79a337154385b1d2d52f990f5720 ec8322b84130496bbd20415bbb09ca23 - - cb9ff544df3446bb97acdb0921216e7a cb9ff544df3446bb97acdb0921216e7a] 199.204.45.242 "GET /v2.0/ports?tenant_id=22168f20ed2a4c558a264df5e283f5cb&device_id=604802a4-d304-40f1-8c97-fa46a58fa70d HTTP/1.1" status: 200 len: 1407 time: 0.0455368
2026-05-20 18:45:31.237 9 INFO neutron.db.ovn_revision_numbers_db [None req-e6b9c467-bbc1-4c42-92a8-5bcf8f7d1eee - - - - - -] Successfully bumped revision number for resource 521b66b8-60f4-46e4-971b-cd2f2f605d43 (type: ports) to 6
2026-05-20 18:45:31.259 9 INFO neutron.db.ovn_revision_numbers_db [None req-e5f1c241-2409-4e28-bbc6-c8fbea7f1f15 c3ba15caac8e4cafb30c002b81074b7b 96bed301b8084098ba69b219a02bc1f4 - - default default] Successfully bumped revision number for resource 9d9c72fc-11fe-48ef-8671-3efd3848c60e (type: router_ports) to 3
2026-05-20 18:45:31.265 9 INFO neutron.api.wsgi [None req-e5f1c241-2409-4e28-bbc6-c8fbea7f1f15 c3ba15caac8e4cafb30c002b81074b7b 96bed301b8084098ba69b219a02bc1f4 - - default default] 10.0.0.47 "PUT /v2.0/routers/68fd0327-504a-478c-9800-84fefac3e40d/add_router_interface HTTP/1.1" status: 200 len: 503 time: 1.6451759 /var/lib/openstack/lib/python3.12/site-packages/pycadf/identifier.py:71: UserWarning: Invalid uuid: neutron. To ensure interoperability, identifiers should be a valid uuid. warnings.warn(('Invalid uuid: %s. To ensure interoperability, '
2026-05-20 18:45:31.299 9 INFO neutron.api.wsgi [req-9bf7b1c3-1102-4630-9c9e-d2cbe1b48c99 req-b8a6f98d-0811-48fc-bf37-c8a7f0421881 296f79a337154385b1d2d52f990f5720 ec8322b84130496bbd20415bbb09ca23 - - cb9ff544df3446bb97acdb0921216e7a cb9ff544df3446bb97acdb0921216e7a] 199.204.45.242 "GET /v2.0/networks?id=d0380e21-3598-4351-bc13-bf7abc4fb601 HTTP/1.1" status: 200 len: 968 time: 0.0553634
2026-05-20 18:45:31.341 9 INFO neutron.api.wsgi [req-9bf7b1c3-1102-4630-9c9e-d2cbe1b48c99 req-ff7e5a2c-e776-4c67-9d3c-12e99b68f8e1 296f79a337154385b1d2d52f990f5720 ec8322b84130496bbd20415bbb09ca23 - - cb9ff544df3446bb97acdb0921216e7a cb9ff544df3446bb97acdb0921216e7a] 199.204.45.242 "GET /v2.0/floatingips?fixed_ip_address=10.100.0.6&port_id=521b66b8-60f4-46e4-971b-cd2f2f605d43 HTTP/1.1" status: 200 len: 1057 time: 0.0375881 /var/lib/openstack/lib/python3.12/site-packages/pycadf/identifier.py:71: UserWarning: Invalid uuid: neutron. To ensure interoperability, identifiers should be a valid uuid. warnings.warn(('Invalid uuid: %s. To ensure interoperability, '
2026-05-20 18:45:31.347 10 INFO neutron.api.wsgi [None req-cb25dd2d-f7cc-4f90-b49b-dfb6b91bc051 c3ba15caac8e4cafb30c002b81074b7b 96bed301b8084098ba69b219a02bc1f4 - - default default] 10.0.0.47 "GET /v2.0/ports/9d9c72fc-11fe-48ef-8671-3efd3848c60e HTTP/1.1" status: 200 len: 1221 time: 0.0775867
2026-05-20 18:45:31.386 9 INFO neutron.api.wsgi [req-9bf7b1c3-1102-4630-9c9e-d2cbe1b48c99 req-494159eb-29cf-46aa-a79f-0fcea60a916a 296f79a337154385b1d2d52f990f5720 ec8322b84130496bbd20415bbb09ca23 - - cb9ff544df3446bb97acdb0921216e7a cb9ff544df3446bb97acdb0921216e7a] 199.204.45.242 "GET /v2.0/subnets?id=7d32f298-ab44-49ae-b283-bc79038ffb05 HTTP/1.1" status: 200 len: 887 time: 0.0409780
2026-05-20 18:45:31.408 9 INFO neutron.api.wsgi [req-9bf7b1c3-1102-4630-9c9e-d2cbe1b48c99 req-a19a4ac2-c907-4e6a-a8b4-fa5f4fa5f0f9 296f79a337154385b1d2d52f990f5720 ec8322b84130496bbd20415bbb09ca23 - - cb9ff544df3446bb97acdb0921216e7a cb9ff544df3446bb97acdb0921216e7a] 199.204.45.242 "GET /v2.0/ports?network_id=d0380e21-3598-4351-bc13-bf7abc4fb601&device_owner=network%3Adhcp HTTP/1.1" status: 200 len: 210 time: 0.0162873
2026-05-20 18:45:31.463 9 INFO neutron.api.wsgi [req-9bf7b1c3-1102-4630-9c9e-d2cbe1b48c99 req-930f8fc4-8d38-4be5-b32c-a32221b30f44 296f79a337154385b1d2d52f990f5720 ec8322b84130496bbd20415bbb09ca23 - - cb9ff544df3446bb97acdb0921216e7a cb9ff544df3446bb97acdb0921216e7a] 199.204.45.242 "GET /v2.0/networks/d0380e21-3598-4351-bc13-bf7abc4fb601?fields=segments HTTP/1.1" status: 200 len: 212 time: 0.0502808
2026-05-20 18:45:31.503 9 INFO neutron.api.wsgi [req-b9de02b0-46ca-4348-a513-1e6731a6078c req-03f4e974-99d3-4316-b34e-44885b9c396b deb39b33451e41d5a6c92a964ac32d3c 22168f20ed2a4c558a264df5e283f5cb - - default default] 10.0.0.131 "GET /v2.0/ports?device_id=604802a4-d304-40f1-8c97-fa46a58fa70d HTTP/1.1" status: 200 len: 1168 time: 0.0662694
2026-05-20 18:45:31.549 9 INFO neutron.api.wsgi [req-9bf7b1c3-1102-4630-9c9e-d2cbe1b48c99 req-4634199b-c3c9-40ea-b0aa-5a8a2d4800d1 296f79a337154385b1d2d52f990f5720 ec8322b84130496bbd20415bbb09ca23 - - cb9ff544df3446bb97acdb0921216e7a cb9ff544df3446bb97acdb0921216e7a] 199.204.45.242 "GET /v2.0/networks/d0380e21-3598-4351-bc13-bf7abc4fb601?fields=provider%3Aphysical_network&fields=provider%3Anetwork_type HTTP/1.1" status: 200 len: 277 time: 0.0783644
2026-05-20 18:45:31.567 9 INFO neutron.api.wsgi [req-b9de02b0-46ca-4348-a513-1e6731a6078c req-347fef33-c82b-48ec-99d4-61dcee0d244b deb39b33451e41d5a6c92a964ac32d3c 22168f20ed2a4c558a264df5e283f5cb - - default default] 10.0.0.131 "GET /v2.0/security-groups?id=1416d6e7-b51a-4a46-8f78-55087b539ba7&fields=id&fields=name HTTP/1.1" status: 200 len: 313 time: 0.0589278
2026-05-20 18:45:31.788 9 INFO neutron.api.wsgi [req-13221431-2e93-47f6-9947-194723a0e64b req-13617fe4-7aa7-47a1-b9dd-66f010c0992b 296f79a337154385b1d2d52f990f5720 ec8322b84130496bbd20415bbb09ca23 - - cb9ff544df3446bb97acdb0921216e7a cb9ff544df3446bb97acdb0921216e7a] 10.0.0.24 "GET /v2.0/ports?device_id=7671517e-3c45-46b9-b30b-83cdfbaf74db HTTP/1.1" status: 200 len: 1409 time: 0.0292723
2026-05-20 18:45:31.822 9 INFO neutron.api.wsgi [req-13221431-2e93-47f6-9947-194723a0e64b req-8c61c976-551f-4c35-bdb9-5b903a777d21 296f79a337154385b1d2d52f990f5720 ec8322b84130496bbd20415bbb09ca23 - - cb9ff544df3446bb97acdb0921216e7a cb9ff544df3446bb97acdb0921216e7a] 10.0.0.24 "GET /v2.0/security-groups?id=9774d77d-6981-453c-9c6d-151e8fe3706d&fields=id&fields=name HTTP/1.1" status: 200 len: 313 time: 0.0282266
2026-05-20 18:45:32.103 10 INFO neutron.api.wsgi [None req-cc16b8fd-2e2b-4f79-8fff-e701a04538c0 c3ba15caac8e4cafb30c002b81074b7b 96bed301b8084098ba69b219a02bc1f4 - - default default] 10.0.0.47 "PUT /v2.0/routers/68fd0327-504a-478c-9800-84fefac3e40d/remove_router_interface HTTP/1.1" status: 200 len: 503 time: 0.7495794
2026-05-20 18:45:32.119 9 INFO neutron.api.wsgi [req-d01b3055-de94-49ea-b681-adafe8102246 req-ce566b6d-02c8-40df-a9dd-6db85b18d8c5 deb39b33451e41d5a6c92a964ac32d3c 22168f20ed2a4c558a264df5e283f5cb - - default default] 199.204.45.242 "GET /v2.0/ports?device_id=604802a4-d304-40f1-8c97-fa46a58fa70d HTTP/1.1" status: 200 len: 1168 time: 0.0408144
2026-05-20 18:45:32.182 9 INFO neutron.api.v2.resource [None req-d8fc0bb4-9488-4fe3-ad5d-26a59bba9f0a c3ba15caac8e4cafb30c002b81074b7b 96bed301b8084098ba69b219a02bc1f4 - - default default] remove_router_interface failed (client error): The resource could not be found.
2026-05-20 18:45:32.184 9 INFO neutron.api.wsgi [None req-d8fc0bb4-9488-4fe3-ad5d-26a59bba9f0a c3ba15caac8e4cafb30c002b81074b7b 96bed301b8084098ba69b219a02bc1f4 - - default default] 10.0.0.47 "PUT /v2.0/routers/68fd0327-504a-478c-9800-84fefac3e40d/remove_router_interface HTTP/1.1" status: 404 len: 398 time: 0.0758984 /var/lib/openstack/lib/python3.12/site-packages/pycadf/identifier.py:71: UserWarning: Invalid uuid: neutron. To ensure interoperability, identifiers should be a valid uuid. warnings.warn(('Invalid uuid: %s. To ensure interoperability, '
2026-05-20 18:45:32.219 10 INFO neutron.api.wsgi [None req-4f0f72d6-28fb-4fdd-b579-fe86bb5c4367 c3ba15caac8e4cafb30c002b81074b7b 96bed301b8084098ba69b219a02bc1f4 - - default default] 10.0.0.47 "GET /v2.0/ports?device_id=68fd0327-504a-478c-9800-84fefac3e40d HTTP/1.1" status: 200 len: 205 time: 0.0267148
2026-05-20 18:45:32.396 9 INFO neutron.api.wsgi [req-643ed929-0265-424f-a73e-b11d637b275f req-138874b1-8b4c-44b8-9b0c-769563e6d583 183523ef5ba440528accc55a09b579a4 17c28f8dc2a74ad7833b74806c151463 - - default default] 10.0.0.131 "GET /v2.0/ports?device_id=8a73eaaa-e145-449c-986a-b502cf1926e9 HTTP/1.1" status: 200 len: 1170 time: 0.0381217
2026-05-20 18:45:32.411 10 INFO neutron.api.wsgi [None req-10fa45e7-9806-4ac6-a9dc-38eaa0a1664d c3ba15caac8e4cafb30c002b81074b7b 96bed301b8084098ba69b219a02bc1f4 - - default default] 10.0.0.47 "DELETE /v2.0/routers/68fd0327-504a-478c-9800-84fefac3e40d HTTP/1.1" status: 204 len: 168 time: 0.1865160
2026-05-20 18:45:32.475 9 INFO neutron.api.wsgi [req-643ed929-0265-424f-a73e-b11d637b275f req-c5811b59-b474-4e60-b739-cea45dc959d0 183523ef5ba440528accc55a09b579a4 17c28f8dc2a74ad7833b74806c151463 - - default default] 10.0.0.131 "GET /v2.0/security-groups?id=2037d535-36dc-475f-bb82-d8503f428f93&fields=id&fields=name HTTP/1.1" status: 200 len: 286 time: 0.0712850
2026-05-20 18:45:32.568 9 INFO neutron.db.l3_db [req-d01b3055-de94-49ea-b681-adafe8102246 req-0e364a3f-d2c3-4425-840b-faefac156881 deb39b33451e41d5a6c92a964ac32d3c 22168f20ed2a4c558a264df5e283f5cb - - default default] Floating IP 8d6f8f12-8483-4dc4-b747-b3b4e3021f7f disassociated. External IP: 10.96.250.216, port: 521b66b8-60f4-46e4-971b-cd2f2f605d43.
2026-05-20 18:45:32.683 10 INFO neutron.api.wsgi [req-55c39a77-bbbf-4d7e-b6d4-7f41c2b5d2eb req-88ba4d67-f6e5-4b10-9ee5-860b8a5f365e deb39b33451e41d5a6c92a964ac32d3c 22168f20ed2a4c558a264df5e283f5cb - - default default] 10.0.0.131 "GET /v2.0/ports?device_id=604802a4-d304-40f1-8c97-fa46a58fa70d HTTP/1.1" status: 200 len: 1168 time: 0.0441766
2026-05-20 18:45:32.728 10 INFO neutron.api.wsgi [req-55c39a77-bbbf-4d7e-b6d4-7f41c2b5d2eb req-3e84a1c7-bc60-4ffa-9467-17fe54a91f22 deb39b33451e41d5a6c92a964ac32d3c 22168f20ed2a4c558a264df5e283f5cb - - default default] 10.0.0.131 "GET /v2.0/security-groups?id=1416d6e7-b51a-4a46-8f78-55087b539ba7&fields=id&fields=name HTTP/1.1" status: 200 len: 313 time: 0.0370824
2026-05-20 18:45:32.790 9 INFO neutron.api.wsgi [None req-bae38374-8b30-495c-9baf-5040e3e04f75 c3ba15caac8e4cafb30c002b81074b7b 96bed301b8084098ba69b219a02bc1f4 - - default default] 10.0.0.47 "DELETE /v2.0/subnets/5fd04d6d-5d31-4d16-a399-96bc47fe2786 HTTP/1.1" status: 204 len: 168 time: 0.3753102
2026-05-20 18:45:32.804 9 INFO neutron.api.wsgi [req-d01b3055-de94-49ea-b681-adafe8102246 req-0e364a3f-d2c3-4425-840b-faefac156881 deb39b33451e41d5a6c92a964ac32d3c 22168f20ed2a4c558a264df5e283f5cb - - default default] 199.204.45.242 "DELETE /v2.0/ports/521b66b8-60f4-46e4-971b-cd2f2f605d43 HTTP/1.1" status: 204 len: 173 time: 0.6776412
2026-05-20 18:45:33.071 9 INFO neutron.notifiers.nova [-] Nova event matching ['req-97431aca-cdc6-4186-a285-04fbd2cbdca1'] response: {'server_uuid': '604802a4-d304-40f1-8c97-fa46a58fa70d', 'name': 'network-vif-unplugged', 'status': 'completed', 'tag': '521b66b8-60f4-46e4-971b-cd2f2f605d43', 'code': 200}
2026-05-20 18:45:33.072 9 INFO neutron.notifiers.nova [-] Nova event matching ['req-97431aca-cdc6-4186-a285-04fbd2cbdca1'] response: {'server_uuid': '604802a4-d304-40f1-8c97-fa46a58fa70d', 'name': 'network-vif-deleted', 'tag': '521b66b8-60f4-46e4-971b-cd2f2f605d43', 'status': 'completed', 'code': 200}
2026-05-20 18:45:33.257 10 INFO neutron.services.segments.plugin [-] Segment fe615149-9a4f-4d0f-836c-a1bd0dd0b2b4 resource provider aggregate not found
2026-05-20 18:45:33.264 10 INFO neutron.services.segments.plugin [-] Segment fe615149-9a4f-4d0f-836c-a1bd0dd0b2b4 resource provider aggregate not found
2026-05-20 18:45:33.277 10 INFO neutron.services.segments.plugin [-] Segment fe615149-9a4f-4d0f-836c-a1bd0dd0b2b4 resource provider not found; error: Placement Client Error (4xx): {"errors": [{"status": 404, "title": "Not Found", "detail": "The resource could not be found.\n\n No resource provider with uuid fe615149-9a4f-4d0f-836c-a1bd0dd0b2b4 found for delete ", "request_id": "req-fccc9e5b-0e32-42b9-b478-5d5633022680"}]}
2026-05-20 18:45:33.284 10 INFO neutron.services.segments.plugin [-] Segment fe615149-9a4f-4d0f-836c-a1bd0dd0b2b4 resource provider not found; error: Placement Client Error (4xx): {"errors": [{"status": 404, "title": "Not Found", "detail": "The resource could not be found.\n\n No resource provider with uuid fe615149-9a4f-4d0f-836c-a1bd0dd0b2b4 found for delete ", "request_id": "req-ef2a6eb6-d642-46cc-846a-385ea6432f78"}]}
2026-05-20 18:45:33.299 10 INFO neutron.api.wsgi [None req-1d64d064-6687-445d-aa1f-ccdf93ee257f c3ba15caac8e4cafb30c002b81074b7b 96bed301b8084098ba69b219a02bc1f4 - - default default] 10.0.0.47 "DELETE /v2.0/networks/29f8230f-e6eb-4fc9-8fb6-20320904917a HTTP/1.1" status: 204 len: 168 time: 0.5013316
2026-05-20 18:45:33.310 10 WARNING neutron_lib.context [None req-c454a0ff-1e5b-4382-80e3-16c7fe878259 c3ba15caac8e4cafb30c002b81074b7b 96bed301b8084098ba69b219a02bc1f4 - - default default] Method 'is_advsvc' is deprecated since 2023.2 release (neutron-lib 3.8.0) and will be removed once support for the old RBAC API policies will be removed from Neutron. Please use method 'is_service_role' instead.
2026-05-20 18:45:33.411 10 INFO neutron.db.segments_db [None req-c454a0ff-1e5b-4382-80e3-16c7fe878259 c3ba15caac8e4cafb30c002b81074b7b 96bed301b8084098ba69b219a02bc1f4 - - default default] Added segment 5d7a3c4c-e79d-4bec-8ad4-e7931e141162 of type geneve for network 43fd6d05-15ae-4260-bdd3-8079d0e28bb6
2026-05-20 18:45:33.546 10 INFO neutron.db.ovn_revision_numbers_db [None req-c454a0ff-1e5b-4382-80e3-16c7fe878259 c3ba15caac8e4cafb30c002b81074b7b 96bed301b8084098ba69b219a02bc1f4 - - default default] Successfully bumped revision number for resource 43fd6d05-15ae-4260-bdd3-8079d0e28bb6 (type: networks) to 1
2026-05-20 18:45:33.682 10 INFO neutron.api.wsgi [req-f2968eb8-2118-4eb6-9632-78d85bdbb0a3 req-a106ec6b-7404-4576-8049-103f2c186105 183523ef5ba440528accc55a09b579a4 17c28f8dc2a74ad7833b74806c151463 - - default default] 10.0.0.131 "GET /v2.0/ports?device_id=8a73eaaa-e145-449c-986a-b502cf1926e9 HTTP/1.1" status: 200 len: 1170 time: 0.1133711
2026-05-20 18:45:33.764 10 INFO neutron.api.wsgi [req-f2968eb8-2118-4eb6-9632-78d85bdbb0a3 req-174ef01c-7d17-4ed1-80b3-43e7754503f1 183523ef5ba440528accc55a09b579a4 17c28f8dc2a74ad7833b74806c151463 - - default default] 10.0.0.131 "GET /v2.0/security-groups?id=2037d535-36dc-475f-bb82-d8503f428f93&fields=id&fields=name HTTP/1.1" status: 200 len: 286 time: 0.0776031
2026-05-20 18:45:33.779 10 WARNING neutron.scheduler.dhcp_agent_scheduler [None req-c454a0ff-1e5b-4382-80e3-16c7fe878259 c3ba15caac8e4cafb30c002b81074b7b 96bed301b8084098ba69b219a02bc1f4 - - default default] No more DHCP agents
2026-05-20 18:45:33.780 10 WARNING neutron.api.rpc.agentnotifiers.dhcp_rpc_agent_api [None req-c454a0ff-1e5b-4382-80e3-16c7fe878259 c3ba15caac8e4cafb30c002b81074b7b 96bed301b8084098ba69b219a02bc1f4 - - default default] Unable to schedule network 43fd6d05-15ae-4260-bdd3-8079d0e28bb6: no agents available; will retry on subsequent port and subnet creation events. /var/lib/openstack/lib/python3.12/site-packages/pycadf/identifier.py:71: UserWarning: Invalid uuid: neutron. To ensure interoperability, identifiers should be a valid uuid. warnings.warn(('Invalid uuid: %s. To ensure interoperability, '
2026-05-20 18:45:33.809 9 INFO neutron.api.wsgi [req-c80eca9d-ec29-41e3-a6e3-dd84d45908f8 req-dd928fb7-2aa7-4065-adc4-d2e26abf59e1 deb39b33451e41d5a6c92a964ac32d3c 22168f20ed2a4c558a264df5e283f5cb - - default default] 10.0.0.131 "GET /v2.0/ports?device_id=604802a4-d304-40f1-8c97-fa46a58fa70d HTTP/1.1" status: 200 len: 210 time: 0.0171702
2026-05-20 18:45:33.926 10 INFO neutron.db.ovn_revision_numbers_db [None req-c454a0ff-1e5b-4382-80e3-16c7fe878259 c3ba15caac8e4cafb30c002b81074b7b 96bed301b8084098ba69b219a02bc1f4 - - default default] Successfully bumped revision number for resource 24b579ab-f72f-48ff-bcab-7dcdf0005412 (type: ports) to 1
2026-05-20 18:45:34.023 10 INFO neutron.api.wsgi [None req-c454a0ff-1e5b-4382-80e3-16c7fe878259 c3ba15caac8e4cafb30c002b81074b7b 96bed301b8084098ba69b219a02bc1f4 - - default default] 10.0.0.47 "POST /v2.0/networks HTTP/1.1" status: 201 len: 833 time: 0.7165082
2026-05-20 18:45:34.037 10 WARNING neutron_lib.context [None req-278824bb-242d-4176-8205-8c7ad9c732b7 c3ba15caac8e4cafb30c002b81074b7b 96bed301b8084098ba69b219a02bc1f4 - - default default] Method 'is_advsvc' is deprecated since 2023.2 release (neutron-lib 3.8.0) and will be removed once support for the old RBAC API policies will be removed from Neutron. Please use method 'is_service_role' instead.
2026-05-20 18:45:34.151 9 INFO neutron.api.wsgi [req-ce630a64-1baf-4bbf-8568-556c2fb088dc req-2b6d2c81-da2b-48b6-bf5b-22d34a378611 183523ef5ba440528accc55a09b579a4 17c28f8dc2a74ad7833b74806c151463 - - default default] 199.204.45.242 "GET /v2.0/ports?device_id=8a73eaaa-e145-449c-986a-b502cf1926e9 HTTP/1.1" status: 200 len: 1170 time: 0.0379643
2026-05-20 18:45:34.291 10 WARNING neutron.scheduler.dhcp_agent_scheduler [None req-278824bb-242d-4176-8205-8c7ad9c732b7 c3ba15caac8e4cafb30c002b81074b7b 96bed301b8084098ba69b219a02bc1f4 - - default default] No more DHCP agents
2026-05-20 18:45:34.292 10 WARNING neutron.api.rpc.agentnotifiers.dhcp_rpc_agent_api [None req-278824bb-242d-4176-8205-8c7ad9c732b7 c3ba15caac8e4cafb30c002b81074b7b 96bed301b8084098ba69b219a02bc1f4 - - default default] Unable to schedule network 43fd6d05-15ae-4260-bdd3-8079d0e28bb6: no agents available; will retry on subsequent port and subnet creation events.
2026-05-20 18:45:34.321 10 INFO neutron.db.ovn_revision_numbers_db [None req-278824bb-242d-4176-8205-8c7ad9c732b7 c3ba15caac8e4cafb30c002b81074b7b 96bed301b8084098ba69b219a02bc1f4 - - default default] Successfully bumped revision number for resource 07f5d39b-85c8-4356-9b56-b9c01cb9a6b6 (type: subnets) to 0
2026-05-20 18:45:34.339 10 INFO neutron.api.wsgi [None req-278824bb-242d-4176-8205-8c7ad9c732b7 c3ba15caac8e4cafb30c002b81074b7b 96bed301b8084098ba69b219a02bc1f4 - - default default] 10.0.0.47 "POST /v2.0/subnets HTTP/1.1" status: 201 len: 845 time: 0.3116894
2026-05-20 18:45:34.349 10 WARNING neutron_lib.context [None req-38fbd9d0-1594-47c9-9799-be75ca915f5b c3ba15caac8e4cafb30c002b81074b7b 96bed301b8084098ba69b219a02bc1f4 - - default default] Method 'is_advsvc' is deprecated since 2023.2 release (neutron-lib 3.8.0) and will be removed once support for the old RBAC API policies will be removed from Neutron. Please use method 'is_service_role' instead.
2026-05-20 18:45:34.467 9 INFO neutron.api.wsgi [req-ce630a64-1baf-4bbf-8568-556c2fb088dc req-b670228d-2aa0-418b-8bac-490340121c7b 183523ef5ba440528accc55a09b579a4 17c28f8dc2a74ad7833b74806c151463 - - default default] 199.204.45.242 "DELETE /v2.0/ports/bfa11fbb-e69f-499e-bdf2-6f69c3d2d0d4 HTTP/1.1" status: 204 len: 173 time: 0.3122413
2026-05-20 18:45:34.502 10 INFO neutron.db.ovn_revision_numbers_db [None req-38fbd9d0-1594-47c9-9799-be75ca915f5b c3ba15caac8e4cafb30c002b81074b7b 96bed301b8084098ba69b219a02bc1f4 - - default default] Successfully bumped revision number for resource b0020607-0f9b-455e-a9e5-1e1372581dc2 (type: routers) to 1
2026-05-20 18:45:34.543 10 INFO neutron.api.wsgi [None req-38fbd9d0-1594-47c9-9799-be75ca915f5b c3ba15caac8e4cafb30c002b81074b7b 96bed301b8084098ba69b219a02bc1f4 - - default default] 10.0.0.47 "POST /v2.0/routers HTTP/1.1" status: 201 len: 806 time: 0.1988618
2026-05-20 18:45:34.897 9 INFO neutron.api.wsgi [req-a2c2a6e2-fa2e-4801-9120-9ea1882f2303 req-01122031-c3df-463a-af2b-2c83b17a2241 deb39b33451e41d5a6c92a964ac32d3c 22168f20ed2a4c558a264df5e283f5cb - - default default] 10.0.0.131 "GET /v2.0/ports?device_id=604802a4-d304-40f1-8c97-fa46a58fa70d HTTP/1.1" status: 200 len: 210 time: 0.0171721
2026-05-20 18:45:34.913 10 INFO neutron.api.wsgi [req-6a7079f7-3afd-481d-95e9-87624040a4fd req-9756a4ba-536c-4661-8af7-72b9d0fbb106 183523ef5ba440528accc55a09b579a4 17c28f8dc2a74ad7833b74806c151463 - - default default] 10.0.0.131 "GET /v2.0/ports?device_id=8a73eaaa-e145-449c-986a-b502cf1926e9 HTTP/1.1" status: 200 len: 210 time: 0.0162265
2026-05-20 18:45:34.971 9 INFO neutron.api.wsgi [-] 10.0.0.32 "GET / HTTP/1.1" status: 200 len: 247 time: 0.0028114
2026-05-20 18:45:34.975 9 INFO neutron.api.wsgi [-] 10.0.0.32 "GET / HTTP/1.1" status: 200 len: 247 time: 0.0026164
2026-05-20 18:45:35.112 9 INFO neutron.notifiers.nova [-] Nova event matching ['req-419e3184-d025-4a9c-b8d3-3c80e1ead859'] response: {'server_uuid': '8a73eaaa-e145-449c-986a-b502cf1926e9', 'name': 'network-vif-deleted', 'tag': 'bfa11fbb-e69f-499e-bdf2-6f69c3d2d0d4', 'status': 'completed', 'code': 200}
2026-05-20 18:45:35.121 10 WARNING neutron.scheduler.dhcp_agent_scheduler [None req-c27c3e96-8b13-4fe2-842f-2a84ecb5e75d c3ba15caac8e4cafb30c002b81074b7b 96bed301b8084098ba69b219a02bc1f4 - - default default] No more DHCP agents
2026-05-20 18:45:35.122 10 WARNING neutron.api.rpc.agentnotifiers.dhcp_rpc_agent_api [None req-c27c3e96-8b13-4fe2-842f-2a84ecb5e75d c3ba15caac8e4cafb30c002b81074b7b 96bed301b8084098ba69b219a02bc1f4 - - default default] Unable to schedule network 43fd6d05-15ae-4260-bdd3-8079d0e28bb6: no agents available; will retry on subsequent port and subnet creation events.
2026-05-20 18:45:35.245 10 INFO neutron.db.ovn_revision_numbers_db [None req-c27c3e96-8b13-4fe2-842f-2a84ecb5e75d c3ba15caac8e4cafb30c002b81074b7b 96bed301b8084098ba69b219a02bc1f4 - - default default] Successfully bumped revision number for resource f1c2d127-27b2-4118-a176-7680978737f0 (type: ports) to 1
2026-05-20 18:45:35.578 10 WARNING neutron.plugins.ml2.drivers.ovn.mech_driver.ovsdb.ovn_client [None req-bb2e2ad0-259f-4956-877d-f2114221ce87 - - - - - -] No port found with ID 9d9c72fc-11fe-48ef-8671-3efd3848c60e: RuntimeError: No port found with ID 9d9c72fc-11fe-48ef-8671-3efd3848c60e
2026-05-20 18:45:35.585 10 INFO neutron.plugins.ml2.drivers.ovn.mech_driver.mech_driver [None req-bb2e2ad0-259f-4956-877d-f2114221ce87 - - - - - -] OVN reports status down for port: bfa11fbb-e69f-499e-bdf2-6f69c3d2d0d4
2026-05-20 18:45:35.705 9 INFO neutron.plugins.ml2.drivers.ovn.mech_driver.mech_driver [None req-91f40709-d891-4c7e-908b-5d53bff63db8 - - - - - -] OVN reports status up for port: f1c2d127-27b2-4118-a176-7680978737f0
2026-05-20 18:45:35.715 9 INFO neutron.plugins.ml2.plugin [None req-91f40709-d891-4c7e-908b-5d53bff63db8 - - - - - -] Attempt 1 to provision port f1c2d127-27b2-4118-a176-7680978737f0
2026-05-20 18:45:35.724 10 INFO neutron.db.ovn_revision_numbers_db [None req-c27c3e96-8b13-4fe2-842f-2a84ecb5e75d c3ba15caac8e4cafb30c002b81074b7b 96bed301b8084098ba69b219a02bc1f4 - - default default] Successfully bumped revision number for resource f1c2d127-27b2-4118-a176-7680978737f0 (type: ports) to 1
2026-05-20 18:45:35.771 10 WARNING neutron.scheduler.dhcp_agent_scheduler [None req-c27c3e96-8b13-4fe2-842f-2a84ecb5e75d c3ba15caac8e4cafb30c002b81074b7b 96bed301b8084098ba69b219a02bc1f4 - - default default] No more DHCP agents
2026-05-20 18:45:35.772 10 WARNING neutron.api.rpc.agentnotifiers.dhcp_rpc_agent_api [None req-c27c3e96-8b13-4fe2-842f-2a84ecb5e75d c3ba15caac8e4cafb30c002b81074b7b 96bed301b8084098ba69b219a02bc1f4 - - default default] Unable to schedule network 43fd6d05-15ae-4260-bdd3-8079d0e28bb6: no agents available; will retry on subsequent port and subnet creation events.
2026-05-20 18:45:35.964 10 INFO neutron.db.ovn_revision_numbers_db [None req-c27c3e96-8b13-4fe2-842f-2a84ecb5e75d c3ba15caac8e4cafb30c002b81074b7b 96bed301b8084098ba69b219a02bc1f4 - - default default] Successfully bumped revision number for resource f1c2d127-27b2-4118-a176-7680978737f0 (type: router_ports) to 1
2026-05-20 18:45:35.970 10 INFO neutron.api.wsgi [None req-c27c3e96-8b13-4fe2-842f-2a84ecb5e75d c3ba15caac8e4cafb30c002b81074b7b 96bed301b8084098ba69b219a02bc1f4 - - default default] 10.0.0.47 "PUT /v2.0/routers/b0020607-0f9b-455e-a9e5-1e1372581dc2/add_router_interface HTTP/1.1" status: 200 len: 503 time: 1.4231775
2026-05-20 18:45:36.019 9 INFO neutron.api.wsgi [req-938cc050-b129-45ce-b750-dce3e3ae1445 req-ab8406b8-0231-4322-aaa0-e7c2987422b2 183523ef5ba440528accc55a09b579a4 17c28f8dc2a74ad7833b74806c151463 - - default default] 10.0.0.131 "GET /v2.0/ports?device_id=8a73eaaa-e145-449c-986a-b502cf1926e9 HTTP/1.1" status: 200 len: 210 time: 0.0195260
2026-05-20 18:45:36.026 10 INFO neutron.api.wsgi [None req-75e5190a-f48f-41af-8090-5a9384214c47 c3ba15caac8e4cafb30c002b81074b7b 96bed301b8084098ba69b219a02bc1f4 - - default default] 10.0.0.47 "GET /v2.0/ports/f1c2d127-27b2-4118-a176-7680978737f0 HTTP/1.1" status: 200 len: 1141 time: 0.0479174
2026-05-20 18:45:36.048 10 INFO neutron.api.wsgi [req-e6d08e5e-8f98-42fa-88f3-5ae2b55e06a5 req-6426af4b-0919-42bf-b4ab-3da74b5914f3 deb39b33451e41d5a6c92a964ac32d3c 22168f20ed2a4c558a264df5e283f5cb - - default default] 10.0.0.131 "GET /v2.0/ports?device_id=604802a4-d304-40f1-8c97-fa46a58fa70d HTTP/1.1" status: 200 len: 210 time: 0.0348558
2026-05-20 18:45:36.085 10 INFO neutron.api.wsgi [None req-bd811adb-bfc0-4b34-a0be-5dd5bca77904 c3ba15caac8e4cafb30c002b81074b7b 96bed301b8084098ba69b219a02bc1f4 - - default default] 10.0.0.47 "GET /v2.0/ports/f1c2d127-27b2-4118-a176-7680978737f0 HTTP/1.1" status: 200 len: 1141 time: 0.0517468
2026-05-20 18:45:36.214 9 INFO neutron.db.ovn_revision_numbers_db [None req-91f40709-d891-4c7e-908b-5d53bff63db8 - - - - - -] Successfully bumped revision number for resource f1c2d127-27b2-4118-a176-7680978737f0 (type: ports) to 2
2026-05-20 18:45:36.741 9 INFO neutron.api.wsgi [None req-28190ecc-f632-44a0-aebe-49b7e79fd204 c3ba15caac8e4cafb30c002b81074b7b 96bed301b8084098ba69b219a02bc1f4 - - default default] 10.0.0.47 "PUT /v2.0/routers/b0020607-0f9b-455e-a9e5-1e1372581dc2/remove_router_interface HTTP/1.1" status: 200 len: 503 time: 0.6487286 /var/lib/openstack/lib/python3.12/site-packages/pycadf/identifier.py:71: UserWarning: Invalid uuid: neutron. To ensure interoperability, identifiers should be a valid uuid. warnings.warn(('Invalid uuid: %s. To ensure interoperability, '
2026-05-20 18:45:36.770 9 INFO neutron.api.wsgi [None req-e0a4006f-4fc6-422c-b30c-3222bcc8b245 c3ba15caac8e4cafb30c002b81074b7b 96bed301b8084098ba69b219a02bc1f4 - - default default] 10.0.0.47 "GET /v2.0/ports?device_id=b0020607-0f9b-455e-a9e5-1e1372581dc2 HTTP/1.1" status: 200 len: 205 time: 0.0224986
2026-05-20 18:45:36.938 9 INFO neutron.api.wsgi [None req-61704963-bca8-43a5-997f-5409caa77324 c3ba15caac8e4cafb30c002b81074b7b 96bed301b8084098ba69b219a02bc1f4 - - default default] 10.0.0.47 "DELETE /v2.0/routers/b0020607-0f9b-455e-a9e5-1e1372581dc2 HTTP/1.1" status: 204 len: 168 time: 0.1634076
2026-05-20 18:45:37.081 9 INFO neutron.api.wsgi [None req-ccb2dd0a-8db1-4d4f-933d-d2c5ebd6ea0e c3ba15caac8e4cafb30c002b81074b7b 96bed301b8084098ba69b219a02bc1f4 - - default default] 10.0.0.47 "DELETE /v2.0/subnets/07f5d39b-85c8-4356-9b56-b9c01cb9a6b6 HTTP/1.1" status: 204 len: 168 time: 0.1374946
2026-05-20 18:45:37.114 9 INFO neutron.api.wsgi [req-148be688-080a-48f8-a417-ad695d0e1be2 req-244543e3-96e4-492f-a16d-68a895706fbf 183523ef5ba440528accc55a09b579a4 17c28f8dc2a74ad7833b74806c151463 - - default default] 10.0.0.131 "GET /v2.0/ports?device_id=8a73eaaa-e145-449c-986a-b502cf1926e9 HTTP/1.1" status: 200 len: 210 time: 0.0320277
2026-05-20 18:45:37.290 9 INFO neutron.api.wsgi [req-d288fa08-f02b-4658-8ec9-0b1ebef93461 req-91bc5e5b-dbc5-4f69-82d6-9a637839c0ee 508966a9b8a7462eaa7f27450a8fb2bb fadb77a7c151407da76f9c373ea21491 - - default default] 10.0.0.131 "GET /v2.0/ports?device_id=7671517e-3c45-46b9-b30b-83cdfbaf74db HTTP/1.1" status: 200 len: 1170 time: 0.1353140
2026-05-20 18:45:37.339 9 INFO neutron.api.wsgi [req-d288fa08-f02b-4658-8ec9-0b1ebef93461 req-e0b0fde1-b7ac-41eb-87cb-486a0e610c13 508966a9b8a7462eaa7f27450a8fb2bb fadb77a7c151407da76f9c373ea21491 - - default default] 10.0.0.131 "GET /v2.0/security-groups?id=9774d77d-6981-453c-9c6d-151e8fe3706d&fields=id&fields=name HTTP/1.1" status: 200 len: 313 time: 0.0427399
2026-05-20 18:45:37.406 9 INFO neutron.api.wsgi [None req-15b4feec-3595-455e-9c2f-30c92f6a23f6 deb39b33451e41d5a6c92a964ac32d3c 22168f20ed2a4c558a264df5e283f5cb - - default default] 10.0.0.47 "DELETE /v2.0/security-groups/1416d6e7-b51a-4a46-8f78-55087b539ba7 HTTP/1.1" status: 204 len: 168 time: 0.2695291
2026-05-20 18:45:37.426 9 INFO neutron.api.v2.resource [None req-b3cf8010-a84d-4194-8814-45c2135de14f deb39b33451e41d5a6c92a964ac32d3c 22168f20ed2a4c558a264df5e283f5cb - - default default] show failed (client error): The resource could not be found.
2026-05-20 18:45:37.434 9 INFO neutron.api.wsgi [None req-b3cf8010-a84d-4194-8814-45c2135de14f deb39b33451e41d5a6c92a964ac32d3c 22168f20ed2a4c558a264df5e283f5cb - - default default] 10.0.0.47 "GET /v2.0/security-groups/1416d6e7-b51a-4a46-8f78-55087b539ba7 HTTP/1.1" status: 404 len: 347 time: 0.0229509
2026-05-20 18:45:37.519 10 INFO neutron.api.wsgi [req-19b83902-3f0c-42c4-ba7c-1b6654b4638c req-17e2dc17-ae65-46de-9cda-eee3c6fca245 508966a9b8a7462eaa7f27450a8fb2bb fadb77a7c151407da76f9c373ea21491 - - default default] 10.0.0.131 "GET /v2.0/ports?device_id=7671517e-3c45-46b9-b30b-83cdfbaf74db HTTP/1.1" status: 200 len: 1170 time: 0.1184273
2026-05-20 18:45:37.535 9 INFO neutron.services.segments.plugin [-] Segment 5d7a3c4c-e79d-4bec-8ad4-e7931e141162 resource provider aggregate not found
2026-05-20 18:45:37.539 9 INFO neutron.services.segments.plugin [-] Segment 5d7a3c4c-e79d-4bec-8ad4-e7931e141162 resource provider aggregate not found
2026-05-20 18:45:37.549 9 INFO neutron.services.segments.plugin [-] Segment 5d7a3c4c-e79d-4bec-8ad4-e7931e141162 resource provider not found; error: Placement Client Error (4xx): {"errors": [{"status": 404, "title": "Not Found", "detail": "The resource could not be found.\n\n No resource provider with uuid 5d7a3c4c-e79d-4bec-8ad4-e7931e141162 found for delete ", "request_id": "req-3a7c5a68-5bbe-406e-856c-7ad8a14913f4"}]}
2026-05-20 18:45:37.552 9 INFO neutron.services.segments.plugin [-] Segment 5d7a3c4c-e79d-4bec-8ad4-e7931e141162 resource provider not found; error: Placement Client Error (4xx): {"errors": [{"status": 404, "title": "Not Found", "detail": "The resource could not be found.\n\n No resource provider with uuid 5d7a3c4c-e79d-4bec-8ad4-e7931e141162 found for delete ", "request_id": "req-62deb07b-aa78-4a87-bd94-6a4b167e9428"}]}
2026-05-20 18:45:37.571 10 INFO neutron.api.wsgi [req-19b83902-3f0c-42c4-ba7c-1b6654b4638c req-4476a8f5-1616-4d5d-99d4-6888b1a6ca7e 508966a9b8a7462eaa7f27450a8fb2bb fadb77a7c151407da76f9c373ea21491 - - default default] 10.0.0.131 "GET /v2.0/security-groups?id=9774d77d-6981-453c-9c6d-151e8fe3706d&fields=id&fields=name HTTP/1.1" status: 200 len: 313 time: 0.0452275
2026-05-20 18:45:37.577 9 INFO neutron.api.wsgi [None req-e9394cde-90e2-4d1b-8462-685afb76fc35 c3ba15caac8e4cafb30c002b81074b7b 96bed301b8084098ba69b219a02bc1f4 - - default default] 10.0.0.47 "DELETE /v2.0/networks/43fd6d05-15ae-4260-bdd3-8079d0e28bb6 HTTP/1.1" status: 204 len: 168 time: 0.4851568
2026-05-20 18:45:37.597 9 WARNING neutron_lib.context [None req-22bc08fb-2d0c-47e1-9988-c7d28c6f3c71 c3ba15caac8e4cafb30c002b81074b7b 96bed301b8084098ba69b219a02bc1f4 - - default default] Method 'is_advsvc' is deprecated since 2023.2 release (neutron-lib 3.8.0) and will be removed once support for the old RBAC API policies will be removed from Neutron. Please use method 'is_service_role' instead.
2026-05-20 18:45:37.760 10 INFO neutron.api.wsgi [None req-080342a5-b285-4720-baff-a9f13316c95e deb39b33451e41d5a6c92a964ac32d3c 22168f20ed2a4c558a264df5e283f5cb - - default default] 10.0.0.47 "DELETE /v2.0/floatingips/8d6f8f12-8483-4dc4-b747-b3b4e3021f7f HTTP/1.1" status: 204 len: 168 time: 0.3161995
2026-05-20 18:45:37.996 10 INFO neutron.api.wsgi [req-70f9a9b0-e6be-4adc-9e23-8e1d44b287c5 req-46b4fe00-f1b1-4343-9038-d35723263cb8 508966a9b8a7462eaa7f27450a8fb2bb fadb77a7c151407da76f9c373ea21491 - - default default] 10.0.0.131 "GET /v2.0/ports?device_id=7671517e-3c45-46b9-b30b-83cdfbaf74db HTTP/1.1" status: 200 len: 1170 time: 0.0357249
2026-05-20 18:45:38.045 10 INFO neutron.api.wsgi [req-70f9a9b0-e6be-4adc-9e23-8e1d44b287c5 req-595725d7-ead1-4090-bd3f-c8dff6ca1790 508966a9b8a7462eaa7f27450a8fb2bb fadb77a7c151407da76f9c373ea21491 - - default default] 10.0.0.131 "GET /v2.0/security-groups?id=9774d77d-6981-453c-9c6d-151e8fe3706d&fields=id&fields=name HTTP/1.1" status: 200 len: 313 time: 0.0423710
2026-05-20 18:45:38.230 9 WARNING neutron.scheduler.dhcp_agent_scheduler [None req-22bc08fb-2d0c-47e1-9988-c7d28c6f3c71 c3ba15caac8e4cafb30c002b81074b7b 96bed301b8084098ba69b219a02bc1f4 - - default default] No more DHCP agents
2026-05-20 18:45:38.231 9 WARNING neutron.api.rpc.agentnotifiers.dhcp_rpc_agent_api [None req-22bc08fb-2d0c-47e1-9988-c7d28c6f3c71 c3ba15caac8e4cafb30c002b81074b7b 96bed301b8084098ba69b219a02bc1f4 - - default default] Unable to schedule network 1b4fc365-0321-4ce5-bf09-5351fb21ba4a: no agents available; will retry on subsequent port and subnet creation events.
2026-05-20 18:45:38.380 9 INFO neutron.db.ovn_revision_numbers_db [None req-22bc08fb-2d0c-47e1-9988-c7d28c6f3c71 c3ba15caac8e4cafb30c002b81074b7b 96bed301b8084098ba69b219a02bc1f4 - - default default] Successfully bumped revision number for resource 0ee0aad8-54bc-418f-b966-d5acf15aea74 (type: ports) to 1
2026-05-20 18:45:38.954 9 INFO neutron.plugins.ml2.drivers.ovn.mech_driver.ovsdb.commands [None req-daf088a4-1a44-40de-a532-f2b71a9c5ed0 - - - - - -] Schedule LRP lrp-0ee0aad8-54bc-418f-b966-d5acf15aea74 on gateway da08c451-8318-4be6-9f14-7d6c1115e9df with priority 1
2026-05-20 18:45:38.975 10 INFO neutron.plugins.ml2.drivers.ovn.mech_driver.mech_driver [None req-bb2e2ad0-259f-4956-877d-f2114221ce87 - - - - - -] OVN reports status up for port: 0ee0aad8-54bc-418f-b966-d5acf15aea74
2026-05-20 18:45:38.990 10 INFO neutron.plugins.ml2.plugin [None req-bb2e2ad0-259f-4956-877d-f2114221ce87 - - - - - -] Attempt 1 to provision port 0ee0aad8-54bc-418f-b966-d5acf15aea74
2026-05-20 18:45:38.995 9 INFO neutron.db.ovn_revision_numbers_db [None req-22bc08fb-2d0c-47e1-9988-c7d28c6f3c71 c3ba15caac8e4cafb30c002b81074b7b 96bed301b8084098ba69b219a02bc1f4 - - default default] Successfully bumped revision number for resource 0ee0aad8-54bc-418f-b966-d5acf15aea74 (type: router_ports) to 1
2026-05-20 18:45:39.088 9 INFO neutron.db.ovn_revision_numbers_db [None req-22bc08fb-2d0c-47e1-9988-c7d28c6f3c71 c3ba15caac8e4cafb30c002b81074b7b 96bed301b8084098ba69b219a02bc1f4 - - default default] Successfully bumped revision number for resource b92bb410-c7f6-4b75-8972-e02a64e78985 (type: routers) to 2
2026-05-20 18:45:39.110 9 INFO neutron.api.wsgi [None req-22bc08fb-2d0c-47e1-9988-c7d28c6f3c71 c3ba15caac8e4cafb30c002b81074b7b 96bed301b8084098ba69b219a02bc1f4 - - default default] 10.0.0.47 "POST /v2.0/routers HTTP/1.1" status: 201 len: 1150 time: 1.5236428 /var/lib/openstack/lib/python3.12/site-packages/pycadf/identifier.py:71: UserWarning: Invalid uuid: neutron. To ensure interoperability, identifiers should be a valid uuid. warnings.warn(('Invalid uuid: %s. To ensure interoperability, '
2026-05-20 18:45:39.155 10 INFO neutron.api.wsgi [None req-2e69278f-32dc-4c87-bdd3-b531acc8fc80 25961daeef90494d98212e8106a97e05 0405c3c08a9f4591ba583b5d93a8f032 - - default default] 10.0.0.47 "PUT /v2.0/routers/4dcdc0e7-13fa-4419-95ce-30db04b45441/remove_router_interface HTTP/1.1" status: 200 len: 503 time: 1.3836379
2026-05-20 18:45:39.180 10 INFO neutron.api.wsgi [req-115d0b57-9bca-434f-a889-359ad318f53a req-c0359e4f-f194-44e6-a485-20aa0797ca9f 508966a9b8a7462eaa7f27450a8fb2bb fadb77a7c151407da76f9c373ea21491 - - default default] 10.0.0.131 "GET /v2.0/ports?device_id=7671517e-3c45-46b9-b30b-83cdfbaf74db HTTP/1.1" status: 200 len: 1170 time: 0.0626383
2026-05-20 18:45:39.190 9 INFO neutron.api.wsgi [None req-4308caf8-4837-4f6d-bb27-a52c961abd15 c3ba15caac8e4cafb30c002b81074b7b 96bed301b8084098ba69b219a02bc1f4 - - default default] 10.0.0.47 "GET /v2.0/routers/b92bb410-c7f6-4b75-8972-e02a64e78985 HTTP/1.1" status: 200 len: 1151 time: 0.0729599
2026-05-20 18:45:39.236 10 INFO neutron.api.wsgi [req-115d0b57-9bca-434f-a889-359ad318f53a req-8cc63d23-0947-4aab-9e53-a4ac151ac4c4 508966a9b8a7462eaa7f27450a8fb2bb fadb77a7c151407da76f9c373ea21491 - - default default] 10.0.0.131 "GET /v2.0/security-groups?id=9774d77d-6981-453c-9c6d-151e8fe3706d&fields=id&fields=name HTTP/1.1" status: 200 len: 313 time: 0.0375485
2026-05-20 18:45:39.307 9 INFO neutron.api.wsgi [None req-d291b1bf-c640-467f-ac4b-174c4e081e9f c3ba15caac8e4cafb30c002b81074b7b 96bed301b8084098ba69b219a02bc1f4 - - default default] 10.0.0.47 "GET /v2.0/routers HTTP/1.1" status: 200 len: 1154 time: 0.1124442
2026-05-20 18:45:39.514 9 INFO neutron.api.wsgi [req-bb0c6f5a-0a74-418d-a026-e917ba394d47 req-c624ad7f-2c5e-4f1a-899b-0448be5b6609 296f79a337154385b1d2d52f990f5720 ec8322b84130496bbd20415bbb09ca23 - - cb9ff544df3446bb97acdb0921216e7a cb9ff544df3446bb97acdb0921216e7a] 199.204.45.242 "GET /v2.0/ports?tenant_id=fadb77a7c151407da76f9c373ea21491&device_id=7671517e-3c45-46b9-b30b-83cdfbaf74db HTTP/1.1" status: 200 len: 1409 time: 0.0305424
2026-05-20 18:45:39.570 9 INFO neutron.api.wsgi [req-bb0c6f5a-0a74-418d-a026-e917ba394d47 req-19d64f91-ac2b-4ca0-a5e3-6cfdb66fb00f 296f79a337154385b1d2d52f990f5720 ec8322b84130496bbd20415bbb09ca23 - - cb9ff544df3446bb97acdb0921216e7a cb9ff544df3446bb97acdb0921216e7a] 199.204.45.242 "GET /v2.0/networks?id=d7ae7ba1-5f5b-43a7-b31f-34a9af30256e HTTP/1.1" status: 200 len: 973 time: 0.0508256
2026-05-20 18:45:39.613 9 INFO neutron.api.wsgi [req-bb0c6f5a-0a74-418d-a026-e917ba394d47 req-7fd1bb34-bf68-48a3-ac39-f7bc2b6b6f8b 296f79a337154385b1d2d52f990f5720 ec8322b84130496bbd20415bbb09ca23 - - cb9ff544df3446bb97acdb0921216e7a cb9ff544df3446bb97acdb0921216e7a] 199.204.45.242 "GET /v2.0/floatingips?fixed_ip_address=10.100.0.5&port_id=ab78e000-6f1d-4670-ba52-0a035d996578 HTTP/1.1" status: 200 len: 1059 time: 0.0327404
2026-05-20 18:45:39.638 9 INFO neutron.api.wsgi [req-bb0c6f5a-0a74-418d-a026-e917ba394d47 req-8808f903-e7c7-4c68-aedb-5ba3f9acef36 296f79a337154385b1d2d52f990f5720 ec8322b84130496bbd20415bbb09ca23 - - cb9ff544df3446bb97acdb0921216e7a cb9ff544df3446bb97acdb0921216e7a] 199.204.45.242 "GET /v2.0/subnets?id=732ee9f7-9d50-473c-941f-e08b64e59304 HTTP/1.1" status: 200 len: 892 time: 0.0200887
2026-05-20 18:45:39.658 9 INFO neutron.api.wsgi [req-bb0c6f5a-0a74-418d-a026-e917ba394d47 req-499738b2-1035-41e4-a563-92c2ca81df99 296f79a337154385b1d2d52f990f5720 ec8322b84130496bbd20415bbb09ca23 - - cb9ff544df3446bb97acdb0921216e7a cb9ff544df3446bb97acdb0921216e7a] 199.204.45.242 "GET /v2.0/ports?network_id=d7ae7ba1-5f5b-43a7-b31f-34a9af30256e&device_owner=network%3Adhcp HTTP/1.1" status: 200 len: 210 time: 0.0149233
2026-05-20 18:45:39.762 9 INFO neutron.api.wsgi [req-bb0c6f5a-0a74-418d-a026-e917ba394d47 req-40f904a1-4221-471a-98f6-63c7e060814d 296f79a337154385b1d2d52f990f5720 ec8322b84130496bbd20415bbb09ca23 - - cb9ff544df3446bb97acdb0921216e7a cb9ff544df3446bb97acdb0921216e7a] 199.204.45.242 "GET /v2.0/networks/d7ae7ba1-5f5b-43a7-b31f-34a9af30256e?fields=segments HTTP/1.1" status: 200 len: 212 time: 0.0952384
2026-05-20 18:45:39.821 9 INFO neutron.api.wsgi [req-bb0c6f5a-0a74-418d-a026-e917ba394d47 req-0f9bc542-37f6-4397-b7f5-b9b73f90466e 296f79a337154385b1d2d52f990f5720 ec8322b84130496bbd20415bbb09ca23 - - cb9ff544df3446bb97acdb0921216e7a cb9ff544df3446bb97acdb0921216e7a] 199.204.45.242 "GET /v2.0/networks/d7ae7ba1-5f5b-43a7-b31f-34a9af30256e?fields=provider%3Aphysical_network&fields=provider%3Anetwork_type HTTP/1.1" status: 200 len: 277 time: 0.0535405
2026-05-20 18:45:39.920 10 INFO neutron.db.ovn_revision_numbers_db [None req-7606b082-ff51-4bb9-b77f-844b2317ca3f c3ba15caac8e4cafb30c002b81074b7b 96bed301b8084098ba69b219a02bc1f4 - - default default] Successfully bumped revision number for resource b92bb410-c7f6-4b75-8972-e02a64e78985 (type: routers) to 3
2026-05-20 18:45:39.926 10 INFO neutron.api.wsgi [None req-7606b082-ff51-4bb9-b77f-844b2317ca3f c3ba15caac8e4cafb30c002b81074b7b 96bed301b8084098ba69b219a02bc1f4 - - default default] 10.0.0.47 "PUT /v2.0/routers/b92bb410-c7f6-4b75-8972-e02a64e78985 HTTP/1.1" status: 200 len: 1158 time: 0.6127586
2026-05-20 18:45:39.991 9 INFO neutron.api.wsgi [None req-291418f2-4899-4cf4-b023-384f73982cb1 c3ba15caac8e4cafb30c002b81074b7b 96bed301b8084098ba69b219a02bc1f4 - - default default] 10.0.0.47 "GET /v2.0/routers/b92bb410-c7f6-4b75-8972-e02a64e78985 HTTP/1.1" status: 200 len: 1158 time: 0.0606482
2026-05-20 18:45:40.010 9 INFO neutron.api.wsgi [None req-63102ec6-a2a7-4b94-85b6-697969b06ac4 c3ba15caac8e4cafb30c002b81074b7b 96bed301b8084098ba69b219a02bc1f4 - - default default] 10.0.0.47 "GET /v2.0/ports?device_id=b92bb410-c7f6-4b75-8972-e02a64e78985 HTTP/1.1" status: 200 len: 205 time: 0.0137286
2026-05-20 18:45:40.347 9 INFO neutron.api.wsgi [req-c6d67067-c0f3-4515-afa6-37171224d700 req-1f278153-60e8-43fb-a118-404ca2c9ff23 508966a9b8a7462eaa7f27450a8fb2bb fadb77a7c151407da76f9c373ea21491 - - default default] 10.0.0.131 "GET /v2.0/ports?device_id=7671517e-3c45-46b9-b30b-83cdfbaf74db HTTP/1.1" status: 200 len: 1170 time: 0.0291796
2026-05-20 18:45:40.380 9 INFO neutron.api.wsgi [req-c6d67067-c0f3-4515-afa6-37171224d700 req-e9c304da-76ba-4bca-9a03-e6029d22bae8 508966a9b8a7462eaa7f27450a8fb2bb fadb77a7c151407da76f9c373ea21491 - - default default] 10.0.0.131 "GET /v2.0/security-groups?id=9774d77d-6981-453c-9c6d-151e8fe3706d&fields=id&fields=name HTTP/1.1" status: 200 len: 313 time: 0.0263581
