2026-05-20 18:47:26.668 10 INFO neutron.api.wsgi [req-f0d04682-741a-43ce-a11d-b50cf9b375d9 req-5c9ceafa-90b1-4488-8fd6-d5f41fb326f3 0eec7ff6652c4107ade6260d31dac4e8 1ddc6a839c5f48a9abdf3f178e96e6f0 - - default default] 10.0.0.131 "GET /v2.0/ports?device_id=d0a6005a-9f08-4189-94aa-3fba5eecf146 HTTP/1.1" status: 200 len: 210 time: 0.0256302
2026-05-20 18:47:26.732 9 INFO neutron.api.wsgi [req-09a8cec8-f048-4229-9526-04e78c598e7f req-0d3adb61-bd89-4ca3-a555-a647ca5e5d7e 33f6d37ecef94ed2a52685ea37800ee0 337228ddd44a4c25b48d128c544acf96 - - default default] 10.0.0.131 "GET /v2.0/ports?device_id=68d37ff6-4208-4e58-8a95-8d5eba3ae691 HTTP/1.1" status: 200 len: 210 time: 0.0203445
2026-05-20 18:47:26.996 10 WARNING neutron.scheduler.dhcp_agent_scheduler [None req-fc674e0b-7c10-4de9-8fff-c01dd20e1b98 35e52210f8634cd9ba6f90ac2731df90 76839c0e988543c5a63287d8f3e65043 - - default default] No more DHCP agents
2026-05-20 18:47:26.997 10 WARNING neutron.api.rpc.agentnotifiers.dhcp_rpc_agent_api [None req-fc674e0b-7c10-4de9-8fff-c01dd20e1b98 35e52210f8634cd9ba6f90ac2731df90 76839c0e988543c5a63287d8f3e65043 - - default default] Unable to schedule network 670727c9-6122-40fb-97f0-dd8e447e4bda: no agents available; will retry on subsequent port and subnet creation events.
2026-05-20 18:47:27.030 10 INFO neutron.db.ovn_revision_numbers_db [None req-fc674e0b-7c10-4de9-8fff-c01dd20e1b98 35e52210f8634cd9ba6f90ac2731df90 76839c0e988543c5a63287d8f3e65043 - - default default] Successfully bumped revision number for resource ab88bbbc-d017-41c5-8526-48d560a4640d (type: subnets) to 0
2026-05-20 18:47:27.047 10 INFO neutron.api.wsgi [None req-fc674e0b-7c10-4de9-8fff-c01dd20e1b98 35e52210f8634cd9ba6f90ac2731df90 76839c0e988543c5a63287d8f3e65043 - - default default] 10.0.0.47 "POST /v2.0/subnets HTTP/1.1" status: 201 len: 931 time: 0.5483665
2026-05-20 18:47:27.055 10 WARNING neutron_lib.context [None req-cf974ff3-d055-4704-b8d6-695087a0ae92 35e52210f8634cd9ba6f90ac2731df90 76839c0e988543c5a63287d8f3e65043 - - default default] Method 'is_advsvc' is deprecated since 2023.2 release (neutron-lib 3.8.0) and will be removed once support for the old RBAC API policies will be removed from Neutron. Please use method 'is_service_role' instead.
2026-05-20 18:47:27.095 10 INFO neutron.api.wsgi [None req-06958316-cc7a-4732-980c-100d1eaa0d2e 25961daeef90494d98212e8106a97e05 0405c3c08a9f4591ba583b5d93a8f032 - - default default] 10.0.0.47 "DELETE /v2.0/security-groups/214e5c23-1c43-4440-b063-dc9772c8fefe HTTP/1.1" status: 204 len: 168 time: 0.4805090
2026-05-20 18:47:27.142 10 INFO neutron.db.segments_db [None req-cf974ff3-d055-4704-b8d6-695087a0ae92 35e52210f8634cd9ba6f90ac2731df90 76839c0e988543c5a63287d8f3e65043 - - default default] Added segment 1e7950a2-8fe8-45e7-9bb4-ace672b98855 of type geneve for network 2141913b-db98-4905-ae73-dedc01e4fd75
2026-05-20 18:47:27.210 9 INFO neutron.api.wsgi [None req-5357ce22-7eda-4981-bba7-f5ede64075c5 25961daeef90494d98212e8106a97e05 0405c3c08a9f4591ba583b5d93a8f032 - - default default] 10.0.0.47 "GET /v2.0/security-groups?tenant_id=8b7c800c487845c7b754bf94e89dc59e&name=default HTTP/1.1" status: 200 len: 3120 time: 0.0385315
2026-05-20 18:47:27.258 10 INFO neutron.db.ovn_revision_numbers_db [None req-cf974ff3-d055-4704-b8d6-695087a0ae92 35e52210f8634cd9ba6f90ac2731df90 76839c0e988543c5a63287d8f3e65043 - - default default] Successfully bumped revision number for resource 2141913b-db98-4905-ae73-dedc01e4fd75 (type: networks) to 1
2026-05-20 18:47:27.419 10 WARNING neutron.scheduler.dhcp_agent_scheduler [None req-cf974ff3-d055-4704-b8d6-695087a0ae92 35e52210f8634cd9ba6f90ac2731df90 76839c0e988543c5a63287d8f3e65043 - - default default] No more DHCP agents
2026-05-20 18:47:27.420 10 WARNING neutron.api.rpc.agentnotifiers.dhcp_rpc_agent_api [None req-cf974ff3-d055-4704-b8d6-695087a0ae92 35e52210f8634cd9ba6f90ac2731df90 76839c0e988543c5a63287d8f3e65043 - - default default] Unable to schedule network 2141913b-db98-4905-ae73-dedc01e4fd75: no agents available; will retry on subsequent port and subnet creation events.
2026-05-20 18:47:27.428 9 INFO neutron.api.wsgi [None req-52ed1a61-ea63-49d4-853f-30829d5c8f41 25961daeef90494d98212e8106a97e05 0405c3c08a9f4591ba583b5d93a8f032 - - default default] 10.0.0.47 "DELETE /v2.0/security-groups/6d194a48-ad60-43da-99e7-c9b35c07cd38 HTTP/1.1" status: 204 len: 168 time: 0.2125893
2026-05-20 18:47:27.450 9 INFO neutron.notifiers.nova [-] Nova event matching ['req-e9c04334-e760-405e-b3b6-bbfeda45e186'] response: {'server_uuid': '68d37ff6-4208-4e58-8a95-8d5eba3ae691', 'name': 'network-vif-unplugged', 'status': 'completed', 'tag': '7ab4cbe7-acd5-483b-8e87-c49220404cef', 'code': 200}
2026-05-20 18:47:27.451 9 INFO neutron.notifiers.nova [-] Nova event matching ['req-e9c04334-e760-405e-b3b6-bbfeda45e186'] response: {'server_uuid': '68d37ff6-4208-4e58-8a95-8d5eba3ae691', 'name': 'network-vif-deleted', 'tag': '7ab4cbe7-acd5-483b-8e87-c49220404cef', 'status': 'completed', 'code': 200}
2026-05-20 18:47:27.485 10 INFO neutron.db.ovn_revision_numbers_db [None req-cf974ff3-d055-4704-b8d6-695087a0ae92 35e52210f8634cd9ba6f90ac2731df90 76839c0e988543c5a63287d8f3e65043 - - default default] Successfully bumped revision number for resource e029d15b-f04a-494a-88b5-feb814482273 (type: ports) to 1
2026-05-20 18:47:27.508 10 INFO neutron.api.wsgi [None req-cf974ff3-d055-4704-b8d6-695087a0ae92 35e52210f8634cd9ba6f90ac2731df90 76839c0e988543c5a63287d8f3e65043 - - default default] 10.0.0.47 "POST /v2.0/networks HTTP/1.1" status: 201 len: 837 time: 0.4569528
2026-05-20 18:47:27.519 10 WARNING neutron_lib.context [None req-a6db0e87-267b-4783-ada7-b63c0e668063 35e52210f8634cd9ba6f90ac2731df90 76839c0e988543c5a63287d8f3e65043 - - default default] Method 'is_advsvc' is deprecated since 2023.2 release (neutron-lib 3.8.0) and will be removed once support for the old RBAC API policies will be removed from Neutron. Please use method 'is_service_role' instead.
2026-05-20 18:47:27.696 10 WARNING neutron.scheduler.dhcp_agent_scheduler [None req-a6db0e87-267b-4783-ada7-b63c0e668063 35e52210f8634cd9ba6f90ac2731df90 76839c0e988543c5a63287d8f3e65043 - - default default] No more DHCP agents
2026-05-20 18:47:27.698 10 WARNING neutron.api.rpc.agentnotifiers.dhcp_rpc_agent_api [None req-a6db0e87-267b-4783-ada7-b63c0e668063 35e52210f8634cd9ba6f90ac2731df90 76839c0e988543c5a63287d8f3e65043 - - default default] Unable to schedule network 2141913b-db98-4905-ae73-dedc01e4fd75: no agents available; will retry on subsequent port and subnet creation events.
2026-05-20 18:47:27.769 9 INFO neutron.api.wsgi [req-a00a45c8-ac30-4076-89c3-c819c47c4a70 req-27b5c7a9-b7fa-4dd0-8e13-5561d490bffa 0eec7ff6652c4107ade6260d31dac4e8 1ddc6a839c5f48a9abdf3f178e96e6f0 - - default default] 10.0.0.131 "GET /v2.0/ports?device_id=d0a6005a-9f08-4189-94aa-3fba5eecf146 HTTP/1.1" status: 200 len: 210 time: 0.0198438
2026-05-20 18:47:27.772 9 INFO neutron.api.wsgi [req-c8e7ccc8-9c8a-4855-ae7f-86583c8a0603 req-886547cc-4f70-49d4-88b5-0dffb6e583d2 0eec7ff6652c4107ade6260d31dac4e8 1ddc6a839c5f48a9abdf3f178e96e6f0 - - default default] 199.204.45.242 "GET /v2.0/networks?id=c267a140-f9bd-48cb-9cbf-22b97260a165 HTTP/1.1" status: 200 len: 872 time: 0.0745754
2026-05-20 18:47:27.820 9 INFO neutron.api.wsgi [req-c8e7ccc8-9c8a-4855-ae7f-86583c8a0603 req-b9b7c473-c8a1-412f-a81c-bfbe8397dbc9 0eec7ff6652c4107ade6260d31dac4e8 1ddc6a839c5f48a9abdf3f178e96e6f0 - - default default] 199.204.45.242 "GET /v2.0/security-groups?fields=id&fields=name&tenant_id=1ddc6a839c5f48a9abdf3f178e96e6f0 HTTP/1.1" status: 200 len: 472 time: 0.0424995
2026-05-20 18:47:27.830 9 WARNING neutron_lib.context [req-c8e7ccc8-9c8a-4855-ae7f-86583c8a0603 req-4dc9d788-21e5-4ab9-a84c-e7455e33a445 0eec7ff6652c4107ade6260d31dac4e8 1ddc6a839c5f48a9abdf3f178e96e6f0 - - default default] Method 'is_advsvc' is deprecated since 2023.2 release (neutron-lib 3.8.0) and will be removed once support for the old RBAC API policies will be removed from Neutron. Please use method 'is_service_role' instead.
2026-05-20 18:47:27.958 10 INFO neutron.api.wsgi [req-77b39802-de33-41be-838c-f86041d7e67a req-283897d6-0159-452f-9def-cdb7409d2c3a 33f6d37ecef94ed2a52685ea37800ee0 337228ddd44a4c25b48d128c544acf96 - - default default] 10.0.0.131 "GET /v2.0/ports?device_id=68d37ff6-4208-4e58-8a95-8d5eba3ae691 HTTP/1.1" status: 200 len: 210 time: 0.0150495
2026-05-20 18:47:28.134 9 WARNING neutron.scheduler.dhcp_agent_scheduler [req-c8e7ccc8-9c8a-4855-ae7f-86583c8a0603 req-4dc9d788-21e5-4ab9-a84c-e7455e33a445 0eec7ff6652c4107ade6260d31dac4e8 1ddc6a839c5f48a9abdf3f178e96e6f0 - - default default] No more DHCP agents
2026-05-20 18:47:28.136 9 WARNING neutron.api.rpc.agentnotifiers.dhcp_rpc_agent_api [req-c8e7ccc8-9c8a-4855-ae7f-86583c8a0603 req-4dc9d788-21e5-4ab9-a84c-e7455e33a445 0eec7ff6652c4107ade6260d31dac4e8 1ddc6a839c5f48a9abdf3f178e96e6f0 - - default default] Unable to schedule network c267a140-f9bd-48cb-9cbf-22b97260a165: no agents available; will retry on subsequent port and subnet creation events.
2026-05-20 18:47:28.142 10 INFO neutron.db.ovn_revision_numbers_db [None req-14fb4513-502f-4de5-be01-901172a535bf - - - - - -] Successfully bumped revision number for resource e029d15b-f04a-494a-88b5-feb814482273 (type: ports) to 2
2026-05-20 18:47:28.169 10 INFO neutron.db.ovn_revision_numbers_db [None req-14fb4513-502f-4de5-be01-901172a535bf - - - - - -] Successfully bumped revision number for resource e7173075-3596-4538-adf0-0b1d0221b7a3 (type: subnets) to 0
2026-05-20 18:47:28.181 10 INFO neutron.api.wsgi [None req-a6db0e87-267b-4783-ada7-b63c0e668063 35e52210f8634cd9ba6f90ac2731df90 76839c0e988543c5a63287d8f3e65043 - - default default] 10.0.0.47 "POST /v2.0/subnets HTTP/1.1" status: 201 len: 855 time: 0.6670794
2026-05-20 18:47:28.195 10 WARNING neutron_lib.context [None req-399a43e2-377e-432c-8c95-5f9104381343 35e52210f8634cd9ba6f90ac2731df90 76839c0e988543c5a63287d8f3e65043 - - default default] Method 'is_advsvc' is deprecated since 2023.2 release (neutron-lib 3.8.0) and will be removed once support for the old RBAC API policies will be removed from Neutron. Please use method 'is_service_role' instead.
2026-05-20 18:47:28.284 9 INFO neutron.db.ovn_revision_numbers_db [req-c8e7ccc8-9c8a-4855-ae7f-86583c8a0603 req-4dc9d788-21e5-4ab9-a84c-e7455e33a445 0eec7ff6652c4107ade6260d31dac4e8 1ddc6a839c5f48a9abdf3f178e96e6f0 - - default default] Successfully bumped revision number for resource fa335b56-4608-403f-89d7-c87aa47398d0 (type: ports) to 1
2026-05-20 18:47:28.309 9 INFO neutron.api.wsgi [req-c8e7ccc8-9c8a-4855-ae7f-86583c8a0603 req-4dc9d788-21e5-4ab9-a84c-e7455e33a445 0eec7ff6652c4107ade6260d31dac4e8 1ddc6a839c5f48a9abdf3f178e96e6f0 - - default default] 199.204.45.242 "POST /v2.0/ports HTTP/1.1" status: 201 len: 1201 time: 0.4859579 /var/lib/openstack/lib/python3.12/site-packages/pycadf/identifier.py:71: UserWarning: Invalid uuid: neutron. To ensure interoperability, identifiers should be a valid uuid. warnings.warn(('Invalid uuid: %s. To ensure interoperability, '
2026-05-20 18:47:28.403 10 WARNING neutron.scheduler.dhcp_agent_scheduler [None req-399a43e2-377e-432c-8c95-5f9104381343 35e52210f8634cd9ba6f90ac2731df90 76839c0e988543c5a63287d8f3e65043 - - default default] No more DHCP agents
2026-05-20 18:47:28.404 10 WARNING neutron.api.rpc.agentnotifiers.dhcp_rpc_agent_api [None req-399a43e2-377e-432c-8c95-5f9104381343 35e52210f8634cd9ba6f90ac2731df90 76839c0e988543c5a63287d8f3e65043 - - default default] Unable to schedule network 2141913b-db98-4905-ae73-dedc01e4fd75: no agents available; will retry on subsequent port and subnet creation events.
2026-05-20 18:47:28.431 10 INFO neutron.db.ovn_revision_numbers_db [None req-399a43e2-377e-432c-8c95-5f9104381343 35e52210f8634cd9ba6f90ac2731df90 76839c0e988543c5a63287d8f3e65043 - - default default] Successfully bumped revision number for resource 1a313747-eb1a-4894-93d8-de603d9f1bca (type: subnets) to 0
2026-05-20 18:47:28.445 10 INFO neutron.api.wsgi [None req-399a43e2-377e-432c-8c95-5f9104381343 35e52210f8634cd9ba6f90ac2731df90 76839c0e988543c5a63287d8f3e65043 - - default default] 10.0.0.47 "POST /v2.0/subnets HTTP/1.1" status: 201 len: 924 time: 0.2556794
2026-05-20 18:47:28.457 10 WARNING neutron_lib.context [None req-4beae7c0-ae25-4d5f-b24b-3c76f098040b 35e52210f8634cd9ba6f90ac2731df90 76839c0e988543c5a63287d8f3e65043 - - default default] Method 'is_advsvc' is deprecated since 2023.2 release (neutron-lib 3.8.0) and will be removed once support for the old RBAC API policies will be removed from Neutron. Please use method 'is_service_role' instead.
2026-05-20 18:47:28.553 10 INFO neutron.db.segments_db [None req-4beae7c0-ae25-4d5f-b24b-3c76f098040b 35e52210f8634cd9ba6f90ac2731df90 76839c0e988543c5a63287d8f3e65043 - - default default] Added segment 8dccbf91-ec94-406a-bb57-0afc85f164a3 of type geneve for network ac302e04-8b91-4bb9-8981-fd6e07046d4e
2026-05-20 18:47:28.687 10 INFO neutron.db.ovn_revision_numbers_db [None req-4beae7c0-ae25-4d5f-b24b-3c76f098040b 35e52210f8634cd9ba6f90ac2731df90 76839c0e988543c5a63287d8f3e65043 - - default default] Successfully bumped revision number for resource ac302e04-8b91-4bb9-8981-fd6e07046d4e (type: networks) to 1
2026-05-20 18:47:28.708 9 INFO neutron.db.ovn_revision_numbers_db [req-c8e7ccc8-9c8a-4855-ae7f-86583c8a0603 req-2c9ae584-f939-41ac-8956-71caab695b2a 296f79a337154385b1d2d52f990f5720 ec8322b84130496bbd20415bbb09ca23 - - cb9ff544df3446bb97acdb0921216e7a cb9ff544df3446bb97acdb0921216e7a] Successfully bumped revision number for resource fa335b56-4608-403f-89d7-c87aa47398d0 (type: ports) to 2
2026-05-20 18:47:28.888 10 WARNING neutron.scheduler.dhcp_agent_scheduler [None req-4beae7c0-ae25-4d5f-b24b-3c76f098040b 35e52210f8634cd9ba6f90ac2731df90 76839c0e988543c5a63287d8f3e65043 - - default default] No more DHCP agents
2026-05-20 18:47:28.891 10 WARNING neutron.api.rpc.agentnotifiers.dhcp_rpc_agent_api [None req-4beae7c0-ae25-4d5f-b24b-3c76f098040b 35e52210f8634cd9ba6f90ac2731df90 76839c0e988543c5a63287d8f3e65043 - - default default] Unable to schedule network ac302e04-8b91-4bb9-8981-fd6e07046d4e: no agents available; will retry on subsequent port and subnet creation events.
2026-05-20 18:47:28.929 10 INFO neutron.api.wsgi [req-79a873ed-3c9b-414b-ac81-873ea7cbb395 req-c2073bd6-c161-4b86-b3f9-4e23d984fe4b 0eec7ff6652c4107ade6260d31dac4e8 1ddc6a839c5f48a9abdf3f178e96e6f0 - - default default] 10.0.0.131 "GET /v2.0/ports?device_id=d0a6005a-9f08-4189-94aa-3fba5eecf146 HTTP/1.1" status: 200 len: 1212 time: 0.0847912
2026-05-20 18:47:28.932 9 INFO neutron.db.ovn_revision_numbers_db [req-c8e7ccc8-9c8a-4855-ae7f-86583c8a0603 req-2c9ae584-f939-41ac-8956-71caab695b2a 296f79a337154385b1d2d52f990f5720 ec8322b84130496bbd20415bbb09ca23 - - cb9ff544df3446bb97acdb0921216e7a cb9ff544df3446bb97acdb0921216e7a] Successfully bumped revision number for resource fa335b56-4608-403f-89d7-c87aa47398d0 (type: ports) to 4
2026-05-20 18:47:28.952 9 INFO neutron.api.wsgi [req-c8e7ccc8-9c8a-4855-ae7f-86583c8a0603 req-2c9ae584-f939-41ac-8956-71caab695b2a 296f79a337154385b1d2d52f990f5720 ec8322b84130496bbd20415bbb09ca23 - - cb9ff544df3446bb97acdb0921216e7a cb9ff544df3446bb97acdb0921216e7a] 199.204.45.242 "PUT /v2.0/ports/fa335b56-4608-403f-89d7-c87aa47398d0 HTTP/1.1" status: 200 len: 1447 time: 0.6381719
2026-05-20 18:47:28.976 10 INFO neutron.db.ovn_revision_numbers_db [None req-4beae7c0-ae25-4d5f-b24b-3c76f098040b 35e52210f8634cd9ba6f90ac2731df90 76839c0e988543c5a63287d8f3e65043 - - default default] Successfully bumped revision number for resource d8602f66-ec26-4f64-92d9-956932c6f29c (type: ports) to 1
2026-05-20 18:47:28.982 10 INFO neutron.api.wsgi [req-79a873ed-3c9b-414b-ac81-873ea7cbb395 req-84e65815-29a8-45dd-b41d-b95ab13850af 0eec7ff6652c4107ade6260d31dac4e8 1ddc6a839c5f48a9abdf3f178e96e6f0 - - default default] 10.0.0.131 "GET /v2.0/security-groups?id=fb002432-42ef-4950-a29f-5012bfd5ba46&id=a5b29709-552a-4eba-84e8-6671c5a29470&fields=id&fields=name HTTP/1.1" status: 200 len: 405 time: 0.0451996
2026-05-20 18:47:29.002 10 INFO neutron.api.wsgi [None req-4beae7c0-ae25-4d5f-b24b-3c76f098040b 35e52210f8634cd9ba6f90ac2731df90 76839c0e988543c5a63287d8f3e65043 - - default default] 10.0.0.47 "POST /v2.0/networks HTTP/1.1" status: 201 len: 837 time: 0.5505433
2026-05-20 18:47:29.013 10 WARNING neutron_lib.context [None req-8ffac006-83b5-4332-8e89-dd283345216d 35e52210f8634cd9ba6f90ac2731df90 76839c0e988543c5a63287d8f3e65043 - - default default] Method 'is_advsvc' is deprecated since 2023.2 release (neutron-lib 3.8.0) and will be removed once support for the old RBAC API policies will be removed from Neutron. Please use method 'is_service_role' instead. /var/lib/openstack/lib/python3.12/site-packages/pycadf/identifier.py:71: UserWarning: Invalid uuid: neutron. To ensure interoperability, identifiers should be a valid uuid. warnings.warn(('Invalid uuid: %s. To ensure interoperability, '
2026-05-20 18:47:29.062 9 INFO neutron.api.wsgi [req-8dc9b157-e54e-4a8f-ab8b-9635d8399027 req-4658b5cf-3cda-424e-a49b-66888d961255 33f6d37ecef94ed2a52685ea37800ee0 337228ddd44a4c25b48d128c544acf96 - - default default] 10.0.0.131 "GET /v2.0/ports?device_id=68d37ff6-4208-4e58-8a95-8d5eba3ae691 HTTP/1.1" status: 200 len: 210 time: 0.0170941
2026-05-20 18:47:29.202 10 WARNING neutron.scheduler.dhcp_agent_scheduler [None req-8ffac006-83b5-4332-8e89-dd283345216d 35e52210f8634cd9ba6f90ac2731df90 76839c0e988543c5a63287d8f3e65043 - - default default] No more DHCP agents
2026-05-20 18:47:29.204 10 WARNING neutron.api.rpc.agentnotifiers.dhcp_rpc_agent_api [None req-8ffac006-83b5-4332-8e89-dd283345216d 35e52210f8634cd9ba6f90ac2731df90 76839c0e988543c5a63287d8f3e65043 - - default default] Unable to schedule network ac302e04-8b91-4bb9-8981-fd6e07046d4e: no agents available; will retry on subsequent port and subnet creation events.
2026-05-20 18:47:29.493 9 INFO neutron.notifiers.nova [-] Nova event matching ['req-b6aaae49-b4f8-4fbd-b5d2-b8fdb4305602'] response: {'name': 'network-changed', 'server_uuid': 'd0a6005a-9f08-4189-94aa-3fba5eecf146', 'tag': 'fa335b56-4608-403f-89d7-c87aa47398d0', 'status': 'completed', 'code': 200}
2026-05-20 18:47:29.658 10 INFO neutron.db.ovn_revision_numbers_db [None req-57c9c68b-0432-445e-a780-73469b469a88 - - - - - -] Successfully bumped revision number for resource d8602f66-ec26-4f64-92d9-956932c6f29c (type: ports) to 2
2026-05-20 18:47:29.687 10 INFO neutron.db.ovn_revision_numbers_db [None req-57c9c68b-0432-445e-a780-73469b469a88 - - - - - -] Successfully bumped revision number for resource d19e3358-8226-431a-8a42-916957c430cc (type: subnets) to 0
2026-05-20 18:47:29.704 10 INFO neutron.api.wsgi [None req-8ffac006-83b5-4332-8e89-dd283345216d 35e52210f8634cd9ba6f90ac2731df90 76839c0e988543c5a63287d8f3e65043 - - default default] 10.0.0.47 "POST /v2.0/subnets HTTP/1.1" status: 201 len: 854 time: 0.6953611
2026-05-20 18:47:29.718 10 WARNING neutron_lib.context [None req-cedb3b85-71ed-44ae-8f79-23583685d151 35e52210f8634cd9ba6f90ac2731df90 76839c0e988543c5a63287d8f3e65043 - - default default] Method 'is_advsvc' is deprecated since 2023.2 release (neutron-lib 3.8.0) and will be removed once support for the old RBAC API policies will be removed from Neutron. Please use method 'is_service_role' instead.
2026-05-20 18:47:29.931 10 WARNING neutron.scheduler.dhcp_agent_scheduler [None req-cedb3b85-71ed-44ae-8f79-23583685d151 35e52210f8634cd9ba6f90ac2731df90 76839c0e988543c5a63287d8f3e65043 - - default default] No more DHCP agents
2026-05-20 18:47:29.932 10 WARNING neutron.api.rpc.agentnotifiers.dhcp_rpc_agent_api [None req-cedb3b85-71ed-44ae-8f79-23583685d151 35e52210f8634cd9ba6f90ac2731df90 76839c0e988543c5a63287d8f3e65043 - - default default] Unable to schedule network ac302e04-8b91-4bb9-8981-fd6e07046d4e: no agents available; will retry on subsequent port and subnet creation events.
2026-05-20 18:47:29.971 10 INFO neutron.db.ovn_revision_numbers_db [None req-cedb3b85-71ed-44ae-8f79-23583685d151 35e52210f8634cd9ba6f90ac2731df90 76839c0e988543c5a63287d8f3e65043 - - default default] Successfully bumped revision number for resource 56448fa6-bc12-4f42-969a-cc7b5bf26354 (type: subnets) to 0
2026-05-20 18:47:29.995 10 INFO neutron.api.wsgi [None req-cedb3b85-71ed-44ae-8f79-23583685d151 35e52210f8634cd9ba6f90ac2731df90 76839c0e988543c5a63287d8f3e65043 - - default default] 10.0.0.47 "POST /v2.0/subnets HTTP/1.1" status: 201 len: 928 time: 0.2832282
2026-05-20 18:47:30.011 10 WARNING neutron_lib.context [None req-950ccb45-9fab-4615-ae47-135390dea892 35e52210f8634cd9ba6f90ac2731df90 76839c0e988543c5a63287d8f3e65043 - - default default] Method 'is_advsvc' is deprecated since 2023.2 release (neutron-lib 3.8.0) and will be removed once support for the old RBAC API policies will be removed from Neutron. Please use method 'is_service_role' instead.
2026-05-20 18:47:30.034 9 INFO neutron.api.wsgi [req-c8e7ccc8-9c8a-4855-ae7f-86583c8a0603 req-7f80947e-e53b-44b0-a418-56a65d44712d 296f79a337154385b1d2d52f990f5720 ec8322b84130496bbd20415bbb09ca23 - - cb9ff544df3446bb97acdb0921216e7a cb9ff544df3446bb97acdb0921216e7a] 199.204.45.242 "GET /v2.0/ports?tenant_id=1ddc6a839c5f48a9abdf3f178e96e6f0&device_id=d0a6005a-9f08-4189-94aa-3fba5eecf146 HTTP/1.1" status: 200 len: 1450 time: 0.0562258
2026-05-20 18:47:30.074 9 INFO neutron.api.wsgi [req-c8e7ccc8-9c8a-4855-ae7f-86583c8a0603 req-739e9664-9431-4beb-81ef-5742dfb21ad1 296f79a337154385b1d2d52f990f5720 ec8322b84130496bbd20415bbb09ca23 - - cb9ff544df3446bb97acdb0921216e7a cb9ff544df3446bb97acdb0921216e7a] 199.204.45.242 "GET /v2.0/floatingips?fixed_ip_address=10.100.0.14&port_id=fa335b56-4608-403f-89d7-c87aa47398d0 HTTP/1.1" status: 200 len: 217 time: 0.0323825
2026-05-20 18:47:30.119 9 INFO neutron.api.wsgi [req-c8e7ccc8-9c8a-4855-ae7f-86583c8a0603 req-3df5e325-e1bc-457a-92eb-b1206b9ec712 296f79a337154385b1d2d52f990f5720 ec8322b84130496bbd20415bbb09ca23 - - cb9ff544df3446bb97acdb0921216e7a cb9ff544df3446bb97acdb0921216e7a] 199.204.45.242 "GET /v2.0/subnets?id=282c09c0-e085-4119-80b0-476abd68ac04 HTTP/1.1" status: 200 len: 890 time: 0.0363424
2026-05-20 18:47:30.153 9 INFO neutron.api.wsgi [req-c8e7ccc8-9c8a-4855-ae7f-86583c8a0603 req-ff8024b4-72b9-4c96-8e85-e383e1dff0a4 296f79a337154385b1d2d52f990f5720 ec8322b84130496bbd20415bbb09ca23 - - cb9ff544df3446bb97acdb0921216e7a cb9ff544df3446bb97acdb0921216e7a] 199.204.45.242 "GET /v2.0/ports?network_id=c267a140-f9bd-48cb-9cbf-22b97260a165&device_owner=network%3Adhcp HTTP/1.1" status: 200 len: 210 time: 0.0291371
2026-05-20 18:47:30.189 9 INFO neutron.api.wsgi [req-4940fab1-8fa1-4749-8712-0fa7de8204eb req-bfdfc1f1-1370-42c4-a571-8fccff8c2ef2 0eec7ff6652c4107ade6260d31dac4e8 1ddc6a839c5f48a9abdf3f178e96e6f0 - - default default] 10.0.0.131 "GET /v2.0/ports?device_id=d0a6005a-9f08-4189-94aa-3fba5eecf146 HTTP/1.1" status: 200 len: 1212 time: 0.1369331
2026-05-20 18:47:30.225 9 INFO neutron.api.wsgi [req-c8e7ccc8-9c8a-4855-ae7f-86583c8a0603 req-bd9e365a-fbde-48dd-b4fe-bc116be5dc65 296f79a337154385b1d2d52f990f5720 ec8322b84130496bbd20415bbb09ca23 - - cb9ff544df3446bb97acdb0921216e7a cb9ff544df3446bb97acdb0921216e7a] 199.204.45.242 "GET /v2.0/networks/c267a140-f9bd-48cb-9cbf-22b97260a165?fields=segments HTTP/1.1" status: 200 len: 212 time: 0.0680816
2026-05-20 18:47:30.268 9 INFO neutron.api.wsgi [req-4940fab1-8fa1-4749-8712-0fa7de8204eb req-423c4db7-0f0b-4616-a27a-a1d4970b2f5d 0eec7ff6652c4107ade6260d31dac4e8 1ddc6a839c5f48a9abdf3f178e96e6f0 - - default default] 10.0.0.131 "GET /v2.0/security-groups?id=fb002432-42ef-4950-a29f-5012bfd5ba46&id=a5b29709-552a-4eba-84e8-6671c5a29470&fields=id&fields=name HTTP/1.1" status: 200 len: 405 time: 0.0721600
2026-05-20 18:47:30.296 9 INFO neutron.api.wsgi [req-c8e7ccc8-9c8a-4855-ae7f-86583c8a0603 req-6c7f3d26-4a61-41e0-ad06-2c5c3e4616ce 296f79a337154385b1d2d52f990f5720 ec8322b84130496bbd20415bbb09ca23 - - cb9ff544df3446bb97acdb0921216e7a cb9ff544df3446bb97acdb0921216e7a] 199.204.45.242 "GET /v2.0/networks/c267a140-f9bd-48cb-9cbf-22b97260a165?fields=provider%3Aphysical_network&fields=provider%3Anetwork_type HTTP/1.1" status: 200 len: 277 time: 0.0625138
2026-05-20 18:47:30.372 10 INFO neutron.api.wsgi [None req-dace33c0-1e8e-426c-af6f-c8aacfc58038 33f6d37ecef94ed2a52685ea37800ee0 337228ddd44a4c25b48d128c544acf96 - - default default] 10.0.0.47 "DELETE /v2.0/security-groups/b9153851-d906-4fcc-b4bc-940f4f4c77a4 HTTP/1.1" status: 204 len: 168 time: 0.2544384
2026-05-20 18:47:30.523 10 WARNING neutron.scheduler.dhcp_agent_scheduler [None req-950ccb45-9fab-4615-ae47-135390dea892 35e52210f8634cd9ba6f90ac2731df90 76839c0e988543c5a63287d8f3e65043 - - default default] No more DHCP agents
2026-05-20 18:47:30.524 10 WARNING neutron.api.rpc.agentnotifiers.dhcp_rpc_agent_api [None req-950ccb45-9fab-4615-ae47-135390dea892 35e52210f8634cd9ba6f90ac2731df90 76839c0e988543c5a63287d8f3e65043 - - default default] Unable to schedule network 1b4fc365-0321-4ce5-bf09-5351fb21ba4a: no agents available; will retry on subsequent port and subnet creation events.
2026-05-20 18:47:30.657 10 INFO neutron.db.ovn_revision_numbers_db [None req-950ccb45-9fab-4615-ae47-135390dea892 35e52210f8634cd9ba6f90ac2731df90 76839c0e988543c5a63287d8f3e65043 - - default default] Successfully bumped revision number for resource fa4a166f-fd30-410f-b6be-8736cef7412a (type: ports) to 1
2026-05-20 18:47:30.707 9 INFO neutron.api.wsgi [None req-1b48bff7-64da-4a8c-b69c-827e929bc455 33f6d37ecef94ed2a52685ea37800ee0 337228ddd44a4c25b48d128c544acf96 - - default default] 10.0.0.47 "DELETE /v2.0/floatingips/6033c907-8b57-42bb-b9fd-10797b931ba0 HTTP/1.1" status: 204 len: 168 time: 0.2963018
2026-05-20 18:47:30.943 10 INFO neutron.api.wsgi [req-46ee183d-9fdf-4aef-9a20-c5a270ae9c2c req-85beb6c4-ed0b-441d-8f7e-0995d73e39ab 33f6d37ecef94ed2a52685ea37800ee0 337228ddd44a4c25b48d128c544acf96 - - default default] 10.0.0.131 "GET /v2.0/ports?device_id=9fd109c2-c8a0-4269-b185-97ba94a9b1ff HTTP/1.1" status: 200 len: 1170 time: 0.0895059
2026-05-20 18:47:31.008 10 INFO neutron.api.wsgi [req-46ee183d-9fdf-4aef-9a20-c5a270ae9c2c req-0c81506c-1c3e-4f20-a70a-62d6d27dd863 33f6d37ecef94ed2a52685ea37800ee0 337228ddd44a4c25b48d128c544acf96 - - default default] 10.0.0.131 "GET /v2.0/security-groups?id=02aeedb0-1fc2-4a07-9d9f-b930163326b7&fields=id&fields=name HTTP/1.1" status: 200 len: 312 time: 0.0586407
2026-05-20 18:47:31.099 9 WARNING neutron_lib.context [None req-4f84d117-f12d-4d93-b2fe-c87100ed1fe8 9d178e9dd4e446a39241ace9d41746b8 75d541b2042d4d6badcbb97964496cbb - - default default] Method 'is_advsvc' is deprecated since 2023.2 release (neutron-lib 3.8.0) and will be removed once support for the old RBAC API policies will be removed from Neutron. Please use method 'is_service_role' instead.
2026-05-20 18:47:31.271 9 INFO neutron.db.ovn_revision_numbers_db [None req-4f84d117-f12d-4d93-b2fe-c87100ed1fe8 9d178e9dd4e446a39241ace9d41746b8 75d541b2042d4d6badcbb97964496cbb - - default default] Successfully bumped revision number for resource 036722d6-df12-4b2e-bc01-cd68e509ee41 (type: security_groups) to 1
2026-05-20 18:47:31.283 9 INFO neutron.db.ovn_revision_numbers_db [None req-4f84d117-f12d-4d93-b2fe-c87100ed1fe8 9d178e9dd4e446a39241ace9d41746b8 75d541b2042d4d6badcbb97964496cbb - - default default] Successfully bumped revision number for resource 3b600107-0afc-4b52-a088-2f0f6f57efbe (type: security_group_rules) to 0
2026-05-20 18:47:31.297 9 INFO neutron.db.ovn_revision_numbers_db [None req-4f84d117-f12d-4d93-b2fe-c87100ed1fe8 9d178e9dd4e446a39241ace9d41746b8 75d541b2042d4d6badcbb97964496cbb - - default default] Successfully bumped revision number for resource 66771b8e-f1d1-44c7-bedb-1eb69c361587 (type: security_group_rules) to 0
2026-05-20 18:47:31.322 9 INFO neutron.db.ovn_revision_numbers_db [None req-4f84d117-f12d-4d93-b2fe-c87100ed1fe8 9d178e9dd4e446a39241ace9d41746b8 75d541b2042d4d6badcbb97964496cbb - - default default] Successfully bumped revision number for resource 6fe388b2-27a9-4dda-98d4-f489e3a82923 (type: security_group_rules) to 0
2026-05-20 18:47:31.340 10 INFO neutron.plugins.ml2.drivers.ovn.mech_driver.ovsdb.commands [None req-a5dc6f01-f533-4962-b876-1d3bedf722c3 - - - - - -] Schedule LRP lrp-fa4a166f-fd30-410f-b6be-8736cef7412a on gateway da08c451-8318-4be6-9f14-7d6c1115e9df with priority 1
2026-05-20 18:47:31.362 9 INFO neutron.db.ovn_revision_numbers_db [None req-4f84d117-f12d-4d93-b2fe-c87100ed1fe8 9d178e9dd4e446a39241ace9d41746b8 75d541b2042d4d6badcbb97964496cbb - - default default] Successfully bumped revision number for resource ef2807ef-76e4-4933-9ac5-20ccc901a13c (type: security_group_rules) to 0
2026-05-20 18:47:31.375 10 INFO neutron.plugins.ml2.drivers.ovn.mech_driver.ovsdb.ovsdb_monitor [None req-227546fc-42e6-4003-91a5-fe97fddfd3d9 - - - - - -] Router 88704206-9f96-42af-9b49-717d23b5ed22 is bound to host instance
2026-05-20 18:47:31.383 9 INFO neutron.plugins.ml2.drivers.ovn.mech_driver.mech_driver [None req-ca2d3549-a813-477c-9520-0c5f67464a79 - - - - - -] OVN reports status up for port: fa4a166f-fd30-410f-b6be-8736cef7412a
2026-05-20 18:47:31.400 9 INFO neutron.api.wsgi [req-29ebf26a-7533-484a-bf4c-9f85345e99ae req-b10091f5-e240-42db-84a4-974bf6ce2060 296f79a337154385b1d2d52f990f5720 ec8322b84130496bbd20415bbb09ca23 - - cb9ff544df3446bb97acdb0921216e7a cb9ff544df3446bb97acdb0921216e7a] 199.204.45.242 "GET /v2.0/ports?tenant_id=1ddc6a839c5f48a9abdf3f178e96e6f0&device_id=d0a6005a-9f08-4189-94aa-3fba5eecf146 HTTP/1.1" status: 200 len: 1450 time: 0.0859752
2026-05-20 18:47:31.413 9 INFO neutron.plugins.ml2.plugin [None req-ca2d3549-a813-477c-9520-0c5f67464a79 - - - - - -] Attempt 1 to provision port fa4a166f-fd30-410f-b6be-8736cef7412a
2026-05-20 18:47:31.427 10 INFO neutron.plugins.ml2.drivers.ovn.mech_driver.mech_driver [None req-57984ad0-6614-49dd-9fcd-211a5de4a929 - - - - - -] OVN reports status down for port: 63e4dc50-551d-4ebb-b631-666ce92380bd
2026-05-20 18:47:31.436 9 INFO neutron.api.wsgi [req-f43e17f3-88e4-4e3d-8ce7-28c02b07256d req-afd59e08-b05d-4e71-a5c7-0f2992d356eb 0eec7ff6652c4107ade6260d31dac4e8 1ddc6a839c5f48a9abdf3f178e96e6f0 - - default default] 10.0.0.131 "GET /v2.0/ports?device_id=d0a6005a-9f08-4189-94aa-3fba5eecf146 HTTP/1.1" status: 200 len: 1212 time: 0.0979016
2026-05-20 18:47:31.444 10 INFO neutron.db.ovn_revision_numbers_db [None req-950ccb45-9fab-4615-ae47-135390dea892 35e52210f8634cd9ba6f90ac2731df90 76839c0e988543c5a63287d8f3e65043 - - default default] Successfully bumped revision number for resource fa4a166f-fd30-410f-b6be-8736cef7412a (type: router_ports) to 1
2026-05-20 18:47:31.501 9 INFO neutron.api.wsgi [req-29ebf26a-7533-484a-bf4c-9f85345e99ae req-79663ef5-985b-492b-bdc6-6a570ae5fb6b 296f79a337154385b1d2d52f990f5720 ec8322b84130496bbd20415bbb09ca23 - - cb9ff544df3446bb97acdb0921216e7a cb9ff544df3446bb97acdb0921216e7a] 199.204.45.242 "GET /v2.0/networks?id=c267a140-f9bd-48cb-9cbf-22b97260a165 HTTP/1.1" status: 200 len: 971 time: 0.0911033
2026-05-20 18:47:31.504 9 INFO neutron.api.wsgi [req-f43e17f3-88e4-4e3d-8ce7-28c02b07256d req-62d6c629-a1fd-45af-9089-15665b746855 0eec7ff6652c4107ade6260d31dac4e8 1ddc6a839c5f48a9abdf3f178e96e6f0 - - default default] 10.0.0.131 "GET /v2.0/security-groups?id=fb002432-42ef-4950-a29f-5012bfd5ba46&id=a5b29709-552a-4eba-84e8-6671c5a29470&fields=id&fields=name HTTP/1.1" status: 200 len: 405 time: 0.0570161
2026-05-20 18:47:31.521 9 INFO neutron.db.segments_db [None req-4f84d117-f12d-4d93-b2fe-c87100ed1fe8 9d178e9dd4e446a39241ace9d41746b8 75d541b2042d4d6badcbb97964496cbb - - default default] Added segment 64d88be5-a195-483c-8fb5-f704e1fe814c of type geneve for network f580a6f2-dc03-4b1f-b43f-87cc3f5ec4f2
2026-05-20 18:47:31.534 9 INFO neutron.api.wsgi [req-29ebf26a-7533-484a-bf4c-9f85345e99ae req-ae59b1b6-1ca6-40fc-8846-6e3139612579 296f79a337154385b1d2d52f990f5720 ec8322b84130496bbd20415bbb09ca23 - - cb9ff544df3446bb97acdb0921216e7a cb9ff544df3446bb97acdb0921216e7a] 199.204.45.242 "GET /v2.0/floatingips?fixed_ip_address=10.100.0.14&port_id=fa335b56-4608-403f-89d7-c87aa47398d0 HTTP/1.1" status: 200 len: 217 time: 0.0215287
2026-05-20 18:47:31.574 10 INFO neutron.db.ovn_revision_numbers_db [None req-950ccb45-9fab-4615-ae47-135390dea892 35e52210f8634cd9ba6f90ac2731df90 76839c0e988543c5a63287d8f3e65043 - - default default] Successfully bumped revision number for resource 88704206-9f96-42af-9b49-717d23b5ed22 (type: routers) to 2
2026-05-20 18:47:31.580 9 INFO neutron.api.wsgi [req-29ebf26a-7533-484a-bf4c-9f85345e99ae req-a2cbd92a-d090-45d7-99d5-1c63526c3196 296f79a337154385b1d2d52f990f5720 ec8322b84130496bbd20415bbb09ca23 - - cb9ff544df3446bb97acdb0921216e7a cb9ff544df3446bb97acdb0921216e7a] 199.204.45.242 "GET /v2.0/subnets?id=282c09c0-e085-4119-80b0-476abd68ac04 HTTP/1.1" status: 200 len: 890 time: 0.0364566
2026-05-20 18:47:31.595 10 INFO neutron.api.wsgi [None req-950ccb45-9fab-4615-ae47-135390dea892 35e52210f8634cd9ba6f90ac2731df90 76839c0e988543c5a63287d8f3e65043 - - default default] 10.0.0.47 "POST /v2.0/routers HTTP/1.1" status: 201 len: 1144 time: 1.5950165
2026-05-20 18:47:31.612 9 INFO neutron.api.wsgi [req-29ebf26a-7533-484a-bf4c-9f85345e99ae req-cda185f8-5a70-4dd6-bd28-13dd79edece8 296f79a337154385b1d2d52f990f5720 ec8322b84130496bbd20415bbb09ca23 - - cb9ff544df3446bb97acdb0921216e7a cb9ff544df3446bb97acdb0921216e7a] 199.204.45.242 "GET /v2.0/ports?network_id=c267a140-f9bd-48cb-9cbf-22b97260a165&device_owner=network%3Adhcp HTTP/1.1" status: 200 len: 210 time: 0.0242994
2026-05-20 18:47:31.666 10 INFO neutron.notifiers.nova [-] Nova event matching ['req-ec2478b0-14ee-4f4a-a80d-ab9c9020685d'] response: {'server_uuid': '9fd109c2-c8a0-4269-b185-97ba94a9b1ff', 'name': 'network-vif-unplugged', 'status': 'completed', 'tag': '63e4dc50-551d-4ebb-b631-666ce92380bd', 'code': 200}
2026-05-20 18:47:31.677 9 INFO neutron.api.wsgi [req-29ebf26a-7533-484a-bf4c-9f85345e99ae req-6ff2f836-f6fc-404c-b9a8-b85ff49db5c2 296f79a337154385b1d2d52f990f5720 ec8322b84130496bbd20415bbb09ca23 - - cb9ff544df3446bb97acdb0921216e7a cb9ff544df3446bb97acdb0921216e7a] 199.204.45.242 "GET /v2.0/networks/c267a140-f9bd-48cb-9cbf-22b97260a165?fields=segments HTTP/1.1" status: 200 len: 212 time: 0.0584116
2026-05-20 18:47:31.681 9 INFO neutron.db.ovn_revision_numbers_db [None req-4f84d117-f12d-4d93-b2fe-c87100ed1fe8 9d178e9dd4e446a39241ace9d41746b8 75d541b2042d4d6badcbb97964496cbb - - default default] Successfully bumped revision number for resource f580a6f2-dc03-4b1f-b43f-87cc3f5ec4f2 (type: networks) to 1
2026-05-20 18:47:31.733 9 INFO neutron.api.wsgi [req-29ebf26a-7533-484a-bf4c-9f85345e99ae req-c0d9382c-09d3-4851-a14b-a52b516bb890 296f79a337154385b1d2d52f990f5720 ec8322b84130496bbd20415bbb09ca23 - - cb9ff544df3446bb97acdb0921216e7a cb9ff544df3446bb97acdb0921216e7a] 199.204.45.242 "GET /v2.0/networks/c267a140-f9bd-48cb-9cbf-22b97260a165?fields=provider%3Aphysical_network&fields=provider%3Anetwork_type HTTP/1.1" status: 200 len: 277 time: 0.0481102
2026-05-20 18:47:31.842 9 WARNING neutron.scheduler.dhcp_agent_scheduler [None req-4f84d117-f12d-4d93-b2fe-c87100ed1fe8 9d178e9dd4e446a39241ace9d41746b8 75d541b2042d4d6badcbb97964496cbb - - default default] No more DHCP agents
2026-05-20 18:47:31.843 9 WARNING neutron.api.rpc.agentnotifiers.dhcp_rpc_agent_api [None req-4f84d117-f12d-4d93-b2fe-c87100ed1fe8 9d178e9dd4e446a39241ace9d41746b8 75d541b2042d4d6badcbb97964496cbb - - default default] Unable to schedule network f580a6f2-dc03-4b1f-b43f-87cc3f5ec4f2: no agents available; will retry on subsequent port and subnet creation events.
2026-05-20 18:47:31.904 9 INFO neutron.db.ovn_revision_numbers_db [None req-4f84d117-f12d-4d93-b2fe-c87100ed1fe8 9d178e9dd4e446a39241ace9d41746b8 75d541b2042d4d6badcbb97964496cbb - - default default] Successfully bumped revision number for resource b9ba4d6e-5b47-4d90-a6ef-626e0d72b0e1 (type: ports) to 1
2026-05-20 18:47:31.910 10 INFO neutron.db.ovn_revision_numbers_db [None req-57984ad0-6614-49dd-9fcd-211a5de4a929 - - - - - -] Successfully bumped revision number for resource 63e4dc50-551d-4ebb-b631-666ce92380bd (type: ports) to 6
2026-05-20 18:47:31.924 9 INFO neutron.api.wsgi [None req-4f84d117-f12d-4d93-b2fe-c87100ed1fe8 9d178e9dd4e446a39241ace9d41746b8 75d541b2042d4d6badcbb97964496cbb - - default default] 10.0.0.47 "POST /v2.0/networks HTTP/1.1" status: 201 len: 830 time: 1.0192187
2026-05-20 18:47:31.933 9 WARNING neutron_lib.context [None req-e117b659-593c-47b9-932c-7e5a5f5e8cd1 9d178e9dd4e446a39241ace9d41746b8 75d541b2042d4d6badcbb97964496cbb - - default default] Method 'is_advsvc' is deprecated since 2023.2 release (neutron-lib 3.8.0) and will be removed once support for the old RBAC API policies will be removed from Neutron. Please use method 'is_service_role' instead.
2026-05-20 18:47:32.020 9 INFO neutron.db.segments_db [None req-e117b659-593c-47b9-932c-7e5a5f5e8cd1 9d178e9dd4e446a39241ace9d41746b8 75d541b2042d4d6badcbb97964496cbb - - default default] Added segment ccf323df-4427-4b2d-90c4-0af2043b930d of type geneve for network 776e0a49-c7fc-4360-af16-48b97a666989
2026-05-20 18:47:32.104 10 INFO neutron.db.ovn_revision_numbers_db [None req-b559e761-9365-45dd-9c69-3386b2cf392c - - - - - -] Successfully bumped revision number for resource fa4a166f-fd30-410f-b6be-8736cef7412a (type: ports) to 1
2026-05-20 18:47:32.169 9 INFO neutron.db.ovn_revision_numbers_db [None req-e117b659-593c-47b9-932c-7e5a5f5e8cd1 9d178e9dd4e446a39241ace9d41746b8 75d541b2042d4d6badcbb97964496cbb - - default default] Successfully bumped revision number for resource 776e0a49-c7fc-4360-af16-48b97a666989 (type: networks) to 1
2026-05-20 18:47:32.178 9 INFO neutron.api.wsgi [req-88578196-11e3-43f2-8860-6dafeaac8116 req-c24bbdb4-23af-4666-9e51-e24f28a33acd 33f6d37ecef94ed2a52685ea37800ee0 337228ddd44a4c25b48d128c544acf96 - - default default] 10.0.0.131 "GET /v2.0/ports?device_id=9fd109c2-c8a0-4269-b185-97ba94a9b1ff HTTP/1.1" status: 200 len: 1168 time: 0.0959842
2026-05-20 18:47:32.230 9 INFO neutron.api.wsgi [req-88578196-11e3-43f2-8860-6dafeaac8116 req-34593391-b4f5-4228-a3b8-dc645a59e8d2 33f6d37ecef94ed2a52685ea37800ee0 337228ddd44a4c25b48d128c544acf96 - - default default] 10.0.0.131 "GET /v2.0/security-groups?id=02aeedb0-1fc2-4a07-9d9f-b930163326b7&fields=id&fields=name HTTP/1.1" status: 200 len: 312 time: 0.0459626
2026-05-20 18:47:32.323 10 WARNING neutron.scheduler.dhcp_agent_scheduler [None req-acb5a8df-81cc-46a2-9649-8b0d63058b55 35e52210f8634cd9ba6f90ac2731df90 76839c0e988543c5a63287d8f3e65043 - - default default] No more DHCP agents
2026-05-20 18:47:32.325 10 WARNING neutron.api.rpc.agentnotifiers.dhcp_rpc_agent_api [None req-acb5a8df-81cc-46a2-9649-8b0d63058b55 35e52210f8634cd9ba6f90ac2731df90 76839c0e988543c5a63287d8f3e65043 - - default default] Unable to schedule network 670727c9-6122-40fb-97f0-dd8e447e4bda: no agents available; will retry on subsequent port and subnet creation events.
2026-05-20 18:47:32.354 9 WARNING neutron.scheduler.dhcp_agent_scheduler [None req-e117b659-593c-47b9-932c-7e5a5f5e8cd1 9d178e9dd4e446a39241ace9d41746b8 75d541b2042d4d6badcbb97964496cbb - - default default] No more DHCP agents
2026-05-20 18:47:32.355 9 WARNING neutron.api.rpc.agentnotifiers.dhcp_rpc_agent_api [None req-e117b659-593c-47b9-932c-7e5a5f5e8cd1 9d178e9dd4e446a39241ace9d41746b8 75d541b2042d4d6badcbb97964496cbb - - default default] Unable to schedule network 776e0a49-c7fc-4360-af16-48b97a666989: no agents available; will retry on subsequent port and subnet creation events.
2026-05-20 18:47:32.424 9 INFO neutron.db.ovn_revision_numbers_db [None req-e117b659-593c-47b9-932c-7e5a5f5e8cd1 9d178e9dd4e446a39241ace9d41746b8 75d541b2042d4d6badcbb97964496cbb - - default default] Successfully bumped revision number for resource b840b304-14c8-4a6f-8cbf-06e6c44a4dac (type: ports) to 1
2026-05-20 18:47:32.448 9 INFO neutron.api.wsgi [None req-e117b659-593c-47b9-932c-7e5a5f5e8cd1 9d178e9dd4e446a39241ace9d41746b8 75d541b2042d4d6badcbb97964496cbb - - default default] 10.0.0.47 "POST /v2.0/networks HTTP/1.1" status: 201 len: 830 time: 0.5191877
2026-05-20 18:47:32.484 9 INFO neutron.api.wsgi [None req-609542d2-c5f4-4c7a-940b-c8a7aeac7025 9d178e9dd4e446a39241ace9d41746b8 75d541b2042d4d6badcbb97964496cbb - - default default] 10.0.0.47 "PUT /v2.0/networks/f580a6f2-dc03-4b1f-b43f-87cc3f5ec4f2/tags HTTP/1.1" status: 200 len: 218 time: 0.0317214
2026-05-20 18:47:32.484 10 INFO neutron.db.ovn_revision_numbers_db [None req-acb5a8df-81cc-46a2-9649-8b0d63058b55 35e52210f8634cd9ba6f90ac2731df90 76839c0e988543c5a63287d8f3e65043 - - default default] Successfully bumped revision number for resource fecd64ba-4bb9-4541-9eef-98725e518f7b (type: ports) to 1
2026-05-20 18:47:32.486 10 INFO neutron.db.ovn_revision_numbers_db [None req-b559e761-9365-45dd-9c69-3386b2cf392c - - - - - -] Successfully bumped revision number for resource fa4a166f-fd30-410f-b6be-8736cef7412a (type: ports) to 4
2026-05-20 18:47:32.516 9 INFO neutron.api.wsgi [None req-6df4c245-0537-42d3-8dbd-92fe2a5a3acf 9d178e9dd4e446a39241ace9d41746b8 75d541b2042d4d6badcbb97964496cbb - - default default] 10.0.0.47 "GET /v2.0/networks/f580a6f2-dc03-4b1f-b43f-87cc3f5ec4f2/tags HTTP/1.1" status: 200 len: 218 time: 0.0284648
2026-05-20 18:47:32.561 9 INFO neutron.api.wsgi [None req-1623e675-33ad-4815-8001-dce251ed73a9 9d178e9dd4e446a39241ace9d41746b8 75d541b2042d4d6badcbb97964496cbb - - default default] 10.0.0.47 "PUT /v2.0/networks/776e0a49-c7fc-4360-af16-48b97a666989/tags HTTP/1.1" status: 200 len: 210 time: 0.0405655
2026-05-20 18:47:32.597 9 INFO neutron.api.wsgi [None req-fd49e2c6-fb4c-4b80-9f2c-acb444c0dc26 9d178e9dd4e446a39241ace9d41746b8 75d541b2042d4d6badcbb97964496cbb - - default default] 10.0.0.47 "GET /v2.0/networks/776e0a49-c7fc-4360-af16-48b97a666989/tags HTTP/1.1" status: 200 len: 210 time: 0.0290043 /var/lib/openstack/lib/python3.12/site-packages/pycadf/identifier.py:71: UserWarning: Invalid uuid: neutron. To ensure interoperability, identifiers should be a valid uuid. warnings.warn(('Invalid uuid: %s. To ensure interoperability, '
2026-05-20 18:47:32.647 10 INFO neutron.api.wsgi [req-ea7092ff-0b01-49d5-918a-b5bea3e46696 req-0cf54883-21a0-4ddb-b2f7-2ac81f084678 0eec7ff6652c4107ade6260d31dac4e8 1ddc6a839c5f48a9abdf3f178e96e6f0 - - default default] 10.0.0.131 "GET /v2.0/ports?device_id=d0a6005a-9f08-4189-94aa-3fba5eecf146 HTTP/1.1" status: 200 len: 1212 time: 0.0462904
2026-05-20 18:47:32.654 9 INFO neutron.api.wsgi [None req-e553323e-4c37-42fd-a29e-6dfaabb9604d 9d178e9dd4e446a39241ace9d41746b8 75d541b2042d4d6badcbb97964496cbb - - default default] 10.0.0.47 "PUT /v2.0/networks/776e0a49-c7fc-4360-af16-48b97a666989/tags HTTP/1.1" status: 200 len: 205 time: 0.0534890
2026-05-20 18:47:32.684 9 INFO neutron.api.wsgi [req-1ed77722-46ad-4d2f-89fa-2b5b81847aaf req-efa6e80a-1c58-4db2-aa28-e4c06aecce69 33f6d37ecef94ed2a52685ea37800ee0 337228ddd44a4c25b48d128c544acf96 - - default default] 199.204.45.242 "GET /v2.0/ports?device_id=9fd109c2-c8a0-4269-b185-97ba94a9b1ff HTTP/1.1" status: 200 len: 1168 time: 0.0571175
2026-05-20 18:47:32.696 9 INFO neutron.api.wsgi [None req-e5ffffc2-dbf6-4178-abad-0942a82302eb 9d178e9dd4e446a39241ace9d41746b8 75d541b2042d4d6badcbb97964496cbb - - default default] 10.0.0.47 "GET /v2.0/networks/776e0a49-c7fc-4360-af16-48b97a666989/tags HTTP/1.1" status: 200 len: 205 time: 0.0361028
2026-05-20 18:47:32.727 10 INFO neutron.api.wsgi [req-ea7092ff-0b01-49d5-918a-b5bea3e46696 req-87553900-702d-468b-9e6a-ad2341fdcb8d 0eec7ff6652c4107ade6260d31dac4e8 1ddc6a839c5f48a9abdf3f178e96e6f0 - - default default] 10.0.0.131 "GET /v2.0/security-groups?id=fb002432-42ef-4950-a29f-5012bfd5ba46&id=a5b29709-552a-4eba-84e8-6671c5a29470&fields=id&fields=name HTTP/1.1" status: 200 len: 405 time: 0.0637579
2026-05-20 18:47:32.737 9 INFO neutron.api.wsgi [None req-6e5f584d-94aa-4e45-aa39-0f2e7835317b 9d178e9dd4e446a39241ace9d41746b8 75d541b2042d4d6badcbb97964496cbb - - default default] 10.0.0.47 "GET /v2.0/networks/f580a6f2-dc03-4b1f-b43f-87cc3f5ec4f2/tags HTTP/1.1" status: 200 len: 218 time: 0.0345945
2026-05-20 18:47:32.896 10 INFO neutron.db.ovn_revision_numbers_db [None req-b559e761-9365-45dd-9c69-3386b2cf392c - - - - - -] Successfully bumped revision number for resource fa4a166f-fd30-410f-b6be-8736cef7412a (type: ports) to 5
2026-05-20 18:47:32.953 10 INFO neutron.api.wsgi [req-8a4ee8e7-560a-4ac4-8fc8-b0002c19b5ba req-1a56f871-6ccf-4d66-b303-7cb789b4d8d0 296f79a337154385b1d2d52f990f5720 ec8322b84130496bbd20415bbb09ca23 - - cb9ff544df3446bb97acdb0921216e7a cb9ff544df3446bb97acdb0921216e7a] 199.204.45.242 "GET /v2.0/ports?device_id=d0a6005a-9f08-4189-94aa-3fba5eecf146 HTTP/1.1" status: 200 len: 1450 time: 0.0457702
2026-05-20 18:47:33.015 10 INFO neutron.api.wsgi [req-8a4ee8e7-560a-4ac4-8fc8-b0002c19b5ba req-61c2d3ca-5d27-461d-9a95-9be44297147a 296f79a337154385b1d2d52f990f5720 ec8322b84130496bbd20415bbb09ca23 - - cb9ff544df3446bb97acdb0921216e7a cb9ff544df3446bb97acdb0921216e7a] 199.204.45.242 "GET /v2.0/security-groups?id=fb002432-42ef-4950-a29f-5012bfd5ba46&id=a5b29709-552a-4eba-84e8-6671c5a29470&fields=id&fields=name HTTP/1.1" status: 200 len: 405 time: 0.0543313
2026-05-20 18:47:33.305 10 INFO neutron.db.ovn_revision_numbers_db [None req-acb5a8df-81cc-46a2-9649-8b0d63058b55 35e52210f8634cd9ba6f90ac2731df90 76839c0e988543c5a63287d8f3e65043 - - default default] Successfully bumped revision number for resource fecd64ba-4bb9-4541-9eef-98725e518f7b (type: ports) to 1
2026-05-20 18:47:33.341 9 INFO neutron.api.wsgi [req-b6076b41-3583-4c2f-8f8a-6e72723f6cf2 req-f23f56c8-b3f0-48f2-9583-739ae9c22ffb 33f6d37ecef94ed2a52685ea37800ee0 337228ddd44a4c25b48d128c544acf96 - - default default] 10.0.0.131 "GET /v2.0/ports?device_id=9fd109c2-c8a0-4269-b185-97ba94a9b1ff HTTP/1.1" status: 200 len: 1168 time: 0.0505507
2026-05-20 18:47:33.354 10 WARNING neutron.scheduler.dhcp_agent_scheduler [None req-acb5a8df-81cc-46a2-9649-8b0d63058b55 35e52210f8634cd9ba6f90ac2731df90 76839c0e988543c5a63287d8f3e65043 - - default default] No more DHCP agents
2026-05-20 18:47:33.355 10 WARNING neutron.api.rpc.agentnotifiers.dhcp_rpc_agent_api [None req-acb5a8df-81cc-46a2-9649-8b0d63058b55 35e52210f8634cd9ba6f90ac2731df90 76839c0e988543c5a63287d8f3e65043 - - default default] Unable to schedule network 670727c9-6122-40fb-97f0-dd8e447e4bda: no agents available; will retry on subsequent port and subnet creation events.
2026-05-20 18:47:33.411 9 INFO neutron.api.wsgi [req-b6076b41-3583-4c2f-8f8a-6e72723f6cf2 req-c2abebd9-030c-4cf2-8a02-b4f49568cc09 33f6d37ecef94ed2a52685ea37800ee0 337228ddd44a4c25b48d128c544acf96 - - default default] 10.0.0.131 "GET /v2.0/security-groups?id=02aeedb0-1fc2-4a07-9d9f-b930163326b7&fields=id&fields=name HTTP/1.1" status: 200 len: 312 time: 0.0656769
2026-05-20 18:47:33.417 9 INFO neutron.api.wsgi [req-1ed77722-46ad-4d2f-89fa-2b5b81847aaf req-4e5c34df-0081-4310-9aef-c30ea384f3e1 33f6d37ecef94ed2a52685ea37800ee0 337228ddd44a4c25b48d128c544acf96 - - default default] 199.204.45.242 "DELETE /v2.0/ports/63e4dc50-551d-4ebb-b631-666ce92380bd HTTP/1.1" status: 204 len: 173 time: 0.7295127
2026-05-20 18:47:33.456 9 INFO neutron.notifiers.nova [-] Nova event matching ['req-9bb1e50a-a4e9-4fa0-bf27-d76c7aa215da'] response: {'server_uuid': '9fd109c2-c8a0-4269-b185-97ba94a9b1ff', 'name': 'network-vif-deleted', 'tag': '63e4dc50-551d-4ebb-b631-666ce92380bd', 'status': 'completed', 'code': 200}
2026-05-20 18:47:33.531 9 INFO neutron.services.segments.plugin [-] Segment 64d88be5-a195-483c-8fb5-f704e1fe814c resource provider aggregate not found
2026-05-20 18:47:33.535 9 INFO neutron.services.segments.plugin [-] Segment 64d88be5-a195-483c-8fb5-f704e1fe814c resource provider aggregate not found
2026-05-20 18:47:33.546 9 INFO neutron.services.segments.plugin [-] Segment 64d88be5-a195-483c-8fb5-f704e1fe814c resource provider not found; error: Placement Client Error (4xx): {"errors": [{"status": 404, "title": "Not Found", "detail": "The resource could not be found.\n\n No resource provider with uuid 64d88be5-a195-483c-8fb5-f704e1fe814c found for delete ", "request_id": "req-b5242d6f-270e-43d2-a66f-b19a4bae7e51"}]}
2026-05-20 18:47:33.558 9 INFO neutron.services.segments.plugin [-] Segment 64d88be5-a195-483c-8fb5-f704e1fe814c resource provider not found; error: Placement Client Error (4xx): {"errors": [{"status": 404, "title": "Not Found", "detail": "The resource could not be found.\n\n No resource provider with uuid 64d88be5-a195-483c-8fb5-f704e1fe814c found for delete ", "request_id": "req-27005b4d-3676-4aab-b8cf-0e86638f0c69"}]}
2026-05-20 18:47:33.576 9 INFO neutron.api.wsgi [None req-b12c4b9d-5369-483b-b36e-0b6d261bbca3 9d178e9dd4e446a39241ace9d41746b8 75d541b2042d4d6badcbb97964496cbb - - default default] 10.0.0.47 "DELETE /v2.0/networks/f580a6f2-dc03-4b1f-b43f-87cc3f5ec4f2 HTTP/1.1" status: 204 len: 168 time: 0.8259137
2026-05-20 18:47:33.710 10 INFO neutron.db.ovn_revision_numbers_db [None req-acb5a8df-81cc-46a2-9649-8b0d63058b55 35e52210f8634cd9ba6f90ac2731df90 76839c0e988543c5a63287d8f3e65043 - - default default] Successfully bumped revision number for resource fecd64ba-4bb9-4541-9eef-98725e518f7b (type: router_ports) to 1
2026-05-20 18:47:33.716 10 INFO neutron.api.wsgi [None req-acb5a8df-81cc-46a2-9649-8b0d63058b55 35e52210f8634cd9ba6f90ac2731df90 76839c0e988543c5a63287d8f3e65043 - - default default] 10.0.0.47 "PUT /v2.0/routers/88704206-9f96-42af-9b49-717d23b5ed22/add_router_interface HTTP/1.1" status: 200 len: 503 time: 2.1125994
2026-05-20 18:47:33.719 10 INFO neutron.notifiers.nova [-] Nova event matching ['req-0c074060-c575-49d0-900f-9d2481998348'] response: {'server_uuid': '9fd109c2-c8a0-4269-b185-97ba94a9b1ff', 'name': 'network-vif-unplugged', 'status': 'completed', 'tag': '63e4dc50-551d-4ebb-b631-666ce92380bd', 'code': 200}
