2026-05-20 18:46:34.281 10 INFO neutron.pecan_wsgi.hooks.translation [None req-6e804ae2-9020-4103-9a22-cb5fec8e6d5b 65aa72a4a7e44a388a957bbfbce59b27 e83483588ad64773a838477ff0297701 - - default default] DELETE failed (client error): The resource could not be found.
2026-05-20 18:46:34.283 10 INFO neutron.api.wsgi [None req-6e804ae2-9020-4103-9a22-cb5fec8e6d5b 65aa72a4a7e44a388a957bbfbce59b27 e83483588ad64773a838477ff0297701 - - default default] 10.0.0.47 "DELETE /v2.0/subnets/a08112ab-b305-4ec5-ab97-209cd60f224b HTTP/1.1" status: 404 len: 337 time: 0.0138142
2026-05-20 18:46:34.374 10 INFO neutron.db.ovn_revision_numbers_db [None req-5f30a6e2-fb08-4820-9af6-4cf360fb05ff ed63f965d1434a739c894b16caafdb8b 1df67958b4a44099b7b5d529c2cf1640 - - default default] Successfully bumped revision number for resource 2ef3da37-47f0-47fe-9547-95194473500c (type: networks) to 1
2026-05-20 18:46:34.476 9 INFO neutron.api.wsgi [None req-7d9ec901-ce46-4cf7-bfb8-2a50ab6352cd dd0aece68d55406082fa8c9070d19a5a bced07919da54d5f9f5695a66c9a6935 - - default default] 10.0.0.47 "DELETE /v2.0/networks/a6d8f33f-34ba-4dba-9d3f-f27dcf1045d4 HTTP/1.1" status: 204 len: 168 time: 0.3600924
2026-05-20 18:46:34.514 9 INFO neutron.api.wsgi [req-9a40be5a-3fae-432f-9872-59981b8b5429 req-f09361fd-026d-415d-92a8-4d9defa631aa 33f6d37ecef94ed2a52685ea37800ee0 337228ddd44a4c25b48d128c544acf96 - - default default] 199.204.45.242 "GET /v2.0/networks?id=82e4702d-f514-4aae-a17d-eb2f40c10bf4 HTTP/1.1" status: 200 len: 860 time: 0.0567265
2026-05-20 18:46:34.567 9 INFO neutron.api.wsgi [req-9a40be5a-3fae-432f-9872-59981b8b5429 req-f86ca686-0d0a-4e1d-8c99-cab0af8f9cfa 33f6d37ecef94ed2a52685ea37800ee0 337228ddd44a4c25b48d128c544acf96 - - default default] 199.204.45.242 "GET /v2.0/security-groups?fields=id&fields=name&tenant_id=337228ddd44a4c25b48d128c544acf96 HTTP/1.1" status: 200 len: 379 time: 0.0491428
2026-05-20 18:46:34.573 10 INFO neutron.api.wsgi [None req-c1c25079-caf3-460f-a9ca-16a744d46369 65aa72a4a7e44a388a957bbfbce59b27 e83483588ad64773a838477ff0297701 - - default default] 10.0.0.47 "DELETE /v2.0/ports/ab5ce4c1-c64f-4099-879f-73670c7c5c51 HTTP/1.1" status: 204 len: 168 time: 0.2856791
2026-05-20 18:46:34.578 9 WARNING neutron_lib.context [req-9a40be5a-3fae-432f-9872-59981b8b5429 req-5d278af9-1ba8-46e3-b2b5-ead3b65997a2 33f6d37ecef94ed2a52685ea37800ee0 337228ddd44a4c25b48d128c544acf96 - - default default] Method 'is_advsvc' is deprecated since 2023.2 release (neutron-lib 3.8.0) and will be removed once support for the old RBAC API policies will be removed from Neutron. Please use method 'is_service_role' instead.
2026-05-20 18:46:34.590 10 INFO neutron.api.wsgi [req-fbdbc35d-c731-4fab-9118-c050de37d2c3 req-bf1a5a0b-ca52-4cd3-9ee0-c34bbc73dc04 33f6d37ecef94ed2a52685ea37800ee0 337228ddd44a4c25b48d128c544acf96 - - default default] 10.0.0.131 "GET /v2.0/ports?device_id=9fd109c2-c8a0-4269-b185-97ba94a9b1ff HTTP/1.1" status: 200 len: 210 time: 0.0243337
2026-05-20 18:46:34.599 10 WARNING neutron.scheduler.dhcp_agent_scheduler [None req-5f30a6e2-fb08-4820-9af6-4cf360fb05ff ed63f965d1434a739c894b16caafdb8b 1df67958b4a44099b7b5d529c2cf1640 - - default default] No more DHCP agents
2026-05-20 18:46:34.600 10 WARNING neutron.api.rpc.agentnotifiers.dhcp_rpc_agent_api [None req-5f30a6e2-fb08-4820-9af6-4cf360fb05ff ed63f965d1434a739c894b16caafdb8b 1df67958b4a44099b7b5d529c2cf1640 - - default default] Unable to schedule network 2ef3da37-47f0-47fe-9547-95194473500c: no agents available; will retry on subsequent port and subnet creation events.
2026-05-20 18:46:34.659 10 INFO neutron.db.ovn_revision_numbers_db [None req-5f30a6e2-fb08-4820-9af6-4cf360fb05ff ed63f965d1434a739c894b16caafdb8b 1df67958b4a44099b7b5d529c2cf1640 - - default default] Successfully bumped revision number for resource 958be63a-0789-4f45-bda6-a2deb3d863b0 (type: ports) to 1
2026-05-20 18:46:34.679 10 INFO neutron.api.wsgi [None req-5f30a6e2-fb08-4820-9af6-4cf360fb05ff ed63f965d1434a739c894b16caafdb8b 1df67958b4a44099b7b5d529c2cf1640 - - default default] 10.0.0.47 "POST /v2.0/networks HTTP/1.1" status: 201 len: 831 time: 0.5907483
2026-05-20 18:46:34.688 10 WARNING neutron_lib.context [None req-a59b5791-0cca-4541-88f4-4600eea1009d ed63f965d1434a739c894b16caafdb8b 1df67958b4a44099b7b5d529c2cf1640 - - default default] Method 'is_advsvc' is deprecated since 2023.2 release (neutron-lib 3.8.0) and will be removed once support for the old RBAC API policies will be removed from Neutron. Please use method 'is_service_role' instead.
2026-05-20 18:46:34.943 10 WARNING neutron.scheduler.dhcp_agent_scheduler [None req-a59b5791-0cca-4541-88f4-4600eea1009d ed63f965d1434a739c894b16caafdb8b 1df67958b4a44099b7b5d529c2cf1640 - - default default] No more DHCP agents
2026-05-20 18:46:34.944 10 WARNING neutron.api.rpc.agentnotifiers.dhcp_rpc_agent_api [None req-a59b5791-0cca-4541-88f4-4600eea1009d ed63f965d1434a739c894b16caafdb8b 1df67958b4a44099b7b5d529c2cf1640 - - default default] Unable to schedule network 2ef3da37-47f0-47fe-9547-95194473500c: no agents available; will retry on subsequent port and subnet creation events.
2026-05-20 18:46:34.944 9 WARNING neutron.scheduler.dhcp_agent_scheduler [req-9a40be5a-3fae-432f-9872-59981b8b5429 req-5d278af9-1ba8-46e3-b2b5-ead3b65997a2 33f6d37ecef94ed2a52685ea37800ee0 337228ddd44a4c25b48d128c544acf96 - - default default] No more DHCP agents
2026-05-20 18:46:34.946 9 WARNING neutron.api.rpc.agentnotifiers.dhcp_rpc_agent_api [req-9a40be5a-3fae-432f-9872-59981b8b5429 req-5d278af9-1ba8-46e3-b2b5-ead3b65997a2 33f6d37ecef94ed2a52685ea37800ee0 337228ddd44a4c25b48d128c544acf96 - - default default] Unable to schedule network 82e4702d-f514-4aae-a17d-eb2f40c10bf4: no agents available; will retry on subsequent port and subnet creation events.
2026-05-20 18:46:34.969 10 INFO neutron.api.wsgi [-] 10.0.0.32 "GET / HTTP/1.1" status: 200 len: 247 time: 0.0013750
2026-05-20 18:46:34.970 10 INFO neutron.api.wsgi [-] 10.0.0.32 "GET / HTTP/1.1" status: 200 len: 247 time: 0.0008919
2026-05-20 18:46:35.016 9 INFO neutron.api.wsgi [None req-7a9a7200-bfb8-4559-adf3-72e57fc4bbbd 65aa72a4a7e44a388a957bbfbce59b27 e83483588ad64773a838477ff0297701 - - default default] 10.0.0.47 "DELETE /v2.0/networks/a1563125-8310-4aec-92fb-8f63c27e9a59 HTTP/1.1" status: 204 len: 168 time: 0.4358742
2026-05-20 18:46:35.031 10 INFO neutron.db.ovn_revision_numbers_db [None req-a59b5791-0cca-4541-88f4-4600eea1009d ed63f965d1434a739c894b16caafdb8b 1df67958b4a44099b7b5d529c2cf1640 - - default default] Successfully bumped revision number for resource 5d42ed43-71b8-464a-90a1-11e635212a2d (type: ports) to 1
2026-05-20 18:46:35.070 9 INFO neutron.services.segments.plugin [-] Segment c98c7c5c-938d-4157-99dc-8bd9a277a741 resource provider aggregate not found
2026-05-20 18:46:35.074 9 INFO neutron.services.segments.plugin [-] Segment c98c7c5c-938d-4157-99dc-8bd9a277a741 resource provider aggregate not found
2026-05-20 18:46:35.077 10 INFO neutron.api.wsgi [None req-a59b5791-0cca-4541-88f4-4600eea1009d ed63f965d1434a739c894b16caafdb8b 1df67958b4a44099b7b5d529c2cf1640 - - default default] 10.0.0.47 "POST /v2.0/ports HTTP/1.1" status: 201 len: 942 time: 0.3932099 /var/lib/openstack/lib/python3.12/site-packages/pycadf/identifier.py:71: UserWarning: Invalid uuid: neutron. To ensure interoperability, identifiers should be a valid uuid. warnings.warn(('Invalid uuid: %s. To ensure interoperability, '
2026-05-20 18:46:35.090 10 WARNING neutron_lib.context [None req-4b796195-211c-4be8-8a22-6877e9ec77ae ed63f965d1434a739c894b16caafdb8b 1df67958b4a44099b7b5d529c2cf1640 - - default default] Method 'is_advsvc' is deprecated since 2023.2 release (neutron-lib 3.8.0) and will be removed once support for the old RBAC API policies will be removed from Neutron. Please use method 'is_service_role' instead.
2026-05-20 18:46:35.093 9 INFO neutron.services.segments.plugin [-] Segment c98c7c5c-938d-4157-99dc-8bd9a277a741 resource provider not found; error: Placement Client Error (4xx): {"errors": [{"status": 404, "title": "Not Found", "detail": "The resource could not be found.\n\n No resource provider with uuid c98c7c5c-938d-4157-99dc-8bd9a277a741 found for delete ", "request_id": "req-bfaf15c1-dca6-43df-a8c0-e91582fb0406"}]}
2026-05-20 18:46:35.099 9 INFO neutron.services.segments.plugin [-] Segment c98c7c5c-938d-4157-99dc-8bd9a277a741 resource provider not found; error: Placement Client Error (4xx): {"errors": [{"status": 404, "title": "Not Found", "detail": "The resource could not be found.\n\n No resource provider with uuid c98c7c5c-938d-4157-99dc-8bd9a277a741 found for delete ", "request_id": "req-a4cf6ec9-5845-4f59-86b6-5dc093bcf1af"}]}
2026-05-20 18:46:35.109 9 INFO neutron.services.segments.plugin [-] Segment e9f9ea84-bed8-4661-9b8b-23da801315b7 resource provider aggregate not found
2026-05-20 18:46:35.119 9 INFO neutron.services.segments.plugin [-] Segment e9f9ea84-bed8-4661-9b8b-23da801315b7 resource provider aggregate not found
2026-05-20 18:46:35.123 9 INFO neutron.services.segments.plugin [-] Segment e9f9ea84-bed8-4661-9b8b-23da801315b7 resource provider not found; error: Placement Client Error (4xx): {"errors": [{"status": 404, "title": "Not Found", "detail": "The resource could not be found.\n\n No resource provider with uuid e9f9ea84-bed8-4661-9b8b-23da801315b7 found for delete ", "request_id": "req-145f81bf-aff3-41fd-a399-5bf71dccbbce"}]}
2026-05-20 18:46:35.126 9 INFO neutron.db.ovn_revision_numbers_db [req-9a40be5a-3fae-432f-9872-59981b8b5429 req-5d278af9-1ba8-46e3-b2b5-ead3b65997a2 33f6d37ecef94ed2a52685ea37800ee0 337228ddd44a4c25b48d128c544acf96 - - default default] Successfully bumped revision number for resource 63e4dc50-551d-4ebb-b631-666ce92380bd (type: ports) to 1
2026-05-20 18:46:35.138 9 INFO neutron.services.segments.plugin [-] Segment aa1d0293-06cf-431c-8710-94d2a23aff0c resource provider aggregate not found
2026-05-20 18:46:35.144 9 INFO neutron.services.segments.plugin [-] Segment e9f9ea84-bed8-4661-9b8b-23da801315b7 resource provider not found; error: Placement Client Error (4xx): {"errors": [{"status": 404, "title": "Not Found", "detail": "The resource could not be found.\n\n No resource provider with uuid e9f9ea84-bed8-4661-9b8b-23da801315b7 found for delete ", "request_id": "req-aa13211a-fc9a-4efc-a4c0-d3190165a54e"}]}
2026-05-20 18:46:35.152 9 INFO neutron.services.segments.plugin [-] Segment aa1d0293-06cf-431c-8710-94d2a23aff0c resource provider not found; error: Placement Client Error (4xx): {"errors": [{"status": 404, "title": "Not Found", "detail": "The resource could not be found.\n\n No resource provider with uuid aa1d0293-06cf-431c-8710-94d2a23aff0c found for delete ", "request_id": "req-688398e8-84be-469b-91b8-f1e1a2c8ea2b"}]}
2026-05-20 18:46:35.159 9 INFO neutron.api.wsgi [req-9a40be5a-3fae-432f-9872-59981b8b5429 req-5d278af9-1ba8-46e3-b2b5-ead3b65997a2 33f6d37ecef94ed2a52685ea37800ee0 337228ddd44a4c25b48d128c544acf96 - - default default] 199.204.45.242 "POST /v2.0/ports HTTP/1.1" status: 201 len: 1158 time: 0.5868547
2026-05-20 18:46:35.160 9 INFO neutron.services.segments.plugin [-] Segment aa1d0293-06cf-431c-8710-94d2a23aff0c resource provider aggregate not found /var/lib/openstack/lib/python3.12/site-packages/pycadf/identifier.py:71: UserWarning: Invalid uuid: neutron. To ensure interoperability, identifiers should be a valid uuid. warnings.warn(('Invalid uuid: %s. To ensure interoperability, '
2026-05-20 18:46:35.177 9 INFO neutron.services.segments.plugin [-] Segment aa1d0293-06cf-431c-8710-94d2a23aff0c resource provider not found; error: Placement Client Error (4xx): {"errors": [{"status": 404, "title": "Not Found", "detail": "The resource could not be found.\n\n No resource provider with uuid aa1d0293-06cf-431c-8710-94d2a23aff0c found for delete ", "request_id": "req-8f47a18a-6abe-4924-8496-fcbaf2a9a793"}]}
2026-05-20 18:46:35.278 10 INFO neutron.api.wsgi [None req-c883a656-b0ff-4322-84a6-48522a20022b 25961daeef90494d98212e8106a97e05 0405c3c08a9f4591ba583b5d93a8f032 - - default default] 10.0.0.47 "GET /v2.0/security-groups?tenant_id=bced07919da54d5f9f5695a66c9a6935&name=default HTTP/1.1" status: 200 len: 3120 time: 0.2304289
2026-05-20 18:46:35.333 10 INFO neutron.api.wsgi [None req-4b796195-211c-4be8-8a22-6877e9ec77ae ed63f965d1434a739c894b16caafdb8b 1df67958b4a44099b7b5d529c2cf1640 - - default default] 10.0.0.47 "POST /v2.0/trunks HTTP/1.1" status: 201 len: 608 time: 0.2491295
2026-05-20 18:46:35.344 10 WARNING neutron_lib.context [None req-db3c4510-378e-47ed-bf7a-58934b2deef7 ed63f965d1434a739c894b16caafdb8b 1df67958b4a44099b7b5d529c2cf1640 - - default default] Method 'is_advsvc' is deprecated since 2023.2 release (neutron-lib 3.8.0) and will be removed once support for the old RBAC API policies will be removed from Neutron. Please use method 'is_service_role' instead.
2026-05-20 18:46:35.418 10 INFO neutron.db.segments_db [None req-db3c4510-378e-47ed-bf7a-58934b2deef7 ed63f965d1434a739c894b16caafdb8b 1df67958b4a44099b7b5d529c2cf1640 - - default default] Added segment ecc0923f-15a7-4791-a587-4ae4a1639906 of type geneve for network ffa564f5-8e46-4b3e-b7cd-1949fca72593
2026-05-20 18:46:35.534 10 INFO neutron.db.ovn_revision_numbers_db [None req-db3c4510-378e-47ed-bf7a-58934b2deef7 ed63f965d1434a739c894b16caafdb8b 1df67958b4a44099b7b5d529c2cf1640 - - default default] Successfully bumped revision number for resource ffa564f5-8e46-4b3e-b7cd-1949fca72593 (type: networks) to 1
2026-05-20 18:46:35.563 9 INFO neutron.api.wsgi [None req-36cac55a-6840-4255-8778-4b9cce74e870 25961daeef90494d98212e8106a97e05 0405c3c08a9f4591ba583b5d93a8f032 - - default default] 10.0.0.47 "DELETE /v2.0/security-groups/1ff04d06-83e1-453b-b384-a9436b60ebb7 HTTP/1.1" status: 204 len: 168 time: 0.2804594
2026-05-20 18:46:35.579 9 INFO neutron.db.ovn_revision_numbers_db [req-9a40be5a-3fae-432f-9872-59981b8b5429 req-d9c1e18a-ca52-4ee4-b491-262ca2185911 296f79a337154385b1d2d52f990f5720 ec8322b84130496bbd20415bbb09ca23 - - cb9ff544df3446bb97acdb0921216e7a cb9ff544df3446bb97acdb0921216e7a] Successfully bumped revision number for resource 63e4dc50-551d-4ebb-b631-666ce92380bd (type: ports) to 2 /var/lib/openstack/lib/python3.12/site-packages/pycadf/identifier.py:71: UserWarning: Invalid uuid: neutron. To ensure interoperability, identifiers should be a valid uuid. warnings.warn(('Invalid uuid: %s. To ensure interoperability, '
2026-05-20 18:46:35.676 10 INFO neutron.api.wsgi [None req-121df254-947b-495a-b984-a73a2abeb9d9 25961daeef90494d98212e8106a97e05 0405c3c08a9f4591ba583b5d93a8f032 - - default default] 10.0.0.47 "GET /v2.0/security-groups?tenant_id=e83483588ad64773a838477ff0297701&name=default HTTP/1.1" status: 200 len: 3120 time: 0.1305959
2026-05-20 18:46:35.779 9 INFO neutron.api.wsgi [req-fbe756e4-90ca-42ef-8f5c-bd94dc70b3de req-b0f64b9b-98d0-49e2-be3a-5a99bcafc4bd 33f6d37ecef94ed2a52685ea37800ee0 337228ddd44a4c25b48d128c544acf96 - - default default] 10.0.0.131 "GET /v2.0/ports?device_id=9fd109c2-c8a0-4269-b185-97ba94a9b1ff HTTP/1.1" status: 200 len: 1168 time: 0.1307261 /var/lib/openstack/lib/python3.12/site-packages/pycadf/identifier.py:71: UserWarning: Invalid uuid: neutron. To ensure interoperability, identifiers should be a valid uuid. warnings.warn(('Invalid uuid: %s. To ensure interoperability, '
2026-05-20 18:46:35.839 9 INFO neutron.api.wsgi [req-fbe756e4-90ca-42ef-8f5c-bd94dc70b3de req-2ff74869-fc37-4df0-b241-d7ecc23c2752 33f6d37ecef94ed2a52685ea37800ee0 337228ddd44a4c25b48d128c544acf96 - - default default] 10.0.0.131 "GET /v2.0/security-groups?id=02aeedb0-1fc2-4a07-9d9f-b930163326b7&fields=id&fields=name HTTP/1.1" status: 200 len: 312 time: 0.0544038
2026-05-20 18:46:35.907 9 INFO neutron.db.ovn_revision_numbers_db [req-9a40be5a-3fae-432f-9872-59981b8b5429 req-d9c1e18a-ca52-4ee4-b491-262ca2185911 296f79a337154385b1d2d52f990f5720 ec8322b84130496bbd20415bbb09ca23 - - cb9ff544df3446bb97acdb0921216e7a cb9ff544df3446bb97acdb0921216e7a] Successfully bumped revision number for resource 63e4dc50-551d-4ebb-b631-666ce92380bd (type: ports) to 4
2026-05-20 18:46:35.965 9 INFO neutron.api.wsgi [req-9a40be5a-3fae-432f-9872-59981b8b5429 req-d9c1e18a-ca52-4ee4-b491-262ca2185911 296f79a337154385b1d2d52f990f5720 ec8322b84130496bbd20415bbb09ca23 - - cb9ff544df3446bb97acdb0921216e7a cb9ff544df3446bb97acdb0921216e7a] 199.204.45.242 "PUT /v2.0/ports/63e4dc50-551d-4ebb-b631-666ce92380bd HTTP/1.1" status: 200 len: 1404 time: 0.7996182
2026-05-20 18:46:35.987 10 WARNING neutron.scheduler.dhcp_agent_scheduler [None req-db3c4510-378e-47ed-bf7a-58934b2deef7 ed63f965d1434a739c894b16caafdb8b 1df67958b4a44099b7b5d529c2cf1640 - - default default] No more DHCP agents
2026-05-20 18:46:35.995 10 WARNING neutron.api.rpc.agentnotifiers.dhcp_rpc_agent_api [None req-db3c4510-378e-47ed-bf7a-58934b2deef7 ed63f965d1434a739c894b16caafdb8b 1df67958b4a44099b7b5d529c2cf1640 - - default default] Unable to schedule network ffa564f5-8e46-4b3e-b7cd-1949fca72593: no agents available; will retry on subsequent port and subnet creation events.
2026-05-20 18:46:36.000 9 INFO neutron.api.wsgi [None req-1c0f0cfe-450a-456c-9a70-1137b3583811 25961daeef90494d98212e8106a97e05 0405c3c08a9f4591ba583b5d93a8f032 - - default default] 10.0.0.47 "DELETE /v2.0/security-groups/8725cf98-f03a-43e2-8655-fed57a43436f HTTP/1.1" status: 204 len: 168 time: 0.3171153
2026-05-20 18:46:36.014 9 INFO neutron.notifiers.nova [-] Nova event matching ['req-a27e91eb-fa13-4d02-ac6e-b504832be1e8'] response: {'name': 'network-changed', 'server_uuid': '9fd109c2-c8a0-4269-b185-97ba94a9b1ff', 'tag': '63e4dc50-551d-4ebb-b631-666ce92380bd', 'status': 'completed', 'code': 200}
2026-05-20 18:46:36.069 10 INFO neutron.db.ovn_revision_numbers_db [None req-db3c4510-378e-47ed-bf7a-58934b2deef7 ed63f965d1434a739c894b16caafdb8b 1df67958b4a44099b7b5d529c2cf1640 - - default default] Successfully bumped revision number for resource 226fd08c-3d20-4108-8d9b-11323c9cadd7 (type: ports) to 1
2026-05-20 18:46:36.091 10 INFO neutron.api.wsgi [None req-db3c4510-378e-47ed-bf7a-58934b2deef7 ed63f965d1434a739c894b16caafdb8b 1df67958b4a44099b7b5d529c2cf1640 - - default default] 10.0.0.47 "POST /v2.0/networks HTTP/1.1" status: 201 len: 829 time: 0.7518039
2026-05-20 18:46:36.099 10 WARNING neutron_lib.context [None req-a58d3a5d-c1bf-4b10-a9d8-e42003bfd34e ed63f965d1434a739c894b16caafdb8b 1df67958b4a44099b7b5d529c2cf1640 - - default default] Method 'is_advsvc' is deprecated since 2023.2 release (neutron-lib 3.8.0) and will be removed once support for the old RBAC API policies will be removed from Neutron. Please use method 'is_service_role' instead.
2026-05-20 18:46:36.411 10 WARNING neutron.scheduler.dhcp_agent_scheduler [None req-a58d3a5d-c1bf-4b10-a9d8-e42003bfd34e ed63f965d1434a739c894b16caafdb8b 1df67958b4a44099b7b5d529c2cf1640 - - default default] No more DHCP agents
2026-05-20 18:46:36.412 10 WARNING neutron.api.rpc.agentnotifiers.dhcp_rpc_agent_api [None req-a58d3a5d-c1bf-4b10-a9d8-e42003bfd34e ed63f965d1434a739c894b16caafdb8b 1df67958b4a44099b7b5d529c2cf1640 - - default default] Unable to schedule network ffa564f5-8e46-4b3e-b7cd-1949fca72593: no agents available; will retry on subsequent port and subnet creation events.
2026-05-20 18:46:36.479 10 INFO neutron.db.ovn_revision_numbers_db [None req-a58d3a5d-c1bf-4b10-a9d8-e42003bfd34e ed63f965d1434a739c894b16caafdb8b 1df67958b4a44099b7b5d529c2cf1640 - - default default] Successfully bumped revision number for resource 69726439-29eb-4fc1-bcff-d9abc91f96ab (type: ports) to 1
2026-05-20 18:46:36.502 10 INFO neutron.api.wsgi [None req-a58d3a5d-c1bf-4b10-a9d8-e42003bfd34e ed63f965d1434a739c894b16caafdb8b 1df67958b4a44099b7b5d529c2cf1640 - - default default] 10.0.0.47 "POST /v2.0/ports HTTP/1.1" status: 201 len: 942 time: 0.4069302 /var/lib/openstack/lib/python3.12/site-packages/pycadf/identifier.py:71: UserWarning: Invalid uuid: neutron. To ensure interoperability, identifiers should be a valid uuid. warnings.warn(('Invalid uuid: %s. To ensure interoperability, '
2026-05-20 18:46:36.509 10 WARNING neutron_lib.context [None req-3b4ef3ca-2e97-4083-9373-c47d2d844758 ed63f965d1434a739c894b16caafdb8b 1df67958b4a44099b7b5d529c2cf1640 - - default default] Method 'is_advsvc' is deprecated since 2023.2 release (neutron-lib 3.8.0) and will be removed once support for the old RBAC API policies will be removed from Neutron. Please use method 'is_service_role' instead.
2026-05-20 18:46:36.558 9 INFO neutron.api.wsgi [req-f2c4a61e-b62c-4104-ab7a-6a2283a7def6 req-6ae5cc1b-0a3e-4d6d-ae9e-0b8161f11a19 296f79a337154385b1d2d52f990f5720 ec8322b84130496bbd20415bbb09ca23 - - cb9ff544df3446bb97acdb0921216e7a cb9ff544df3446bb97acdb0921216e7a] 199.204.45.242 "GET /v2.0/ports?tenant_id=337228ddd44a4c25b48d128c544acf96&device_id=9fd109c2-c8a0-4269-b185-97ba94a9b1ff HTTP/1.1" status: 200 len: 1407 time: 0.0354495
2026-05-20 18:46:36.607 9 INFO neutron.api.wsgi [req-f2c4a61e-b62c-4104-ab7a-6a2283a7def6 req-3dfc14ed-3677-440c-9f14-e3505b592e33 296f79a337154385b1d2d52f990f5720 ec8322b84130496bbd20415bbb09ca23 - - cb9ff544df3446bb97acdb0921216e7a cb9ff544df3446bb97acdb0921216e7a] 199.204.45.242 "GET /v2.0/networks?tenant_id=337228ddd44a4c25b48d128c544acf96&shared=False HTTP/1.1" status: 200 len: 959 time: 0.0433412
2026-05-20 18:46:36.654 10 INFO neutron.api.wsgi [None req-3b4ef3ca-2e97-4083-9373-c47d2d844758 ed63f965d1434a739c894b16caafdb8b 1df67958b4a44099b7b5d529c2cf1640 - - default default] 10.0.0.47 "POST /v2.0/trunks HTTP/1.1" status: 201 len: 608 time: 0.1478193
2026-05-20 18:46:36.668 9 WARNING neutron_lib.context [None req-5f5e4474-001b-4af4-b7b8-e0c4362c0f38 ed63f965d1434a739c894b16caafdb8b 1df67958b4a44099b7b5d529c2cf1640 - - default default] Method 'is_advsvc' is deprecated since 2023.2 release (neutron-lib 3.8.0) and will be removed once support for the old RBAC API policies will be removed from Neutron. Please use method 'is_service_role' instead.
2026-05-20 18:46:36.678 9 INFO neutron.api.wsgi [req-f2c4a61e-b62c-4104-ab7a-6a2283a7def6 req-02739898-9bca-45ff-99f7-a4d28d8f5dba 296f79a337154385b1d2d52f990f5720 ec8322b84130496bbd20415bbb09ca23 - - cb9ff544df3446bb97acdb0921216e7a cb9ff544df3446bb97acdb0921216e7a] 199.204.45.242 "GET /v2.0/networks?shared=True HTTP/1.1" status: 200 len: 952 time: 0.0616939
2026-05-20 18:46:36.758 9 INFO neutron.db.segments_db [None req-5f5e4474-001b-4af4-b7b8-e0c4362c0f38 ed63f965d1434a739c894b16caafdb8b 1df67958b4a44099b7b5d529c2cf1640 - - default default] Added segment 0002e3bc-953c-40a4-9c56-e9de1ce03e48 of type geneve for network f0ca2088-ce64-40f3-87ae-f56ea2c9e4b5
2026-05-20 18:46:36.880 9 INFO neutron.db.ovn_revision_numbers_db [None req-5f5e4474-001b-4af4-b7b8-e0c4362c0f38 ed63f965d1434a739c894b16caafdb8b 1df67958b4a44099b7b5d529c2cf1640 - - default default] Successfully bumped revision number for resource f0ca2088-ce64-40f3-87ae-f56ea2c9e4b5 (type: networks) to 1
2026-05-20 18:46:36.949 9 INFO neutron.api.wsgi [req-244c408d-b88d-4fbf-81fd-311e53b54b43 req-7f669a19-2301-451b-ac25-3aacd0d13446 33f6d37ecef94ed2a52685ea37800ee0 337228ddd44a4c25b48d128c544acf96 - - default default] 10.0.0.131 "GET /v2.0/ports?device_id=9fd109c2-c8a0-4269-b185-97ba94a9b1ff HTTP/1.1" status: 200 len: 1168 time: 0.0399787
2026-05-20 18:46:36.992 9 INFO neutron.api.wsgi [req-244c408d-b88d-4fbf-81fd-311e53b54b43 req-3f7fe878-568e-4098-a897-b5420f323cc0 33f6d37ecef94ed2a52685ea37800ee0 337228ddd44a4c25b48d128c544acf96 - - default default] 10.0.0.131 "GET /v2.0/security-groups?id=02aeedb0-1fc2-4a07-9d9f-b930163326b7&fields=id&fields=name HTTP/1.1" status: 200 len: 312 time: 0.0391538
2026-05-20 18:46:37.065 9 WARNING neutron.scheduler.dhcp_agent_scheduler [None req-5f5e4474-001b-4af4-b7b8-e0c4362c0f38 ed63f965d1434a739c894b16caafdb8b 1df67958b4a44099b7b5d529c2cf1640 - - default default] No more DHCP agents
2026-05-20 18:46:37.066 9 WARNING neutron.api.rpc.agentnotifiers.dhcp_rpc_agent_api [None req-5f5e4474-001b-4af4-b7b8-e0c4362c0f38 ed63f965d1434a739c894b16caafdb8b 1df67958b4a44099b7b5d529c2cf1640 - - default default] Unable to schedule network f0ca2088-ce64-40f3-87ae-f56ea2c9e4b5: no agents available; will retry on subsequent port and subnet creation events.
2026-05-20 18:46:37.129 9 INFO neutron.db.ovn_revision_numbers_db [None req-5f5e4474-001b-4af4-b7b8-e0c4362c0f38 ed63f965d1434a739c894b16caafdb8b 1df67958b4a44099b7b5d529c2cf1640 - - default default] Successfully bumped revision number for resource 39d63752-2d0a-4c9e-99ef-5e2ea0d97637 (type: ports) to 1
2026-05-20 18:46:37.149 9 INFO neutron.api.wsgi [None req-5f5e4474-001b-4af4-b7b8-e0c4362c0f38 ed63f965d1434a739c894b16caafdb8b 1df67958b4a44099b7b5d529c2cf1640 - - default default] 10.0.0.47 "POST /v2.0/networks HTTP/1.1" status: 201 len: 830 time: 0.4861617
2026-05-20 18:46:37.164 9 WARNING neutron_lib.context [None req-b14234db-a2c8-43d9-b540-0b39f1005102 ed63f965d1434a739c894b16caafdb8b 1df67958b4a44099b7b5d529c2cf1640 - - default default] Method 'is_advsvc' is deprecated since 2023.2 release (neutron-lib 3.8.0) and will be removed once support for the old RBAC API policies will be removed from Neutron. Please use method 'is_service_role' instead.
2026-05-20 18:46:37.416 9 WARNING neutron.scheduler.dhcp_agent_scheduler [None req-b14234db-a2c8-43d9-b540-0b39f1005102 ed63f965d1434a739c894b16caafdb8b 1df67958b4a44099b7b5d529c2cf1640 - - default default] No more DHCP agents
2026-05-20 18:46:37.417 9 WARNING neutron.api.rpc.agentnotifiers.dhcp_rpc_agent_api [None req-b14234db-a2c8-43d9-b540-0b39f1005102 ed63f965d1434a739c894b16caafdb8b 1df67958b4a44099b7b5d529c2cf1640 - - default default] Unable to schedule network f0ca2088-ce64-40f3-87ae-f56ea2c9e4b5: no agents available; will retry on subsequent port and subnet creation events.
2026-05-20 18:46:37.479 9 INFO neutron.db.ovn_revision_numbers_db [None req-b14234db-a2c8-43d9-b540-0b39f1005102 ed63f965d1434a739c894b16caafdb8b 1df67958b4a44099b7b5d529c2cf1640 - - default default] Successfully bumped revision number for resource 96f2911d-be6d-4b44-ad8f-bfc4edb0caff (type: ports) to 1
2026-05-20 18:46:37.499 9 INFO neutron.api.wsgi [None req-b14234db-a2c8-43d9-b540-0b39f1005102 ed63f965d1434a739c894b16caafdb8b 1df67958b4a44099b7b5d529c2cf1640 - - default default] 10.0.0.47 "POST /v2.0/ports HTTP/1.1" status: 201 len: 942 time: 0.3426819 /var/lib/openstack/lib/python3.12/site-packages/pycadf/identifier.py:71: UserWarning: Invalid uuid: neutron. To ensure interoperability, identifiers should be a valid uuid. warnings.warn(('Invalid uuid: %s. To ensure interoperability, '
2026-05-20 18:46:37.509 9 WARNING neutron_lib.context [None req-b5aabee5-3994-410e-b121-e9bb714e5cd0 ed63f965d1434a739c894b16caafdb8b 1df67958b4a44099b7b5d529c2cf1640 - - default default] Method 'is_advsvc' is deprecated since 2023.2 release (neutron-lib 3.8.0) and will be removed once support for the old RBAC API policies will be removed from Neutron. Please use method 'is_service_role' instead.
2026-05-20 18:46:37.526 10 WARNING neutron_lib.context [None req-922310cd-6ec7-4ad9-9484-615287edfc0d 12d8bbc758eb4b2cb894392d9c41b8e7 8e0145a271bb4470a5f5fc777e5b8c03 - - default default] Method 'is_advsvc' is deprecated since 2023.2 release (neutron-lib 3.8.0) and will be removed once support for the old RBAC API policies will be removed from Neutron. Please use method 'is_service_role' instead.
2026-05-20 18:46:37.669 10 INFO neutron.db.ovn_revision_numbers_db [None req-922310cd-6ec7-4ad9-9484-615287edfc0d 12d8bbc758eb4b2cb894392d9c41b8e7 8e0145a271bb4470a5f5fc777e5b8c03 - - default default] Successfully bumped revision number for resource 9c90a762-82a0-40fe-a021-a19380a95d77 (type: security_groups) to 1
2026-05-20 18:46:37.686 10 INFO neutron.db.ovn_revision_numbers_db [None req-922310cd-6ec7-4ad9-9484-615287edfc0d 12d8bbc758eb4b2cb894392d9c41b8e7 8e0145a271bb4470a5f5fc777e5b8c03 - - default default] Successfully bumped revision number for resource 5865ccfa-4783-4640-b80c-3376a7381866 (type: security_group_rules) to 0
2026-05-20 18:46:37.702 10 INFO neutron.db.ovn_revision_numbers_db [None req-922310cd-6ec7-4ad9-9484-615287edfc0d 12d8bbc758eb4b2cb894392d9c41b8e7 8e0145a271bb4470a5f5fc777e5b8c03 - - default default] Successfully bumped revision number for resource 822319a5-7a18-49ae-983c-4b28008c2d1f (type: security_group_rules) to 0
2026-05-20 18:46:37.715 10 INFO neutron.db.ovn_revision_numbers_db [None req-922310cd-6ec7-4ad9-9484-615287edfc0d 12d8bbc758eb4b2cb894392d9c41b8e7 8e0145a271bb4470a5f5fc777e5b8c03 - - default default] Successfully bumped revision number for resource ce4b7935-5843-40ce-aed2-0a2a650e92e6 (type: security_group_rules) to 0
2026-05-20 18:46:37.727 10 INFO neutron.db.ovn_revision_numbers_db [None req-922310cd-6ec7-4ad9-9484-615287edfc0d 12d8bbc758eb4b2cb894392d9c41b8e7 8e0145a271bb4470a5f5fc777e5b8c03 - - default default] Successfully bumped revision number for resource f5245417-83b4-47e4-b6ef-7ac7e4d70bc3 (type: security_group_rules) to 0
2026-05-20 18:46:37.735 9 INFO neutron.api.wsgi [None req-b5aabee5-3994-410e-b121-e9bb714e5cd0 ed63f965d1434a739c894b16caafdb8b 1df67958b4a44099b7b5d529c2cf1640 - - default default] 10.0.0.47 "POST /v2.0/trunks HTTP/1.1" status: 201 len: 608 time: 0.2307236
2026-05-20 18:46:37.744 9 INFO neutron.api.wsgi [req-9a40be5a-3fae-432f-9872-59981b8b5429 req-ce190eeb-8b72-4d7c-89f9-39bb2c481241 296f79a337154385b1d2d52f990f5720 ec8322b84130496bbd20415bbb09ca23 - - cb9ff544df3446bb97acdb0921216e7a cb9ff544df3446bb97acdb0921216e7a] 199.204.45.242 "GET /v2.0/ports?tenant_id=337228ddd44a4c25b48d128c544acf96&device_id=9fd109c2-c8a0-4269-b185-97ba94a9b1ff HTTP/1.1" status: 200 len: 1407 time: 0.0493259
2026-05-20 18:46:37.774 9 INFO neutron.api.wsgi [req-9a40be5a-3fae-432f-9872-59981b8b5429 req-3b3af4ab-a4a9-4641-b216-00a7116ed597 296f79a337154385b1d2d52f990f5720 ec8322b84130496bbd20415bbb09ca23 - - cb9ff544df3446bb97acdb0921216e7a cb9ff544df3446bb97acdb0921216e7a] 199.204.45.242 "GET /v2.0/floatingips?fixed_ip_address=10.100.0.6&port_id=63e4dc50-551d-4ebb-b631-666ce92380bd HTTP/1.1" status: 200 len: 217 time: 0.0202157
2026-05-20 18:46:37.802 9 INFO neutron.api.wsgi [None req-dd00e02e-548d-4822-b3bc-0bcd59665ab9 ed63f965d1434a739c894b16caafdb8b 1df67958b4a44099b7b5d529c2cf1640 - - default default] 10.0.0.47 "PUT /v2.0/trunks/d623ada1-4430-4745-85f9-803d086f9cce/tags HTTP/1.1" status: 200 len: 210 time: 0.0621636
2026-05-20 18:46:37.822 9 INFO neutron.api.wsgi [req-9a40be5a-3fae-432f-9872-59981b8b5429 req-f007b61f-ec2e-4a64-a5db-f441dd64ecba 296f79a337154385b1d2d52f990f5720 ec8322b84130496bbd20415bbb09ca23 - - cb9ff544df3446bb97acdb0921216e7a cb9ff544df3446bb97acdb0921216e7a] 199.204.45.242 "GET /v2.0/subnets?id=a55a1836-71ec-4a27-9774-44684bbdab0c HTTP/1.1" status: 200 len: 876 time: 0.0378489
2026-05-20 18:46:37.836 9 WARNING neutron_lib.context [None req-02454203-ebb3-401a-be2b-68cc3ee0bf97 0312112811ac417b9d376e2520a53faf 336652c691b14729bd0e604ba70bfade - - default default] Method 'is_advsvc' is deprecated since 2023.2 release (neutron-lib 3.8.0) and will be removed once support for the old RBAC API policies will be removed from Neutron. Please use method 'is_service_role' instead.
2026-05-20 18:46:37.840 10 INFO neutron.api.wsgi [None req-82896854-cf25-4d99-bb3e-8549fb71adcb ed63f965d1434a739c894b16caafdb8b 1df67958b4a44099b7b5d529c2cf1640 - - default default] 10.0.0.47 "PUT /v2.0/trunks/4fd80fd1-c27e-47f8-ad8b-71eae8334757/tags HTTP/1.1" status: 200 len: 218 time: 0.0303972
2026-05-20 18:46:37.841 10 INFO neutron.db.ovn_revision_numbers_db [None req-922310cd-6ec7-4ad9-9484-615287edfc0d 12d8bbc758eb4b2cb894392d9c41b8e7 8e0145a271bb4470a5f5fc777e5b8c03 - - default default] Successfully bumped revision number for resource d2eaae70-9093-4312-aa03-94d5d241334e (type: security_groups) to 1
2026-05-20 18:46:37.856 10 INFO neutron.db.ovn_revision_numbers_db [None req-922310cd-6ec7-4ad9-9484-615287edfc0d 12d8bbc758eb4b2cb894392d9c41b8e7 8e0145a271bb4470a5f5fc777e5b8c03 - - default default] Successfully bumped revision number for resource 0d5f75f0-b815-47d7-a25a-ef1c7a6971c3 (type: security_group_rules) to 0
2026-05-20 18:46:37.859 9 INFO neutron.api.wsgi [req-9a40be5a-3fae-432f-9872-59981b8b5429 req-ff7e10b6-d7b6-4542-b0df-76d6bdbaf237 296f79a337154385b1d2d52f990f5720 ec8322b84130496bbd20415bbb09ca23 - - cb9ff544df3446bb97acdb0921216e7a cb9ff544df3446bb97acdb0921216e7a] 199.204.45.242 "GET /v2.0/ports?network_id=82e4702d-f514-4aae-a17d-eb2f40c10bf4&device_owner=network%3Adhcp HTTP/1.1" status: 200 len: 210 time: 0.0304799
2026-05-20 18:46:37.869 10 INFO neutron.db.ovn_revision_numbers_db [None req-922310cd-6ec7-4ad9-9484-615287edfc0d 12d8bbc758eb4b2cb894392d9c41b8e7 8e0145a271bb4470a5f5fc777e5b8c03 - - default default] Successfully bumped revision number for resource f2651dee-f4ff-42ac-91ce-11a055136365 (type: security_group_rules) to 0
2026-05-20 18:46:37.873 10 INFO neutron.api.wsgi [None req-08cfd3e3-c0fe-4ca2-9630-74c08b929c8d ed63f965d1434a739c894b16caafdb8b 1df67958b4a44099b7b5d529c2cf1640 - - default default] 10.0.0.47 "PUT /v2.0/trunks/160d6ea2-3506-4538-91bf-e93cd128cbba/tags HTTP/1.1" status: 200 len: 227 time: 0.0260882
2026-05-20 18:46:37.905 10 INFO neutron.api.wsgi [None req-922310cd-6ec7-4ad9-9484-615287edfc0d 12d8bbc758eb4b2cb894392d9c41b8e7 8e0145a271bb4470a5f5fc777e5b8c03 - - default default] 10.0.0.47 "POST /v2.0/security-groups HTTP/1.1" status: 201 len: 1824 time: 0.5810320
2026-05-20 18:46:37.907 10 INFO neutron.api.wsgi [None req-ab71b275-5dc9-4fbd-bd1e-8e0f6196bb35 ed63f965d1434a739c894b16caafdb8b 1df67958b4a44099b7b5d529c2cf1640 - - default default] 10.0.0.47 "PUT /v2.0/trunks/c85d5c1e-0382-470b-b5f6-ec71188664a4/tags HTTP/1.1" status: 200 len: 212 time: 0.0267985
2026-05-20 18:46:37.912 9 INFO neutron.api.wsgi [req-9a40be5a-3fae-432f-9872-59981b8b5429 req-a025e13b-da23-4a4b-a721-0a50d21a1094 296f79a337154385b1d2d52f990f5720 ec8322b84130496bbd20415bbb09ca23 - - cb9ff544df3446bb97acdb0921216e7a cb9ff544df3446bb97acdb0921216e7a] 199.204.45.242 "GET /v2.0/networks/82e4702d-f514-4aae-a17d-eb2f40c10bf4?fields=segments HTTP/1.1" status: 200 len: 212 time: 0.0470080
2026-05-20 18:46:37.947 9 INFO neutron.api.wsgi [None req-3e36ca38-d25f-4433-9aae-7f2d7e89be3f ed63f965d1434a739c894b16caafdb8b 1df67958b4a44099b7b5d529c2cf1640 - - default default] 10.0.0.47 "GET /v2.0/trunks?tags=red HTTP/1.1" status: 200 len: 1447 time: 0.0267773
2026-05-20 18:46:37.948 10 INFO neutron.api.wsgi [None req-91227857-7e7a-46d4-baf4-31fd5673fc89 12d8bbc758eb4b2cb894392d9c41b8e7 8e0145a271bb4470a5f5fc777e5b8c03 - - default default] 10.0.0.47 "GET /v2.0/security-groups HTTP/1.1" status: 200 len: 4724 time: 0.0340784
2026-05-20 18:46:37.987 10 INFO neutron.api.wsgi [None req-d00bac88-981e-40ed-ad30-a68418571dbd ed63f965d1434a739c894b16caafdb8b 1df67958b4a44099b7b5d529c2cf1640 - - default default] 10.0.0.47 "GET /v2.0/trunks?tags=red%2Cblue HTTP/1.1" status: 200 len: 1041 time: 0.0331502
2026-05-20 18:46:38.005 9 INFO neutron.api.wsgi [req-9a40be5a-3fae-432f-9872-59981b8b5429 req-7d877c94-d0d4-45b3-9d11-b90d79059d0e 296f79a337154385b1d2d52f990f5720 ec8322b84130496bbd20415bbb09ca23 - - cb9ff544df3446bb97acdb0921216e7a cb9ff544df3446bb97acdb0921216e7a] 199.204.45.242 "GET /v2.0/networks/82e4702d-f514-4aae-a17d-eb2f40c10bf4?fields=provider%3Aphysical_network&fields=provider%3Anetwork_type HTTP/1.1" status: 200 len: 277 time: 0.0864768
2026-05-20 18:46:38.006 10 INFO neutron.api.wsgi [None req-2fdb83ba-5c0e-46e5-bc46-9b5420b597da ed63f965d1434a739c894b16caafdb8b 1df67958b4a44099b7b5d529c2cf1640 - - default default] 10.0.0.47 "GET /v2.0/trunks?tags-any=blue HTTP/1.1" status: 200 len: 1041 time: 0.0132372
2026-05-20 18:46:38.046 10 INFO neutron.api.wsgi [None req-2bf3eaa1-1da0-437e-9395-7057ad59eb1e ed63f965d1434a739c894b16caafdb8b 1df67958b4a44099b7b5d529c2cf1640 - - default default] 10.0.0.47 "GET /v2.0/trunks?tags-any=red%2Cblue HTTP/1.1" status: 200 len: 1447 time: 0.0308154
2026-05-20 18:46:38.054 9 INFO neutron.db.ovn_revision_numbers_db [None req-02454203-ebb3-401a-be2b-68cc3ee0bf97 0312112811ac417b9d376e2520a53faf 336652c691b14729bd0e604ba70bfade - - default default] Successfully bumped revision number for resource 1aaff510-1a39-41fc-8950-2c0403fbde3e (type: security_groups) to 1
2026-05-20 18:46:38.064 9 INFO neutron.db.ovn_revision_numbers_db [None req-68076439-97f5-48c4-ae24-add4dead5bda 12d8bbc758eb4b2cb894392d9c41b8e7 8e0145a271bb4470a5f5fc777e5b8c03 - - default default] Successfully bumped revision number for resource d2eaae70-9093-4312-aa03-94d5d241334e (type: security_groups) to 2
2026-05-20 18:46:38.073 9 INFO neutron.db.ovn_revision_numbers_db [None req-02454203-ebb3-401a-be2b-68cc3ee0bf97 0312112811ac417b9d376e2520a53faf 336652c691b14729bd0e604ba70bfade - - default default] Successfully bumped revision number for resource 8bf5d8d7-a921-4e4d-bf4b-3f97981a182b (type: security_group_rules) to 0
2026-05-20 18:46:38.083 10 INFO neutron.api.wsgi [None req-1c1ab128-c02c-4bd2-917b-41b126b638ac ed63f965d1434a739c894b16caafdb8b 1df67958b4a44099b7b5d529c2cf1640 - - default default] 10.0.0.47 "GET /v2.0/trunks?not-tags=red HTTP/1.1" status: 200 len: 1013 time: 0.0312057
2026-05-20 18:46:38.088 9 INFO neutron.api.wsgi [None req-68076439-97f5-48c4-ae24-add4dead5bda 12d8bbc758eb4b2cb894392d9c41b8e7 8e0145a271bb4470a5f5fc777e5b8c03 - - default default] 10.0.0.47 "PUT /v2.0/security-groups/d2eaae70-9093-4312-aa03-94d5d241334e HTTP/1.1" status: 200 len: 1857 time: 0.1344440
2026-05-20 18:46:38.100 9 INFO neutron.db.ovn_revision_numbers_db [None req-02454203-ebb3-401a-be2b-68cc3ee0bf97 0312112811ac417b9d376e2520a53faf 336652c691b14729bd0e604ba70bfade - - default default] Successfully bumped revision number for resource a75eb4ef-6fdf-498e-b354-f820eef10afa (type: security_group_rules) to 0
2026-05-20 18:46:38.105 9 INFO neutron.api.wsgi [None req-a3758aee-b05d-40b5-bec6-bf31018ea088 ed63f965d1434a739c894b16caafdb8b 1df67958b4a44099b7b5d529c2cf1640 - - default default] 10.0.0.47 "GET /v2.0/trunks?not-tags=red%2Cblue HTTP/1.1" status: 200 len: 1419 time: 0.0163176
2026-05-20 18:46:38.120 9 INFO neutron.db.ovn_revision_numbers_db [None req-02454203-ebb3-401a-be2b-68cc3ee0bf97 0312112811ac417b9d376e2520a53faf 336652c691b14729bd0e604ba70bfade - - default default] Successfully bumped revision number for resource cf4f5e92-9e3a-4d4b-9519-3f27c508c793 (type: security_group_rules) to 0
2026-05-20 18:46:38.131 10 INFO neutron.api.wsgi [None req-4846a1e2-3413-4e78-b2a3-a3c77ff4646d 12d8bbc758eb4b2cb894392d9c41b8e7 8e0145a271bb4470a5f5fc777e5b8c03 - - default default] 10.0.0.47 "GET /v2.0/security-groups/d2eaae70-9093-4312-aa03-94d5d241334e HTTP/1.1" status: 200 len: 1857 time: 0.0393534
2026-05-20 18:46:38.132 9 INFO neutron.api.wsgi [None req-645cafcf-1af7-4ba2-8c1a-a7e680e2a617 ed63f965d1434a739c894b16caafdb8b 1df67958b4a44099b7b5d529c2cf1640 - - default default] 10.0.0.47 "GET /v2.0/trunks?not-tags-any=blue HTTP/1.1" status: 200 len: 1419 time: 0.0195110
2026-05-20 18:46:38.146 10 INFO neutron.api.wsgi [req-acdfc3a2-6665-466a-a1ad-2af693840d47 req-172dd3e2-8ae9-4cd9-b9a3-9d2e04641be6 33f6d37ecef94ed2a52685ea37800ee0 337228ddd44a4c25b48d128c544acf96 - - default default] 10.0.0.131 "GET /v2.0/ports?device_id=9fd109c2-c8a0-4269-b185-97ba94a9b1ff HTTP/1.1" status: 200 len: 1168 time: 0.0851796
2026-05-20 18:46:38.148 9 INFO neutron.db.ovn_revision_numbers_db [None req-02454203-ebb3-401a-be2b-68cc3ee0bf97 0312112811ac417b9d376e2520a53faf 336652c691b14729bd0e604ba70bfade - - default default] Successfully bumped revision number for resource fcda58ce-3249-4f35-84a6-13478b385fee (type: security_group_rules) to 0
2026-05-20 18:46:38.156 9 INFO neutron.api.wsgi [None req-5feeb4d3-d662-4c0e-b5e0-d657858879ed ed63f965d1434a739c894b16caafdb8b 1df67958b4a44099b7b5d529c2cf1640 - - default default] 10.0.0.47 "GET /v2.0/trunks?not-tags-any=red%2Cblue HTTP/1.1" status: 200 len: 1013 time: 0.0171371
2026-05-20 18:46:38.178 10 INFO neutron.api.wsgi [None req-9677ed77-30a9-4cd1-bf33-58261adb78aa ed63f965d1434a739c894b16caafdb8b 1df67958b4a44099b7b5d529c2cf1640 - - default default] 10.0.0.47 "GET /v2.0/trunks/d623ada1-4430-4745-85f9-803d086f9cce HTTP/1.1" status: 200 len: 608 time: 0.0157208
2026-05-20 18:46:38.204 10 INFO neutron.api.wsgi [req-acdfc3a2-6665-466a-a1ad-2af693840d47 req-40dd9079-7537-47f7-b934-0f22bd126009 33f6d37ecef94ed2a52685ea37800ee0 337228ddd44a4c25b48d128c544acf96 - - default default] 10.0.0.131 "GET /v2.0/security-groups?id=02aeedb0-1fc2-4a07-9d9f-b930163326b7&fields=id&fields=name HTTP/1.1" status: 200 len: 312 time: 0.0523160
2026-05-20 18:46:38.285 9 INFO neutron.api.wsgi [None req-1dedb557-8289-456e-862c-25473551b6f1 ed63f965d1434a739c894b16caafdb8b 1df67958b4a44099b7b5d529c2cf1640 - - default default] 10.0.0.47 "GET /v2.0/ports/7a3f0400-e2aa-4e1b-84e5-f77e305a92e1 HTTP/1.1" status: 200 len: 1020 time: 0.0987520
2026-05-20 18:46:38.294 9 INFO neutron.api.wsgi [None req-962cfd2a-a6cf-427d-927b-db6f01a82d40 12d8bbc758eb4b2cb894392d9c41b8e7 8e0145a271bb4470a5f5fc777e5b8c03 - - default default] 10.0.0.47 "DELETE /v2.0/security-groups/d2eaae70-9093-4312-aa03-94d5d241334e HTTP/1.1" status: 204 len: 168 time: 0.1557236
2026-05-20 18:46:38.302 9 INFO neutron.db.ovn_revision_numbers_db [None req-02454203-ebb3-401a-be2b-68cc3ee0bf97 0312112811ac417b9d376e2520a53faf 336652c691b14729bd0e604ba70bfade - - default default] Successfully bumped revision number for resource a3767cb0-2d6f-4f8c-b51d-c3c2be1645b7 (type: security_groups) to 1
2026-05-20 18:46:38.318 9 INFO neutron.db.ovn_revision_numbers_db [None req-02454203-ebb3-401a-be2b-68cc3ee0bf97 0312112811ac417b9d376e2520a53faf 336652c691b14729bd0e604ba70bfade - - default default] Successfully bumped revision number for resource 04a955cc-46fe-42cc-816f-9e967c3d2498 (type: security_group_rules) to 0
2026-05-20 18:46:38.334 9 INFO neutron.api.wsgi [None req-2f8295bf-9cd3-47b2-9f5e-bc7f1f0b0cca 12d8bbc758eb4b2cb894392d9c41b8e7 8e0145a271bb4470a5f5fc777e5b8c03 - - default default] 10.0.0.47 "GET /v2.0/security-groups HTTP/1.1" status: 200 len: 3120 time: 0.0356507
2026-05-20 18:46:38.343 9 INFO neutron.db.ovn_revision_numbers_db [None req-02454203-ebb3-401a-be2b-68cc3ee0bf97 0312112811ac417b9d376e2520a53faf 336652c691b14729bd0e604ba70bfade - - default default] Successfully bumped revision number for resource 58c24fef-2b56-48bf-9a53-7bbbb5b358c1 (type: security_group_rules) to 0
2026-05-20 18:46:38.356 9 INFO neutron.api.v2.resource [None req-d146110d-35ae-4b24-90e5-14daae6e3012 12d8bbc758eb4b2cb894392d9c41b8e7 8e0145a271bb4470a5f5fc777e5b8c03 - - default default] delete failed (client error): The resource could not be found.
2026-05-20 18:46:38.357 9 INFO neutron.api.wsgi [None req-d146110d-35ae-4b24-90e5-14daae6e3012 12d8bbc758eb4b2cb894392d9c41b8e7 8e0145a271bb4470a5f5fc777e5b8c03 - - default default] 10.0.0.47 "DELETE /v2.0/security-groups/d2eaae70-9093-4312-aa03-94d5d241334e HTTP/1.1" status: 404 len: 347 time: 0.0161083
2026-05-20 18:46:38.370 9 WARNING neutron_lib.context [None req-bfa4b3d5-b76c-4414-b7b2-b11997ab2567 12d8bbc758eb4b2cb894392d9c41b8e7 8e0145a271bb4470a5f5fc777e5b8c03 - - default default] Method 'is_advsvc' is deprecated since 2023.2 release (neutron-lib 3.8.0) and will be removed once support for the old RBAC API policies will be removed from Neutron. Please use method 'is_service_role' instead.
2026-05-20 18:46:38.381 9 INFO neutron.api.wsgi [None req-02454203-ebb3-401a-be2b-68cc3ee0bf97 0312112811ac417b9d376e2520a53faf 336652c691b14729bd0e604ba70bfade - - default default] 10.0.0.47 "POST /v2.0/security-groups HTTP/1.1" status: 201 len: 1825 time: 0.6585991
2026-05-20 18:46:38.387 10 INFO neutron.api.wsgi [None req-d3c5d923-2703-475c-a9e5-cff2c1b57dc9 ed63f965d1434a739c894b16caafdb8b 1df67958b4a44099b7b5d529c2cf1640 - - default default] 10.0.0.47 "DELETE /v2.0/trunks/d623ada1-4430-4745-85f9-803d086f9cce HTTP/1.1" status: 204 len: 168 time: 0.0967276
2026-05-20 18:46:38.406 10 INFO neutron.api.wsgi [None req-91234720-3268-4083-9361-d32feccfe6d5 ed63f965d1434a739c894b16caafdb8b 1df67958b4a44099b7b5d529c2cf1640 - - default default] 10.0.0.47 "GET /v2.0/trunks/4fd80fd1-c27e-47f8-ad8b-71eae8334757 HTTP/1.1" status: 200 len: 616 time: 0.0141282
2026-05-20 18:46:38.416 9 INFO neutron.api.wsgi [None req-9db77c7b-d3a9-41f7-b695-20ef3cc53f7a 0312112811ac417b9d376e2520a53faf 336652c691b14729bd0e604ba70bfade - - default default] 10.0.0.47 "GET /v2.0/security-groups HTTP/1.1" status: 200 len: 4725 time: 0.0304732
2026-05-20 18:46:38.481 10 INFO neutron.api.wsgi [None req-ecf85bcd-df5b-4922-baa9-e191b8fc0260 ed63f965d1434a739c894b16caafdb8b 1df67958b4a44099b7b5d529c2cf1640 - - default default] 10.0.0.47 "GET /v2.0/ports/700a7dbd-979c-42b3-b518-23b411f80d82 HTTP/1.1" status: 200 len: 1020 time: 0.0717921
2026-05-20 18:46:38.484 9 INFO neutron.db.ovn_revision_numbers_db [None req-bfa4b3d5-b76c-4414-b7b2-b11997ab2567 12d8bbc758eb4b2cb894392d9c41b8e7 8e0145a271bb4470a5f5fc777e5b8c03 - - default default] Successfully bumped revision number for resource 15ba4ed0-8199-45ad-be08-360bf82f1737 (type: security_groups) to 1
2026-05-20 18:46:38.490 9 INFO neutron.db.ovn_revision_numbers_db [None req-2a173f06-2a0d-4729-b816-22db4d07b394 0312112811ac417b9d376e2520a53faf 336652c691b14729bd0e604ba70bfade - - default default] Successfully bumped revision number for resource a3767cb0-2d6f-4f8c-b51d-c3c2be1645b7 (type: security_groups) to 2
2026-05-20 18:46:38.495 9 INFO neutron.db.ovn_revision_numbers_db [None req-bfa4b3d5-b76c-4414-b7b2-b11997ab2567 12d8bbc758eb4b2cb894392d9c41b8e7 8e0145a271bb4470a5f5fc777e5b8c03 - - default default] Successfully bumped revision number for resource cea840a5-c2e8-47e1-ab25-0d5c54cfed23 (type: security_group_rules) to 0
2026-05-20 18:46:38.510 9 INFO neutron.api.wsgi [None req-2a173f06-2a0d-4729-b816-22db4d07b394 0312112811ac417b9d376e2520a53faf 336652c691b14729bd0e604ba70bfade - - default default] 10.0.0.47 "PUT /v2.0/security-groups/a3767cb0-2d6f-4f8c-b51d-c3c2be1645b7 HTTP/1.1" status: 200 len: 1857 time: 0.0903254
2026-05-20 18:46:38.511 9 INFO neutron.db.ovn_revision_numbers_db [None req-bfa4b3d5-b76c-4414-b7b2-b11997ab2567 12d8bbc758eb4b2cb894392d9c41b8e7 8e0145a271bb4470a5f5fc777e5b8c03 - - default default] Successfully bumped revision number for resource edcd2afd-442f-40d3-86ea-d283be552ca8 (type: security_group_rules) to 0
2026-05-20 18:46:38.537 9 INFO neutron.api.wsgi [None req-a5e7e704-a59e-4b61-bfc5-b554ddeea515 0312112811ac417b9d376e2520a53faf 336652c691b14729bd0e604ba70bfade - - default default] 10.0.0.47 "GET /v2.0/security-groups/a3767cb0-2d6f-4f8c-b51d-c3c2be1645b7 HTTP/1.1" status: 200 len: 1857 time: 0.0211818
2026-05-20 18:46:38.546 9 INFO neutron.api.wsgi [None req-bfa4b3d5-b76c-4414-b7b2-b11997ab2567 12d8bbc758eb4b2cb894392d9c41b8e7 8e0145a271bb4470a5f5fc777e5b8c03 - - default default] 10.0.0.47 "POST /v2.0/security-groups HTTP/1.1" status: 201 len: 1824 time: 0.1807227
2026-05-20 18:46:38.555 10 WARNING neutron_lib.context [None req-3eef83e7-b9eb-41cd-b3b5-5bc635abc32c 12d8bbc758eb4b2cb894392d9c41b8e7 8e0145a271bb4470a5f5fc777e5b8c03 - - default default] Method 'is_advsvc' is deprecated since 2023.2 release (neutron-lib 3.8.0) and will be removed once support for the old RBAC API policies will be removed from Neutron. Please use method 'is_service_role' instead.
2026-05-20 18:46:38.564 10 INFO neutron.api.wsgi [None req-1bc2e3c1-700d-4e5c-a788-2df5e9b02bec ed63f965d1434a739c894b16caafdb8b 1df67958b4a44099b7b5d529c2cf1640 - - default default] 10.0.0.47 "DELETE /v2.0/trunks/4fd80fd1-c27e-47f8-ad8b-71eae8334757 HTTP/1.1" status: 204 len: 168 time: 0.0775681
2026-05-20 18:46:38.586 10 INFO neutron.api.wsgi [None req-65a8faa3-e489-4555-ab88-15dab21e23a7 ed63f965d1434a739c894b16caafdb8b 1df67958b4a44099b7b5d529c2cf1640 - - default default] 10.0.0.47 "GET /v2.0/trunks/160d6ea2-3506-4538-91bf-e93cd128cbba HTTP/1.1" status: 200 len: 625 time: 0.0180211
2026-05-20 18:46:38.650 9 INFO neutron.api.wsgi [None req-e7efe168-da54-4eaa-8d3e-bb52d863f9d5 0312112811ac417b9d376e2520a53faf 336652c691b14729bd0e604ba70bfade - - default default] 10.0.0.47 "DELETE /v2.0/security-groups/a3767cb0-2d6f-4f8c-b51d-c3c2be1645b7 HTTP/1.1" status: 204 len: 168 time: 0.1072562
2026-05-20 18:46:38.654 9 INFO neutron.api.wsgi [None req-82bf81f4-1ad6-4fce-9827-ee9b96d5f19b ed63f965d1434a739c894b16caafdb8b 1df67958b4a44099b7b5d529c2cf1640 - - default default] 10.0.0.47 "GET /v2.0/ports/5d42ed43-71b8-464a-90a1-11e635212a2d HTTP/1.1" status: 200 len: 1020 time: 0.0619240
2026-05-20 18:46:38.683 10 INFO neutron.db.ovn_revision_numbers_db [None req-3eef83e7-b9eb-41cd-b3b5-5bc635abc32c 12d8bbc758eb4b2cb894392d9c41b8e7 8e0145a271bb4470a5f5fc777e5b8c03 - - default default] Successfully bumped revision number for resource a5803360-077a-4d3d-8e7a-f6a82e004323 (type: security_group_rules) to 0
2026-05-20 18:46:38.694 9 INFO neutron.api.wsgi [None req-afd982b4-bd0d-406c-b23b-d86f90dcef94 0312112811ac417b9d376e2520a53faf 336652c691b14729bd0e604ba70bfade - - default default] 10.0.0.47 "GET /v2.0/security-groups HTTP/1.1" status: 200 len: 3120 time: 0.0384643
2026-05-20 18:46:38.707 9 INFO neutron.api.v2.resource [None req-3d04164c-fd56-4d0c-b127-928caa5505fd 0312112811ac417b9d376e2520a53faf 336652c691b14729bd0e604ba70bfade - - default default] delete failed (client error): The resource could not be found.
2026-05-20 18:46:38.707 9 INFO neutron.api.wsgi [None req-3d04164c-fd56-4d0c-b127-928caa5505fd 0312112811ac417b9d376e2520a53faf 336652c691b14729bd0e604ba70bfade - - default default] 10.0.0.47 "DELETE /v2.0/security-groups/a3767cb0-2d6f-4f8c-b51d-c3c2be1645b7 HTTP/1.1" status: 404 len: 347 time: 0.0085499
2026-05-20 18:46:38.717 10 INFO neutron.api.wsgi [None req-3eef83e7-b9eb-41cd-b3b5-5bc635abc32c 12d8bbc758eb4b2cb894392d9c41b8e7 8e0145a271bb4470a5f5fc777e5b8c03 - - default default] 10.0.0.47 "POST /v2.0/security-group-rules HTTP/1.1" status: 201 len: 800 time: 0.1682069
