Apr 27 14:22:27.972419 np0000170601 systemd[1]: Starting devstack@n-api.service - Devstack devstack@n-api.service...
Apr 27 14:22:27.982277 np0000170601 devstack@n-api.service[101024]: [uWSGI] getting INI configuration from /etc/nova/nova-api-uwsgi.ini
Apr 27 14:22:27.982963 np0000170601 devstack@n-api.service[101024]: open("./http_plugin.so"): No such file or directory [core/utils.c line 3709]
Apr 27 14:22:27.982963 np0000170601 devstack@n-api.service[101024]: !!! UNABLE to load uWSGI plugin: ./http_plugin.so: cannot open shared object file: No such file or directory !!!
Apr 27 14:22:27.982963 np0000170601 devstack@n-api.service[101024]: open("./python3_plugin.so"): No such file or directory [core/utils.c line 3709]
Apr 27 14:22:27.982963 np0000170601 devstack@n-api.service[101024]: !!! UNABLE to load uWSGI plugin: ./python3_plugin.so: cannot open shared object file: No such file or directory !!!
Apr 27 14:22:27.982963 np0000170601 devstack@n-api.service[101024]: *** Starting uWSGI 2.0.31 (64bit) on [Mon Apr 27 14:22:27 2026] ***
Apr 27 14:22:27.982963 np0000170601 devstack@n-api.service[101024]: compiled with version: 13.3.0 on 27 April 2026 14:12:41
Apr 27 14:22:27.982963 np0000170601 devstack@n-api.service[101024]: os: Linux-6.8.0-110-generic #110-Ubuntu SMP PREEMPT_DYNAMIC Thu Mar 19 15:09:20 UTC 2026
Apr 27 14:22:27.982963 np0000170601 devstack@n-api.service[101024]: nodename: np0000170601
Apr 27 14:22:27.982963 np0000170601 devstack@n-api.service[101024]: machine: x86_64
Apr 27 14:22:27.982963 np0000170601 devstack@n-api.service[101024]: clock source: unix
Apr 27 14:22:27.982963 np0000170601 devstack@n-api.service[101024]: pcre jit disabled
Apr 27 14:22:27.982963 np0000170601 devstack@n-api.service[101024]: detected number of CPU cores: 16
Apr 27 14:22:27.982963 np0000170601 devstack@n-api.service[101024]: current working directory: /
Apr 27 14:22:27.982963 np0000170601 devstack@n-api.service[101024]: detected binary path: /opt/stack/data/venv/bin/uwsgi
Apr 27 14:22:27.982963 np0000170601 devstack@n-api.service[101024]: your processes number limit is 256917
Apr 27 14:22:27.982963 np0000170601 devstack@n-api.service[101024]: your memory page size is 4096 bytes
Apr 27 14:22:27.982963 np0000170601 devstack@n-api.service[101024]: detected max file descriptor number: 2048
Apr 27 14:22:27.982963 np0000170601 devstack@n-api.service[101024]: lock engine: pthread robust mutexes
Apr 27 14:22:27.982963 np0000170601 devstack@n-api.service[101024]: thunder lock: enabled
Apr 27 14:22:27.983911 np0000170601 devstack@n-api.service[101024]: uwsgi socket 0 bound to UNIX address /var/run/uwsgi/nova-api.socket fd 4
Apr 27 14:22:27.983911 np0000170601 devstack@n-api.service[101024]: Python version: 3.12.3 (main, Mar 23 2026, 19:04:32) [GCC 13.3.0]
Apr 27 14:22:27.983911 np0000170601 devstack@n-api.service[101024]: PEP 405 virtualenv detected: /opt/stack/data/venv
Apr 27 14:22:27.983911 np0000170601 devstack@n-api.service[101024]: Set PythonHome to /opt/stack/data/venv
Apr 27 14:22:28.021287 np0000170601 devstack@n-api.service[101024]: Python main interpreter initialized at 0x765e22ca3668
Apr 27 14:22:28.021287 np0000170601 devstack@n-api.service[101024]: python threads support enabled
Apr 27 14:22:28.021287 np0000170601 devstack@n-api.service[101024]: your server socket listen backlog is limited to 100 connections
Apr 27 14:22:28.021287 np0000170601 devstack@n-api.service[101024]: your mercy for graceful operations on workers is 80 seconds
Apr 27 14:22:28.021886 np0000170601 devstack@n-api.service[101024]: mapped 671795 bytes (656 KB) for 4 cores
Apr 27 14:22:28.022125 np0000170601 devstack@n-api.service[101024]: *** Operational MODE: preforking ***
Apr 27 14:22:28.022345 np0000170601 devstack@n-api.service[101024]: *** uWSGI is running in multiple interpreter mode ***
Apr 27 14:22:28.022345 np0000170601 devstack@n-api.service[101024]: spawned uWSGI master process (pid: 101024)
Apr 27 14:22:28.022511 np0000170601 systemd[1]: Started devstack@n-api.service - Devstack devstack@n-api.service.
Apr 27 14:22:28.023217 np0000170601 devstack@n-api.service[101024]: spawned uWSGI worker 1 (pid: 101025, cores: 1)
Apr 27 14:22:28.023485 np0000170601 devstack@n-api.service[101024]: spawned uWSGI worker 2 (pid: 101026, cores: 1)
Apr 27 14:22:28.023952 np0000170601 devstack@n-api.service[101024]: spawned uWSGI worker 3 (pid: 101027, cores: 1)
Apr 27 14:22:28.024434 np0000170601 devstack@n-api.service[101024]: spawned uWSGI worker 4 (pid: 101028, cores: 1)
Apr 27 14:22:28.024434 np0000170601 devstack@n-api.service[101024]: running "unix_signal:15 gracefully_kill_them_all" (master-start)...
Apr 27 14:22:28.340368 np0000170601 devstack@n-api.service[101025]: /opt/stack/data/venv/lib/python3.12/site-packages/oslo_concurrency/lockutils.py:41: EventletDeprecationWarning:
Apr 27 14:22:28.340368 np0000170601 devstack@n-api.service[101025]: Eventlet is deprecated. It is currently being maintained in bugfix mode, and
Apr 27 14:22:28.340368 np0000170601 devstack@n-api.service[101025]: we strongly recommend against using it for new projects.
Apr 27 14:22:28.340368 np0000170601 devstack@n-api.service[101025]: If you are already using Eventlet, we recommend migrating to a different
Apr 27 14:22:28.340368 np0000170601 devstack@n-api.service[101025]: framework. For more detail see
Apr 27 14:22:28.340368 np0000170601 devstack@n-api.service[101025]: https://eventlet.readthedocs.io/en/latest/asyncio/migration.html
Apr 27 14:22:28.340368 np0000170601 devstack@n-api.service[101025]: import eventlet
Apr 27 14:22:28.354846 np0000170601 devstack@n-api.service[101028]: /opt/stack/data/venv/lib/python3.12/site-packages/oslo_concurrency/lockutils.py:41: EventletDeprecationWarning:
Apr 27 14:22:28.354846 np0000170601 devstack@n-api.service[101028]: Eventlet is deprecated. It is currently being maintained in bugfix mode, and
Apr 27 14:22:28.354846 np0000170601 devstack@n-api.service[101028]: we strongly recommend against using it for new projects.
Apr 27 14:22:28.354846 np0000170601 devstack@n-api.service[101028]: If you are already using Eventlet, we recommend migrating to a different
Apr 27 14:22:28.354846 np0000170601 devstack@n-api.service[101028]: framework. For more detail see
Apr 27 14:22:28.354846 np0000170601 devstack@n-api.service[101028]: https://eventlet.readthedocs.io/en/latest/asyncio/migration.html
Apr 27 14:22:28.354846 np0000170601 devstack@n-api.service[101028]: import eventlet
Apr 27 14:22:28.356745 np0000170601 devstack@n-api.service[101027]: /opt/stack/data/venv/lib/python3.12/site-packages/oslo_concurrency/lockutils.py:41: EventletDeprecationWarning:
Apr 27 14:22:28.356745 np0000170601 devstack@n-api.service[101027]: Eventlet is deprecated. It is currently being maintained in bugfix mode, and
Apr 27 14:22:28.356745 np0000170601 devstack@n-api.service[101027]: we strongly recommend against using it for new projects.
Apr 27 14:22:28.356745 np0000170601 devstack@n-api.service[101027]: If you are already using Eventlet, we recommend migrating to a different
Apr 27 14:22:28.356745 np0000170601 devstack@n-api.service[101027]: framework. For more detail see
Apr 27 14:22:28.356745 np0000170601 devstack@n-api.service[101027]: https://eventlet.readthedocs.io/en/latest/asyncio/migration.html
Apr 27 14:22:28.356745 np0000170601 devstack@n-api.service[101027]: import eventlet
Apr 27 14:22:28.359816 np0000170601 devstack@n-api.service[101026]: /opt/stack/data/venv/lib/python3.12/site-packages/oslo_concurrency/lockutils.py:41: EventletDeprecationWarning:
Apr 27 14:22:28.359816 np0000170601 devstack@n-api.service[101026]: Eventlet is deprecated. It is currently being maintained in bugfix mode, and
Apr 27 14:22:28.359816 np0000170601 devstack@n-api.service[101026]: we strongly recommend against using it for new projects.
Apr 27 14:22:28.359816 np0000170601 devstack@n-api.service[101026]: If you are already using Eventlet, we recommend migrating to a different
Apr 27 14:22:28.359816 np0000170601 devstack@n-api.service[101026]: framework. For more detail see
Apr 27 14:22:28.359816 np0000170601 devstack@n-api.service[101026]: https://eventlet.readthedocs.io/en/latest/asyncio/migration.html
Apr 27 14:22:28.359816 np0000170601 devstack@n-api.service[101026]: import eventlet
Apr 27 14:22:28.386397 np0000170601 devstack@n-api.service[101025]: Service is starting with native threading. This is currently experimental. Do not use it in production without first testing it in pre-production.
Apr 27 14:22:28.401513 np0000170601 devstack@n-api.service[101028]: Service is starting with native threading. This is currently experimental. Do not use it in production without first testing it in pre-production.
Apr 27 14:22:28.406828 np0000170601 devstack@n-api.service[101026]: Service is starting with native threading. This is currently experimental. Do not use it in production without first testing it in pre-production.
Apr 27 14:22:28.409835 np0000170601 devstack@n-api.service[101027]: Service is starting with native threading. This is currently experimental. Do not use it in production without first testing it in pre-production.
Apr 27 14:22:30.518434 np0000170601 devstack@n-api.service[101028]: INFO dbcounter [None req-bbc3c102-5ebb-4018-8273-5686864df5b2 None None] Registered counter for database nova_api
Apr 27 14:22:30.519212 np0000170601 devstack@n-api.service[101026]: INFO dbcounter [None req-80033518-ecde-4409-a15a-9e00a6ea6ac2 None None] Registered counter for database nova_api
Apr 27 14:22:30.534042 np0000170601 devstack@n-api.service[101028]: DEBUG oslo_db.sqlalchemy.engines [None req-bbc3c102-5ebb-4018-8273-5686864df5b2 None None] MySQL server mode set to STRICT_TRANS_TABLES,STRICT_ALL_TABLES,NO_ZERO_IN_DATE,NO_ZERO_DATE,ERROR_FOR_DIVISION_BY_ZERO,TRADITIONAL,NO_ENGINE_SUBSTITUTION {{(pid=101028) _check_effective_sql_mode /opt/stack/data/venv/lib/python3.12/site-packages/oslo_db/sqlalchemy/engines.py:325}}
Apr 27 14:22:30.535909 np0000170601 devstack@n-api.service[101026]: DEBUG oslo_db.sqlalchemy.engines [None req-80033518-ecde-4409-a15a-9e00a6ea6ac2 None None] MySQL server mode set to STRICT_TRANS_TABLES,STRICT_ALL_TABLES,NO_ZERO_IN_DATE,NO_ZERO_DATE,ERROR_FOR_DIVISION_BY_ZERO,TRADITIONAL,NO_ENGINE_SUBSTITUTION {{(pid=101026) _check_effective_sql_mode /opt/stack/data/venv/lib/python3.12/site-packages/oslo_db/sqlalchemy/engines.py:325}}
Apr 27 14:22:30.568211 np0000170601 devstack@n-api.service[101028]: DEBUG dbcounter [-] [101028] Writer thread running {{(pid=101028) stat_writer /opt/stack/data/venv/lib/python3.12/site-packages/dbcounter.py:102}}
Apr 27 14:22:30.569143 np0000170601 devstack@n-api.service[101026]: DEBUG dbcounter [-] [101026] Writer thread running {{(pid=101026) stat_writer /opt/stack/data/venv/lib/python3.12/site-packages/dbcounter.py:102}}
Apr 27 14:22:30.570533 np0000170601 devstack@n-api.service[101028]: DEBUG nova.context [None req-bbc3c102-5ebb-4018-8273-5686864df5b2 None None] Found 2 cells: 00000000-0000-0000-0000-000000000000(cell0),4d353940-5f53-472d-90f9-59dabe9c71a8(cell1) {{(pid=101028) load_cells /opt/stack/nova/nova/context.py:509}}
Apr 27 14:22:30.570762 np0000170601 devstack@n-api.service[101028]: INFO nova.utils [None req-bbc3c102-5ebb-4018-8273-5686864df5b2 None None] The cell worker thread pool MainProcess.cell_worker is initialized
Apr 27 14:22:30.571636 np0000170601 devstack@n-api.service[101026]: DEBUG nova.context [None req-80033518-ecde-4409-a15a-9e00a6ea6ac2 None None] Found 2 cells: 00000000-0000-0000-0000-000000000000(cell0),4d353940-5f53-472d-90f9-59dabe9c71a8(cell1) {{(pid=101026) load_cells /opt/stack/nova/nova/context.py:509}}
Apr 27 14:22:30.571916 np0000170601 devstack@n-api.service[101026]: INFO nova.utils [None req-80033518-ecde-4409-a15a-9e00a6ea6ac2 None None] The cell worker thread pool MainProcess.cell_worker is initialized
Apr 27 14:22:30.572611 np0000170601 devstack@n-api.service[101028]: DEBUG oslo_concurrency.lockutils [None req-bbc3c102-5ebb-4018-8273-5686864df5b2 None None] Acquiring lock "00000000-0000-0000-0000-000000000000" by "nova.context.set_target_cell..get_or_set_cached_cell_and_set_connections" {{(pid=101028) inner /opt/stack/data/venv/lib/python3.12/site-packages/oslo_concurrency/lockutils.py:506}}
Apr 27 14:22:30.572783 np0000170601 devstack@n-api.service[101028]: DEBUG oslo_concurrency.lockutils [None req-bbc3c102-5ebb-4018-8273-5686864df5b2 None None] Lock "00000000-0000-0000-0000-000000000000" acquired by "nova.context.set_target_cell..get_or_set_cached_cell_and_set_connections" :: waited 0.000s {{(pid=101028) inner /opt/stack/data/venv/lib/python3.12/site-packages/oslo_concurrency/lockutils.py:519}}
Apr 27 14:22:30.573173 np0000170601 devstack@n-api.service[101028]: DEBUG oslo_concurrency.lockutils [None req-bbc3c102-5ebb-4018-8273-5686864df5b2 None None] Lock "00000000-0000-0000-0000-000000000000" "released" by "nova.context.set_target_cell..get_or_set_cached_cell_and_set_connections" :: held 0.000s {{(pid=101028) inner /opt/stack/data/venv/lib/python3.12/site-packages/oslo_concurrency/lockutils.py:538}}
Apr 27 14:22:30.573660 np0000170601 devstack@n-api.service[101026]: DEBUG oslo_concurrency.lockutils [None req-80033518-ecde-4409-a15a-9e00a6ea6ac2 None None] Acquiring lock "00000000-0000-0000-0000-000000000000" by "nova.context.set_target_cell..get_or_set_cached_cell_and_set_connections" {{(pid=101026) inner /opt/stack/data/venv/lib/python3.12/site-packages/oslo_concurrency/lockutils.py:506}}
Apr 27 14:22:30.573865 np0000170601 devstack@n-api.service[101026]: DEBUG oslo_concurrency.lockutils [None req-80033518-ecde-4409-a15a-9e00a6ea6ac2 None None] Lock "00000000-0000-0000-0000-000000000000" acquired by "nova.context.set_target_cell..get_or_set_cached_cell_and_set_connections" :: waited 0.000s {{(pid=101026) inner /opt/stack/data/venv/lib/python3.12/site-packages/oslo_concurrency/lockutils.py:519}}
Apr 27 14:22:30.574025 np0000170601 devstack@n-api.service[101028]: DEBUG oslo_concurrency.lockutils [None req-bbc3c102-5ebb-4018-8273-5686864df5b2 None None] Acquiring lock "4d353940-5f53-472d-90f9-59dabe9c71a8" by "nova.context.set_target_cell..get_or_set_cached_cell_and_set_connections" {{(pid=101028) inner /opt/stack/data/venv/lib/python3.12/site-packages/oslo_concurrency/lockutils.py:506}}
Apr 27 14:22:30.574157 np0000170601 devstack@n-api.service[101028]: DEBUG oslo_concurrency.lockutils [None req-bbc3c102-5ebb-4018-8273-5686864df5b2 None None] Lock "4d353940-5f53-472d-90f9-59dabe9c71a8" acquired by "nova.context.set_target_cell..get_or_set_cached_cell_and_set_connections" :: waited 0.000s {{(pid=101028) inner /opt/stack/data/venv/lib/python3.12/site-packages/oslo_concurrency/lockutils.py:519}}
Apr 27 14:22:30.574225 np0000170601 devstack@n-api.service[101026]: DEBUG oslo_concurrency.lockutils [None req-80033518-ecde-4409-a15a-9e00a6ea6ac2 None None] Lock "00000000-0000-0000-0000-000000000000" "released" by "nova.context.set_target_cell..get_or_set_cached_cell_and_set_connections" :: held 0.000s {{(pid=101026) inner /opt/stack/data/venv/lib/python3.12/site-packages/oslo_concurrency/lockutils.py:538}}
Apr 27 14:22:30.575072 np0000170601 devstack@n-api.service[101028]: DEBUG oslo_concurrency.lockutils [None req-bbc3c102-5ebb-4018-8273-5686864df5b2 None None] Lock "4d353940-5f53-472d-90f9-59dabe9c71a8" "released" by "nova.context.set_target_cell..get_or_set_cached_cell_and_set_connections" :: held 0.001s {{(pid=101028) inner /opt/stack/data/venv/lib/python3.12/site-packages/oslo_concurrency/lockutils.py:538}}
Apr 27 14:22:30.575166 np0000170601 devstack@n-api.service[101026]: DEBUG oslo_concurrency.lockutils [None req-80033518-ecde-4409-a15a-9e00a6ea6ac2 None None] Acquiring lock "4d353940-5f53-472d-90f9-59dabe9c71a8" by "nova.context.set_target_cell..get_or_set_cached_cell_and_set_connections" {{(pid=101026) inner /opt/stack/data/venv/lib/python3.12/site-packages/oslo_concurrency/lockutils.py:506}}
Apr 27 14:22:30.575360 np0000170601 devstack@n-api.service[101026]: DEBUG oslo_concurrency.lockutils [None req-80033518-ecde-4409-a15a-9e00a6ea6ac2 None None] Lock "4d353940-5f53-472d-90f9-59dabe9c71a8" acquired by "nova.context.set_target_cell..get_or_set_cached_cell_and_set_connections" :: waited 0.000s {{(pid=101026) inner /opt/stack/data/venv/lib/python3.12/site-packages/oslo_concurrency/lockutils.py:519}}
Apr 27 14:22:30.576237 np0000170601 devstack@n-api.service[101026]: DEBUG oslo_concurrency.lockutils [None req-80033518-ecde-4409-a15a-9e00a6ea6ac2 None None] Lock "4d353940-5f53-472d-90f9-59dabe9c71a8" "released" by "nova.context.set_target_cell..get_or_set_cached_cell_and_set_connections" :: held 0.001s {{(pid=101026) inner /opt/stack/data/venv/lib/python3.12/site-packages/oslo_concurrency/lockutils.py:538}}
Apr 27 14:22:30.578195 np0000170601 devstack@n-api.service[101028]: INFO dbcounter [None req-bbc3c102-5ebb-4018-8273-5686864df5b2 None None] Registered counter for database nova_cell0
Apr 27 14:22:30.579890 np0000170601 devstack@n-api.service[101026]: INFO dbcounter [None req-80033518-ecde-4409-a15a-9e00a6ea6ac2 None None] Registered counter for database nova_cell0
Apr 27 14:22:30.583828 np0000170601 devstack@n-api.service[101025]: INFO dbcounter [None req-d1b3a987-725c-4e70-ab87-5b7e0787ec69 None None] Registered counter for database nova_api
Apr 27 14:22:30.585358 np0000170601 devstack@n-api.service[101026]: INFO dbcounter [None req-80033518-ecde-4409-a15a-9e00a6ea6ac2 None None] Registered counter for database nova_cell1
Apr 27 14:22:30.586180 np0000170601 devstack@n-api.service[101028]: INFO dbcounter [None req-bbc3c102-5ebb-4018-8273-5686864df5b2 None None] Registered counter for database nova_cell1
Apr 27 14:22:30.593271 np0000170601 devstack@n-api.service[101027]: INFO dbcounter [None req-effb31f8-5e15-4c94-9124-be735357d50c None None] Registered counter for database nova_api
Apr 27 14:22:30.594260 np0000170601 devstack@n-api.service[101026]: DEBUG oslo_db.sqlalchemy.engines [None req-80033518-ecde-4409-a15a-9e00a6ea6ac2 None None] MySQL server mode set to STRICT_TRANS_TABLES,STRICT_ALL_TABLES,NO_ZERO_IN_DATE,NO_ZERO_DATE,ERROR_FOR_DIVISION_BY_ZERO,TRADITIONAL,NO_ENGINE_SUBSTITUTION {{(pid=101026) _check_effective_sql_mode /opt/stack/data/venv/lib/python3.12/site-packages/oslo_db/sqlalchemy/engines.py:325}}
Apr 27 14:22:30.599699 np0000170601 devstack@n-api.service[101028]: DEBUG oslo_db.sqlalchemy.engines [None req-bbc3c102-5ebb-4018-8273-5686864df5b2 None None] MySQL server mode set to STRICT_TRANS_TABLES,STRICT_ALL_TABLES,NO_ZERO_IN_DATE,NO_ZERO_DATE,ERROR_FOR_DIVISION_BY_ZERO,TRADITIONAL,NO_ENGINE_SUBSTITUTION {{(pid=101028) _check_effective_sql_mode /opt/stack/data/venv/lib/python3.12/site-packages/oslo_db/sqlalchemy/engines.py:325}}
Apr 27 14:22:30.611023 np0000170601 devstack@n-api.service[101025]: DEBUG oslo_db.sqlalchemy.engines [None req-d1b3a987-725c-4e70-ab87-5b7e0787ec69 None None] MySQL server mode set to STRICT_TRANS_TABLES,STRICT_ALL_TABLES,NO_ZERO_IN_DATE,NO_ZERO_DATE,ERROR_FOR_DIVISION_BY_ZERO,TRADITIONAL,NO_ENGINE_SUBSTITUTION {{(pid=101025) _check_effective_sql_mode /opt/stack/data/venv/lib/python3.12/site-packages/oslo_db/sqlalchemy/engines.py:325}}
Apr 27 14:22:30.621102 np0000170601 devstack@n-api.service[101026]: DEBUG oslo_db.sqlalchemy.engines [None req-80033518-ecde-4409-a15a-9e00a6ea6ac2 None None] MySQL server mode set to STRICT_TRANS_TABLES,STRICT_ALL_TABLES,NO_ZERO_IN_DATE,NO_ZERO_DATE,ERROR_FOR_DIVISION_BY_ZERO,TRADITIONAL,NO_ENGINE_SUBSTITUTION {{(pid=101026) _check_effective_sql_mode /opt/stack/data/venv/lib/python3.12/site-packages/oslo_db/sqlalchemy/engines.py:325}}
Apr 27 14:22:30.622211 np0000170601 devstack@n-api.service[101028]: DEBUG oslo_db.sqlalchemy.engines [None req-bbc3c102-5ebb-4018-8273-5686864df5b2 None None] MySQL server mode set to STRICT_TRANS_TABLES,STRICT_ALL_TABLES,NO_ZERO_IN_DATE,NO_ZERO_DATE,ERROR_FOR_DIVISION_BY_ZERO,TRADITIONAL,NO_ENGINE_SUBSTITUTION {{(pid=101028) _check_effective_sql_mode /opt/stack/data/venv/lib/python3.12/site-packages/oslo_db/sqlalchemy/engines.py:325}}
Apr 27 14:22:30.622301 np0000170601 devstack@n-api.service[101027]: DEBUG oslo_db.sqlalchemy.engines [None req-effb31f8-5e15-4c94-9124-be735357d50c None None] MySQL server mode set to STRICT_TRANS_TABLES,STRICT_ALL_TABLES,NO_ZERO_IN_DATE,NO_ZERO_DATE,ERROR_FOR_DIVISION_BY_ZERO,TRADITIONAL,NO_ENGINE_SUBSTITUTION {{(pid=101027) _check_effective_sql_mode /opt/stack/data/venv/lib/python3.12/site-packages/oslo_db/sqlalchemy/engines.py:325}}
Apr 27 14:22:30.650184 np0000170601 devstack@n-api.service[101025]: DEBUG dbcounter [-] [101025] Writer thread running {{(pid=101025) stat_writer /opt/stack/data/venv/lib/python3.12/site-packages/dbcounter.py:102}}
Apr 27 14:22:30.653030 np0000170601 devstack@n-api.service[101025]: DEBUG nova.context [None req-d1b3a987-725c-4e70-ab87-5b7e0787ec69 None None] Found 2 cells: 00000000-0000-0000-0000-000000000000(cell0),4d353940-5f53-472d-90f9-59dabe9c71a8(cell1) {{(pid=101025) load_cells /opt/stack/nova/nova/context.py:509}}
Apr 27 14:22:30.653276 np0000170601 devstack@n-api.service[101025]: INFO nova.utils [None req-d1b3a987-725c-4e70-ab87-5b7e0787ec69 None None] The cell worker thread pool MainProcess.cell_worker is initialized
Apr 27 14:22:30.655157 np0000170601 devstack@n-api.service[101025]: DEBUG oslo_concurrency.lockutils [None req-d1b3a987-725c-4e70-ab87-5b7e0787ec69 None None] Acquiring lock "00000000-0000-0000-0000-000000000000" by "nova.context.set_target_cell..get_or_set_cached_cell_and_set_connections" {{(pid=101025) inner /opt/stack/data/venv/lib/python3.12/site-packages/oslo_concurrency/lockutils.py:506}}
Apr 27 14:22:30.655335 np0000170601 devstack@n-api.service[101025]: DEBUG oslo_concurrency.lockutils [None req-d1b3a987-725c-4e70-ab87-5b7e0787ec69 None None] Lock "00000000-0000-0000-0000-000000000000" acquired by "nova.context.set_target_cell..get_or_set_cached_cell_and_set_connections" :: waited 0.000s {{(pid=101025) inner /opt/stack/data/venv/lib/python3.12/site-packages/oslo_concurrency/lockutils.py:519}}
Apr 27 14:22:30.655703 np0000170601 devstack@n-api.service[101025]: DEBUG oslo_concurrency.lockutils [None req-d1b3a987-725c-4e70-ab87-5b7e0787ec69 None None] Lock "00000000-0000-0000-0000-000000000000" "released" by "nova.context.set_target_cell..get_or_set_cached_cell_and_set_connections" :: held 0.000s {{(pid=101025) inner /opt/stack/data/venv/lib/python3.12/site-packages/oslo_concurrency/lockutils.py:538}}
Apr 27 14:22:30.656892 np0000170601 devstack@n-api.service[101025]: DEBUG oslo_concurrency.lockutils [None req-d1b3a987-725c-4e70-ab87-5b7e0787ec69 None None] Acquiring lock "4d353940-5f53-472d-90f9-59dabe9c71a8" by "nova.context.set_target_cell..get_or_set_cached_cell_and_set_connections" {{(pid=101025) inner /opt/stack/data/venv/lib/python3.12/site-packages/oslo_concurrency/lockutils.py:506}}
Apr 27 14:22:30.657218 np0000170601 devstack@n-api.service[101025]: DEBUG oslo_concurrency.lockutils [None req-d1b3a987-725c-4e70-ab87-5b7e0787ec69 None None] Lock "4d353940-5f53-472d-90f9-59dabe9c71a8" acquired by "nova.context.set_target_cell..get_or_set_cached_cell_and_set_connections" :: waited 0.000s {{(pid=101025) inner /opt/stack/data/venv/lib/python3.12/site-packages/oslo_concurrency/lockutils.py:519}}
Apr 27 14:22:30.661567 np0000170601 devstack@n-api.service[101025]: INFO dbcounter [None req-d1b3a987-725c-4e70-ab87-5b7e0787ec69 None None] Registered counter for database nova_cell0
Apr 27 14:22:30.662366 np0000170601 devstack@n-api.service[101027]: DEBUG dbcounter [-] [101027] Writer thread running {{(pid=101027) stat_writer /opt/stack/data/venv/lib/python3.12/site-packages/dbcounter.py:102}}
Apr 27 14:22:30.663371 np0000170601 devstack@n-api.service[101025]: DEBUG oslo_concurrency.lockutils [None req-d1b3a987-725c-4e70-ab87-5b7e0787ec69 None None] Lock "4d353940-5f53-472d-90f9-59dabe9c71a8" "released" by "nova.context.set_target_cell..get_or_set_cached_cell_and_set_connections" :: held 0.004s {{(pid=101025) inner /opt/stack/data/venv/lib/python3.12/site-packages/oslo_concurrency/lockutils.py:538}}
Apr 27 14:22:30.665064 np0000170601 devstack@n-api.service[101027]: DEBUG nova.context [None req-effb31f8-5e15-4c94-9124-be735357d50c None None] Found 2 cells: 00000000-0000-0000-0000-000000000000(cell0),4d353940-5f53-472d-90f9-59dabe9c71a8(cell1) {{(pid=101027) load_cells /opt/stack/nova/nova/context.py:509}}
Apr 27 14:22:30.665432 np0000170601 devstack@n-api.service[101027]: INFO nova.utils [None req-effb31f8-5e15-4c94-9124-be735357d50c None None] The cell worker thread pool MainProcess.cell_worker is initialized
Apr 27 14:22:30.666589 np0000170601 devstack@n-api.service[101025]: INFO dbcounter [None req-d1b3a987-725c-4e70-ab87-5b7e0787ec69 None None] Registered counter for database nova_cell1
Apr 27 14:22:30.667105 np0000170601 devstack@n-api.service[101027]: DEBUG oslo_concurrency.lockutils [None req-effb31f8-5e15-4c94-9124-be735357d50c None None] Acquiring lock "00000000-0000-0000-0000-000000000000" by "nova.context.set_target_cell..get_or_set_cached_cell_and_set_connections" {{(pid=101027) inner /opt/stack/data/venv/lib/python3.12/site-packages/oslo_concurrency/lockutils.py:506}}
Apr 27 14:22:30.667289 np0000170601 devstack@n-api.service[101027]: DEBUG oslo_concurrency.lockutils [None req-effb31f8-5e15-4c94-9124-be735357d50c None None] Lock "00000000-0000-0000-0000-000000000000" acquired by "nova.context.set_target_cell..get_or_set_cached_cell_and_set_connections" :: waited 0.000s {{(pid=101027) inner /opt/stack/data/venv/lib/python3.12/site-packages/oslo_concurrency/lockutils.py:519}}
Apr 27 14:22:30.667651 np0000170601 devstack@n-api.service[101027]: DEBUG oslo_concurrency.lockutils [None req-effb31f8-5e15-4c94-9124-be735357d50c None None] Lock "00000000-0000-0000-0000-000000000000" "released" by "nova.context.set_target_cell..get_or_set_cached_cell_and_set_connections" :: held 0.000s {{(pid=101027) inner /opt/stack/data/venv/lib/python3.12/site-packages/oslo_concurrency/lockutils.py:538}}
Apr 27 14:22:30.668423 np0000170601 devstack@n-api.service[101027]: DEBUG oslo_concurrency.lockutils [None req-effb31f8-5e15-4c94-9124-be735357d50c None None] Acquiring lock "4d353940-5f53-472d-90f9-59dabe9c71a8" by "nova.context.set_target_cell..get_or_set_cached_cell_and_set_connections" {{(pid=101027) inner /opt/stack/data/venv/lib/python3.12/site-packages/oslo_concurrency/lockutils.py:506}}
Apr 27 14:22:30.668792 np0000170601 devstack@n-api.service[101027]: DEBUG oslo_concurrency.lockutils [None req-effb31f8-5e15-4c94-9124-be735357d50c None None] Lock "4d353940-5f53-472d-90f9-59dabe9c71a8" acquired by "nova.context.set_target_cell..get_or_set_cached_cell_and_set_connections" :: waited 0.000s {{(pid=101027) inner /opt/stack/data/venv/lib/python3.12/site-packages/oslo_concurrency/lockutils.py:519}}
Apr 27 14:22:30.669881 np0000170601 devstack@n-api.service[101027]: DEBUG oslo_concurrency.lockutils [None req-effb31f8-5e15-4c94-9124-be735357d50c None None] Lock "4d353940-5f53-472d-90f9-59dabe9c71a8" "released" by "nova.context.set_target_cell..get_or_set_cached_cell_and_set_connections" :: held 0.001s {{(pid=101027) inner /opt/stack/data/venv/lib/python3.12/site-packages/oslo_concurrency/lockutils.py:538}}
Apr 27 14:22:30.672460 np0000170601 devstack@n-api.service[101027]: INFO dbcounter [None req-effb31f8-5e15-4c94-9124-be735357d50c None None] Registered counter for database nova_cell0
Apr 27 14:22:30.675385 np0000170601 devstack@n-api.service[101025]: DEBUG oslo_db.sqlalchemy.engines [None req-d1b3a987-725c-4e70-ab87-5b7e0787ec69 None None] MySQL server mode set to STRICT_TRANS_TABLES,STRICT_ALL_TABLES,NO_ZERO_IN_DATE,NO_ZERO_DATE,ERROR_FOR_DIVISION_BY_ZERO,TRADITIONAL,NO_ENGINE_SUBSTITUTION {{(pid=101025) _check_effective_sql_mode /opt/stack/data/venv/lib/python3.12/site-packages/oslo_db/sqlalchemy/engines.py:325}}
Apr 27 14:22:30.677914 np0000170601 devstack@n-api.service[101027]: INFO dbcounter [None req-effb31f8-5e15-4c94-9124-be735357d50c None None] Registered counter for database nova_cell1
Apr 27 14:22:30.689999 np0000170601 devstack@n-api.service[101027]: DEBUG oslo_db.sqlalchemy.engines [None req-effb31f8-5e15-4c94-9124-be735357d50c None None] MySQL server mode set to STRICT_TRANS_TABLES,STRICT_ALL_TABLES,NO_ZERO_IN_DATE,NO_ZERO_DATE,ERROR_FOR_DIVISION_BY_ZERO,TRADITIONAL,NO_ENGINE_SUBSTITUTION {{(pid=101027) _check_effective_sql_mode /opt/stack/data/venv/lib/python3.12/site-packages/oslo_db/sqlalchemy/engines.py:325}}
Apr 27 14:22:30.691519 np0000170601 devstack@n-api.service[101025]: DEBUG oslo_db.sqlalchemy.engines [None req-d1b3a987-725c-4e70-ab87-5b7e0787ec69 None None] MySQL server mode set to STRICT_TRANS_TABLES,STRICT_ALL_TABLES,NO_ZERO_IN_DATE,NO_ZERO_DATE,ERROR_FOR_DIVISION_BY_ZERO,TRADITIONAL,NO_ENGINE_SUBSTITUTION {{(pid=101025) _check_effective_sql_mode /opt/stack/data/venv/lib/python3.12/site-packages/oslo_db/sqlalchemy/engines.py:325}}
Apr 27 14:22:30.693827 np0000170601 devstack@n-api.service[101027]: DEBUG oslo_db.sqlalchemy.engines [None req-effb31f8-5e15-4c94-9124-be735357d50c None None] MySQL server mode set to STRICT_TRANS_TABLES,STRICT_ALL_TABLES,NO_ZERO_IN_DATE,NO_ZERO_DATE,ERROR_FOR_DIVISION_BY_ZERO,TRADITIONAL,NO_ENGINE_SUBSTITUTION {{(pid=101027) _check_effective_sql_mode /opt/stack/data/venv/lib/python3.12/site-packages/oslo_db/sqlalchemy/engines.py:325}}
Apr 27 14:22:30.695635 np0000170601 devstack@n-api.service[101026]: DEBUG dbcounter [-] [101026] Writer thread running {{(pid=101026) stat_writer /opt/stack/data/venv/lib/python3.12/site-packages/dbcounter.py:102}}
Apr 27 14:22:30.699623 np0000170601 devstack@n-api.service[101026]: DEBUG dbcounter [-] [101026] Writer thread running {{(pid=101026) stat_writer /opt/stack/data/venv/lib/python3.12/site-packages/dbcounter.py:102}}
Apr 27 14:22:30.700385 np0000170601 devstack@n-api.service[101028]: DEBUG dbcounter [-] [101028] Writer thread running {{(pid=101028) stat_writer /opt/stack/data/venv/lib/python3.12/site-packages/dbcounter.py:102}}
Apr 27 14:22:30.703148 np0000170601 devstack@n-api.service[101026]: INFO dbcounter [None req-80033518-ecde-4409-a15a-9e00a6ea6ac2 None None] Registered counter for database nova_cell0
Apr 27 14:22:30.706967 np0000170601 devstack@n-api.service[101028]: DEBUG dbcounter [-] [101028] Writer thread running {{(pid=101028) stat_writer /opt/stack/data/venv/lib/python3.12/site-packages/dbcounter.py:102}}
Apr 27 14:22:30.713167 np0000170601 devstack@n-api.service[101028]: INFO dbcounter [None req-bbc3c102-5ebb-4018-8273-5686864df5b2 None None] Registered counter for database nova_cell0
Apr 27 14:22:30.714497 np0000170601 devstack@n-api.service[101026]: DEBUG oslo_db.sqlalchemy.engines [None req-80033518-ecde-4409-a15a-9e00a6ea6ac2 None None] MySQL server mode set to STRICT_TRANS_TABLES,STRICT_ALL_TABLES,NO_ZERO_IN_DATE,NO_ZERO_DATE,ERROR_FOR_DIVISION_BY_ZERO,TRADITIONAL,NO_ENGINE_SUBSTITUTION {{(pid=101026) _check_effective_sql_mode /opt/stack/data/venv/lib/python3.12/site-packages/oslo_db/sqlalchemy/engines.py:325}}
Apr 27 14:22:30.718654 np0000170601 devstack@n-api.service[101028]: DEBUG oslo_db.sqlalchemy.engines [None req-bbc3c102-5ebb-4018-8273-5686864df5b2 None None] MySQL server mode set to STRICT_TRANS_TABLES,STRICT_ALL_TABLES,NO_ZERO_IN_DATE,NO_ZERO_DATE,ERROR_FOR_DIVISION_BY_ZERO,TRADITIONAL,NO_ENGINE_SUBSTITUTION {{(pid=101028) _check_effective_sql_mode /opt/stack/data/venv/lib/python3.12/site-packages/oslo_db/sqlalchemy/engines.py:325}}
Apr 27 14:22:30.724853 np0000170601 devstack@n-api.service[101026]: DEBUG dbcounter [-] [101026] Writer thread running {{(pid=101026) stat_writer /opt/stack/data/venv/lib/python3.12/site-packages/dbcounter.py:102}}
Apr 27 14:22:30.724941 np0000170601 devstack@n-api.service[101028]: DEBUG dbcounter [-] [101028] Writer thread running {{(pid=101028) stat_writer /opt/stack/data/venv/lib/python3.12/site-packages/dbcounter.py:102}}
Apr 27 14:22:30.781641 np0000170601 devstack@n-api.service[101025]: DEBUG dbcounter [-] [101025] Writer thread running {{(pid=101025) stat_writer /opt/stack/data/venv/lib/python3.12/site-packages/dbcounter.py:102}}
Apr 27 14:22:30.787366 np0000170601 devstack@n-api.service[101025]: DEBUG dbcounter [-] [101025] Writer thread running {{(pid=101025) stat_writer /opt/stack/data/venv/lib/python3.12/site-packages/dbcounter.py:102}}
Apr 27 14:22:30.792144 np0000170601 devstack@n-api.service[101025]: INFO dbcounter [None req-d1b3a987-725c-4e70-ab87-5b7e0787ec69 None None] Registered counter for database nova_cell0
Apr 27 14:22:30.802225 np0000170601 devstack@n-api.service[101025]: DEBUG oslo_db.sqlalchemy.engines [None req-d1b3a987-725c-4e70-ab87-5b7e0787ec69 None None] MySQL server mode set to STRICT_TRANS_TABLES,STRICT_ALL_TABLES,NO_ZERO_IN_DATE,NO_ZERO_DATE,ERROR_FOR_DIVISION_BY_ZERO,TRADITIONAL,NO_ENGINE_SUBSTITUTION {{(pid=101025) _check_effective_sql_mode /opt/stack/data/venv/lib/python3.12/site-packages/oslo_db/sqlalchemy/engines.py:325}}
Apr 27 14:22:30.807419 np0000170601 devstack@n-api.service[101027]: DEBUG dbcounter [-] [101027] Writer thread running {{(pid=101027) stat_writer /opt/stack/data/venv/lib/python3.12/site-packages/dbcounter.py:102}}
Apr 27 14:22:30.808134 np0000170601 devstack@n-api.service[101027]: DEBUG dbcounter [-] [101027] Writer thread running {{(pid=101027) stat_writer /opt/stack/data/venv/lib/python3.12/site-packages/dbcounter.py:102}}
Apr 27 14:22:30.814144 np0000170601 devstack@n-api.service[101025]: DEBUG dbcounter [-] [101025] Writer thread running {{(pid=101025) stat_writer /opt/stack/data/venv/lib/python3.12/site-packages/dbcounter.py:102}}
Apr 27 14:22:30.815195 np0000170601 devstack@n-api.service[101027]: INFO dbcounter [None req-effb31f8-5e15-4c94-9124-be735357d50c None None] Registered counter for database nova_cell0
Apr 27 14:22:30.827390 np0000170601 devstack@n-api.service[101027]: DEBUG oslo_db.sqlalchemy.engines [None req-effb31f8-5e15-4c94-9124-be735357d50c None None] MySQL server mode set to STRICT_TRANS_TABLES,STRICT_ALL_TABLES,NO_ZERO_IN_DATE,NO_ZERO_DATE,ERROR_FOR_DIVISION_BY_ZERO,TRADITIONAL,NO_ENGINE_SUBSTITUTION {{(pid=101027) _check_effective_sql_mode /opt/stack/data/venv/lib/python3.12/site-packages/oslo_db/sqlalchemy/engines.py:325}}
Apr 27 14:22:30.836075 np0000170601 devstack@n-api.service[101027]: DEBUG dbcounter [-] [101027] Writer thread running {{(pid=101027) stat_writer /opt/stack/data/venv/lib/python3.12/site-packages/dbcounter.py:102}}
Apr 27 14:22:31.268611 np0000170601 devstack@n-api.service[101028]: DEBUG oslo_concurrency.processutils [None req-bbc3c102-5ebb-4018-8273-5686864df5b2 None None] Running cmd (subprocess): grep -F node.session.scan /sbin/iscsiadm {{(pid=101028) execute /opt/stack/data/venv/lib/python3.12/site-packages/oslo_concurrency/processutils.py:440}}
Apr 27 14:22:31.270429 np0000170601 devstack@n-api.service[101026]: DEBUG oslo_concurrency.processutils [None req-80033518-ecde-4409-a15a-9e00a6ea6ac2 None None] Running cmd (subprocess): grep -F node.session.scan /sbin/iscsiadm {{(pid=101026) execute /opt/stack/data/venv/lib/python3.12/site-packages/oslo_concurrency/processutils.py:440}}
Apr 27 14:22:31.277189 np0000170601 devstack@n-api.service[101025]: DEBUG oslo_concurrency.processutils [None req-d1b3a987-725c-4e70-ab87-5b7e0787ec69 None None] Running cmd (subprocess): grep -F node.session.scan /sbin/iscsiadm {{(pid=101025) execute /opt/stack/data/venv/lib/python3.12/site-packages/oslo_concurrency/processutils.py:440}}
Apr 27 14:22:31.281322 np0000170601 devstack@n-api.service[101027]: DEBUG oslo_concurrency.processutils [None req-effb31f8-5e15-4c94-9124-be735357d50c None None] Running cmd (subprocess): grep -F node.session.scan /sbin/iscsiadm {{(pid=101027) execute /opt/stack/data/venv/lib/python3.12/site-packages/oslo_concurrency/processutils.py:440}}
Apr 27 14:22:31.286644 np0000170601 devstack@n-api.service[101028]: DEBUG oslo_concurrency.processutils [None req-bbc3c102-5ebb-4018-8273-5686864df5b2 None None] CMD "grep -F node.session.scan /sbin/iscsiadm" returned: 0 in 0.018s {{(pid=101028) execute /opt/stack/data/venv/lib/python3.12/site-packages/oslo_concurrency/processutils.py:468}}
Apr 27 14:22:31.288580 np0000170601 devstack@n-api.service[101026]: DEBUG oslo_concurrency.processutils [None req-80033518-ecde-4409-a15a-9e00a6ea6ac2 None None] CMD "grep -F node.session.scan /sbin/iscsiadm" returned: 0 in 0.018s {{(pid=101026) execute /opt/stack/data/venv/lib/python3.12/site-packages/oslo_concurrency/processutils.py:468}}
Apr 27 14:22:31.299142 np0000170601 devstack@n-api.service[101025]: DEBUG oslo_concurrency.processutils [None req-d1b3a987-725c-4e70-ab87-5b7e0787ec69 None None] CMD "grep -F node.session.scan /sbin/iscsiadm" returned: 0 in 0.022s {{(pid=101025) execute /opt/stack/data/venv/lib/python3.12/site-packages/oslo_concurrency/processutils.py:468}}
Apr 27 14:22:31.300041 np0000170601 devstack@n-api.service[101027]: DEBUG oslo_concurrency.processutils [None req-effb31f8-5e15-4c94-9124-be735357d50c None None] CMD "grep -F node.session.scan /sbin/iscsiadm" returned: 0 in 0.019s {{(pid=101027) execute /opt/stack/data/venv/lib/python3.12/site-packages/oslo_concurrency/processutils.py:468}}
Apr 27 14:22:31.713951 np0000170601 devstack@n-api.service[101028]: WARNING keystonemiddleware.auth_token [None req-bbc3c102-5ebb-4018-8273-5686864df5b2 None None] AuthToken middleware is set with keystone_authtoken.service_token_roles_required set to False. This is backwards compatible but deprecated behaviour. Please set this to True.
Apr 27 14:22:31.715862 np0000170601 devstack@n-api.service[101025]: WARNING keystonemiddleware.auth_token [None req-d1b3a987-725c-4e70-ab87-5b7e0787ec69 None None] AuthToken middleware is set with keystone_authtoken.service_token_roles_required set to False. This is backwards compatible but deprecated behaviour. Please set this to True.
Apr 27 14:22:31.720048 np0000170601 devstack@n-api.service[101026]: WARNING keystonemiddleware.auth_token [None req-80033518-ecde-4409-a15a-9e00a6ea6ac2 None None] AuthToken middleware is set with keystone_authtoken.service_token_roles_required set to False. This is backwards compatible but deprecated behaviour. Please set this to True.
Apr 27 14:22:31.725672 np0000170601 devstack@n-api.service[101027]: WARNING keystonemiddleware.auth_token [None req-effb31f8-5e15-4c94-9124-be735357d50c None None] AuthToken middleware is set with keystone_authtoken.service_token_roles_required set to False. This is backwards compatible but deprecated behaviour. Please set this to True.
Apr 27 14:22:31.899325 np0000170601 devstack@n-api.service[101028]: WARNING keystonemiddleware.auth_token [None req-bbc3c102-5ebb-4018-8273-5686864df5b2 None None] AuthToken middleware is set with keystone_authtoken.service_token_roles_required set to False. This is backwards compatible but deprecated behaviour. Please set this to True.
Apr 27 14:22:31.904433 np0000170601 devstack@n-api.service[101028]: DEBUG nova.api.openstack.wsgi_app [None req-bbc3c102-5ebb-4018-8273-5686864df5b2 None None] ******************************************************************************** {{(pid=101028) log_opt_values /opt/stack/data/venv/lib/python3.12/site-packages/oslo_config/cfg.py:2979}}
Apr 27 14:22:31.904556 np0000170601 devstack@n-api.service[101028]: DEBUG nova.api.openstack.wsgi_app [None req-bbc3c102-5ebb-4018-8273-5686864df5b2 None None] Configuration options gathered from: {{(pid=101028) log_opt_values /opt/stack/data/venv/lib/python3.12/site-packages/oslo_config/cfg.py:2980}}
Apr 27 14:22:31.905310 np0000170601 devstack@n-api.service[101028]: DEBUG nova.api.openstack.wsgi_app [None req-bbc3c102-5ebb-4018-8273-5686864df5b2 None None] command line args: [] {{(pid=101028) log_opt_values /opt/stack/data/venv/lib/python3.12/site-packages/oslo_config/cfg.py:2981}}
Apr 27 14:22:31.905310 np0000170601 devstack@n-api.service[101028]: DEBUG nova.api.openstack.wsgi_app [None req-bbc3c102-5ebb-4018-8273-5686864df5b2 None None] config files: ['/etc/nova/api-paste.ini', '/etc/nova/nova.conf'] {{(pid=101028) log_opt_values /opt/stack/data/venv/lib/python3.12/site-packages/oslo_config/cfg.py:2982}}
Apr 27 14:22:31.905310 np0000170601 devstack@n-api.service[101028]: DEBUG nova.api.openstack.wsgi_app [None req-bbc3c102-5ebb-4018-8273-5686864df5b2 None None] ================================================================================ {{(pid=101028) log_opt_values /opt/stack/data/venv/lib/python3.12/site-packages/oslo_config/cfg.py:2987}}
Apr 27 14:22:31.905520 np0000170601 devstack@n-api.service[101028]: DEBUG nova.api.openstack.wsgi_app [None req-bbc3c102-5ebb-4018-8273-5686864df5b2 None None] allow_resize_to_same_host = True {{(pid=101028) log_opt_values /opt/stack/data/venv/lib/python3.12/site-packages/oslo_config/cfg.py:2995}}
Apr 27 14:22:31.905520 np0000170601 devstack@n-api.service[101028]: DEBUG nova.api.openstack.wsgi_app [None req-bbc3c102-5ebb-4018-8273-5686864df5b2 None None] arq_binding_timeout = 300 {{(pid=101028) log_opt_values /opt/stack/data/venv/lib/python3.12/site-packages/oslo_config/cfg.py:2995}}
Apr 27 14:22:31.905651 np0000170601 devstack@n-api.service[101028]: DEBUG nova.api.openstack.wsgi_app [None req-bbc3c102-5ebb-4018-8273-5686864df5b2 None None] block_device_allocate_retries = 60 {{(pid=101028) log_opt_values /opt/stack/data/venv/lib/python3.12/site-packages/oslo_config/cfg.py:2995}}
Apr 27 14:22:31.905758 np0000170601 devstack@n-api.service[101028]: DEBUG nova.api.openstack.wsgi_app [None req-bbc3c102-5ebb-4018-8273-5686864df5b2 None None] block_device_allocate_retries_interval = 3 {{(pid=101028) log_opt_values /opt/stack/data/venv/lib/python3.12/site-packages/oslo_config/cfg.py:2995}}
Apr 27 14:22:31.905909 np0000170601 devstack@n-api.service[101028]: DEBUG nova.api.openstack.wsgi_app [None req-bbc3c102-5ebb-4018-8273-5686864df5b2 None None] cell_worker_thread_pool_size = 5 {{(pid=101028) log_opt_values /opt/stack/data/venv/lib/python3.12/site-packages/oslo_config/cfg.py:2995}}
Apr 27 14:22:31.906034 np0000170601 devstack@n-api.service[101028]: DEBUG nova.api.openstack.wsgi_app [None req-bbc3c102-5ebb-4018-8273-5686864df5b2 None None] cert = self.pem {{(pid=101028) log_opt_values /opt/stack/data/venv/lib/python3.12/site-packages/oslo_config/cfg.py:2995}}
Apr 27 14:22:31.906200 np0000170601 devstack@n-api.service[101028]: DEBUG nova.api.openstack.wsgi_app [None req-bbc3c102-5ebb-4018-8273-5686864df5b2 None None] compute_driver = libvirt.LibvirtDriver {{(pid=101028) log_opt_values /opt/stack/data/venv/lib/python3.12/site-packages/oslo_config/cfg.py:2995}}
Apr 27 14:22:31.906372 np0000170601 devstack@n-api.service[101028]: DEBUG nova.api.openstack.wsgi_app [None req-bbc3c102-5ebb-4018-8273-5686864df5b2 None None] compute_monitors = [] {{(pid=101028) log_opt_values /opt/stack/data/venv/lib/python3.12/site-packages/oslo_config/cfg.py:2995}}
Apr 27 14:22:31.906600 np0000170601 devstack@n-api.service[101028]: DEBUG nova.api.openstack.wsgi_app [None req-bbc3c102-5ebb-4018-8273-5686864df5b2 None None] config_dir = [] {{(pid=101028) log_opt_values /opt/stack/data/venv/lib/python3.12/site-packages/oslo_config/cfg.py:2995}}
Apr 27 14:22:31.909348 np0000170601 devstack@n-api.service[101028]: DEBUG nova.api.openstack.wsgi_app [None req-bbc3c102-5ebb-4018-8273-5686864df5b2 None None] config_drive_format = iso9660 {{(pid=101028) log_opt_values /opt/stack/data/venv/lib/python3.12/site-packages/oslo_config/cfg.py:2995}}
Apr 27 14:22:31.909348 np0000170601 devstack@n-api.service[101028]: DEBUG nova.api.openstack.wsgi_app [None req-bbc3c102-5ebb-4018-8273-5686864df5b2 None None] config_file = ['/etc/nova/api-paste.ini', '/etc/nova/nova.conf'] {{(pid=101028) log_opt_values /opt/stack/data/venv/lib/python3.12/site-packages/oslo_config/cfg.py:2995}}
Apr 27 14:22:31.909348 np0000170601 devstack@n-api.service[101028]: DEBUG nova.api.openstack.wsgi_app [None req-bbc3c102-5ebb-4018-8273-5686864df5b2 None None] config_source = [] {{(pid=101028) log_opt_values /opt/stack/data/venv/lib/python3.12/site-packages/oslo_config/cfg.py:2995}}
Apr 27 14:22:31.909348 np0000170601 devstack@n-api.service[101028]: DEBUG nova.api.openstack.wsgi_app [None req-bbc3c102-5ebb-4018-8273-5686864df5b2 None None] console_host = np0000170601 {{(pid=101028) log_opt_values /opt/stack/data/venv/lib/python3.12/site-packages/oslo_config/cfg.py:2995}}
Apr 27 14:22:31.909348 np0000170601 devstack@n-api.service[101028]: DEBUG nova.api.openstack.wsgi_app [None req-bbc3c102-5ebb-4018-8273-5686864df5b2 None None] control_exchange = nova {{(pid=101028) log_opt_values /opt/stack/data/venv/lib/python3.12/site-packages/oslo_config/cfg.py:2995}}
Apr 27 14:22:31.909348 np0000170601 devstack@n-api.service[101028]: DEBUG nova.api.openstack.wsgi_app [None req-bbc3c102-5ebb-4018-8273-5686864df5b2 None None] cpu_allocation_ratio = None {{(pid=101028) log_opt_values /opt/stack/data/venv/lib/python3.12/site-packages/oslo_config/cfg.py:2995}}
Apr 27 14:22:31.909348 np0000170601 devstack@n-api.service[101028]: DEBUG nova.api.openstack.wsgi_app [None req-bbc3c102-5ebb-4018-8273-5686864df5b2 None None] daemon = False {{(pid=101028) log_opt_values /opt/stack/data/venv/lib/python3.12/site-packages/oslo_config/cfg.py:2995}}
Apr 27 14:22:31.909791 np0000170601 devstack@n-api.service[101028]: DEBUG nova.api.openstack.wsgi_app [None req-bbc3c102-5ebb-4018-8273-5686864df5b2 None None] debug = True {{(pid=101028) log_opt_values /opt/stack/data/venv/lib/python3.12/site-packages/oslo_config/cfg.py:2995}}
Apr 27 14:22:31.909791 np0000170601 devstack@n-api.service[101028]: DEBUG nova.api.openstack.wsgi_app [None req-bbc3c102-5ebb-4018-8273-5686864df5b2 None None] default_access_ip_network_name = None {{(pid=101028) log_opt_values /opt/stack/data/venv/lib/python3.12/site-packages/oslo_config/cfg.py:2995}}
Apr 27 14:22:31.909791 np0000170601 devstack@n-api.service[101028]: DEBUG nova.api.openstack.wsgi_app [None req-bbc3c102-5ebb-4018-8273-5686864df5b2 None None] default_availability_zone = nova {{(pid=101028) log_opt_values /opt/stack/data/venv/lib/python3.12/site-packages/oslo_config/cfg.py:2995}}
Apr 27 14:22:31.909791 np0000170601 devstack@n-api.service[101028]: DEBUG nova.api.openstack.wsgi_app [None req-bbc3c102-5ebb-4018-8273-5686864df5b2 None None] default_ephemeral_format = ext4 {{(pid=101028) log_opt_values /opt/stack/data/venv/lib/python3.12/site-packages/oslo_config/cfg.py:2995}}
Apr 27 14:22:31.909791 np0000170601 devstack@n-api.service[101028]: DEBUG nova.api.openstack.wsgi_app [None req-bbc3c102-5ebb-4018-8273-5686864df5b2 None None] default_green_pool_size = 1000 {{(pid=101028) log_opt_values /opt/stack/data/venv/lib/python3.12/site-packages/oslo_config/cfg.py:2995}}
Apr 27 14:22:31.910103 np0000170601 devstack@n-api.service[101028]: DEBUG nova.api.openstack.wsgi_app [None req-bbc3c102-5ebb-4018-8273-5686864df5b2 None None] default_log_levels = ['amqp=WARN', 'boto=WARN', 'sqlalchemy=WARN', 'suds=INFO', 'oslo.messaging=INFO', 'oslo_messaging=INFO', 'iso8601=WARN', 'requests.packages.urllib3.connectionpool=WARN', 'urllib3.connectionpool=WARN', 'websocket=WARN', 'requests.packages.urllib3.util.retry=WARN', 'urllib3.util.retry=WARN', 'keystonemiddleware=WARN', 'routes.middleware=WARN', 'stevedore=WARN', 'taskflow=WARN', 'keystoneauth=WARN', 'oslo.cache=INFO', 'oslo_policy=INFO', 'dogpile.core.dogpile=INFO', 'glanceclient=WARN', 'oslo.privsep.daemon=INFO'] {{(pid=101028) log_opt_values /opt/stack/data/venv/lib/python3.12/site-packages/oslo_config/cfg.py:2995}}
Apr 27 14:22:31.910103 np0000170601 devstack@n-api.service[101028]: DEBUG nova.api.openstack.wsgi_app [None req-bbc3c102-5ebb-4018-8273-5686864df5b2 None None] default_schedule_zone = None {{(pid=101028) log_opt_values /opt/stack/data/venv/lib/python3.12/site-packages/oslo_config/cfg.py:2995}}
Apr 27 14:22:31.910103 np0000170601 devstack@n-api.service[101028]: DEBUG nova.api.openstack.wsgi_app [None req-bbc3c102-5ebb-4018-8273-5686864df5b2 None None] default_thread_pool_size = 10 {{(pid=101028) log_opt_values /opt/stack/data/venv/lib/python3.12/site-packages/oslo_config/cfg.py:2995}}
Apr 27 14:22:31.910103 np0000170601 devstack@n-api.service[101028]: DEBUG nova.api.openstack.wsgi_app [None req-bbc3c102-5ebb-4018-8273-5686864df5b2 None None] disk_allocation_ratio = None {{(pid=101028) log_opt_values /opt/stack/data/venv/lib/python3.12/site-packages/oslo_config/cfg.py:2995}}
Apr 27 14:22:31.910103 np0000170601 devstack@n-api.service[101028]: DEBUG nova.api.openstack.wsgi_app [None req-bbc3c102-5ebb-4018-8273-5686864df5b2 None None] enable_new_services = True {{(pid=101028) log_opt_values /opt/stack/data/venv/lib/python3.12/site-packages/oslo_config/cfg.py:2995}}
Apr 27 14:22:31.910420 np0000170601 devstack@n-api.service[101028]: DEBUG nova.api.openstack.wsgi_app [None req-bbc3c102-5ebb-4018-8273-5686864df5b2 None None] flat_injected = False {{(pid=101028) log_opt_values /opt/stack/data/venv/lib/python3.12/site-packages/oslo_config/cfg.py:2995}}
Apr 27 14:22:31.910420 np0000170601 devstack@n-api.service[101028]: DEBUG nova.api.openstack.wsgi_app [None req-bbc3c102-5ebb-4018-8273-5686864df5b2 None None] force_config_drive = False {{(pid=101028) log_opt_values /opt/stack/data/venv/lib/python3.12/site-packages/oslo_config/cfg.py:2995}}
Apr 27 14:22:31.910420 np0000170601 devstack@n-api.service[101028]: DEBUG nova.api.openstack.wsgi_app [None req-bbc3c102-5ebb-4018-8273-5686864df5b2 None None] force_raw_images = True {{(pid=101028) log_opt_values /opt/stack/data/venv/lib/python3.12/site-packages/oslo_config/cfg.py:2995}}
Apr 27 14:22:31.910420 np0000170601 devstack@n-api.service[101028]: DEBUG nova.api.openstack.wsgi_app [None req-bbc3c102-5ebb-4018-8273-5686864df5b2 None None] graceful_shutdown_timeout = 5 {{(pid=101028) log_opt_values /opt/stack/data/venv/lib/python3.12/site-packages/oslo_config/cfg.py:2995}}
