Apr 27 14:23:30.393974 np0000170601 nova-scheduler[109468]: DEBUG cotyledon.oslo_config_glue [-] vnc.server_listen = 127.0.0.1 {{(pid=109468) log_opt_values /opt/stack/data/venv/lib/python3.12/site-packages/oslo_config/cfg.py:3006}}
Apr 27 14:23:30.393974 np0000170601 nova-scheduler[109468]: DEBUG cotyledon.oslo_config_glue [-] vnc.server_proxyclient_address = 127.0.0.1 {{(pid=109468) log_opt_values /opt/stack/data/venv/lib/python3.12/site-packages/oslo_config/cfg.py:3006}}
Apr 27 14:23:30.393974 np0000170601 nova-scheduler[109468]: DEBUG cotyledon.oslo_config_glue [-] vnc.vencrypt_ca_certs = None {{(pid=109468) log_opt_values /opt/stack/data/venv/lib/python3.12/site-packages/oslo_config/cfg.py:3006}}
Apr 27 14:23:30.393974 np0000170601 nova-scheduler[109468]: DEBUG cotyledon.oslo_config_glue [-] vnc.vencrypt_client_cert = None {{(pid=109468) log_opt_values /opt/stack/data/venv/lib/python3.12/site-packages/oslo_config/cfg.py:3006}}
Apr 27 14:23:30.393974 np0000170601 nova-scheduler[109468]: DEBUG cotyledon.oslo_config_glue [-] vnc.vencrypt_client_key = None {{(pid=109468) log_opt_values /opt/stack/data/venv/lib/python3.12/site-packages/oslo_config/cfg.py:3006}}
Apr 27 14:23:30.393974 np0000170601 nova-scheduler[109468]: DEBUG cotyledon.oslo_config_glue [-] workarounds.disable_compute_service_check_for_ffu = False {{(pid=109468) log_opt_values /opt/stack/data/venv/lib/python3.12/site-packages/oslo_config/cfg.py:3006}}
Apr 27 14:23:30.394185 np0000170601 nova-scheduler[109468]: DEBUG cotyledon.oslo_config_glue [-] workarounds.disable_deep_image_inspection = False {{(pid=109468) log_opt_values /opt/stack/data/venv/lib/python3.12/site-packages/oslo_config/cfg.py:3006}}
Apr 27 14:23:30.394185 np0000170601 nova-scheduler[109468]: DEBUG cotyledon.oslo_config_glue [-] workarounds.disable_fallback_pcpu_query = False {{(pid=109468) log_opt_values /opt/stack/data/venv/lib/python3.12/site-packages/oslo_config/cfg.py:3006}}
Apr 27 14:23:30.394185 np0000170601 nova-scheduler[109468]: DEBUG cotyledon.oslo_config_glue [-] workarounds.disable_group_policy_check_upcall = False {{(pid=109468) log_opt_values /opt/stack/data/venv/lib/python3.12/site-packages/oslo_config/cfg.py:3006}}
Apr 27 14:23:30.394185 np0000170601 nova-scheduler[109468]: DEBUG cotyledon.oslo_config_glue [-] workarounds.disable_libvirt_livesnapshot = False {{(pid=109468) log_opt_values /opt/stack/data/venv/lib/python3.12/site-packages/oslo_config/cfg.py:3006}}
Apr 27 14:23:30.394185 np0000170601 nova-scheduler[109468]: DEBUG cotyledon.oslo_config_glue [-] workarounds.disable_rootwrap = False {{(pid=109468) log_opt_values /opt/stack/data/venv/lib/python3.12/site-packages/oslo_config/cfg.py:3006}}
Apr 27 14:23:30.394185 np0000170601 nova-scheduler[109468]: DEBUG cotyledon.oslo_config_glue [-] workarounds.enable_numa_live_migration = False {{(pid=109468) log_opt_values /opt/stack/data/venv/lib/python3.12/site-packages/oslo_config/cfg.py:3006}}
Apr 27 14:23:30.394185 np0000170601 nova-scheduler[109468]: DEBUG cotyledon.oslo_config_glue [-] workarounds.enable_qemu_monitor_announce_self = False {{(pid=109468) log_opt_values /opt/stack/data/venv/lib/python3.12/site-packages/oslo_config/cfg.py:3006}}
Apr 27 14:23:30.394185 np0000170601 nova-scheduler[109468]: DEBUG cotyledon.oslo_config_glue [-] workarounds.ensure_libvirt_rbd_instance_dir_cleanup = False {{(pid=109468) log_opt_values /opt/stack/data/venv/lib/python3.12/site-packages/oslo_config/cfg.py:3006}}
Apr 27 14:23:30.394185 np0000170601 nova-scheduler[109468]: DEBUG cotyledon.oslo_config_glue [-] workarounds.handle_virt_lifecycle_events = True {{(pid=109468) log_opt_values /opt/stack/data/venv/lib/python3.12/site-packages/oslo_config/cfg.py:3006}}
Apr 27 14:23:30.394389 np0000170601 nova-scheduler[109468]: DEBUG cotyledon.oslo_config_glue [-] workarounds.libvirt_disable_apic = False {{(pid=109468) log_opt_values /opt/stack/data/venv/lib/python3.12/site-packages/oslo_config/cfg.py:3006}}
Apr 27 14:23:30.394389 np0000170601 nova-scheduler[109468]: DEBUG cotyledon.oslo_config_glue [-] workarounds.never_download_image_if_on_rbd = False {{(pid=109468) log_opt_values /opt/stack/data/venv/lib/python3.12/site-packages/oslo_config/cfg.py:3006}}
Apr 27 14:23:30.394389 np0000170601 nova-scheduler[109468]: DEBUG cotyledon.oslo_config_glue [-] workarounds.qemu_monitor_announce_self_count = 3 {{(pid=109468) log_opt_values /opt/stack/data/venv/lib/python3.12/site-packages/oslo_config/cfg.py:3006}}
Apr 27 14:23:30.394389 np0000170601 nova-scheduler[109468]: DEBUG cotyledon.oslo_config_glue [-] workarounds.qemu_monitor_announce_self_interval = 1 {{(pid=109468) log_opt_values /opt/stack/data/venv/lib/python3.12/site-packages/oslo_config/cfg.py:3006}}
Apr 27 14:23:30.394389 np0000170601 nova-scheduler[109468]: DEBUG cotyledon.oslo_config_glue [-] workarounds.reserve_disk_resource_for_image_cache = False {{(pid=109468) log_opt_values /opt/stack/data/venv/lib/python3.12/site-packages/oslo_config/cfg.py:3006}}
Apr 27 14:23:30.394389 np0000170601 nova-scheduler[109468]: DEBUG cotyledon.oslo_config_glue [-] workarounds.skip_cpu_compare_at_startup = False {{(pid=109468) log_opt_values /opt/stack/data/venv/lib/python3.12/site-packages/oslo_config/cfg.py:3006}}
Apr 27 14:23:30.394389 np0000170601 nova-scheduler[109468]: DEBUG cotyledon.oslo_config_glue [-] workarounds.skip_cpu_compare_on_dest = False {{(pid=109468) log_opt_values /opt/stack/data/venv/lib/python3.12/site-packages/oslo_config/cfg.py:3006}}
Apr 27 14:23:30.394389 np0000170601 nova-scheduler[109468]: DEBUG cotyledon.oslo_config_glue [-] workarounds.skip_hypervisor_version_check_on_lm = False {{(pid=109468) log_opt_values /opt/stack/data/venv/lib/python3.12/site-packages/oslo_config/cfg.py:3006}}
Apr 27 14:23:30.394389 np0000170601 nova-scheduler[109468]: DEBUG cotyledon.oslo_config_glue [-] workarounds.skip_reserve_in_use_ironic_nodes = False {{(pid=109468) log_opt_values /opt/stack/data/venv/lib/python3.12/site-packages/oslo_config/cfg.py:3006}}
Apr 27 14:23:30.394580 np0000170601 nova-scheduler[109468]: DEBUG cotyledon.oslo_config_glue [-] workarounds.unified_limits_count_pcpu_as_vcpu = False {{(pid=109468) log_opt_values /opt/stack/data/venv/lib/python3.12/site-packages/oslo_config/cfg.py:3006}}
Apr 27 14:23:30.394580 np0000170601 nova-scheduler[109468]: DEBUG cotyledon.oslo_config_glue [-] workarounds.wait_for_vif_plugged_event_during_hard_reboot = [] {{(pid=109468) log_opt_values /opt/stack/data/venv/lib/python3.12/site-packages/oslo_config/cfg.py:3006}}
Apr 27 14:23:30.394580 np0000170601 nova-scheduler[109468]: DEBUG cotyledon.oslo_config_glue [-] wsgi.api_paste_config = /etc/nova/api-paste.ini {{(pid=109468) log_opt_values /opt/stack/data/venv/lib/python3.12/site-packages/oslo_config/cfg.py:3006}}
Apr 27 14:23:30.394580 np0000170601 nova-scheduler[109468]: DEBUG cotyledon.oslo_config_glue [-] wsgi.secure_proxy_ssl_header = None {{(pid=109468) log_opt_values /opt/stack/data/venv/lib/python3.12/site-packages/oslo_config/cfg.py:3006}}
Apr 27 14:23:30.394580 np0000170601 nova-scheduler[109468]: DEBUG cotyledon.oslo_config_glue [-] zvm.ca_file = None {{(pid=109468) log_opt_values /opt/stack/data/venv/lib/python3.12/site-packages/oslo_config/cfg.py:3006}}
Apr 27 14:23:30.394580 np0000170601 nova-scheduler[109468]: DEBUG cotyledon.oslo_config_glue [-] zvm.cloud_connector_url = None {{(pid=109468) log_opt_values /opt/stack/data/venv/lib/python3.12/site-packages/oslo_config/cfg.py:3006}}
Apr 27 14:23:30.394580 np0000170601 nova-scheduler[109468]: DEBUG cotyledon.oslo_config_glue [-] zvm.image_tmp_path = /opt/stack/data/nova/images {{(pid=109468) log_opt_values /opt/stack/data/venv/lib/python3.12/site-packages/oslo_config/cfg.py:3006}}
Apr 27 14:23:30.394580 np0000170601 nova-scheduler[109468]: DEBUG cotyledon.oslo_config_glue [-] zvm.reachable_timeout = 300 {{(pid=109468) log_opt_values /opt/stack/data/venv/lib/python3.12/site-packages/oslo_config/cfg.py:3006}}
Apr 27 14:23:30.394580 np0000170601 nova-scheduler[109468]: DEBUG cotyledon.oslo_config_glue [-] oslo_versionedobjects.fatal_exception_format_errors = False {{(pid=109468) log_opt_values /opt/stack/data/venv/lib/python3.12/site-packages/oslo_config/cfg.py:3006}}
Apr 27 14:23:30.394779 np0000170601 nova-scheduler[109468]: DEBUG cotyledon.oslo_config_glue [-] oslo_middleware.http_basic_auth_user_file = /etc/htpasswd {{(pid=109468) log_opt_values /opt/stack/data/venv/lib/python3.12/site-packages/oslo_config/cfg.py:3006}}
Apr 27 14:23:30.394779 np0000170601 nova-scheduler[109468]: DEBUG cotyledon.oslo_config_glue [-] oslo_messaging_metrics.metrics_buffer_size = 1000 {{(pid=109468) log_opt_values /opt/stack/data/venv/lib/python3.12/site-packages/oslo_config/cfg.py:3006}}
Apr 27 14:23:30.394779 np0000170601 nova-scheduler[109468]: DEBUG cotyledon.oslo_config_glue [-] oslo_messaging_metrics.metrics_enabled = False {{(pid=109468) log_opt_values /opt/stack/data/venv/lib/python3.12/site-packages/oslo_config/cfg.py:3006}}
Apr 27 14:23:30.394779 np0000170601 nova-scheduler[109468]: DEBUG cotyledon.oslo_config_glue [-] oslo_messaging_metrics.metrics_process_name = {{(pid=109468) log_opt_values /opt/stack/data/venv/lib/python3.12/site-packages/oslo_config/cfg.py:3006}}
Apr 27 14:23:30.394779 np0000170601 nova-scheduler[109468]: DEBUG cotyledon.oslo_config_glue [-] oslo_messaging_metrics.metrics_socket_file = /var/tmp/metrics_collector.sock {{(pid=109468) log_opt_values /opt/stack/data/venv/lib/python3.12/site-packages/oslo_config/cfg.py:3006}}
Apr 27 14:23:30.394779 np0000170601 nova-scheduler[109468]: DEBUG cotyledon.oslo_config_glue [-] oslo_messaging_metrics.metrics_thread_stop_timeout = 10 {{(pid=109468) log_opt_values /opt/stack/data/venv/lib/python3.12/site-packages/oslo_config/cfg.py:3006}}
Apr 27 14:23:30.394779 np0000170601 nova-scheduler[109468]: DEBUG cotyledon.oslo_config_glue [-] profiler.connection_string = messaging:// {{(pid=109468) log_opt_values /opt/stack/data/venv/lib/python3.12/site-packages/oslo_config/cfg.py:3006}}
Apr 27 14:23:30.394779 np0000170601 nova-scheduler[109468]: DEBUG cotyledon.oslo_config_glue [-] profiler.enabled = False {{(pid=109468) log_opt_values /opt/stack/data/venv/lib/python3.12/site-packages/oslo_config/cfg.py:3006}}
Apr 27 14:23:30.394987 np0000170601 nova-scheduler[109468]: DEBUG cotyledon.oslo_config_glue [-] profiler.es_doc_type = notification {{(pid=109468) log_opt_values /opt/stack/data/venv/lib/python3.12/site-packages/oslo_config/cfg.py:3006}}
Apr 27 14:23:30.394987 np0000170601 nova-scheduler[109468]: DEBUG cotyledon.oslo_config_glue [-] profiler.es_scroll_size = 10000 {{(pid=109468) log_opt_values /opt/stack/data/venv/lib/python3.12/site-packages/oslo_config/cfg.py:3006}}
Apr 27 14:23:30.394987 np0000170601 nova-scheduler[109468]: DEBUG cotyledon.oslo_config_glue [-] profiler.es_scroll_time = 2m {{(pid=109468) log_opt_values /opt/stack/data/venv/lib/python3.12/site-packages/oslo_config/cfg.py:3006}}
Apr 27 14:23:30.394987 np0000170601 nova-scheduler[109468]: DEBUG cotyledon.oslo_config_glue [-] profiler.filter_error_trace = False {{(pid=109468) log_opt_values /opt/stack/data/venv/lib/python3.12/site-packages/oslo_config/cfg.py:3006}}
Apr 27 14:23:30.394987 np0000170601 nova-scheduler[109468]: DEBUG cotyledon.oslo_config_glue [-] profiler.hmac_keys = **** {{(pid=109468) log_opt_values /opt/stack/data/venv/lib/python3.12/site-packages/oslo_config/cfg.py:3006}}
Apr 27 14:23:30.394987 np0000170601 nova-scheduler[109468]: DEBUG cotyledon.oslo_config_glue [-] profiler.sentinel_service_name = mymaster {{(pid=109468) log_opt_values /opt/stack/data/venv/lib/python3.12/site-packages/oslo_config/cfg.py:3006}}
Apr 27 14:23:30.394987 np0000170601 nova-scheduler[109468]: DEBUG cotyledon.oslo_config_glue [-] profiler.socket_timeout = 0.1 {{(pid=109468) log_opt_values /opt/stack/data/venv/lib/python3.12/site-packages/oslo_config/cfg.py:3006}}
Apr 27 14:23:30.394987 np0000170601 nova-scheduler[109468]: DEBUG cotyledon.oslo_config_glue [-] profiler.trace_requests = False {{(pid=109468) log_opt_values /opt/stack/data/venv/lib/python3.12/site-packages/oslo_config/cfg.py:3006}}
Apr 27 14:23:30.394987 np0000170601 nova-scheduler[109468]: DEBUG cotyledon.oslo_config_glue [-] profiler.trace_sqlalchemy = False {{(pid=109468) log_opt_values /opt/stack/data/venv/lib/python3.12/site-packages/oslo_config/cfg.py:3006}}
Apr 27 14:23:30.395492 np0000170601 nova-scheduler[109468]: DEBUG cotyledon.oslo_config_glue [-] profiler_jaeger.process_tags = {} {{(pid=109468) log_opt_values /opt/stack/data/venv/lib/python3.12/site-packages/oslo_config/cfg.py:3006}}
Apr 27 14:23:30.395492 np0000170601 nova-scheduler[109468]: DEBUG cotyledon.oslo_config_glue [-] profiler_jaeger.service_name_prefix = None {{(pid=109468) log_opt_values /opt/stack/data/venv/lib/python3.12/site-packages/oslo_config/cfg.py:3006}}
Apr 27 14:23:30.395492 np0000170601 nova-scheduler[109468]: DEBUG cotyledon.oslo_config_glue [-] profiler_otlp.service_name_prefix = None {{(pid=109468) log_opt_values /opt/stack/data/venv/lib/python3.12/site-packages/oslo_config/cfg.py:3006}}
Apr 27 14:23:30.395492 np0000170601 nova-scheduler[109468]: DEBUG cotyledon.oslo_config_glue [-] oslo_messaging_rabbit.amqp_auto_delete = False {{(pid=109468) log_opt_values /opt/stack/data/venv/lib/python3.12/site-packages/oslo_config/cfg.py:3006}}
Apr 27 14:23:30.395492 np0000170601 nova-scheduler[109468]: DEBUG cotyledon.oslo_config_glue [-] oslo_messaging_rabbit.amqp_durable_queues = False {{(pid=109468) log_opt_values /opt/stack/data/venv/lib/python3.12/site-packages/oslo_config/cfg.py:3006}}
Apr 27 14:23:30.395492 np0000170601 nova-scheduler[109468]: DEBUG cotyledon.oslo_config_glue [-] oslo_messaging_rabbit.conn_pool_min_size = 2 {{(pid=109468) log_opt_values /opt/stack/data/venv/lib/python3.12/site-packages/oslo_config/cfg.py:3006}}
Apr 27 14:23:30.395492 np0000170601 nova-scheduler[109468]: DEBUG cotyledon.oslo_config_glue [-] oslo_messaging_rabbit.conn_pool_ttl = 1200 {{(pid=109468) log_opt_values /opt/stack/data/venv/lib/python3.12/site-packages/oslo_config/cfg.py:3006}}
Apr 27 14:23:30.395492 np0000170601 nova-scheduler[109468]: DEBUG cotyledon.oslo_config_glue [-] oslo_messaging_rabbit.direct_mandatory_flag = True {{(pid=109468) log_opt_values /opt/stack/data/venv/lib/python3.12/site-packages/oslo_config/cfg.py:3006}}
Apr 27 14:23:30.395492 np0000170601 nova-scheduler[109468]: DEBUG cotyledon.oslo_config_glue [-] oslo_messaging_rabbit.enable_cancel_on_failover = False {{(pid=109468) log_opt_values /opt/stack/data/venv/lib/python3.12/site-packages/oslo_config/cfg.py:3006}}
Apr 27 14:23:30.395745 np0000170601 nova-scheduler[109468]: DEBUG cotyledon.oslo_config_glue [-] oslo_messaging_rabbit.heartbeat_in_pthread = False {{(pid=109468) log_opt_values /opt/stack/data/venv/lib/python3.12/site-packages/oslo_config/cfg.py:3006}}
Apr 27 14:23:30.395745 np0000170601 nova-scheduler[109468]: DEBUG cotyledon.oslo_config_glue [-] oslo_messaging_rabbit.heartbeat_rate = 3 {{(pid=109468) log_opt_values /opt/stack/data/venv/lib/python3.12/site-packages/oslo_config/cfg.py:3006}}
Apr 27 14:23:30.395745 np0000170601 nova-scheduler[109468]: DEBUG cotyledon.oslo_config_glue [-] oslo_messaging_rabbit.heartbeat_timeout_threshold = 60 {{(pid=109468) log_opt_values /opt/stack/data/venv/lib/python3.12/site-packages/oslo_config/cfg.py:3006}}
Apr 27 14:23:30.395745 np0000170601 nova-scheduler[109468]: DEBUG cotyledon.oslo_config_glue [-] oslo_messaging_rabbit.hostname = np0000170601 {{(pid=109468) log_opt_values /opt/stack/data/venv/lib/python3.12/site-packages/oslo_config/cfg.py:3006}}
Apr 27 14:23:30.395745 np0000170601 nova-scheduler[109468]: DEBUG cotyledon.oslo_config_glue [-] oslo_messaging_rabbit.kombu_compression = None {{(pid=109468) log_opt_values /opt/stack/data/venv/lib/python3.12/site-packages/oslo_config/cfg.py:3006}}
Apr 27 14:23:30.395745 np0000170601 nova-scheduler[109468]: DEBUG cotyledon.oslo_config_glue [-] oslo_messaging_rabbit.kombu_failover_strategy = round-robin {{(pid=109468) log_opt_values /opt/stack/data/venv/lib/python3.12/site-packages/oslo_config/cfg.py:3006}}
Apr 27 14:23:30.395745 np0000170601 nova-scheduler[109468]: DEBUG cotyledon.oslo_config_glue [-] oslo_messaging_rabbit.kombu_missing_consumer_retry_timeout = 60 {{(pid=109468) log_opt_values /opt/stack/data/venv/lib/python3.12/site-packages/oslo_config/cfg.py:3006}}
Apr 27 14:23:30.395745 np0000170601 nova-scheduler[109468]: DEBUG cotyledon.oslo_config_glue [-] oslo_messaging_rabbit.kombu_reconnect_delay = 1.0 {{(pid=109468) log_opt_values /opt/stack/data/venv/lib/python3.12/site-packages/oslo_config/cfg.py:3006}}
Apr 27 14:23:30.395975 np0000170601 nova-scheduler[109468]: DEBUG cotyledon.oslo_config_glue [-] oslo_messaging_rabbit.kombu_reconnect_splay = 0.0 {{(pid=109468) log_opt_values /opt/stack/data/venv/lib/python3.12/site-packages/oslo_config/cfg.py:3006}}
Apr 27 14:23:30.395975 np0000170601 nova-scheduler[109468]: DEBUG cotyledon.oslo_config_glue [-] oslo_messaging_rabbit.processname = nova-scheduler {{(pid=109468) log_opt_values /opt/stack/data/venv/lib/python3.12/site-packages/oslo_config/cfg.py:3006}}
Apr 27 14:23:30.395975 np0000170601 nova-scheduler[109468]: DEBUG cotyledon.oslo_config_glue [-] oslo_messaging_rabbit.rabbit_ha_queues = False {{(pid=109468) log_opt_values /opt/stack/data/venv/lib/python3.12/site-packages/oslo_config/cfg.py:3006}}
Apr 27 14:23:30.395975 np0000170601 nova-scheduler[109468]: DEBUG cotyledon.oslo_config_glue [-] oslo_messaging_rabbit.rabbit_interval_max = 30 {{(pid=109468) log_opt_values /opt/stack/data/venv/lib/python3.12/site-packages/oslo_config/cfg.py:3006}}
Apr 27 14:23:30.395975 np0000170601 nova-scheduler[109468]: DEBUG cotyledon.oslo_config_glue [-] oslo_messaging_rabbit.rabbit_login_method = AMQPLAIN {{(pid=109468) log_opt_values /opt/stack/data/venv/lib/python3.12/site-packages/oslo_config/cfg.py:3006}}
Apr 27 14:23:30.395975 np0000170601 nova-scheduler[109468]: DEBUG cotyledon.oslo_config_glue [-] oslo_messaging_rabbit.rabbit_qos_prefetch_count = 0 {{(pid=109468) log_opt_values /opt/stack/data/venv/lib/python3.12/site-packages/oslo_config/cfg.py:3006}}
Apr 27 14:23:30.395975 np0000170601 nova-scheduler[109468]: DEBUG cotyledon.oslo_config_glue [-] oslo_messaging_rabbit.rabbit_quorum_delivery_limit = 0 {{(pid=109468) log_opt_values /opt/stack/data/venv/lib/python3.12/site-packages/oslo_config/cfg.py:3006}}
Apr 27 14:23:30.395975 np0000170601 nova-scheduler[109468]: DEBUG cotyledon.oslo_config_glue [-] oslo_messaging_rabbit.rabbit_quorum_max_memory_bytes = 0 {{(pid=109468) log_opt_values /opt/stack/data/venv/lib/python3.12/site-packages/oslo_config/cfg.py:3006}}
Apr 27 14:23:30.396155 np0000170601 nova-scheduler[109468]: DEBUG cotyledon.oslo_config_glue [-] oslo_messaging_rabbit.rabbit_quorum_max_memory_length = 0 {{(pid=109468) log_opt_values /opt/stack/data/venv/lib/python3.12/site-packages/oslo_config/cfg.py:3006}}
Apr 27 14:23:30.396155 np0000170601 nova-scheduler[109468]: DEBUG cotyledon.oslo_config_glue [-] oslo_messaging_rabbit.rabbit_quorum_queue = False {{(pid=109468) log_opt_values /opt/stack/data/venv/lib/python3.12/site-packages/oslo_config/cfg.py:3006}}
Apr 27 14:23:30.396210 np0000170601 nova-scheduler[109459]: DEBUG oslo_db.sqlalchemy.engines [None req-2ccc8adc-97c4-4310-adc5-517587a51ceb None None] MySQL server mode set to STRICT_TRANS_TABLES,STRICT_ALL_TABLES,NO_ZERO_IN_DATE,NO_ZERO_DATE,ERROR_FOR_DIVISION_BY_ZERO,TRADITIONAL,NO_ENGINE_SUBSTITUTION {{(pid=109459) _check_effective_sql_mode /opt/stack/data/venv/lib/python3.12/site-packages/oslo_db/sqlalchemy/engines.py:325}}
Apr 27 14:23:30.396247 np0000170601 nova-scheduler[109468]: DEBUG cotyledon.oslo_config_glue [-] oslo_messaging_rabbit.rabbit_retry_backoff = 2 {{(pid=109468) log_opt_values /opt/stack/data/venv/lib/python3.12/site-packages/oslo_config/cfg.py:3006}}
Apr 27 14:23:30.396247 np0000170601 nova-scheduler[109468]: DEBUG cotyledon.oslo_config_glue [-] oslo_messaging_rabbit.rabbit_retry_interval = 1 {{(pid=109468) log_opt_values /opt/stack/data/venv/lib/python3.12/site-packages/oslo_config/cfg.py:3006}}
Apr 27 14:23:30.396247 np0000170601 nova-scheduler[109468]: DEBUG cotyledon.oslo_config_glue [-] oslo_messaging_rabbit.rabbit_stream_fanout = False {{(pid=109468) log_opt_values /opt/stack/data/venv/lib/python3.12/site-packages/oslo_config/cfg.py:3006}}
Apr 27 14:23:30.396247 np0000170601 nova-scheduler[109468]: DEBUG cotyledon.oslo_config_glue [-] oslo_messaging_rabbit.rabbit_transient_queues_ttl = 1800 {{(pid=109468) log_opt_values /opt/stack/data/venv/lib/python3.12/site-packages/oslo_config/cfg.py:3006}}
Apr 27 14:23:30.396247 np0000170601 nova-scheduler[109468]: DEBUG cotyledon.oslo_config_glue [-] oslo_messaging_rabbit.rabbit_transient_quorum_queue = False {{(pid=109468) log_opt_values /opt/stack/data/venv/lib/python3.12/site-packages/oslo_config/cfg.py:3006}}
Apr 27 14:23:30.396247 np0000170601 nova-scheduler[109468]: DEBUG cotyledon.oslo_config_glue [-] oslo_messaging_rabbit.rpc_conn_pool_size = 30 {{(pid=109468) log_opt_values /opt/stack/data/venv/lib/python3.12/site-packages/oslo_config/cfg.py:3006}}
Apr 27 14:23:30.396247 np0000170601 nova-scheduler[109468]: DEBUG cotyledon.oslo_config_glue [-] oslo_messaging_rabbit.ssl = False {{(pid=109468) log_opt_values /opt/stack/data/venv/lib/python3.12/site-packages/oslo_config/cfg.py:3006}}
Apr 27 14:23:30.396247 np0000170601 nova-scheduler[109468]: DEBUG cotyledon.oslo_config_glue [-] oslo_messaging_rabbit.ssl_ca_file = {{(pid=109468) log_opt_values /opt/stack/data/venv/lib/python3.12/site-packages/oslo_config/cfg.py:3006}}
Apr 27 14:23:30.396247 np0000170601 nova-scheduler[109468]: DEBUG cotyledon.oslo_config_glue [-] oslo_messaging_rabbit.ssl_cert_file = {{(pid=109468) log_opt_values /opt/stack/data/venv/lib/python3.12/site-packages/oslo_config/cfg.py:3006}}
Apr 27 14:23:30.396457 np0000170601 nova-scheduler[109468]: DEBUG cotyledon.oslo_config_glue [-] oslo_messaging_rabbit.ssl_enforce_fips_mode = False {{(pid=109468) log_opt_values /opt/stack/data/venv/lib/python3.12/site-packages/oslo_config/cfg.py:3006}}
Apr 27 14:23:30.396457 np0000170601 nova-scheduler[109468]: DEBUG cotyledon.oslo_config_glue [-] oslo_messaging_rabbit.ssl_key_file = {{(pid=109468) log_opt_values /opt/stack/data/venv/lib/python3.12/site-packages/oslo_config/cfg.py:3006}}
Apr 27 14:23:30.396457 np0000170601 nova-scheduler[109468]: DEBUG cotyledon.oslo_config_glue [-] oslo_messaging_rabbit.ssl_version = {{(pid=109468) log_opt_values /opt/stack/data/venv/lib/python3.12/site-packages/oslo_config/cfg.py:3006}}
Apr 27 14:23:30.396457 np0000170601 nova-scheduler[109468]: DEBUG cotyledon.oslo_config_glue [-] oslo_messaging_rabbit.use_queue_manager = False {{(pid=109468) log_opt_values /opt/stack/data/venv/lib/python3.12/site-packages/oslo_config/cfg.py:3006}}
Apr 27 14:23:30.396457 np0000170601 nova-scheduler[109468]: DEBUG cotyledon.oslo_config_glue [-] oslo_messaging_notifications.driver = ['messagingv2'] {{(pid=109468) log_opt_values /opt/stack/data/venv/lib/python3.12/site-packages/oslo_config/cfg.py:3006}}
Apr 27 14:23:30.396457 np0000170601 nova-scheduler[109468]: DEBUG cotyledon.oslo_config_glue [-] oslo_messaging_notifications.retry = -1 {{(pid=109468) log_opt_values /opt/stack/data/venv/lib/python3.12/site-packages/oslo_config/cfg.py:3006}}
Apr 27 14:23:30.396457 np0000170601 nova-scheduler[109468]: DEBUG cotyledon.oslo_config_glue [-] oslo_messaging_notifications.topics = ['notifications'] {{(pid=109468) log_opt_values /opt/stack/data/venv/lib/python3.12/site-packages/oslo_config/cfg.py:3006}}
Apr 27 14:23:30.396457 np0000170601 nova-scheduler[109468]: DEBUG cotyledon.oslo_config_glue [-] oslo_messaging_notifications.transport_url = **** {{(pid=109468) log_opt_values /opt/stack/data/venv/lib/python3.12/site-packages/oslo_config/cfg.py:3006}}
Apr 27 14:23:30.396457 np0000170601 nova-scheduler[109468]: DEBUG cotyledon.oslo_config_glue [-] oslo_limit.auth_section = None {{(pid=109468) log_opt_values /opt/stack/data/venv/lib/python3.12/site-packages/oslo_config/cfg.py:3006}}
Apr 27 14:23:30.396675 np0000170601 nova-scheduler[109468]: DEBUG cotyledon.oslo_config_glue [-] oslo_limit.auth_type = None {{(pid=109468) log_opt_values /opt/stack/data/venv/lib/python3.12/site-packages/oslo_config/cfg.py:3006}}
Apr 27 14:23:30.396675 np0000170601 nova-scheduler[109468]: DEBUG cotyledon.oslo_config_glue [-] oslo_limit.cafile = None {{(pid=109468) log_opt_values /opt/stack/data/venv/lib/python3.12/site-packages/oslo_config/cfg.py:3006}}
Apr 27 14:23:30.396675 np0000170601 nova-scheduler[109468]: DEBUG cotyledon.oslo_config_glue [-] oslo_limit.certfile = None {{(pid=109468) log_opt_values /opt/stack/data/venv/lib/python3.12/site-packages/oslo_config/cfg.py:3006}}
Apr 27 14:23:30.396675 np0000170601 nova-scheduler[109468]: DEBUG cotyledon.oslo_config_glue [-] oslo_limit.collect_timing = False {{(pid=109468) log_opt_values /opt/stack/data/venv/lib/python3.12/site-packages/oslo_config/cfg.py:3006}}
Apr 27 14:23:30.396675 np0000170601 nova-scheduler[109468]: DEBUG cotyledon.oslo_config_glue [-] oslo_limit.connect_retries = None {{(pid=109468) log_opt_values /opt/stack/data/venv/lib/python3.12/site-packages/oslo_config/cfg.py:3006}}
Apr 27 14:23:30.396675 np0000170601 nova-scheduler[109468]: DEBUG cotyledon.oslo_config_glue [-] oslo_limit.connect_retry_delay = None {{(pid=109468) log_opt_values /opt/stack/data/venv/lib/python3.12/site-packages/oslo_config/cfg.py:3006}}
Apr 27 14:23:30.396675 np0000170601 nova-scheduler[109468]: DEBUG cotyledon.oslo_config_glue [-] oslo_limit.endpoint_id = None {{(pid=109468) log_opt_values /opt/stack/data/venv/lib/python3.12/site-packages/oslo_config/cfg.py:3006}}
Apr 27 14:23:30.396675 np0000170601 nova-scheduler[109468]: DEBUG cotyledon.oslo_config_glue [-] oslo_limit.endpoint_interface = public {{(pid=109468) log_opt_values /opt/stack/data/venv/lib/python3.12/site-packages/oslo_config/cfg.py:3006}}
Apr 27 14:23:30.396675 np0000170601 nova-scheduler[109468]: DEBUG cotyledon.oslo_config_glue [-] oslo_limit.endpoint_override = None {{(pid=109468) log_opt_values /opt/stack/data/venv/lib/python3.12/site-packages/oslo_config/cfg.py:3006}}
Apr 27 14:23:30.396917 np0000170601 nova-scheduler[109468]: DEBUG cotyledon.oslo_config_glue [-] oslo_limit.endpoint_region_name = None {{(pid=109468) log_opt_values /opt/stack/data/venv/lib/python3.12/site-packages/oslo_config/cfg.py:3006}}
Apr 27 14:23:30.396917 np0000170601 nova-scheduler[109468]: DEBUG cotyledon.oslo_config_glue [-] oslo_limit.endpoint_service_name = None {{(pid=109468) log_opt_values /opt/stack/data/venv/lib/python3.12/site-packages/oslo_config/cfg.py:3006}}
Apr 27 14:23:30.396917 np0000170601 nova-scheduler[109468]: DEBUG cotyledon.oslo_config_glue [-] oslo_limit.endpoint_service_type = None {{(pid=109468) log_opt_values /opt/stack/data/venv/lib/python3.12/site-packages/oslo_config/cfg.py:3006}}
Apr 27 14:23:30.396917 np0000170601 nova-scheduler[109468]: DEBUG cotyledon.oslo_config_glue [-] oslo_limit.insecure = False {{(pid=109468) log_opt_values /opt/stack/data/venv/lib/python3.12/site-packages/oslo_config/cfg.py:3006}}
Apr 27 14:23:30.396917 np0000170601 nova-scheduler[109468]: DEBUG cotyledon.oslo_config_glue [-] oslo_limit.keyfile = None {{(pid=109468) log_opt_values /opt/stack/data/venv/lib/python3.12/site-packages/oslo_config/cfg.py:3006}}
Apr 27 14:23:30.396917 np0000170601 nova-scheduler[109468]: DEBUG cotyledon.oslo_config_glue [-] oslo_limit.max_version = None {{(pid=109468) log_opt_values /opt/stack/data/venv/lib/python3.12/site-packages/oslo_config/cfg.py:3006}}
Apr 27 14:23:30.396917 np0000170601 nova-scheduler[109468]: DEBUG cotyledon.oslo_config_glue [-] oslo_limit.min_version = None {{(pid=109468) log_opt_values /opt/stack/data/venv/lib/python3.12/site-packages/oslo_config/cfg.py:3006}}
Apr 27 14:23:30.396917 np0000170601 nova-scheduler[109468]: DEBUG cotyledon.oslo_config_glue [-] oslo_limit.region_name = None {{(pid=109468) log_opt_values /opt/stack/data/venv/lib/python3.12/site-packages/oslo_config/cfg.py:3006}}
Apr 27 14:23:30.396917 np0000170601 nova-scheduler[109468]: DEBUG cotyledon.oslo_config_glue [-] oslo_limit.retriable_status_codes = None {{(pid=109468) log_opt_values /opt/stack/data/venv/lib/python3.12/site-packages/oslo_config/cfg.py:3006}}
Apr 27 14:23:30.397172 np0000170601 nova-scheduler[109468]: DEBUG cotyledon.oslo_config_glue [-] oslo_limit.service_name = None {{(pid=109468) log_opt_values /opt/stack/data/venv/lib/python3.12/site-packages/oslo_config/cfg.py:3006}}
Apr 27 14:23:30.397172 np0000170601 nova-scheduler[109468]: DEBUG cotyledon.oslo_config_glue [-] oslo_limit.service_type = None {{(pid=109468) log_opt_values /opt/stack/data/venv/lib/python3.12/site-packages/oslo_config/cfg.py:3006}}
Apr 27 14:23:30.397172 np0000170601 nova-scheduler[109468]: DEBUG cotyledon.oslo_config_glue [-] oslo_limit.split_loggers = False {{(pid=109468) log_opt_values /opt/stack/data/venv/lib/python3.12/site-packages/oslo_config/cfg.py:3006}}
Apr 27 14:23:30.397172 np0000170601 nova-scheduler[109468]: DEBUG cotyledon.oslo_config_glue [-] oslo_limit.status_code_retries = None {{(pid=109468) log_opt_values /opt/stack/data/venv/lib/python3.12/site-packages/oslo_config/cfg.py:3006}}
Apr 27 14:23:30.397172 np0000170601 nova-scheduler[109468]: DEBUG cotyledon.oslo_config_glue [-] oslo_limit.status_code_retry_delay = None {{(pid=109468) log_opt_values /opt/stack/data/venv/lib/python3.12/site-packages/oslo_config/cfg.py:3006}}
Apr 27 14:23:30.397172 np0000170601 nova-scheduler[109468]: DEBUG cotyledon.oslo_config_glue [-] oslo_limit.timeout = None {{(pid=109468) log_opt_values /opt/stack/data/venv/lib/python3.12/site-packages/oslo_config/cfg.py:3006}}
Apr 27 14:23:30.397172 np0000170601 nova-scheduler[109468]: DEBUG cotyledon.oslo_config_glue [-] oslo_limit.valid_interfaces = None {{(pid=109468) log_opt_values /opt/stack/data/venv/lib/python3.12/site-packages/oslo_config/cfg.py:3006}}
Apr 27 14:23:30.397172 np0000170601 nova-scheduler[109468]: DEBUG cotyledon.oslo_config_glue [-] oslo_limit.version = None {{(pid=109468) log_opt_values /opt/stack/data/venv/lib/python3.12/site-packages/oslo_config/cfg.py:3006}}
Apr 27 14:23:30.397172 np0000170601 nova-scheduler[109468]: DEBUG cotyledon.oslo_config_glue [-] oslo_reports.file_event_handler = None {{(pid=109468) log_opt_values /opt/stack/data/venv/lib/python3.12/site-packages/oslo_config/cfg.py:3006}}
Apr 27 14:23:30.397398 np0000170601 nova-scheduler[109468]: DEBUG cotyledon.oslo_config_glue [-] oslo_reports.file_event_handler_interval = 1 {{(pid=109468) log_opt_values /opt/stack/data/venv/lib/python3.12/site-packages/oslo_config/cfg.py:3006}}
Apr 27 14:23:30.397398 np0000170601 nova-scheduler[109468]: DEBUG cotyledon.oslo_config_glue [-] oslo_reports.log_dir = None {{(pid=109468) log_opt_values /opt/stack/data/venv/lib/python3.12/site-packages/oslo_config/cfg.py:3006}}
Apr 27 14:23:30.397398 np0000170601 nova-scheduler[109468]: DEBUG cotyledon.oslo_config_glue [-] ******************************************************************************** {{(pid=109468) log_opt_values /opt/stack/data/venv/lib/python3.12/site-packages/oslo_config/cfg.py:3013}}
Apr 27 14:23:30.397398 np0000170601 nova-scheduler[109468]: DEBUG cotyledon._service_worker [-] Run service ServiceWrapper(3) [109468] {{(pid=109468) wait_forever /opt/stack/data/venv/lib/python3.12/site-packages/cotyledon/_service_worker.py:218}}
Apr 27 14:23:30.397398 np0000170601 nova-scheduler[109468]: INFO nova.service [-] Starting scheduler node (version 33.1.0)
Apr 27 14:23:30.397517 np0000170601 nova-scheduler[109451]: DEBUG dbcounter [-] [109451] Writer thread running {{(pid=109451) stat_writer /opt/stack/data/venv/lib/python3.12/site-packages/dbcounter.py:102}}
Apr 27 14:23:30.397603 np0000170601 nova-scheduler[109468]: INFO dbcounter [None req-28428e7a-d223-47fb-8d8c-d34aa0fc9e88 None None] Registered counter for database nova_cell0
Apr 27 14:23:30.397646 np0000170601 nova-scheduler[109445]: DEBUG nova.service [None req-7d1951f2-310d-4619-9cd1-178c0aee18dd None None] Creating RPC server for service: nova-scheduler on topic: scheduler {{(pid=109445) start /opt/stack/nova/nova/service.py:195}}
Apr 27 14:23:30.397678 np0000170601 nova-scheduler[109451]: DEBUG nova.service [None req-de9ebc81-9164-4dee-bb58-1bedcd9fb862 None None] Creating RPC server for service: nova-scheduler on topic: scheduler {{(pid=109451) start /opt/stack/nova/nova/service.py:195}}
Apr 27 14:23:30.397706 np0000170601 nova-scheduler[109459]: DEBUG dbcounter [-] [109459] Writer thread running {{(pid=109459) stat_writer /opt/stack/data/venv/lib/python3.12/site-packages/dbcounter.py:102}}
Apr 27 14:23:30.397738 np0000170601 nova-scheduler[109468]: DEBUG oslo_db.sqlalchemy.engines [None req-28428e7a-d223-47fb-8d8c-d34aa0fc9e88 None None] MySQL server mode set to STRICT_TRANS_TABLES,STRICT_ALL_TABLES,NO_ZERO_IN_DATE,NO_ZERO_DATE,ERROR_FOR_DIVISION_BY_ZERO,TRADITIONAL,NO_ENGINE_SUBSTITUTION {{(pid=109468) _check_effective_sql_mode /opt/stack/data/venv/lib/python3.12/site-packages/oslo_db/sqlalchemy/engines.py:325}}
Apr 27 14:23:30.397769 np0000170601 nova-scheduler[109459]: DEBUG nova.service [None req-2ccc8adc-97c4-4310-adc5-517587a51ceb None None] Creating RPC server for service: nova-scheduler on topic: scheduler {{(pid=109459) start /opt/stack/nova/nova/service.py:195}}
Apr 27 14:23:30.414663 np0000170601 nova-scheduler[109445]: DEBUG nova.service [None req-7d1951f2-310d-4619-9cd1-178c0aee18dd None None] Join ServiceGroup membership for this service scheduler {{(pid=109445) start /opt/stack/nova/nova/service.py:221}}
Apr 27 14:23:30.414981 np0000170601 nova-scheduler[109451]: DEBUG nova.service [None req-de9ebc81-9164-4dee-bb58-1bedcd9fb862 None None] Join ServiceGroup membership for this service scheduler {{(pid=109451) start /opt/stack/nova/nova/service.py:221}}
Apr 27 14:23:30.415047 np0000170601 nova-scheduler[109445]: DEBUG nova.servicegroup.drivers.db [None req-7d1951f2-310d-4619-9cd1-178c0aee18dd None None] DB_Driver: join new ServiceGroup member np0000170601 to the scheduler group, service = {{(pid=109445) join /opt/stack/nova/nova/servicegroup/drivers/db.py:44}}
Apr 27 14:23:30.415123 np0000170601 nova-scheduler[109468]: DEBUG dbcounter [-] [109468] Writer thread running {{(pid=109468) stat_writer /opt/stack/data/venv/lib/python3.12/site-packages/dbcounter.py:102}}
Apr 27 14:23:30.415388 np0000170601 nova-scheduler[109451]: DEBUG nova.servicegroup.drivers.db [None req-de9ebc81-9164-4dee-bb58-1bedcd9fb862 None None] DB_Driver: join new ServiceGroup member np0000170601 to the scheduler group, service = {{(pid=109451) join /opt/stack/nova/nova/servicegroup/drivers/db.py:44}}
Apr 27 14:23:30.416186 np0000170601 nova-scheduler[109459]: DEBUG nova.service [None req-2ccc8adc-97c4-4310-adc5-517587a51ceb None None] Join ServiceGroup membership for this service scheduler {{(pid=109459) start /opt/stack/nova/nova/service.py:221}}
Apr 27 14:23:30.416427 np0000170601 nova-scheduler[109459]: DEBUG nova.servicegroup.drivers.db [None req-2ccc8adc-97c4-4310-adc5-517587a51ceb None None] DB_Driver: join new ServiceGroup member np0000170601 to the scheduler group, service = {{(pid=109459) join /opt/stack/nova/nova/servicegroup/drivers/db.py:44}}
Apr 27 14:23:30.420137 np0000170601 nova-scheduler[109468]: DEBUG nova.service [None req-28428e7a-d223-47fb-8d8c-d34aa0fc9e88 None None] Creating RPC server for service: nova-scheduler on topic: scheduler {{(pid=109468) start /opt/stack/nova/nova/service.py:195}}
Apr 27 14:23:30.445448 np0000170601 nova-scheduler[109468]: DEBUG nova.service [None req-28428e7a-d223-47fb-8d8c-d34aa0fc9e88 None None] Join ServiceGroup membership for this service scheduler {{(pid=109468) start /opt/stack/nova/nova/service.py:221}}
Apr 27 14:23:30.445818 np0000170601 nova-scheduler[109468]: DEBUG nova.servicegroup.drivers.db [None req-28428e7a-d223-47fb-8d8c-d34aa0fc9e88 None None] DB_Driver: join new ServiceGroup member np0000170601 to the scheduler group, service = {{(pid=109468) join /opt/stack/nova/nova/servicegroup/drivers/db.py:44}}
Apr 27 14:23:30.452838 np0000170601 nova-scheduler[109468]: DEBUG oslo.service.backend._threading.loopingcall [None req-25d42ae2-fc71-4c8e-a102-1093aaae8c0b None None] Dynamic interval looping call 'nova.service.Service.periodic_tasks' sleeping for 60.00 seconds {{(pid=109468) _run_loop /opt/stack/data/venv/lib/python3.12/site-packages/oslo_service/backend/_threading/loopingcall.py:125}}
Apr 27 14:23:35.626020 np0000170601 nova-scheduler[109451]: DEBUG oslo.service.backend._threading.loopingcall [-] Fixed interval looping call 'nova.servicegroup.drivers.db.DbDriver._report_state' sleeping for 119.79 seconds {{(pid=109451) _run_loop /opt/stack/data/venv/lib/python3.12/site-packages/oslo_service/backend/_threading/loopingcall.py:125}}
Apr 27 14:23:35.627108 np0000170601 nova-scheduler[109459]: DEBUG oslo.service.backend._threading.loopingcall [-] Fixed interval looping call 'nova.servicegroup.drivers.db.DbDriver._report_state' sleeping for 119.79 seconds {{(pid=109459) _run_loop /opt/stack/data/venv/lib/python3.12/site-packages/oslo_service/backend/_threading/loopingcall.py:125}}
Apr 27 14:23:35.628940 np0000170601 nova-scheduler[109445]: DEBUG oslo.service.backend._threading.loopingcall [-] Fixed interval looping call 'nova.servicegroup.drivers.db.DbDriver._report_state' sleeping for 119.79 seconds {{(pid=109445) _run_loop /opt/stack/data/venv/lib/python3.12/site-packages/oslo_service/backend/_threading/loopingcall.py:125}}
Apr 27 14:23:35.630186 np0000170601 nova-scheduler[109468]: DEBUG oslo.service.backend._threading.loopingcall [-] Fixed interval looping call 'nova.servicegroup.drivers.db.DbDriver._report_state' sleeping for 119.82 seconds {{(pid=109468) _run_loop /opt/stack/data/venv/lib/python3.12/site-packages/oslo_service/backend/_threading/loopingcall.py:125}}
Apr 27 14:23:38.954233 np0000170601 nova-scheduler[108740]: DEBUG dbcounter [-] [108740] Writing DB stats nova_api:SELECT=3 {{(pid=108740) stat_writer /opt/stack/data/venv/lib/python3.12/site-packages/dbcounter.py:115}}
Apr 27 14:23:39.090735 np0000170601 nova-scheduler[108740]: DEBUG dbcounter [-] [108740] Writing DB stats nova_cell1:SELECT=1 {{(pid=108740) stat_writer /opt/stack/data/venv/lib/python3.12/site-packages/dbcounter.py:115}}
Apr 27 14:23:39.091833 np0000170601 nova-scheduler[108740]: DEBUG dbcounter [-] [108740] Writing DB stats nova_cell0:SELECT=1 {{(pid=108740) stat_writer /opt/stack/data/venv/lib/python3.12/site-packages/dbcounter.py:115}}
Apr 27 14:23:45.429566 np0000170601 nova-scheduler[109451]: DEBUG dbcounter [-] [109451] Writing DB stats nova_cell0:SELECT=3,nova_cell0:UPDATE=1 {{(pid=109451) stat_writer /opt/stack/data/venv/lib/python3.12/site-packages/dbcounter.py:115}}
Apr 27 14:23:45.430334 np0000170601 nova-scheduler[109459]: DEBUG dbcounter [-] [109459] Writing DB stats nova_cell0:SELECT=3,nova_cell0:UPDATE=1 {{(pid=109459) stat_writer /opt/stack/data/venv/lib/python3.12/site-packages/dbcounter.py:115}}
Apr 27 14:23:45.436268 np0000170601 nova-scheduler[109445]: DEBUG dbcounter [-] [109445] Writing DB stats nova_cell0:SELECT=4,nova_cell0:INSERT=1,nova_cell0:UPDATE=1 {{(pid=109445) stat_writer /opt/stack/data/venv/lib/python3.12/site-packages/dbcounter.py:115}}
Apr 27 14:23:45.462318 np0000170601 nova-scheduler[109468]: DEBUG dbcounter [-] [109468] Writing DB stats nova_cell0:SELECT=3,nova_cell0:UPDATE=1 {{(pid=109468) stat_writer /opt/stack/data/venv/lib/python3.12/site-packages/dbcounter.py:115}}
Apr 27 14:23:49.419653 np0000170601 nova-scheduler[109459]: DEBUG oslo.service.backend._threading.loopingcall [None req-b88c8e5c-ad15-4d4f-8b60-d2f204de4156 None None] Dynamic interval looping call 'nova.service.Service.periodic_tasks' sleeping for 60.00 seconds {{(pid=109459) _run_loop /opt/stack/data/venv/lib/python3.12/site-packages/oslo_service/backend/_threading/loopingcall.py:125}}
Apr 27 14:23:54.418683 np0000170601 nova-scheduler[109451]: DEBUG oslo.service.backend._threading.loopingcall [None req-2812c20e-3a7e-493a-b241-963de3516804 None None] Dynamic interval looping call 'nova.service.Service.periodic_tasks' sleeping for 60.00 seconds {{(pid=109451) _run_loop /opt/stack/data/venv/lib/python3.12/site-packages/oslo_service/backend/_threading/loopingcall.py:125}}
Apr 27 14:24:02.423944 np0000170601 nova-scheduler[109445]: DEBUG oslo.service.backend._threading.loopingcall [None req-2ebd3eb0-0740-4875-91dc-0e816d4b7abc None None] Dynamic interval looping call 'nova.service.Service.periodic_tasks' sleeping for 60.00 seconds {{(pid=109445) _run_loop /opt/stack/data/venv/lib/python3.12/site-packages/oslo_service/backend/_threading/loopingcall.py:125}}
Apr 27 14:24:30.453948 np0000170601 nova-scheduler[109468]: DEBUG oslo.service.backend._threading.loopingcall [None req-25d42ae2-fc71-4c8e-a102-1093aaae8c0b None None] Dynamic interval looping call 'nova.service.Service.periodic_tasks' sleeping for 60.00 seconds {{(pid=109468) _run_loop /opt/stack/data/venv/lib/python3.12/site-packages/oslo_service/backend/_threading/loopingcall.py:125}}
Apr 27 14:24:49.420691 np0000170601 nova-scheduler[109459]: DEBUG oslo.service.backend._threading.loopingcall [None req-b88c8e5c-ad15-4d4f-8b60-d2f204de4156 None None] Dynamic interval looping call 'nova.service.Service.periodic_tasks' sleeping for 60.00 seconds {{(pid=109459) _run_loop /opt/stack/data/venv/lib/python3.12/site-packages/oslo_service/backend/_threading/loopingcall.py:125}}
Apr 27 14:24:54.419444 np0000170601 nova-scheduler[109451]: DEBUG oslo.service.backend._threading.loopingcall [None req-2812c20e-3a7e-493a-b241-963de3516804 None None] Dynamic interval looping call 'nova.service.Service.periodic_tasks' sleeping for 60.00 seconds {{(pid=109451) _run_loop /opt/stack/data/venv/lib/python3.12/site-packages/oslo_service/backend/_threading/loopingcall.py:125}}
Apr 27 14:25:02.424365 np0000170601 nova-scheduler[109445]: DEBUG oslo.service.backend._threading.loopingcall [None req-2ebd3eb0-0740-4875-91dc-0e816d4b7abc None None] Dynamic interval looping call 'nova.service.Service.periodic_tasks' sleeping for 60.00 seconds {{(pid=109445) _run_loop /opt/stack/data/venv/lib/python3.12/site-packages/oslo_service/backend/_threading/loopingcall.py:125}}
Apr 27 14:25:30.454523 np0000170601 nova-scheduler[109468]: DEBUG oslo.service.backend._threading.loopingcall [None req-25d42ae2-fc71-4c8e-a102-1093aaae8c0b None None] Dynamic interval looping call 'nova.service.Service.periodic_tasks' sleeping for 60.00 seconds {{(pid=109468) _run_loop /opt/stack/data/venv/lib/python3.12/site-packages/oslo_service/backend/_threading/loopingcall.py:125}}
Apr 27 14:25:35.428019 np0000170601 nova-scheduler[109451]: DEBUG oslo.service.backend._threading.loopingcall [-] Fixed interval looping call 'nova.servicegroup.drivers.db.DbDriver._report_state' sleeping for 119.99 seconds {{(pid=109451) _run_loop /opt/stack/data/venv/lib/python3.12/site-packages/oslo_service/backend/_threading/loopingcall.py:125}}
Apr 27 14:25:35.428594 np0000170601 nova-scheduler[109459]: DEBUG oslo.service.backend._threading.loopingcall [-] Fixed interval looping call 'nova.servicegroup.drivers.db.DbDriver._report_state' sleeping for 119.99 seconds {{(pid=109459) _run_loop /opt/stack/data/venv/lib/python3.12/site-packages/oslo_service/backend/_threading/loopingcall.py:125}}
Apr 27 14:25:35.428972 np0000170601 nova-scheduler[109445]: DEBUG oslo.service.backend._threading.loopingcall [-] Fixed interval looping call 'nova.servicegroup.drivers.db.DbDriver._report_state' sleeping for 119.99 seconds {{(pid=109445) _run_loop /opt/stack/data/venv/lib/python3.12/site-packages/oslo_service/backend/_threading/loopingcall.py:125}}
Apr 27 14:25:35.456963 np0000170601 nova-scheduler[109468]: DEBUG oslo.service.backend._threading.loopingcall [-] Fixed interval looping call 'nova.servicegroup.drivers.db.DbDriver._report_state' sleeping for 119.99 seconds {{(pid=109468) _run_loop /opt/stack/data/venv/lib/python3.12/site-packages/oslo_service/backend/_threading/loopingcall.py:125}}
Apr 27 14:25:45.424168 np0000170601 nova-scheduler[109451]: DEBUG dbcounter [-] [109451] Writing DB stats nova_cell0:SELECT=1,nova_cell0:UPDATE=1 {{(pid=109451) stat_writer /opt/stack/data/venv/lib/python3.12/site-packages/dbcounter.py:115}}
Apr 27 14:25:45.424618 np0000170601 nova-scheduler[109459]: DEBUG dbcounter [-] [109459] Writing DB stats nova_cell0:SELECT=1,nova_cell0:UPDATE=1 {{(pid=109459) stat_writer /opt/stack/data/venv/lib/python3.12/site-packages/dbcounter.py:115}}
Apr 27 14:25:45.424915 np0000170601 nova-scheduler[109445]: DEBUG dbcounter [-] [109445] Writing DB stats nova_cell0:SELECT=1,nova_cell0:UPDATE=1 {{(pid=109445) stat_writer /opt/stack/data/venv/lib/python3.12/site-packages/dbcounter.py:115}}
Apr 27 14:25:45.454468 np0000170601 nova-scheduler[109468]: DEBUG dbcounter [-] [109468] Writing DB stats nova_cell0:SELECT=1 {{(pid=109468) stat_writer /opt/stack/data/venv/lib/python3.12/site-packages/dbcounter.py:115}}
Apr 27 14:25:49.421397 np0000170601 nova-scheduler[109459]: DEBUG oslo.service.backend._threading.loopingcall [None req-b88c8e5c-ad15-4d4f-8b60-d2f204de4156 None None] Dynamic interval looping call 'nova.service.Service.periodic_tasks' sleeping for 60.00 seconds {{(pid=109459) _run_loop /opt/stack/data/venv/lib/python3.12/site-packages/oslo_service/backend/_threading/loopingcall.py:125}}
Apr 27 14:25:54.420221 np0000170601 nova-scheduler[109451]: DEBUG oslo.service.backend._threading.loopingcall [None req-2812c20e-3a7e-493a-b241-963de3516804 None None] Dynamic interval looping call 'nova.service.Service.periodic_tasks' sleeping for 60.00 seconds {{(pid=109451) _run_loop /opt/stack/data/venv/lib/python3.12/site-packages/oslo_service/backend/_threading/loopingcall.py:125}}
Apr 27 14:26:02.425872 np0000170601 nova-scheduler[109445]: DEBUG oslo.service.backend._threading.loopingcall [None req-2ebd3eb0-0740-4875-91dc-0e816d4b7abc None None] Dynamic interval looping call 'nova.service.Service.periodic_tasks' sleeping for 60.00 seconds {{(pid=109445) _run_loop /opt/stack/data/venv/lib/python3.12/site-packages/oslo_service/backend/_threading/loopingcall.py:125}}
Apr 27 14:26:30.455297 np0000170601 nova-scheduler[109468]: DEBUG oslo.service.backend._threading.loopingcall [None req-25d42ae2-fc71-4c8e-a102-1093aaae8c0b None None] Dynamic interval looping call 'nova.service.Service.periodic_tasks' sleeping for 60.00 seconds {{(pid=109468) _run_loop /opt/stack/data/venv/lib/python3.12/site-packages/oslo_service/backend/_threading/loopingcall.py:125}}
Apr 27 14:26:49.422593 np0000170601 nova-scheduler[109459]: DEBUG oslo.service.backend._threading.loopingcall [None req-b88c8e5c-ad15-4d4f-8b60-d2f204de4156 None None] Dynamic interval looping call 'nova.service.Service.periodic_tasks' sleeping for 60.00 seconds {{(pid=109459) _run_loop /opt/stack/data/venv/lib/python3.12/site-packages/oslo_service/backend/_threading/loopingcall.py:125}}
Apr 27 14:26:54.421305 np0000170601 nova-scheduler[109451]: DEBUG oslo.service.backend._threading.loopingcall [None req-2812c20e-3a7e-493a-b241-963de3516804 None None] Dynamic interval looping call 'nova.service.Service.periodic_tasks' sleeping for 60.00 seconds {{(pid=109451) _run_loop /opt/stack/data/venv/lib/python3.12/site-packages/oslo_service/backend/_threading/loopingcall.py:125}}
Apr 27 14:27:02.426344 np0000170601 nova-scheduler[109445]: DEBUG oslo.service.backend._threading.loopingcall [None req-2ebd3eb0-0740-4875-91dc-0e816d4b7abc None None] Dynamic interval looping call 'nova.service.Service.periodic_tasks' sleeping for 60.00 seconds {{(pid=109445) _run_loop /opt/stack/data/venv/lib/python3.12/site-packages/oslo_service/backend/_threading/loopingcall.py:125}}
Apr 27 14:27:30.456279 np0000170601 nova-scheduler[109468]: DEBUG oslo.service.backend._threading.loopingcall [None req-25d42ae2-fc71-4c8e-a102-1093aaae8c0b None None] Dynamic interval looping call 'nova.service.Service.periodic_tasks' sleeping for 60.00 seconds {{(pid=109468) _run_loop /opt/stack/data/venv/lib/python3.12/site-packages/oslo_service/backend/_threading/loopingcall.py:125}}
Apr 27 14:27:35.430338 np0000170601 nova-scheduler[109459]: DEBUG oslo.service.backend._threading.loopingcall [-] Fixed interval looping call 'nova.servicegroup.drivers.db.DbDriver._report_state' sleeping for 119.99 seconds {{(pid=109459) _run_loop /opt/stack/data/venv/lib/python3.12/site-packages/oslo_service/backend/_threading/loopingcall.py:125}}
Apr 27 14:27:35.431104 np0000170601 nova-scheduler[109451]: DEBUG oslo.service.backend._threading.loopingcall [-] Fixed interval looping call 'nova.servicegroup.drivers.db.DbDriver._report_state' sleeping for 119.99 seconds {{(pid=109451) _run_loop /opt/stack/data/venv/lib/python3.12/site-packages/oslo_service/backend/_threading/loopingcall.py:125}}
Apr 27 14:27:35.431530 np0000170601 nova-scheduler[109445]: DEBUG oslo.service.backend._threading.loopingcall [-] Fixed interval looping call 'nova.servicegroup.drivers.db.DbDriver._report_state' sleeping for 119.99 seconds {{(pid=109445) _run_loop /opt/stack/data/venv/lib/python3.12/site-packages/oslo_service/backend/_threading/loopingcall.py:125}}
Apr 27 14:27:35.452671 np0000170601 nova-scheduler[109468]: DEBUG oslo.service.backend._threading.loopingcall [-] Fixed interval looping call 'nova.servicegroup.drivers.db.DbDriver._report_state' sleeping for 119.99 seconds {{(pid=109468) _run_loop /opt/stack/data/venv/lib/python3.12/site-packages/oslo_service/backend/_threading/loopingcall.py:125}}
Apr 27 14:27:45.423509 np0000170601 nova-scheduler[109451]: DEBUG dbcounter [-] [109451] Writing DB stats nova_cell0:SELECT=1,nova_cell0:UPDATE=1 {{(pid=109451) stat_writer /opt/stack/data/venv/lib/python3.12/site-packages/dbcounter.py:115}}
