Apr 03 03:04:16.616040 np0000163384 nova-scheduler[108123]: DEBUG cotyledon.oslo_config_glue [-] workarounds.disable_compute_service_check_for_ffu = False {{(pid=108123) log_opt_values /opt/stack/data/venv/lib/python3.12/site-packages/oslo_config/cfg.py:3006}}
Apr 03 03:04:16.616040 np0000163384 nova-scheduler[108123]: DEBUG cotyledon.oslo_config_glue [-] workarounds.disable_deep_image_inspection = False {{(pid=108123) log_opt_values /opt/stack/data/venv/lib/python3.12/site-packages/oslo_config/cfg.py:3006}}
Apr 03 03:04:16.616040 np0000163384 nova-scheduler[108123]: DEBUG cotyledon.oslo_config_glue [-] workarounds.disable_fallback_pcpu_query = False {{(pid=108123) log_opt_values /opt/stack/data/venv/lib/python3.12/site-packages/oslo_config/cfg.py:3006}}
Apr 03 03:04:16.616040 np0000163384 nova-scheduler[108123]: DEBUG cotyledon.oslo_config_glue [-] workarounds.disable_group_policy_check_upcall = False {{(pid=108123) log_opt_values /opt/stack/data/venv/lib/python3.12/site-packages/oslo_config/cfg.py:3006}}
Apr 03 03:04:16.616040 np0000163384 nova-scheduler[108123]: DEBUG cotyledon.oslo_config_glue [-] workarounds.disable_libvirt_livesnapshot = False {{(pid=108123) log_opt_values /opt/stack/data/venv/lib/python3.12/site-packages/oslo_config/cfg.py:3006}}
Apr 03 03:04:16.616040 np0000163384 nova-scheduler[108123]: DEBUG cotyledon.oslo_config_glue [-] workarounds.disable_rootwrap = False {{(pid=108123) log_opt_values /opt/stack/data/venv/lib/python3.12/site-packages/oslo_config/cfg.py:3006}}
Apr 03 03:04:16.616040 np0000163384 nova-scheduler[108123]: DEBUG cotyledon.oslo_config_glue [-] workarounds.enable_numa_live_migration = False {{(pid=108123) log_opt_values /opt/stack/data/venv/lib/python3.12/site-packages/oslo_config/cfg.py:3006}}
Apr 03 03:04:16.616261 np0000163384 nova-scheduler[108123]: DEBUG cotyledon.oslo_config_glue [-] workarounds.enable_qemu_monitor_announce_self = False {{(pid=108123) log_opt_values /opt/stack/data/venv/lib/python3.12/site-packages/oslo_config/cfg.py:3006}}
Apr 03 03:04:16.616261 np0000163384 nova-scheduler[108123]: DEBUG cotyledon.oslo_config_glue [-] workarounds.ensure_libvirt_rbd_instance_dir_cleanup = False {{(pid=108123) log_opt_values /opt/stack/data/venv/lib/python3.12/site-packages/oslo_config/cfg.py:3006}}
Apr 03 03:04:16.616261 np0000163384 nova-scheduler[108123]: DEBUG cotyledon.oslo_config_glue [-] workarounds.handle_virt_lifecycle_events = True {{(pid=108123) log_opt_values /opt/stack/data/venv/lib/python3.12/site-packages/oslo_config/cfg.py:3006}}
Apr 03 03:04:16.616261 np0000163384 nova-scheduler[108123]: DEBUG cotyledon.oslo_config_glue [-] workarounds.libvirt_disable_apic = False {{(pid=108123) log_opt_values /opt/stack/data/venv/lib/python3.12/site-packages/oslo_config/cfg.py:3006}}
Apr 03 03:04:16.616261 np0000163384 nova-scheduler[108123]: DEBUG cotyledon.oslo_config_glue [-] workarounds.never_download_image_if_on_rbd = False {{(pid=108123) log_opt_values /opt/stack/data/venv/lib/python3.12/site-packages/oslo_config/cfg.py:3006}}
Apr 03 03:04:16.616261 np0000163384 nova-scheduler[108123]: DEBUG cotyledon.oslo_config_glue [-] workarounds.qemu_monitor_announce_self_count = 3 {{(pid=108123) log_opt_values /opt/stack/data/venv/lib/python3.12/site-packages/oslo_config/cfg.py:3006}}
Apr 03 03:04:16.616261 np0000163384 nova-scheduler[108123]: DEBUG cotyledon.oslo_config_glue [-] workarounds.qemu_monitor_announce_self_interval = 1 {{(pid=108123) log_opt_values /opt/stack/data/venv/lib/python3.12/site-packages/oslo_config/cfg.py:3006}}
Apr 03 03:04:16.616261 np0000163384 nova-scheduler[108123]: DEBUG cotyledon.oslo_config_glue [-] workarounds.reserve_disk_resource_for_image_cache = False {{(pid=108123) log_opt_values /opt/stack/data/venv/lib/python3.12/site-packages/oslo_config/cfg.py:3006}}
Apr 03 03:04:16.616261 np0000163384 nova-scheduler[108123]: DEBUG cotyledon.oslo_config_glue [-] workarounds.skip_cpu_compare_at_startup = False {{(pid=108123) log_opt_values /opt/stack/data/venv/lib/python3.12/site-packages/oslo_config/cfg.py:3006}}
Apr 03 03:04:16.616482 np0000163384 nova-scheduler[108123]: DEBUG cotyledon.oslo_config_glue [-] workarounds.skip_cpu_compare_on_dest = False {{(pid=108123) log_opt_values /opt/stack/data/venv/lib/python3.12/site-packages/oslo_config/cfg.py:3006}}
Apr 03 03:04:16.616482 np0000163384 nova-scheduler[108123]: DEBUG cotyledon.oslo_config_glue [-] workarounds.skip_hypervisor_version_check_on_lm = False {{(pid=108123) log_opt_values /opt/stack/data/venv/lib/python3.12/site-packages/oslo_config/cfg.py:3006}}
Apr 03 03:04:16.616482 np0000163384 nova-scheduler[108123]: DEBUG cotyledon.oslo_config_glue [-] workarounds.skip_reserve_in_use_ironic_nodes = False {{(pid=108123) log_opt_values /opt/stack/data/venv/lib/python3.12/site-packages/oslo_config/cfg.py:3006}}
Apr 03 03:04:16.616482 np0000163384 nova-scheduler[108123]: DEBUG cotyledon.oslo_config_glue [-] workarounds.unified_limits_count_pcpu_as_vcpu = False {{(pid=108123) log_opt_values /opt/stack/data/venv/lib/python3.12/site-packages/oslo_config/cfg.py:3006}}
Apr 03 03:04:16.616482 np0000163384 nova-scheduler[108123]: DEBUG cotyledon.oslo_config_glue [-] workarounds.wait_for_vif_plugged_event_during_hard_reboot = [] {{(pid=108123) log_opt_values /opt/stack/data/venv/lib/python3.12/site-packages/oslo_config/cfg.py:3006}}
Apr 03 03:04:16.616482 np0000163384 nova-scheduler[108123]: DEBUG cotyledon.oslo_config_glue [-] wsgi.api_paste_config = /etc/nova/api-paste.ini {{(pid=108123) log_opt_values /opt/stack/data/venv/lib/python3.12/site-packages/oslo_config/cfg.py:3006}}
Apr 03 03:04:16.616482 np0000163384 nova-scheduler[108123]: DEBUG cotyledon.oslo_config_glue [-] wsgi.secure_proxy_ssl_header = None {{(pid=108123) log_opt_values /opt/stack/data/venv/lib/python3.12/site-packages/oslo_config/cfg.py:3006}}
Apr 03 03:04:16.616482 np0000163384 nova-scheduler[108123]: DEBUG cotyledon.oslo_config_glue [-] zvm.ca_file = None {{(pid=108123) log_opt_values /opt/stack/data/venv/lib/python3.12/site-packages/oslo_config/cfg.py:3006}}
Apr 03 03:04:16.616482 np0000163384 nova-scheduler[108123]: DEBUG cotyledon.oslo_config_glue [-] zvm.cloud_connector_url = None {{(pid=108123) log_opt_values /opt/stack/data/venv/lib/python3.12/site-packages/oslo_config/cfg.py:3006}}
Apr 03 03:04:16.616682 np0000163384 nova-scheduler[108123]: DEBUG cotyledon.oslo_config_glue [-] zvm.image_tmp_path = /opt/stack/data/nova/images {{(pid=108123) log_opt_values /opt/stack/data/venv/lib/python3.12/site-packages/oslo_config/cfg.py:3006}}
Apr 03 03:04:16.616682 np0000163384 nova-scheduler[108123]: DEBUG cotyledon.oslo_config_glue [-] zvm.reachable_timeout = 300 {{(pid=108123) log_opt_values /opt/stack/data/venv/lib/python3.12/site-packages/oslo_config/cfg.py:3006}}
Apr 03 03:04:16.616682 np0000163384 nova-scheduler[108123]: DEBUG cotyledon.oslo_config_glue [-] oslo_versionedobjects.fatal_exception_format_errors = False {{(pid=108123) log_opt_values /opt/stack/data/venv/lib/python3.12/site-packages/oslo_config/cfg.py:3006}}
Apr 03 03:04:16.616682 np0000163384 nova-scheduler[108123]: DEBUG cotyledon.oslo_config_glue [-] oslo_middleware.http_basic_auth_user_file = /etc/htpasswd {{(pid=108123) log_opt_values /opt/stack/data/venv/lib/python3.12/site-packages/oslo_config/cfg.py:3006}}
Apr 03 03:04:16.616682 np0000163384 nova-scheduler[108123]: DEBUG cotyledon.oslo_config_glue [-] oslo_messaging_metrics.metrics_buffer_size = 1000 {{(pid=108123) log_opt_values /opt/stack/data/venv/lib/python3.12/site-packages/oslo_config/cfg.py:3006}}
Apr 03 03:04:16.616682 np0000163384 nova-scheduler[108123]: DEBUG cotyledon.oslo_config_glue [-] oslo_messaging_metrics.metrics_enabled = False {{(pid=108123) log_opt_values /opt/stack/data/venv/lib/python3.12/site-packages/oslo_config/cfg.py:3006}}
Apr 03 03:04:16.616682 np0000163384 nova-scheduler[108123]: DEBUG cotyledon.oslo_config_glue [-] oslo_messaging_metrics.metrics_process_name = {{(pid=108123) log_opt_values /opt/stack/data/venv/lib/python3.12/site-packages/oslo_config/cfg.py:3006}}
Apr 03 03:04:16.616682 np0000163384 nova-scheduler[108123]: DEBUG cotyledon.oslo_config_glue [-] oslo_messaging_metrics.metrics_socket_file = /var/tmp/metrics_collector.sock {{(pid=108123) log_opt_values /opt/stack/data/venv/lib/python3.12/site-packages/oslo_config/cfg.py:3006}}
Apr 03 03:04:16.616880 np0000163384 nova-scheduler[108123]: DEBUG cotyledon.oslo_config_glue [-] oslo_messaging_metrics.metrics_thread_stop_timeout = 10 {{(pid=108123) log_opt_values /opt/stack/data/venv/lib/python3.12/site-packages/oslo_config/cfg.py:3006}}
Apr 03 03:04:16.616880 np0000163384 nova-scheduler[108123]: DEBUG cotyledon.oslo_config_glue [-] profiler.connection_string = messaging:// {{(pid=108123) log_opt_values /opt/stack/data/venv/lib/python3.12/site-packages/oslo_config/cfg.py:3006}}
Apr 03 03:04:16.616880 np0000163384 nova-scheduler[108123]: DEBUG cotyledon.oslo_config_glue [-] profiler.enabled = False {{(pid=108123) log_opt_values /opt/stack/data/venv/lib/python3.12/site-packages/oslo_config/cfg.py:3006}}
Apr 03 03:04:16.616880 np0000163384 nova-scheduler[108123]: DEBUG cotyledon.oslo_config_glue [-] profiler.es_doc_type = notification {{(pid=108123) log_opt_values /opt/stack/data/venv/lib/python3.12/site-packages/oslo_config/cfg.py:3006}}
Apr 03 03:04:16.616880 np0000163384 nova-scheduler[108123]: DEBUG cotyledon.oslo_config_glue [-] profiler.es_scroll_size = 10000 {{(pid=108123) log_opt_values /opt/stack/data/venv/lib/python3.12/site-packages/oslo_config/cfg.py:3006}}
Apr 03 03:04:16.616880 np0000163384 nova-scheduler[108123]: DEBUG cotyledon.oslo_config_glue [-] profiler.es_scroll_time = 2m {{(pid=108123) log_opt_values /opt/stack/data/venv/lib/python3.12/site-packages/oslo_config/cfg.py:3006}}
Apr 03 03:04:16.616880 np0000163384 nova-scheduler[108123]: DEBUG cotyledon.oslo_config_glue [-] profiler.filter_error_trace = False {{(pid=108123) log_opt_values /opt/stack/data/venv/lib/python3.12/site-packages/oslo_config/cfg.py:3006}}
Apr 03 03:04:16.616880 np0000163384 nova-scheduler[108123]: DEBUG cotyledon.oslo_config_glue [-] profiler.hmac_keys = **** {{(pid=108123) log_opt_values /opt/stack/data/venv/lib/python3.12/site-packages/oslo_config/cfg.py:3006}}
Apr 03 03:04:16.616880 np0000163384 nova-scheduler[108123]: DEBUG cotyledon.oslo_config_glue [-] profiler.sentinel_service_name = mymaster {{(pid=108123) log_opt_values /opt/stack/data/venv/lib/python3.12/site-packages/oslo_config/cfg.py:3006}}
Apr 03 03:04:16.617107 np0000163384 nova-scheduler[108123]: DEBUG cotyledon.oslo_config_glue [-] profiler.socket_timeout = 0.1 {{(pid=108123) log_opt_values /opt/stack/data/venv/lib/python3.12/site-packages/oslo_config/cfg.py:3006}}
Apr 03 03:04:16.617107 np0000163384 nova-scheduler[108123]: DEBUG cotyledon.oslo_config_glue [-] profiler.trace_requests = False {{(pid=108123) log_opt_values /opt/stack/data/venv/lib/python3.12/site-packages/oslo_config/cfg.py:3006}}
Apr 03 03:04:16.617107 np0000163384 nova-scheduler[108123]: DEBUG cotyledon.oslo_config_glue [-] profiler.trace_sqlalchemy = False {{(pid=108123) log_opt_values /opt/stack/data/venv/lib/python3.12/site-packages/oslo_config/cfg.py:3006}}
Apr 03 03:04:16.617107 np0000163384 nova-scheduler[108123]: DEBUG cotyledon.oslo_config_glue [-] profiler_jaeger.process_tags = {} {{(pid=108123) log_opt_values /opt/stack/data/venv/lib/python3.12/site-packages/oslo_config/cfg.py:3006}}
Apr 03 03:04:16.617107 np0000163384 nova-scheduler[108123]: DEBUG cotyledon.oslo_config_glue [-] profiler_jaeger.service_name_prefix = None {{(pid=108123) log_opt_values /opt/stack/data/venv/lib/python3.12/site-packages/oslo_config/cfg.py:3006}}
Apr 03 03:04:16.617107 np0000163384 nova-scheduler[108123]: DEBUG cotyledon.oslo_config_glue [-] profiler_otlp.service_name_prefix = None {{(pid=108123) log_opt_values /opt/stack/data/venv/lib/python3.12/site-packages/oslo_config/cfg.py:3006}}
Apr 03 03:04:16.617107 np0000163384 nova-scheduler[108123]: DEBUG cotyledon.oslo_config_glue [-] oslo_messaging_rabbit.amqp_auto_delete = False {{(pid=108123) log_opt_values /opt/stack/data/venv/lib/python3.12/site-packages/oslo_config/cfg.py:3006}}
Apr 03 03:04:16.617107 np0000163384 nova-scheduler[108123]: DEBUG cotyledon.oslo_config_glue [-] oslo_messaging_rabbit.amqp_durable_queues = False {{(pid=108123) log_opt_values /opt/stack/data/venv/lib/python3.12/site-packages/oslo_config/cfg.py:3006}}
Apr 03 03:04:16.617107 np0000163384 nova-scheduler[108123]: DEBUG cotyledon.oslo_config_glue [-] oslo_messaging_rabbit.conn_pool_min_size = 2 {{(pid=108123) log_opt_values /opt/stack/data/venv/lib/python3.12/site-packages/oslo_config/cfg.py:3006}}
Apr 03 03:04:16.624438 np0000163384 nova-scheduler[108123]: DEBUG cotyledon.oslo_config_glue [-] oslo_messaging_rabbit.conn_pool_ttl = 1200 {{(pid=108123) log_opt_values /opt/stack/data/venv/lib/python3.12/site-packages/oslo_config/cfg.py:3006}}
Apr 03 03:04:16.624438 np0000163384 nova-scheduler[108123]: DEBUG cotyledon.oslo_config_glue [-] oslo_messaging_rabbit.direct_mandatory_flag = True {{(pid=108123) log_opt_values /opt/stack/data/venv/lib/python3.12/site-packages/oslo_config/cfg.py:3006}}
Apr 03 03:04:16.624438 np0000163384 nova-scheduler[108123]: DEBUG cotyledon.oslo_config_glue [-] oslo_messaging_rabbit.enable_cancel_on_failover = False {{(pid=108123) log_opt_values /opt/stack/data/venv/lib/python3.12/site-packages/oslo_config/cfg.py:3006}}
Apr 03 03:04:16.624438 np0000163384 nova-scheduler[108123]: DEBUG cotyledon.oslo_config_glue [-] oslo_messaging_rabbit.heartbeat_in_pthread = False {{(pid=108123) log_opt_values /opt/stack/data/venv/lib/python3.12/site-packages/oslo_config/cfg.py:3006}}
Apr 03 03:04:16.624438 np0000163384 nova-scheduler[108123]: DEBUG cotyledon.oslo_config_glue [-] oslo_messaging_rabbit.heartbeat_rate = 3 {{(pid=108123) log_opt_values /opt/stack/data/venv/lib/python3.12/site-packages/oslo_config/cfg.py:3006}}
Apr 03 03:04:16.624438 np0000163384 nova-scheduler[108123]: DEBUG cotyledon.oslo_config_glue [-] oslo_messaging_rabbit.heartbeat_timeout_threshold = 60 {{(pid=108123) log_opt_values /opt/stack/data/venv/lib/python3.12/site-packages/oslo_config/cfg.py:3006}}
Apr 03 03:04:16.624438 np0000163384 nova-scheduler[108123]: DEBUG cotyledon.oslo_config_glue [-] oslo_messaging_rabbit.hostname = np0000163384 {{(pid=108123) log_opt_values /opt/stack/data/venv/lib/python3.12/site-packages/oslo_config/cfg.py:3006}}
Apr 03 03:04:16.624438 np0000163384 nova-scheduler[108123]: DEBUG cotyledon.oslo_config_glue [-] oslo_messaging_rabbit.kombu_compression = None {{(pid=108123) log_opt_values /opt/stack/data/venv/lib/python3.12/site-packages/oslo_config/cfg.py:3006}}
Apr 03 03:04:16.624641 np0000163384 nova-scheduler[108114]: DEBUG oslo_db.sqlalchemy.engines [None req-01e5d74b-d3ec-487a-aa3a-f99e816fb256 None None] MySQL server mode set to STRICT_TRANS_TABLES,STRICT_ALL_TABLES,NO_ZERO_IN_DATE,NO_ZERO_DATE,ERROR_FOR_DIVISION_BY_ZERO,TRADITIONAL,NO_ENGINE_SUBSTITUTION {{(pid=108114) _check_effective_sql_mode /opt/stack/data/venv/lib/python3.12/site-packages/oslo_db/sqlalchemy/engines.py:325}}
Apr 03 03:04:16.624671 np0000163384 nova-scheduler[108123]: DEBUG cotyledon.oslo_config_glue [-] oslo_messaging_rabbit.kombu_failover_strategy = round-robin {{(pid=108123) log_opt_values /opt/stack/data/venv/lib/python3.12/site-packages/oslo_config/cfg.py:3006}}
Apr 03 03:04:16.624671 np0000163384 nova-scheduler[108123]: DEBUG cotyledon.oslo_config_glue [-] oslo_messaging_rabbit.kombu_missing_consumer_retry_timeout = 60 {{(pid=108123) log_opt_values /opt/stack/data/venv/lib/python3.12/site-packages/oslo_config/cfg.py:3006}}
Apr 03 03:04:16.624671 np0000163384 nova-scheduler[108123]: DEBUG cotyledon.oslo_config_glue [-] oslo_messaging_rabbit.kombu_reconnect_delay = 1.0 {{(pid=108123) log_opt_values /opt/stack/data/venv/lib/python3.12/site-packages/oslo_config/cfg.py:3006}}
Apr 03 03:04:16.624671 np0000163384 nova-scheduler[108123]: DEBUG cotyledon.oslo_config_glue [-] oslo_messaging_rabbit.kombu_reconnect_splay = 0.0 {{(pid=108123) log_opt_values /opt/stack/data/venv/lib/python3.12/site-packages/oslo_config/cfg.py:3006}}
Apr 03 03:04:16.624671 np0000163384 nova-scheduler[108123]: DEBUG cotyledon.oslo_config_glue [-] oslo_messaging_rabbit.processname = nova-scheduler {{(pid=108123) log_opt_values /opt/stack/data/venv/lib/python3.12/site-packages/oslo_config/cfg.py:3006}}
Apr 03 03:04:16.624671 np0000163384 nova-scheduler[108123]: DEBUG cotyledon.oslo_config_glue [-] oslo_messaging_rabbit.rabbit_ha_queues = False {{(pid=108123) log_opt_values /opt/stack/data/venv/lib/python3.12/site-packages/oslo_config/cfg.py:3006}}
Apr 03 03:04:16.624671 np0000163384 nova-scheduler[108123]: DEBUG cotyledon.oslo_config_glue [-] oslo_messaging_rabbit.rabbit_interval_max = 30 {{(pid=108123) log_opt_values /opt/stack/data/venv/lib/python3.12/site-packages/oslo_config/cfg.py:3006}}
Apr 03 03:04:16.624671 np0000163384 nova-scheduler[108123]: DEBUG cotyledon.oslo_config_glue [-] oslo_messaging_rabbit.rabbit_login_method = AMQPLAIN {{(pid=108123) log_opt_values /opt/stack/data/venv/lib/python3.12/site-packages/oslo_config/cfg.py:3006}}
Apr 03 03:04:16.624671 np0000163384 nova-scheduler[108123]: DEBUG cotyledon.oslo_config_glue [-] oslo_messaging_rabbit.rabbit_qos_prefetch_count = 0 {{(pid=108123) log_opt_values /opt/stack/data/venv/lib/python3.12/site-packages/oslo_config/cfg.py:3006}}
Apr 03 03:04:16.624888 np0000163384 nova-scheduler[108123]: DEBUG cotyledon.oslo_config_glue [-] oslo_messaging_rabbit.rabbit_quorum_delivery_limit = 0 {{(pid=108123) log_opt_values /opt/stack/data/venv/lib/python3.12/site-packages/oslo_config/cfg.py:3006}}
Apr 03 03:04:16.624888 np0000163384 nova-scheduler[108123]: DEBUG cotyledon.oslo_config_glue [-] oslo_messaging_rabbit.rabbit_quorum_max_memory_bytes = 0 {{(pid=108123) log_opt_values /opt/stack/data/venv/lib/python3.12/site-packages/oslo_config/cfg.py:3006}}
Apr 03 03:04:16.624888 np0000163384 nova-scheduler[108123]: DEBUG cotyledon.oslo_config_glue [-] oslo_messaging_rabbit.rabbit_quorum_max_memory_length = 0 {{(pid=108123) log_opt_values /opt/stack/data/venv/lib/python3.12/site-packages/oslo_config/cfg.py:3006}}
Apr 03 03:04:16.624888 np0000163384 nova-scheduler[108123]: DEBUG cotyledon.oslo_config_glue [-] oslo_messaging_rabbit.rabbit_quorum_queue = False {{(pid=108123) log_opt_values /opt/stack/data/venv/lib/python3.12/site-packages/oslo_config/cfg.py:3006}}
Apr 03 03:04:16.624888 np0000163384 nova-scheduler[108123]: DEBUG cotyledon.oslo_config_glue [-] oslo_messaging_rabbit.rabbit_retry_backoff = 2 {{(pid=108123) log_opt_values /opt/stack/data/venv/lib/python3.12/site-packages/oslo_config/cfg.py:3006}}
Apr 03 03:04:16.624888 np0000163384 nova-scheduler[108123]: DEBUG cotyledon.oslo_config_glue [-] oslo_messaging_rabbit.rabbit_retry_interval = 1 {{(pid=108123) log_opt_values /opt/stack/data/venv/lib/python3.12/site-packages/oslo_config/cfg.py:3006}}
Apr 03 03:04:16.624888 np0000163384 nova-scheduler[108123]: DEBUG cotyledon.oslo_config_glue [-] oslo_messaging_rabbit.rabbit_stream_fanout = False {{(pid=108123) log_opt_values /opt/stack/data/venv/lib/python3.12/site-packages/oslo_config/cfg.py:3006}}
Apr 03 03:04:16.624888 np0000163384 nova-scheduler[108123]: DEBUG cotyledon.oslo_config_glue [-] oslo_messaging_rabbit.rabbit_transient_queues_ttl = 1800 {{(pid=108123) log_opt_values /opt/stack/data/venv/lib/python3.12/site-packages/oslo_config/cfg.py:3006}}
Apr 03 03:04:16.625087 np0000163384 nova-scheduler[108123]: DEBUG cotyledon.oslo_config_glue [-] oslo_messaging_rabbit.rabbit_transient_quorum_queue = False {{(pid=108123) log_opt_values /opt/stack/data/venv/lib/python3.12/site-packages/oslo_config/cfg.py:3006}}
Apr 03 03:04:16.625087 np0000163384 nova-scheduler[108123]: DEBUG cotyledon.oslo_config_glue [-] oslo_messaging_rabbit.rpc_conn_pool_size = 30 {{(pid=108123) log_opt_values /opt/stack/data/venv/lib/python3.12/site-packages/oslo_config/cfg.py:3006}}
Apr 03 03:04:16.625087 np0000163384 nova-scheduler[108123]: DEBUG cotyledon.oslo_config_glue [-] oslo_messaging_rabbit.ssl = False {{(pid=108123) log_opt_values /opt/stack/data/venv/lib/python3.12/site-packages/oslo_config/cfg.py:3006}}
Apr 03 03:04:16.625087 np0000163384 nova-scheduler[108123]: DEBUG cotyledon.oslo_config_glue [-] oslo_messaging_rabbit.ssl_ca_file = {{(pid=108123) log_opt_values /opt/stack/data/venv/lib/python3.12/site-packages/oslo_config/cfg.py:3006}}
Apr 03 03:04:16.625087 np0000163384 nova-scheduler[108123]: DEBUG cotyledon.oslo_config_glue [-] oslo_messaging_rabbit.ssl_cert_file = {{(pid=108123) log_opt_values /opt/stack/data/venv/lib/python3.12/site-packages/oslo_config/cfg.py:3006}}
Apr 03 03:04:16.625087 np0000163384 nova-scheduler[108123]: DEBUG cotyledon.oslo_config_glue [-] oslo_messaging_rabbit.ssl_enforce_fips_mode = False {{(pid=108123) log_opt_values /opt/stack/data/venv/lib/python3.12/site-packages/oslo_config/cfg.py:3006}}
Apr 03 03:04:16.625087 np0000163384 nova-scheduler[108123]: DEBUG cotyledon.oslo_config_glue [-] oslo_messaging_rabbit.ssl_key_file = {{(pid=108123) log_opt_values /opt/stack/data/venv/lib/python3.12/site-packages/oslo_config/cfg.py:3006}}
Apr 03 03:04:16.625087 np0000163384 nova-scheduler[108123]: DEBUG cotyledon.oslo_config_glue [-] oslo_messaging_rabbit.ssl_version = {{(pid=108123) log_opt_values /opt/stack/data/venv/lib/python3.12/site-packages/oslo_config/cfg.py:3006}}
Apr 03 03:04:16.625087 np0000163384 nova-scheduler[108123]: DEBUG cotyledon.oslo_config_glue [-] oslo_messaging_rabbit.use_queue_manager = False {{(pid=108123) log_opt_values /opt/stack/data/venv/lib/python3.12/site-packages/oslo_config/cfg.py:3006}}
Apr 03 03:04:16.625295 np0000163384 nova-scheduler[108123]: DEBUG cotyledon.oslo_config_glue [-] oslo_messaging_notifications.driver = ['messagingv2'] {{(pid=108123) log_opt_values /opt/stack/data/venv/lib/python3.12/site-packages/oslo_config/cfg.py:3006}}
Apr 03 03:04:16.625295 np0000163384 nova-scheduler[108123]: DEBUG cotyledon.oslo_config_glue [-] oslo_messaging_notifications.retry = -1 {{(pid=108123) log_opt_values /opt/stack/data/venv/lib/python3.12/site-packages/oslo_config/cfg.py:3006}}
Apr 03 03:04:16.625295 np0000163384 nova-scheduler[108123]: DEBUG cotyledon.oslo_config_glue [-] oslo_messaging_notifications.topics = ['notifications'] {{(pid=108123) log_opt_values /opt/stack/data/venv/lib/python3.12/site-packages/oslo_config/cfg.py:3006}}
Apr 03 03:04:16.625295 np0000163384 nova-scheduler[108123]: DEBUG cotyledon.oslo_config_glue [-] oslo_messaging_notifications.transport_url = **** {{(pid=108123) log_opt_values /opt/stack/data/venv/lib/python3.12/site-packages/oslo_config/cfg.py:3006}}
Apr 03 03:04:16.625295 np0000163384 nova-scheduler[108123]: DEBUG cotyledon.oslo_config_glue [-] oslo_limit.auth_section = None {{(pid=108123) log_opt_values /opt/stack/data/venv/lib/python3.12/site-packages/oslo_config/cfg.py:3006}}
Apr 03 03:04:16.625295 np0000163384 nova-scheduler[108123]: DEBUG cotyledon.oslo_config_glue [-] oslo_limit.auth_type = None {{(pid=108123) log_opt_values /opt/stack/data/venv/lib/python3.12/site-packages/oslo_config/cfg.py:3006}}
Apr 03 03:04:16.625295 np0000163384 nova-scheduler[108123]: DEBUG cotyledon.oslo_config_glue [-] oslo_limit.cafile = None {{(pid=108123) log_opt_values /opt/stack/data/venv/lib/python3.12/site-packages/oslo_config/cfg.py:3006}}
Apr 03 03:04:16.625295 np0000163384 nova-scheduler[108123]: DEBUG cotyledon.oslo_config_glue [-] oslo_limit.certfile = None {{(pid=108123) log_opt_values /opt/stack/data/venv/lib/python3.12/site-packages/oslo_config/cfg.py:3006}}
Apr 03 03:04:16.625295 np0000163384 nova-scheduler[108123]: DEBUG cotyledon.oslo_config_glue [-] oslo_limit.collect_timing = False {{(pid=108123) log_opt_values /opt/stack/data/venv/lib/python3.12/site-packages/oslo_config/cfg.py:3006}}
Apr 03 03:04:16.625514 np0000163384 nova-scheduler[108123]: DEBUG cotyledon.oslo_config_glue [-] oslo_limit.connect_retries = None {{(pid=108123) log_opt_values /opt/stack/data/venv/lib/python3.12/site-packages/oslo_config/cfg.py:3006}}
Apr 03 03:04:16.625514 np0000163384 nova-scheduler[108123]: DEBUG cotyledon.oslo_config_glue [-] oslo_limit.connect_retry_delay = None {{(pid=108123) log_opt_values /opt/stack/data/venv/lib/python3.12/site-packages/oslo_config/cfg.py:3006}}
Apr 03 03:04:16.625514 np0000163384 nova-scheduler[108123]: DEBUG cotyledon.oslo_config_glue [-] oslo_limit.endpoint_id = None {{(pid=108123) log_opt_values /opt/stack/data/venv/lib/python3.12/site-packages/oslo_config/cfg.py:3006}}
Apr 03 03:04:16.625514 np0000163384 nova-scheduler[108123]: DEBUG cotyledon.oslo_config_glue [-] oslo_limit.endpoint_interface = public {{(pid=108123) log_opt_values /opt/stack/data/venv/lib/python3.12/site-packages/oslo_config/cfg.py:3006}}
Apr 03 03:04:16.625514 np0000163384 nova-scheduler[108123]: DEBUG cotyledon.oslo_config_glue [-] oslo_limit.endpoint_override = None {{(pid=108123) log_opt_values /opt/stack/data/venv/lib/python3.12/site-packages/oslo_config/cfg.py:3006}}
Apr 03 03:04:16.625514 np0000163384 nova-scheduler[108123]: DEBUG cotyledon.oslo_config_glue [-] oslo_limit.endpoint_region_name = None {{(pid=108123) log_opt_values /opt/stack/data/venv/lib/python3.12/site-packages/oslo_config/cfg.py:3006}}
Apr 03 03:04:16.625514 np0000163384 nova-scheduler[108123]: DEBUG cotyledon.oslo_config_glue [-] oslo_limit.endpoint_service_name = None {{(pid=108123) log_opt_values /opt/stack/data/venv/lib/python3.12/site-packages/oslo_config/cfg.py:3006}}
Apr 03 03:04:16.625514 np0000163384 nova-scheduler[108123]: DEBUG cotyledon.oslo_config_glue [-] oslo_limit.endpoint_service_type = None {{(pid=108123) log_opt_values /opt/stack/data/venv/lib/python3.12/site-packages/oslo_config/cfg.py:3006}}
Apr 03 03:04:16.625514 np0000163384 nova-scheduler[108123]: DEBUG cotyledon.oslo_config_glue [-] oslo_limit.insecure = False {{(pid=108123) log_opt_values /opt/stack/data/venv/lib/python3.12/site-packages/oslo_config/cfg.py:3006}}
Apr 03 03:04:16.625713 np0000163384 nova-scheduler[108123]: DEBUG cotyledon.oslo_config_glue [-] oslo_limit.keyfile = None {{(pid=108123) log_opt_values /opt/stack/data/venv/lib/python3.12/site-packages/oslo_config/cfg.py:3006}}
Apr 03 03:04:16.625713 np0000163384 nova-scheduler[108123]: DEBUG cotyledon.oslo_config_glue [-] oslo_limit.max_version = None {{(pid=108123) log_opt_values /opt/stack/data/venv/lib/python3.12/site-packages/oslo_config/cfg.py:3006}}
Apr 03 03:04:16.625713 np0000163384 nova-scheduler[108123]: DEBUG cotyledon.oslo_config_glue [-] oslo_limit.min_version = None {{(pid=108123) log_opt_values /opt/stack/data/venv/lib/python3.12/site-packages/oslo_config/cfg.py:3006}}
Apr 03 03:04:16.625713 np0000163384 nova-scheduler[108123]: DEBUG cotyledon.oslo_config_glue [-] oslo_limit.region_name = None {{(pid=108123) log_opt_values /opt/stack/data/venv/lib/python3.12/site-packages/oslo_config/cfg.py:3006}}
Apr 03 03:04:16.625713 np0000163384 nova-scheduler[108123]: DEBUG cotyledon.oslo_config_glue [-] oslo_limit.retriable_status_codes = None {{(pid=108123) log_opt_values /opt/stack/data/venv/lib/python3.12/site-packages/oslo_config/cfg.py:3006}}
Apr 03 03:04:16.625713 np0000163384 nova-scheduler[108123]: DEBUG cotyledon.oslo_config_glue [-] oslo_limit.service_name = None {{(pid=108123) log_opt_values /opt/stack/data/venv/lib/python3.12/site-packages/oslo_config/cfg.py:3006}}
Apr 03 03:04:16.625713 np0000163384 nova-scheduler[108123]: DEBUG cotyledon.oslo_config_glue [-] oslo_limit.service_type = None {{(pid=108123) log_opt_values /opt/stack/data/venv/lib/python3.12/site-packages/oslo_config/cfg.py:3006}}
Apr 03 03:04:16.625713 np0000163384 nova-scheduler[108123]: DEBUG cotyledon.oslo_config_glue [-] oslo_limit.split_loggers = False {{(pid=108123) log_opt_values /opt/stack/data/venv/lib/python3.12/site-packages/oslo_config/cfg.py:3006}}
Apr 03 03:04:16.625713 np0000163384 nova-scheduler[108123]: DEBUG cotyledon.oslo_config_glue [-] oslo_limit.status_code_retries = None {{(pid=108123) log_opt_values /opt/stack/data/venv/lib/python3.12/site-packages/oslo_config/cfg.py:3006}}
Apr 03 03:04:16.625916 np0000163384 nova-scheduler[108106]: DEBUG dbcounter [-] [108106] Writer thread running {{(pid=108106) stat_writer /opt/stack/data/venv/lib/python3.12/site-packages/dbcounter.py:102}}
Apr 03 03:04:16.625945 np0000163384 nova-scheduler[108123]: DEBUG cotyledon.oslo_config_glue [-] oslo_limit.status_code_retry_delay = None {{(pid=108123) log_opt_values /opt/stack/data/venv/lib/python3.12/site-packages/oslo_config/cfg.py:3006}}
Apr 03 03:04:16.625945 np0000163384 nova-scheduler[108123]: DEBUG cotyledon.oslo_config_glue [-] oslo_limit.timeout = None {{(pid=108123) log_opt_values /opt/stack/data/venv/lib/python3.12/site-packages/oslo_config/cfg.py:3006}}
Apr 03 03:04:16.625945 np0000163384 nova-scheduler[108123]: DEBUG cotyledon.oslo_config_glue [-] oslo_limit.valid_interfaces = None {{(pid=108123) log_opt_values /opt/stack/data/venv/lib/python3.12/site-packages/oslo_config/cfg.py:3006}}
Apr 03 03:04:16.625945 np0000163384 nova-scheduler[108123]: DEBUG cotyledon.oslo_config_glue [-] oslo_limit.version = None {{(pid=108123) log_opt_values /opt/stack/data/venv/lib/python3.12/site-packages/oslo_config/cfg.py:3006}}
Apr 03 03:04:16.625945 np0000163384 nova-scheduler[108123]: DEBUG cotyledon.oslo_config_glue [-] oslo_reports.file_event_handler = None {{(pid=108123) log_opt_values /opt/stack/data/venv/lib/python3.12/site-packages/oslo_config/cfg.py:3006}}
Apr 03 03:04:16.625945 np0000163384 nova-scheduler[108123]: DEBUG cotyledon.oslo_config_glue [-] oslo_reports.file_event_handler_interval = 1 {{(pid=108123) log_opt_values /opt/stack/data/venv/lib/python3.12/site-packages/oslo_config/cfg.py:3006}}
Apr 03 03:04:16.625945 np0000163384 nova-scheduler[108123]: DEBUG cotyledon.oslo_config_glue [-] oslo_reports.log_dir = None {{(pid=108123) log_opt_values /opt/stack/data/venv/lib/python3.12/site-packages/oslo_config/cfg.py:3006}}
Apr 03 03:04:16.625945 np0000163384 nova-scheduler[108123]: DEBUG cotyledon.oslo_config_glue [-] ******************************************************************************** {{(pid=108123) log_opt_values /opt/stack/data/venv/lib/python3.12/site-packages/oslo_config/cfg.py:3013}}
Apr 03 03:04:16.625945 np0000163384 nova-scheduler[108123]: DEBUG cotyledon._service_worker [-] Run service ServiceWrapper(3) [108123] {{(pid=108123) wait_forever /opt/stack/data/venv/lib/python3.12/site-packages/cotyledon/_service_worker.py:218}}
Apr 03 03:04:16.626143 np0000163384 nova-scheduler[108123]: INFO nova.service [-] Starting scheduler node (version 33.1.0)
Apr 03 03:04:16.626143 np0000163384 nova-scheduler[108123]: INFO dbcounter [None req-8f873f10-3128-40b6-8d55-324ac358f410 None None] Registered counter for database nova_cell0
Apr 03 03:04:16.626202 np0000163384 nova-scheduler[108114]: DEBUG dbcounter [-] [108114] Writer thread running {{(pid=108114) stat_writer /opt/stack/data/venv/lib/python3.12/site-packages/dbcounter.py:102}}
Apr 03 03:04:16.634595 np0000163384 nova-scheduler[108123]: DEBUG oslo_db.sqlalchemy.engines [None req-8f873f10-3128-40b6-8d55-324ac358f410 None None] MySQL server mode set to STRICT_TRANS_TABLES,STRICT_ALL_TABLES,NO_ZERO_IN_DATE,NO_ZERO_DATE,ERROR_FOR_DIVISION_BY_ZERO,TRADITIONAL,NO_ENGINE_SUBSTITUTION {{(pid=108123) _check_effective_sql_mode /opt/stack/data/venv/lib/python3.12/site-packages/oslo_db/sqlalchemy/engines.py:325}}
Apr 03 03:04:16.642821 np0000163384 nova-scheduler[108095]: DEBUG nova.service [None req-7d4208e7-f344-4ec4-9473-20ea985099c0 None None] Creating RPC server for service: nova-scheduler on topic: scheduler {{(pid=108095) start /opt/stack/nova/nova/service.py:195}}
Apr 03 03:04:16.646827 np0000163384 nova-scheduler[108123]: DEBUG dbcounter [-] [108123] Writer thread running {{(pid=108123) stat_writer /opt/stack/data/venv/lib/python3.12/site-packages/dbcounter.py:102}}
Apr 03 03:04:16.650178 np0000163384 nova-scheduler[108123]: DEBUG nova.service [None req-8f873f10-3128-40b6-8d55-324ac358f410 None None] Creating RPC server for service: nova-scheduler on topic: scheduler {{(pid=108123) start /opt/stack/nova/nova/service.py:195}}
Apr 03 03:04:16.669022 np0000163384 nova-scheduler[108106]: DEBUG nova.service [None req-6b0a3f19-229d-4e6b-8415-8621e9ad71bd None None] Creating RPC server for service: nova-scheduler on topic: scheduler {{(pid=108106) start /opt/stack/nova/nova/service.py:195}}
Apr 03 03:04:16.672034 np0000163384 nova-scheduler[108123]: DEBUG nova.service [None req-8f873f10-3128-40b6-8d55-324ac358f410 None None] Join ServiceGroup membership for this service scheduler {{(pid=108123) start /opt/stack/nova/nova/service.py:221}}
Apr 03 03:04:16.672244 np0000163384 nova-scheduler[108123]: DEBUG nova.servicegroup.drivers.db [None req-8f873f10-3128-40b6-8d55-324ac358f410 None None] DB_Driver: join new ServiceGroup member np0000163384 to the scheduler group, service = {{(pid=108123) join /opt/stack/nova/nova/servicegroup/drivers/db.py:44}}
Apr 03 03:04:16.674655 np0000163384 nova-scheduler[108114]: DEBUG nova.service [None req-01e5d74b-d3ec-487a-aa3a-f99e816fb256 None None] Creating RPC server for service: nova-scheduler on topic: scheduler {{(pid=108114) start /opt/stack/nova/nova/service.py:195}}
Apr 03 03:04:16.678633 np0000163384 nova-scheduler[108095]: DEBUG nova.service [None req-7d4208e7-f344-4ec4-9473-20ea985099c0 None None] Join ServiceGroup membership for this service scheduler {{(pid=108095) start /opt/stack/nova/nova/service.py:221}}
Apr 03 03:04:16.678929 np0000163384 nova-scheduler[108095]: DEBUG nova.servicegroup.drivers.db [None req-7d4208e7-f344-4ec4-9473-20ea985099c0 None None] DB_Driver: join new ServiceGroup member np0000163384 to the scheduler group, service = {{(pid=108095) join /opt/stack/nova/nova/servicegroup/drivers/db.py:44}}
Apr 03 03:04:16.691092 np0000163384 nova-scheduler[108106]: DEBUG nova.service [None req-6b0a3f19-229d-4e6b-8415-8621e9ad71bd None None] Join ServiceGroup membership for this service scheduler {{(pid=108106) start /opt/stack/nova/nova/service.py:221}}
Apr 03 03:04:16.691092 np0000163384 nova-scheduler[108106]: DEBUG nova.servicegroup.drivers.db [None req-6b0a3f19-229d-4e6b-8415-8621e9ad71bd None None] DB_Driver: join new ServiceGroup member np0000163384 to the scheduler group, service = {{(pid=108106) join /opt/stack/nova/nova/servicegroup/drivers/db.py:44}}
Apr 03 03:04:16.695738 np0000163384 nova-scheduler[108114]: DEBUG nova.service [None req-01e5d74b-d3ec-487a-aa3a-f99e816fb256 None None] Join ServiceGroup membership for this service scheduler {{(pid=108114) start /opt/stack/nova/nova/service.py:221}}
Apr 03 03:04:16.696147 np0000163384 nova-scheduler[108114]: DEBUG nova.servicegroup.drivers.db [None req-01e5d74b-d3ec-487a-aa3a-f99e816fb256 None None] DB_Driver: join new ServiceGroup member np0000163384 to the scheduler group, service = {{(pid=108114) join /opt/stack/nova/nova/servicegroup/drivers/db.py:44}}
Apr 03 03:04:21.697254 np0000163384 nova-scheduler[108123]: DEBUG oslo.service.backend._threading.loopingcall [-] Fixed interval looping call 'nova.servicegroup.drivers.db.DbDriver._report_state' sleeping for 119.98 seconds {{(pid=108123) _run_loop /opt/stack/data/venv/lib/python3.12/site-packages/oslo_service/backend/_threading/loopingcall.py:125}}
Apr 03 03:04:21.697908 np0000163384 nova-scheduler[108095]: DEBUG oslo.service.backend._threading.loopingcall [-] Fixed interval looping call 'nova.servicegroup.drivers.db.DbDriver._report_state' sleeping for 119.98 seconds {{(pid=108095) _run_loop /opt/stack/data/venv/lib/python3.12/site-packages/oslo_service/backend/_threading/loopingcall.py:125}}
Apr 03 03:04:21.702940 np0000163384 nova-scheduler[108106]: DEBUG oslo.service.backend._threading.loopingcall [-] Fixed interval looping call 'nova.servicegroup.drivers.db.DbDriver._report_state' sleeping for 119.99 seconds {{(pid=108106) _run_loop /opt/stack/data/venv/lib/python3.12/site-packages/oslo_service/backend/_threading/loopingcall.py:125}}
Apr 03 03:04:21.714745 np0000163384 nova-scheduler[108114]: DEBUG oslo.service.backend._threading.loopingcall [-] Fixed interval looping call 'nova.servicegroup.drivers.db.DbDriver._report_state' sleeping for 119.99 seconds {{(pid=108114) _run_loop /opt/stack/data/venv/lib/python3.12/site-packages/oslo_service/backend/_threading/loopingcall.py:125}}
Apr 03 03:04:22.683709 np0000163384 nova-scheduler[108095]: DEBUG oslo.service.backend._threading.loopingcall [None req-f61abc8a-207c-474c-b610-7bbdf514c201 None None] Dynamic interval looping call 'nova.service.Service.periodic_tasks' sleeping for 60.00 seconds {{(pid=108095) _run_loop /opt/stack/data/venv/lib/python3.12/site-packages/oslo_service/backend/_threading/loopingcall.py:125}}
Apr 03 03:04:22.701461 np0000163384 nova-scheduler[108114]: DEBUG oslo.service.backend._threading.loopingcall [None req-3719d5ab-1b02-412f-8afe-432fa333d9ba None None] Dynamic interval looping call 'nova.service.Service.periodic_tasks' sleeping for 60.00 seconds {{(pid=108114) _run_loop /opt/stack/data/venv/lib/python3.12/site-packages/oslo_service/backend/_threading/loopingcall.py:125}}
Apr 03 03:04:25.268905 np0000163384 nova-scheduler[107367]: DEBUG dbcounter [-] [107367] Writing DB stats nova_api:SELECT=3 {{(pid=107367) stat_writer /opt/stack/data/venv/lib/python3.12/site-packages/dbcounter.py:115}}
Apr 03 03:04:25.365942 np0000163384 nova-scheduler[107367]: DEBUG dbcounter [-] [107367] Writing DB stats nova_cell0:SELECT=1 {{(pid=107367) stat_writer /opt/stack/data/venv/lib/python3.12/site-packages/dbcounter.py:115}}
Apr 03 03:04:25.371548 np0000163384 nova-scheduler[107367]: DEBUG dbcounter [-] [107367] Writing DB stats nova_cell1:SELECT=1 {{(pid=107367) stat_writer /opt/stack/data/venv/lib/python3.12/site-packages/dbcounter.py:115}}
Apr 03 03:04:28.693133 np0000163384 nova-scheduler[108106]: DEBUG oslo.service.backend._threading.loopingcall [None req-62c8f59a-1dfe-47a5-a858-dded26705af8 None None] Dynamic interval looping call 'nova.service.Service.periodic_tasks' sleeping for 60.00 seconds {{(pid=108106) _run_loop /opt/stack/data/venv/lib/python3.12/site-packages/oslo_service/backend/_threading/loopingcall.py:125}}
Apr 03 03:04:31.686975 np0000163384 nova-scheduler[108123]: DEBUG dbcounter [-] [108123] Writing DB stats nova_cell0:SELECT=3,nova_cell0:UPDATE=1 {{(pid=108123) stat_writer /opt/stack/data/venv/lib/python3.12/site-packages/dbcounter.py:115}}
Apr 03 03:04:31.692131 np0000163384 nova-scheduler[108095]: DEBUG dbcounter [-] [108095] Writing DB stats nova_cell0:SELECT=4,nova_cell0:INSERT=1,nova_cell0:UPDATE=1 {{(pid=108095) stat_writer /opt/stack/data/venv/lib/python3.12/site-packages/dbcounter.py:115}}
Apr 03 03:04:31.699915 np0000163384 nova-scheduler[108106]: DEBUG dbcounter [-] [108106] Writing DB stats nova_cell0:SELECT=5,nova_cell0:INSERT=1 {{(pid=108106) stat_writer /opt/stack/data/venv/lib/python3.12/site-packages/dbcounter.py:115}}
Apr 03 03:04:31.711623 np0000163384 nova-scheduler[108114]: DEBUG dbcounter [-] [108114] Writing DB stats nova_cell0:SELECT=5,nova_cell0:INSERT=1 {{(pid=108114) stat_writer /opt/stack/data/venv/lib/python3.12/site-packages/dbcounter.py:115}}
Apr 03 03:04:42.675808 np0000163384 nova-scheduler[108123]: DEBUG oslo.service.backend._threading.loopingcall [None req-40fb6c9f-a1dc-4573-97e2-2f80490197a7 None None] Dynamic interval looping call 'nova.service.Service.periodic_tasks' sleeping for 60.00 seconds {{(pid=108123) _run_loop /opt/stack/data/venv/lib/python3.12/site-packages/oslo_service/backend/_threading/loopingcall.py:125}}
Apr 03 03:05:22.684610 np0000163384 nova-scheduler[108095]: DEBUG oslo.service.backend._threading.loopingcall [None req-f61abc8a-207c-474c-b610-7bbdf514c201 None None] Dynamic interval looping call 'nova.service.Service.periodic_tasks' sleeping for 60.00 seconds {{(pid=108095) _run_loop /opt/stack/data/venv/lib/python3.12/site-packages/oslo_service/backend/_threading/loopingcall.py:125}}
Apr 03 03:05:22.701450 np0000163384 nova-scheduler[108114]: DEBUG oslo.service.backend._threading.loopingcall [None req-3719d5ab-1b02-412f-8afe-432fa333d9ba None None] Dynamic interval looping call 'nova.service.Service.periodic_tasks' sleeping for 60.00 seconds {{(pid=108114) _run_loop /opt/stack/data/venv/lib/python3.12/site-packages/oslo_service/backend/_threading/loopingcall.py:125}}
Apr 03 03:05:28.694020 np0000163384 nova-scheduler[108106]: DEBUG oslo.service.backend._threading.loopingcall [None req-62c8f59a-1dfe-47a5-a858-dded26705af8 None None] Dynamic interval looping call 'nova.service.Service.periodic_tasks' sleeping for 60.00 seconds {{(pid=108106) _run_loop /opt/stack/data/venv/lib/python3.12/site-packages/oslo_service/backend/_threading/loopingcall.py:125}}
Apr 03 03:05:42.676019 np0000163384 nova-scheduler[108123]: DEBUG oslo.service.backend._threading.loopingcall [None req-40fb6c9f-a1dc-4573-97e2-2f80490197a7 None None] Dynamic interval looping call 'nova.service.Service.periodic_tasks' sleeping for 60.00 seconds {{(pid=108123) _run_loop /opt/stack/data/venv/lib/python3.12/site-packages/oslo_service/backend/_threading/loopingcall.py:125}}
Apr 03 03:06:21.796881 np0000163384 nova-scheduler[108123]: DEBUG oslo.service.backend._threading.loopingcall [-] Fixed interval looping call 'nova.servicegroup.drivers.db.DbDriver._report_state' sleeping for 119.88 seconds {{(pid=108123) _run_loop /opt/stack/data/venv/lib/python3.12/site-packages/oslo_service/backend/_threading/loopingcall.py:125}}
Apr 03 03:06:21.798355 np0000163384 nova-scheduler[108095]: DEBUG oslo.service.backend._threading.loopingcall [-] Fixed interval looping call 'nova.servicegroup.drivers.db.DbDriver._report_state' sleeping for 119.88 seconds {{(pid=108095) _run_loop /opt/stack/data/venv/lib/python3.12/site-packages/oslo_service/backend/_threading/loopingcall.py:125}}
Apr 03 03:06:21.799724 np0000163384 nova-scheduler[108106]: DEBUG oslo.service.backend._threading.loopingcall [-] Fixed interval looping call 'nova.servicegroup.drivers.db.DbDriver._report_state' sleeping for 119.89 seconds {{(pid=108106) _run_loop /opt/stack/data/venv/lib/python3.12/site-packages/oslo_service/backend/_threading/loopingcall.py:125}}
Apr 03 03:06:21.800529 np0000163384 nova-scheduler[108114]: DEBUG oslo.service.backend._threading.loopingcall [-] Fixed interval looping call 'nova.servicegroup.drivers.db.DbDriver._report_state' sleeping for 119.90 seconds {{(pid=108114) _run_loop /opt/stack/data/venv/lib/python3.12/site-packages/oslo_service/backend/_threading/loopingcall.py:125}}
Apr 03 03:06:22.685513 np0000163384 nova-scheduler[108095]: DEBUG oslo.service.backend._threading.loopingcall [None req-f61abc8a-207c-474c-b610-7bbdf514c201 None None] Dynamic interval looping call 'nova.service.Service.periodic_tasks' sleeping for 60.00 seconds {{(pid=108095) _run_loop /opt/stack/data/venv/lib/python3.12/site-packages/oslo_service/backend/_threading/loopingcall.py:125}}
Apr 03 03:06:22.702125 np0000163384 nova-scheduler[108114]: DEBUG oslo.service.backend._threading.loopingcall [None req-3719d5ab-1b02-412f-8afe-432fa333d9ba None None] Dynamic interval looping call 'nova.service.Service.periodic_tasks' sleeping for 60.00 seconds {{(pid=108114) _run_loop /opt/stack/data/venv/lib/python3.12/site-packages/oslo_service/backend/_threading/loopingcall.py:125}}
Apr 03 03:06:28.694844 np0000163384 nova-scheduler[108106]: DEBUG oslo.service.backend._threading.loopingcall [None req-62c8f59a-1dfe-47a5-a858-dded26705af8 None None] Dynamic interval looping call 'nova.service.Service.periodic_tasks' sleeping for 60.00 seconds {{(pid=108106) _run_loop /opt/stack/data/venv/lib/python3.12/site-packages/oslo_service/backend/_threading/loopingcall.py:125}}
Apr 03 03:06:31.682721 np0000163384 nova-scheduler[108123]: DEBUG dbcounter [-] [108123] Writing DB stats nova_cell0:SELECT=1,nova_cell0:UPDATE=1 {{(pid=108123) stat_writer /opt/stack/data/venv/lib/python3.12/site-packages/dbcounter.py:115}}
Apr 03 03:06:31.684342 np0000163384 nova-scheduler[108095]: DEBUG dbcounter [-] [108095] Writing DB stats nova_cell0:SELECT=1,nova_cell0:UPDATE=1 {{(pid=108095) stat_writer /opt/stack/data/venv/lib/python3.12/site-packages/dbcounter.py:115}}
Apr 03 03:06:31.703933 np0000163384 nova-scheduler[108106]: DEBUG dbcounter [-] [108106] Writing DB stats nova_cell0:SELECT=1,nova_cell0:UPDATE=1 {{(pid=108106) stat_writer /opt/stack/data/venv/lib/python3.12/site-packages/dbcounter.py:115}}
Apr 03 03:06:31.712646 np0000163384 nova-scheduler[108114]: DEBUG dbcounter [-] [108114] Writing DB stats nova_cell0:SELECT=1,nova_cell0:UPDATE=1 {{(pid=108114) stat_writer /opt/stack/data/venv/lib/python3.12/site-packages/dbcounter.py:115}}
Apr 03 03:06:42.676546 np0000163384 nova-scheduler[108123]: DEBUG oslo.service.backend._threading.loopingcall [None req-40fb6c9f-a1dc-4573-97e2-2f80490197a7 None None] Dynamic interval looping call 'nova.service.Service.periodic_tasks' sleeping for 60.00 seconds {{(pid=108123) _run_loop /opt/stack/data/venv/lib/python3.12/site-packages/oslo_service/backend/_threading/loopingcall.py:125}}
Apr 03 03:07:22.686243 np0000163384 nova-scheduler[108095]: DEBUG oslo.service.backend._threading.loopingcall [None req-f61abc8a-207c-474c-b610-7bbdf514c201 None None] Dynamic interval looping call 'nova.service.Service.periodic_tasks' sleeping for 60.00 seconds {{(pid=108095) _run_loop /opt/stack/data/venv/lib/python3.12/site-packages/oslo_service/backend/_threading/loopingcall.py:125}}
Apr 03 03:07:22.702721 np0000163384 nova-scheduler[108114]: DEBUG oslo.service.backend._threading.loopingcall [None req-3719d5ab-1b02-412f-8afe-432fa333d9ba None None] Dynamic interval looping call 'nova.service.Service.periodic_tasks' sleeping for 60.00 seconds {{(pid=108114) _run_loop /opt/stack/data/venv/lib/python3.12/site-packages/oslo_service/backend/_threading/loopingcall.py:125}}
Apr 03 03:07:28.695759 np0000163384 nova-scheduler[108106]: DEBUG oslo.service.backend._threading.loopingcall [None req-62c8f59a-1dfe-47a5-a858-dded26705af8 None None] Dynamic interval looping call 'nova.service.Service.periodic_tasks' sleeping for 60.00 seconds {{(pid=108106) _run_loop /opt/stack/data/venv/lib/python3.12/site-packages/oslo_service/backend/_threading/loopingcall.py:125}}
Apr 03 03:07:42.677178 np0000163384 nova-scheduler[108123]: DEBUG oslo.service.backend._threading.loopingcall [None req-40fb6c9f-a1dc-4573-97e2-2f80490197a7 None None] Dynamic interval looping call 'nova.service.Service.periodic_tasks' sleeping for 60.00 seconds {{(pid=108123) _run_loop /opt/stack/data/venv/lib/python3.12/site-packages/oslo_service/backend/_threading/loopingcall.py:125}}
Apr 03 03:08:21.723806 np0000163384 nova-scheduler[108095]: DEBUG oslo.service.backend._threading.loopingcall [-] Fixed interval looping call 'nova.servicegroup.drivers.db.DbDriver._report_state' sleeping for 119.96 seconds {{(pid=108095) _run_loop /opt/stack/data/venv/lib/python3.12/site-packages/oslo_service/backend/_threading/loopingcall.py:125}}
Apr 03 03:08:21.724671 np0000163384 nova-scheduler[108123]: DEBUG oslo.service.backend._threading.loopingcall [-] Fixed interval looping call 'nova.servicegroup.drivers.db.DbDriver._report_state' sleeping for 119.95 seconds {{(pid=108123) _run_loop /opt/stack/data/venv/lib/python3.12/site-packages/oslo_service/backend/_threading/loopingcall.py:125}}
Apr 03 03:08:21.726294 np0000163384 nova-scheduler[108106]: DEBUG oslo.service.backend._threading.loopingcall [-] Fixed interval looping call 'nova.servicegroup.drivers.db.DbDriver._report_state' sleeping for 119.96 seconds {{(pid=108106) _run_loop /opt/stack/data/venv/lib/python3.12/site-packages/oslo_service/backend/_threading/loopingcall.py:125}}
Apr 03 03:08:21.727979 np0000163384 nova-scheduler[108114]: DEBUG oslo.service.backend._threading.loopingcall [-] Fixed interval looping call 'nova.servicegroup.drivers.db.DbDriver._report_state' sleeping for 119.97 seconds {{(pid=108114) _run_loop /opt/stack/data/venv/lib/python3.12/site-packages/oslo_service/backend/_threading/loopingcall.py:125}}
Apr 03 03:08:22.687624 np0000163384 nova-scheduler[108095]: DEBUG oslo.service.backend._threading.loopingcall [None req-f61abc8a-207c-474c-b610-7bbdf514c201 None None] Dynamic interval looping call 'nova.service.Service.periodic_tasks' sleeping for 60.00 seconds {{(pid=108095) _run_loop /opt/stack/data/venv/lib/python3.12/site-packages/oslo_service/backend/_threading/loopingcall.py:125}}
Apr 03 03:08:22.703328 np0000163384 nova-scheduler[108114]: DEBUG oslo.service.backend._threading.loopingcall [None req-3719d5ab-1b02-412f-8afe-432fa333d9ba None None] Dynamic interval looping call 'nova.service.Service.periodic_tasks' sleeping for 60.00 seconds {{(pid=108114) _run_loop /opt/stack/data/venv/lib/python3.12/site-packages/oslo_service/backend/_threading/loopingcall.py:125}}
Apr 03 03:08:28.696208 np0000163384 nova-scheduler[108106]: DEBUG oslo.service.backend._threading.loopingcall [None req-62c8f59a-1dfe-47a5-a858-dded26705af8 None None] Dynamic interval looping call 'nova.service.Service.periodic_tasks' sleeping for 60.00 seconds {{(pid=108106) _run_loop /opt/stack/data/venv/lib/python3.12/site-packages/oslo_service/backend/_threading/loopingcall.py:125}}
Apr 03 03:08:31.680812 np0000163384 nova-scheduler[108123]: DEBUG dbcounter [-] [108123] Writing DB stats nova_cell0:SELECT=1,nova_cell0:UPDATE=1 {{(pid=108123) stat_writer /opt/stack/data/venv/lib/python3.12/site-packages/dbcounter.py:115}}
Apr 03 03:08:31.682134 np0000163384 nova-scheduler[108095]: DEBUG dbcounter [-] [108095] Writing DB stats nova_cell0:SELECT=1,nova_cell0:UPDATE=1 {{(pid=108095) stat_writer /opt/stack/data/venv/lib/python3.12/site-packages/dbcounter.py:115}}
Apr 03 03:08:31.694818 np0000163384 nova-scheduler[108106]: DEBUG dbcounter [-] [108106] Writing DB stats nova_cell0:SELECT=1,nova_cell0:UPDATE=1 {{(pid=108106) stat_writer /opt/stack/data/venv/lib/python3.12/site-packages/dbcounter.py:115}}
