2026-05-07 04:36:28.142 9 INFO neutron.api.wsgi [None req-25008b01-377d-48f7-8169-9a97d7ead1a1 dbbc2c340ea543c599a05e38c008c4a4 d82850f0edff42dd9b203a6ba4f859a6 - - default default] 10.0.0.58 "PUT /v2.0/floatingips/887488d5-8c56-4675-b919-d7609cb6107a HTTP/1.1" status: 200 len: 748 time: 0.2444170
2026-05-07 04:36:28.369 10 INFO neutron.api.wsgi [None req-8274fea4-1fb4-496c-8783-0062d0ef10b6 ce632d76966a4c36b373021fa2dac8d0 f3b2c4eeb3ee4a1b93fb1c15ccb58fd0 - - default default] 10.0.0.58 "PUT /v2.0/routers/096609d7-99a3-4eec-86e6-6616298d1ecd/remove_router_interface HTTP/1.1" status: 200 len: 503 time: 1.1897662 /var/lib/openstack/lib/python3.12/site-packages/pycadf/identifier.py:71: UserWarning: Invalid uuid: neutron. To ensure interoperability, identifiers should be a valid uuid. warnings.warn(('Invalid uuid: %s. To ensure interoperability, '
2026-05-07 04:36:28.433 9 INFO neutron.api.wsgi [None req-27d7a97a-df3c-4e0c-b061-7cb2e7b6d331 dbbc2c340ea543c599a05e38c008c4a4 d82850f0edff42dd9b203a6ba4f859a6 - - default default] 10.0.0.58 "DELETE /v2.0/floatingips/887488d5-8c56-4675-b919-d7609cb6107a HTTP/1.1" status: 204 len: 168 time: 0.2851422
2026-05-07 04:36:28.449 9 WARNING neutron_lib.context [None req-176fc155-3c48-4de2-8582-cfa95e42ecb6 dbbc2c340ea543c599a05e38c008c4a4 d82850f0edff42dd9b203a6ba4f859a6 - - default default] Method 'is_advsvc' is deprecated since 2023.2 release (neutron-lib 3.8.0) and will be removed once support for the old RBAC API policies will be removed from Neutron. Please use method 'is_service_role' instead.
2026-05-07 04:36:28.686 9 WARNING neutron.scheduler.dhcp_agent_scheduler [None req-176fc155-3c48-4de2-8582-cfa95e42ecb6 dbbc2c340ea543c599a05e38c008c4a4 d82850f0edff42dd9b203a6ba4f859a6 - - default default] No more DHCP agents
2026-05-07 04:36:28.687 9 WARNING neutron.api.rpc.agentnotifiers.dhcp_rpc_agent_api [None req-176fc155-3c48-4de2-8582-cfa95e42ecb6 dbbc2c340ea543c599a05e38c008c4a4 d82850f0edff42dd9b203a6ba4f859a6 - - default default] Unable to schedule network bb2502a7-810e-44b0-bf54-9c9da8f1d864: no agents available; will retry on subsequent port and subnet creation events.
2026-05-07 04:36:29.009 10 INFO neutron.api.wsgi [None req-aea01870-bc35-494b-9af9-445bb7889b74 ce632d76966a4c36b373021fa2dac8d0 f3b2c4eeb3ee4a1b93fb1c15ccb58fd0 - - default default] 10.0.0.58 "DELETE /v2.0/routers/096609d7-99a3-4eec-86e6-6616298d1ecd HTTP/1.1" status: 204 len: 168 time: 0.6332574
2026-05-07 04:36:29.044 9 INFO neutron.api.wsgi [req-a5e7dab0-e0cc-419d-8a07-08cf274a4c83 req-355865dd-9d1b-40b0-9796-84e0b3cd7021 88f2c1203f77450087e0be8b534506a3 8e89c39428fa46f19c3981977936559d - - default default] 10.0.0.7 "GET /v2.0/ports?device_id=125a6020-c129-4965-8115-d237414bbfc5 HTTP/1.1" status: 200 len: 210 time: 0.0177021
2026-05-07 04:36:29.186 10 WARNING neutron.plugins.ml2.drivers.ovn.mech_driver.ovsdb.ovn_client [None req-ec8d722b-883f-403a-a66c-59f088e281b5 - - - - - -] No hosting information found for port f0f8401e-b08a-4e65-8c23-96ceb80cd1ee: RuntimeError: No hosting information found for port f0f8401e-b08a-4e65-8c23-96ceb80cd1ee
2026-05-07 04:36:29.217 10 INFO neutron.plugins.ml2.drivers.ovn.mech_driver.mech_driver [None req-ec8d722b-883f-403a-a66c-59f088e281b5 - - - - - -] OVN reports status down for port: 257aa93c-ef88-414b-9992-989eb5d358fb
2026-05-07 04:36:29.222 9 INFO neutron.api.wsgi [None req-18238a40-03f3-4c21-808c-e87b6202f7e9 ce632d76966a4c36b373021fa2dac8d0 f3b2c4eeb3ee4a1b93fb1c15ccb58fd0 - - default default] 10.0.0.58 "DELETE /v2.0/subnets/40157841-f15d-4636-bf31-59a115ea5e81 HTTP/1.1" status: 204 len: 168 time: 0.2086198
2026-05-07 04:36:29.362 9 INFO neutron.db.ovn_revision_numbers_db [None req-176fc155-3c48-4de2-8582-cfa95e42ecb6 dbbc2c340ea543c599a05e38c008c4a4 d82850f0edff42dd9b203a6ba4f859a6 - - default default] Successfully bumped revision number for resource cc972199-9c3e-4300-931b-749f86843d61 (type: floatingips) to -1
2026-05-07 04:36:29.461 9 INFO neutron.db.ovn_revision_numbers_db [None req-176fc155-3c48-4de2-8582-cfa95e42ecb6 dbbc2c340ea543c599a05e38c008c4a4 d82850f0edff42dd9b203a6ba4f859a6 - - default default] Successfully bumped revision number for resource cc972199-9c3e-4300-931b-749f86843d61 (type: floatingips) to 1
2026-05-07 04:36:29.462 9 INFO neutron.db.l3_db [None req-176fc155-3c48-4de2-8582-cfa95e42ecb6 dbbc2c340ea543c599a05e38c008c4a4 d82850f0edff42dd9b203a6ba4f859a6 - - default default] Floating IP cc972199-9c3e-4300-931b-749f86843d61 associated. External IP: 10.96.250.216, port: 53917389-11ed-40d2-bcab-89c114d84d7d.
2026-05-07 04:36:29.513 9 INFO neutron.api.wsgi [None req-176fc155-3c48-4de2-8582-cfa95e42ecb6 dbbc2c340ea543c599a05e38c008c4a4 d82850f0edff42dd9b203a6ba4f859a6 - - default default] 10.0.0.58 "POST /v2.0/floatingips HTTP/1.1" status: 201 len: 1041 time: 1.0693016 /var/lib/openstack/lib/python3.12/site-packages/pycadf/identifier.py:71: UserWarning: Invalid uuid: neutron. To ensure interoperability, identifiers should be a valid uuid. warnings.warn(('Invalid uuid: %s. To ensure interoperability, '
2026-05-07 04:36:29.568 9 INFO neutron.services.segments.plugin [-] Segment 8709837e-5186-4013-8439-84c5c23bef02 resource provider aggregate not found
2026-05-07 04:36:29.574 9 INFO neutron.services.segments.plugin [-] Segment 8709837e-5186-4013-8439-84c5c23bef02 resource provider aggregate not found
2026-05-07 04:36:29.580 10 INFO neutron.api.wsgi [None req-74f07d05-a6ba-4b86-8e29-c7bf2bac2389 dbbc2c340ea543c599a05e38c008c4a4 d82850f0edff42dd9b203a6ba4f859a6 - - default default] 10.0.0.58 "GET /v2.0/floatingips/cc972199-9c3e-4300-931b-749f86843d61 HTTP/1.1" status: 200 len: 1038 time: 0.0604308
2026-05-07 04:36:29.581 9 INFO neutron.services.segments.plugin [-] Segment 8709837e-5186-4013-8439-84c5c23bef02 resource provider not found; error: Placement Client Error (4xx): {"errors": [{"status": 404, "title": "Not Found", "detail": "The resource could not be found.\n\n No resource provider with uuid 8709837e-5186-4013-8439-84c5c23bef02 found for delete ", "request_id": "req-245e3d89-b930-4eeb-8ce5-b9a6026d4dcf"}]}
2026-05-07 04:36:29.587 9 INFO neutron.services.segments.plugin [-] Segment 8709837e-5186-4013-8439-84c5c23bef02 resource provider not found; error: Placement Client Error (4xx): {"errors": [{"status": 404, "title": "Not Found", "detail": "The resource could not be found.\n\n No resource provider with uuid 8709837e-5186-4013-8439-84c5c23bef02 found for delete ", "request_id": "req-f84ae579-1f35-4879-812f-337968c8b6ea"}]}
2026-05-07 04:36:29.631 9 INFO neutron.api.wsgi [None req-47480404-2fc7-42aa-8939-6add15915f61 ce632d76966a4c36b373021fa2dac8d0 f3b2c4eeb3ee4a1b93fb1c15ccb58fd0 - - default default] 10.0.0.58 "DELETE /v2.0/networks/7b5f04d7-993c-4026-ba97-096592c24137 HTTP/1.1" status: 204 len: 168 time: 0.4049685
2026-05-07 04:36:29.639 9 INFO neutron.api.wsgi [None req-2114b910-3c9e-4816-a1f6-2a53a18faa17 dbbc2c340ea543c599a05e38c008c4a4 d82850f0edff42dd9b203a6ba4f859a6 - - default default] 10.0.0.58 "GET /v2.0/floatingips HTTP/1.1" status: 200 len: 1041 time: 0.0529509
2026-05-07 04:36:29.690 10 INFO neutron.db.ovn_revision_numbers_db [None req-daddecb1-533b-4536-a0df-dc7a98dd0dfd ce632d76966a4c36b373021fa2dac8d0 f3b2c4eeb3ee4a1b93fb1c15ccb58fd0 - - default default] Successfully bumped revision number for resource 0e3c4a29-82e9-4bcb-9e18-c5d4fe59d21e (type: security_groups) to 1
2026-05-07 04:36:29.705 10 INFO neutron.db.ovn_revision_numbers_db [None req-daddecb1-533b-4536-a0df-dc7a98dd0dfd ce632d76966a4c36b373021fa2dac8d0 f3b2c4eeb3ee4a1b93fb1c15ccb58fd0 - - default default] Successfully bumped revision number for resource 06df59dd-6a43-4bc0-87ed-aea1c5892317 (type: security_group_rules) to 0
2026-05-07 04:36:29.719 10 INFO neutron.db.ovn_revision_numbers_db [None req-daddecb1-533b-4536-a0df-dc7a98dd0dfd ce632d76966a4c36b373021fa2dac8d0 f3b2c4eeb3ee4a1b93fb1c15ccb58fd0 - - default default] Successfully bumped revision number for resource 8ee6919b-a85a-498f-a408-df2b2ff6a556 (type: security_group_rules) to 0
2026-05-07 04:36:29.736 10 INFO neutron.db.ovn_revision_numbers_db [None req-daddecb1-533b-4536-a0df-dc7a98dd0dfd ce632d76966a4c36b373021fa2dac8d0 f3b2c4eeb3ee4a1b93fb1c15ccb58fd0 - - default default] Successfully bumped revision number for resource c90f1d3e-4df1-48cf-8cb5-0c2d0bc339a3 (type: security_group_rules) to 0
2026-05-07 04:36:29.748 10 INFO neutron.db.ovn_revision_numbers_db [None req-daddecb1-533b-4536-a0df-dc7a98dd0dfd ce632d76966a4c36b373021fa2dac8d0 f3b2c4eeb3ee4a1b93fb1c15ccb58fd0 - - default default] Successfully bumped revision number for resource db9abdca-7243-4600-af34-0819c1871628 (type: security_group_rules) to 0
2026-05-07 04:36:29.758 10 INFO neutron.api.wsgi [None req-845ae999-10a4-41c7-b320-af26b5374f2f ce632d76966a4c36b373021fa2dac8d0 f3b2c4eeb3ee4a1b93fb1c15ccb58fd0 - - default default] 10.0.0.58 "GET /v2.0/security-groups?tenant_id=f5f1698f42f04966a3c147adaae5cb18&name=default HTTP/1.1" status: 200 len: 3116 time: 0.0358567
2026-05-07 04:36:29.808 10 INFO neutron.api.wsgi [None req-daddecb1-533b-4536-a0df-dc7a98dd0dfd ce632d76966a4c36b373021fa2dac8d0 f3b2c4eeb3ee4a1b93fb1c15ccb58fd0 - - default default] 10.0.0.58 "GET /v2.0/security-groups?tenant_id=059ab31e9a004bb99511a2cd093cbb20&name=default HTTP/1.1" status: 200 len: 3120 time: 0.4028447
2026-05-07 04:36:30.032 10 INFO neutron.api.wsgi [None req-63b56901-962f-4d20-896c-c1d763abb268 ce632d76966a4c36b373021fa2dac8d0 f3b2c4eeb3ee4a1b93fb1c15ccb58fd0 - - default default] 10.0.0.58 "DELETE /v2.0/security-groups/d73d2f31-997f-433e-b311-d456690c6a71 HTTP/1.1" status: 204 len: 168 time: 0.2676783
2026-05-07 04:36:30.056 10 INFO neutron.api.wsgi [None req-9e7c1d71-e47a-450a-b695-d185f90bf371 ce632d76966a4c36b373021fa2dac8d0 f3b2c4eeb3ee4a1b93fb1c15ccb58fd0 - - default default] 10.0.0.58 "DELETE /v2.0/security-groups/0e3c4a29-82e9-4bcb-9e18-c5d4fe59d21e HTTP/1.1" status: 204 len: 168 time: 0.2375882
2026-05-07 04:36:30.141 9 INFO neutron.api.wsgi [req-17daf6c6-9965-4cfa-b84f-12fe0231be2a req-0a319d08-0437-45f9-b80a-2cb2fa26c24c 88f2c1203f77450087e0be8b534506a3 8e89c39428fa46f19c3981977936559d - - default default] 10.0.0.7 "GET /v2.0/ports?device_id=125a6020-c129-4965-8115-d237414bbfc5 HTTP/1.1" status: 200 len: 210 time: 0.0214984
2026-05-07 04:36:30.153 9 INFO neutron.db.ovn_revision_numbers_db [None req-81d5ce63-7909-42d7-b477-0f681431aa78 dbbc2c340ea543c599a05e38c008c4a4 d82850f0edff42dd9b203a6ba4f859a6 - - default default] Successfully bumped revision number for resource cc972199-9c3e-4300-931b-749f86843d61 (type: floatingips) to 2
2026-05-07 04:36:30.253 9 INFO neutron.db.ovn_revision_numbers_db [None req-81d5ce63-7909-42d7-b477-0f681431aa78 dbbc2c340ea543c599a05e38c008c4a4 d82850f0edff42dd9b203a6ba4f859a6 - - default default] Successfully bumped revision number for resource cc972199-9c3e-4300-931b-749f86843d61 (type: floatingips) to 2
2026-05-07 04:36:30.254 9 INFO neutron.db.l3_db [None req-81d5ce63-7909-42d7-b477-0f681431aa78 dbbc2c340ea543c599a05e38c008c4a4 d82850f0edff42dd9b203a6ba4f859a6 - - default default] Floating IP cc972199-9c3e-4300-931b-749f86843d61 associated. External IP: 10.96.250.216, port: 53917389-11ed-40d2-bcab-89c114d84d7d.
2026-05-07 04:36:30.306 9 INFO neutron.api.wsgi [None req-81d5ce63-7909-42d7-b477-0f681431aa78 dbbc2c340ea543c599a05e38c008c4a4 d82850f0edff42dd9b203a6ba4f859a6 - - default default] 10.0.0.58 "PUT /v2.0/floatingips/cc972199-9c3e-4300-931b-749f86843d61 HTTP/1.1" status: 200 len: 1037 time: 0.6629083
2026-05-07 04:36:30.343 9 INFO neutron.db.ovn_revision_numbers_db [None req-1f721f76-6adb-48c9-8e4b-61b135827ddc ce632d76966a4c36b373021fa2dac8d0 f3b2c4eeb3ee4a1b93fb1c15ccb58fd0 - - default default] Successfully bumped revision number for resource 7454eb95-4c6a-42aa-bd95-c44722e84b07 (type: security_groups) to 1
2026-05-07 04:36:30.359 9 INFO neutron.db.ovn_revision_numbers_db [None req-1f721f76-6adb-48c9-8e4b-61b135827ddc ce632d76966a4c36b373021fa2dac8d0 f3b2c4eeb3ee4a1b93fb1c15ccb58fd0 - - default default] Successfully bumped revision number for resource 8ad7c6c5-2994-4094-9f17-79cb81ee230b (type: security_group_rules) to 0
2026-05-07 04:36:30.380 9 INFO neutron.db.ovn_revision_numbers_db [None req-1f721f76-6adb-48c9-8e4b-61b135827ddc ce632d76966a4c36b373021fa2dac8d0 f3b2c4eeb3ee4a1b93fb1c15ccb58fd0 - - default default] Successfully bumped revision number for resource d003deb3-1541-431c-b021-6c22f1607865 (type: security_group_rules) to 0
2026-05-07 04:36:30.393 9 INFO neutron.db.ovn_revision_numbers_db [None req-1f721f76-6adb-48c9-8e4b-61b135827ddc ce632d76966a4c36b373021fa2dac8d0 f3b2c4eeb3ee4a1b93fb1c15ccb58fd0 - - default default] Successfully bumped revision number for resource e1f66fb3-ad0c-40c2-96d4-b642bd17d2a7 (type: security_group_rules) to 0
2026-05-07 04:36:30.412 9 INFO neutron.db.ovn_revision_numbers_db [None req-1f721f76-6adb-48c9-8e4b-61b135827ddc ce632d76966a4c36b373021fa2dac8d0 f3b2c4eeb3ee4a1b93fb1c15ccb58fd0 - - default default] Successfully bumped revision number for resource e2be0364-4ed8-4005-afda-6a148b968e6b (type: security_group_rules) to 0
2026-05-07 04:36:30.447 9 INFO neutron.db.ovn_revision_numbers_db [None req-88c0714c-903f-4a7c-b4b4-d7fe657b3829 dbbc2c340ea543c599a05e38c008c4a4 d82850f0edff42dd9b203a6ba4f859a6 - - default default] Successfully bumped revision number for resource cc972199-9c3e-4300-931b-749f86843d61 (type: floatingips) to 3
2026-05-07 04:36:30.463 9 INFO neutron.api.wsgi [None req-1f721f76-6adb-48c9-8e4b-61b135827ddc ce632d76966a4c36b373021fa2dac8d0 f3b2c4eeb3ee4a1b93fb1c15ccb58fd0 - - default default] 10.0.0.58 "GET /v2.0/security-groups?tenant_id=885c41f33cd94a20b1a5640166479fdf&name=default HTTP/1.1" status: 200 len: 3120 time: 0.2450800 /var/lib/openstack/lib/python3.12/site-packages/pycadf/identifier.py:71: UserWarning: Invalid uuid: neutron. To ensure interoperability, identifiers should be a valid uuid. warnings.warn(('Invalid uuid: %s. To ensure interoperability, '
2026-05-07 04:36:30.496 9 INFO neutron.db.l3_db [None req-88c0714c-903f-4a7c-b4b4-d7fe657b3829 dbbc2c340ea543c599a05e38c008c4a4 d82850f0edff42dd9b203a6ba4f859a6 - - default default] Floating IP cc972199-9c3e-4300-931b-749f86843d61 disassociated. External IP: 10.96.250.216, port: f5f689cf-3a1d-4a40-abdd-8060b66045ba.
2026-05-07 04:36:30.524 9 INFO neutron.api.wsgi [None req-88c0714c-903f-4a7c-b4b4-d7fe657b3829 dbbc2c340ea543c599a05e38c008c4a4 d82850f0edff42dd9b203a6ba4f859a6 - - default default] 10.0.0.58 "PUT /v2.0/floatingips/cc972199-9c3e-4300-931b-749f86843d61 HTTP/1.1" status: 200 len: 748 time: 0.2097683
2026-05-07 04:36:30.695 10 INFO neutron.api.wsgi [None req-b7cf10b4-f364-4420-9ef1-de649747ecc6 ce632d76966a4c36b373021fa2dac8d0 f3b2c4eeb3ee4a1b93fb1c15ccb58fd0 - - default default] 10.0.0.58 "DELETE /v2.0/security-groups/7454eb95-4c6a-42aa-bd95-c44722e84b07 HTTP/1.1" status: 204 len: 168 time: 0.2251298
2026-05-07 04:36:30.788 9 INFO neutron.api.wsgi [None req-d437df4d-076c-436f-9256-d3c37601a083 dbbc2c340ea543c599a05e38c008c4a4 d82850f0edff42dd9b203a6ba4f859a6 - - default default] 10.0.0.58 "DELETE /v2.0/floatingips/cc972199-9c3e-4300-931b-749f86843d61 HTTP/1.1" status: 204 len: 168 time: 0.2580204
2026-05-07 04:36:30.808 9 INFO neutron.api.v2.resource [None req-5038d5ff-a01c-4a6a-b5b0-a1450d81109d dbbc2c340ea543c599a05e38c008c4a4 d82850f0edff42dd9b203a6ba4f859a6 - - default default] delete failed (client error): The resource could not be found.
2026-05-07 04:36:30.808 9 INFO neutron.api.wsgi [None req-5038d5ff-a01c-4a6a-b5b0-a1450d81109d dbbc2c340ea543c599a05e38c008c4a4 d82850f0edff42dd9b203a6ba4f859a6 - - default default] 10.0.0.58 "DELETE /v2.0/floatingips/cc972199-9c3e-4300-931b-749f86843d61 HTTP/1.1" status: 404 len: 345 time: 0.0158162
2026-05-07 04:36:31.149 9 INFO neutron.api.wsgi [None req-8b0da500-db20-46ff-bb14-9a4060782497 dbbc2c340ea543c599a05e38c008c4a4 d82850f0edff42dd9b203a6ba4f859a6 - - default default] 10.0.0.58 "DELETE /v2.0/ports/f5f689cf-3a1d-4a40-abdd-8060b66045ba HTTP/1.1" status: 204 len: 168 time: 0.3341014
2026-05-07 04:36:31.332 9 WARNING neutron.plugins.ml2.drivers.ovn.mech_driver.ovsdb.ovn_client [None req-312ae877-7043-4c72-b7cc-efabd72d173c - - - - - -] No hosting information found for port f1331582-3f61-4de8-aed7-177fa16412ca: RuntimeError: No hosting information found for port f1331582-3f61-4de8-aed7-177fa16412ca
2026-05-07 04:36:31.377 10 INFO neutron.api.wsgi [None req-9da423cb-d7a6-40f7-ad74-537c2a6a4af8 88f2c1203f77450087e0be8b534506a3 8e89c39428fa46f19c3981977936559d - - default default] 10.0.0.58 "DELETE /v2.0/security-groups/107b1798-5c9d-45d6-b699-5b4e4e7643ca HTTP/1.1" status: 204 len: 168 time: 0.1508298
2026-05-07 04:36:31.398 10 INFO neutron.api.v2.resource [None req-0d30ec6c-bdde-4d26-bf68-107e142382d5 88f2c1203f77450087e0be8b534506a3 8e89c39428fa46f19c3981977936559d - - default default] show failed (client error): The resource could not be found.
2026-05-07 04:36:31.399 9 INFO neutron.db.ovn_revision_numbers_db [None req-312ae877-7043-4c72-b7cc-efabd72d173c - - - - - -] Successfully bumped revision number for resource f1331582-3f61-4de8-aed7-177fa16412ca (type: router_ports) to 2
2026-05-07 04:36:31.399 10 INFO neutron.api.wsgi [None req-0d30ec6c-bdde-4d26-bf68-107e142382d5 88f2c1203f77450087e0be8b534506a3 8e89c39428fa46f19c3981977936559d - - default default] 10.0.0.58 "GET /v2.0/security-groups/107b1798-5c9d-45d6-b699-5b4e4e7643ca HTTP/1.1" status: 404 len: 347 time: 0.0177488
2026-05-07 04:36:31.435 9 INFO neutron.api.wsgi [None req-7c3e5f08-2aef-485a-8d11-62127cad0957 dbbc2c340ea543c599a05e38c008c4a4 d82850f0edff42dd9b203a6ba4f859a6 - - default default] 10.0.0.58 "DELETE /v2.0/ports/53917389-11ed-40d2-bcab-89c114d84d7d HTTP/1.1" status: 204 len: 168 time: 0.2815466
2026-05-07 04:36:31.471 9 INFO neutron.api.wsgi [None req-f1163c59-29e4-4421-b044-fc56ac8f50d8 dbbc2c340ea543c599a05e38c008c4a4 d82850f0edff42dd9b203a6ba4f859a6 - - default default] 10.0.0.58 "GET /v2.0/ports?device_id=1beb0fb8-ee5f-4bfd-927b-e502f82f2b68 HTTP/1.1" status: 200 len: 1140 time: 0.0294642
2026-05-07 04:36:31.750 10 INFO neutron.api.wsgi [None req-94a78565-f2ab-4249-9475-0806b5afca1f 88f2c1203f77450087e0be8b534506a3 8e89c39428fa46f19c3981977936559d - - default default] 10.0.0.58 "DELETE /v2.0/floatingips/20b9711b-0b48-4c55-b7fa-fcb6277de836 HTTP/1.1" status: 204 len: 168 time: 0.3453918
2026-05-07 04:36:32.413 9 INFO neutron.api.wsgi [None req-78ab6b17-bf14-4e3d-9c0b-89bac2ceadcb dbbc2c340ea543c599a05e38c008c4a4 d82850f0edff42dd9b203a6ba4f859a6 - - default default] 10.0.0.58 "PUT /v2.0/routers/1beb0fb8-ee5f-4bfd-927b-e502f82f2b68/remove_router_interface HTTP/1.1" status: 200 len: 503 time: 0.9342053 /var/lib/openstack/lib/python3.12/site-packages/pycadf/identifier.py:71: UserWarning: Invalid uuid: neutron. To ensure interoperability, identifiers should be a valid uuid. warnings.warn(('Invalid uuid: %s. To ensure interoperability, '
2026-05-07 04:36:32.940 10 INFO neutron.api.wsgi [None req-9762557d-3ef5-43d2-88b8-fccc73c5868f ce632d76966a4c36b373021fa2dac8d0 f3b2c4eeb3ee4a1b93fb1c15ccb58fd0 - - default default] 10.0.0.58 "PUT /v2.0/routers/ca3b68b6-1073-4ab7-a196-ceda1a1cadd3/remove_router_interface HTTP/1.1" status: 200 len: 503 time: 1.1833930
2026-05-07 04:36:33.465 9 INFO neutron.api.wsgi [None req-137a28ba-d357-460c-be3d-3561468b8ea7 dbbc2c340ea543c599a05e38c008c4a4 d82850f0edff42dd9b203a6ba4f859a6 - - default default] 10.0.0.58 "DELETE /v2.0/routers/1beb0fb8-ee5f-4bfd-927b-e502f82f2b68 HTTP/1.1" status: 204 len: 168 time: 1.0468459
2026-05-07 04:36:33.604 9 INFO neutron.api.wsgi [None req-991f688a-e5ce-4b9f-b1fa-77a55b58d70d dbbc2c340ea543c599a05e38c008c4a4 d82850f0edff42dd9b203a6ba4f859a6 - - default default] 10.0.0.58 "DELETE /v2.0/subnets/91a49ab1-3ad3-4b8a-aace-8e6d0c56c4f1 HTTP/1.1" status: 204 len: 168 time: 0.1337938
2026-05-07 04:36:33.958 9 INFO neutron.api.wsgi [None req-6afaed9b-2275-465d-87f1-5f5cc9aad7bf ce632d76966a4c36b373021fa2dac8d0 f3b2c4eeb3ee4a1b93fb1c15ccb58fd0 - - default default] 10.0.0.58 "DELETE /v2.0/routers/ca3b68b6-1073-4ab7-a196-ceda1a1cadd3 HTTP/1.1" status: 204 len: 168 time: 1.0136588 /var/lib/openstack/lib/python3.12/site-packages/pycadf/identifier.py:71: UserWarning: Invalid uuid: neutron. To ensure interoperability, identifiers should be a valid uuid. warnings.warn(('Invalid uuid: %s. To ensure interoperability, '
2026-05-07 04:36:34.010 9 INFO neutron.services.segments.plugin [-] Segment 2d370f06-dda5-459e-950e-abcf743ca229 resource provider aggregate not found
2026-05-07 04:36:34.013 9 INFO neutron.services.segments.plugin [-] Segment 2d370f06-dda5-459e-950e-abcf743ca229 resource provider aggregate not found
2026-05-07 04:36:34.023 9 INFO neutron.services.segments.plugin [-] Segment 2d370f06-dda5-459e-950e-abcf743ca229 resource provider not found; error: Placement Client Error (4xx): {"errors": [{"status": 404, "title": "Not Found", "detail": "The resource could not be found.\n\n No resource provider with uuid 2d370f06-dda5-459e-950e-abcf743ca229 found for delete ", "request_id": "req-44500969-fd44-4d60-98fb-90e9fb03eee3"}]}
2026-05-07 04:36:34.029 9 INFO neutron.services.segments.plugin [-] Segment 2d370f06-dda5-459e-950e-abcf743ca229 resource provider not found; error: Placement Client Error (4xx): {"errors": [{"status": 404, "title": "Not Found", "detail": "The resource could not be found.\n\n No resource provider with uuid 2d370f06-dda5-459e-950e-abcf743ca229 found for delete ", "request_id": "req-f3940b02-f88f-4eab-b61f-2c739fe510e2"}]}
2026-05-07 04:36:34.041 9 INFO neutron.api.wsgi [None req-b7c2eaba-0600-47c4-85d9-f3f655a17e6f dbbc2c340ea543c599a05e38c008c4a4 d82850f0edff42dd9b203a6ba4f859a6 - - default default] 10.0.0.58 "DELETE /v2.0/networks/74c1b96a-6274-4279-aba8-38d85433864e HTTP/1.1" status: 204 len: 168 time: 0.4322462
2026-05-07 04:36:34.139 10 INFO neutron.api.wsgi [None req-7334b7b6-dd4e-49f9-941b-51aad49016d8 ce632d76966a4c36b373021fa2dac8d0 f3b2c4eeb3ee4a1b93fb1c15ccb58fd0 - - default default] 10.0.0.58 "DELETE /v2.0/subnets/d300577a-4f21-44b9-a693-536bdaf37b9b HTTP/1.1" status: 204 len: 168 time: 0.1757607
2026-05-07 04:36:34.446 10 INFO neutron.services.segments.plugin [-] Segment 906b17e6-3716-4659-8571-e67d3b1a3933 resource provider aggregate not found
2026-05-07 04:36:34.455 10 INFO neutron.services.segments.plugin [-] Segment 906b17e6-3716-4659-8571-e67d3b1a3933 resource provider aggregate not found
2026-05-07 04:36:34.461 10 INFO neutron.services.segments.plugin [-] Segment 906b17e6-3716-4659-8571-e67d3b1a3933 resource provider not found; error: Placement Client Error (4xx): {"errors": [{"status": 404, "title": "Not Found", "detail": "The resource could not be found.\n\n No resource provider with uuid 906b17e6-3716-4659-8571-e67d3b1a3933 found for delete ", "request_id": "req-33243452-7337-4068-9bfd-21dad7913ab1"}]}
2026-05-07 04:36:34.473 10 INFO neutron.api.wsgi [None req-92ec91de-988c-4d9d-8aa5-c26a4344fb5d ce632d76966a4c36b373021fa2dac8d0 f3b2c4eeb3ee4a1b93fb1c15ccb58fd0 - - default default] 10.0.0.58 "DELETE /v2.0/networks/9d7303ce-feb3-4c84-95b0-639bfec38f66 HTTP/1.1" status: 204 len: 168 time: 0.3276987
2026-05-07 04:36:34.477 10 INFO neutron.services.segments.plugin [-] Segment 906b17e6-3716-4659-8571-e67d3b1a3933 resource provider not found; error: Placement Client Error (4xx): {"errors": [{"status": 404, "title": "Not Found", "detail": "The resource could not be found.\n\n No resource provider with uuid 906b17e6-3716-4659-8571-e67d3b1a3933 found for delete ", "request_id": "req-cc35dc1f-90a5-4609-9f60-d72f14b52de1"}]}
2026-05-07 04:36:34.698 10 INFO neutron.api.wsgi [None req-10320407-35b6-4946-9202-58fe12bb84e4 ce632d76966a4c36b373021fa2dac8d0 f3b2c4eeb3ee4a1b93fb1c15ccb58fd0 - - default default] 10.0.0.58 "GET /v2.0/security-groups?tenant_id=8e89c39428fa46f19c3981977936559d&name=default HTTP/1.1" status: 200 len: 3120 time: 0.0254803
2026-05-07 04:36:34.833 9 INFO neutron.api.wsgi [None req-d1f6b84b-9191-48ec-b77c-5e2494a0a9a0 ce632d76966a4c36b373021fa2dac8d0 f3b2c4eeb3ee4a1b93fb1c15ccb58fd0 - - default default] 10.0.0.58 "GET /v2.0/security-groups?tenant_id=d82850f0edff42dd9b203a6ba4f859a6&name=default HTTP/1.1" status: 200 len: 3120 time: 0.2389820
2026-05-07 04:36:34.864 10 INFO neutron.api.wsgi [None req-9cdfbe81-0853-49dd-842f-066b52a68fd0 ce632d76966a4c36b373021fa2dac8d0 f3b2c4eeb3ee4a1b93fb1c15ccb58fd0 - - default default] 10.0.0.58 "DELETE /v2.0/security-groups/0f12b33d-e92f-411a-89f2-1bb0cbb20f28 HTTP/1.1" status: 204 len: 168 time: 0.1595032
2026-05-07 04:36:35.003 9 INFO neutron.api.wsgi [None req-9fe6b5be-a305-4ffa-a58b-828ad796643a ce632d76966a4c36b373021fa2dac8d0 f3b2c4eeb3ee4a1b93fb1c15ccb58fd0 - - default default] 10.0.0.58 "DELETE /v2.0/security-groups/61eb7e92-2476-45f1-a790-22bc50f5c17c HTTP/1.1" status: 204 len: 168 time: 0.1651783
2026-05-07 04:36:35.382 9 INFO neutron.api.wsgi [None req-90a1c706-c083-4c7c-bd1b-3b652df00a1c ce632d76966a4c36b373021fa2dac8d0 f3b2c4eeb3ee4a1b93fb1c15ccb58fd0 - - default default] 10.0.0.167 "GET /v2.0/floatingips HTTP/1.1" status: 200 len: 193 time: 0.0525846
2026-05-07 04:36:35.428 9 INFO neutron.api.wsgi [None req-0e399d56-9244-456e-83ae-9c0792404d81 ce632d76966a4c36b373021fa2dac8d0 f3b2c4eeb3ee4a1b93fb1c15ccb58fd0 - - default default] 10.0.0.167 "GET /v2.0/networks HTTP/1.1" status: 200 len: 2350 time: 0.0446053
2026-05-07 04:36:35.450 9 INFO neutron.db.ovn_revision_numbers_db [None req-bcf0e8a6-d3ce-4e9c-b467-c9dd607d2bc9 ce632d76966a4c36b373021fa2dac8d0 f3b2c4eeb3ee4a1b93fb1c15ccb58fd0 - - default default] Successfully bumped revision number for resource 8dbc3987-7147-4014-963d-3336fc4822c2 (type: security_groups) to 1
2026-05-07 04:36:35.460 9 INFO neutron.api.wsgi [None req-520e482d-78cc-40a7-8c71-6e5e30ab1b7c ce632d76966a4c36b373021fa2dac8d0 f3b2c4eeb3ee4a1b93fb1c15ccb58fd0 - - default default] 10.0.0.167 "GET /v2.0/subnets HTTP/1.1" status: 200 len: 1484 time: 0.0305276
2026-05-07 04:36:35.482 9 INFO neutron.api.wsgi [None req-21e68756-8dc1-49e5-9f63-dd6088f04bdc ce632d76966a4c36b373021fa2dac8d0 f3b2c4eeb3ee4a1b93fb1c15ccb58fd0 - - default default] 10.0.0.167 "GET /v2.0/routers HTTP/1.1" status: 200 len: 189 time: 0.0201271
2026-05-07 04:36:35.482 9 INFO neutron.db.ovn_revision_numbers_db [None req-bcf0e8a6-d3ce-4e9c-b467-c9dd607d2bc9 ce632d76966a4c36b373021fa2dac8d0 f3b2c4eeb3ee4a1b93fb1c15ccb58fd0 - - default default] Successfully bumped revision number for resource 06d2e141-d73b-4ebd-b1e4-476f5ac469d6 (type: security_group_rules) to 0
2026-05-07 04:36:35.497 9 INFO neutron.api.wsgi [None req-42edaccf-1e41-4e5f-b0ab-126b65b46be4 ce632d76966a4c36b373021fa2dac8d0 f3b2c4eeb3ee4a1b93fb1c15ccb58fd0 - - default default] 10.0.0.167 "GET /v2.0/agents?binary=ovn-controller HTTP/1.1" status: 200 len: 591 time: 0.0144448
2026-05-07 04:36:35.505 10 INFO neutron.db.ovn_revision_numbers_db [None req-fa7a0fc6-ee08-4d49-8f58-7a6ae1d787d8 ce632d76966a4c36b373021fa2dac8d0 f3b2c4eeb3ee4a1b93fb1c15ccb58fd0 - - default default] Successfully bumped revision number for resource 4631d8c9-8ae9-4dcc-bb3b-75e7fc470d91 (type: security_groups) to 1
2026-05-07 04:36:35.506 9 INFO neutron.api.wsgi [None req-c6a278e8-c506-4533-8995-5a0d65e8ef81 ce632d76966a4c36b373021fa2dac8d0 f3b2c4eeb3ee4a1b93fb1c15ccb58fd0 - - default default] 10.0.0.167 "GET /v2.0/agents HTTP/1.1" status: 200 len: 1390 time: 0.0077434
2026-05-07 04:36:35.507 9 INFO neutron.db.ovn_revision_numbers_db [None req-bcf0e8a6-d3ce-4e9c-b467-c9dd607d2bc9 ce632d76966a4c36b373021fa2dac8d0 f3b2c4eeb3ee4a1b93fb1c15ccb58fd0 - - default default] Successfully bumped revision number for resource 1ea1883a-61c8-4165-a1cd-0cccee48db7b (type: security_group_rules) to 0
2026-05-07 04:36:35.516 10 INFO neutron.db.ovn_revision_numbers_db [None req-fa7a0fc6-ee08-4d49-8f58-7a6ae1d787d8 ce632d76966a4c36b373021fa2dac8d0 f3b2c4eeb3ee4a1b93fb1c15ccb58fd0 - - default default] Successfully bumped revision number for resource 4ad77a00-a8f6-479b-83b5-6afa891b0c6f (type: security_group_rules) to 0
2026-05-07 04:36:35.526 10 INFO neutron.db.ovn_revision_numbers_db [None req-fa7a0fc6-ee08-4d49-8f58-7a6ae1d787d8 ce632d76966a4c36b373021fa2dac8d0 f3b2c4eeb3ee4a1b93fb1c15ccb58fd0 - - default default] Successfully bumped revision number for resource 5a4ca170-9c89-47d1-9f0a-2463655bf2a3 (type: security_group_rules) to 0
2026-05-07 04:36:35.527 9 INFO neutron.db.ovn_revision_numbers_db [None req-bcf0e8a6-d3ce-4e9c-b467-c9dd607d2bc9 ce632d76966a4c36b373021fa2dac8d0 f3b2c4eeb3ee4a1b93fb1c15ccb58fd0 - - default default] Successfully bumped revision number for resource 313440f4-49fa-40b4-9da1-caf0805f6446 (type: security_group_rules) to 0
2026-05-07 04:36:35.536 9 INFO neutron.api.wsgi [None req-e2f6042a-d28e-41fa-a951-6fb69d435ebc ce632d76966a4c36b373021fa2dac8d0 f3b2c4eeb3ee4a1b93fb1c15ccb58fd0 - - default default] 10.0.0.167 "GET /v2.0/subnets HTTP/1.1" status: 200 len: 1484 time: 0.0287049
2026-05-07 04:36:35.540 10 INFO neutron.db.ovn_revision_numbers_db [None req-fa7a0fc6-ee08-4d49-8f58-7a6ae1d787d8 ce632d76966a4c36b373021fa2dac8d0 f3b2c4eeb3ee4a1b93fb1c15ccb58fd0 - - default default] Successfully bumped revision number for resource bca2784a-56a0-4d57-990b-8e3328ec0449 (type: security_group_rules) to 0
2026-05-07 04:36:35.544 9 INFO neutron.api.wsgi [None req-4781cba6-940b-4b81-ac03-c43f7e7778ea ce632d76966a4c36b373021fa2dac8d0 f3b2c4eeb3ee4a1b93fb1c15ccb58fd0 - - default default] 10.0.0.167 "GET /v2.0/subnetpools HTTP/1.1" status: 200 len: 193 time: 0.0068820
2026-05-07 04:36:35.547 9 INFO neutron.db.ovn_revision_numbers_db [None req-bcf0e8a6-d3ce-4e9c-b467-c9dd607d2bc9 ce632d76966a4c36b373021fa2dac8d0 f3b2c4eeb3ee4a1b93fb1c15ccb58fd0 - - default default] Successfully bumped revision number for resource dbbb53b5-6add-4cc4-8727-0b7f767a012b (type: security_group_rules) to 0
2026-05-07 04:36:35.550 10 INFO neutron.db.ovn_revision_numbers_db [None req-fa7a0fc6-ee08-4d49-8f58-7a6ae1d787d8 ce632d76966a4c36b373021fa2dac8d0 f3b2c4eeb3ee4a1b93fb1c15ccb58fd0 - - default default] Successfully bumped revision number for resource e76dac04-f3cd-4bd9-a695-8877cbe59389 (type: security_group_rules) to 0
2026-05-07 04:36:35.572 10 INFO neutron.api.wsgi [None req-fa7a0fc6-ee08-4d49-8f58-7a6ae1d787d8 ce632d76966a4c36b373021fa2dac8d0 f3b2c4eeb3ee4a1b93fb1c15ccb58fd0 - - default default] 10.0.0.58 "GET /v2.0/security-groups?tenant_id=f370eb5a951e491f8eba74d06b312181&name=default HTTP/1.1" status: 200 len: 3120 time: 0.2122898
2026-05-07 04:36:35.584 9 INFO neutron.api.wsgi [None req-a556bbfb-4738-4eff-a469-d90ccdf7bc91 ce632d76966a4c36b373021fa2dac8d0 f3b2c4eeb3ee4a1b93fb1c15ccb58fd0 - - default default] 10.0.0.167 "GET /v2.0/security-groups HTTP/1.1" status: 200 len: 23382 time: 0.0398209
2026-05-07 04:36:35.591 9 INFO neutron.api.wsgi [None req-bcf0e8a6-d3ce-4e9c-b467-c9dd607d2bc9 ce632d76966a4c36b373021fa2dac8d0 f3b2c4eeb3ee4a1b93fb1c15ccb58fd0 - - default default] 10.0.0.58 "GET /v2.0/security-groups?tenant_id=f256ec42974448a388fd95524d40f2b5&name=default HTTP/1.1" status: 200 len: 3120 time: 0.5169244
2026-05-07 04:36:35.645 9 INFO neutron.api.wsgi [None req-da22c67e-12b8-4a8f-8617-0a8773fcea67 ce632d76966a4c36b373021fa2dac8d0 f3b2c4eeb3ee4a1b93fb1c15ccb58fd0 - - default default] 10.0.0.167 "GET /v2.0/ports HTTP/1.1" status: 200 len: 5347 time: 0.0525703
2026-05-07 04:36:35.658 9 INFO neutron.api.wsgi [None req-135759b5-f860-474b-bbb1-7f85f2bd9755 ce632d76966a4c36b373021fa2dac8d0 f3b2c4eeb3ee4a1b93fb1c15ccb58fd0 - - default default] 10.0.0.167 "GET /v2.0/network-ip-availabilities HTTP/1.1" status: 200 len: 1280 time: 0.0096295
2026-05-07 04:36:35.777 10 INFO neutron.api.wsgi [None req-6a5c9c7e-95b2-40dc-8099-e6e880178024 ce632d76966a4c36b373021fa2dac8d0 f3b2c4eeb3ee4a1b93fb1c15ccb58fd0 - - default default] 10.0.0.58 "DELETE /v2.0/security-groups/4631d8c9-8ae9-4dcc-bb3b-75e7fc470d91 HTTP/1.1" status: 204 len: 168 time: 0.1979945
2026-05-07 04:36:35.793 10 INFO neutron.api.wsgi [None req-c5e0e58f-3899-44df-a18b-d93c44f91001 ce632d76966a4c36b373021fa2dac8d0 f3b2c4eeb3ee4a1b93fb1c15ccb58fd0 - - default default] 10.0.0.58 "DELETE /v2.0/security-groups/8dbc3987-7147-4014-963d-3336fc4822c2 HTTP/1.1" status: 204 len: 168 time: 0.1981630
2026-05-07 04:36:35.942 10 INFO neutron.db.ovn_revision_numbers_db [None req-0e04ae6d-ee37-44c5-883e-0eede38f8da5 ce632d76966a4c36b373021fa2dac8d0 f3b2c4eeb3ee4a1b93fb1c15ccb58fd0 - - default default] Successfully bumped revision number for resource 8ea819c0-f420-4997-b28c-604b91914515 (type: security_groups) to 1
2026-05-07 04:36:35.961 10 INFO neutron.db.ovn_revision_numbers_db [None req-0e04ae6d-ee37-44c5-883e-0eede38f8da5 ce632d76966a4c36b373021fa2dac8d0 f3b2c4eeb3ee4a1b93fb1c15ccb58fd0 - - default default] Successfully bumped revision number for resource 3fe52a25-fe11-4907-a965-02709bfe428f (type: security_group_rules) to 0
2026-05-07 04:36:35.975 10 INFO neutron.db.ovn_revision_numbers_db [None req-0e04ae6d-ee37-44c5-883e-0eede38f8da5 ce632d76966a4c36b373021fa2dac8d0 f3b2c4eeb3ee4a1b93fb1c15ccb58fd0 - - default default] Successfully bumped revision number for resource 76930f20-304e-49e4-ab56-33a8743e7fb9 (type: security_group_rules) to 0
2026-05-07 04:36:35.986 10 INFO neutron.db.ovn_revision_numbers_db [None req-0e04ae6d-ee37-44c5-883e-0eede38f8da5 ce632d76966a4c36b373021fa2dac8d0 f3b2c4eeb3ee4a1b93fb1c15ccb58fd0 - - default default] Successfully bumped revision number for resource 784bb80d-25e5-4478-9c3d-f28454000f93 (type: security_group_rules) to 0
2026-05-07 04:36:35.996 10 INFO neutron.db.ovn_revision_numbers_db [None req-0e04ae6d-ee37-44c5-883e-0eede38f8da5 ce632d76966a4c36b373021fa2dac8d0 f3b2c4eeb3ee4a1b93fb1c15ccb58fd0 - - default default] Successfully bumped revision number for resource 813fbddb-eeb6-462a-b908-e407e144e868 (type: security_group_rules) to 0
2026-05-07 04:36:36.052 10 INFO neutron.api.wsgi [None req-0e04ae6d-ee37-44c5-883e-0eede38f8da5 ce632d76966a4c36b373021fa2dac8d0 f3b2c4eeb3ee4a1b93fb1c15ccb58fd0 - - default default] 10.0.0.58 "GET /v2.0/security-groups?tenant_id=81d4f5f2f85c45f3877f913e636738e3&name=default HTTP/1.1" status: 200 len: 3120 time: 0.1905892
2026-05-07 04:36:36.229 9 INFO neutron.api.wsgi [None req-84e5fdb0-3d84-40a5-a5d9-f892527702c5 ce632d76966a4c36b373021fa2dac8d0 f3b2c4eeb3ee4a1b93fb1c15ccb58fd0 - - default default] 10.0.0.58 "DELETE /v2.0/security-groups/8ea819c0-f420-4997-b28c-604b91914515 HTTP/1.1" status: 204 len: 168 time: 0.1734102
2026-05-07 04:36:36.734 10 INFO neutron.db.ovn_revision_numbers_db [None req-beb6b7ad-2bdd-4f66-a1d5-f8419c459cbd ce632d76966a4c36b373021fa2dac8d0 f3b2c4eeb3ee4a1b93fb1c15ccb58fd0 - - default default] Successfully bumped revision number for resource 526b5e89-e704-44ea-bc23-5e3dccc9deff (type: security_groups) to 1
2026-05-07 04:36:36.744 10 INFO neutron.db.ovn_revision_numbers_db [None req-beb6b7ad-2bdd-4f66-a1d5-f8419c459cbd ce632d76966a4c36b373021fa2dac8d0 f3b2c4eeb3ee4a1b93fb1c15ccb58fd0 - - default default] Successfully bumped revision number for resource 44290ca5-31bf-4bc1-9415-e28bdcc76df6 (type: security_group_rules) to 0
2026-05-07 04:36:36.755 10 INFO neutron.db.ovn_revision_numbers_db [None req-beb6b7ad-2bdd-4f66-a1d5-f8419c459cbd ce632d76966a4c36b373021fa2dac8d0 f3b2c4eeb3ee4a1b93fb1c15ccb58fd0 - - default default] Successfully bumped revision number for resource 4af6bcfa-5d8f-44c2-a742-26c15865af09 (type: security_group_rules) to 0
2026-05-07 04:36:36.765 10 INFO neutron.db.ovn_revision_numbers_db [None req-beb6b7ad-2bdd-4f66-a1d5-f8419c459cbd ce632d76966a4c36b373021fa2dac8d0 f3b2c4eeb3ee4a1b93fb1c15ccb58fd0 - - default default] Successfully bumped revision number for resource 52c0ab54-ce99-473e-93ad-5c1355857575 (type: security_group_rules) to 0
2026-05-07 04:36:36.774 10 INFO neutron.db.ovn_revision_numbers_db [None req-beb6b7ad-2bdd-4f66-a1d5-f8419c459cbd ce632d76966a4c36b373021fa2dac8d0 f3b2c4eeb3ee4a1b93fb1c15ccb58fd0 - - default default] Successfully bumped revision number for resource 6680402b-84fb-42d0-a240-5bfb24641345 (type: security_group_rules) to 0
2026-05-07 04:36:36.843 10 INFO neutron.db.segments_db [None req-beb6b7ad-2bdd-4f66-a1d5-f8419c459cbd ce632d76966a4c36b373021fa2dac8d0 f3b2c4eeb3ee4a1b93fb1c15ccb58fd0 - - default default] Added segment d08c985b-6320-4cb0-9351-d9fae116b5f8 of type geneve for network 364f1d59-a31e-4789-92fc-d23e7ddcbe07
2026-05-07 04:36:36.931 10 INFO neutron.db.ovn_revision_numbers_db [None req-beb6b7ad-2bdd-4f66-a1d5-f8419c459cbd ce632d76966a4c36b373021fa2dac8d0 f3b2c4eeb3ee4a1b93fb1c15ccb58fd0 - - default default] Successfully bumped revision number for resource 364f1d59-a31e-4789-92fc-d23e7ddcbe07 (type: networks) to 1
2026-05-07 04:36:36.992 9 WARNING neutron_lib.context [None req-ce95ee18-5b70-47ba-9f32-13f459633b91 77048e3b0ca745ae93f264a255970356 23bd1c804d09467d8748e324cdfaeee3 - - default default] Method 'is_advsvc' is deprecated since 2023.2 release (neutron-lib 3.8.0) and will be removed once support for the old RBAC API policies will be removed from Neutron. Please use method 'is_service_role' instead.
2026-05-07 04:36:36.993 9 WARNING neutron_lib.context [None req-ce95ee18-5b70-47ba-9f32-13f459633b91 77048e3b0ca745ae93f264a255970356 23bd1c804d09467d8748e324cdfaeee3 - - default default] Method 'is_advsvc' is deprecated since 2023.2 release (neutron-lib 3.8.0) and will be removed once support for the old RBAC API policies will be removed from Neutron. Please use method 'is_service_role' instead.
2026-05-07 04:36:37.082 10 WARNING neutron.scheduler.dhcp_agent_scheduler [None req-beb6b7ad-2bdd-4f66-a1d5-f8419c459cbd ce632d76966a4c36b373021fa2dac8d0 f3b2c4eeb3ee4a1b93fb1c15ccb58fd0 - - default default] No more DHCP agents
2026-05-07 04:36:37.083 10 WARNING neutron.api.rpc.agentnotifiers.dhcp_rpc_agent_api [None req-beb6b7ad-2bdd-4f66-a1d5-f8419c459cbd ce632d76966a4c36b373021fa2dac8d0 f3b2c4eeb3ee4a1b93fb1c15ccb58fd0 - - default default] Unable to schedule network 364f1d59-a31e-4789-92fc-d23e7ddcbe07: no agents available; will retry on subsequent port and subnet creation events.
2026-05-07 04:36:37.114 9 INFO neutron.db.ovn_revision_numbers_db [None req-ce95ee18-5b70-47ba-9f32-13f459633b91 77048e3b0ca745ae93f264a255970356 23bd1c804d09467d8748e324cdfaeee3 - - default default] Successfully bumped revision number for resource a0afdb99-03f7-48c2-b4e6-8349b6fcccc7 (type: security_groups) to 1
2026-05-07 04:36:37.131 9 INFO neutron.db.ovn_revision_numbers_db [None req-ce95ee18-5b70-47ba-9f32-13f459633b91 77048e3b0ca745ae93f264a255970356 23bd1c804d09467d8748e324cdfaeee3 - - default default] Successfully bumped revision number for resource 39ac0191-e7e6-40de-868b-79ab1a32dc40 (type: security_group_rules) to 0
2026-05-07 04:36:37.149 10 INFO neutron.db.ovn_revision_numbers_db [None req-beb6b7ad-2bdd-4f66-a1d5-f8419c459cbd ce632d76966a4c36b373021fa2dac8d0 f3b2c4eeb3ee4a1b93fb1c15ccb58fd0 - - default default] Successfully bumped revision number for resource a7929eb6-3789-4b85-a7d5-03285c2b5e7f (type: ports) to 1
2026-05-07 04:36:37.151 9 INFO neutron.db.ovn_revision_numbers_db [None req-ce95ee18-5b70-47ba-9f32-13f459633b91 77048e3b0ca745ae93f264a255970356 23bd1c804d09467d8748e324cdfaeee3 - - default default] Successfully bumped revision number for resource 98517a12-ccd6-41f8-b8f9-b5d8bcf7b018 (type: security_group_rules) to 0
2026-05-07 04:36:37.164 9 INFO neutron.db.ovn_revision_numbers_db [None req-ce95ee18-5b70-47ba-9f32-13f459633b91 77048e3b0ca745ae93f264a255970356 23bd1c804d09467d8748e324cdfaeee3 - - default default] Successfully bumped revision number for resource 9b1ed6ab-1544-4f17-ad44-4edf9a946e51 (type: security_group_rules) to 0
2026-05-07 04:36:37.168 10 INFO neutron.api.wsgi [None req-beb6b7ad-2bdd-4f66-a1d5-f8419c459cbd ce632d76966a4c36b373021fa2dac8d0 f3b2c4eeb3ee4a1b93fb1c15ccb58fd0 - - default default] 10.0.0.58 "POST /v2.0/networks HTTP/1.1" status: 201 len: 945 time: 0.6745553
2026-05-07 04:36:37.175 9 INFO neutron.db.ovn_revision_numbers_db [None req-ce95ee18-5b70-47ba-9f32-13f459633b91 77048e3b0ca745ae93f264a255970356 23bd1c804d09467d8748e324cdfaeee3 - - default default] Successfully bumped revision number for resource d9c9311d-456d-4116-b37e-4ad21d0234ed (type: security_group_rules) to 0
2026-05-07 04:36:37.244 9 INFO neutron.db.segments_db [None req-ce95ee18-5b70-47ba-9f32-13f459633b91 77048e3b0ca745ae93f264a255970356 23bd1c804d09467d8748e324cdfaeee3 - - default default] Added segment 4a002a45-3637-481b-a5c9-6d1a54444bde of type geneve for network 47a85c7f-c7fa-40c4-8af6-3275891da310
2026-05-07 04:36:37.298 10 WARNING neutron.scheduler.dhcp_agent_scheduler [None req-a073a89d-48ce-48a3-adb1-a3777e6c351b ce632d76966a4c36b373021fa2dac8d0 f3b2c4eeb3ee4a1b93fb1c15ccb58fd0 - - default default] No more DHCP agents
2026-05-07 04:36:37.300 10 WARNING neutron.api.rpc.agentnotifiers.dhcp_rpc_agent_api [None req-a073a89d-48ce-48a3-adb1-a3777e6c351b ce632d76966a4c36b373021fa2dac8d0 f3b2c4eeb3ee4a1b93fb1c15ccb58fd0 - - default default] Unable to schedule network 364f1d59-a31e-4789-92fc-d23e7ddcbe07: no agents available; will retry on subsequent port and subnet creation events.
2026-05-07 04:36:37.329 9 INFO neutron.db.segments_db [None req-ce95ee18-5b70-47ba-9f32-13f459633b91 77048e3b0ca745ae93f264a255970356 23bd1c804d09467d8748e324cdfaeee3 - - default default] Added segment 31384c3b-f67d-4c4b-8680-ccb77ff7c31c of type geneve for network 1bab754f-45eb-4bae-8c87-a3ea18be75f6
2026-05-07 04:36:37.422 9 INFO neutron.db.ovn_revision_numbers_db [None req-ce95ee18-5b70-47ba-9f32-13f459633b91 77048e3b0ca745ae93f264a255970356 23bd1c804d09467d8748e324cdfaeee3 - - default default] Successfully bumped revision number for resource 47a85c7f-c7fa-40c4-8af6-3275891da310 (type: networks) to 1
2026-05-07 04:36:37.571 9 WARNING neutron.scheduler.dhcp_agent_scheduler [None req-ce95ee18-5b70-47ba-9f32-13f459633b91 77048e3b0ca745ae93f264a255970356 23bd1c804d09467d8748e324cdfaeee3 - - default default] No more DHCP agents
2026-05-07 04:36:37.572 9 WARNING neutron.api.rpc.agentnotifiers.dhcp_rpc_agent_api [None req-ce95ee18-5b70-47ba-9f32-13f459633b91 77048e3b0ca745ae93f264a255970356 23bd1c804d09467d8748e324cdfaeee3 - - default default] Unable to schedule network 47a85c7f-c7fa-40c4-8af6-3275891da310: no agents available; will retry on subsequent port and subnet creation events.
2026-05-07 04:36:37.637 9 INFO neutron.db.ovn_revision_numbers_db [None req-ce95ee18-5b70-47ba-9f32-13f459633b91 77048e3b0ca745ae93f264a255970356 23bd1c804d09467d8748e324cdfaeee3 - - default default] Successfully bumped revision number for resource c8b0f4a0-0a5d-4181-a87c-a9a54048c984 (type: ports) to 1
2026-05-07 04:36:37.702 10 INFO neutron.db.ovn_revision_numbers_db [None req-051fb028-7b85-4cad-99c5-1dc7f5d2e6f0 - - - - - -] Successfully bumped revision number for resource a7929eb6-3789-4b85-a7d5-03285c2b5e7f (type: ports) to 2
2026-05-07 04:36:37.719 9 INFO neutron.db.ovn_revision_numbers_db [None req-ce95ee18-5b70-47ba-9f32-13f459633b91 77048e3b0ca745ae93f264a255970356 23bd1c804d09467d8748e324cdfaeee3 - - default default] Successfully bumped revision number for resource 1bab754f-45eb-4bae-8c87-a3ea18be75f6 (type: networks) to 1
2026-05-07 04:36:37.738 10 INFO neutron.db.ovn_revision_numbers_db [None req-051fb028-7b85-4cad-99c5-1dc7f5d2e6f0 - - - - - -] Successfully bumped revision number for resource 85a9d80d-0220-4120-9fd5-609b5fcbb52d (type: subnets) to 0
2026-05-07 04:36:37.750 10 INFO neutron.api.wsgi [None req-a073a89d-48ce-48a3-adb1-a3777e6c351b ce632d76966a4c36b373021fa2dac8d0 f3b2c4eeb3ee4a1b93fb1c15ccb58fd0 - - default default] 10.0.0.58 "POST /v2.0/subnets HTTP/1.1" status: 201 len: 890 time: 0.5779297
2026-05-07 04:36:37.836 9 WARNING neutron.scheduler.dhcp_agent_scheduler [None req-ce95ee18-5b70-47ba-9f32-13f459633b91 77048e3b0ca745ae93f264a255970356 23bd1c804d09467d8748e324cdfaeee3 - - default default] No more DHCP agents
2026-05-07 04:36:37.837 9 WARNING neutron.api.rpc.agentnotifiers.dhcp_rpc_agent_api [None req-ce95ee18-5b70-47ba-9f32-13f459633b91 77048e3b0ca745ae93f264a255970356 23bd1c804d09467d8748e324cdfaeee3 - - default default] Unable to schedule network 1bab754f-45eb-4bae-8c87-a3ea18be75f6: no agents available; will retry on subsequent port and subnet creation events.
2026-05-07 04:36:37.890 9 INFO neutron.db.ovn_revision_numbers_db [None req-ce95ee18-5b70-47ba-9f32-13f459633b91 77048e3b0ca745ae93f264a255970356 23bd1c804d09467d8748e324cdfaeee3 - - default default] Successfully bumped revision number for resource 734da576-67b2-40d1-bca7-12b980406820 (type: ports) to 1
2026-05-07 04:36:37.917 9 INFO neutron.api.wsgi [None req-ce95ee18-5b70-47ba-9f32-13f459633b91 77048e3b0ca745ae93f264a255970356 23bd1c804d09467d8748e324cdfaeee3 - - default default] 10.0.0.58 "POST /v2.0/networks HTTP/1.1" status: 201 len: 1444 time: 1.0235095
2026-05-07 04:36:37.978 9 INFO neutron.api.wsgi [None req-90936ecb-bf30-45ca-bb57-3fe564fe3099 77048e3b0ca745ae93f264a255970356 23bd1c804d09467d8748e324cdfaeee3 - - default default] 10.0.0.58 "GET /v2.0/networks HTTP/1.1" status: 200 len: 2050 time: 0.0566778
2026-05-07 04:36:38.075 10 WARNING neutron.scheduler.dhcp_agent_scheduler [None req-d68fd623-0d5c-46d2-9762-0d02fc70437d ce632d76966a4c36b373021fa2dac8d0 f3b2c4eeb3ee4a1b93fb1c15ccb58fd0 - - default default] No more DHCP agents
2026-05-07 04:36:38.076 10 WARNING neutron.api.rpc.agentnotifiers.dhcp_rpc_agent_api [None req-d68fd623-0d5c-46d2-9762-0d02fc70437d ce632d76966a4c36b373021fa2dac8d0 f3b2c4eeb3ee4a1b93fb1c15ccb58fd0 - - default default] Unable to schedule network bb2502a7-810e-44b0-bf54-9c9da8f1d864: no agents available; will retry on subsequent port and subnet creation events.
2026-05-07 04:36:38.170 10 INFO neutron.db.ovn_revision_numbers_db [None req-d68fd623-0d5c-46d2-9762-0d02fc70437d ce632d76966a4c36b373021fa2dac8d0 f3b2c4eeb3ee4a1b93fb1c15ccb58fd0 - - default default] Successfully bumped revision number for resource 772bb388-3dc1-463e-bf8a-c989f1396374 (type: ports) to 1
2026-05-07 04:36:38.249 9 INFO neutron.services.segments.plugin [-] Segment 4a002a45-3637-481b-a5c9-6d1a54444bde resource provider aggregate not found
2026-05-07 04:36:38.252 9 INFO neutron.services.segments.plugin [-] Segment 4a002a45-3637-481b-a5c9-6d1a54444bde resource provider aggregate not found
2026-05-07 04:36:38.260 9 INFO neutron.services.segments.plugin [-] Segment 4a002a45-3637-481b-a5c9-6d1a54444bde resource provider not found; error: Placement Client Error (4xx): {"errors": [{"status": 404, "title": "Not Found", "detail": "The resource could not be found.\n\n No resource provider with uuid 4a002a45-3637-481b-a5c9-6d1a54444bde found for delete ", "request_id": "req-9bf88bb9-d237-43a9-9426-1c7e1ff3bc99"}]}
2026-05-07 04:36:38.263 9 INFO neutron.services.segments.plugin [-] Segment 4a002a45-3637-481b-a5c9-6d1a54444bde resource provider not found; error: Placement Client Error (4xx): {"errors": [{"status": 404, "title": "Not Found", "detail": "The resource could not be found.\n\n No resource provider with uuid 4a002a45-3637-481b-a5c9-6d1a54444bde found for delete ", "request_id": "req-00a44b71-2454-4e19-af57-4ae03e8172b9"}]}
2026-05-07 04:36:38.280 9 INFO neutron.api.wsgi [None req-a0702c50-d6c2-403a-91b6-a072efd7416e 77048e3b0ca745ae93f264a255970356 23bd1c804d09467d8748e324cdfaeee3 - - default default] 10.0.0.58 "DELETE /v2.0/networks/47a85c7f-c7fa-40c4-8af6-3275891da310 HTTP/1.1" status: 204 len: 168 time: 0.2979534
2026-05-07 04:36:38.358 10 INFO neutron.db.ovn_revision_numbers_db [None req-0d7886de-853c-49c4-8389-2ed0636a9668 ce632d76966a4c36b373021fa2dac8d0 f3b2c4eeb3ee4a1b93fb1c15ccb58fd0 - - default default] Successfully bumped revision number for resource bb2775af-6ffd-4be1-acfc-e09e4e83625f (type: security_groups) to 1
2026-05-07 04:36:38.371 10 INFO neutron.db.ovn_revision_numbers_db [None req-0d7886de-853c-49c4-8389-2ed0636a9668 ce632d76966a4c36b373021fa2dac8d0 f3b2c4eeb3ee4a1b93fb1c15ccb58fd0 - - default default] Successfully bumped revision number for resource 080d54bf-4b02-4896-8a65-454e64c525a4 (type: security_group_rules) to 0
2026-05-07 04:36:38.393 10 INFO neutron.db.ovn_revision_numbers_db [None req-0d7886de-853c-49c4-8389-2ed0636a9668 ce632d76966a4c36b373021fa2dac8d0 f3b2c4eeb3ee4a1b93fb1c15ccb58fd0 - - default default] Successfully bumped revision number for resource 2b1f8fef-f991-4382-b23f-5b292d04e278 (type: security_group_rules) to 0
2026-05-07 04:36:38.406 10 INFO neutron.db.ovn_revision_numbers_db [None req-0d7886de-853c-49c4-8389-2ed0636a9668 ce632d76966a4c36b373021fa2dac8d0 f3b2c4eeb3ee4a1b93fb1c15ccb58fd0 - - default default] Successfully bumped revision number for resource 944ad8dd-fa2c-41a5-9e90-1597096e9f59 (type: security_group_rules) to 0
2026-05-07 04:36:38.420 10 INFO neutron.db.ovn_revision_numbers_db [None req-0d7886de-853c-49c4-8389-2ed0636a9668 ce632d76966a4c36b373021fa2dac8d0 f3b2c4eeb3ee4a1b93fb1c15ccb58fd0 - - default default] Successfully bumped revision number for resource 9a353074-6c65-4421-9e58-3d7a1d078709 (type: security_group_rules) to 0
2026-05-07 04:36:38.463 10 INFO neutron.api.wsgi [None req-0d7886de-853c-49c4-8389-2ed0636a9668 ce632d76966a4c36b373021fa2dac8d0 f3b2c4eeb3ee4a1b93fb1c15ccb58fd0 - - default default] 10.0.0.58 "GET /v2.0/security-groups?tenant_id=9f7637cd7049457e9a29ec511394ce77&name=default HTTP/1.1" status: 200 len: 3120 time: 0.4040639
2026-05-07 04:36:38.610 9 INFO neutron.api.wsgi [None req-40867d6e-613b-41fc-8851-fd94ed67053e 77048e3b0ca745ae93f264a255970356 23bd1c804d09467d8748e324cdfaeee3 - - default default] 10.0.0.58 "DELETE /v2.0/networks/1bab754f-45eb-4bae-8c87-a3ea18be75f6 HTTP/1.1" status: 204 len: 168 time: 0.3240681
2026-05-07 04:36:38.662 9 INFO neutron.api.wsgi [None req-7f81dd0b-3d80-4df2-be3c-c464922f0d1e 77048e3b0ca745ae93f264a255970356 23bd1c804d09467d8748e324cdfaeee3 - - default default] 10.0.0.58 "GET /v2.0/networks HTTP/1.1" status: 200 len: 845 time: 0.0470521
