2026-05-07 04:36:44.200 9 INFO neutron.pecan_wsgi.hooks.translation [None req-2e59dce1-5630-4fba-8457-e70295ae6e40 eb57ecf015ce42cbbc15a50132fdbd56 67cfcbbbbf3d4c8facf4cd901b0fd398 - - default default] DELETE failed (client error): The resource could not be found.
2026-05-07 04:36:44.202 9 INFO neutron.api.wsgi [None req-2e59dce1-5630-4fba-8457-e70295ae6e40 eb57ecf015ce42cbbc15a50132fdbd56 67cfcbbbbf3d4c8facf4cd901b0fd398 - - default default] 10.0.0.58 "DELETE /v2.0/networks/178205bf-88ce-4a8a-8979-03e970e0b37d HTTP/1.1" status: 404 len: 339 time: 0.0116479
2026-05-07 04:36:44.247 9 INFO neutron.api.wsgi [None req-72066bce-6d82-481e-885d-6a5be9c3b48c eb57ecf015ce42cbbc15a50132fdbd56 67cfcbbbbf3d4c8facf4cd901b0fd398 - - default default] 10.0.0.58 "GET /v2.0/networks?router%3Aexternal=True HTTP/1.1" status: 200 len: 845 time: 0.0409729
2026-05-07 04:36:44.269 9 INFO neutron.api.wsgi [None req-7d947f5e-3c1d-4b19-aebf-f1ac52222293 eb57ecf015ce42cbbc15a50132fdbd56 67cfcbbbbf3d4c8facf4cd901b0fd398 - - default default] 10.0.0.58 "GET /v2.0/subnets?network_id=bb2502a7-810e-44b0-bf54-9c9da8f1d864 HTTP/1.1" status: 200 len: 843 time: 0.0194142
2026-05-07 04:36:44.275 9 INFO neutron.api.wsgi [None req-c4befb08-cdf3-4ae5-a0c1-807c4b745bf2 eb57ecf015ce42cbbc15a50132fdbd56 67cfcbbbbf3d4c8facf4cd901b0fd398 - - default default] 10.0.0.58 "GET /v2.0/extensions HTTP/1.1" status: 200 len: 19293 time: 0.0035849
2026-05-07 04:36:44.327 9 INFO neutron.api.wsgi [None req-b9da9315-4a23-4595-b92c-0ad8383ea6f8 eb57ecf015ce42cbbc15a50132fdbd56 67cfcbbbbf3d4c8facf4cd901b0fd398 - - default default] 10.0.0.58 "GET /v2.0/networks HTTP/1.1" status: 200 len: 1507 time: 0.0476527
2026-05-07 04:36:44.343 10 INFO neutron.api.wsgi [None req-b1b2d5bc-1916-4307-8623-22f775e3438a 77048e3b0ca745ae93f264a255970356 23bd1c804d09467d8748e324cdfaeee3 - - default default] 10.0.0.58 "DELETE /v2.0/networks/3e969e9b-3ccf-4de1-8baa-3a1139165dd9 HTTP/1.1" status: 204 len: 168 time: 0.3186762
2026-05-07 04:36:44.360 9 INFO neutron.api.wsgi [None req-3b699c26-aa11-4969-af85-284f5a3eed7b eb57ecf015ce42cbbc15a50132fdbd56 67cfcbbbbf3d4c8facf4cd901b0fd398 - - default default] 10.0.0.58 "GET /v2.0/subnets HTTP/1.1" status: 200 len: 1507 time: 0.0254996
2026-05-07 04:36:44.408 9 INFO neutron.api.wsgi [None req-481ef860-20d1-44d4-ad86-c6eac3a721e0 eb57ecf015ce42cbbc15a50132fdbd56 67cfcbbbbf3d4c8facf4cd901b0fd398 - - default default] 10.0.0.58 "GET /v2.0/networks/ab5f8505-2aaa-4890-9b6c-c826968d91e0 HTTP/1.1" status: 200 len: 866 time: 0.0421810
2026-05-07 04:36:44.448 9 INFO neutron.api.wsgi [req-25a2d9d0-c02e-49de-b992-effe1162a002 req-245336a7-8f1c-4716-88ec-5d9f9959995f 780c2b5add4b42fda70470ab98e07191 20b48a8e5d05402a899ceb92d5d0f946 - - default default] 10.0.0.7 "GET /v2.0/ports?device_id=b3a1bc45-c7bc-422f-bc5d-d1b9ba386199 HTTP/1.1" status: 200 len: 210 time: 0.0202520
2026-05-07 04:36:44.454 9 INFO neutron.api.wsgi [None req-ef6ff42a-0143-4dca-97f5-caeaf2bea476 eb57ecf015ce42cbbc15a50132fdbd56 67cfcbbbbf3d4c8facf4cd901b0fd398 - - default default] 10.0.0.58 "GET /v2.0/subnets/ebe3ba51-d361-4cad-a347-61f403e67de8 HTTP/1.1" status: 200 len: 867 time: 0.0430293
2026-05-07 04:36:44.477 9 INFO neutron.pecan_wsgi.hooks.translation [None req-0e8b7c66-8092-4d68-973b-8b7ee71fe210 eb57ecf015ce42cbbc15a50132fdbd56 67cfcbbbbf3d4c8facf4cd901b0fd398 - - default default] DELETE failed (client error): The resource could not be found.
2026-05-07 04:36:44.482 9 INFO neutron.api.wsgi [None req-0e8b7c66-8092-4d68-973b-8b7ee71fe210 eb57ecf015ce42cbbc15a50132fdbd56 67cfcbbbbf3d4c8facf4cd901b0fd398 - - default default] 10.0.0.58 "DELETE /v2.0/subnets/5ab75ea3-a11a-438f-8e37-44ebb4651a48 HTTP/1.1" status: 404 len: 337 time: 0.0232015
2026-05-07 04:36:44.495 9 INFO neutron.pecan_wsgi.hooks.translation [None req-8901ceed-ac01-4d1d-b3d2-6f8186db4af0 eb57ecf015ce42cbbc15a50132fdbd56 67cfcbbbbf3d4c8facf4cd901b0fd398 - - default default] DELETE failed (client error): The resource could not be found.
2026-05-07 04:36:44.498 9 INFO neutron.api.wsgi [None req-8901ceed-ac01-4d1d-b3d2-6f8186db4af0 eb57ecf015ce42cbbc15a50132fdbd56 67cfcbbbbf3d4c8facf4cd901b0fd398 - - default default] 10.0.0.58 "DELETE /v2.0/networks/178205bf-88ce-4a8a-8979-03e970e0b37d HTTP/1.1" status: 404 len: 339 time: 0.0111318
2026-05-07 04:36:44.624 10 INFO neutron.api.wsgi [None req-153c0a43-95a9-4642-8cd7-bdbc6405c53e eb57ecf015ce42cbbc15a50132fdbd56 67cfcbbbbf3d4c8facf4cd901b0fd398 - - default default] 10.0.0.58 "DELETE /v2.0/subnets/ebe3ba51-d361-4cad-a347-61f403e67de8 HTTP/1.1" status: 204 len: 168 time: 0.1231713
2026-05-07 04:36:44.915 10 INFO neutron.api.wsgi [None req-d18d1ae2-e6ea-4985-9967-c4c9bb7d8282 eb57ecf015ce42cbbc15a50132fdbd56 67cfcbbbbf3d4c8facf4cd901b0fd398 - - default default] 10.0.0.58 "DELETE /v2.0/networks/ab5f8505-2aaa-4890-9b6c-c826968d91e0 HTTP/1.1" status: 204 len: 168 time: 0.2872965
2026-05-07 04:36:45.023 10 INFO neutron.api.wsgi [None req-fae73586-4203-4a83-aa0e-8a756d017cca ce632d76966a4c36b373021fa2dac8d0 f3b2c4eeb3ee4a1b93fb1c15ccb58fd0 - - default default] 10.0.0.58 "GET /v2.0/security-groups?tenant_id=23bd1c804d09467d8748e324cdfaeee3&name=default HTTP/1.1" status: 200 len: 3120 time: 0.1839533
2026-05-07 04:36:45.193 10 INFO neutron.api.wsgi [None req-2634b224-129a-472b-ade7-2bd5a93fde5a ce632d76966a4c36b373021fa2dac8d0 f3b2c4eeb3ee4a1b93fb1c15ccb58fd0 - - default default] 10.0.0.58 "DELETE /v2.0/security-groups/a0afdb99-03f7-48c2-b4e6-8349b6fcccc7 HTTP/1.1" status: 204 len: 168 time: 0.1668782
2026-05-07 04:36:45.383 9 INFO neutron.services.segments.plugin [-] Segment 7b1f3b84-658d-4c37-bd43-ebc3e0fc02a8 resource provider aggregate not found
2026-05-07 04:36:45.392 9 INFO neutron.services.segments.plugin [-] Segment 7b1f3b84-658d-4c37-bd43-ebc3e0fc02a8 resource provider aggregate not found
2026-05-07 04:36:45.396 9 INFO neutron.services.segments.plugin [-] Segment 7b1f3b84-658d-4c37-bd43-ebc3e0fc02a8 resource provider not found; error: Placement Client Error (4xx): {"errors": [{"status": 404, "title": "Not Found", "detail": "The resource could not be found.\n\n No resource provider with uuid 7b1f3b84-658d-4c37-bd43-ebc3e0fc02a8 found for delete ", "request_id": "req-ee32858d-3587-4b4d-87bb-1d6caafdc92f"}]}
2026-05-07 04:36:45.402 9 INFO neutron.services.segments.plugin [-] Segment 7b1f3b84-658d-4c37-bd43-ebc3e0fc02a8 resource provider not found; error: Placement Client Error (4xx): {"errors": [{"status": 404, "title": "Not Found", "detail": "The resource could not be found.\n\n No resource provider with uuid 7b1f3b84-658d-4c37-bd43-ebc3e0fc02a8 found for delete ", "request_id": "req-cdd9a8e9-82a5-484d-9994-b6efc5169714"}]}
2026-05-07 04:36:45.406 9 INFO neutron.services.segments.plugin [-] Segment afc78345-0ba3-46b0-b56f-3a1112ed96b4 resource provider aggregate not found
2026-05-07 04:36:45.411 9 INFO neutron.services.segments.plugin [-] Segment afc78345-0ba3-46b0-b56f-3a1112ed96b4 resource provider aggregate not found
2026-05-07 04:36:45.417 9 INFO neutron.services.segments.plugin [-] Segment afc78345-0ba3-46b0-b56f-3a1112ed96b4 resource provider not found; error: Placement Client Error (4xx): {"errors": [{"status": 404, "title": "Not Found", "detail": "The resource could not be found.\n\n No resource provider with uuid afc78345-0ba3-46b0-b56f-3a1112ed96b4 found for delete ", "request_id": "req-b2726e4b-90c4-46c5-842e-a61d73428ad8"}]}
2026-05-07 04:36:45.422 9 INFO neutron.services.segments.plugin [-] Segment afc78345-0ba3-46b0-b56f-3a1112ed96b4 resource provider not found; error: Placement Client Error (4xx): {"errors": [{"status": 404, "title": "Not Found", "detail": "The resource could not be found.\n\n No resource provider with uuid afc78345-0ba3-46b0-b56f-3a1112ed96b4 found for delete ", "request_id": "req-89484484-4c93-4fcc-8879-e3b381631e4e"}]}
2026-05-07 04:36:45.487 10 INFO neutron.api.wsgi [None req-b1fcd7d4-1b4a-42ff-8484-9b54562753fc ce632d76966a4c36b373021fa2dac8d0 f3b2c4eeb3ee4a1b93fb1c15ccb58fd0 - - default default] 10.0.0.58 "GET /v2.0/security-groups?tenant_id=67cfcbbbbf3d4c8facf4cd901b0fd398&name=default HTTP/1.1" status: 200 len: 3120 time: 0.1423244
2026-05-07 04:36:45.533 9 INFO neutron.api.wsgi [req-b2a0d38f-269e-417a-a586-b8e32f01cae5 req-c1d60032-93f2-4b6b-ab4f-bf551ef6ac6b 780c2b5add4b42fda70470ab98e07191 20b48a8e5d05402a899ceb92d5d0f946 - - default default] 10.0.0.7 "GET /v2.0/ports?device_id=b3a1bc45-c7bc-422f-bc5d-d1b9ba386199 HTTP/1.1" status: 200 len: 210 time: 0.0195580
2026-05-07 04:36:45.660 10 INFO neutron.api.wsgi [None req-66c0a7f1-3f55-4645-99f2-1d771f335675 ce632d76966a4c36b373021fa2dac8d0 f3b2c4eeb3ee4a1b93fb1c15ccb58fd0 - - default default] 10.0.0.58 "DELETE /v2.0/security-groups/210702c1-b435-4ae1-bff2-5bfe37dade7b HTTP/1.1" status: 204 len: 168 time: 0.1688695
2026-05-07 04:36:46.192 10 INFO neutron.services.segments.plugin [-] Segment c4b55c99-17b1-48a0-bee4-421331c746ec resource provider aggregate not found
2026-05-07 04:36:46.196 10 INFO neutron.services.segments.plugin [-] Segment c4b55c99-17b1-48a0-bee4-421331c746ec resource provider aggregate not found
2026-05-07 04:36:46.208 10 INFO neutron.services.segments.plugin [-] Segment c4b55c99-17b1-48a0-bee4-421331c746ec resource provider not found; error: Placement Client Error (4xx): {"errors": [{"status": 404, "title": "Not Found", "detail": "The resource could not be found.\n\n No resource provider with uuid c4b55c99-17b1-48a0-bee4-421331c746ec found for delete ", "request_id": "req-81087aa6-3224-426d-b0ea-1191a84f827f"}]}
2026-05-07 04:36:46.211 10 INFO neutron.services.segments.plugin [-] Segment c4b55c99-17b1-48a0-bee4-421331c746ec resource provider not found; error: Placement Client Error (4xx): {"errors": [{"status": 404, "title": "Not Found", "detail": "The resource could not be found.\n\n No resource provider with uuid c4b55c99-17b1-48a0-bee4-421331c746ec found for delete ", "request_id": "req-fe7eacca-e7a2-4110-866c-2de144402cf3"}]}
2026-05-07 04:36:46.218 10 INFO neutron.services.segments.plugin [-] Segment bd83e992-8816-4f58-9dcf-b3eb17eefeb6 resource provider aggregate not found
2026-05-07 04:36:46.224 10 INFO neutron.services.segments.plugin [-] Segment bd83e992-8816-4f58-9dcf-b3eb17eefeb6 resource provider aggregate not found
2026-05-07 04:36:46.228 10 INFO neutron.services.segments.plugin [-] Segment bd83e992-8816-4f58-9dcf-b3eb17eefeb6 resource provider not found; error: Placement Client Error (4xx): {"errors": [{"status": 404, "title": "Not Found", "detail": "The resource could not be found.\n\n No resource provider with uuid bd83e992-8816-4f58-9dcf-b3eb17eefeb6 found for delete ", "request_id": "req-a582fae4-826c-482a-94e3-77c21bb6e028"}]}
2026-05-07 04:36:46.237 10 INFO neutron.services.segments.plugin [-] Segment bd83e992-8816-4f58-9dcf-b3eb17eefeb6 resource provider not found; error: Placement Client Error (4xx): {"errors": [{"status": 404, "title": "Not Found", "detail": "The resource could not be found.\n\n No resource provider with uuid bd83e992-8816-4f58-9dcf-b3eb17eefeb6 found for delete ", "request_id": "req-ae039389-9fd4-4042-983a-c0dcb284b96c"}]}
2026-05-07 04:36:46.633 9 INFO neutron.api.wsgi [req-07483a0d-0893-4709-a6c9-0405a04089ec req-11df3140-cf0a-4f7e-8fc2-8563d5d43a0c 780c2b5add4b42fda70470ab98e07191 20b48a8e5d05402a899ceb92d5d0f946 - - default default] 10.0.0.7 "GET /v2.0/ports?device_id=b3a1bc45-c7bc-422f-bc5d-d1b9ba386199 HTTP/1.1" status: 200 len: 210 time: 0.0196688
2026-05-07 04:36:47.085 9 WARNING neutron_lib.context [None req-a5acaefa-ef05-47ea-b371-d31ecedd937f 6f65be8e5f3940d3b2779c973dc985fc 9f949a48c6584d96aeb8caf45e5cb22e - - default default] Method 'is_advsvc' is deprecated since 2023.2 release (neutron-lib 3.8.0) and will be removed once support for the old RBAC API policies will be removed from Neutron. Please use method 'is_service_role' instead.
2026-05-07 04:36:47.228 9 INFO neutron.db.ovn_revision_numbers_db [None req-a5acaefa-ef05-47ea-b371-d31ecedd937f 6f65be8e5f3940d3b2779c973dc985fc 9f949a48c6584d96aeb8caf45e5cb22e - - default default] Successfully bumped revision number for resource 17ff108f-4675-4b3d-a5cb-ba7095d432d5 (type: security_groups) to 1
2026-05-07 04:36:47.243 9 INFO neutron.db.ovn_revision_numbers_db [None req-a5acaefa-ef05-47ea-b371-d31ecedd937f 6f65be8e5f3940d3b2779c973dc985fc 9f949a48c6584d96aeb8caf45e5cb22e - - default default] Successfully bumped revision number for resource 2f018a12-2cb0-4807-92c0-503e4ff60663 (type: security_group_rules) to 0
2026-05-07 04:36:47.256 9 INFO neutron.db.ovn_revision_numbers_db [None req-a5acaefa-ef05-47ea-b371-d31ecedd937f 6f65be8e5f3940d3b2779c973dc985fc 9f949a48c6584d96aeb8caf45e5cb22e - - default default] Successfully bumped revision number for resource 59ed478e-8ff1-4a7e-bd8e-6677c0cfc32f (type: security_group_rules) to 0
2026-05-07 04:36:47.268 9 INFO neutron.db.ovn_revision_numbers_db [None req-a5acaefa-ef05-47ea-b371-d31ecedd937f 6f65be8e5f3940d3b2779c973dc985fc 9f949a48c6584d96aeb8caf45e5cb22e - - default default] Successfully bumped revision number for resource d36a48c7-3239-4ab5-b134-71923c842647 (type: security_group_rules) to 0
2026-05-07 04:36:47.280 9 INFO neutron.db.ovn_revision_numbers_db [None req-a5acaefa-ef05-47ea-b371-d31ecedd937f 6f65be8e5f3940d3b2779c973dc985fc 9f949a48c6584d96aeb8caf45e5cb22e - - default default] Successfully bumped revision number for resource e7512217-ff76-4064-ae46-6f4867f704c9 (type: security_group_rules) to 0
2026-05-07 04:36:47.299 9 INFO neutron.api.wsgi [-] 10.0.0.58 "GET / HTTP/1.1" status: 200 len: 279 time: 0.0013449
2026-05-07 04:36:47.349 9 INFO neutron.db.segments_db [None req-a5acaefa-ef05-47ea-b371-d31ecedd937f 6f65be8e5f3940d3b2779c973dc985fc 9f949a48c6584d96aeb8caf45e5cb22e - - default default] Added segment 33903d39-efb6-45f3-98e3-2966b5c204c8 of type geneve for network 647a66fd-9a01-4730-a0dc-3cee1021fb40
2026-05-07 04:36:47.383 10 WARNING neutron.plugins.ml2.drivers.ovn.mech_driver.ovsdb.ovn_client [None req-bbe47982-32c1-486d-a6d1-d2c118ad55fa - - - - - -] No hosting information found for port 9d59e739-5f94-4088-852f-19da426b78a8: RuntimeError: No hosting information found for port 9d59e739-5f94-4088-852f-19da426b78a8
2026-05-07 04:36:47.431 10 INFO neutron.api.wsgi [None req-3c4314bd-1080-4a5b-9d7b-29452525a769 445e40befeff438d977fa700b33c75ec 16f283e207654db7968028c4ad576694 - - default default] 10.0.0.58 "GET /v2.0/ HTTP/1.1" status: 200 len: 826 time: 0.1264906
2026-05-07 04:36:47.461 9 INFO neutron.db.ovn_revision_numbers_db [None req-a5acaefa-ef05-47ea-b371-d31ecedd937f 6f65be8e5f3940d3b2779c973dc985fc 9f949a48c6584d96aeb8caf45e5cb22e - - default default] Successfully bumped revision number for resource 647a66fd-9a01-4730-a0dc-3cee1021fb40 (type: networks) to 1
2026-05-07 04:36:47.475 10 INFO neutron.db.ovn_revision_numbers_db [None req-bbe47982-32c1-486d-a6d1-d2c118ad55fa - - - - - -] Successfully bumped revision number for resource 9d59e739-5f94-4088-852f-19da426b78a8 (type: router_ports) to 2
2026-05-07 04:36:47.609 9 WARNING neutron.scheduler.dhcp_agent_scheduler [None req-a5acaefa-ef05-47ea-b371-d31ecedd937f 6f65be8e5f3940d3b2779c973dc985fc 9f949a48c6584d96aeb8caf45e5cb22e - - default default] No more DHCP agents
2026-05-07 04:36:47.611 9 WARNING neutron.api.rpc.agentnotifiers.dhcp_rpc_agent_api [None req-a5acaefa-ef05-47ea-b371-d31ecedd937f 6f65be8e5f3940d3b2779c973dc985fc 9f949a48c6584d96aeb8caf45e5cb22e - - default default] Unable to schedule network 647a66fd-9a01-4730-a0dc-3cee1021fb40: no agents available; will retry on subsequent port and subnet creation events.
2026-05-07 04:36:47.616 10 INFO neutron.api.wsgi [req-ff76598e-6a50-401c-8906-1a3d1cbdc020 req-052f34ff-a5dc-4721-92e8-52c7aa4e9457 780c2b5add4b42fda70470ab98e07191 20b48a8e5d05402a899ceb92d5d0f946 - - default default] 199.19.213.105 "GET /v2.0/networks?id=364f1d59-a31e-4789-92fc-d23e7ddcbe07 HTTP/1.1" status: 200 len: 875 time: 0.0555787
2026-05-07 04:36:47.656 10 INFO neutron.api.wsgi [req-ff76598e-6a50-401c-8906-1a3d1cbdc020 req-3489a696-45f4-4e3e-af4d-6b62ab710f32 780c2b5add4b42fda70470ab98e07191 20b48a8e5d05402a899ceb92d5d0f946 - - default default] 199.19.213.105 "GET /v2.0/security-groups?fields=id&fields=name&tenant_id=20b48a8e5d05402a899ceb92d5d0f946 HTTP/1.1" status: 200 len: 380 time: 0.0339479
2026-05-07 04:36:47.665 10 WARNING neutron_lib.context [req-ff76598e-6a50-401c-8906-1a3d1cbdc020 req-ee789170-d54d-4736-8936-2e637e3699d3 780c2b5add4b42fda70470ab98e07191 20b48a8e5d05402a899ceb92d5d0f946 - - default default] Method 'is_advsvc' is deprecated since 2023.2 release (neutron-lib 3.8.0) and will be removed once support for the old RBAC API policies will be removed from Neutron. Please use method 'is_service_role' instead.
2026-05-07 04:36:47.689 9 INFO neutron.db.ovn_revision_numbers_db [None req-a5acaefa-ef05-47ea-b371-d31ecedd937f 6f65be8e5f3940d3b2779c973dc985fc 9f949a48c6584d96aeb8caf45e5cb22e - - default default] Successfully bumped revision number for resource 6ea7b8f0-1df5-4c73-b678-918857070392 (type: ports) to 1
2026-05-07 04:36:47.730 9 INFO neutron.api.wsgi [req-0de6f1f6-f783-4a24-a20a-cd09e33ffd0d req-91b1c90f-a71a-4446-9cd7-fa2a73d34955 780c2b5add4b42fda70470ab98e07191 20b48a8e5d05402a899ceb92d5d0f946 - - default default] 10.0.0.7 "GET /v2.0/ports?device_id=b3a1bc45-c7bc-422f-bc5d-d1b9ba386199 HTTP/1.1" status: 200 len: 210 time: 0.0257750
2026-05-07 04:36:47.740 9 INFO neutron.api.wsgi [None req-a5acaefa-ef05-47ea-b371-d31ecedd937f 6f65be8e5f3940d3b2779c973dc985fc 9f949a48c6584d96aeb8caf45e5cb22e - - default default] 10.0.0.58 "POST /v2.0/networks HTTP/1.1" status: 201 len: 829 time: 0.8573272
2026-05-07 04:36:47.760 9 WARNING neutron_lib.context [None req-3b06985f-d3fb-4288-9d85-555d506b3da3 6f65be8e5f3940d3b2779c973dc985fc 9f949a48c6584d96aeb8caf45e5cb22e - - default default] Method 'is_advsvc' is deprecated since 2023.2 release (neutron-lib 3.8.0) and will be removed once support for the old RBAC API policies will be removed from Neutron. Please use method 'is_service_role' instead.
2026-05-07 04:36:47.838 9 INFO neutron.db.segments_db [None req-3b06985f-d3fb-4288-9d85-555d506b3da3 6f65be8e5f3940d3b2779c973dc985fc 9f949a48c6584d96aeb8caf45e5cb22e - - default default] Added segment 31d76027-a837-46d0-ab88-a5e8d0cab2be of type geneve for network 65461dd7-b050-4ff5-bf89-51873dec11cc
2026-05-07 04:36:47.870 10 INFO neutron.db.ovn_revision_numbers_db [None req-8d755c0d-dd6d-4eb5-80fe-515cd79c3cb5 ce632d76966a4c36b373021fa2dac8d0 f3b2c4eeb3ee4a1b93fb1c15ccb58fd0 - - default default] Successfully bumped revision number for resource 12ac167b-1570-4c71-bfd8-dd65d1472dc8 (type: security_groups) to 1
2026-05-07 04:36:47.892 10 INFO neutron.db.ovn_revision_numbers_db [None req-8d755c0d-dd6d-4eb5-80fe-515cd79c3cb5 ce632d76966a4c36b373021fa2dac8d0 f3b2c4eeb3ee4a1b93fb1c15ccb58fd0 - - default default] Successfully bumped revision number for resource 25ce9902-a244-4a55-8b9b-c22ffe4ca0c3 (type: security_group_rules) to 0
2026-05-07 04:36:47.910 10 INFO neutron.db.ovn_revision_numbers_db [None req-8d755c0d-dd6d-4eb5-80fe-515cd79c3cb5 ce632d76966a4c36b373021fa2dac8d0 f3b2c4eeb3ee4a1b93fb1c15ccb58fd0 - - default default] Successfully bumped revision number for resource 59d161c0-b927-4245-aa57-d4a549f2c951 (type: security_group_rules) to 0
2026-05-07 04:36:47.934 10 INFO neutron.db.ovn_revision_numbers_db [None req-8d755c0d-dd6d-4eb5-80fe-515cd79c3cb5 ce632d76966a4c36b373021fa2dac8d0 f3b2c4eeb3ee4a1b93fb1c15ccb58fd0 - - default default] Successfully bumped revision number for resource 9f4d1830-992c-452d-96f1-690ae1c25ae4 (type: security_group_rules) to 0
2026-05-07 04:36:47.954 10 INFO neutron.db.ovn_revision_numbers_db [None req-8d755c0d-dd6d-4eb5-80fe-515cd79c3cb5 ce632d76966a4c36b373021fa2dac8d0 f3b2c4eeb3ee4a1b93fb1c15ccb58fd0 - - default default] Successfully bumped revision number for resource b78f9b18-578f-4cbc-80f5-9a7442a4a7b9 (type: security_group_rules) to 0
2026-05-07 04:36:47.960 9 INFO neutron.db.ovn_revision_numbers_db [None req-3b06985f-d3fb-4288-9d85-555d506b3da3 6f65be8e5f3940d3b2779c973dc985fc 9f949a48c6584d96aeb8caf45e5cb22e - - default default] Successfully bumped revision number for resource 65461dd7-b050-4ff5-bf89-51873dec11cc (type: networks) to 1
2026-05-07 04:36:47.996 10 INFO neutron.api.wsgi [None req-8d755c0d-dd6d-4eb5-80fe-515cd79c3cb5 ce632d76966a4c36b373021fa2dac8d0 f3b2c4eeb3ee4a1b93fb1c15ccb58fd0 - - default default] 10.0.0.58 "GET /v2.0/security-groups?tenant_id=739bdf0f00d0450ba4e59a7098e62d72&name=default HTTP/1.1" status: 200 len: 3120 time: 0.4455056
2026-05-07 04:36:48.017 10 WARNING neutron.scheduler.dhcp_agent_scheduler [req-ff76598e-6a50-401c-8906-1a3d1cbdc020 req-ee789170-d54d-4736-8936-2e637e3699d3 780c2b5add4b42fda70470ab98e07191 20b48a8e5d05402a899ceb92d5d0f946 - - default default] No more DHCP agents
2026-05-07 04:36:48.019 10 WARNING neutron.api.rpc.agentnotifiers.dhcp_rpc_agent_api [req-ff76598e-6a50-401c-8906-1a3d1cbdc020 req-ee789170-d54d-4736-8936-2e637e3699d3 780c2b5add4b42fda70470ab98e07191 20b48a8e5d05402a899ceb92d5d0f946 - - default default] Unable to schedule network 364f1d59-a31e-4789-92fc-d23e7ddcbe07: no agents available; will retry on subsequent port and subnet creation events.
2026-05-07 04:36:48.108 9 INFO neutron.db.ovn_revision_numbers_db [None req-78a67265-56d1-414e-a4f1-3ecf65d1571b ce632d76966a4c36b373021fa2dac8d0 f3b2c4eeb3ee4a1b93fb1c15ccb58fd0 - - default default] Successfully bumped revision number for resource de696e68-2864-4a6a-99be-87bd2ba2c75a (type: security_groups) to 1
2026-05-07 04:36:48.132 9 INFO neutron.db.ovn_revision_numbers_db [None req-78a67265-56d1-414e-a4f1-3ecf65d1571b ce632d76966a4c36b373021fa2dac8d0 f3b2c4eeb3ee4a1b93fb1c15ccb58fd0 - - default default] Successfully bumped revision number for resource 042ee564-c73b-4006-aeb5-c89296aefb2b (type: security_group_rules) to 0
2026-05-07 04:36:48.139 10 INFO neutron.db.ovn_revision_numbers_db [req-ff76598e-6a50-401c-8906-1a3d1cbdc020 req-ee789170-d54d-4736-8936-2e637e3699d3 780c2b5add4b42fda70470ab98e07191 20b48a8e5d05402a899ceb92d5d0f946 - - default default] Successfully bumped revision number for resource 01774a9b-36aa-4d31-8405-1d67292c5c73 (type: ports) to 1
2026-05-07 04:36:48.154 9 INFO neutron.db.ovn_revision_numbers_db [None req-78a67265-56d1-414e-a4f1-3ecf65d1571b ce632d76966a4c36b373021fa2dac8d0 f3b2c4eeb3ee4a1b93fb1c15ccb58fd0 - - default default] Successfully bumped revision number for resource 1317d3f0-d896-454f-bfc5-8fd5c0cf8b19 (type: security_group_rules) to 0
2026-05-07 04:36:48.160 9 WARNING neutron.scheduler.dhcp_agent_scheduler [None req-3b06985f-d3fb-4288-9d85-555d506b3da3 6f65be8e5f3940d3b2779c973dc985fc 9f949a48c6584d96aeb8caf45e5cb22e - - default default] No more DHCP agents
2026-05-07 04:36:48.161 9 WARNING neutron.api.rpc.agentnotifiers.dhcp_rpc_agent_api [None req-3b06985f-d3fb-4288-9d85-555d506b3da3 6f65be8e5f3940d3b2779c973dc985fc 9f949a48c6584d96aeb8caf45e5cb22e - - default default] Unable to schedule network 65461dd7-b050-4ff5-bf89-51873dec11cc: no agents available; will retry on subsequent port and subnet creation events.
2026-05-07 04:36:48.165 10 INFO neutron.api.wsgi [req-ff76598e-6a50-401c-8906-1a3d1cbdc020 req-ee789170-d54d-4736-8936-2e637e3699d3 780c2b5add4b42fda70470ab98e07191 20b48a8e5d05402a899ceb92d5d0f946 - - default default] 199.19.213.105 "POST /v2.0/ports HTTP/1.1" status: 201 len: 1162 time: 0.5038614 /var/lib/openstack/lib/python3.12/site-packages/pycadf/identifier.py:71: UserWarning: Invalid uuid: neutron. To ensure interoperability, identifiers should be a valid uuid. warnings.warn(('Invalid uuid: %s. To ensure interoperability, '
2026-05-07 04:36:48.176 9 INFO neutron.db.ovn_revision_numbers_db [None req-78a67265-56d1-414e-a4f1-3ecf65d1571b ce632d76966a4c36b373021fa2dac8d0 f3b2c4eeb3ee4a1b93fb1c15ccb58fd0 - - default default] Successfully bumped revision number for resource e75a3b0e-d203-48cc-a9ff-cd8950f922ed (type: security_group_rules) to 0
2026-05-07 04:36:48.200 9 INFO neutron.db.ovn_revision_numbers_db [None req-78a67265-56d1-414e-a4f1-3ecf65d1571b ce632d76966a4c36b373021fa2dac8d0 f3b2c4eeb3ee4a1b93fb1c15ccb58fd0 - - default default] Successfully bumped revision number for resource ea6654da-b693-4f69-bd01-d04a62db248c (type: security_group_rules) to 0
2026-05-07 04:36:48.254 9 INFO neutron.api.wsgi [None req-78a67265-56d1-414e-a4f1-3ecf65d1571b ce632d76966a4c36b373021fa2dac8d0 f3b2c4eeb3ee4a1b93fb1c15ccb58fd0 - - default default] 10.0.0.58 "GET /v2.0/security-groups?tenant_id=16f283e207654db7968028c4ad576694&name=default HTTP/1.1" status: 200 len: 3120 time: 0.3442364
2026-05-07 04:36:48.256 9 INFO neutron.db.ovn_revision_numbers_db [None req-3b06985f-d3fb-4288-9d85-555d506b3da3 6f65be8e5f3940d3b2779c973dc985fc 9f949a48c6584d96aeb8caf45e5cb22e - - default default] Successfully bumped revision number for resource 24f03a18-a5af-4f95-b769-00f4ba2233af (type: ports) to 1
2026-05-07 04:36:48.290 9 INFO neutron.api.wsgi [None req-3b06985f-d3fb-4288-9d85-555d506b3da3 6f65be8e5f3940d3b2779c973dc985fc 9f949a48c6584d96aeb8caf45e5cb22e - - default default] 10.0.0.58 "POST /v2.0/networks HTTP/1.1" status: 201 len: 828 time: 0.5354276
2026-05-07 04:36:48.303 10 WARNING neutron_lib.context [None req-9c06a412-e75a-44d8-ad9b-05e0cfc33427 6f65be8e5f3940d3b2779c973dc985fc 9f949a48c6584d96aeb8caf45e5cb22e - - default default] Method 'is_advsvc' is deprecated since 2023.2 release (neutron-lib 3.8.0) and will be removed once support for the old RBAC API policies will be removed from Neutron. Please use method 'is_service_role' instead.
2026-05-07 04:36:48.317 9 INFO neutron.api.wsgi [None req-03480f9c-75b1-4120-b1b9-0b548701656f ce632d76966a4c36b373021fa2dac8d0 f3b2c4eeb3ee4a1b93fb1c15ccb58fd0 - - default default] 10.0.0.58 "DELETE /v2.0/security-groups/12ac167b-1570-4c71-bfd8-dd65d1472dc8 HTTP/1.1" status: 204 len: 168 time: 0.3153524
2026-05-07 04:36:48.482 9 INFO neutron.api.wsgi [None req-8887d980-b3c4-4aed-875a-2ecb92c583d7 ce632d76966a4c36b373021fa2dac8d0 f3b2c4eeb3ee4a1b93fb1c15ccb58fd0 - - default default] 10.0.0.58 "DELETE /v2.0/security-groups/de696e68-2864-4a6a-99be-87bd2ba2c75a HTTP/1.1" status: 204 len: 168 time: 0.2194526
2026-05-07 04:36:48.543 10 WARNING neutron.scheduler.dhcp_agent_scheduler [None req-9c06a412-e75a-44d8-ad9b-05e0cfc33427 6f65be8e5f3940d3b2779c973dc985fc 9f949a48c6584d96aeb8caf45e5cb22e - - default default] No more DHCP agents
2026-05-07 04:36:48.545 10 WARNING neutron.api.rpc.agentnotifiers.dhcp_rpc_agent_api [None req-9c06a412-e75a-44d8-ad9b-05e0cfc33427 6f65be8e5f3940d3b2779c973dc985fc 9f949a48c6584d96aeb8caf45e5cb22e - - default default] Unable to schedule network 647a66fd-9a01-4730-a0dc-3cee1021fb40: no agents available; will retry on subsequent port and subnet creation events.
2026-05-07 04:36:48.576 10 INFO neutron.db.ovn_revision_numbers_db [None req-433e93a8-7baa-48e2-81f6-ceefd24ef1ce ce632d76966a4c36b373021fa2dac8d0 f3b2c4eeb3ee4a1b93fb1c15ccb58fd0 - - default default] Successfully bumped revision number for resource ea75a70d-9b14-433c-9abc-b4cf0862306a (type: security_groups) to 1
2026-05-07 04:36:48.598 10 INFO neutron.db.ovn_revision_numbers_db [None req-433e93a8-7baa-48e2-81f6-ceefd24ef1ce ce632d76966a4c36b373021fa2dac8d0 f3b2c4eeb3ee4a1b93fb1c15ccb58fd0 - - default default] Successfully bumped revision number for resource 01ada1ba-52b2-4ca9-823a-b9f1f8a98d89 (type: security_group_rules) to 0
2026-05-07 04:36:48.603 10 INFO neutron.db.ovn_revision_numbers_db [req-ff76598e-6a50-401c-8906-1a3d1cbdc020 req-506c8244-6ccf-4c1b-8c2d-c9788c1dadc5 b9d9def71d194032a4ed1e1ec88523b9 d2c7cb5775e94dffa99d4e5e41325356 - - b74b1b31a6064d86ba7664f2a626d740 b74b1b31a6064d86ba7664f2a626d740] Successfully bumped revision number for resource 01774a9b-36aa-4d31-8405-1d67292c5c73 (type: ports) to 2
2026-05-07 04:36:48.614 10 INFO neutron.db.ovn_revision_numbers_db [None req-433e93a8-7baa-48e2-81f6-ceefd24ef1ce ce632d76966a4c36b373021fa2dac8d0 f3b2c4eeb3ee4a1b93fb1c15ccb58fd0 - - default default] Successfully bumped revision number for resource 11fc4100-7e6d-4e01-83db-f6e46f3db1bf (type: security_group_rules) to 0
2026-05-07 04:36:48.631 10 INFO neutron.db.ovn_revision_numbers_db [None req-433e93a8-7baa-48e2-81f6-ceefd24ef1ce ce632d76966a4c36b373021fa2dac8d0 f3b2c4eeb3ee4a1b93fb1c15ccb58fd0 - - default default] Successfully bumped revision number for resource 268f2248-9042-4f9f-8576-38d7657565fd (type: security_group_rules) to 0
2026-05-07 04:36:48.671 10 INFO neutron.db.ovn_revision_numbers_db [None req-433e93a8-7baa-48e2-81f6-ceefd24ef1ce ce632d76966a4c36b373021fa2dac8d0 f3b2c4eeb3ee4a1b93fb1c15ccb58fd0 - - default default] Successfully bumped revision number for resource 6bcd6533-94ca-4e52-928d-e4e145d0d58f (type: security_group_rules) to 0
2026-05-07 04:36:48.729 10 INFO neutron.api.wsgi [None req-433e93a8-7baa-48e2-81f6-ceefd24ef1ce ce632d76966a4c36b373021fa2dac8d0 f3b2c4eeb3ee4a1b93fb1c15ccb58fd0 - - default default] 10.0.0.58 "GET /v2.0/security-groups?tenant_id=8f01b84a1a494ec4b0917ed6494212a5&name=default HTTP/1.1" status: 200 len: 3120 time: 0.3217061
2026-05-07 04:36:48.873 9 INFO neutron.api.wsgi [req-2de174fa-575c-4011-a987-6a94c0657940 req-91adcc1e-2f7a-42b4-bff0-63778625db04 780c2b5add4b42fda70470ab98e07191 20b48a8e5d05402a899ceb92d5d0f946 - - default default] 10.0.0.7 "GET /v2.0/ports?device_id=b3a1bc45-c7bc-422f-bc5d-d1b9ba386199 HTTP/1.1" status: 200 len: 1172 time: 0.0728557
2026-05-07 04:36:48.878 10 INFO neutron.db.ovn_revision_numbers_db [req-ff76598e-6a50-401c-8906-1a3d1cbdc020 req-506c8244-6ccf-4c1b-8c2d-c9788c1dadc5 b9d9def71d194032a4ed1e1ec88523b9 d2c7cb5775e94dffa99d4e5e41325356 - - b74b1b31a6064d86ba7664f2a626d740 b74b1b31a6064d86ba7664f2a626d740] Successfully bumped revision number for resource 01774a9b-36aa-4d31-8405-1d67292c5c73 (type: ports) to 4
2026-05-07 04:36:48.899 10 INFO neutron.api.wsgi [req-ff76598e-6a50-401c-8906-1a3d1cbdc020 req-506c8244-6ccf-4c1b-8c2d-c9788c1dadc5 b9d9def71d194032a4ed1e1ec88523b9 d2c7cb5775e94dffa99d4e5e41325356 - - b74b1b31a6064d86ba7664f2a626d740 b74b1b31a6064d86ba7664f2a626d740] 199.19.213.105 "PUT /v2.0/ports/01774a9b-36aa-4d31-8405-1d67292c5c73 HTTP/1.1" status: 200 len: 1408 time: 0.7314551
2026-05-07 04:36:48.924 9 INFO neutron.api.wsgi [req-2de174fa-575c-4011-a987-6a94c0657940 req-7c3febd7-b814-4c67-b9c4-a4b59cbd81b4 780c2b5add4b42fda70470ab98e07191 20b48a8e5d05402a899ceb92d5d0f946 - - default default] 10.0.0.7 "GET /v2.0/security-groups?id=626c8b24-ceec-4e55-9d19-67c982178315&fields=id&fields=name HTTP/1.1" status: 200 len: 313 time: 0.0440671
2026-05-07 04:36:48.940 10 INFO neutron.notifiers.nova [-] Nova event matching ['req-f733af12-1c34-4713-a999-5125d4b148ca'] response: {'name': 'network-changed', 'server_uuid': 'b3a1bc45-c7bc-422f-bc5d-d1b9ba386199', 'tag': '01774a9b-36aa-4d31-8405-1d67292c5c73', 'status': 'completed', 'code': 200}
2026-05-07 04:36:48.966 9 INFO neutron.api.wsgi [None req-b519f943-5ecd-4ff4-b61b-32615a4976e2 ce632d76966a4c36b373021fa2dac8d0 f3b2c4eeb3ee4a1b93fb1c15ccb58fd0 - - default default] 10.0.0.58 "DELETE /v2.0/security-groups/ea75a70d-9b14-433c-9abc-b4cf0862306a HTTP/1.1" status: 204 len: 168 time: 0.2309945
2026-05-07 04:36:49.036 10 INFO neutron.db.ovn_revision_numbers_db [None req-9190eab4-9135-48c9-92bc-a90cf073efe6 - - - - - -] Successfully bumped revision number for resource 6ea7b8f0-1df5-4c73-b678-918857070392 (type: ports) to 2
2026-05-07 04:36:49.063 10 INFO neutron.db.ovn_revision_numbers_db [None req-9190eab4-9135-48c9-92bc-a90cf073efe6 - - - - - -] Successfully bumped revision number for resource b4e3628b-4131-444c-9bca-524527f72f5b (type: subnets) to 0
2026-05-07 04:36:49.077 10 INFO neutron.api.wsgi [None req-9c06a412-e75a-44d8-ad9b-05e0cfc33427 6f65be8e5f3940d3b2779c973dc985fc 9f949a48c6584d96aeb8caf45e5cb22e - - default default] 10.0.0.58 "POST /v2.0/subnets HTTP/1.1" status: 201 len: 825 time: 0.7789505 /var/lib/openstack/lib/python3.12/site-packages/pycadf/identifier.py:71: UserWarning: Invalid uuid: neutron. To ensure interoperability, identifiers should be a valid uuid. warnings.warn(('Invalid uuid: %s. To ensure interoperability, '
2026-05-07 04:36:49.088 10 WARNING neutron_lib.context [None req-77b1964e-f992-4a51-9c5f-bf37ad383ba4 6f65be8e5f3940d3b2779c973dc985fc 9f949a48c6584d96aeb8caf45e5cb22e - - default default] Method 'is_advsvc' is deprecated since 2023.2 release (neutron-lib 3.8.0) and will be removed once support for the old RBAC API policies will be removed from Neutron. Please use method 'is_service_role' instead.
2026-05-07 04:36:49.276 10 WARNING neutron.scheduler.dhcp_agent_scheduler [None req-77b1964e-f992-4a51-9c5f-bf37ad383ba4 6f65be8e5f3940d3b2779c973dc985fc 9f949a48c6584d96aeb8caf45e5cb22e - - default default] No more DHCP agents
2026-05-07 04:36:49.277 10 WARNING neutron.api.rpc.agentnotifiers.dhcp_rpc_agent_api [None req-77b1964e-f992-4a51-9c5f-bf37ad383ba4 6f65be8e5f3940d3b2779c973dc985fc 9f949a48c6584d96aeb8caf45e5cb22e - - default default] Unable to schedule network 65461dd7-b050-4ff5-bf89-51873dec11cc: no agents available; will retry on subsequent port and subnet creation events.
2026-05-07 04:36:49.486 10 INFO neutron.api.wsgi [req-5ec1a47c-28d0-4182-8bcc-da2852672923 req-5765d611-70fd-4b25-ace3-48be65742541 b9d9def71d194032a4ed1e1ec88523b9 d2c7cb5775e94dffa99d4e5e41325356 - - b74b1b31a6064d86ba7664f2a626d740 b74b1b31a6064d86ba7664f2a626d740] 199.19.213.105 "GET /v2.0/ports?tenant_id=20b48a8e5d05402a899ceb92d5d0f946&device_id=b3a1bc45-c7bc-422f-bc5d-d1b9ba386199 HTTP/1.1" status: 200 len: 1411 time: 0.0297050
2026-05-07 04:36:49.529 10 INFO neutron.api.wsgi [req-5ec1a47c-28d0-4182-8bcc-da2852672923 req-78ab3b6d-49a0-4f4e-8ef3-aaf94c77b766 b9d9def71d194032a4ed1e1ec88523b9 d2c7cb5775e94dffa99d4e5e41325356 - - b74b1b31a6064d86ba7664f2a626d740 b74b1b31a6064d86ba7664f2a626d740] 199.19.213.105 "GET /v2.0/networks?tenant_id=20b48a8e5d05402a899ceb92d5d0f946&shared=False HTTP/1.1" status: 200 len: 973 time: 0.0392504
2026-05-07 04:36:49.573 10 INFO neutron.api.wsgi [req-5ec1a47c-28d0-4182-8bcc-da2852672923 req-4a060ca0-49a8-4fdd-a167-a0dff36012d2 b9d9def71d194032a4ed1e1ec88523b9 d2c7cb5775e94dffa99d4e5e41325356 - - b74b1b31a6064d86ba7664f2a626d740 b74b1b31a6064d86ba7664f2a626d740] 199.19.213.105 "GET /v2.0/networks?shared=True HTTP/1.1" status: 200 len: 952 time: 0.0415909
2026-05-07 04:36:49.700 10 INFO neutron.db.ovn_revision_numbers_db [None req-ef8eadd7-52a6-44bc-9793-b8f9fd514b70 - - - - - -] Successfully bumped revision number for resource 24f03a18-a5af-4f95-b769-00f4ba2233af (type: ports) to 2
2026-05-07 04:36:49.730 10 INFO neutron.db.ovn_revision_numbers_db [None req-ef8eadd7-52a6-44bc-9793-b8f9fd514b70 - - - - - -] Successfully bumped revision number for resource 40047324-3923-4854-b992-a58b024dc79c (type: subnets) to 0
2026-05-07 04:36:49.745 10 INFO neutron.api.wsgi [None req-77b1964e-f992-4a51-9c5f-bf37ad383ba4 6f65be8e5f3940d3b2779c973dc985fc 9f949a48c6584d96aeb8caf45e5cb22e - - default default] 10.0.0.58 "POST /v2.0/subnets HTTP/1.1" status: 201 len: 825 time: 0.6607537
2026-05-07 04:36:49.755 10 WARNING neutron_lib.context [None req-d8398264-a067-4858-b35e-658bb9a701b2 6f65be8e5f3940d3b2779c973dc985fc 9f949a48c6584d96aeb8caf45e5cb22e - - default default] Method 'is_advsvc' is deprecated since 2023.2 release (neutron-lib 3.8.0) and will be removed once support for the old RBAC API policies will be removed from Neutron. Please use method 'is_service_role' instead.
2026-05-07 04:36:49.845 10 INFO neutron.db.ovn_revision_numbers_db [None req-d8398264-a067-4858-b35e-658bb9a701b2 6f65be8e5f3940d3b2779c973dc985fc 9f949a48c6584d96aeb8caf45e5cb22e - - default default] Successfully bumped revision number for resource f7885619-2614-4a9c-aba8-c2c95736504c (type: routers) to 1
2026-05-07 04:36:49.859 10 INFO neutron.api.wsgi [None req-d8398264-a067-4858-b35e-658bb9a701b2 6f65be8e5f3940d3b2779c973dc985fc 9f949a48c6584d96aeb8caf45e5cb22e - - default default] 10.0.0.58 "POST /v2.0/routers HTTP/1.1" status: 201 len: 802 time: 0.1077812
2026-05-07 04:36:50.028 9 INFO neutron.api.wsgi [req-81375a26-5bd7-4eba-9693-08f7f7b541be req-65036136-31d9-4595-96a9-9d6ef6521e42 780c2b5add4b42fda70470ab98e07191 20b48a8e5d05402a899ceb92d5d0f946 - - default default] 10.0.0.7 "GET /v2.0/ports?device_id=b3a1bc45-c7bc-422f-bc5d-d1b9ba386199 HTTP/1.1" status: 200 len: 1172 time: 0.0358069
2026-05-07 04:36:50.064 9 INFO neutron.api.wsgi [req-81375a26-5bd7-4eba-9693-08f7f7b541be req-4617dbdd-ff4b-4ffa-90a2-16854f675f97 780c2b5add4b42fda70470ab98e07191 20b48a8e5d05402a899ceb92d5d0f946 - - default default] 10.0.0.7 "GET /v2.0/security-groups?id=626c8b24-ceec-4e55-9d19-67c982178315&fields=id&fields=name HTTP/1.1" status: 200 len: 313 time: 0.0289135
2026-05-07 04:36:50.175 10 WARNING neutron.scheduler.dhcp_agent_scheduler [None req-20059aa1-994a-4b13-a200-a44a453628db 6f65be8e5f3940d3b2779c973dc985fc 9f949a48c6584d96aeb8caf45e5cb22e - - default default] No more DHCP agents
2026-05-07 04:36:50.176 10 WARNING neutron.api.rpc.agentnotifiers.dhcp_rpc_agent_api [None req-20059aa1-994a-4b13-a200-a44a453628db 6f65be8e5f3940d3b2779c973dc985fc 9f949a48c6584d96aeb8caf45e5cb22e - - default default] Unable to schedule network 647a66fd-9a01-4730-a0dc-3cee1021fb40: no agents available; will retry on subsequent port and subnet creation events.
2026-05-07 04:36:50.294 10 INFO neutron.db.ovn_revision_numbers_db [None req-20059aa1-994a-4b13-a200-a44a453628db 6f65be8e5f3940d3b2779c973dc985fc 9f949a48c6584d96aeb8caf45e5cb22e - - default default] Successfully bumped revision number for resource c63eb05c-31e9-4837-b8c7-665db55a314d (type: ports) to 1
2026-05-07 04:36:50.727 10 INFO neutron.api.wsgi [req-ff76598e-6a50-401c-8906-1a3d1cbdc020 req-bda91df4-5155-454c-b570-d2761c3c49f0 b9d9def71d194032a4ed1e1ec88523b9 d2c7cb5775e94dffa99d4e5e41325356 - - b74b1b31a6064d86ba7664f2a626d740 b74b1b31a6064d86ba7664f2a626d740] 199.19.213.105 "GET /v2.0/ports?tenant_id=20b48a8e5d05402a899ceb92d5d0f946&device_id=b3a1bc45-c7bc-422f-bc5d-d1b9ba386199 HTTP/1.1" status: 200 len: 1411 time: 0.0307436
2026-05-07 04:36:50.751 10 INFO neutron.api.wsgi [req-ff76598e-6a50-401c-8906-1a3d1cbdc020 req-1686c184-2bd4-46d4-9dbe-7aab130ad5c3 b9d9def71d194032a4ed1e1ec88523b9 d2c7cb5775e94dffa99d4e5e41325356 - - b74b1b31a6064d86ba7664f2a626d740 b74b1b31a6064d86ba7664f2a626d740] 199.19.213.105 "GET /v2.0/floatingips?fixed_ip_address=10.100.0.10&port_id=01774a9b-36aa-4d31-8405-1d67292c5c73 HTTP/1.1" status: 200 len: 217 time: 0.0167227
2026-05-07 04:36:50.796 10 INFO neutron.api.wsgi [req-ff76598e-6a50-401c-8906-1a3d1cbdc020 req-91dfabfb-4524-4f6a-9b82-180f266b389a b9d9def71d194032a4ed1e1ec88523b9 d2c7cb5775e94dffa99d4e5e41325356 - - b74b1b31a6064d86ba7664f2a626d740 b74b1b31a6064d86ba7664f2a626d740] 199.19.213.105 "GET /v2.0/subnets?id=85a9d80d-0220-4120-9fd5-609b5fcbb52d HTTP/1.1" status: 200 len: 893 time: 0.0388072
2026-05-07 04:36:50.818 10 INFO neutron.api.wsgi [req-ff76598e-6a50-401c-8906-1a3d1cbdc020 req-9da05b10-4379-405b-846e-0e1992e5c5a2 b9d9def71d194032a4ed1e1ec88523b9 d2c7cb5775e94dffa99d4e5e41325356 - - b74b1b31a6064d86ba7664f2a626d740 b74b1b31a6064d86ba7664f2a626d740] 199.19.213.105 "GET /v2.0/ports?network_id=364f1d59-a31e-4789-92fc-d23e7ddcbe07&device_owner=network%3Adhcp HTTP/1.1" status: 200 len: 210 time: 0.0156796
2026-05-07 04:36:50.867 10 INFO neutron.api.wsgi [req-ff76598e-6a50-401c-8906-1a3d1cbdc020 req-140103d8-5191-466b-a5fd-bc78b0bce6af b9d9def71d194032a4ed1e1ec88523b9 d2c7cb5775e94dffa99d4e5e41325356 - - b74b1b31a6064d86ba7664f2a626d740 b74b1b31a6064d86ba7664f2a626d740] 199.19.213.105 "GET /v2.0/networks/364f1d59-a31e-4789-92fc-d23e7ddcbe07?fields=segments HTTP/1.1" status: 200 len: 212 time: 0.0425546
2026-05-07 04:36:50.916 10 INFO neutron.api.wsgi [req-ff76598e-6a50-401c-8906-1a3d1cbdc020 req-44ef0d87-7be2-4334-9101-52a32024d4e7 b9d9def71d194032a4ed1e1ec88523b9 d2c7cb5775e94dffa99d4e5e41325356 - - b74b1b31a6064d86ba7664f2a626d740 b74b1b31a6064d86ba7664f2a626d740] 199.19.213.105 "GET /v2.0/networks/364f1d59-a31e-4789-92fc-d23e7ddcbe07?fields=provider%3Aphysical_network&fields=provider%3Anetwork_type HTTP/1.1" status: 200 len: 277 time: 0.0446053
2026-05-07 04:36:50.986 10 INFO neutron.plugins.ml2.drivers.ovn.mech_driver.mech_driver [None req-bbe47982-32c1-486d-a6d1-d2c118ad55fa - - - - - -] OVN reports status up for port: c63eb05c-31e9-4837-b8c7-665db55a314d
2026-05-07 04:36:50.996 10 INFO neutron.plugins.ml2.plugin [None req-bbe47982-32c1-486d-a6d1-d2c118ad55fa - - - - - -] Attempt 1 to provision port c63eb05c-31e9-4837-b8c7-665db55a314d
2026-05-07 04:36:51.006 10 INFO neutron.db.ovn_revision_numbers_db [None req-20059aa1-994a-4b13-a200-a44a453628db 6f65be8e5f3940d3b2779c973dc985fc 9f949a48c6584d96aeb8caf45e5cb22e - - default default] Successfully bumped revision number for resource c63eb05c-31e9-4837-b8c7-665db55a314d (type: ports) to 1
2026-05-07 04:36:51.064 10 WARNING neutron.scheduler.dhcp_agent_scheduler [None req-20059aa1-994a-4b13-a200-a44a453628db 6f65be8e5f3940d3b2779c973dc985fc 9f949a48c6584d96aeb8caf45e5cb22e - - default default] No more DHCP agents
2026-05-07 04:36:51.066 10 WARNING neutron.api.rpc.agentnotifiers.dhcp_rpc_agent_api [None req-20059aa1-994a-4b13-a200-a44a453628db 6f65be8e5f3940d3b2779c973dc985fc 9f949a48c6584d96aeb8caf45e5cb22e - - default default] Unable to schedule network 647a66fd-9a01-4730-a0dc-3cee1021fb40: no agents available; will retry on subsequent port and subnet creation events.
2026-05-07 04:36:51.173 9 INFO neutron.api.wsgi [req-6f98159c-7eff-44a6-9f89-9521e21344dc req-55a4e735-20d9-40e2-8c04-1d7b88a3a9df 780c2b5add4b42fda70470ab98e07191 20b48a8e5d05402a899ceb92d5d0f946 - - default default] 10.0.0.7 "GET /v2.0/ports?device_id=b3a1bc45-c7bc-422f-bc5d-d1b9ba386199 HTTP/1.1" status: 200 len: 1172 time: 0.0464275
2026-05-07 04:36:51.214 9 INFO neutron.api.wsgi [req-6f98159c-7eff-44a6-9f89-9521e21344dc req-84921cc9-e55b-475c-b59f-2e655641ad31 780c2b5add4b42fda70470ab98e07191 20b48a8e5d05402a899ceb92d5d0f946 - - default default] 10.0.0.7 "GET /v2.0/security-groups?id=626c8b24-ceec-4e55-9d19-67c982178315&fields=id&fields=name HTTP/1.1" status: 200 len: 313 time: 0.0358448
2026-05-07 04:36:51.321 10 INFO neutron.db.ovn_revision_numbers_db [None req-20059aa1-994a-4b13-a200-a44a453628db 6f65be8e5f3940d3b2779c973dc985fc 9f949a48c6584d96aeb8caf45e5cb22e - - default default] Successfully bumped revision number for resource c63eb05c-31e9-4837-b8c7-665db55a314d (type: router_ports) to 1
2026-05-07 04:36:51.326 10 INFO neutron.api.wsgi [None req-20059aa1-994a-4b13-a200-a44a453628db 6f65be8e5f3940d3b2779c973dc985fc 9f949a48c6584d96aeb8caf45e5cb22e - - default default] 10.0.0.58 "PUT /v2.0/routers/f7885619-2614-4a9c-aba8-c2c95736504c/add_router_interface HTTP/1.1" status: 200 len: 503 time: 1.4602852
2026-05-07 04:36:51.419 9 INFO neutron.api.wsgi [None req-1b24f1d9-bd14-4aae-a9a1-7fb3b6edb8e8 6f65be8e5f3940d3b2779c973dc985fc 9f949a48c6584d96aeb8caf45e5cb22e - - default default] 10.0.0.58 "GET /v2.0/ports/c63eb05c-31e9-4837-b8c7-665db55a314d HTTP/1.1" status: 200 len: 1137 time: 0.0868940
2026-05-07 04:36:51.452 10 INFO neutron.db.ovn_revision_numbers_db [None req-4867952e-e743-4d9b-a154-c1ff64dd6347 ce632d76966a4c36b373021fa2dac8d0 f3b2c4eeb3ee4a1b93fb1c15ccb58fd0 - - default default] Successfully bumped revision number for resource 2bfa5003-dd8e-480c-a0bf-88f79bfebbe8 (type: security_groups) to 1
2026-05-07 04:36:51.454 10 INFO neutron.db.ovn_revision_numbers_db [None req-bbe47982-32c1-486d-a6d1-d2c118ad55fa - - - - - -] Successfully bumped revision number for resource c63eb05c-31e9-4837-b8c7-665db55a314d (type: ports) to 2
2026-05-07 04:36:51.471 10 INFO neutron.db.ovn_revision_numbers_db [None req-4867952e-e743-4d9b-a154-c1ff64dd6347 ce632d76966a4c36b373021fa2dac8d0 f3b2c4eeb3ee4a1b93fb1c15ccb58fd0 - - default default] Successfully bumped revision number for resource 08be73ce-ad4f-4458-9ca2-0ee7b4960cf2 (type: security_group_rules) to 0
2026-05-07 04:36:51.486 10 INFO neutron.db.ovn_revision_numbers_db [None req-4867952e-e743-4d9b-a154-c1ff64dd6347 ce632d76966a4c36b373021fa2dac8d0 f3b2c4eeb3ee4a1b93fb1c15ccb58fd0 - - default default] Successfully bumped revision number for resource 500fc48b-6035-454e-8928-5b098396ea7b (type: security_group_rules) to 0
2026-05-07 04:36:51.499 10 INFO neutron.db.ovn_revision_numbers_db [None req-4867952e-e743-4d9b-a154-c1ff64dd6347 ce632d76966a4c36b373021fa2dac8d0 f3b2c4eeb3ee4a1b93fb1c15ccb58fd0 - - default default] Successfully bumped revision number for resource 719cdda1-f7be-4f96-a44b-e0c36909ba34 (type: security_group_rules) to 0
2026-05-07 04:36:51.511 10 INFO neutron.db.ovn_revision_numbers_db [None req-4867952e-e743-4d9b-a154-c1ff64dd6347 ce632d76966a4c36b373021fa2dac8d0 f3b2c4eeb3ee4a1b93fb1c15ccb58fd0 - - default default] Successfully bumped revision number for resource ef377590-59d1-4210-87b2-6eda87d54763 (type: security_group_rules) to 0
2026-05-07 04:36:51.549 10 INFO neutron.api.wsgi [None req-4867952e-e743-4d9b-a154-c1ff64dd6347 ce632d76966a4c36b373021fa2dac8d0 f3b2c4eeb3ee4a1b93fb1c15ccb58fd0 - - default default] 10.0.0.58 "GET /v2.0/security-groups?tenant_id=eef2e90a35ad4709b75d4bd451090b4b&name=default HTTP/1.1" status: 200 len: 3120 time: 0.3733323
2026-05-07 04:36:51.860 9 INFO neutron.api.wsgi [None req-50bfbfa6-dc46-430f-b94c-99f0afdaecd7 ce632d76966a4c36b373021fa2dac8d0 f3b2c4eeb3ee4a1b93fb1c15ccb58fd0 - - default default] 10.0.0.58 "DELETE /v2.0/security-groups/2bfa5003-dd8e-480c-a0bf-88f79bfebbe8 HTTP/1.1" status: 204 len: 168 time: 0.3061619
2026-05-07 04:36:51.924 9 WARNING neutron.scheduler.dhcp_agent_scheduler [None req-3a808ee1-407d-41ce-8a95-80c2d36d38e3 6f65be8e5f3940d3b2779c973dc985fc 9f949a48c6584d96aeb8caf45e5cb22e - - default default] No more DHCP agents
2026-05-07 04:36:51.925 9 WARNING neutron.api.rpc.agentnotifiers.dhcp_rpc_agent_api [None req-3a808ee1-407d-41ce-8a95-80c2d36d38e3 6f65be8e5f3940d3b2779c973dc985fc 9f949a48c6584d96aeb8caf45e5cb22e - - default default] Unable to schedule network 65461dd7-b050-4ff5-bf89-51873dec11cc: no agents available; will retry on subsequent port and subnet creation events.
2026-05-07 04:36:52.043 9 INFO neutron.db.ovn_revision_numbers_db [None req-3a808ee1-407d-41ce-8a95-80c2d36d38e3 6f65be8e5f3940d3b2779c973dc985fc 9f949a48c6584d96aeb8caf45e5cb22e - - default default] Successfully bumped revision number for resource c628cc80-5341-4599-aefb-1b6ef364ef0b (type: ports) to 1
2026-05-07 04:36:52.324 9 INFO neutron.api.wsgi [req-40e3f3c2-5523-4ede-8d35-6c7e31a41dff req-1829824a-5729-4947-9bfe-780ce25797e7 780c2b5add4b42fda70470ab98e07191 20b48a8e5d05402a899ceb92d5d0f946 - - default default] 10.0.0.7 "GET /v2.0/ports?device_id=b3a1bc45-c7bc-422f-bc5d-d1b9ba386199 HTTP/1.1" status: 200 len: 1172 time: 0.0494971
2026-05-07 04:36:52.373 9 INFO neutron.api.wsgi [req-40e3f3c2-5523-4ede-8d35-6c7e31a41dff req-7ab36cc1-ed79-4f85-9bc8-9fcf5854d13c 780c2b5add4b42fda70470ab98e07191 20b48a8e5d05402a899ceb92d5d0f946 - - default default] 10.0.0.7 "GET /v2.0/security-groups?id=626c8b24-ceec-4e55-9d19-67c982178315&fields=id&fields=name HTTP/1.1" status: 200 len: 313 time: 0.0417840
2026-05-07 04:36:52.550 9 INFO neutron.db.ovn_revision_numbers_db [None req-fe88ae43-622b-4399-9979-be06c0e3460c ce632d76966a4c36b373021fa2dac8d0 f3b2c4eeb3ee4a1b93fb1c15ccb58fd0 - - default default] Successfully bumped revision number for resource ee2ca799-d17f-4946-a719-20e63cb6f070 (type: security_groups) to 1
2026-05-07 04:36:52.569 9 INFO neutron.db.ovn_revision_numbers_db [None req-fe88ae43-622b-4399-9979-be06c0e3460c ce632d76966a4c36b373021fa2dac8d0 f3b2c4eeb3ee4a1b93fb1c15ccb58fd0 - - default default] Successfully bumped revision number for resource 350f201d-32ea-422c-9c58-7f4f16f61080 (type: security_group_rules) to 0
2026-05-07 04:36:52.593 9 INFO neutron.db.ovn_revision_numbers_db [None req-fe88ae43-622b-4399-9979-be06c0e3460c ce632d76966a4c36b373021fa2dac8d0 f3b2c4eeb3ee4a1b93fb1c15ccb58fd0 - - default default] Successfully bumped revision number for resource ae659e3e-1e31-4fb8-8da2-8d1310594530 (type: security_group_rules) to 0
2026-05-07 04:36:52.611 9 INFO neutron.db.ovn_revision_numbers_db [None req-fe88ae43-622b-4399-9979-be06c0e3460c ce632d76966a4c36b373021fa2dac8d0 f3b2c4eeb3ee4a1b93fb1c15ccb58fd0 - - default default] Successfully bumped revision number for resource d778328d-0cc8-4b2c-a5b1-c051098b1ee1 (type: security_group_rules) to 0
2026-05-07 04:36:52.623 9 INFO neutron.db.ovn_revision_numbers_db [None req-fe88ae43-622b-4399-9979-be06c0e3460c ce632d76966a4c36b373021fa2dac8d0 f3b2c4eeb3ee4a1b93fb1c15ccb58fd0 - - default default] Successfully bumped revision number for resource e6cab903-b166-45e8-b418-5ec6d4206dfd (type: security_group_rules) to 0
2026-05-07 04:36:52.673 9 INFO neutron.api.wsgi [None req-fe88ae43-622b-4399-9979-be06c0e3460c ce632d76966a4c36b373021fa2dac8d0 f3b2c4eeb3ee4a1b93fb1c15ccb58fd0 - - default default] 10.0.0.58 "GET /v2.0/security-groups?tenant_id=ad28ff6b2b894601bdf6c495c1db3c19&name=default HTTP/1.1" status: 200 len: 3120 time: 0.3863599
2026-05-07 04:36:52.681 9 INFO neutron.plugins.ml2.drivers.ovn.mech_driver.mech_driver [None req-312ae877-7043-4c72-b7cc-efabd72d173c - - - - - -] OVN reports status up for port: c628cc80-5341-4599-aefb-1b6ef364ef0b
2026-05-07 04:36:52.696 9 INFO neutron.plugins.ml2.plugin [None req-312ae877-7043-4c72-b7cc-efabd72d173c - - - - - -] Attempt 1 to provision port c628cc80-5341-4599-aefb-1b6ef364ef0b
2026-05-07 04:36:52.716 9 INFO neutron.db.ovn_revision_numbers_db [None req-3a808ee1-407d-41ce-8a95-80c2d36d38e3 6f65be8e5f3940d3b2779c973dc985fc 9f949a48c6584d96aeb8caf45e5cb22e - - default default] Successfully bumped revision number for resource c628cc80-5341-4599-aefb-1b6ef364ef0b (type: ports) to 1
