2026-05-07 04:36:38.673 9 WARNING neutron_lib.context [None req-0f2584f8-dc8a-4d26-a1d1-3861b110d2aa 77048e3b0ca745ae93f264a255970356 23bd1c804d09467d8748e324cdfaeee3 - - default default] Method 'is_advsvc' is deprecated since 2023.2 release (neutron-lib 3.8.0) and will be removed once support for the old RBAC API policies will be removed from Neutron. Please use method 'is_service_role' instead.
2026-05-07 04:36:38.696 9 INFO neutron.api.wsgi [None req-20882f7f-29aa-4d08-af20-f81e1dfdcebd ce632d76966a4c36b373021fa2dac8d0 f3b2c4eeb3ee4a1b93fb1c15ccb58fd0 - - default default] 10.0.0.58 "DELETE /v2.0/security-groups/bb2775af-6ffd-4be1-acfc-e09e4e83625f HTTP/1.1" status: 204 len: 168 time: 0.2266986
2026-05-07 04:36:38.718 10 INFO neutron.plugins.ml2.drivers.ovn.mech_driver.ovsdb.commands [None req-c1a45c71-4d71-42eb-a778-313e7514bd34 - - - - - -] Schedule LRP lrp-772bb388-3dc1-463e-bf8a-c989f1396374 on gateway 915079cd-9092-498e-85d0-4a41130fc0c4 with priority 1
2026-05-07 04:36:38.730 10 INFO neutron.plugins.ml2.drivers.ovn.mech_driver.mech_driver [None req-ec8d722b-883f-403a-a66c-59f088e281b5 - - - - - -] OVN reports status up for port: 772bb388-3dc1-463e-bf8a-c989f1396374
2026-05-07 04:36:38.747 10 INFO neutron.plugins.ml2.drivers.ovn.mech_driver.ovsdb.ovsdb_monitor [None req-3a0c5482-4ec5-4eb1-aa97-8132763217ff - - - - - -] Router 79ca9e28-5482-44c8-bf3a-8b1905c27f5e is bound to host instance
2026-05-07 04:36:38.758 10 INFO neutron.plugins.ml2.plugin [None req-ec8d722b-883f-403a-a66c-59f088e281b5 - - - - - -] Attempt 1 to provision port 772bb388-3dc1-463e-bf8a-c989f1396374
2026-05-07 04:36:38.770 9 INFO neutron.db.segments_db [None req-0f2584f8-dc8a-4d26-a1d1-3861b110d2aa 77048e3b0ca745ae93f264a255970356 23bd1c804d09467d8748e324cdfaeee3 - - default default] Added segment c4b55c99-17b1-48a0-bee4-421331c746ec of type geneve for network 3e969e9b-3ccf-4de1-8baa-3a1139165dd9
2026-05-07 04:36:38.771 10 INFO neutron.db.ovn_revision_numbers_db [None req-d68fd623-0d5c-46d2-9762-0d02fc70437d ce632d76966a4c36b373021fa2dac8d0 f3b2c4eeb3ee4a1b93fb1c15ccb58fd0 - - default default] Successfully bumped revision number for resource 772bb388-3dc1-463e-bf8a-c989f1396374 (type: router_ports) to 1
2026-05-07 04:36:38.858 10 INFO neutron.db.ovn_revision_numbers_db [None req-d68fd623-0d5c-46d2-9762-0d02fc70437d ce632d76966a4c36b373021fa2dac8d0 f3b2c4eeb3ee4a1b93fb1c15ccb58fd0 - - default default] Successfully bumped revision number for resource 79ca9e28-5482-44c8-bf3a-8b1905c27f5e (type: routers) to 2
2026-05-07 04:36:38.878 10 INFO neutron.api.wsgi [None req-d68fd623-0d5c-46d2-9762-0d02fc70437d ce632d76966a4c36b373021fa2dac8d0 f3b2c4eeb3ee4a1b93fb1c15ccb58fd0 - - default default] 10.0.0.58 "POST /v2.0/routers HTTP/1.1" status: 201 len: 1168 time: 1.1239812
2026-05-07 04:36:38.880 9 INFO neutron.db.ovn_revision_numbers_db [None req-0f2584f8-dc8a-4d26-a1d1-3861b110d2aa 77048e3b0ca745ae93f264a255970356 23bd1c804d09467d8748e324cdfaeee3 - - default default] Successfully bumped revision number for resource 3e969e9b-3ccf-4de1-8baa-3a1139165dd9 (type: networks) to 1
2026-05-07 04:36:39.029 9 WARNING neutron.scheduler.dhcp_agent_scheduler [None req-0f2584f8-dc8a-4d26-a1d1-3861b110d2aa 77048e3b0ca745ae93f264a255970356 23bd1c804d09467d8748e324cdfaeee3 - - default default] No more DHCP agents
2026-05-07 04:36:39.033 9 WARNING neutron.api.rpc.agentnotifiers.dhcp_rpc_agent_api [None req-0f2584f8-dc8a-4d26-a1d1-3861b110d2aa 77048e3b0ca745ae93f264a255970356 23bd1c804d09467d8748e324cdfaeee3 - - default default] Unable to schedule network 3e969e9b-3ccf-4de1-8baa-3a1139165dd9: no agents available; will retry on subsequent port and subnet creation events.
2026-05-07 04:36:39.093 9 INFO neutron.db.ovn_revision_numbers_db [None req-0f2584f8-dc8a-4d26-a1d1-3861b110d2aa 77048e3b0ca745ae93f264a255970356 23bd1c804d09467d8748e324cdfaeee3 - - default default] Successfully bumped revision number for resource 33d41776-6f0f-4b28-8d58-45bab71082f8 (type: ports) to 1
2026-05-07 04:36:39.116 9 INFO neutron.api.wsgi [None req-0f2584f8-dc8a-4d26-a1d1-3861b110d2aa 77048e3b0ca745ae93f264a255970356 23bd1c804d09467d8748e324cdfaeee3 - - default default] 10.0.0.58 "POST /v2.0/networks HTTP/1.1" status: 201 len: 852 time: 0.4463468
2026-05-07 04:36:39.126 9 WARNING neutron_lib.context [None req-c70f3705-b7f0-4d3d-947d-0300aad67185 77048e3b0ca745ae93f264a255970356 23bd1c804d09467d8748e324cdfaeee3 - - default default] Method 'is_advsvc' is deprecated since 2023.2 release (neutron-lib 3.8.0) and will be removed once support for the old RBAC API policies will be removed from Neutron. Please use method 'is_service_role' instead.
2026-05-07 04:36:39.206 9 INFO neutron.db.segments_db [None req-c70f3705-b7f0-4d3d-947d-0300aad67185 77048e3b0ca745ae93f264a255970356 23bd1c804d09467d8748e324cdfaeee3 - - default default] Added segment afc78345-0ba3-46b0-b56f-3a1112ed96b4 of type geneve for network f2dc6023-a4eb-4b69-9935-fd7e7bdd8519
2026-05-07 04:36:39.251 10 INFO neutron.db.ovn_revision_numbers_db [None req-a72a4d34-49c1-4171-b928-dd384372a045 - - - - - -] Successfully bumped revision number for resource 772bb388-3dc1-463e-bf8a-c989f1396374 (type: ports) to 1
2026-05-07 04:36:39.314 9 INFO neutron.db.ovn_revision_numbers_db [None req-c70f3705-b7f0-4d3d-947d-0300aad67185 77048e3b0ca745ae93f264a255970356 23bd1c804d09467d8748e324cdfaeee3 - - default default] Successfully bumped revision number for resource f2dc6023-a4eb-4b69-9935-fd7e7bdd8519 (type: networks) to 1
2026-05-07 04:36:39.469 9 WARNING neutron.scheduler.dhcp_agent_scheduler [None req-c70f3705-b7f0-4d3d-947d-0300aad67185 77048e3b0ca745ae93f264a255970356 23bd1c804d09467d8748e324cdfaeee3 - - default default] No more DHCP agents
2026-05-07 04:36:39.470 9 WARNING neutron.api.rpc.agentnotifiers.dhcp_rpc_agent_api [None req-c70f3705-b7f0-4d3d-947d-0300aad67185 77048e3b0ca745ae93f264a255970356 23bd1c804d09467d8748e324cdfaeee3 - - default default] Unable to schedule network f2dc6023-a4eb-4b69-9935-fd7e7bdd8519: no agents available; will retry on subsequent port and subnet creation events.
2026-05-07 04:36:39.524 9 INFO neutron.db.ovn_revision_numbers_db [None req-c70f3705-b7f0-4d3d-947d-0300aad67185 77048e3b0ca745ae93f264a255970356 23bd1c804d09467d8748e324cdfaeee3 - - default default] Successfully bumped revision number for resource 76d59feb-0240-419d-88b4-a848c6595c46 (type: ports) to 1
2026-05-07 04:36:39.555 9 INFO neutron.api.wsgi [None req-c70f3705-b7f0-4d3d-947d-0300aad67185 77048e3b0ca745ae93f264a255970356 23bd1c804d09467d8748e324cdfaeee3 - - default default] 10.0.0.58 "POST /v2.0/networks HTTP/1.1" status: 201 len: 852 time: 0.4331048
2026-05-07 04:36:39.563 10 WARNING neutron.scheduler.dhcp_agent_scheduler [None req-977ee744-fc88-4e84-b81e-f1f59dc2ca3d ce632d76966a4c36b373021fa2dac8d0 f3b2c4eeb3ee4a1b93fb1c15ccb58fd0 - - default default] No more DHCP agents
2026-05-07 04:36:39.565 10 WARNING neutron.api.rpc.agentnotifiers.dhcp_rpc_agent_api [None req-977ee744-fc88-4e84-b81e-f1f59dc2ca3d ce632d76966a4c36b373021fa2dac8d0 f3b2c4eeb3ee4a1b93fb1c15ccb58fd0 - - default default] Unable to schedule network 364f1d59-a31e-4789-92fc-d23e7ddcbe07: no agents available; will retry on subsequent port and subnet creation events.
2026-05-07 04:36:39.565 9 WARNING neutron_lib.context [None req-f1d6f54d-d05b-4a0e-918e-5bd86fc7aca1 77048e3b0ca745ae93f264a255970356 23bd1c804d09467d8748e324cdfaeee3 - - default default] Method 'is_advsvc' is deprecated since 2023.2 release (neutron-lib 3.8.0) and will be removed once support for the old RBAC API policies will be removed from Neutron. Please use method 'is_service_role' instead.
2026-05-07 04:36:39.591 9 WARNING neutron_lib.context [None req-f1d6f54d-d05b-4a0e-918e-5bd86fc7aca1 77048e3b0ca745ae93f264a255970356 23bd1c804d09467d8748e324cdfaeee3 - - default default] Method 'is_advsvc' is deprecated since 2023.2 release (neutron-lib 3.8.0) and will be removed once support for the old RBAC API policies will be removed from Neutron. Please use method 'is_service_role' instead.
2026-05-07 04:36:39.698 10 INFO neutron.db.ovn_revision_numbers_db [None req-977ee744-fc88-4e84-b81e-f1f59dc2ca3d ce632d76966a4c36b373021fa2dac8d0 f3b2c4eeb3ee4a1b93fb1c15ccb58fd0 - - default default] Successfully bumped revision number for resource 9d59e739-5f94-4088-852f-19da426b78a8 (type: ports) to 1
2026-05-07 04:36:39.834 10 INFO neutron.db.ovn_revision_numbers_db [None req-a72a4d34-49c1-4171-b928-dd384372a045 - - - - - -] Successfully bumped revision number for resource 772bb388-3dc1-463e-bf8a-c989f1396374 (type: ports) to 4
2026-05-07 04:36:39.953 9 WARNING neutron.scheduler.dhcp_agent_scheduler [None req-f1d6f54d-d05b-4a0e-918e-5bd86fc7aca1 77048e3b0ca745ae93f264a255970356 23bd1c804d09467d8748e324cdfaeee3 - - default default] No more DHCP agents
2026-05-07 04:36:39.955 9 WARNING neutron.api.rpc.agentnotifiers.dhcp_rpc_agent_api [None req-f1d6f54d-d05b-4a0e-918e-5bd86fc7aca1 77048e3b0ca745ae93f264a255970356 23bd1c804d09467d8748e324cdfaeee3 - - default default] Unable to schedule network 3e969e9b-3ccf-4de1-8baa-3a1139165dd9: no agents available; will retry on subsequent port and subnet creation events.
2026-05-07 04:36:40.035 9 INFO neutron.db.ovn_revision_numbers_db [None req-f1d6f54d-d05b-4a0e-918e-5bd86fc7aca1 77048e3b0ca745ae93f264a255970356 23bd1c804d09467d8748e324cdfaeee3 - - default default] Successfully bumped revision number for resource a6a199ce-ca12-4bd0-87ec-f3f493d81fd3 (type: ports) to 1
2026-05-07 04:36:40.078 9 WARNING neutron.scheduler.dhcp_agent_scheduler [None req-f1d6f54d-d05b-4a0e-918e-5bd86fc7aca1 77048e3b0ca745ae93f264a255970356 23bd1c804d09467d8748e324cdfaeee3 - - default default] No more DHCP agents
2026-05-07 04:36:40.079 9 WARNING neutron.api.rpc.agentnotifiers.dhcp_rpc_agent_api [None req-f1d6f54d-d05b-4a0e-918e-5bd86fc7aca1 77048e3b0ca745ae93f264a255970356 23bd1c804d09467d8748e324cdfaeee3 - - default default] Unable to schedule network f2dc6023-a4eb-4b69-9935-fd7e7bdd8519: no agents available; will retry on subsequent port and subnet creation events.
2026-05-07 04:36:40.143 9 INFO neutron.db.ovn_revision_numbers_db [None req-f1d6f54d-d05b-4a0e-918e-5bd86fc7aca1 77048e3b0ca745ae93f264a255970356 23bd1c804d09467d8748e324cdfaeee3 - - default default] Successfully bumped revision number for resource fae1a655-8a11-421c-869f-68d7c53273c7 (type: ports) to 1
2026-05-07 04:36:40.146 10 INFO neutron.db.ovn_revision_numbers_db [None req-a72a4d34-49c1-4171-b928-dd384372a045 - - - - - -] Successfully bumped revision number for resource 772bb388-3dc1-463e-bf8a-c989f1396374 (type: ports) to 5
2026-05-07 04:36:40.165 9 INFO neutron.api.wsgi [None req-f1d6f54d-d05b-4a0e-918e-5bd86fc7aca1 77048e3b0ca745ae93f264a255970356 23bd1c804d09467d8748e324cdfaeee3 - - default default] 10.0.0.58 "POST /v2.0/ports HTTP/1.1" status: 201 len: 1705 time: 0.6047959 /var/lib/openstack/lib/python3.12/site-packages/pycadf/identifier.py:71: UserWarning: Invalid uuid: neutron. To ensure interoperability, identifiers should be a valid uuid. warnings.warn(('Invalid uuid: %s. To ensure interoperability, '
2026-05-07 04:36:40.269 10 INFO neutron.db.ovn_revision_numbers_db [None req-977ee744-fc88-4e84-b81e-f1f59dc2ca3d ce632d76966a4c36b373021fa2dac8d0 f3b2c4eeb3ee4a1b93fb1c15ccb58fd0 - - default default] Successfully bumped revision number for resource 9d59e739-5f94-4088-852f-19da426b78a8 (type: ports) to 1
2026-05-07 04:36:40.274 9 INFO neutron.services.segments.plugin [-] Segment 31384c3b-f67d-4c4b-8680-ccb77ff7c31c resource provider aggregate not found
2026-05-07 04:36:40.284 9 INFO neutron.api.wsgi [None req-f5ee6473-d5ad-4c8d-8502-65a4fa181f1a 77048e3b0ca745ae93f264a255970356 23bd1c804d09467d8748e324cdfaeee3 - - default default] 10.0.0.58 "GET /v2.0/ports HTTP/1.1" status: 200 len: 3212 time: 0.1135499
2026-05-07 04:36:40.285 9 INFO neutron.services.segments.plugin [-] Segment 31384c3b-f67d-4c4b-8680-ccb77ff7c31c resource provider aggregate not found
2026-05-07 04:36:40.287 9 INFO neutron.services.segments.plugin [-] Segment 31384c3b-f67d-4c4b-8680-ccb77ff7c31c resource provider not found; error: Placement Client Error (4xx): {"errors": [{"status": 404, "title": "Not Found", "detail": "The resource could not be found.\n\n No resource provider with uuid 31384c3b-f67d-4c4b-8680-ccb77ff7c31c found for delete ", "request_id": "req-b61e35ce-63c1-4c35-9485-5d9ebd3f5ead"}]}
2026-05-07 04:36:40.296 9 INFO neutron.services.segments.plugin [-] Segment 31384c3b-f67d-4c4b-8680-ccb77ff7c31c resource provider not found; error: Placement Client Error (4xx): {"errors": [{"status": 404, "title": "Not Found", "detail": "The resource could not be found.\n\n No resource provider with uuid 31384c3b-f67d-4c4b-8680-ccb77ff7c31c found for delete ", "request_id": "req-3dd5af17-f68b-496d-a9cc-8f491ebcf05d"}]}
2026-05-07 04:36:40.312 10 WARNING neutron.scheduler.dhcp_agent_scheduler [None req-977ee744-fc88-4e84-b81e-f1f59dc2ca3d ce632d76966a4c36b373021fa2dac8d0 f3b2c4eeb3ee4a1b93fb1c15ccb58fd0 - - default default] No more DHCP agents
2026-05-07 04:36:40.313 10 WARNING neutron.api.rpc.agentnotifiers.dhcp_rpc_agent_api [None req-977ee744-fc88-4e84-b81e-f1f59dc2ca3d ce632d76966a4c36b373021fa2dac8d0 f3b2c4eeb3ee4a1b93fb1c15ccb58fd0 - - default default] Unable to schedule network 364f1d59-a31e-4789-92fc-d23e7ddcbe07: no agents available; will retry on subsequent port and subnet creation events.
2026-05-07 04:36:40.340 9 INFO neutron.api.wsgi [-] 10.0.0.116 "GET / HTTP/1.1" status: 200 len: 247 time: 0.0022147
2026-05-07 04:36:40.348 9 INFO neutron.api.wsgi [-] 10.0.0.116 "GET / HTTP/1.1" status: 200 len: 247 time: 0.0008714
2026-05-07 04:36:40.492 9 INFO neutron.api.wsgi [None req-0660bdbd-848d-458b-a3a7-c61230bb1405 77048e3b0ca745ae93f264a255970356 23bd1c804d09467d8748e324cdfaeee3 - - default default] 10.0.0.58 "DELETE /v2.0/ports/a6a199ce-ca12-4bd0-87ec-f3f493d81fd3 HTTP/1.1" status: 204 len: 168 time: 0.2013836
2026-05-07 04:36:40.679 9 INFO neutron.api.wsgi [None req-3235f98f-e996-41ca-926c-e75bea53268a 77048e3b0ca745ae93f264a255970356 23bd1c804d09467d8748e324cdfaeee3 - - default default] 10.0.0.58 "DELETE /v2.0/ports/fae1a655-8a11-421c-869f-68d7c53273c7 HTTP/1.1" status: 204 len: 168 time: 0.1824732
2026-05-07 04:36:40.696 9 WARNING neutron_lib.context [None req-7c9ecaeb-75a0-49bd-aa65-797346afc93c eb57ecf015ce42cbbc15a50132fdbd56 67cfcbbbbf3d4c8facf4cd901b0fd398 - - default default] Method 'is_advsvc' is deprecated since 2023.2 release (neutron-lib 3.8.0) and will be removed once support for the old RBAC API policies will be removed from Neutron. Please use method 'is_service_role' instead.
2026-05-07 04:36:40.699 10 INFO neutron.db.ovn_revision_numbers_db [None req-977ee744-fc88-4e84-b81e-f1f59dc2ca3d ce632d76966a4c36b373021fa2dac8d0 f3b2c4eeb3ee4a1b93fb1c15ccb58fd0 - - default default] Successfully bumped revision number for resource 9d59e739-5f94-4088-852f-19da426b78a8 (type: router_ports) to 1
2026-05-07 04:36:40.703 10 INFO neutron.api.wsgi [None req-977ee744-fc88-4e84-b81e-f1f59dc2ca3d ce632d76966a4c36b373021fa2dac8d0 f3b2c4eeb3ee4a1b93fb1c15ccb58fd0 - - default default] 10.0.0.58 "PUT /v2.0/routers/79ca9e28-5482-44c8-bf3a-8b1905c27f5e/add_router_interface HTTP/1.1" status: 200 len: 503 time: 1.8199632
2026-05-07 04:36:40.722 9 INFO neutron.api.wsgi [None req-7b885fbf-e482-4e35-b94c-158bdd74a894 77048e3b0ca745ae93f264a255970356 23bd1c804d09467d8748e324cdfaeee3 - - default default] 10.0.0.58 "GET /v2.0/ports HTTP/1.1" status: 200 len: 1718 time: 0.0365145
2026-05-07 04:36:40.733 10 WARNING neutron_lib.context [None req-53a4057f-bd1a-4e01-a53b-a633ef67c428 77048e3b0ca745ae93f264a255970356 23bd1c804d09467d8748e324cdfaeee3 - - default default] Method 'is_advsvc' is deprecated since 2023.2 release (neutron-lib 3.8.0) and will be removed once support for the old RBAC API policies will be removed from Neutron. Please use method 'is_service_role' instead.
2026-05-07 04:36:40.780 10 INFO neutron.db.ovn_revision_numbers_db [None req-059ebb69-f698-4dae-a7e8-327287b6b9d9 ce632d76966a4c36b373021fa2dac8d0 f3b2c4eeb3ee4a1b93fb1c15ccb58fd0 - - default default] Successfully bumped revision number for resource 4d846913-d577-4c38-a0d6-338e4c5d7e34 (type: security_groups) to 1
2026-05-07 04:36:40.789 10 INFO neutron.db.ovn_revision_numbers_db [None req-059ebb69-f698-4dae-a7e8-327287b6b9d9 ce632d76966a4c36b373021fa2dac8d0 f3b2c4eeb3ee4a1b93fb1c15ccb58fd0 - - default default] Successfully bumped revision number for resource 2c754e61-1065-4c45-a7a0-0c319396742f (type: security_group_rules) to 0
2026-05-07 04:36:40.798 10 INFO neutron.db.ovn_revision_numbers_db [None req-059ebb69-f698-4dae-a7e8-327287b6b9d9 ce632d76966a4c36b373021fa2dac8d0 f3b2c4eeb3ee4a1b93fb1c15ccb58fd0 - - default default] Successfully bumped revision number for resource 3b6aac35-b6fd-4af9-bf50-8c73bfdb778d (type: security_group_rules) to 0
2026-05-07 04:36:40.807 10 INFO neutron.db.ovn_revision_numbers_db [None req-059ebb69-f698-4dae-a7e8-327287b6b9d9 ce632d76966a4c36b373021fa2dac8d0 f3b2c4eeb3ee4a1b93fb1c15ccb58fd0 - - default default] Successfully bumped revision number for resource 3fd3222f-8ced-47f6-b733-1f1945d2fa32 (type: security_group_rules) to 0
2026-05-07 04:36:40.819 10 INFO neutron.db.ovn_revision_numbers_db [None req-059ebb69-f698-4dae-a7e8-327287b6b9d9 ce632d76966a4c36b373021fa2dac8d0 f3b2c4eeb3ee4a1b93fb1c15ccb58fd0 - - default default] Successfully bumped revision number for resource 9a66630f-7384-488f-92da-19a3d9b3b5ba (type: security_group_rules) to 0
2026-05-07 04:36:40.822 10 INFO neutron.db.segments_db [None req-53a4057f-bd1a-4e01-a53b-a633ef67c428 77048e3b0ca745ae93f264a255970356 23bd1c804d09467d8748e324cdfaeee3 - - default default] Added segment 7b1f3b84-658d-4c37-bd43-ebc3e0fc02a8 of type geneve for network e7444f0b-23f3-4423-aa8d-ae4f51d168d7
2026-05-07 04:36:40.832 9 INFO neutron.db.ovn_revision_numbers_db [None req-7c9ecaeb-75a0-49bd-aa65-797346afc93c eb57ecf015ce42cbbc15a50132fdbd56 67cfcbbbbf3d4c8facf4cd901b0fd398 - - default default] Successfully bumped revision number for resource 210702c1-b435-4ae1-bff2-5bfe37dade7b (type: security_groups) to 1
2026-05-07 04:36:40.843 9 INFO neutron.db.ovn_revision_numbers_db [None req-7c9ecaeb-75a0-49bd-aa65-797346afc93c eb57ecf015ce42cbbc15a50132fdbd56 67cfcbbbbf3d4c8facf4cd901b0fd398 - - default default] Successfully bumped revision number for resource ad8a159d-ea7d-4ce4-8f85-0d8a9965072b (type: security_group_rules) to 0
2026-05-07 04:36:40.855 9 INFO neutron.db.ovn_revision_numbers_db [None req-7c9ecaeb-75a0-49bd-aa65-797346afc93c eb57ecf015ce42cbbc15a50132fdbd56 67cfcbbbbf3d4c8facf4cd901b0fd398 - - default default] Successfully bumped revision number for resource b1c83ad3-3682-41c7-a67c-6f9cc8de5acd (type: security_group_rules) to 0
2026-05-07 04:36:40.866 9 INFO neutron.db.ovn_revision_numbers_db [None req-7c9ecaeb-75a0-49bd-aa65-797346afc93c eb57ecf015ce42cbbc15a50132fdbd56 67cfcbbbbf3d4c8facf4cd901b0fd398 - - default default] Successfully bumped revision number for resource bd22a931-fc14-4ead-92f7-db59d7e8dd92 (type: security_group_rules) to 0
2026-05-07 04:36:40.870 10 INFO neutron.api.wsgi [None req-059ebb69-f698-4dae-a7e8-327287b6b9d9 ce632d76966a4c36b373021fa2dac8d0 f3b2c4eeb3ee4a1b93fb1c15ccb58fd0 - - default default] 10.0.0.58 "GET /v2.0/security-groups?tenant_id=47de82c58f9f4ebbabe96ac251ba3ebb&name=default HTTP/1.1" status: 200 len: 3120 time: 0.2877514
2026-05-07 04:36:40.880 9 INFO neutron.db.ovn_revision_numbers_db [None req-7c9ecaeb-75a0-49bd-aa65-797346afc93c eb57ecf015ce42cbbc15a50132fdbd56 67cfcbbbbf3d4c8facf4cd901b0fd398 - - default default] Successfully bumped revision number for resource c10f80ec-f7f1-4f2b-a8d2-8c47fed16dd4 (type: security_group_rules) to 0
2026-05-07 04:36:40.933 10 INFO neutron.db.ovn_revision_numbers_db [None req-53a4057f-bd1a-4e01-a53b-a633ef67c428 77048e3b0ca745ae93f264a255970356 23bd1c804d09467d8748e324cdfaeee3 - - default default] Successfully bumped revision number for resource e7444f0b-23f3-4423-aa8d-ae4f51d168d7 (type: networks) to 1
2026-05-07 04:36:40.957 9 INFO neutron.db.segments_db [None req-7c9ecaeb-75a0-49bd-aa65-797346afc93c eb57ecf015ce42cbbc15a50132fdbd56 67cfcbbbbf3d4c8facf4cd901b0fd398 - - default default] Added segment bd83e992-8816-4f58-9dcf-b3eb17eefeb6 of type geneve for network ab5f8505-2aaa-4890-9b6c-c826968d91e0
2026-05-07 04:36:41.067 10 WARNING neutron.scheduler.dhcp_agent_scheduler [None req-53a4057f-bd1a-4e01-a53b-a633ef67c428 77048e3b0ca745ae93f264a255970356 23bd1c804d09467d8748e324cdfaeee3 - - default default] No more DHCP agents
2026-05-07 04:36:41.068 10 WARNING neutron.api.rpc.agentnotifiers.dhcp_rpc_agent_api [None req-53a4057f-bd1a-4e01-a53b-a633ef67c428 77048e3b0ca745ae93f264a255970356 23bd1c804d09467d8748e324cdfaeee3 - - default default] Unable to schedule network e7444f0b-23f3-4423-aa8d-ae4f51d168d7: no agents available; will retry on subsequent port and subnet creation events.
2026-05-07 04:36:41.077 9 INFO neutron.db.ovn_revision_numbers_db [None req-7c9ecaeb-75a0-49bd-aa65-797346afc93c eb57ecf015ce42cbbc15a50132fdbd56 67cfcbbbbf3d4c8facf4cd901b0fd398 - - default default] Successfully bumped revision number for resource ab5f8505-2aaa-4890-9b6c-c826968d91e0 (type: networks) to 1
2026-05-07 04:36:41.113 10 INFO neutron.db.ovn_revision_numbers_db [None req-53a4057f-bd1a-4e01-a53b-a633ef67c428 77048e3b0ca745ae93f264a255970356 23bd1c804d09467d8748e324cdfaeee3 - - default default] Successfully bumped revision number for resource fdfd43ef-c7c4-4571-8352-210e3b3b7249 (type: ports) to 1
2026-05-07 04:36:41.121 9 INFO neutron.api.wsgi [None req-02ce5428-3152-47ea-bca3-9e2e38eb2ef5 ce632d76966a4c36b373021fa2dac8d0 f3b2c4eeb3ee4a1b93fb1c15ccb58fd0 - - default default] 10.0.0.58 "DELETE /v2.0/security-groups/4d846913-d577-4c38-a0d6-338e4c5d7e34 HTTP/1.1" status: 204 len: 168 time: 0.2472839
2026-05-07 04:36:41.134 10 INFO neutron.api.wsgi [None req-53a4057f-bd1a-4e01-a53b-a633ef67c428 77048e3b0ca745ae93f264a255970356 23bd1c804d09467d8748e324cdfaeee3 - - default default] 10.0.0.58 "POST /v2.0/networks HTTP/1.1" status: 201 len: 852 time: 0.4045713
2026-05-07 04:36:41.142 10 WARNING neutron_lib.context [None req-16ea03c1-3b4d-4134-b930-c805e16efe80 77048e3b0ca745ae93f264a255970356 23bd1c804d09467d8748e324cdfaeee3 - - default default] Method 'is_advsvc' is deprecated since 2023.2 release (neutron-lib 3.8.0) and will be removed once support for the old RBAC API policies will be removed from Neutron. Please use method 'is_service_role' instead.
2026-05-07 04:36:41.219 10 INFO neutron.db.segments_db [None req-16ea03c1-3b4d-4134-b930-c805e16efe80 77048e3b0ca745ae93f264a255970356 23bd1c804d09467d8748e324cdfaeee3 - - default default] Added segment 35eaab87-e0d9-460b-9b99-403a4f22c300 of type geneve for network 3cf2e4ce-0571-45d1-a1cf-23f7615f5878
2026-05-07 04:36:41.220 9 WARNING neutron_lib.context [None req-a826e335-4f6b-40f9-ad9b-c2832a9ed27e 780c2b5add4b42fda70470ab98e07191 20b48a8e5d05402a899ceb92d5d0f946 - - default default] Method 'is_advsvc' is deprecated since 2023.2 release (neutron-lib 3.8.0) and will be removed once support for the old RBAC API policies will be removed from Neutron. Please use method 'is_service_role' instead.
2026-05-07 04:36:41.253 9 WARNING neutron.scheduler.dhcp_agent_scheduler [None req-7c9ecaeb-75a0-49bd-aa65-797346afc93c eb57ecf015ce42cbbc15a50132fdbd56 67cfcbbbbf3d4c8facf4cd901b0fd398 - - default default] No more DHCP agents
2026-05-07 04:36:41.256 9 WARNING neutron.api.rpc.agentnotifiers.dhcp_rpc_agent_api [None req-7c9ecaeb-75a0-49bd-aa65-797346afc93c eb57ecf015ce42cbbc15a50132fdbd56 67cfcbbbbf3d4c8facf4cd901b0fd398 - - default default] Unable to schedule network ab5f8505-2aaa-4890-9b6c-c826968d91e0: no agents available; will retry on subsequent port and subnet creation events.
2026-05-07 04:36:41.356 9 INFO neutron.db.ovn_revision_numbers_db [None req-a826e335-4f6b-40f9-ad9b-c2832a9ed27e 780c2b5add4b42fda70470ab98e07191 20b48a8e5d05402a899ceb92d5d0f946 - - default default] Successfully bumped revision number for resource 626c8b24-ceec-4e55-9d19-67c982178315 (type: security_groups) to 1
2026-05-07 04:36:41.363 9 INFO neutron.db.ovn_revision_numbers_db [None req-7c9ecaeb-75a0-49bd-aa65-797346afc93c eb57ecf015ce42cbbc15a50132fdbd56 67cfcbbbbf3d4c8facf4cd901b0fd398 - - default default] Successfully bumped revision number for resource 6f007153-939b-4337-b1dc-a821502dc778 (type: ports) to 1
2026-05-07 04:36:41.377 9 INFO neutron.db.ovn_revision_numbers_db [None req-a826e335-4f6b-40f9-ad9b-c2832a9ed27e 780c2b5add4b42fda70470ab98e07191 20b48a8e5d05402a899ceb92d5d0f946 - - default default] Successfully bumped revision number for resource 33f77a87-aed3-4490-a3f8-2ecb384c055b (type: security_group_rules) to 0
2026-05-07 04:36:41.384 9 INFO neutron.api.wsgi [None req-7c9ecaeb-75a0-49bd-aa65-797346afc93c eb57ecf015ce42cbbc15a50132fdbd56 67cfcbbbbf3d4c8facf4cd901b0fd398 - - default default] 10.0.0.58 "POST /v2.0/networks HTTP/1.1" status: 201 len: 846 time: 0.8350968
2026-05-07 04:36:41.392 9 INFO neutron.db.ovn_revision_numbers_db [None req-a826e335-4f6b-40f9-ad9b-c2832a9ed27e 780c2b5add4b42fda70470ab98e07191 20b48a8e5d05402a899ceb92d5d0f946 - - default default] Successfully bumped revision number for resource b3ece510-3a6d-4639-8c97-13f2a11f8408 (type: security_group_rules) to 0
2026-05-07 04:36:41.392 10 INFO neutron.db.ovn_revision_numbers_db [None req-7a0cf88b-de73-43ba-82b8-118029fae960 ce632d76966a4c36b373021fa2dac8d0 f3b2c4eeb3ee4a1b93fb1c15ccb58fd0 - - default default] Successfully bumped revision number for resource 33b1b2a5-d6cc-49bb-b7d0-25bd74819d48 (type: security_groups) to 1
2026-05-07 04:36:41.398 10 INFO neutron.db.ovn_revision_numbers_db [None req-16ea03c1-3b4d-4134-b930-c805e16efe80 77048e3b0ca745ae93f264a255970356 23bd1c804d09467d8748e324cdfaeee3 - - default default] Successfully bumped revision number for resource 3cf2e4ce-0571-45d1-a1cf-23f7615f5878 (type: networks) to 1
2026-05-07 04:36:41.415 10 INFO neutron.db.ovn_revision_numbers_db [None req-7a0cf88b-de73-43ba-82b8-118029fae960 ce632d76966a4c36b373021fa2dac8d0 f3b2c4eeb3ee4a1b93fb1c15ccb58fd0 - - default default] Successfully bumped revision number for resource 6a71c93a-bf90-4968-b98e-b55c5f75286b (type: security_group_rules) to 0
2026-05-07 04:36:41.431 10 INFO neutron.db.ovn_revision_numbers_db [None req-7a0cf88b-de73-43ba-82b8-118029fae960 ce632d76966a4c36b373021fa2dac8d0 f3b2c4eeb3ee4a1b93fb1c15ccb58fd0 - - default default] Successfully bumped revision number for resource bb7af045-4c64-40bc-a040-c3aa37e67d68 (type: security_group_rules) to 0
2026-05-07 04:36:41.446 10 INFO neutron.db.ovn_revision_numbers_db [None req-7a0cf88b-de73-43ba-82b8-118029fae960 ce632d76966a4c36b373021fa2dac8d0 f3b2c4eeb3ee4a1b93fb1c15ccb58fd0 - - default default] Successfully bumped revision number for resource c262f8f2-1b54-4f21-bbb2-c3b127a38fe0 (type: security_group_rules) to 0
2026-05-07 04:36:41.455 9 INFO neutron.api.wsgi [None req-a826e335-4f6b-40f9-ad9b-c2832a9ed27e 780c2b5add4b42fda70470ab98e07191 20b48a8e5d05402a899ceb92d5d0f946 - - default default] 10.0.0.58 "POST /v2.0/security-groups HTTP/1.1" status: 201 len: 1861 time: 0.2404449
2026-05-07 04:36:41.466 10 WARNING neutron_lib.context [None req-83e769bb-544e-4a6c-99e1-83904fd5272c 780c2b5add4b42fda70470ab98e07191 20b48a8e5d05402a899ceb92d5d0f946 - - default default] Method 'is_advsvc' is deprecated since 2023.2 release (neutron-lib 3.8.0) and will be removed once support for the old RBAC API policies will be removed from Neutron. Please use method 'is_service_role' instead.
2026-05-07 04:36:41.468 10 INFO neutron.db.ovn_revision_numbers_db [None req-7a0cf88b-de73-43ba-82b8-118029fae960 ce632d76966a4c36b373021fa2dac8d0 f3b2c4eeb3ee4a1b93fb1c15ccb58fd0 - - default default] Successfully bumped revision number for resource cd0c003e-15d2-40f5-aac0-767cabf31e34 (type: security_group_rules) to 0
2026-05-07 04:36:41.519 10 INFO neutron.api.wsgi [None req-7a0cf88b-de73-43ba-82b8-118029fae960 ce632d76966a4c36b373021fa2dac8d0 f3b2c4eeb3ee4a1b93fb1c15ccb58fd0 - - default default] 10.0.0.58 "GET /v2.0/security-groups?tenant_id=dbd92889126b46a5924539f4761826d3&name=default HTTP/1.1" status: 200 len: 3120 time: 0.2740870
2026-05-07 04:36:41.599 10 WARNING neutron.scheduler.dhcp_agent_scheduler [None req-16ea03c1-3b4d-4134-b930-c805e16efe80 77048e3b0ca745ae93f264a255970356 23bd1c804d09467d8748e324cdfaeee3 - - default default] No more DHCP agents
2026-05-07 04:36:41.603 10 WARNING neutron.api.rpc.agentnotifiers.dhcp_rpc_agent_api [None req-16ea03c1-3b4d-4134-b930-c805e16efe80 77048e3b0ca745ae93f264a255970356 23bd1c804d09467d8748e324cdfaeee3 - - default default] Unable to schedule network 3cf2e4ce-0571-45d1-a1cf-23f7615f5878: no agents available; will retry on subsequent port and subnet creation events.
2026-05-07 04:36:41.656 10 INFO neutron.db.ovn_revision_numbers_db [None req-83e769bb-544e-4a6c-99e1-83904fd5272c 780c2b5add4b42fda70470ab98e07191 20b48a8e5d05402a899ceb92d5d0f946 - - default default] Successfully bumped revision number for resource 969ae290-ec01-41e0-a585-1291798aacf2 (type: security_group_rules) to 0
2026-05-07 04:36:41.691 10 INFO neutron.db.ovn_revision_numbers_db [None req-16ea03c1-3b4d-4134-b930-c805e16efe80 77048e3b0ca745ae93f264a255970356 23bd1c804d09467d8748e324cdfaeee3 - - default default] Successfully bumped revision number for resource cbbc4f64-7ca6-48b0-a979-675976314159 (type: ports) to 1
2026-05-07 04:36:41.703 10 INFO neutron.api.wsgi [None req-83e769bb-544e-4a6c-99e1-83904fd5272c 780c2b5add4b42fda70470ab98e07191 20b48a8e5d05402a899ceb92d5d0f946 - - default default] 10.0.0.58 "POST /v2.0/security-group-rules HTTP/1.1" status: 201 len: 796 time: 0.2415040
2026-05-07 04:36:41.713 10 WARNING neutron_lib.context [None req-08981abd-f370-4970-af37-d7f8a637b9ac 780c2b5add4b42fda70470ab98e07191 20b48a8e5d05402a899ceb92d5d0f946 - - default default] Method 'is_advsvc' is deprecated since 2023.2 release (neutron-lib 3.8.0) and will be removed once support for the old RBAC API policies will be removed from Neutron. Please use method 'is_service_role' instead.
2026-05-07 04:36:41.716 10 INFO neutron.api.wsgi [None req-16ea03c1-3b4d-4134-b930-c805e16efe80 77048e3b0ca745ae93f264a255970356 23bd1c804d09467d8748e324cdfaeee3 - - default default] 10.0.0.58 "POST /v2.0/networks HTTP/1.1" status: 201 len: 853 time: 0.5781879
2026-05-07 04:36:41.782 10 INFO neutron.api.wsgi [None req-23da7f14-665e-455a-91ba-44b3b9fbba83 ce632d76966a4c36b373021fa2dac8d0 f3b2c4eeb3ee4a1b93fb1c15ccb58fd0 - - default default] 10.0.0.58 "DELETE /v2.0/security-groups/33b1b2a5-d6cc-49bb-b7d0-25bd74819d48 HTTP/1.1" status: 204 len: 168 time: 0.2515512
2026-05-07 04:36:41.818 10 INFO neutron.db.ovn_revision_numbers_db [None req-08981abd-f370-4970-af37-d7f8a637b9ac 780c2b5add4b42fda70470ab98e07191 20b48a8e5d05402a899ceb92d5d0f946 - - default default] Successfully bumped revision number for resource 22d1f0de-9a85-4dd4-b15b-67a67f0a59db (type: security_group_rules) to 0
2026-05-07 04:36:41.849 10 INFO neutron.api.wsgi [None req-08981abd-f370-4970-af37-d7f8a637b9ac 780c2b5add4b42fda70470ab98e07191 20b48a8e5d05402a899ceb92d5d0f946 - - default default] 10.0.0.58 "POST /v2.0/security-group-rules HTTP/1.1" status: 201 len: 801 time: 0.1393294
2026-05-07 04:36:41.852 10 INFO neutron.plugins.ml2.drivers.ovn.mech_driver.mech_driver [None req-ec8d722b-883f-403a-a66c-59f088e281b5 - - - - - -] OVN reports status up for port: 9d59e739-5f94-4088-852f-19da426b78a8
2026-05-07 04:36:41.857 10 INFO neutron.plugins.ml2.plugin [None req-ec8d722b-883f-403a-a66c-59f088e281b5 - - - - - -] Attempt 1 to provision port 9d59e739-5f94-4088-852f-19da426b78a8
2026-05-07 04:36:41.862 9 WARNING neutron_lib.context [None req-882ade13-1a10-4d20-8d97-8644346ddc11 780c2b5add4b42fda70470ab98e07191 20b48a8e5d05402a899ceb92d5d0f946 - - default default] Method 'is_advsvc' is deprecated since 2023.2 release (neutron-lib 3.8.0) and will be removed once support for the old RBAC API policies will be removed from Neutron. Please use method 'is_service_role' instead.
2026-05-07 04:36:41.975 9 WARNING neutron_lib.context [None req-3789f179-004d-4009-a6f2-376672f0d4ee eb57ecf015ce42cbbc15a50132fdbd56 67cfcbbbbf3d4c8facf4cd901b0fd398 - - default default] Method 'is_advsvc' is deprecated since 2023.2 release (neutron-lib 3.8.0) and will be removed once support for the old RBAC API policies will be removed from Neutron. Please use method 'is_service_role' instead.
2026-05-07 04:36:42.088 9 WARNING neutron.scheduler.dhcp_agent_scheduler [None req-882ade13-1a10-4d20-8d97-8644346ddc11 780c2b5add4b42fda70470ab98e07191 20b48a8e5d05402a899ceb92d5d0f946 - - default default] No more DHCP agents
2026-05-07 04:36:42.090 9 WARNING neutron.api.rpc.agentnotifiers.dhcp_rpc_agent_api [None req-882ade13-1a10-4d20-8d97-8644346ddc11 780c2b5add4b42fda70470ab98e07191 20b48a8e5d05402a899ceb92d5d0f946 - - default default] Unable to schedule network bb2502a7-810e-44b0-bf54-9c9da8f1d864: no agents available; will retry on subsequent port and subnet creation events.
2026-05-07 04:36:42.180 10 INFO neutron.db.ovn_revision_numbers_db [None req-ec8d722b-883f-403a-a66c-59f088e281b5 - - - - - -] Successfully bumped revision number for resource 9d59e739-5f94-4088-852f-19da426b78a8 (type: ports) to 2
2026-05-07 04:36:42.193 9 WARNING neutron.scheduler.dhcp_agent_scheduler [None req-3789f179-004d-4009-a6f2-376672f0d4ee eb57ecf015ce42cbbc15a50132fdbd56 67cfcbbbbf3d4c8facf4cd901b0fd398 - - default default] No more DHCP agents
2026-05-07 04:36:42.195 9 WARNING neutron.api.rpc.agentnotifiers.dhcp_rpc_agent_api [None req-3789f179-004d-4009-a6f2-376672f0d4ee eb57ecf015ce42cbbc15a50132fdbd56 67cfcbbbbf3d4c8facf4cd901b0fd398 - - default default] Unable to schedule network ab5f8505-2aaa-4890-9b6c-c826968d91e0: no agents available; will retry on subsequent port and subnet creation events.
2026-05-07 04:36:42.203 10 WARNING neutron_lib.context [None req-11df45c4-3224-49dd-912b-338882043129 77048e3b0ca745ae93f264a255970356 23bd1c804d09467d8748e324cdfaeee3 - - default default] Method 'is_advsvc' is deprecated since 2023.2 release (neutron-lib 3.8.0) and will be removed once support for the old RBAC API policies will be removed from Neutron. Please use method 'is_service_role' instead.
2026-05-07 04:36:42.227 9 INFO neutron.db.ovn_revision_numbers_db [None req-3789f179-004d-4009-a6f2-376672f0d4ee eb57ecf015ce42cbbc15a50132fdbd56 67cfcbbbbf3d4c8facf4cd901b0fd398 - - default default] Successfully bumped revision number for resource ebe3ba51-d361-4cad-a347-61f403e67de8 (type: subnets) to 0
2026-05-07 04:36:42.232 10 WARNING neutron_lib.context [None req-11df45c4-3224-49dd-912b-338882043129 77048e3b0ca745ae93f264a255970356 23bd1c804d09467d8748e324cdfaeee3 - - default default] Method 'is_advsvc' is deprecated since 2023.2 release (neutron-lib 3.8.0) and will be removed once support for the old RBAC API policies will be removed from Neutron. Please use method 'is_service_role' instead.
2026-05-07 04:36:42.240 9 INFO neutron.api.wsgi [None req-3789f179-004d-4009-a6f2-376672f0d4ee eb57ecf015ce42cbbc15a50132fdbd56 67cfcbbbbf3d4c8facf4cd901b0fd398 - - default default] 10.0.0.58 "POST /v2.0/subnets HTTP/1.1" status: 201 len: 872 time: 0.2696133
2026-05-07 04:36:42.253 9 WARNING neutron_lib.context [None req-02a8f6c2-b958-4938-9f4f-e6927f54bae9 eb57ecf015ce42cbbc15a50132fdbd56 67cfcbbbbf3d4c8facf4cd901b0fd398 - - default default] Method 'is_advsvc' is deprecated since 2023.2 release (neutron-lib 3.8.0) and will be removed once support for the old RBAC API policies will be removed from Neutron. Please use method 'is_service_role' instead.
2026-05-07 04:36:42.359 9 INFO neutron.db.segments_db [None req-02a8f6c2-b958-4938-9f4f-e6927f54bae9 eb57ecf015ce42cbbc15a50132fdbd56 67cfcbbbbf3d4c8facf4cd901b0fd398 - - default default] Added segment 08185ac5-d8f7-4713-94f6-f838e1b5b938 of type geneve for network 178205bf-88ce-4a8a-8979-03e970e0b37d
2026-05-07 04:36:42.461 9 INFO neutron.api.wsgi [None req-882ade13-1a10-4d20-8d97-8644346ddc11 780c2b5add4b42fda70470ab98e07191 20b48a8e5d05402a899ceb92d5d0f946 - - default default] 10.0.0.58 "POST /v2.0/floatingips HTTP/1.1" status: 201 len: 751 time: 0.6059275
2026-05-07 04:36:42.476 9 INFO neutron.db.ovn_revision_numbers_db [None req-02a8f6c2-b958-4938-9f4f-e6927f54bae9 eb57ecf015ce42cbbc15a50132fdbd56 67cfcbbbbf3d4c8facf4cd901b0fd398 - - default default] Successfully bumped revision number for resource 178205bf-88ce-4a8a-8979-03e970e0b37d (type: networks) to 1
2026-05-07 04:36:42.516 10 WARNING neutron.scheduler.dhcp_agent_scheduler [None req-11df45c4-3224-49dd-912b-338882043129 77048e3b0ca745ae93f264a255970356 23bd1c804d09467d8748e324cdfaeee3 - - default default] No more DHCP agents
2026-05-07 04:36:42.516 10 WARNING neutron.api.rpc.agentnotifiers.dhcp_rpc_agent_api [None req-11df45c4-3224-49dd-912b-338882043129 77048e3b0ca745ae93f264a255970356 23bd1c804d09467d8748e324cdfaeee3 - - default default] Unable to schedule network e7444f0b-23f3-4423-aa8d-ae4f51d168d7: no agents available; will retry on subsequent port and subnet creation events.
2026-05-07 04:36:42.547 10 INFO neutron.db.ovn_revision_numbers_db [None req-11df45c4-3224-49dd-912b-338882043129 77048e3b0ca745ae93f264a255970356 23bd1c804d09467d8748e324cdfaeee3 - - default default] Successfully bumped revision number for resource 1504a7ca-5001-4105-a629-1b441eba1e1f (type: subnets) to 0
2026-05-07 04:36:42.575 10 WARNING neutron.scheduler.dhcp_agent_scheduler [None req-11df45c4-3224-49dd-912b-338882043129 77048e3b0ca745ae93f264a255970356 23bd1c804d09467d8748e324cdfaeee3 - - default default] No more DHCP agents
2026-05-07 04:36:42.576 10 WARNING neutron.api.rpc.agentnotifiers.dhcp_rpc_agent_api [None req-11df45c4-3224-49dd-912b-338882043129 77048e3b0ca745ae93f264a255970356 23bd1c804d09467d8748e324cdfaeee3 - - default default] Unable to schedule network 3cf2e4ce-0571-45d1-a1cf-23f7615f5878: no agents available; will retry on subsequent port and subnet creation events.
2026-05-07 04:36:42.600 10 INFO neutron.db.ovn_revision_numbers_db [None req-11df45c4-3224-49dd-912b-338882043129 77048e3b0ca745ae93f264a255970356 23bd1c804d09467d8748e324cdfaeee3 - - default default] Successfully bumped revision number for resource bd6239fe-da1b-4c9a-8781-05b6d058032a (type: subnets) to 0
2026-05-07 04:36:42.606 9 WARNING neutron.scheduler.dhcp_agent_scheduler [None req-02a8f6c2-b958-4938-9f4f-e6927f54bae9 eb57ecf015ce42cbbc15a50132fdbd56 67cfcbbbbf3d4c8facf4cd901b0fd398 - - default default] No more DHCP agents
2026-05-07 04:36:42.607 9 WARNING neutron.api.rpc.agentnotifiers.dhcp_rpc_agent_api [None req-02a8f6c2-b958-4938-9f4f-e6927f54bae9 eb57ecf015ce42cbbc15a50132fdbd56 67cfcbbbbf3d4c8facf4cd901b0fd398 - - default default] Unable to schedule network 178205bf-88ce-4a8a-8979-03e970e0b37d: no agents available; will retry on subsequent port and subnet creation events.
2026-05-07 04:36:42.615 10 INFO neutron.api.wsgi [None req-11df45c4-3224-49dd-912b-338882043129 77048e3b0ca745ae93f264a255970356 23bd1c804d09467d8748e324cdfaeee3 - - default default] 10.0.0.58 "POST /v2.0/subnets HTTP/1.1" status: 201 len: 1524 time: 0.4167957
2026-05-07 04:36:42.673 9 INFO neutron.api.wsgi [None req-5151776b-6a1e-496b-892f-63d717b51acf 77048e3b0ca745ae93f264a255970356 23bd1c804d09467d8748e324cdfaeee3 - - default default] 10.0.0.58 "GET /v2.0/subnets HTTP/1.1" status: 200 len: 2155 time: 0.0533817
2026-05-07 04:36:42.730 9 INFO neutron.db.ovn_revision_numbers_db [None req-02a8f6c2-b958-4938-9f4f-e6927f54bae9 eb57ecf015ce42cbbc15a50132fdbd56 67cfcbbbbf3d4c8facf4cd901b0fd398 - - default default] Successfully bumped revision number for resource d1190f93-513f-4e4d-a591-4e46e6190633 (type: ports) to 1
2026-05-07 04:36:42.768 9 INFO neutron.api.wsgi [None req-02a8f6c2-b958-4938-9f4f-e6927f54bae9 eb57ecf015ce42cbbc15a50132fdbd56 67cfcbbbbf3d4c8facf4cd901b0fd398 - - default default] 10.0.0.58 "POST /v2.0/networks HTTP/1.1" status: 201 len: 847 time: 0.5203485
2026-05-07 04:36:42.835 10 INFO neutron.api.wsgi [None req-78df899d-bcd0-470f-8d59-d522d1bcf723 77048e3b0ca745ae93f264a255970356 23bd1c804d09467d8748e324cdfaeee3 - - default default] 10.0.0.58 "DELETE /v2.0/subnets/1504a7ca-5001-4105-a629-1b441eba1e1f HTTP/1.1" status: 204 len: 168 time: 0.1457992
2026-05-07 04:36:42.957 9 INFO neutron.api.wsgi [req-ff76598e-6a50-401c-8906-1a3d1cbdc020 req-bf1d7573-7925-42d1-a010-1137fff15b90 780c2b5add4b42fda70470ab98e07191 20b48a8e5d05402a899ceb92d5d0f946 - - default default] 10.0.0.7 "GET /v2.0/security-groups?name=tempest-securitygroup--1288307079&fields=id&tenant_id=20b48a8e5d05402a899ceb92d5d0f946 HTTP/1.1" status: 200 len: 267 time: 0.0394542
2026-05-07 04:36:42.957 9 INFO neutron.db.ovn_revision_numbers_db [None req-ca5daa3c-30bb-49a5-9a40-20f42f0a6b4b eb57ecf015ce42cbbc15a50132fdbd56 67cfcbbbbf3d4c8facf4cd901b0fd398 - - default default] Successfully bumped revision number for resource 178205bf-88ce-4a8a-8979-03e970e0b37d (type: networks) to 2
2026-05-07 04:36:42.961 9 INFO neutron.api.wsgi [None req-ca5daa3c-30bb-49a5-9a40-20f42f0a6b4b eb57ecf015ce42cbbc15a50132fdbd56 67cfcbbbbf3d4c8facf4cd901b0fd398 - - default default] 10.0.0.58 "PUT /v2.0/networks/178205bf-88ce-4a8a-8979-03e970e0b37d HTTP/1.1" status: 200 len: 792 time: 0.1857378
2026-05-07 04:36:42.972 10 WARNING neutron_lib.context [None req-23c028a5-fcce-4544-a11f-4cb30bbc8ad3 eb57ecf015ce42cbbc15a50132fdbd56 67cfcbbbbf3d4c8facf4cd901b0fd398 - - default default] Method 'is_advsvc' is deprecated since 2023.2 release (neutron-lib 3.8.0) and will be removed once support for the old RBAC API policies will be removed from Neutron. Please use method 'is_service_role' instead.
2026-05-07 04:36:42.976 10 INFO neutron.api.wsgi [None req-2bf94cf3-8791-4291-8861-12f0768fb8f7 77048e3b0ca745ae93f264a255970356 23bd1c804d09467d8748e324cdfaeee3 - - default default] 10.0.0.58 "DELETE /v2.0/subnets/bd6239fe-da1b-4c9a-8781-05b6d058032a HTTP/1.1" status: 204 len: 168 time: 0.1368563
2026-05-07 04:36:43.001 9 INFO neutron.api.wsgi [req-ff76598e-6a50-401c-8906-1a3d1cbdc020 req-c2083faf-b70a-42de-b9de-bc33fa155532 780c2b5add4b42fda70470ab98e07191 20b48a8e5d05402a899ceb92d5d0f946 - - default default] 10.0.0.7 "GET /v2.0/networks?id=364f1d59-a31e-4789-92fc-d23e7ddcbe07 HTTP/1.1" status: 200 len: 875 time: 0.0379469
2026-05-07 04:36:43.019 10 INFO neutron.api.wsgi [None req-b7b7fefb-f557-42cc-9c09-3ce0539aea9c 77048e3b0ca745ae93f264a255970356 23bd1c804d09467d8748e324cdfaeee3 - - default default] 10.0.0.58 "GET /v2.0/subnets HTTP/1.1" status: 200 len: 843 time: 0.0374713
2026-05-07 04:36:43.024 9 INFO neutron.api.wsgi [req-ff76598e-6a50-401c-8906-1a3d1cbdc020 req-4b5ece2a-da3b-44ec-9a80-d6ceff7e16c7 780c2b5add4b42fda70470ab98e07191 20b48a8e5d05402a899ceb92d5d0f946 - - default default] 10.0.0.7 "GET /v2.0/quotas/20b48a8e5d05402a899ceb92d5d0f946 HTTP/1.1" status: 200 len: 491 time: 0.0173895
2026-05-07 04:36:43.106 9 INFO neutron.api.wsgi [req-ff76598e-6a50-401c-8906-1a3d1cbdc020 req-d6469c02-c089-41c1-883d-cc6ecf91955d 780c2b5add4b42fda70470ab98e07191 20b48a8e5d05402a899ceb92d5d0f946 - - default default] 10.0.0.7 "GET /v2.0/ports?tenant_id=20b48a8e5d05402a899ceb92d5d0f946&fields=id HTTP/1.1" status: 200 len: 302 time: 0.0751579
2026-05-07 04:36:43.147 10 WARNING neutron.scheduler.dhcp_agent_scheduler [None req-23c028a5-fcce-4544-a11f-4cb30bbc8ad3 eb57ecf015ce42cbbc15a50132fdbd56 67cfcbbbbf3d4c8facf4cd901b0fd398 - - default default] No more DHCP agents
2026-05-07 04:36:43.148 10 WARNING neutron.api.rpc.agentnotifiers.dhcp_rpc_agent_api [None req-23c028a5-fcce-4544-a11f-4cb30bbc8ad3 eb57ecf015ce42cbbc15a50132fdbd56 67cfcbbbbf3d4c8facf4cd901b0fd398 - - default default] Unable to schedule network 178205bf-88ce-4a8a-8979-03e970e0b37d: no agents available; will retry on subsequent port and subnet creation events.
2026-05-07 04:36:43.164 9 INFO neutron.api.wsgi [req-ff76598e-6a50-401c-8906-1a3d1cbdc020 req-badb38fc-888b-44bb-a550-2ea1c1197b4c b9d9def71d194032a4ed1e1ec88523b9 d2c7cb5775e94dffa99d4e5e41325356 - - b74b1b31a6064d86ba7664f2a626d740 b74b1b31a6064d86ba7664f2a626d740] 10.0.0.7 "GET /v2.0/networks/364f1d59-a31e-4789-92fc-d23e7ddcbe07?fields=segments HTTP/1.1" status: 200 len: 212 time: 0.0439999
2026-05-07 04:36:43.176 10 INFO neutron.db.ovn_revision_numbers_db [None req-23c028a5-fcce-4544-a11f-4cb30bbc8ad3 eb57ecf015ce42cbbc15a50132fdbd56 67cfcbbbbf3d4c8facf4cd901b0fd398 - - default default] Successfully bumped revision number for resource 5ab75ea3-a11a-438f-8e37-44ebb4651a48 (type: subnets) to 0
2026-05-07 04:36:43.187 10 INFO neutron.api.wsgi [None req-23c028a5-fcce-4544-a11f-4cb30bbc8ad3 eb57ecf015ce42cbbc15a50132fdbd56 67cfcbbbbf3d4c8facf4cd901b0fd398 - - default default] 10.0.0.58 "POST /v2.0/subnets HTTP/1.1" status: 201 len: 845 time: 0.2190869
2026-05-07 04:36:43.225 9 INFO neutron.api.wsgi [req-ff76598e-6a50-401c-8906-1a3d1cbdc020 req-0c4731f6-937c-46c5-bd41-cbacb15b88ea b9d9def71d194032a4ed1e1ec88523b9 d2c7cb5775e94dffa99d4e5e41325356 - - b74b1b31a6064d86ba7664f2a626d740 b74b1b31a6064d86ba7664f2a626d740] 10.0.0.7 "GET /v2.0/networks/364f1d59-a31e-4789-92fc-d23e7ddcbe07?fields=provider%3Aphysical_network&fields=provider%3Anetwork_type HTTP/1.1" status: 200 len: 277 time: 0.0565732
2026-05-07 04:36:43.354 9 INFO neutron.services.segments.plugin [-] Segment 35eaab87-e0d9-460b-9b99-403a4f22c300 resource provider aggregate not found
2026-05-07 04:36:43.362 9 INFO neutron.services.segments.plugin [-] Segment 35eaab87-e0d9-460b-9b99-403a4f22c300 resource provider aggregate not found
2026-05-07 04:36:43.366 9 INFO neutron.api.wsgi [req-3d98c141-a828-41bf-a575-e65240122b87 req-7e5913ce-3c0c-4b98-9d2d-2fbcd12c1489 780c2b5add4b42fda70470ab98e07191 20b48a8e5d05402a899ceb92d5d0f946 - - default default] 10.0.0.7 "GET /v2.0/ports?device_id=b3a1bc45-c7bc-422f-bc5d-d1b9ba386199 HTTP/1.1" status: 200 len: 210 time: 0.0239782
2026-05-07 04:36:43.368 9 INFO neutron.services.segments.plugin [-] Segment 35eaab87-e0d9-460b-9b99-403a4f22c300 resource provider not found; error: Placement Client Error (4xx): {"errors": [{"status": 404, "title": "Not Found", "detail": "The resource could not be found.\n\n No resource provider with uuid 35eaab87-e0d9-460b-9b99-403a4f22c300 found for delete ", "request_id": "req-2b5041cc-4f8e-4758-8278-8c1d3337e314"}]}
2026-05-07 04:36:43.377 9 INFO neutron.services.segments.plugin [-] Segment 35eaab87-e0d9-460b-9b99-403a4f22c300 resource provider not found; error: Placement Client Error (4xx): {"errors": [{"status": 404, "title": "Not Found", "detail": "The resource could not be found.\n\n No resource provider with uuid 35eaab87-e0d9-460b-9b99-403a4f22c300 found for delete ", "request_id": "req-c9e5695d-cde1-4b8e-a266-d244cb420bda"}]}
2026-05-07 04:36:43.395 9 INFO neutron.api.wsgi [None req-97afb858-eea5-4fd2-a7ca-81d0705e0f93 77048e3b0ca745ae93f264a255970356 23bd1c804d09467d8748e324cdfaeee3 - - default default] 10.0.0.58 "DELETE /v2.0/networks/3cf2e4ce-0571-45d1-a1cf-23f7615f5878 HTTP/1.1" status: 204 len: 168 time: 0.3692992
2026-05-07 04:36:43.711 9 INFO neutron.api.wsgi [None req-15dacf95-0cf6-4085-ba96-5f195e1df41e 77048e3b0ca745ae93f264a255970356 23bd1c804d09467d8748e324cdfaeee3 - - default default] 10.0.0.58 "DELETE /v2.0/networks/e7444f0b-23f3-4423-aa8d-ae4f51d168d7 HTTP/1.1" status: 204 len: 168 time: 0.3083720
2026-05-07 04:36:43.748 10 INFO neutron.db.ovn_revision_numbers_db [None req-5dac8221-6142-4f73-ad0a-23fcdb2cedf3 - - - - - -] Successfully bumped revision number for resource d1190f93-513f-4e4d-a591-4e46e6190633 (type: ports) to 2
2026-05-07 04:36:43.779 10 INFO neutron.db.ovn_revision_numbers_db [None req-5dac8221-6142-4f73-ad0a-23fcdb2cedf3 - - - - - -] Successfully bumped revision number for resource 5ab75ea3-a11a-438f-8e37-44ebb4651a48 (type: subnets) to 1
2026-05-07 04:36:43.782 10 INFO neutron.api.wsgi [None req-fb14b4f8-a52f-4e93-878f-21fba2db7af7 eb57ecf015ce42cbbc15a50132fdbd56 67cfcbbbbf3d4c8facf4cd901b0fd398 - - default default] 10.0.0.58 "PUT /v2.0/subnets/5ab75ea3-a11a-438f-8e37-44ebb4651a48 HTTP/1.1" status: 200 len: 850 time: 0.5891509
2026-05-07 04:36:44.020 9 INFO neutron.api.wsgi [None req-d7ae3c75-f877-4162-84e9-1144707a0218 77048e3b0ca745ae93f264a255970356 23bd1c804d09467d8748e324cdfaeee3 - - default default] 10.0.0.58 "DELETE /v2.0/networks/f2dc6023-a4eb-4b69-9935-fd7e7bdd8519 HTTP/1.1" status: 204 len: 168 time: 0.3048906
2026-05-07 04:36:44.143 10 INFO neutron.services.segments.plugin [-] Segment 08185ac5-d8f7-4713-94f6-f838e1b5b938 resource provider aggregate not found
2026-05-07 04:36:44.147 10 INFO neutron.services.segments.plugin [-] Segment 08185ac5-d8f7-4713-94f6-f838e1b5b938 resource provider aggregate not found
2026-05-07 04:36:44.167 10 INFO neutron.services.segments.plugin [-] Segment 08185ac5-d8f7-4713-94f6-f838e1b5b938 resource provider not found; error: Placement Client Error (4xx): {"errors": [{"status": 404, "title": "Not Found", "detail": "The resource could not be found.\n\n No resource provider with uuid 08185ac5-d8f7-4713-94f6-f838e1b5b938 found for delete ", "request_id": "req-4b0e6190-771d-4d64-b998-a3c66c06ce96"}]}
2026-05-07 04:36:44.168 10 INFO neutron.services.segments.plugin [-] Segment 08185ac5-d8f7-4713-94f6-f838e1b5b938 resource provider not found; error: Placement Client Error (4xx): {"errors": [{"status": 404, "title": "Not Found", "detail": "The resource could not be found.\n\n No resource provider with uuid 08185ac5-d8f7-4713-94f6-f838e1b5b938 found for delete ", "request_id": "req-5f5bd52b-a12d-4599-913c-150f5e7ce0ba"}]}
2026-05-07 04:36:44.185 10 INFO neutron.api.wsgi [None req-6abecff7-dbf2-4906-895a-c590d53a427e eb57ecf015ce42cbbc15a50132fdbd56 67cfcbbbbf3d4c8facf4cd901b0fd398 - - default default] 10.0.0.58 "DELETE /v2.0/networks/178205bf-88ce-4a8a-8979-03e970e0b37d HTTP/1.1" status: 204 len: 168 time: 0.3970766
