2026-05-07 04:38:16.928 9 INFO neutron.api.wsgi [req-f5cd0090-d063-4982-bfd3-06e25a08699f req-ddd27285-f37b-4604-a74d-4e24130cd790 dbcfb2b872a044deb2f09dbddd5fabd0 fe6ef163faf8432ea26df6a5321f9f7a - - default default] 10.0.0.7 "GET /v2.0/security-groups?id=968a741d-d632-46c6-be11-05028e9fcfb5&fields=id&fields=name HTTP/1.1" status: 200 len: 312 time: 0.0317752
2026-05-07 04:38:17.002 10 INFO neutron.db.ovn_revision_numbers_db [None req-626e48e8-6436-41d5-b525-4f21e2cce8e3 - - - - - -] Successfully bumped revision number for resource 61c0eb5f-38a7-44c6-a7e2-59fb080dae97 (type: ports) to 8
2026-05-07 04:38:17.211 9 WARNING neutron.scheduler.dhcp_agent_scheduler [None req-370c44ba-a551-4873-b145-8283f31207f1 a8f2755b3de646a2b1d7acf9d94de3b7 36836dd25a714ea2bb448d4f64c0d604 - - default default] No more DHCP agents
2026-05-07 04:38:17.213 9 WARNING neutron.api.rpc.agentnotifiers.dhcp_rpc_agent_api [None req-370c44ba-a551-4873-b145-8283f31207f1 a8f2755b3de646a2b1d7acf9d94de3b7 36836dd25a714ea2bb448d4f64c0d604 - - default default] Unable to schedule network 6631cc44-862d-44de-8514-62408dcbd75f: no agents available; will retry on subsequent port and subnet creation events.
2026-05-07 04:38:17.268 10 INFO neutron.db.ovn_revision_numbers_db [None req-ffdf3dff-2d85-4169-bd5e-ef038ab81224 - - - - - -] Successfully bumped revision number for resource d1883501-00db-4cb4-af05-69f3ac7f3ffb (type: ports) to 1
2026-05-07 04:38:17.360 9 INFO neutron.db.ovn_revision_numbers_db [None req-370c44ba-a551-4873-b145-8283f31207f1 a8f2755b3de646a2b1d7acf9d94de3b7 36836dd25a714ea2bb448d4f64c0d604 - - default default] Successfully bumped revision number for resource 256e579a-7ff2-4fbd-83f5-91e69e6aa0c1 (type: ports) to 1
2026-05-07 04:38:17.601 10 INFO neutron.db.ovn_revision_numbers_db [None req-ffdf3dff-2d85-4169-bd5e-ef038ab81224 - - - - - -] Successfully bumped revision number for resource d1883501-00db-4cb4-af05-69f3ac7f3ffb (type: ports) to 4
2026-05-07 04:38:17.740 9 INFO neutron.api.wsgi [req-cd239f4d-9a6e-4833-a26c-4b7acfe3032f req-700e0a2b-d7b1-4a91-ba7c-59ebc6b70bd7 dbcfb2b872a044deb2f09dbddd5fabd0 fe6ef163faf8432ea26df6a5321f9f7a - - default default] 199.19.213.105 "GET /v2.0/ports?device_id=f7258e44-3591-487b-87ec-0cbcd01e1500 HTTP/1.1" status: 200 len: 1172 time: 0.0383763
2026-05-07 04:38:17.876 10 INFO neutron.db.ovn_revision_numbers_db [None req-ffdf3dff-2d85-4169-bd5e-ef038ab81224 - - - - - -] Successfully bumped revision number for resource d1883501-00db-4cb4-af05-69f3ac7f3ffb (type: ports) to 5 /var/lib/openstack/lib/python3.12/site-packages/pycadf/identifier.py:71: UserWarning: Invalid uuid: neutron. To ensure interoperability, identifiers should be a valid uuid. warnings.warn(('Invalid uuid: %s. To ensure interoperability, '
2026-05-07 04:38:17.940 10 INFO neutron.api.wsgi [req-5e5a5314-8c5a-46f8-9b5a-2fa8b67d71e4 req-55cf4be4-8ea4-4cca-8381-5103515f43ce b9d9def71d194032a4ed1e1ec88523b9 d2c7cb5775e94dffa99d4e5e41325356 - - b74b1b31a6064d86ba7664f2a626d740 b74b1b31a6064d86ba7664f2a626d740] 199.19.213.105 "GET /v2.0/ports?device_id=3941c794-9c83-46ce-b840-a0a7675fabd0&fields=binding%3Ahost_id&fields=binding%3Avif_type HTTP/1.1" status: 200 len: 265 time: 0.0355117
2026-05-07 04:38:18.032 9 INFO neutron.db.ovn_revision_numbers_db [None req-370c44ba-a551-4873-b145-8283f31207f1 a8f2755b3de646a2b1d7acf9d94de3b7 36836dd25a714ea2bb448d4f64c0d604 - - default default] Successfully bumped revision number for resource 256e579a-7ff2-4fbd-83f5-91e69e6aa0c1 (type: ports) to 1
2026-05-07 04:38:18.053 9 INFO neutron.api.wsgi [req-ca7d70ce-d674-46ae-91ab-95659b7a3b6e req-dde90fd8-f0d7-49d5-8a91-6eb6e46dd7ae dbcfb2b872a044deb2f09dbddd5fabd0 fe6ef163faf8432ea26df6a5321f9f7a - - default default] 10.0.0.7 "GET /v2.0/ports?device_id=f7258e44-3591-487b-87ec-0cbcd01e1500 HTTP/1.1" status: 200 len: 1172 time: 0.0459139
2026-05-07 04:38:18.122 9 INFO neutron.api.wsgi [req-ca7d70ce-d674-46ae-91ab-95659b7a3b6e req-44d3219a-9c3a-4dcd-9207-cd7c6c939b2e dbcfb2b872a044deb2f09dbddd5fabd0 fe6ef163faf8432ea26df6a5321f9f7a - - default default] 10.0.0.7 "GET /v2.0/security-groups?id=968a741d-d632-46c6-be11-05028e9fcfb5&fields=id&fields=name HTTP/1.1" status: 200 len: 312 time: 0.0637319
2026-05-07 04:38:18.123 9 INFO neutron.db.l3_db [req-cd239f4d-9a6e-4833-a26c-4b7acfe3032f req-dfbdcf35-6c58-4b4b-b432-2185bb44deee dbcfb2b872a044deb2f09dbddd5fabd0 fe6ef163faf8432ea26df6a5321f9f7a - - default default] Floating IP 30e07a3d-b785-48a2-924b-fb8a81a7b6a9 disassociated. External IP: 10.96.250.209, port: 61c0eb5f-38a7-44c6-a7e2-59fb080dae97.
2026-05-07 04:38:18.128 9 WARNING neutron.scheduler.dhcp_agent_scheduler [None req-370c44ba-a551-4873-b145-8283f31207f1 a8f2755b3de646a2b1d7acf9d94de3b7 36836dd25a714ea2bb448d4f64c0d604 - - default default] No more DHCP agents
2026-05-07 04:38:18.129 9 WARNING neutron.api.rpc.agentnotifiers.dhcp_rpc_agent_api [None req-370c44ba-a551-4873-b145-8283f31207f1 a8f2755b3de646a2b1d7acf9d94de3b7 36836dd25a714ea2bb448d4f64c0d604 - - default default] Unable to schedule network 6631cc44-862d-44de-8514-62408dcbd75f: no agents available; will retry on subsequent port and subnet creation events.
2026-05-07 04:38:18.249 9 INFO neutron.api.wsgi [req-cd239f4d-9a6e-4833-a26c-4b7acfe3032f req-dfbdcf35-6c58-4b4b-b432-2185bb44deee dbcfb2b872a044deb2f09dbddd5fabd0 fe6ef163faf8432ea26df6a5321f9f7a - - default default] 199.19.213.105 "DELETE /v2.0/ports/61c0eb5f-38a7-44c6-a7e2-59fb080dae97 HTTP/1.1" status: 204 len: 173 time: 0.5030370
2026-05-07 04:38:18.273 9 INFO neutron.notifiers.nova [-] Nova event matching ['req-fc1557ea-9fee-45d2-a895-8cdad680aa58'] response: {'server_uuid': 'f7258e44-3591-487b-87ec-0cbcd01e1500', 'name': 'network-vif-deleted', 'tag': '61c0eb5f-38a7-44c6-a7e2-59fb080dae97', 'status': 'completed', 'code': 200}
2026-05-07 04:38:18.462 9 INFO neutron.db.ovn_revision_numbers_db [None req-370c44ba-a551-4873-b145-8283f31207f1 a8f2755b3de646a2b1d7acf9d94de3b7 36836dd25a714ea2bb448d4f64c0d604 - - default default] Successfully bumped revision number for resource 256e579a-7ff2-4fbd-83f5-91e69e6aa0c1 (type: router_ports) to 1
2026-05-07 04:38:18.467 9 INFO neutron.api.wsgi [None req-370c44ba-a551-4873-b145-8283f31207f1 a8f2755b3de646a2b1d7acf9d94de3b7 36836dd25a714ea2bb448d4f64c0d604 - - default default] 10.0.0.58 "PUT /v2.0/routers/62ee4065-0ddf-48f5-9d96-279874659bc0/add_router_interface HTTP/1.1" status: 200 len: 503 time: 1.7126925
2026-05-07 04:38:18.668 10 INFO neutron.notifiers.nova [-] Nova event matching ['req-00936f12-c0d4-4952-bbe2-f53a40739b5e'] response: {'server_uuid': 'f7258e44-3591-487b-87ec-0cbcd01e1500', 'name': 'network-vif-unplugged', 'status': 'completed', 'tag': '61c0eb5f-38a7-44c6-a7e2-59fb080dae97', 'code': 200}
2026-05-07 04:38:18.969 9 WARNING neutron.scheduler.dhcp_agent_scheduler [None req-18cfd447-742f-4ca1-b859-07f6d2182f21 a8f2755b3de646a2b1d7acf9d94de3b7 36836dd25a714ea2bb448d4f64c0d604 - - default default] No more DHCP agents
2026-05-07 04:38:18.973 9 WARNING neutron.api.rpc.agentnotifiers.dhcp_rpc_agent_api [None req-18cfd447-742f-4ca1-b859-07f6d2182f21 a8f2755b3de646a2b1d7acf9d94de3b7 36836dd25a714ea2bb448d4f64c0d604 - - default default] Unable to schedule network db149a84-71e4-4c36-ba3f-ea0823fe444b: no agents available; will retry on subsequent port and subnet creation events.
2026-05-07 04:38:18.991 9 INFO neutron.api.wsgi [req-5e5a5314-8c5a-46f8-9b5a-2fa8b67d71e4 req-1c46471f-5476-4d97-be51-af40dca8375d b9d9def71d194032a4ed1e1ec88523b9 d2c7cb5775e94dffa99d4e5e41325356 - - b74b1b31a6064d86ba7664f2a626d740 b74b1b31a6064d86ba7664f2a626d740] 199.19.213.105 "GET /v2.0/ports?tenant_id=c71c8e6a42664e1ea8fe99e318afb6cb&device_id=3941c794-9c83-46ce-b840-a0a7675fabd0 HTTP/1.1" status: 200 len: 1413 time: 0.0337169
2026-05-07 04:38:19.071 9 INFO neutron.plugins.ml2.drivers.ovn.mech_driver.mech_driver [None req-f1f7a09f-8118-439e-bf23-f8aed2e7ab01 - - - - - -] OVN reports status up for port: 256e579a-7ff2-4fbd-83f5-91e69e6aa0c1
2026-05-07 04:38:19.080 9 INFO neutron.plugins.ml2.plugin [None req-f1f7a09f-8118-439e-bf23-f8aed2e7ab01 - - - - - -] Attempt 1 to provision port 256e579a-7ff2-4fbd-83f5-91e69e6aa0c1
2026-05-07 04:38:19.110 9 INFO neutron.db.ovn_revision_numbers_db [None req-18cfd447-742f-4ca1-b859-07f6d2182f21 a8f2755b3de646a2b1d7acf9d94de3b7 36836dd25a714ea2bb448d4f64c0d604 - - default default] Successfully bumped revision number for resource b0ce710a-6487-4e39-b326-202faf63411a (type: ports) to 1
2026-05-07 04:38:19.212 9 INFO neutron.api.wsgi [req-92dbc44c-d487-4be1-83a9-501fe8298897 req-7ed1d01f-3aeb-4787-add1-773bb8af9f32 dbcfb2b872a044deb2f09dbddd5fabd0 fe6ef163faf8432ea26df6a5321f9f7a - - default default] 10.0.0.7 "GET /v2.0/ports?device_id=f7258e44-3591-487b-87ec-0cbcd01e1500 HTTP/1.1" status: 200 len: 210 time: 0.0274460
2026-05-07 04:38:19.312 9 WARNING neutron_lib.context [None req-9c3606e1-c71c-434a-ae48-7f21bf25ed47 dc4c0f2abc5040fba7c21d2eb5ff3a72 507782b9bc0b4558ad3d39f031921b8f - - default default] Method 'is_advsvc' is deprecated since 2023.2 release (neutron-lib 3.8.0) and will be removed once support for the old RBAC API policies will be removed from Neutron. Please use method 'is_service_role' instead.
2026-05-07 04:38:19.904 9 INFO neutron.db.ovn_revision_numbers_db [None req-9c3606e1-c71c-434a-ae48-7f21bf25ed47 dc4c0f2abc5040fba7c21d2eb5ff3a72 507782b9bc0b4558ad3d39f031921b8f - - default default] Successfully bumped revision number for resource aa94be6d-c13a-4dda-8d01-3c84004c6f6d (type: security_groups) to 1
2026-05-07 04:38:19.929 9 INFO neutron.db.ovn_revision_numbers_db [None req-9c3606e1-c71c-434a-ae48-7f21bf25ed47 dc4c0f2abc5040fba7c21d2eb5ff3a72 507782b9bc0b4558ad3d39f031921b8f - - default default] Successfully bumped revision number for resource 7570bb0b-259f-40a1-9f74-7bc9e3805845 (type: security_group_rules) to 0
2026-05-07 04:38:19.943 9 INFO neutron.db.ovn_revision_numbers_db [None req-9c3606e1-c71c-434a-ae48-7f21bf25ed47 dc4c0f2abc5040fba7c21d2eb5ff3a72 507782b9bc0b4558ad3d39f031921b8f - - default default] Successfully bumped revision number for resource 765bece1-1c55-4b15-ab29-17256b64faa1 (type: security_group_rules) to 0
2026-05-07 04:38:19.963 9 INFO neutron.db.ovn_revision_numbers_db [None req-9c3606e1-c71c-434a-ae48-7f21bf25ed47 dc4c0f2abc5040fba7c21d2eb5ff3a72 507782b9bc0b4558ad3d39f031921b8f - - default default] Successfully bumped revision number for resource 9a66235e-45f0-49fa-86fe-1590283e2183 (type: security_group_rules) to 0
2026-05-07 04:38:19.978 9 INFO neutron.api.wsgi [req-5e5a5314-8c5a-46f8-9b5a-2fa8b67d71e4 req-cf5f8496-fc11-440d-b9fa-78c1970c60d4 b9d9def71d194032a4ed1e1ec88523b9 d2c7cb5775e94dffa99d4e5e41325356 - - b74b1b31a6064d86ba7664f2a626d740 b74b1b31a6064d86ba7664f2a626d740] 199.19.213.105 "GET /v2.0/networks?id=f6e19b88-8e9e-44e0-8ad3-e2b27a5a11f9 HTTP/1.1" status: 200 len: 958 time: 0.4734819
2026-05-07 04:38:19.994 9 INFO neutron.db.ovn_revision_numbers_db [None req-9c3606e1-c71c-434a-ae48-7f21bf25ed47 dc4c0f2abc5040fba7c21d2eb5ff3a72 507782b9bc0b4558ad3d39f031921b8f - - default default] Successfully bumped revision number for resource f3903d7a-76c6-4777-ae0a-5d9409129f69 (type: security_group_rules) to 0
2026-05-07 04:38:20.013 9 INFO neutron.api.wsgi [req-5e5a5314-8c5a-46f8-9b5a-2fa8b67d71e4 req-fdefb275-af53-4035-9520-1c19dc669740 b9d9def71d194032a4ed1e1ec88523b9 d2c7cb5775e94dffa99d4e5e41325356 - - b74b1b31a6064d86ba7664f2a626d740 b74b1b31a6064d86ba7664f2a626d740] 199.19.213.105 "GET /v2.0/floatingips?fixed_ip_address=10.100.0.13&port_id=a5d32d01-eb02-4858-84fa-bf09d20a3a83 HTTP/1.1" status: 200 len: 217 time: 0.0266230
2026-05-07 04:38:20.015 9 INFO neutron.db.ovn_revision_numbers_db [None req-f1f7a09f-8118-439e-bf23-f8aed2e7ab01 - - - - - -] Successfully bumped revision number for resource 256e579a-7ff2-4fbd-83f5-91e69e6aa0c1 (type: ports) to 2
2026-05-07 04:38:20.058 9 INFO neutron.api.wsgi [req-5e5a5314-8c5a-46f8-9b5a-2fa8b67d71e4 req-78570a96-07c7-4a36-b92e-b54266bab4b6 b9d9def71d194032a4ed1e1ec88523b9 d2c7cb5775e94dffa99d4e5e41325356 - - b74b1b31a6064d86ba7664f2a626d740 b74b1b31a6064d86ba7664f2a626d740] 199.19.213.105 "GET /v2.0/subnets?id=ee588235-2e5c-4e8f-ad35-d79c1fb6ef52 HTTP/1.1" status: 200 len: 877 time: 0.0386381
2026-05-07 04:38:20.085 9 INFO neutron.api.wsgi [req-5e5a5314-8c5a-46f8-9b5a-2fa8b67d71e4 req-e8094390-a8f5-451c-8623-b86835625c79 b9d9def71d194032a4ed1e1ec88523b9 d2c7cb5775e94dffa99d4e5e41325356 - - b74b1b31a6064d86ba7664f2a626d740 b74b1b31a6064d86ba7664f2a626d740] 199.19.213.105 "GET /v2.0/ports?network_id=f6e19b88-8e9e-44e0-8ad3-e2b27a5a11f9&device_owner=network%3Adhcp HTTP/1.1" status: 200 len: 210 time: 0.0229199
2026-05-07 04:38:20.121 9 INFO neutron.db.segments_db [None req-9c3606e1-c71c-434a-ae48-7f21bf25ed47 dc4c0f2abc5040fba7c21d2eb5ff3a72 507782b9bc0b4558ad3d39f031921b8f - - default default] Added segment 8b9aa5da-f048-4c8e-85b6-94ba3a8136e0 of type geneve for network b042748f-334d-4655-a5fb-85df1bb36a29
2026-05-07 04:38:20.187 9 INFO neutron.api.wsgi [req-5e5a5314-8c5a-46f8-9b5a-2fa8b67d71e4 req-52e1416b-0e69-4426-afae-d5347f21c814 b9d9def71d194032a4ed1e1ec88523b9 d2c7cb5775e94dffa99d4e5e41325356 - - b74b1b31a6064d86ba7664f2a626d740 b74b1b31a6064d86ba7664f2a626d740] 199.19.213.105 "GET /v2.0/networks/f6e19b88-8e9e-44e0-8ad3-e2b27a5a11f9?fields=segments HTTP/1.1" status: 200 len: 212 time: 0.0951416
2026-05-07 04:38:20.273 9 INFO neutron.api.wsgi [req-5e5a5314-8c5a-46f8-9b5a-2fa8b67d71e4 req-ddebae5e-2ed1-402e-8c06-f369ba29f3f6 b9d9def71d194032a4ed1e1ec88523b9 d2c7cb5775e94dffa99d4e5e41325356 - - b74b1b31a6064d86ba7664f2a626d740 b74b1b31a6064d86ba7664f2a626d740] 199.19.213.105 "GET /v2.0/networks/f6e19b88-8e9e-44e0-8ad3-e2b27a5a11f9?fields=provider%3Aphysical_network&fields=provider%3Anetwork_type HTTP/1.1" status: 200 len: 277 time: 0.0750465
2026-05-07 04:38:20.295 9 INFO neutron.api.wsgi [req-a02ede40-9391-4f2a-9f03-dc92750c1e31 req-809e2e81-392c-43d9-a1fe-af83419fcc39 dbcfb2b872a044deb2f09dbddd5fabd0 fe6ef163faf8432ea26df6a5321f9f7a - - default default] 10.0.0.7 "GET /v2.0/ports?device_id=f7258e44-3591-487b-87ec-0cbcd01e1500 HTTP/1.1" status: 200 len: 210 time: 0.0208786
2026-05-07 04:38:20.308 9 INFO neutron.db.ovn_revision_numbers_db [None req-9c3606e1-c71c-434a-ae48-7f21bf25ed47 dc4c0f2abc5040fba7c21d2eb5ff3a72 507782b9bc0b4558ad3d39f031921b8f - - default default] Successfully bumped revision number for resource b042748f-334d-4655-a5fb-85df1bb36a29 (type: networks) to 1
2026-05-07 04:38:20.422 10 INFO neutron.plugins.ml2.drivers.ovn.mech_driver.mech_driver [None req-edeab737-6537-40c0-aaec-bf907deeee15 - - - - - -] OVN reports status up for port: b0ce710a-6487-4e39-b326-202faf63411a
2026-05-07 04:38:20.432 9 INFO neutron.db.ovn_revision_numbers_db [None req-18cfd447-742f-4ca1-b859-07f6d2182f21 a8f2755b3de646a2b1d7acf9d94de3b7 36836dd25a714ea2bb448d4f64c0d604 - - default default] Successfully bumped revision number for resource b0ce710a-6487-4e39-b326-202faf63411a (type: ports) to 1
2026-05-07 04:38:20.440 10 INFO neutron.plugins.ml2.plugin [None req-edeab737-6537-40c0-aaec-bf907deeee15 - - - - - -] Attempt 1 to provision port b0ce710a-6487-4e39-b326-202faf63411a
2026-05-07 04:38:20.475 9 WARNING neutron.scheduler.dhcp_agent_scheduler [None req-9c3606e1-c71c-434a-ae48-7f21bf25ed47 dc4c0f2abc5040fba7c21d2eb5ff3a72 507782b9bc0b4558ad3d39f031921b8f - - default default] No more DHCP agents
2026-05-07 04:38:20.477 9 WARNING neutron.api.rpc.agentnotifiers.dhcp_rpc_agent_api [None req-9c3606e1-c71c-434a-ae48-7f21bf25ed47 dc4c0f2abc5040fba7c21d2eb5ff3a72 507782b9bc0b4558ad3d39f031921b8f - - default default] Unable to schedule network b042748f-334d-4655-a5fb-85df1bb36a29: no agents available; will retry on subsequent port and subnet creation events.
2026-05-07 04:38:20.479 9 WARNING neutron.scheduler.dhcp_agent_scheduler [None req-18cfd447-742f-4ca1-b859-07f6d2182f21 a8f2755b3de646a2b1d7acf9d94de3b7 36836dd25a714ea2bb448d4f64c0d604 - - default default] No more DHCP agents
2026-05-07 04:38:20.480 9 WARNING neutron.api.rpc.agentnotifiers.dhcp_rpc_agent_api [None req-18cfd447-742f-4ca1-b859-07f6d2182f21 a8f2755b3de646a2b1d7acf9d94de3b7 36836dd25a714ea2bb448d4f64c0d604 - - default default] Unable to schedule network db149a84-71e4-4c36-ba3f-ea0823fe444b: no agents available; will retry on subsequent port and subnet creation events.
2026-05-07 04:38:20.556 9 INFO neutron.db.ovn_revision_numbers_db [None req-9c3606e1-c71c-434a-ae48-7f21bf25ed47 dc4c0f2abc5040fba7c21d2eb5ff3a72 507782b9bc0b4558ad3d39f031921b8f - - default default] Successfully bumped revision number for resource 34ba91b3-d968-47d9-b096-a9c38444eb4a (type: ports) to 1
2026-05-07 04:38:20.578 9 INFO neutron.api.wsgi [None req-9c3606e1-c71c-434a-ae48-7f21bf25ed47 dc4c0f2abc5040fba7c21d2eb5ff3a72 507782b9bc0b4558ad3d39f031921b8f - - default default] 10.0.0.58 "POST /v2.0/networks HTTP/1.1" status: 201 len: 825 time: 1.4249449
2026-05-07 04:38:20.588 9 WARNING neutron_lib.context [None req-1f8bc088-9907-468c-83ee-831dee6fbeea dc4c0f2abc5040fba7c21d2eb5ff3a72 507782b9bc0b4558ad3d39f031921b8f - - default default] Method 'is_advsvc' is deprecated since 2023.2 release (neutron-lib 3.8.0) and will be removed once support for the old RBAC API policies will be removed from Neutron. Please use method 'is_service_role' instead.
2026-05-07 04:38:20.754 10 INFO neutron.db.ovn_revision_numbers_db [None req-edeab737-6537-40c0-aaec-bf907deeee15 - - - - - -] Successfully bumped revision number for resource b0ce710a-6487-4e39-b326-202faf63411a (type: ports) to 2
2026-05-07 04:38:20.785 9 WARNING neutron.scheduler.dhcp_agent_scheduler [None req-1f8bc088-9907-468c-83ee-831dee6fbeea dc4c0f2abc5040fba7c21d2eb5ff3a72 507782b9bc0b4558ad3d39f031921b8f - - default default] No more DHCP agents
2026-05-07 04:38:20.786 9 WARNING neutron.api.rpc.agentnotifiers.dhcp_rpc_agent_api [None req-1f8bc088-9907-468c-83ee-831dee6fbeea dc4c0f2abc5040fba7c21d2eb5ff3a72 507782b9bc0b4558ad3d39f031921b8f - - default default] Unable to schedule network b042748f-334d-4655-a5fb-85df1bb36a29: no agents available; will retry on subsequent port and subnet creation events.
2026-05-07 04:38:20.803 9 INFO neutron.db.ovn_revision_numbers_db [None req-18cfd447-742f-4ca1-b859-07f6d2182f21 a8f2755b3de646a2b1d7acf9d94de3b7 36836dd25a714ea2bb448d4f64c0d604 - - default default] Successfully bumped revision number for resource b0ce710a-6487-4e39-b326-202faf63411a (type: router_ports) to 1
2026-05-07 04:38:20.808 9 INFO neutron.api.wsgi [None req-18cfd447-742f-4ca1-b859-07f6d2182f21 a8f2755b3de646a2b1d7acf9d94de3b7 36836dd25a714ea2bb448d4f64c0d604 - - default default] 10.0.0.58 "PUT /v2.0/routers/62ee4065-0ddf-48f5-9d96-279874659bc0/add_router_interface HTTP/1.1" status: 200 len: 503 time: 2.3352425
2026-05-07 04:38:21.243 9 INFO neutron.db.ovn_revision_numbers_db [None req-2043d660-95d1-4d48-83bd-26737df50c06 - - - - - -] Successfully bumped revision number for resource 34ba91b3-d968-47d9-b096-a9c38444eb4a (type: ports) to 2
2026-05-07 04:38:21.277 10 INFO neutron.api.wsgi [req-8b193518-a2f8-43d3-9d73-c9a73b0f44f8 req-0e8ace96-5b08-4f89-8918-f53cbe393f1e b9d9def71d194032a4ed1e1ec88523b9 d2c7cb5775e94dffa99d4e5e41325356 - - b74b1b31a6064d86ba7664f2a626d740 b74b1b31a6064d86ba7664f2a626d740] 10.0.0.98 "GET /v2.0/ports?device_id=2295ee50-f104-4b8c-a30a-05de8888fbd7 HTTP/1.1" status: 200 len: 1409 time: 0.0355055
2026-05-07 04:38:21.277 9 INFO neutron.db.ovn_revision_numbers_db [None req-2043d660-95d1-4d48-83bd-26737df50c06 - - - - - -] Successfully bumped revision number for resource f1733083-7c18-440d-aa84-e47c707eb27d (type: subnets) to 0
2026-05-07 04:38:21.293 9 INFO neutron.api.wsgi [None req-1f8bc088-9907-468c-83ee-831dee6fbeea dc4c0f2abc5040fba7c21d2eb5ff3a72 507782b9bc0b4558ad3d39f031921b8f - - default default] 10.0.0.58 "POST /v2.0/subnets HTTP/1.1" status: 201 len: 825 time: 0.7092190
2026-05-07 04:38:21.303 10 WARNING neutron_lib.context [None req-47886c51-3c24-4ce6-b647-73a8b347a15f dc4c0f2abc5040fba7c21d2eb5ff3a72 507782b9bc0b4558ad3d39f031921b8f - - default default] Method 'is_advsvc' is deprecated since 2023.2 release (neutron-lib 3.8.0) and will be removed once support for the old RBAC API policies will be removed from Neutron. Please use method 'is_service_role' instead.
2026-05-07 04:38:21.322 10 INFO neutron.api.wsgi [req-8b193518-a2f8-43d3-9d73-c9a73b0f44f8 req-24c6681e-6c3e-4841-85d1-149e14d15c5c b9d9def71d194032a4ed1e1ec88523b9 d2c7cb5775e94dffa99d4e5e41325356 - - b74b1b31a6064d86ba7664f2a626d740 b74b1b31a6064d86ba7664f2a626d740] 10.0.0.98 "GET /v2.0/security-groups?id=f3bdb4bf-ce73-4877-9823-5e6d7c5eb527&fields=id&fields=name HTTP/1.1" status: 200 len: 310 time: 0.0399158
2026-05-07 04:38:21.344 9 WARNING neutron.scheduler.dhcp_agent_scheduler [None req-2aa21cf3-a37a-49da-b765-ac0111775ac1 a8f2755b3de646a2b1d7acf9d94de3b7 36836dd25a714ea2bb448d4f64c0d604 - - default default] No more DHCP agents
2026-05-07 04:38:21.346 9 WARNING neutron.api.rpc.agentnotifiers.dhcp_rpc_agent_api [None req-2aa21cf3-a37a-49da-b765-ac0111775ac1 a8f2755b3de646a2b1d7acf9d94de3b7 36836dd25a714ea2bb448d4f64c0d604 - - default default] Unable to schedule network 4fe9366c-0249-4385-b75c-2fcb55588341: no agents available; will retry on subsequent port and subnet creation events.
2026-05-07 04:38:21.375 9 INFO neutron.api.wsgi [req-399cc925-794a-4e51-90f9-128fab45ee5d req-459e7caa-fa9f-49fc-aa36-254b4f5dab90 dbcfb2b872a044deb2f09dbddd5fabd0 fe6ef163faf8432ea26df6a5321f9f7a - - default default] 10.0.0.7 "GET /v2.0/ports?device_id=f7258e44-3591-487b-87ec-0cbcd01e1500 HTTP/1.1" status: 200 len: 210 time: 0.0204623
2026-05-07 04:38:21.498 9 INFO neutron.db.ovn_revision_numbers_db [None req-2aa21cf3-a37a-49da-b765-ac0111775ac1 a8f2755b3de646a2b1d7acf9d94de3b7 36836dd25a714ea2bb448d4f64c0d604 - - default default] Successfully bumped revision number for resource 4aad2a91-9e47-4166-b3da-924a1c4c0bdd (type: ports) to 1
2026-05-07 04:38:21.694 10 WARNING neutron.scheduler.dhcp_agent_scheduler [None req-47886c51-3c24-4ce6-b647-73a8b347a15f dc4c0f2abc5040fba7c21d2eb5ff3a72 507782b9bc0b4558ad3d39f031921b8f - - default default] No more DHCP agents
2026-05-07 04:38:21.695 10 WARNING neutron.api.rpc.agentnotifiers.dhcp_rpc_agent_api [None req-47886c51-3c24-4ce6-b647-73a8b347a15f dc4c0f2abc5040fba7c21d2eb5ff3a72 507782b9bc0b4558ad3d39f031921b8f - - default default] Unable to schedule network bb2502a7-810e-44b0-bf54-9c9da8f1d864: no agents available; will retry on subsequent port and subnet creation events.
2026-05-07 04:38:21.798 10 INFO neutron.db.ovn_revision_numbers_db [None req-47886c51-3c24-4ce6-b647-73a8b347a15f dc4c0f2abc5040fba7c21d2eb5ff3a72 507782b9bc0b4558ad3d39f031921b8f - - default default] Successfully bumped revision number for resource 17a0f049-e8a9-4607-9ce3-8998b807d0a0 (type: ports) to 1
2026-05-07 04:38:22.164 9 INFO neutron.db.ovn_revision_numbers_db [None req-2aa21cf3-a37a-49da-b765-ac0111775ac1 a8f2755b3de646a2b1d7acf9d94de3b7 36836dd25a714ea2bb448d4f64c0d604 - - default default] Successfully bumped revision number for resource 4aad2a91-9e47-4166-b3da-924a1c4c0bdd (type: ports) to 1
2026-05-07 04:38:22.216 9 WARNING neutron.scheduler.dhcp_agent_scheduler [None req-2aa21cf3-a37a-49da-b765-ac0111775ac1 a8f2755b3de646a2b1d7acf9d94de3b7 36836dd25a714ea2bb448d4f64c0d604 - - default default] No more DHCP agents
2026-05-07 04:38:22.217 9 WARNING neutron.api.rpc.agentnotifiers.dhcp_rpc_agent_api [None req-2aa21cf3-a37a-49da-b765-ac0111775ac1 a8f2755b3de646a2b1d7acf9d94de3b7 36836dd25a714ea2bb448d4f64c0d604 - - default default] Unable to schedule network 4fe9366c-0249-4385-b75c-2fcb55588341: no agents available; will retry on subsequent port and subnet creation events.
2026-05-07 04:38:22.373 10 INFO neutron.plugins.ml2.drivers.ovn.mech_driver.ovsdb.commands [None req-c1a45c71-4d71-42eb-a778-313e7514bd34 - - - - - -] Schedule LRP lrp-17a0f049-e8a9-4607-9ce3-8998b807d0a0 on gateway 915079cd-9092-498e-85d0-4a41130fc0c4 with priority 1
2026-05-07 04:38:22.417 10 INFO neutron.db.ovn_revision_numbers_db [None req-47886c51-3c24-4ce6-b647-73a8b347a15f dc4c0f2abc5040fba7c21d2eb5ff3a72 507782b9bc0b4558ad3d39f031921b8f - - default default] Successfully bumped revision number for resource 17a0f049-e8a9-4607-9ce3-8998b807d0a0 (type: router_ports) to 1
2026-05-07 04:38:22.483 10 INFO neutron.db.ovn_revision_numbers_db [None req-47886c51-3c24-4ce6-b647-73a8b347a15f dc4c0f2abc5040fba7c21d2eb5ff3a72 507782b9bc0b4558ad3d39f031921b8f - - default default] Successfully bumped revision number for resource 1cf44432-dc01-4ef3-9726-81b3f953a632 (type: routers) to 2
2026-05-07 04:38:22.504 10 INFO neutron.api.wsgi [None req-47886c51-3c24-4ce6-b647-73a8b347a15f dc4c0f2abc5040fba7c21d2eb5ff3a72 507782b9bc0b4558ad3d39f031921b8f - - default default] 10.0.0.58 "POST /v2.0/routers HTTP/1.1" status: 201 len: 1134 time: 1.2050586
2026-05-07 04:38:22.575 9 INFO neutron.db.ovn_revision_numbers_db [None req-2aa21cf3-a37a-49da-b765-ac0111775ac1 a8f2755b3de646a2b1d7acf9d94de3b7 36836dd25a714ea2bb448d4f64c0d604 - - default default] Successfully bumped revision number for resource 4aad2a91-9e47-4166-b3da-924a1c4c0bdd (type: router_ports) to 1
2026-05-07 04:38:22.580 9 INFO neutron.api.wsgi [None req-2aa21cf3-a37a-49da-b765-ac0111775ac1 a8f2755b3de646a2b1d7acf9d94de3b7 36836dd25a714ea2bb448d4f64c0d604 - - default default] 10.0.0.58 "PUT /v2.0/routers/62ee4065-0ddf-48f5-9d96-279874659bc0/add_router_interface HTTP/1.1" status: 200 len: 503 time: 1.7684982
2026-05-07 04:38:22.632 10 INFO neutron.api.wsgi [None req-54085c0d-fd57-4d3a-928e-a416e35d48dc dbcfb2b872a044deb2f09dbddd5fabd0 fe6ef163faf8432ea26df6a5321f9f7a - - default default] 10.0.0.58 "DELETE /v2.0/security-groups/968a741d-d632-46c6-be11-05028e9fcfb5 HTTP/1.1" status: 204 len: 168 time: 0.1587527
2026-05-07 04:38:22.638 9 WARNING neutron_lib.context [None req-6be02fda-8307-43b0-8649-c10cee9c8853 a8f2755b3de646a2b1d7acf9d94de3b7 36836dd25a714ea2bb448d4f64c0d604 - - default default] Method 'is_advsvc' is deprecated since 2023.2 release (neutron-lib 3.8.0) and will be removed once support for the old RBAC API policies will be removed from Neutron. Please use method 'is_service_role' instead.
2026-05-07 04:38:22.647 10 INFO neutron.api.v2.resource [None req-cd0ea4f6-a3cb-4836-adef-5102afe4f9ba dbcfb2b872a044deb2f09dbddd5fabd0 fe6ef163faf8432ea26df6a5321f9f7a - - default default] show failed (client error): The resource could not be found.
2026-05-07 04:38:22.648 10 INFO neutron.api.wsgi [None req-cd0ea4f6-a3cb-4836-adef-5102afe4f9ba dbcfb2b872a044deb2f09dbddd5fabd0 fe6ef163faf8432ea26df6a5321f9f7a - - default default] 10.0.0.58 "GET /v2.0/security-groups/968a741d-d632-46c6-be11-05028e9fcfb5 HTTP/1.1" status: 404 len: 347 time: 0.0112948
2026-05-07 04:38:22.777 9 INFO neutron.db.ovn_revision_numbers_db [None req-6be02fda-8307-43b0-8649-c10cee9c8853 a8f2755b3de646a2b1d7acf9d94de3b7 36836dd25a714ea2bb448d4f64c0d604 - - default default] Successfully bumped revision number for resource b7e9f60c-3c99-47a6-b5b5-9100d264c356 (type: security_groups) to 1
2026-05-07 04:38:22.794 9 INFO neutron.db.ovn_revision_numbers_db [None req-6be02fda-8307-43b0-8649-c10cee9c8853 a8f2755b3de646a2b1d7acf9d94de3b7 36836dd25a714ea2bb448d4f64c0d604 - - default default] Successfully bumped revision number for resource 3994b8c2-ad18-426a-865a-7f2e0444961a (type: security_group_rules) to 0
2026-05-07 04:38:22.806 9 INFO neutron.db.ovn_revision_numbers_db [None req-6be02fda-8307-43b0-8649-c10cee9c8853 a8f2755b3de646a2b1d7acf9d94de3b7 36836dd25a714ea2bb448d4f64c0d604 - - default default] Successfully bumped revision number for resource 84d3f4f5-6d02-483a-8076-c9e23781f3a3 (type: security_group_rules) to 0
2026-05-07 04:38:22.848 9 INFO neutron.api.wsgi [None req-6be02fda-8307-43b0-8649-c10cee9c8853 a8f2755b3de646a2b1d7acf9d94de3b7 36836dd25a714ea2bb448d4f64c0d604 - - default default] 10.0.0.58 "POST /v2.0/security-groups HTTP/1.1" status: 201 len: 1828 time: 0.2162993
2026-05-07 04:38:22.858 10 WARNING neutron_lib.context [None req-3e62e1a9-1476-4e20-b205-430a7fe8dcf2 a8f2755b3de646a2b1d7acf9d94de3b7 36836dd25a714ea2bb448d4f64c0d604 - - default default] Method 'is_advsvc' is deprecated since 2023.2 release (neutron-lib 3.8.0) and will be removed once support for the old RBAC API policies will be removed from Neutron. Please use method 'is_service_role' instead.
2026-05-07 04:38:22.954 9 INFO neutron.api.wsgi [None req-050f980a-b55b-4762-9270-fb09cdb803c2 dbcfb2b872a044deb2f09dbddd5fabd0 fe6ef163faf8432ea26df6a5321f9f7a - - default default] 10.0.0.58 "DELETE /v2.0/floatingips/30e07a3d-b785-48a2-924b-fb8a81a7b6a9 HTTP/1.1" status: 204 len: 168 time: 0.3028703
2026-05-07 04:38:23.000 10 INFO neutron.db.ovn_revision_numbers_db [None req-3e62e1a9-1476-4e20-b205-430a7fe8dcf2 a8f2755b3de646a2b1d7acf9d94de3b7 36836dd25a714ea2bb448d4f64c0d604 - - default default] Successfully bumped revision number for resource 81afa6f5-c8dc-4e42-ae49-ef53610772e9 (type: security_group_rules) to 0
2026-05-07 04:38:23.014 10 WARNING neutron.scheduler.dhcp_agent_scheduler [None req-eff9d0b6-08e8-461d-ac00-a919902a6698 dc4c0f2abc5040fba7c21d2eb5ff3a72 507782b9bc0b4558ad3d39f031921b8f - - default default] No more DHCP agents
2026-05-07 04:38:23.016 10 WARNING neutron.api.rpc.agentnotifiers.dhcp_rpc_agent_api [None req-eff9d0b6-08e8-461d-ac00-a919902a6698 dc4c0f2abc5040fba7c21d2eb5ff3a72 507782b9bc0b4558ad3d39f031921b8f - - default default] Unable to schedule network b042748f-334d-4655-a5fb-85df1bb36a29: no agents available; will retry on subsequent port and subnet creation events.
2026-05-07 04:38:23.032 10 INFO neutron.api.wsgi [None req-3e62e1a9-1476-4e20-b205-430a7fe8dcf2 a8f2755b3de646a2b1d7acf9d94de3b7 36836dd25a714ea2bb448d4f64c0d604 - - default default] 10.0.0.58 "POST /v2.0/security-group-rules HTTP/1.1" status: 201 len: 796 time: 0.1791136
2026-05-07 04:38:23.043 9 WARNING neutron_lib.context [None req-f32d677a-d338-4c83-aef5-4e56fad727b8 a8f2755b3de646a2b1d7acf9d94de3b7 36836dd25a714ea2bb448d4f64c0d604 - - default default] Method 'is_advsvc' is deprecated since 2023.2 release (neutron-lib 3.8.0) and will be removed once support for the old RBAC API policies will be removed from Neutron. Please use method 'is_service_role' instead.
2026-05-07 04:38:23.121 10 INFO neutron.db.ovn_revision_numbers_db [None req-eff9d0b6-08e8-461d-ac00-a919902a6698 dc4c0f2abc5040fba7c21d2eb5ff3a72 507782b9bc0b4558ad3d39f031921b8f - - default default] Successfully bumped revision number for resource ae20b9fc-95e2-4869-a119-ae463ab29763 (type: ports) to 1
2026-05-07 04:38:23.172 9 INFO neutron.db.ovn_revision_numbers_db [None req-f32d677a-d338-4c83-aef5-4e56fad727b8 a8f2755b3de646a2b1d7acf9d94de3b7 36836dd25a714ea2bb448d4f64c0d604 - - default default] Successfully bumped revision number for resource 9b08a770-c6eb-4abe-a79d-152db7b6e45b (type: security_group_rules) to 0
2026-05-07 04:38:23.208 9 INFO neutron.api.wsgi [None req-f32d677a-d338-4c83-aef5-4e56fad727b8 a8f2755b3de646a2b1d7acf9d94de3b7 36836dd25a714ea2bb448d4f64c0d604 - - default default] 10.0.0.58 "POST /v2.0/security-group-rules HTTP/1.1" status: 201 len: 796 time: 0.1710398
2026-05-07 04:38:23.215 9 WARNING neutron_lib.context [None req-3cd03603-d4d4-4dd3-8202-7252c6a0a5cf a8f2755b3de646a2b1d7acf9d94de3b7 36836dd25a714ea2bb448d4f64c0d604 - - default default] Method 'is_advsvc' is deprecated since 2023.2 release (neutron-lib 3.8.0) and will be removed once support for the old RBAC API policies will be removed from Neutron. Please use method 'is_service_role' instead.
2026-05-07 04:38:23.337 9 INFO neutron.db.ovn_revision_numbers_db [None req-3cd03603-d4d4-4dd3-8202-7252c6a0a5cf a8f2755b3de646a2b1d7acf9d94de3b7 36836dd25a714ea2bb448d4f64c0d604 - - default default] Successfully bumped revision number for resource e252fec3-1215-4a96-9626-4c9908168738 (type: security_group_rules) to 0
2026-05-07 04:38:23.369 9 INFO neutron.api.wsgi [None req-3cd03603-d4d4-4dd3-8202-7252c6a0a5cf a8f2755b3de646a2b1d7acf9d94de3b7 36836dd25a714ea2bb448d4f64c0d604 - - default default] 10.0.0.58 "POST /v2.0/security-group-rules HTTP/1.1" status: 201 len: 798 time: 0.1573672
2026-05-07 04:38:23.379 10 WARNING neutron_lib.context [None req-f7ec1c6a-6600-44e2-a672-ba5b7c80d7d8 a8f2755b3de646a2b1d7acf9d94de3b7 36836dd25a714ea2bb448d4f64c0d604 - - default default] Method 'is_advsvc' is deprecated since 2023.2 release (neutron-lib 3.8.0) and will be removed once support for the old RBAC API policies will be removed from Neutron. Please use method 'is_service_role' instead.
2026-05-07 04:38:23.503 9 INFO neutron.api.wsgi [req-e92f5b60-22f4-4cb3-ae1e-bfff8f5ae3db req-de4e9bc8-05b4-478d-853a-432e2a108372 ccae579c3f944de1bd19a48a2b00e231 c71c8e6a42664e1ea8fe99e318afb6cb - - default default] 10.0.0.7 "GET /v2.0/ports?device_id=2295ee50-f104-4b8c-a30a-05de8888fbd7 HTTP/1.1" status: 200 len: 1170 time: 0.0847440
2026-05-07 04:38:23.568 9 INFO neutron.api.wsgi [req-e92f5b60-22f4-4cb3-ae1e-bfff8f5ae3db req-f12602cf-e57f-4093-a41c-4caa87170b2a ccae579c3f944de1bd19a48a2b00e231 c71c8e6a42664e1ea8fe99e318afb6cb - - default default] 10.0.0.7 "GET /v2.0/security-groups?id=f3bdb4bf-ce73-4877-9823-5e6d7c5eb527&fields=id&fields=name HTTP/1.1" status: 200 len: 310 time: 0.0574498
2026-05-07 04:38:23.568 10 INFO neutron.db.ovn_revision_numbers_db [None req-f7ec1c6a-6600-44e2-a672-ba5b7c80d7d8 a8f2755b3de646a2b1d7acf9d94de3b7 36836dd25a714ea2bb448d4f64c0d604 - - default default] Successfully bumped revision number for resource 37254803-b393-46d8-b017-476b484659db (type: security_group_rules) to 0
2026-05-07 04:38:23.614 10 INFO neutron.api.wsgi [None req-f7ec1c6a-6600-44e2-a672-ba5b7c80d7d8 a8f2755b3de646a2b1d7acf9d94de3b7 36836dd25a714ea2bb448d4f64c0d604 - - default default] 10.0.0.58 "POST /v2.0/security-group-rules HTTP/1.1" status: 201 len: 800 time: 0.2414315
2026-05-07 04:38:23.625 10 WARNING neutron_lib.context [None req-27973888-caa2-4487-ad44-4329b15cf6fc a8f2755b3de646a2b1d7acf9d94de3b7 36836dd25a714ea2bb448d4f64c0d604 - - default default] Method 'is_advsvc' is deprecated since 2023.2 release (neutron-lib 3.8.0) and will be removed once support for the old RBAC API policies will be removed from Neutron. Please use method 'is_service_role' instead.
2026-05-07 04:38:23.762 10 INFO neutron.db.ovn_revision_numbers_db [None req-27973888-caa2-4487-ad44-4329b15cf6fc a8f2755b3de646a2b1d7acf9d94de3b7 36836dd25a714ea2bb448d4f64c0d604 - - default default] Successfully bumped revision number for resource 819a2aca-57e7-4eb2-945c-c13cecfdf7c2 (type: security_group_rules) to 0
2026-05-07 04:38:23.779 10 INFO neutron.db.ovn_revision_numbers_db [None req-eff9d0b6-08e8-461d-ac00-a919902a6698 dc4c0f2abc5040fba7c21d2eb5ff3a72 507782b9bc0b4558ad3d39f031921b8f - - default default] Successfully bumped revision number for resource ae20b9fc-95e2-4869-a119-ae463ab29763 (type: ports) to 1
2026-05-07 04:38:23.793 10 INFO neutron.api.wsgi [None req-27973888-caa2-4487-ad44-4329b15cf6fc a8f2755b3de646a2b1d7acf9d94de3b7 36836dd25a714ea2bb448d4f64c0d604 - - default default] 10.0.0.58 "POST /v2.0/security-group-rules HTTP/1.1" status: 201 len: 800 time: 0.1721549
2026-05-07 04:38:23.803 10 WARNING neutron_lib.context [None req-1028360b-f49b-4fdd-9694-f327e0211416 a8f2755b3de646a2b1d7acf9d94de3b7 36836dd25a714ea2bb448d4f64c0d604 - - default default] Method 'is_advsvc' is deprecated since 2023.2 release (neutron-lib 3.8.0) and will be removed once support for the old RBAC API policies will be removed from Neutron. Please use method 'is_service_role' instead.
2026-05-07 04:38:23.837 10 WARNING neutron.scheduler.dhcp_agent_scheduler [None req-eff9d0b6-08e8-461d-ac00-a919902a6698 dc4c0f2abc5040fba7c21d2eb5ff3a72 507782b9bc0b4558ad3d39f031921b8f - - default default] No more DHCP agents
2026-05-07 04:38:23.839 10 WARNING neutron.api.rpc.agentnotifiers.dhcp_rpc_agent_api [None req-eff9d0b6-08e8-461d-ac00-a919902a6698 dc4c0f2abc5040fba7c21d2eb5ff3a72 507782b9bc0b4558ad3d39f031921b8f - - default default] Unable to schedule network b042748f-334d-4655-a5fb-85df1bb36a29: no agents available; will retry on subsequent port and subnet creation events.
2026-05-07 04:38:23.947 10 INFO neutron.db.ovn_revision_numbers_db [None req-1028360b-f49b-4fdd-9694-f327e0211416 a8f2755b3de646a2b1d7acf9d94de3b7 36836dd25a714ea2bb448d4f64c0d604 - - default default] Successfully bumped revision number for resource 561cafc8-f050-4ca2-9b00-1320d2ab3a92 (type: security_group_rules) to 0
2026-05-07 04:38:23.985 10 INFO neutron.api.wsgi [None req-1028360b-f49b-4fdd-9694-f327e0211416 a8f2755b3de646a2b1d7acf9d94de3b7 36836dd25a714ea2bb448d4f64c0d604 - - default default] 10.0.0.58 "POST /v2.0/security-group-rules HTTP/1.1" status: 201 len: 796 time: 0.1859112
2026-05-07 04:38:23.999 9 WARNING neutron_lib.context [None req-14f01244-d9ed-49e4-839c-c4a5864cf0b2 a8f2755b3de646a2b1d7acf9d94de3b7 36836dd25a714ea2bb448d4f64c0d604 - - default default] Method 'is_advsvc' is deprecated since 2023.2 release (neutron-lib 3.8.0) and will be removed once support for the old RBAC API policies will be removed from Neutron. Please use method 'is_service_role' instead.
2026-05-07 04:38:24.174 9 INFO neutron.db.ovn_revision_numbers_db [None req-14f01244-d9ed-49e4-839c-c4a5864cf0b2 a8f2755b3de646a2b1d7acf9d94de3b7 36836dd25a714ea2bb448d4f64c0d604 - - default default] Successfully bumped revision number for resource a9ef78c5-48fa-4e84-a009-51eeee3aed1b (type: security_group_rules) to 0
2026-05-07 04:38:24.179 10 INFO neutron.db.ovn_revision_numbers_db [None req-eff9d0b6-08e8-461d-ac00-a919902a6698 dc4c0f2abc5040fba7c21d2eb5ff3a72 507782b9bc0b4558ad3d39f031921b8f - - default default] Successfully bumped revision number for resource ae20b9fc-95e2-4869-a119-ae463ab29763 (type: router_ports) to 1
2026-05-07 04:38:24.183 10 INFO neutron.api.wsgi [None req-eff9d0b6-08e8-461d-ac00-a919902a6698 dc4c0f2abc5040fba7c21d2eb5ff3a72 507782b9bc0b4558ad3d39f031921b8f - - default default] 10.0.0.58 "PUT /v2.0/routers/1cf44432-dc01-4ef3-9726-81b3f953a632/add_router_interface HTTP/1.1" status: 200 len: 503 time: 1.6745291
2026-05-07 04:38:24.192 10 WARNING neutron_lib.context [None req-44c93d56-418d-455f-9624-0c6ffe5ba654 dc4c0f2abc5040fba7c21d2eb5ff3a72 507782b9bc0b4558ad3d39f031921b8f - - default default] Method 'is_advsvc' is deprecated since 2023.2 release (neutron-lib 3.8.0) and will be removed once support for the old RBAC API policies will be removed from Neutron. Please use method 'is_service_role' instead.
2026-05-07 04:38:24.237 9 INFO neutron.api.wsgi [None req-14f01244-d9ed-49e4-839c-c4a5864cf0b2 a8f2755b3de646a2b1d7acf9d94de3b7 36836dd25a714ea2bb448d4f64c0d604 - - default default] 10.0.0.58 "POST /v2.0/security-group-rules HTTP/1.1" status: 201 len: 796 time: 0.2443304
2026-05-07 04:38:24.244 9 INFO neutron.api.wsgi [None req-d6fd0e5a-6d9a-4eb7-8b40-997281a70af2 ce632d76966a4c36b373021fa2dac8d0 f3b2c4eeb3ee4a1b93fb1c15ccb58fd0 - - default default] 10.0.0.58 "PUT /v2.0/routers/15995bf1-62ff-4ccd-bc4c-3204af6c22aa/remove_router_interface HTTP/1.1" status: 200 len: 503 time: 1.2845805
2026-05-07 04:38:24.247 10 WARNING neutron_lib.context [None req-de493c51-5e5d-4035-b512-1e4cebf0314a a8f2755b3de646a2b1d7acf9d94de3b7 36836dd25a714ea2bb448d4f64c0d604 - - default default] Method 'is_advsvc' is deprecated since 2023.2 release (neutron-lib 3.8.0) and will be removed once support for the old RBAC API policies will be removed from Neutron. Please use method 'is_service_role' instead. /var/lib/openstack/lib/python3.12/site-packages/pycadf/identifier.py:71: UserWarning: Invalid uuid: neutron. To ensure interoperability, identifiers should be a valid uuid. warnings.warn(('Invalid uuid: %s. To ensure interoperability, '
2026-05-07 04:38:24.524 10 INFO neutron.db.ovn_revision_numbers_db [None req-de493c51-5e5d-4035-b512-1e4cebf0314a a8f2755b3de646a2b1d7acf9d94de3b7 36836dd25a714ea2bb448d4f64c0d604 - - default default] Successfully bumped revision number for resource c4fda662-dfc8-461e-a95b-8d1391468cb1 (type: security_group_rules) to 0
2026-05-07 04:38:24.571 10 INFO neutron.api.wsgi [None req-de493c51-5e5d-4035-b512-1e4cebf0314a a8f2755b3de646a2b1d7acf9d94de3b7 36836dd25a714ea2bb448d4f64c0d604 - - default default] 10.0.0.58 "POST /v2.0/security-group-rules HTTP/1.1" status: 201 len: 796 time: 0.3274179
2026-05-07 04:38:24.590 9 WARNING neutron_lib.context [None req-2e9eaceb-3a4b-4f4e-a0ee-51e59ca63cee a8f2755b3de646a2b1d7acf9d94de3b7 36836dd25a714ea2bb448d4f64c0d604 - - default default] Method 'is_advsvc' is deprecated since 2023.2 release (neutron-lib 3.8.0) and will be removed once support for the old RBAC API policies will be removed from Neutron. Please use method 'is_service_role' instead.
2026-05-07 04:38:24.733 9 INFO neutron.api.wsgi [req-fdddad46-1be2-4053-9547-c69c4dc4bfc4 req-760c0ab2-0122-4745-89a7-f1c0d1f7c131 ccae579c3f944de1bd19a48a2b00e231 c71c8e6a42664e1ea8fe99e318afb6cb - - default default] 10.0.0.7 "GET /v2.0/ports?device_id=2295ee50-f104-4b8c-a30a-05de8888fbd7 HTTP/1.1" status: 200 len: 1170 time: 0.0686376
2026-05-07 04:38:24.759 10 WARNING neutron.scheduler.dhcp_agent_scheduler [None req-e917ace3-d7aa-4bdd-9b49-8933f3902bc7 - - - - - -] No more DHCP agents
2026-05-07 04:38:24.760 10 WARNING neutron.api.rpc.agentnotifiers.dhcp_rpc_agent_api [None req-e917ace3-d7aa-4bdd-9b49-8933f3902bc7 - - - - - -] Unable to schedule network bb2502a7-810e-44b0-bf54-9c9da8f1d864: no agents available; will retry on subsequent port and subnet creation events.
2026-05-07 04:38:24.808 9 INFO neutron.api.wsgi [req-fdddad46-1be2-4053-9547-c69c4dc4bfc4 req-06bd77f9-d03d-4afb-8fc5-ea630128c21d ccae579c3f944de1bd19a48a2b00e231 c71c8e6a42664e1ea8fe99e318afb6cb - - default default] 10.0.0.7 "GET /v2.0/security-groups?id=f3bdb4bf-ce73-4877-9823-5e6d7c5eb527&fields=id&fields=name HTTP/1.1" status: 200 len: 310 time: 0.0647430
2026-05-07 04:38:24.827 9 INFO neutron.db.ovn_revision_numbers_db [None req-2e9eaceb-3a4b-4f4e-a0ee-51e59ca63cee a8f2755b3de646a2b1d7acf9d94de3b7 36836dd25a714ea2bb448d4f64c0d604 - - default default] Successfully bumped revision number for resource 2210674c-e3fa-41fb-9d71-a601a0f6dbe3 (type: security_group_rules) to 0
2026-05-07 04:38:24.866 10 INFO neutron.db.ovn_revision_numbers_db [None req-e917ace3-d7aa-4bdd-9b49-8933f3902bc7 - - - - - -] Successfully bumped revision number for resource d6928731-f96b-463f-b7e8-486952c534fb (type: ports) to 1
2026-05-07 04:38:24.870 9 INFO neutron.api.wsgi [None req-2e9eaceb-3a4b-4f4e-a0ee-51e59ca63cee a8f2755b3de646a2b1d7acf9d94de3b7 36836dd25a714ea2bb448d4f64c0d604 - - default default] 10.0.0.58 "POST /v2.0/security-group-rules HTTP/1.1" status: 201 len: 798 time: 0.2907014
2026-05-07 04:38:24.879 10 WARNING neutron_lib.context [None req-8e35bb54-4d6d-47cd-8d63-d8fc92e2e721 a8f2755b3de646a2b1d7acf9d94de3b7 36836dd25a714ea2bb448d4f64c0d604 - - default default] Method 'is_advsvc' is deprecated since 2023.2 release (neutron-lib 3.8.0) and will be removed once support for the old RBAC API policies will be removed from Neutron. Please use method 'is_service_role' instead.
2026-05-07 04:38:24.995 9 INFO neutron.api.wsgi [None req-4d0c343f-0862-4cc2-8707-1f460b203eeb ce632d76966a4c36b373021fa2dac8d0 f3b2c4eeb3ee4a1b93fb1c15ccb58fd0 - - default default] 10.0.0.58 "DELETE /v2.0/routers/15995bf1-62ff-4ccd-bc4c-3204af6c22aa HTTP/1.1" status: 204 len: 168 time: 0.7468100
2026-05-07 04:38:25.022 9 WARNING neutron.plugins.ml2.drivers.ovn.mech_driver.ovsdb.ovn_client [None req-fa5c3646-9ef1-448c-ac5f-a80573632197 - - - - - -] No hosting information found for port 256e579a-7ff2-4fbd-83f5-91e69e6aa0c1: RuntimeError: No hosting information found for port 256e579a-7ff2-4fbd-83f5-91e69e6aa0c1
2026-05-07 04:38:25.086 10 INFO neutron.db.ovn_revision_numbers_db [None req-8e35bb54-4d6d-47cd-8d63-d8fc92e2e721 a8f2755b3de646a2b1d7acf9d94de3b7 36836dd25a714ea2bb448d4f64c0d604 - - default default] Successfully bumped revision number for resource c4235d7b-d7ae-45a2-b93d-4cbbb4970186 (type: security_group_rules) to 0
2026-05-07 04:38:25.125 9 INFO neutron.db.ovn_revision_numbers_db [None req-fa5c3646-9ef1-448c-ac5f-a80573632197 - - - - - -] Successfully bumped revision number for resource 256e579a-7ff2-4fbd-83f5-91e69e6aa0c1 (type: router_ports) to 2
2026-05-07 04:38:25.137 10 INFO neutron.api.wsgi [None req-8e35bb54-4d6d-47cd-8d63-d8fc92e2e721 a8f2755b3de646a2b1d7acf9d94de3b7 36836dd25a714ea2bb448d4f64c0d604 - - default default] 10.0.0.58 "POST /v2.0/security-group-rules HTTP/1.1" status: 201 len: 800 time: 0.2613401
2026-05-07 04:38:25.143 10 INFO neutron.db.ovn_revision_numbers_db [None req-e917ace3-d7aa-4bdd-9b49-8933f3902bc7 - - - - - -] Successfully bumped revision number for resource d6928731-f96b-463f-b7e8-486952c534fb (type: ports) to 3 /var/lib/openstack/lib/python3.12/site-packages/pycadf/identifier.py:71: UserWarning: Invalid uuid: neutron. To ensure interoperability, identifiers should be a valid uuid. warnings.warn(('Invalid uuid: %s. To ensure interoperability, '
2026-05-07 04:38:25.149 9 WARNING neutron_lib.context [None req-03ab4ed2-6f7f-4896-924a-1bb52ca4be50 a8f2755b3de646a2b1d7acf9d94de3b7 36836dd25a714ea2bb448d4f64c0d604 - - default default] Method 'is_advsvc' is deprecated since 2023.2 release (neutron-lib 3.8.0) and will be removed once support for the old RBAC API policies will be removed from Neutron. Please use method 'is_service_role' instead.
2026-05-07 04:38:25.177 10 INFO neutron.api.wsgi [None req-6ca67be8-d3cf-467d-a755-ad34810fbbe2 ce632d76966a4c36b373021fa2dac8d0 f3b2c4eeb3ee4a1b93fb1c15ccb58fd0 - - default default] 10.0.0.58 "DELETE /v2.0/subnets/5414eb40-54b9-4d9f-b8e4-3973bef866a5 HTTP/1.1" status: 204 len: 168 time: 0.1763058
2026-05-07 04:38:25.186 9 INFO neutron.plugins.ml2.drivers.ovn.mech_driver.mech_driver [None req-fa5c3646-9ef1-448c-ac5f-a80573632197 - - - - - -] OVN reports status up for port: 4aad2a91-9e47-4166-b3da-924a1c4c0bdd
2026-05-07 04:38:25.197 9 INFO neutron.plugins.ml2.plugin [None req-fa5c3646-9ef1-448c-ac5f-a80573632197 - - - - - -] Attempt 1 to provision port 4aad2a91-9e47-4166-b3da-924a1c4c0bdd
2026-05-07 04:38:25.203 10 INFO neutron.db.segments_db [None req-e917ace3-d7aa-4bdd-9b49-8933f3902bc7 - - - - - -] Added segment 7512ccb2-8a57-49c8-bc28-5c78f22bc8e6 of type geneve for network 233b80a5-8164-4e5e-b182-2e72d448c274
2026-05-07 04:38:25.218 9 INFO neutron.api.wsgi [req-84dabb50-71c0-46a4-899c-bb2b35507809 req-e1dfabdf-1370-47ec-bf19-3861b3c97190 ccae579c3f944de1bd19a48a2b00e231 c71c8e6a42664e1ea8fe99e318afb6cb - - default default] 199.19.213.105 "GET /v2.0/ports?device_id=2295ee50-f104-4b8c-a30a-05de8888fbd7 HTTP/1.1" status: 200 len: 1170 time: 0.0463223
2026-05-07 04:38:25.324 10 INFO neutron.db.ovn_revision_numbers_db [None req-92a017a8-92c4-4d28-986c-6fa274a4179a - - - - - -] Successfully bumped revision number for resource 233b80a5-8164-4e5e-b182-2e72d448c274 (type: networks) to 1
2026-05-07 04:38:25.339 9 INFO neutron.api.wsgi [-] 10.0.0.116 "GET / HTTP/1.1" status: 200 len: 247 time: 0.0012989
2026-05-07 04:38:25.340 9 INFO neutron.api.wsgi [-] 10.0.0.116 "GET / HTTP/1.1" status: 200 len: 247 time: 0.0008376
2026-05-07 04:38:25.370 9 INFO neutron.db.ovn_revision_numbers_db [None req-03ab4ed2-6f7f-4896-924a-1bb52ca4be50 a8f2755b3de646a2b1d7acf9d94de3b7 36836dd25a714ea2bb448d4f64c0d604 - - default default] Successfully bumped revision number for resource 55a1e4d7-2688-475a-a1d8-a2545b95fd6a (type: security_group_rules) to 0
2026-05-07 04:38:25.416 9 INFO neutron.api.wsgi [None req-03ab4ed2-6f7f-4896-924a-1bb52ca4be50 a8f2755b3de646a2b1d7acf9d94de3b7 36836dd25a714ea2bb448d4f64c0d604 - - default default] 10.0.0.58 "POST /v2.0/security-group-rules HTTP/1.1" status: 201 len: 796 time: 0.2738109
2026-05-07 04:38:25.445 10 WARNING neutron.scheduler.dhcp_agent_scheduler [None req-92a017a8-92c4-4d28-986c-6fa274a4179a - - - - - -] No more DHCP agents
2026-05-07 04:38:25.448 10 WARNING neutron.api.rpc.agentnotifiers.dhcp_rpc_agent_api [None req-92a017a8-92c4-4d28-986c-6fa274a4179a - - - - - -] Unable to schedule network 233b80a5-8164-4e5e-b182-2e72d448c274: no agents available; will retry on subsequent port and subnet creation events.
2026-05-07 04:38:25.510 10 INFO neutron.services.segments.plugin [-] Segment ffdefab0-a4f7-4625-8ee4-9d7dc9c039e1 resource provider aggregate not found
2026-05-07 04:38:25.514 10 INFO neutron.services.segments.plugin [-] Segment ffdefab0-a4f7-4625-8ee4-9d7dc9c039e1 resource provider aggregate not found
2026-05-07 04:38:25.531 10 INFO neutron.services.segments.plugin [-] Segment ffdefab0-a4f7-4625-8ee4-9d7dc9c039e1 resource provider not found; error: Placement Client Error (4xx): {"errors": [{"status": 404, "title": "Not Found", "detail": "The resource could not be found.\n\n No resource provider with uuid ffdefab0-a4f7-4625-8ee4-9d7dc9c039e1 found for delete ", "request_id": "req-c6b24b8e-7131-4eae-b280-0c43e8fa0b1e"}]}
2026-05-07 04:38:25.532 10 INFO neutron.services.segments.plugin [-] Segment ffdefab0-a4f7-4625-8ee4-9d7dc9c039e1 resource provider not found; error: Placement Client Error (4xx): {"errors": [{"status": 404, "title": "Not Found", "detail": "The resource could not be found.\n\n No resource provider with uuid ffdefab0-a4f7-4625-8ee4-9d7dc9c039e1 found for delete ", "request_id": "req-1f139fe8-f1cb-4426-9b52-c6bc9c445779"}]}
2026-05-07 04:38:25.547 10 INFO neutron.api.wsgi [None req-8700381b-478d-41ed-8f21-e4bf4473498e ce632d76966a4c36b373021fa2dac8d0 f3b2c4eeb3ee4a1b93fb1c15ccb58fd0 - - default default] 10.0.0.58 "DELETE /v2.0/networks/a40820e3-35eb-4197-8310-7a619e7655b2 HTTP/1.1" status: 204 len: 168 time: 0.3656828
2026-05-07 04:38:25.548 10 INFO neutron.db.ovn_revision_numbers_db [None req-92a017a8-92c4-4d28-986c-6fa274a4179a - - - - - -] Successfully bumped revision number for resource eae75b78-9387-44e9-80b7-4fcd11fa52c9 (type: ports) to 1
