2026-05-07 04:35:43.733 10 INFO neutron.api.wsgi [req-ab35bee4-c063-45aa-b834-4a9863155c00 req-81d86d93-2c6c-4ae0-a6df-a712b305fb7b 046879e5f4314e3a9088d134d5bce4e1 b9431a5036e74769a6371566e849ad45 - - default default] 199.19.213.105 "GET /v2.0/extensions HTTP/1.1" status: 200 len: 19298 time: 0.0162175
2026-05-07 04:35:43.755 9 WARNING neutron.scheduler.dhcp_agent_scheduler [None req-c77c1c90-a39a-474f-ba5d-3a87d92f7f86 ce632d76966a4c36b373021fa2dac8d0 f3b2c4eeb3ee4a1b93fb1c15ccb58fd0 - - default default] No more DHCP agents
2026-05-07 04:35:43.756 9 WARNING neutron.api.rpc.agentnotifiers.dhcp_rpc_agent_api [None req-c77c1c90-a39a-474f-ba5d-3a87d92f7f86 ce632d76966a4c36b373021fa2dac8d0 f3b2c4eeb3ee4a1b93fb1c15ccb58fd0 - - default default] Unable to schedule network f7358c28-8c32-4fb2-b293-37763df08361: no agents available; will retry on subsequent port and subnet creation events.
2026-05-07 04:35:44.151 9 INFO neutron.db.ovn_revision_numbers_db [None req-96206c2b-15f3-4c4a-9d99-93c6251bba1a - - - - - -] Successfully bumped revision number for resource 76378379-f75a-45db-a797-b2a694c77032 (type: ports) to 2
2026-05-07 04:35:44.179 9 INFO neutron.db.ovn_revision_numbers_db [None req-96206c2b-15f3-4c4a-9d99-93c6251bba1a - - - - - -] Successfully bumped revision number for resource e283d5e3-a666-43ee-9521-2b5143ac95d3 (type: subnets) to 0
2026-05-07 04:35:44.193 9 INFO neutron.api.wsgi [None req-c77c1c90-a39a-474f-ba5d-3a87d92f7f86 ce632d76966a4c36b373021fa2dac8d0 f3b2c4eeb3ee4a1b93fb1c15ccb58fd0 - - default default] 10.0.0.58 "POST /v2.0/subnets HTTP/1.1" status: 201 len: 891 time: 0.6005142
2026-05-07 04:35:44.373 10 INFO neutron.db.ovn_revision_numbers_db [req-ab35bee4-c063-45aa-b834-4a9863155c00 req-f90b981a-aedb-4452-be2f-9bd2ba77c068 b9d9def71d194032a4ed1e1ec88523b9 d2c7cb5775e94dffa99d4e5e41325356 - - b74b1b31a6064d86ba7664f2a626d740 b74b1b31a6064d86ba7664f2a626d740] Successfully bumped revision number for resource fbf9d65f-5705-4095-a1c2-cd0e0db5ba4d (type: ports) to 2
2026-05-07 04:35:44.382 9 INFO neutron.api.wsgi [req-b317b39d-0d62-43a2-9371-dea94017e071 req-fde767fb-a3b8-48c8-b567-3ac208a833e6 d5bb01d1f5384451b8bf32ad0101e6c0 eaa9899e0a7d4d5a9987efed84b87ee3 - - default default] 10.0.0.7 "GET /v2.0/ports?device_id=c95853dc-a388-49c7-9120-cf49d24e32b8 HTTP/1.1" status: 200 len: 210 time: 0.0160820
2026-05-07 04:35:44.542 10 INFO neutron.db.ovn_revision_numbers_db [req-ab35bee4-c063-45aa-b834-4a9863155c00 req-f90b981a-aedb-4452-be2f-9bd2ba77c068 b9d9def71d194032a4ed1e1ec88523b9 d2c7cb5775e94dffa99d4e5e41325356 - - b74b1b31a6064d86ba7664f2a626d740 b74b1b31a6064d86ba7664f2a626d740] Successfully bumped revision number for resource fbf9d65f-5705-4095-a1c2-cd0e0db5ba4d (type: ports) to 4
2026-05-07 04:35:44.556 10 INFO neutron.api.wsgi [req-ab35bee4-c063-45aa-b834-4a9863155c00 req-f90b981a-aedb-4452-be2f-9bd2ba77c068 b9d9def71d194032a4ed1e1ec88523b9 d2c7cb5775e94dffa99d4e5e41325356 - - b74b1b31a6064d86ba7664f2a626d740 b74b1b31a6064d86ba7664f2a626d740] 199.19.213.105 "PUT /v2.0/ports/fbf9d65f-5705-4095-a1c2-cd0e0db5ba4d HTTP/1.1" status: 200 len: 1408 time: 0.5033646
2026-05-07 04:35:44.559 9 WARNING neutron.scheduler.dhcp_agent_scheduler [None req-b8295bf5-e0ba-4a22-a832-a508bf121225 ce632d76966a4c36b373021fa2dac8d0 f3b2c4eeb3ee4a1b93fb1c15ccb58fd0 - - default default] No more DHCP agents
2026-05-07 04:35:44.561 9 WARNING neutron.api.rpc.agentnotifiers.dhcp_rpc_agent_api [None req-b8295bf5-e0ba-4a22-a832-a508bf121225 ce632d76966a4c36b373021fa2dac8d0 f3b2c4eeb3ee4a1b93fb1c15ccb58fd0 - - default default] Unable to schedule network bb2502a7-810e-44b0-bf54-9c9da8f1d864: no agents available; will retry on subsequent port and subnet creation events. /var/lib/openstack/lib/python3.12/site-packages/pycadf/identifier.py:71: UserWarning: Invalid uuid: neutron. To ensure interoperability, identifiers should be a valid uuid. warnings.warn(('Invalid uuid: %s. To ensure interoperability, '
2026-05-07 04:35:44.679 9 INFO neutron.db.ovn_revision_numbers_db [None req-b8295bf5-e0ba-4a22-a832-a508bf121225 ce632d76966a4c36b373021fa2dac8d0 f3b2c4eeb3ee4a1b93fb1c15ccb58fd0 - - default default] Successfully bumped revision number for resource ba5bba29-1bf6-4152-85da-a555c2f14740 (type: ports) to 1
2026-05-07 04:35:44.707 10 INFO neutron.api.wsgi [req-6091da7e-5588-4e64-bd59-f1c00de7bfbd req-46236cc7-8cb6-4fdb-bd9c-896ab49ca0d4 d5bb01d1f5384451b8bf32ad0101e6c0 eaa9899e0a7d4d5a9987efed84b87ee3 - - default default] 199.19.213.105 "GET /v2.0/networks?id=bfe5b731-8b90-43f1-b303-a99325a1b5ab HTTP/1.1" status: 200 len: 868 time: 0.0448992
2026-05-07 04:35:44.771 10 INFO neutron.api.wsgi [req-6091da7e-5588-4e64-bd59-f1c00de7bfbd req-02d2a077-3306-458e-8d66-c40d139e6ac9 d5bb01d1f5384451b8bf32ad0101e6c0 eaa9899e0a7d4d5a9987efed84b87ee3 - - default default] 199.19.213.105 "GET /v2.0/security-groups?fields=id&fields=name&tenant_id=eaa9899e0a7d4d5a9987efed84b87ee3 HTTP/1.1" status: 200 len: 379 time: 0.0577049
2026-05-07 04:35:44.774 9 INFO neutron.api.wsgi [req-e2fc6c80-7bd7-4897-b01a-066552b86e5b req-bb945753-ac02-4b59-9c88-f65526fa5132 8923d15792c94648a5a72345a6e29f0b f5f1698f42f04966a3c147adaae5cb18 - - default default] 10.0.0.7 "GET /v2.0/ports?device_id=deaa7c9e-1ce8-47d2-bfda-11222dd49092 HTTP/1.1" status: 200 len: 210 time: 0.0303397
2026-05-07 04:35:44.778 10 WARNING neutron_lib.context [req-6091da7e-5588-4e64-bd59-f1c00de7bfbd req-efcc05ee-c72e-4a99-b495-8dbc02579d80 d5bb01d1f5384451b8bf32ad0101e6c0 eaa9899e0a7d4d5a9987efed84b87ee3 - - default default] Method 'is_advsvc' is deprecated since 2023.2 release (neutron-lib 3.8.0) and will be removed once support for the old RBAC API policies will be removed from Neutron. Please use method 'is_service_role' instead.
2026-05-07 04:35:44.812 9 INFO neutron.api.wsgi [req-6f862eca-a022-4392-a21f-356bbf25f54d req-72884fdd-d9ae-4f49-b873-93bcfea4d1d7 046879e5f4314e3a9088d134d5bce4e1 b9431a5036e74769a6371566e849ad45 - - default default] 10.0.0.7 "GET /v2.0/ports?device_id=de595e42-302e-411d-a191-526384a17d77 HTTP/1.1" status: 200 len: 1172 time: 0.0424838
2026-05-07 04:35:44.876 9 INFO neutron.api.wsgi [req-6f862eca-a022-4392-a21f-356bbf25f54d req-ecc7bf56-b418-4e93-a18e-3d4ed92247cc 046879e5f4314e3a9088d134d5bce4e1 b9431a5036e74769a6371566e849ad45 - - default default] 10.0.0.7 "GET /v2.0/security-groups?id=5dca141e-af9a-4012-be75-a6f0722ba6c2&fields=id&fields=name HTTP/1.1" status: 200 len: 286 time: 0.0569036
2026-05-07 04:35:44.984 10 INFO neutron.notifiers.nova [-] Nova event matching ['req-dbd0063d-986b-4ed8-9d57-db8ffc402122'] response: {'name': 'network-changed', 'server_uuid': 'de595e42-302e-411d-a191-526384a17d77', 'tag': 'fbf9d65f-5705-4095-a1c2-cd0e0db5ba4d', 'status': 'completed', 'code': 200}
2026-05-07 04:35:45.095 10 WARNING neutron.scheduler.dhcp_agent_scheduler [req-6091da7e-5588-4e64-bd59-f1c00de7bfbd req-efcc05ee-c72e-4a99-b495-8dbc02579d80 d5bb01d1f5384451b8bf32ad0101e6c0 eaa9899e0a7d4d5a9987efed84b87ee3 - - default default] No more DHCP agents
2026-05-07 04:35:45.096 10 WARNING neutron.api.rpc.agentnotifiers.dhcp_rpc_agent_api [req-6091da7e-5588-4e64-bd59-f1c00de7bfbd req-efcc05ee-c72e-4a99-b495-8dbc02579d80 d5bb01d1f5384451b8bf32ad0101e6c0 eaa9899e0a7d4d5a9987efed84b87ee3 - - default default] Unable to schedule network bfe5b731-8b90-43f1-b303-a99325a1b5ab: no agents available; will retry on subsequent port and subnet creation events.
2026-05-07 04:35:45.211 10 INFO neutron.db.ovn_revision_numbers_db [req-6091da7e-5588-4e64-bd59-f1c00de7bfbd req-efcc05ee-c72e-4a99-b495-8dbc02579d80 d5bb01d1f5384451b8bf32ad0101e6c0 eaa9899e0a7d4d5a9987efed84b87ee3 - - default default] Successfully bumped revision number for resource 038005e3-0ae2-437d-8fe4-01462ffa061f (type: ports) to 1
2026-05-07 04:35:45.235 10 INFO neutron.api.wsgi [req-6091da7e-5588-4e64-bd59-f1c00de7bfbd req-efcc05ee-c72e-4a99-b495-8dbc02579d80 d5bb01d1f5384451b8bf32ad0101e6c0 eaa9899e0a7d4d5a9987efed84b87ee3 - - default default] 199.19.213.105 "POST /v2.0/ports HTTP/1.1" status: 201 len: 1158 time: 0.4608080 /var/lib/openstack/lib/python3.12/site-packages/pycadf/identifier.py:71: UserWarning: Invalid uuid: neutron. To ensure interoperability, identifiers should be a valid uuid. warnings.warn(('Invalid uuid: %s. To ensure interoperability, '
2026-05-07 04:35:45.319 9 INFO neutron.plugins.ml2.drivers.ovn.mech_driver.ovsdb.commands [None req-5d0f33a3-cf3a-4d5c-8c62-2944cf6d0067 - - - - - -] Schedule LRP lrp-ba5bba29-1bf6-4152-85da-a555c2f14740 on gateway 915079cd-9092-498e-85d0-4a41130fc0c4 with priority 1
2026-05-07 04:35:45.355 10 INFO neutron.plugins.ml2.drivers.ovn.mech_driver.ovsdb.ovsdb_monitor [None req-c281d34e-6118-41b5-a88d-7679ed87df2a - - - - - -] Router c3e4a297-dd50-45b7-a743-160951664f67 is bound to host instance
2026-05-07 04:35:45.361 9 INFO neutron.db.ovn_revision_numbers_db [None req-b8295bf5-e0ba-4a22-a832-a508bf121225 ce632d76966a4c36b373021fa2dac8d0 f3b2c4eeb3ee4a1b93fb1c15ccb58fd0 - - default default] Successfully bumped revision number for resource ba5bba29-1bf6-4152-85da-a555c2f14740 (type: router_ports) to 1
2026-05-07 04:35:45.418 9 INFO neutron.db.ovn_revision_numbers_db [None req-b8295bf5-e0ba-4a22-a832-a508bf121225 ce632d76966a4c36b373021fa2dac8d0 f3b2c4eeb3ee4a1b93fb1c15ccb58fd0 - - default default] Successfully bumped revision number for resource c3e4a297-dd50-45b7-a743-160951664f67 (type: routers) to 2
2026-05-07 04:35:45.433 9 INFO neutron.api.wsgi [None req-b8295bf5-e0ba-4a22-a832-a508bf121225 ce632d76966a4c36b373021fa2dac8d0 f3b2c4eeb3ee4a1b93fb1c15ccb58fd0 - - default default] 10.0.0.58 "POST /v2.0/routers HTTP/1.1" status: 201 len: 1169 time: 1.2354212
2026-05-07 04:35:45.502 9 INFO neutron.api.wsgi [req-d0de3515-bb9b-4ed2-851e-58f7f51f3fb0 req-b1ba0af1-45ba-4981-aea0-bb2159f6569a d5bb01d1f5384451b8bf32ad0101e6c0 eaa9899e0a7d4d5a9987efed84b87ee3 - - default default] 10.0.0.7 "GET /v2.0/ports?device_id=c95853dc-a388-49c7-9120-cf49d24e32b8 HTTP/1.1" status: 200 len: 1156 time: 0.0657816
2026-05-07 04:35:45.536 9 INFO neutron.api.wsgi [req-d0de3515-bb9b-4ed2-851e-58f7f51f3fb0 req-2751bb16-667d-4a5b-981a-5c7392422cc0 d5bb01d1f5384451b8bf32ad0101e6c0 eaa9899e0a7d4d5a9987efed84b87ee3 - - default default] 10.0.0.7 "GET /v2.0/security-groups?id=debd9f18-08b7-42bd-99b2-dd8de44ec924&fields=id&fields=name HTTP/1.1" status: 200 len: 312 time: 0.0309756
2026-05-07 04:35:45.563 10 INFO neutron.api.wsgi [req-fe2301fe-a0d1-45e7-95f6-97b4ef98492f req-6308eb23-8941-4f1a-9a7f-42baa1a6816e b9d9def71d194032a4ed1e1ec88523b9 d2c7cb5775e94dffa99d4e5e41325356 - - b74b1b31a6064d86ba7664f2a626d740 b74b1b31a6064d86ba7664f2a626d740] 199.19.213.105 "GET /v2.0/ports?tenant_id=b9431a5036e74769a6371566e849ad45&device_id=de595e42-302e-411d-a191-526384a17d77 HTTP/1.1" status: 200 len: 1411 time: 0.0671208
2026-05-07 04:35:45.660 10 INFO neutron.api.wsgi [req-fe2301fe-a0d1-45e7-95f6-97b4ef98492f req-9facd1f5-4223-45d5-b96c-b1ba4734f917 b9d9def71d194032a4ed1e1ec88523b9 d2c7cb5775e94dffa99d4e5e41325356 - - b74b1b31a6064d86ba7664f2a626d740 b74b1b31a6064d86ba7664f2a626d740] 199.19.213.105 "GET /v2.0/networks?tenant_id=b9431a5036e74769a6371566e849ad45&shared=False HTTP/1.1" status: 200 len: 976 time: 0.0895722 /var/lib/openstack/lib/python3.12/site-packages/pycadf/identifier.py:71: UserWarning: Invalid uuid: neutron. To ensure interoperability, identifiers should be a valid uuid. warnings.warn(('Invalid uuid: %s. To ensure interoperability, '
2026-05-07 04:35:45.763 10 INFO neutron.api.wsgi [req-fe2301fe-a0d1-45e7-95f6-97b4ef98492f req-0cbf6ef7-5755-4119-9b94-f3beb9747e23 b9d9def71d194032a4ed1e1ec88523b9 d2c7cb5775e94dffa99d4e5e41325356 - - b74b1b31a6064d86ba7664f2a626d740 b74b1b31a6064d86ba7664f2a626d740] 199.19.213.105 "GET /v2.0/networks?shared=True HTTP/1.1" status: 200 len: 952 time: 0.0958493
2026-05-07 04:35:45.851 9 INFO neutron.api.wsgi [req-6e9e781b-1ae3-42a9-9a1b-b9b1795b009a req-62d9e277-b06b-4673-b411-df3eba51ecf6 8923d15792c94648a5a72345a6e29f0b f5f1698f42f04966a3c147adaae5cb18 - - default default] 10.0.0.7 "GET /v2.0/ports?device_id=deaa7c9e-1ce8-47d2-bfda-11222dd49092 HTTP/1.1" status: 200 len: 210 time: 0.0187428
2026-05-07 04:35:45.960 9 INFO neutron.api.wsgi [req-e57236f9-8173-485c-9ac7-9be4adef1f84 req-f4fbd331-582c-49e0-8949-94b769715630 046879e5f4314e3a9088d134d5bce4e1 b9431a5036e74769a6371566e849ad45 - - default default] 10.0.0.7 "GET /v2.0/ports?device_id=de595e42-302e-411d-a191-526384a17d77 HTTP/1.1" status: 200 len: 1172 time: 0.0319204
2026-05-07 04:35:46.003 9 INFO neutron.api.wsgi [req-e57236f9-8173-485c-9ac7-9be4adef1f84 req-c7a6c89b-ce7e-4532-8e4c-39f149da2668 046879e5f4314e3a9088d134d5bce4e1 b9431a5036e74769a6371566e849ad45 - - default default] 10.0.0.7 "GET /v2.0/security-groups?id=5dca141e-af9a-4012-be75-a6f0722ba6c2&fields=id&fields=name HTTP/1.1" status: 200 len: 286 time: 0.0383191
2026-05-07 04:35:46.014 10 INFO neutron.db.ovn_revision_numbers_db [req-6091da7e-5588-4e64-bd59-f1c00de7bfbd req-00332e5d-605f-4a39-bb45-dfcf296fd2c7 b9d9def71d194032a4ed1e1ec88523b9 d2c7cb5775e94dffa99d4e5e41325356 - - b74b1b31a6064d86ba7664f2a626d740 b74b1b31a6064d86ba7664f2a626d740] Successfully bumped revision number for resource 038005e3-0ae2-437d-8fe4-01462ffa061f (type: ports) to 2
2026-05-07 04:35:46.268 10 INFO neutron.db.ovn_revision_numbers_db [None req-3a0c5482-4ec5-4eb1-aa97-8132763217ff - - - - - -] Successfully bumped revision number for resource ba5bba29-1bf6-4152-85da-a555c2f14740 (type: ports) to 1
2026-05-07 04:35:46.311 10 WARNING neutron.scheduler.dhcp_agent_scheduler [None req-77891f5d-e40d-4726-be0e-5496e4396938 ce632d76966a4c36b373021fa2dac8d0 f3b2c4eeb3ee4a1b93fb1c15ccb58fd0 - - default default] No more DHCP agents
2026-05-07 04:35:46.315 10 WARNING neutron.api.rpc.agentnotifiers.dhcp_rpc_agent_api [None req-77891f5d-e40d-4726-be0e-5496e4396938 ce632d76966a4c36b373021fa2dac8d0 f3b2c4eeb3ee4a1b93fb1c15ccb58fd0 - - default default] Unable to schedule network f7358c28-8c32-4fb2-b293-37763df08361: no agents available; will retry on subsequent port and subnet creation events.
2026-05-07 04:35:46.383 10 INFO neutron.db.ovn_revision_numbers_db [req-6091da7e-5588-4e64-bd59-f1c00de7bfbd req-00332e5d-605f-4a39-bb45-dfcf296fd2c7 b9d9def71d194032a4ed1e1ec88523b9 d2c7cb5775e94dffa99d4e5e41325356 - - b74b1b31a6064d86ba7664f2a626d740 b74b1b31a6064d86ba7664f2a626d740] Successfully bumped revision number for resource 038005e3-0ae2-437d-8fe4-01462ffa061f (type: ports) to 4
2026-05-07 04:35:46.416 10 INFO neutron.api.wsgi [req-6091da7e-5588-4e64-bd59-f1c00de7bfbd req-00332e5d-605f-4a39-bb45-dfcf296fd2c7 b9d9def71d194032a4ed1e1ec88523b9 d2c7cb5775e94dffa99d4e5e41325356 - - b74b1b31a6064d86ba7664f2a626d740 b74b1b31a6064d86ba7664f2a626d740] 199.19.213.105 "PUT /v2.0/ports/038005e3-0ae2-437d-8fe4-01462ffa061f HTTP/1.1" status: 200 len: 1404 time: 1.1704543
2026-05-07 04:35:46.495 10 INFO neutron.db.ovn_revision_numbers_db [None req-77891f5d-e40d-4726-be0e-5496e4396938 ce632d76966a4c36b373021fa2dac8d0 f3b2c4eeb3ee4a1b93fb1c15ccb58fd0 - - default default] Successfully bumped revision number for resource f1e03a7d-f69d-44ea-bece-805fb7c3ca88 (type: ports) to 1
2026-05-07 04:35:46.567 9 WARNING neutron.plugins.ml2.drivers.ovn.mech_driver.ovsdb.ovn_client [None req-1c4de673-4262-4003-a967-ef1c7ff9c754 - - - - - -] No hosting information found for port cee8c563-8541-45d5-bb64-d38a6223bbfa: RuntimeError: No hosting information found for port cee8c563-8541-45d5-bb64-d38a6223bbfa
2026-05-07 04:35:46.635 9 INFO neutron.api.wsgi [req-0b19f065-786b-4f90-aefd-c7cef477ecc1 req-7486e2bb-29cb-4273-ba67-586b0a24ae35 d5bb01d1f5384451b8bf32ad0101e6c0 eaa9899e0a7d4d5a9987efed84b87ee3 - - default default] 10.0.0.7 "GET /v2.0/ports?device_id=c95853dc-a388-49c7-9120-cf49d24e32b8 HTTP/1.1" status: 200 len: 1168 time: 0.0452778
2026-05-07 04:35:46.664 10 INFO neutron.db.ovn_revision_numbers_db [None req-3a0c5482-4ec5-4eb1-aa97-8132763217ff - - - - - -] Successfully bumped revision number for resource ba5bba29-1bf6-4152-85da-a555c2f14740 (type: ports) to 4
2026-05-07 04:35:46.670 9 INFO neutron.db.ovn_revision_numbers_db [None req-1c4de673-4262-4003-a967-ef1c7ff9c754 - - - - - -] Successfully bumped revision number for resource cee8c563-8541-45d5-bb64-d38a6223bbfa (type: router_ports) to 2
2026-05-07 04:35:46.675 9 INFO neutron.api.wsgi [req-0b19f065-786b-4f90-aefd-c7cef477ecc1 req-98d20e77-2c65-4f51-834b-9818ceeef4ab d5bb01d1f5384451b8bf32ad0101e6c0 eaa9899e0a7d4d5a9987efed84b87ee3 - - default default] 10.0.0.7 "GET /v2.0/security-groups?id=debd9f18-08b7-42bd-99b2-dd8de44ec924&fields=id&fields=name HTTP/1.1" status: 200 len: 312 time: 0.0313895
2026-05-07 04:35:46.707 9 INFO neutron.plugins.ml2.drivers.ovn.mech_driver.mech_driver [None req-1c4de673-4262-4003-a967-ef1c7ff9c754 - - - - - -] OVN reports status up for port: ba5bba29-1bf6-4152-85da-a555c2f14740
2026-05-07 04:35:46.717 9 INFO neutron.plugins.ml2.plugin [None req-1c4de673-4262-4003-a967-ef1c7ff9c754 - - - - - -] Attempt 1 to provision port ba5bba29-1bf6-4152-85da-a555c2f14740
2026-05-07 04:35:46.761 10 WARNING neutron.plugins.ml2.drivers.ovn.mech_driver.ovsdb.ovn_client [None req-5782cfaa-723a-4423-a3cf-3c16fcba7f39 - - - - - -] No hosting information found for port d5c13ce5-a582-4440-8bd7-2b416856b55c: RuntimeError: No hosting information found for port d5c13ce5-a582-4440-8bd7-2b416856b55c
2026-05-07 04:35:46.772 10 INFO neutron.plugins.ml2.drivers.ovn.mech_driver.mech_driver [None req-5782cfaa-723a-4423-a3cf-3c16fcba7f39 - - - - - -] OVN reports status up for port: e663c4ca-9703-47ac-8547-11935e9dd3db
2026-05-07 04:35:46.788 10 INFO neutron.plugins.ml2.plugin [None req-5782cfaa-723a-4423-a3cf-3c16fcba7f39 - - - - - -] Attempt 1 to provision port e663c4ca-9703-47ac-8547-11935e9dd3db /var/lib/openstack/lib/python3.12/site-packages/pycadf/identifier.py:71: UserWarning: Invalid uuid: neutron. To ensure interoperability, identifiers should be a valid uuid. warnings.warn(('Invalid uuid: %s. To ensure interoperability, '
2026-05-07 04:35:46.859 10 INFO neutron.api.wsgi [req-ab35bee4-c063-45aa-b834-4a9863155c00 req-367def39-498d-4ed8-961a-dfd1686626f3 b9d9def71d194032a4ed1e1ec88523b9 d2c7cb5775e94dffa99d4e5e41325356 - - b74b1b31a6064d86ba7664f2a626d740 b74b1b31a6064d86ba7664f2a626d740] 199.19.213.105 "GET /v2.0/ports?tenant_id=b9431a5036e74769a6371566e849ad45&device_id=de595e42-302e-411d-a191-526384a17d77 HTTP/1.1" status: 200 len: 1411 time: 0.0749886
2026-05-07 04:35:46.907 10 INFO neutron.api.wsgi [req-ab35bee4-c063-45aa-b834-4a9863155c00 req-a64a3b8c-4f3a-422c-b82b-8ce775cd4a5b b9d9def71d194032a4ed1e1ec88523b9 d2c7cb5775e94dffa99d4e5e41325356 - - b74b1b31a6064d86ba7664f2a626d740 b74b1b31a6064d86ba7664f2a626d740] 199.19.213.105 "GET /v2.0/floatingips?fixed_ip_address=10.100.0.11&port_id=fbf9d65f-5705-4095-a1c2-cd0e0db5ba4d HTTP/1.1" status: 200 len: 217 time: 0.0425987
2026-05-07 04:35:46.931 10 INFO neutron.api.wsgi [req-e9959e56-94db-4b93-a57a-c046c3b5d405 req-8482aa7e-7dda-427f-85ff-fb654dab11ba 8923d15792c94648a5a72345a6e29f0b f5f1698f42f04966a3c147adaae5cb18 - - default default] 199.19.213.105 "GET /v2.0/networks?id=7b5f04d7-993c-4026-ba97-096592c24137 HTTP/1.1" status: 200 len: 882 time: 0.1223657
2026-05-07 04:35:46.931 9 INFO neutron.api.wsgi [req-e9e41c9f-6b77-48c9-b17d-63b801c5239f req-2b2791c6-4afa-47e0-80c7-ed653f18ee11 8923d15792c94648a5a72345a6e29f0b f5f1698f42f04966a3c147adaae5cb18 - - default default] 10.0.0.7 "GET /v2.0/ports?device_id=deaa7c9e-1ce8-47d2-bfda-11222dd49092 HTTP/1.1" status: 200 len: 210 time: 0.0196383
2026-05-07 04:35:46.988 10 INFO neutron.api.wsgi [req-ab35bee4-c063-45aa-b834-4a9863155c00 req-d0c52de4-d663-46f0-aa5a-c0cc7332be44 b9d9def71d194032a4ed1e1ec88523b9 d2c7cb5775e94dffa99d4e5e41325356 - - b74b1b31a6064d86ba7664f2a626d740 b74b1b31a6064d86ba7664f2a626d740] 199.19.213.105 "GET /v2.0/subnets?id=a52a0e21-387a-4839-9563-4d477ef74056 HTTP/1.1" status: 200 len: 895 time: 0.0742984
2026-05-07 04:35:47.046 10 INFO neutron.notifiers.nova [-] Nova event matching ['req-3316244d-3b41-443a-a669-abf6c9f41c87'] response: {'name': 'network-changed', 'server_uuid': 'c95853dc-a388-49c7-9120-cf49d24e32b8', 'tag': '038005e3-0ae2-437d-8fe4-01462ffa061f', 'status': 'completed', 'code': 200}
2026-05-07 04:35:47.054 10 INFO neutron.api.wsgi [req-ab35bee4-c063-45aa-b834-4a9863155c00 req-6f3422e4-474b-4cc9-aaab-863d3586ca24 b9d9def71d194032a4ed1e1ec88523b9 d2c7cb5775e94dffa99d4e5e41325356 - - b74b1b31a6064d86ba7664f2a626d740 b74b1b31a6064d86ba7664f2a626d740] 199.19.213.105 "GET /v2.0/ports?network_id=fb8d7781-653e-4e34-a3b7-ada4b0eeb1c0&device_owner=network%3Adhcp HTTP/1.1" status: 200 len: 210 time: 0.0533655
2026-05-07 04:35:47.060 10 INFO neutron.api.wsgi [req-e9959e56-94db-4b93-a57a-c046c3b5d405 req-879c2e79-8d31-4ceb-aad4-00221e440301 8923d15792c94648a5a72345a6e29f0b f5f1698f42f04966a3c147adaae5cb18 - - default default] 199.19.213.105 "GET /v2.0/security-groups?fields=id&fields=name&tenant_id=f5f1698f42f04966a3c147adaae5cb18 HTTP/1.1" status: 200 len: 380 time: 0.1214736
2026-05-07 04:35:47.084 10 WARNING neutron_lib.context [req-e9959e56-94db-4b93-a57a-c046c3b5d405 req-b8a4ecc0-589e-4ae5-8357-7740b65c7f78 8923d15792c94648a5a72345a6e29f0b f5f1698f42f04966a3c147adaae5cb18 - - default default] Method 'is_advsvc' is deprecated since 2023.2 release (neutron-lib 3.8.0) and will be removed once support for the old RBAC API policies will be removed from Neutron. Please use method 'is_service_role' instead.
2026-05-07 04:35:47.110 9 INFO neutron.api.wsgi [req-8ff88f00-3348-411d-b689-a4e26cef0f2a req-f7655dfd-3056-4e95-9cf2-abab3fbe869b 046879e5f4314e3a9088d134d5bce4e1 b9431a5036e74769a6371566e849ad45 - - default default] 10.0.0.7 "GET /v2.0/ports?device_id=de595e42-302e-411d-a191-526384a17d77 HTTP/1.1" status: 200 len: 1172 time: 0.0326905
2026-05-07 04:35:47.146 9 INFO neutron.api.wsgi [req-8ff88f00-3348-411d-b689-a4e26cef0f2a req-d321bdb8-1aa4-4209-831e-f18ef2ee19c9 046879e5f4314e3a9088d134d5bce4e1 b9431a5036e74769a6371566e849ad45 - - default default] 10.0.0.7 "GET /v2.0/security-groups?id=5dca141e-af9a-4012-be75-a6f0722ba6c2&fields=id&fields=name HTTP/1.1" status: 200 len: 286 time: 0.0304840
2026-05-07 04:35:47.178 10 INFO neutron.api.wsgi [req-ab35bee4-c063-45aa-b834-4a9863155c00 req-c685c23a-0c73-461d-96e0-8cf2faf2ed54 b9d9def71d194032a4ed1e1ec88523b9 d2c7cb5775e94dffa99d4e5e41325356 - - b74b1b31a6064d86ba7664f2a626d740 b74b1b31a6064d86ba7664f2a626d740] 199.19.213.105 "GET /v2.0/networks/fb8d7781-653e-4e34-a3b7-ada4b0eeb1c0?fields=segments HTTP/1.1" status: 200 len: 212 time: 0.1162875
2026-05-07 04:35:47.463 10 INFO neutron.db.ovn_revision_numbers_db [None req-5782cfaa-723a-4423-a3cf-3c16fcba7f39 - - - - - -] Successfully bumped revision number for resource d5c13ce5-a582-4440-8bd7-2b416856b55c (type: router_ports) to 2
2026-05-07 04:35:47.496 9 INFO neutron.api.wsgi [req-6091da7e-5588-4e64-bd59-f1c00de7bfbd req-a1363e0b-29b9-47f7-a09a-dc91ed6c99c8 b9d9def71d194032a4ed1e1ec88523b9 d2c7cb5775e94dffa99d4e5e41325356 - - b74b1b31a6064d86ba7664f2a626d740 b74b1b31a6064d86ba7664f2a626d740] 199.19.213.105 "GET /v2.0/ports?tenant_id=eaa9899e0a7d4d5a9987efed84b87ee3&device_id=c95853dc-a388-49c7-9120-cf49d24e32b8 HTTP/1.1" status: 200 len: 1407 time: 0.0482304
2026-05-07 04:35:47.508 10 INFO neutron.api.wsgi [req-ab35bee4-c063-45aa-b834-4a9863155c00 req-12abf2f8-5780-4b76-b2e4-7ba40aba4738 b9d9def71d194032a4ed1e1ec88523b9 d2c7cb5775e94dffa99d4e5e41325356 - - b74b1b31a6064d86ba7664f2a626d740 b74b1b31a6064d86ba7664f2a626d740] 199.19.213.105 "GET /v2.0/networks/fb8d7781-653e-4e34-a3b7-ada4b0eeb1c0?fields=provider%3Aphysical_network&fields=provider%3Anetwork_type HTTP/1.1" status: 200 len: 277 time: 0.3232796
2026-05-07 04:35:47.529 9 INFO neutron.api.wsgi [req-6091da7e-5588-4e64-bd59-f1c00de7bfbd req-e0069c77-f36c-4a88-85ed-105e356efe2c b9d9def71d194032a4ed1e1ec88523b9 d2c7cb5775e94dffa99d4e5e41325356 - - b74b1b31a6064d86ba7664f2a626d740 b74b1b31a6064d86ba7664f2a626d740] 199.19.213.105 "GET /v2.0/floatingips?fixed_ip_address=10.100.0.7&port_id=038005e3-0ae2-437d-8fe4-01462ffa061f HTTP/1.1" status: 200 len: 217 time: 0.0290239
2026-05-07 04:35:47.547 10 INFO neutron.db.ovn_revision_numbers_db [None req-3a0c5482-4ec5-4eb1-aa97-8132763217ff - - - - - -] Successfully bumped revision number for resource ba5bba29-1bf6-4152-85da-a555c2f14740 (type: ports) to 5
2026-05-07 04:35:47.570 9 INFO neutron.api.wsgi [req-6091da7e-5588-4e64-bd59-f1c00de7bfbd req-2fccaaa0-7e5a-4a19-ae7a-9e60ab8c08d6 b9d9def71d194032a4ed1e1ec88523b9 d2c7cb5775e94dffa99d4e5e41325356 - - b74b1b31a6064d86ba7664f2a626d740 b74b1b31a6064d86ba7664f2a626d740] 199.19.213.105 "GET /v2.0/subnets?id=ce1c4104-515b-4623-b202-c5dc89901f89 HTTP/1.1" status: 200 len: 886 time: 0.0312293
2026-05-07 04:35:47.660 10 INFO neutron.plugins.ml2.drivers.ovn.mech_driver.mech_driver [None req-5782cfaa-723a-4423-a3cf-3c16fcba7f39 - - - - - -] OVN reports status up for port: f1e03a7d-f69d-44ea-bece-805fb7c3ca88
2026-05-07 04:35:47.673 10 INFO neutron.plugins.ml2.plugin [None req-5782cfaa-723a-4423-a3cf-3c16fcba7f39 - - - - - -] Attempt 1 to provision port f1e03a7d-f69d-44ea-bece-805fb7c3ca88
2026-05-07 04:35:47.698 10 INFO neutron.db.ovn_revision_numbers_db [None req-77891f5d-e40d-4726-be0e-5496e4396938 ce632d76966a4c36b373021fa2dac8d0 f3b2c4eeb3ee4a1b93fb1c15ccb58fd0 - - default default] Successfully bumped revision number for resource f1e03a7d-f69d-44ea-bece-805fb7c3ca88 (type: ports) to 1
2026-05-07 04:35:47.776 10 WARNING neutron.scheduler.dhcp_agent_scheduler [None req-77891f5d-e40d-4726-be0e-5496e4396938 ce632d76966a4c36b373021fa2dac8d0 f3b2c4eeb3ee4a1b93fb1c15ccb58fd0 - - default default] No more DHCP agents
2026-05-07 04:35:47.779 10 WARNING neutron.api.rpc.agentnotifiers.dhcp_rpc_agent_api [None req-77891f5d-e40d-4726-be0e-5496e4396938 ce632d76966a4c36b373021fa2dac8d0 f3b2c4eeb3ee4a1b93fb1c15ccb58fd0 - - default default] Unable to schedule network f7358c28-8c32-4fb2-b293-37763df08361: no agents available; will retry on subsequent port and subnet creation events.
2026-05-07 04:35:47.798 10 WARNING neutron.scheduler.dhcp_agent_scheduler [req-e9959e56-94db-4b93-a57a-c046c3b5d405 req-b8a4ecc0-589e-4ae5-8357-7740b65c7f78 8923d15792c94648a5a72345a6e29f0b f5f1698f42f04966a3c147adaae5cb18 - - default default] No more DHCP agents
2026-05-07 04:35:47.801 10 WARNING neutron.api.rpc.agentnotifiers.dhcp_rpc_agent_api [req-e9959e56-94db-4b93-a57a-c046c3b5d405 req-b8a4ecc0-589e-4ae5-8357-7740b65c7f78 8923d15792c94648a5a72345a6e29f0b f5f1698f42f04966a3c147adaae5cb18 - - default default] Unable to schedule network 7b5f04d7-993c-4026-ba97-096592c24137: no agents available; will retry on subsequent port and subnet creation events.
2026-05-07 04:35:47.907 9 INFO neutron.api.wsgi [req-6091da7e-5588-4e64-bd59-f1c00de7bfbd req-fe6c0dca-1c54-4efe-9d6e-286b1102b96c b9d9def71d194032a4ed1e1ec88523b9 d2c7cb5775e94dffa99d4e5e41325356 - - b74b1b31a6064d86ba7664f2a626d740 b74b1b31a6064d86ba7664f2a626d740] 199.19.213.105 "GET /v2.0/ports?network_id=bfe5b731-8b90-43f1-b303-a99325a1b5ab&device_owner=network%3Adhcp HTTP/1.1" status: 200 len: 210 time: 0.2180662
2026-05-07 04:35:47.931 9 INFO neutron.api.wsgi [req-9ec17d5f-ecc4-48d7-b585-d80d54328579 req-7e5955c5-6bfd-454f-a992-8fadd48a681e d5bb01d1f5384451b8bf32ad0101e6c0 eaa9899e0a7d4d5a9987efed84b87ee3 - - default default] 10.0.0.7 "GET /v2.0/ports?device_id=c95853dc-a388-49c7-9120-cf49d24e32b8 HTTP/1.1" status: 200 len: 1168 time: 0.0352566
2026-05-07 04:35:47.957 9 INFO neutron.api.wsgi [req-6091da7e-5588-4e64-bd59-f1c00de7bfbd req-fb81b009-bc52-4054-893e-522090c04f63 b9d9def71d194032a4ed1e1ec88523b9 d2c7cb5775e94dffa99d4e5e41325356 - - b74b1b31a6064d86ba7664f2a626d740 b74b1b31a6064d86ba7664f2a626d740] 199.19.213.105 "GET /v2.0/networks/bfe5b731-8b90-43f1-b303-a99325a1b5ab?fields=segments HTTP/1.1" status: 200 len: 212 time: 0.0458760
2026-05-07 04:35:47.978 9 INFO neutron.api.wsgi [req-9ec17d5f-ecc4-48d7-b585-d80d54328579 req-97cc3b78-282d-4ff9-a631-91c9ec9bcbc2 d5bb01d1f5384451b8bf32ad0101e6c0 eaa9899e0a7d4d5a9987efed84b87ee3 - - default default] 10.0.0.7 "GET /v2.0/security-groups?id=debd9f18-08b7-42bd-99b2-dd8de44ec924&fields=id&fields=name HTTP/1.1" status: 200 len: 312 time: 0.0397472
2026-05-07 04:35:47.980 10 INFO neutron.db.ovn_revision_numbers_db [req-e9959e56-94db-4b93-a57a-c046c3b5d405 req-b8a4ecc0-589e-4ae5-8357-7740b65c7f78 8923d15792c94648a5a72345a6e29f0b f5f1698f42f04966a3c147adaae5cb18 - - default default] Successfully bumped revision number for resource f470e19d-57eb-4c42-a516-1c8040107835 (type: ports) to 1
2026-05-07 04:35:47.996 9 INFO neutron.api.wsgi [req-6091da7e-5588-4e64-bd59-f1c00de7bfbd req-9e691fa5-9971-4a7f-a581-16be588c9b2c b9d9def71d194032a4ed1e1ec88523b9 d2c7cb5775e94dffa99d4e5e41325356 - - b74b1b31a6064d86ba7664f2a626d740 b74b1b31a6064d86ba7664f2a626d740] 199.19.213.105 "GET /v2.0/networks/bfe5b731-8b90-43f1-b303-a99325a1b5ab?fields=provider%3Aphysical_network&fields=provider%3Anetwork_type HTTP/1.1" status: 200 len: 277 time: 0.0362592
2026-05-07 04:35:48.021 10 INFO neutron.api.wsgi [req-e9959e56-94db-4b93-a57a-c046c3b5d405 req-b8a4ecc0-589e-4ae5-8357-7740b65c7f78 8923d15792c94648a5a72345a6e29f0b f5f1698f42f04966a3c147adaae5cb18 - - default default] 199.19.213.105 "POST /v2.0/ports HTTP/1.1" status: 201 len: 1158 time: 0.9557803 /var/lib/openstack/lib/python3.12/site-packages/pycadf/identifier.py:71: UserWarning: Invalid uuid: neutron. To ensure interoperability, identifiers should be a valid uuid. warnings.warn(('Invalid uuid: %s. To ensure interoperability, '
2026-05-07 04:35:48.087 9 INFO neutron.api.wsgi [req-48dc9c59-1896-4ebc-9da0-f8a76ff34eb2 req-ba5ac913-5264-48a9-951e-0e75acc52308 8923d15792c94648a5a72345a6e29f0b f5f1698f42f04966a3c147adaae5cb18 - - default default] 10.0.0.7 "GET /v2.0/ports?device_id=deaa7c9e-1ce8-47d2-bfda-11222dd49092 HTTP/1.1" status: 200 len: 1156 time: 0.0769556
2026-05-07 04:35:48.122 9 INFO neutron.api.wsgi [req-48dc9c59-1896-4ebc-9da0-f8a76ff34eb2 req-d5a6ac46-71cd-47bb-83ff-a81d5d296ec8 8923d15792c94648a5a72345a6e29f0b f5f1698f42f04966a3c147adaae5cb18 - - default default] 10.0.0.7 "GET /v2.0/security-groups?id=9926cd57-d0bb-4bfd-ad64-173babbd1f67&fields=id&fields=name HTTP/1.1" status: 200 len: 313 time: 0.0289516
2026-05-07 04:35:48.173 10 INFO neutron.db.ovn_revision_numbers_db [None req-5782cfaa-723a-4423-a3cf-3c16fcba7f39 - - - - - -] Successfully bumped revision number for resource f1e03a7d-f69d-44ea-bece-805fb7c3ca88 (type: ports) to 2
2026-05-07 04:35:48.241 9 INFO neutron.api.wsgi [req-eff13b38-3335-4094-bb6b-70934789c13d req-e71394db-9c99-4c5e-b918-4ce92cdf1c82 046879e5f4314e3a9088d134d5bce4e1 b9431a5036e74769a6371566e849ad45 - - default default] 10.0.0.7 "GET /v2.0/ports?device_id=de595e42-302e-411d-a191-526384a17d77 HTTP/1.1" status: 200 len: 1172 time: 0.0364454
2026-05-07 04:35:48.276 9 INFO neutron.api.wsgi [req-eff13b38-3335-4094-bb6b-70934789c13d req-30a08fef-2f7d-4d3a-9f83-9601a9041e31 046879e5f4314e3a9088d134d5bce4e1 b9431a5036e74769a6371566e849ad45 - - default default] 10.0.0.7 "GET /v2.0/security-groups?id=5dca141e-af9a-4012-be75-a6f0722ba6c2&fields=id&fields=name HTTP/1.1" status: 200 len: 286 time: 0.0301018
2026-05-07 04:35:48.492 10 INFO neutron.db.ovn_revision_numbers_db [req-e9959e56-94db-4b93-a57a-c046c3b5d405 req-51df94dc-72fe-4216-8b67-ca13f6fc6788 b9d9def71d194032a4ed1e1ec88523b9 d2c7cb5775e94dffa99d4e5e41325356 - - b74b1b31a6064d86ba7664f2a626d740 b74b1b31a6064d86ba7664f2a626d740] Successfully bumped revision number for resource f470e19d-57eb-4c42-a516-1c8040107835 (type: ports) to 2
2026-05-07 04:35:48.786 10 INFO neutron.db.ovn_revision_numbers_db [None req-77891f5d-e40d-4726-be0e-5496e4396938 ce632d76966a4c36b373021fa2dac8d0 f3b2c4eeb3ee4a1b93fb1c15ccb58fd0 - - default default] Successfully bumped revision number for resource f1e03a7d-f69d-44ea-bece-805fb7c3ca88 (type: router_ports) to 1
2026-05-07 04:35:48.791 10 INFO neutron.api.wsgi [None req-77891f5d-e40d-4726-be0e-5496e4396938 ce632d76966a4c36b373021fa2dac8d0 f3b2c4eeb3ee4a1b93fb1c15ccb58fd0 - - default default] 10.0.0.58 "PUT /v2.0/routers/c3e4a297-dd50-45b7-a743-160951664f67/add_router_interface HTTP/1.1" status: 200 len: 503 time: 3.3515537
2026-05-07 04:35:48.798 10 INFO neutron.db.ovn_revision_numbers_db [req-e9959e56-94db-4b93-a57a-c046c3b5d405 req-51df94dc-72fe-4216-8b67-ca13f6fc6788 b9d9def71d194032a4ed1e1ec88523b9 d2c7cb5775e94dffa99d4e5e41325356 - - b74b1b31a6064d86ba7664f2a626d740 b74b1b31a6064d86ba7664f2a626d740] Successfully bumped revision number for resource f470e19d-57eb-4c42-a516-1c8040107835 (type: ports) to 4
2026-05-07 04:35:48.818 10 INFO neutron.api.wsgi [req-e9959e56-94db-4b93-a57a-c046c3b5d405 req-51df94dc-72fe-4216-8b67-ca13f6fc6788 b9d9def71d194032a4ed1e1ec88523b9 d2c7cb5775e94dffa99d4e5e41325356 - - b74b1b31a6064d86ba7664f2a626d740 b74b1b31a6064d86ba7664f2a626d740] 199.19.213.105 "PUT /v2.0/ports/f470e19d-57eb-4c42-a516-1c8040107835 HTTP/1.1" status: 200 len: 1404 time: 0.7938011 /var/lib/openstack/lib/python3.12/site-packages/pycadf/identifier.py:71: UserWarning: Invalid uuid: neutron. To ensure interoperability, identifiers should be a valid uuid. warnings.warn(('Invalid uuid: %s. To ensure interoperability, '
2026-05-07 04:35:49.068 10 INFO neutron.api.wsgi [req-879bdae1-01f3-4ac1-a07f-eaf70355423f req-5f22c212-0565-4fe2-9209-1c8043dc0fa6 b9d9def71d194032a4ed1e1ec88523b9 d2c7cb5775e94dffa99d4e5e41325356 - - b74b1b31a6064d86ba7664f2a626d740 b74b1b31a6064d86ba7664f2a626d740] 199.19.213.105 "GET /v2.0/ports?tenant_id=eaa9899e0a7d4d5a9987efed84b87ee3&device_id=c95853dc-a388-49c7-9120-cf49d24e32b8 HTTP/1.1" status: 200 len: 1407 time: 0.0396450
2026-05-07 04:35:49.084 10 INFO neutron.notifiers.nova [-] Nova event matching ['req-09b8e6bb-4b07-427a-8737-1df53894c171'] response: {'name': 'network-changed', 'server_uuid': 'deaa7c9e-1ce8-47d2-bfda-11222dd49092', 'tag': 'f470e19d-57eb-4c42-a516-1c8040107835', 'status': 'completed', 'code': 200}
2026-05-07 04:35:49.093 9 INFO neutron.api.wsgi [req-be90cd8d-1add-44c2-a710-cb0f5469a2c8 req-f3d154fa-0d8c-479b-84ec-ad54ed410ddd d5bb01d1f5384451b8bf32ad0101e6c0 eaa9899e0a7d4d5a9987efed84b87ee3 - - default default] 10.0.0.7 "GET /v2.0/ports?device_id=c95853dc-a388-49c7-9120-cf49d24e32b8 HTTP/1.1" status: 200 len: 1168 time: 0.0467699
2026-05-07 04:35:49.143 9 INFO neutron.api.wsgi [req-be90cd8d-1add-44c2-a710-cb0f5469a2c8 req-5c8b2eff-280d-4a56-8502-e069baa946af d5bb01d1f5384451b8bf32ad0101e6c0 eaa9899e0a7d4d5a9987efed84b87ee3 - - default default] 10.0.0.7 "GET /v2.0/security-groups?id=debd9f18-08b7-42bd-99b2-dd8de44ec924&fields=id&fields=name HTTP/1.1" status: 200 len: 312 time: 0.0402706
2026-05-07 04:35:49.151 10 INFO neutron.api.wsgi [req-879bdae1-01f3-4ac1-a07f-eaf70355423f req-f32914bd-834c-426b-9289-3e2f8ad925ef b9d9def71d194032a4ed1e1ec88523b9 d2c7cb5775e94dffa99d4e5e41325356 - - b74b1b31a6064d86ba7664f2a626d740 b74b1b31a6064d86ba7664f2a626d740] 199.19.213.105 "GET /v2.0/networks?id=bfe5b731-8b90-43f1-b303-a99325a1b5ab HTTP/1.1" status: 200 len: 967 time: 0.0521405
2026-05-07 04:35:49.173 10 INFO neutron.api.wsgi [req-879bdae1-01f3-4ac1-a07f-eaf70355423f req-47c81be7-c94e-40e7-be6b-375cfa512d54 b9d9def71d194032a4ed1e1ec88523b9 d2c7cb5775e94dffa99d4e5e41325356 - - b74b1b31a6064d86ba7664f2a626d740 b74b1b31a6064d86ba7664f2a626d740] 199.19.213.105 "GET /v2.0/floatingips?fixed_ip_address=10.100.0.7&port_id=038005e3-0ae2-437d-8fe4-01462ffa061f HTTP/1.1" status: 200 len: 217 time: 0.0166225
2026-05-07 04:35:49.212 10 INFO neutron.api.wsgi [req-879bdae1-01f3-4ac1-a07f-eaf70355423f req-d7b6ab29-bb84-40ea-aa4a-f104c5206cb8 b9d9def71d194032a4ed1e1ec88523b9 d2c7cb5775e94dffa99d4e5e41325356 - - b74b1b31a6064d86ba7664f2a626d740 b74b1b31a6064d86ba7664f2a626d740] 199.19.213.105 "GET /v2.0/subnets?id=ce1c4104-515b-4623-b202-c5dc89901f89 HTTP/1.1" status: 200 len: 886 time: 0.0294547
2026-05-07 04:35:49.213 9 INFO neutron.api.wsgi [req-b639ed2e-29d9-4aa4-8519-fcc2b9d5ab41 req-d8d5a029-1bf0-4af6-8828-8aa1482d3886 8923d15792c94648a5a72345a6e29f0b f5f1698f42f04966a3c147adaae5cb18 - - default default] 10.0.0.7 "GET /v2.0/ports?device_id=deaa7c9e-1ce8-47d2-bfda-11222dd49092 HTTP/1.1" status: 200 len: 1168 time: 0.0312026
2026-05-07 04:35:49.238 10 INFO neutron.api.wsgi [req-879bdae1-01f3-4ac1-a07f-eaf70355423f req-b0fd70ce-476a-455a-a189-c54fc8bbc924 b9d9def71d194032a4ed1e1ec88523b9 d2c7cb5775e94dffa99d4e5e41325356 - - b74b1b31a6064d86ba7664f2a626d740 b74b1b31a6064d86ba7664f2a626d740] 199.19.213.105 "GET /v2.0/ports?network_id=bfe5b731-8b90-43f1-b303-a99325a1b5ab&device_owner=network%3Adhcp HTTP/1.1" status: 200 len: 210 time: 0.0194073
2026-05-07 04:35:49.245 9 INFO neutron.api.wsgi [req-b639ed2e-29d9-4aa4-8519-fcc2b9d5ab41 req-e783df06-5797-4345-8b49-be0311672f2f 8923d15792c94648a5a72345a6e29f0b f5f1698f42f04966a3c147adaae5cb18 - - default default] 10.0.0.7 "GET /v2.0/security-groups?id=9926cd57-d0bb-4bfd-ad64-173babbd1f67&fields=id&fields=name HTTP/1.1" status: 200 len: 313 time: 0.0274348
2026-05-07 04:35:49.271 9 WARNING neutron_lib.context [req-f3c61139-cec1-4d42-8720-ad9ef4c8c547 req-98cfb59a-b076-4398-9a82-2ef03b50563d 3a00894107c54cb7ab8917f81ed13f6e 2c5e4d4c0cb04bde896ffbb84f5d80d0 - - default default] Method 'is_advsvc' is deprecated since 2023.2 release (neutron-lib 3.8.0) and will be removed once support for the old RBAC API policies will be removed from Neutron. Please use method 'is_service_role' instead.
2026-05-07 04:35:49.298 10 INFO neutron.api.wsgi [req-879bdae1-01f3-4ac1-a07f-eaf70355423f req-f6a81517-6a0e-4b15-bddd-a7f9232e6a4f b9d9def71d194032a4ed1e1ec88523b9 d2c7cb5775e94dffa99d4e5e41325356 - - b74b1b31a6064d86ba7664f2a626d740 b74b1b31a6064d86ba7664f2a626d740] 199.19.213.105 "GET /v2.0/networks/bfe5b731-8b90-43f1-b303-a99325a1b5ab?fields=segments HTTP/1.1" status: 200 len: 212 time: 0.0542181
2026-05-07 04:35:49.344 10 INFO neutron.api.wsgi [req-879bdae1-01f3-4ac1-a07f-eaf70355423f req-6a37d9dd-f3f6-4eab-bc43-88ddef05f7fc b9d9def71d194032a4ed1e1ec88523b9 d2c7cb5775e94dffa99d4e5e41325356 - - b74b1b31a6064d86ba7664f2a626d740 b74b1b31a6064d86ba7664f2a626d740] 199.19.213.105 "GET /v2.0/networks/bfe5b731-8b90-43f1-b303-a99325a1b5ab?fields=provider%3Aphysical_network&fields=provider%3Anetwork_type HTTP/1.1" status: 200 len: 277 time: 0.0397251
2026-05-07 04:35:49.404 9 INFO neutron.api.wsgi [req-7686c878-55f9-46b2-a5ec-1291cfecc901 req-78df56a4-c087-4f45-b36e-1b43b0351a45 046879e5f4314e3a9088d134d5bce4e1 b9431a5036e74769a6371566e849ad45 - - default default] 10.0.0.7 "GET /v2.0/ports?device_id=de595e42-302e-411d-a191-526384a17d77 HTTP/1.1" status: 200 len: 1172 time: 0.0696104
2026-05-07 04:35:49.410 9 INFO neutron.db.ovn_revision_numbers_db [req-f3c61139-cec1-4d42-8720-ad9ef4c8c547 req-98cfb59a-b076-4398-9a82-2ef03b50563d 3a00894107c54cb7ab8917f81ed13f6e 2c5e4d4c0cb04bde896ffbb84f5d80d0 - - default default] Successfully bumped revision number for resource b9ca0f40-7c9a-47d7-a78a-3c80a9e976eb (type: security_groups) to 1
2026-05-07 04:35:49.429 9 INFO neutron.db.ovn_revision_numbers_db [req-f3c61139-cec1-4d42-8720-ad9ef4c8c547 req-98cfb59a-b076-4398-9a82-2ef03b50563d 3a00894107c54cb7ab8917f81ed13f6e 2c5e4d4c0cb04bde896ffbb84f5d80d0 - - default default] Successfully bumped revision number for resource 381fd798-fe29-4ba6-b326-0018cf8c8854 (type: security_group_rules) to 0
2026-05-07 04:35:49.441 9 INFO neutron.api.wsgi [req-7686c878-55f9-46b2-a5ec-1291cfecc901 req-e5f3d6a0-7ace-4c08-bcc1-553aa482d607 046879e5f4314e3a9088d134d5bce4e1 b9431a5036e74769a6371566e849ad45 - - default default] 10.0.0.7 "GET /v2.0/security-groups?id=5dca141e-af9a-4012-be75-a6f0722ba6c2&fields=id&fields=name HTTP/1.1" status: 200 len: 286 time: 0.0314748
2026-05-07 04:35:49.442 9 INFO neutron.db.ovn_revision_numbers_db [req-f3c61139-cec1-4d42-8720-ad9ef4c8c547 req-98cfb59a-b076-4398-9a82-2ef03b50563d 3a00894107c54cb7ab8917f81ed13f6e 2c5e4d4c0cb04bde896ffbb84f5d80d0 - - default default] Successfully bumped revision number for resource 71cf6198-ff4d-4922-8865-08e40d40e5b5 (type: security_group_rules) to 0
2026-05-07 04:35:49.477 9 INFO neutron.api.wsgi [req-f3c61139-cec1-4d42-8720-ad9ef4c8c547 req-98cfb59a-b076-4398-9a82-2ef03b50563d 3a00894107c54cb7ab8917f81ed13f6e 2c5e4d4c0cb04bde896ffbb84f5d80d0 - - default default] 10.0.0.7 "POST /v2.0/security-groups HTTP/1.1" status: 201 len: 1883 time: 0.2114928
2026-05-07 04:35:49.513 9 WARNING neutron_lib.context [req-f10c5f6f-b7f6-4feb-bceb-a87187cadf91 req-281693fe-18f1-4a90-9107-c26db2c92726 3a00894107c54cb7ab8917f81ed13f6e 2c5e4d4c0cb04bde896ffbb84f5d80d0 - - default default] Method 'is_advsvc' is deprecated since 2023.2 release (neutron-lib 3.8.0) and will be removed once support for the old RBAC API policies will be removed from Neutron. Please use method 'is_service_role' instead.
2026-05-07 04:35:49.618 9 INFO neutron.db.ovn_revision_numbers_db [req-f10c5f6f-b7f6-4feb-bceb-a87187cadf91 req-281693fe-18f1-4a90-9107-c26db2c92726 3a00894107c54cb7ab8917f81ed13f6e 2c5e4d4c0cb04bde896ffbb84f5d80d0 - - default default] Successfully bumped revision number for resource 6d3a2a34-d9c1-42e5-b543-78f8a8a14e65 (type: security_groups) to 1
2026-05-07 04:35:49.633 9 INFO neutron.db.ovn_revision_numbers_db [req-f10c5f6f-b7f6-4feb-bceb-a87187cadf91 req-281693fe-18f1-4a90-9107-c26db2c92726 3a00894107c54cb7ab8917f81ed13f6e 2c5e4d4c0cb04bde896ffbb84f5d80d0 - - default default] Successfully bumped revision number for resource 8648b49e-9e03-457f-9151-f80d03b1ef60 (type: security_group_rules) to 0
2026-05-07 04:35:49.641 10 INFO neutron.api.wsgi [req-2ee5cc15-6e3f-4691-8331-1930e7952240 req-c7ea6ea6-aefc-458f-9f2c-b43fdb36ec49 b9d9def71d194032a4ed1e1ec88523b9 d2c7cb5775e94dffa99d4e5e41325356 - - b74b1b31a6064d86ba7664f2a626d740 b74b1b31a6064d86ba7664f2a626d740] 199.19.213.105 "GET /v2.0/ports?tenant_id=f5f1698f42f04966a3c147adaae5cb18&device_id=deaa7c9e-1ce8-47d2-bfda-11222dd49092 HTTP/1.1" status: 200 len: 1407 time: 0.0355680
2026-05-07 04:35:49.644 9 INFO neutron.db.ovn_revision_numbers_db [req-f10c5f6f-b7f6-4feb-bceb-a87187cadf91 req-281693fe-18f1-4a90-9107-c26db2c92726 3a00894107c54cb7ab8917f81ed13f6e 2c5e4d4c0cb04bde896ffbb84f5d80d0 - - default default] Successfully bumped revision number for resource f5d79361-90c7-4c34-a7c6-55ad2d9cb7ea (type: security_group_rules) to 0
2026-05-07 04:35:49.676 9 INFO neutron.api.wsgi [req-f10c5f6f-b7f6-4feb-bceb-a87187cadf91 req-281693fe-18f1-4a90-9107-c26db2c92726 3a00894107c54cb7ab8917f81ed13f6e 2c5e4d4c0cb04bde896ffbb84f5d80d0 - - default default] 10.0.0.7 "POST /v2.0/security-groups HTTP/1.1" status: 201 len: 1885 time: 0.1694713
2026-05-07 04:35:49.686 10 INFO neutron.api.wsgi [req-2ee5cc15-6e3f-4691-8331-1930e7952240 req-0f09bc04-1a22-4d0e-9a99-c113e98f44fa b9d9def71d194032a4ed1e1ec88523b9 d2c7cb5775e94dffa99d4e5e41325356 - - b74b1b31a6064d86ba7664f2a626d740 b74b1b31a6064d86ba7664f2a626d740] 199.19.213.105 "GET /v2.0/networks?tenant_id=f5f1698f42f04966a3c147adaae5cb18&shared=False HTTP/1.1" status: 200 len: 981 time: 0.0415215
2026-05-07 04:35:49.709 9 WARNING neutron_lib.context [req-4d4753c8-e5bc-4de2-b8a8-0f6bb6af430b req-0fafc549-a45e-4add-b632-52dca9a3cccd 3a00894107c54cb7ab8917f81ed13f6e 2c5e4d4c0cb04bde896ffbb84f5d80d0 - - default default] Method 'is_advsvc' is deprecated since 2023.2 release (neutron-lib 3.8.0) and will be removed once support for the old RBAC API policies will be removed from Neutron. Please use method 'is_service_role' instead.
2026-05-07 04:35:49.726 10 INFO neutron.api.wsgi [req-2ee5cc15-6e3f-4691-8331-1930e7952240 req-552236ab-f7bb-4368-a641-3bc21fdebb9f b9d9def71d194032a4ed1e1ec88523b9 d2c7cb5775e94dffa99d4e5e41325356 - - b74b1b31a6064d86ba7664f2a626d740 b74b1b31a6064d86ba7664f2a626d740] 199.19.213.105 "GET /v2.0/networks?shared=True HTTP/1.1" status: 200 len: 952 time: 0.0347421
2026-05-07 04:35:49.809 9 INFO neutron.db.ovn_revision_numbers_db [req-4d4753c8-e5bc-4de2-b8a8-0f6bb6af430b req-0fafc549-a45e-4add-b632-52dca9a3cccd 3a00894107c54cb7ab8917f81ed13f6e 2c5e4d4c0cb04bde896ffbb84f5d80d0 - - default default] Successfully bumped revision number for resource 5b04fb74-65e9-4529-a15e-1349f3e56568 (type: security_groups) to 1
2026-05-07 04:35:49.826 9 INFO neutron.db.ovn_revision_numbers_db [req-4d4753c8-e5bc-4de2-b8a8-0f6bb6af430b req-0fafc549-a45e-4add-b632-52dca9a3cccd 3a00894107c54cb7ab8917f81ed13f6e 2c5e4d4c0cb04bde896ffbb84f5d80d0 - - default default] Successfully bumped revision number for resource 1b629e94-1c8a-4444-9658-b8dde4264364 (type: security_group_rules) to 0
2026-05-07 04:35:49.839 9 INFO neutron.db.ovn_revision_numbers_db [req-4d4753c8-e5bc-4de2-b8a8-0f6bb6af430b req-0fafc549-a45e-4add-b632-52dca9a3cccd 3a00894107c54cb7ab8917f81ed13f6e 2c5e4d4c0cb04bde896ffbb84f5d80d0 - - default default] Successfully bumped revision number for resource 1c658c22-4a64-42f4-a2e3-6103e0bb3a9d (type: security_group_rules) to 0
2026-05-07 04:35:49.885 9 INFO neutron.api.wsgi [req-4d4753c8-e5bc-4de2-b8a8-0f6bb6af430b req-0fafc549-a45e-4add-b632-52dca9a3cccd 3a00894107c54cb7ab8917f81ed13f6e 2c5e4d4c0cb04bde896ffbb84f5d80d0 - - default default] 10.0.0.7 "POST /v2.0/security-groups HTTP/1.1" status: 201 len: 1886 time: 0.1817043
2026-05-07 04:35:49.953 9 INFO neutron.api.wsgi [req-7768397e-fb5e-4b79-ae8e-c1fbd55e2966 req-93f5d054-90d8-44d7-9922-3857a0bb1e33 3a00894107c54cb7ab8917f81ed13f6e 2c5e4d4c0cb04bde896ffbb84f5d80d0 - - default default] 10.0.0.7 "GET /v2.0/security-groups?tenant_id=2c5e4d4c0cb04bde896ffbb84f5d80d0 HTTP/1.1" status: 200 len: 8104 time: 0.0426130
2026-05-07 04:35:49.988 9 INFO neutron.api.wsgi [req-7768397e-fb5e-4b79-ae8e-c1fbd55e2966 req-6a44412a-06aa-4ee8-ad41-2da1aae4fe34 3a00894107c54cb7ab8917f81ed13f6e 2c5e4d4c0cb04bde896ffbb84f5d80d0 - - default default] 10.0.0.7 "GET /v2.0/security-groups/6b1ecea2-1e43-44cc-b10f-681fb3581d73 HTTP/1.1" status: 200 len: 3122 time: 0.0312064
2026-05-07 04:35:50.021 9 INFO neutron.api.wsgi [req-7768397e-fb5e-4b79-ae8e-c1fbd55e2966 req-5f77d7bb-221d-4e1c-a449-a90c4caa9bc0 3a00894107c54cb7ab8917f81ed13f6e 2c5e4d4c0cb04bde896ffbb84f5d80d0 - - default default] 10.0.0.7 "GET /v2.0/security-groups/6b1ecea2-1e43-44cc-b10f-681fb3581d73 HTTP/1.1" status: 200 len: 3122 time: 0.0258245
2026-05-07 04:35:50.068 9 INFO neutron.api.wsgi [req-570c3055-bdd4-4b71-8484-a8e066f33b64 req-0ba9fe84-e4ae-4727-9688-919d10fc0290 3a00894107c54cb7ab8917f81ed13f6e 2c5e4d4c0cb04bde896ffbb84f5d80d0 - - default default] 10.0.0.7 "GET /v2.0/security-groups/b9ca0f40-7c9a-47d7-a78a-3c80a9e976eb HTTP/1.1" status: 200 len: 1878 time: 0.0228865
2026-05-07 04:35:50.160 9 INFO neutron.api.wsgi [req-570c3055-bdd4-4b71-8484-a8e066f33b64 req-fcd17f09-a978-4fd1-8f87-685090d76c23 3a00894107c54cb7ab8917f81ed13f6e 2c5e4d4c0cb04bde896ffbb84f5d80d0 - - default default] 10.0.0.7 "DELETE /v2.0/security-groups/b9ca0f40-7c9a-47d7-a78a-3c80a9e976eb HTTP/1.1" status: 204 len: 173 time: 0.0852201
2026-05-07 04:35:50.196 9 INFO neutron.api.v2.resource [req-a2afddae-84d5-4659-8009-8d3e27ae017b req-1d72ad94-9897-4475-a848-5692540b0e57 3a00894107c54cb7ab8917f81ed13f6e 2c5e4d4c0cb04bde896ffbb84f5d80d0 - - default default] show failed (client error): The resource could not be found.
2026-05-07 04:35:50.199 9 INFO neutron.api.wsgi [req-a2afddae-84d5-4659-8009-8d3e27ae017b req-1d72ad94-9897-4475-a848-5692540b0e57 3a00894107c54cb7ab8917f81ed13f6e 2c5e4d4c0cb04bde896ffbb84f5d80d0 - - default default] 10.0.0.7 "GET /v2.0/security-groups/b9ca0f40-7c9a-47d7-a78a-3c80a9e976eb HTTP/1.1" status: 404 len: 352 time: 0.0147965
2026-05-07 04:35:50.260 9 INFO neutron.api.wsgi [req-b1483bd3-e501-4700-95e9-f1f3acb2c990 req-f2835236-a959-4fb0-9ab7-8347fcc8d2e3 3a00894107c54cb7ab8917f81ed13f6e 2c5e4d4c0cb04bde896ffbb84f5d80d0 - - default default] 10.0.0.7 "GET /v2.0/security-groups/6d3a2a34-d9c1-42e5-b543-78f8a8a14e65 HTTP/1.1" status: 200 len: 1880 time: 0.0435822
2026-05-07 04:35:50.270 9 INFO neutron.api.wsgi [req-0364151c-e34f-4b73-aa03-7aaa7a57d7d6 req-e8cb5402-3a62-4f72-a491-094d6cb2aa08 d5bb01d1f5384451b8bf32ad0101e6c0 eaa9899e0a7d4d5a9987efed84b87ee3 - - default default] 10.0.0.7 "GET /v2.0/ports?device_id=c95853dc-a388-49c7-9120-cf49d24e32b8 HTTP/1.1" status: 200 len: 1168 time: 0.0438330
2026-05-07 04:35:50.308 9 INFO neutron.api.wsgi [req-0364151c-e34f-4b73-aa03-7aaa7a57d7d6 req-2134a0b1-3362-4871-a162-dd5e6db1ab60 d5bb01d1f5384451b8bf32ad0101e6c0 eaa9899e0a7d4d5a9987efed84b87ee3 - - default default] 10.0.0.7 "GET /v2.0/security-groups?id=debd9f18-08b7-42bd-99b2-dd8de44ec924&fields=id&fields=name HTTP/1.1" status: 200 len: 312 time: 0.0330479
2026-05-07 04:35:50.372 9 INFO neutron.api.wsgi [req-b1483bd3-e501-4700-95e9-f1f3acb2c990 req-a7a5e373-916d-4294-9a31-8a06fe826359 3a00894107c54cb7ab8917f81ed13f6e 2c5e4d4c0cb04bde896ffbb84f5d80d0 - - default default] 10.0.0.7 "DELETE /v2.0/security-groups/6d3a2a34-d9c1-42e5-b543-78f8a8a14e65 HTTP/1.1" status: 204 len: 173 time: 0.1063507
2026-05-07 04:35:50.379 9 INFO neutron.api.wsgi [req-78ce1444-4de6-4681-94d4-1ce00569481e req-efc58bb7-d2f6-4b5b-8a4b-58f37d14e16b 8923d15792c94648a5a72345a6e29f0b f5f1698f42f04966a3c147adaae5cb18 - - default default] 10.0.0.7 "GET /v2.0/ports?device_id=deaa7c9e-1ce8-47d2-bfda-11222dd49092 HTTP/1.1" status: 200 len: 1168 time: 0.0342636
2026-05-07 04:35:50.399 9 INFO neutron.api.v2.resource [req-d40807f3-a263-44b4-94ef-9da72a216bec req-c508d153-8df7-4b13-b467-36572acbb06e 3a00894107c54cb7ab8917f81ed13f6e 2c5e4d4c0cb04bde896ffbb84f5d80d0 - - default default] show failed (client error): The resource could not be found.
2026-05-07 04:35:50.400 9 INFO neutron.api.wsgi [req-d40807f3-a263-44b4-94ef-9da72a216bec req-c508d153-8df7-4b13-b467-36572acbb06e 3a00894107c54cb7ab8917f81ed13f6e 2c5e4d4c0cb04bde896ffbb84f5d80d0 - - default default] 10.0.0.7 "GET /v2.0/security-groups/6d3a2a34-d9c1-42e5-b543-78f8a8a14e65 HTTP/1.1" status: 404 len: 352 time: 0.0124249
