2026-05-07 04:38:25.568 9 INFO neutron.db.l3_db [req-84dabb50-71c0-46a4-899c-bb2b35507809 req-9400fdfe-46c3-4eb8-8a26-64f0ef706b63 ccae579c3f944de1bd19a48a2b00e231 c71c8e6a42664e1ea8fe99e318afb6cb - - default default] Floating IP 74708d66-626b-453e-b850-3e32fd7b2b91 disassociated. External IP: 10.96.250.205, port: 510ae5ce-7d96-4d14-b82f-829a3d219420.
2026-05-07 04:38:25.661 10 WARNING neutron.scheduler.dhcp_agent_scheduler [None req-92a017a8-92c4-4d28-986c-6fa274a4179a - - - - - -] No more DHCP agents
2026-05-07 04:38:25.662 10 WARNING neutron.api.rpc.agentnotifiers.dhcp_rpc_agent_api [None req-92a017a8-92c4-4d28-986c-6fa274a4179a - - - - - -] Unable to schedule network 233b80a5-8164-4e5e-b182-2e72d448c274: no agents available; will retry on subsequent port and subnet creation events.
2026-05-07 04:38:25.681 9 INFO neutron.db.ovn_revision_numbers_db [None req-fa5c3646-9ef1-448c-ac5f-a80573632197 - - - - - -] Successfully bumped revision number for resource 4aad2a91-9e47-4166-b3da-924a1c4c0bdd (type: ports) to 2
2026-05-07 04:38:25.690 9 INFO neutron.api.wsgi [req-84dabb50-71c0-46a4-899c-bb2b35507809 req-9400fdfe-46c3-4eb8-8a26-64f0ef706b63 ccae579c3f944de1bd19a48a2b00e231 c71c8e6a42664e1ea8fe99e318afb6cb - - default default] 199.19.213.105 "DELETE /v2.0/ports/510ae5ce-7d96-4d14-b82f-829a3d219420 HTTP/1.1" status: 204 len: 173 time: 0.4666517
2026-05-07 04:38:25.690 10 INFO neutron.db.ovn_revision_numbers_db [None req-92a017a8-92c4-4d28-986c-6fa274a4179a - - - - - -] Successfully bumped revision number for resource a40b8da3-c494-43c2-8022-6dec1ecccbd6 (type: subnets) to 0
2026-05-07 04:38:25.731 9 INFO neutron.notifiers.nova [-] Nova event matching ['req-6a09d3b6-a3f2-4f5d-a0b6-772f07ae3226'] response: {'server_uuid': '2295ee50-f104-4b8c-a30a-05de8888fbd7', 'name': 'network-vif-deleted', 'tag': '510ae5ce-7d96-4d14-b82f-829a3d219420', 'status': 'completed', 'code': 200}
2026-05-07 04:38:25.733 10 INFO neutron.api.wsgi [None req-ef5f808e-4ea3-4756-bbc0-383fad147d7d ce632d76966a4c36b373021fa2dac8d0 f3b2c4eeb3ee4a1b93fb1c15ccb58fd0 - - default default] 10.0.0.58 "GET /v2.0/security-groups?tenant_id=fe6ef163faf8432ea26df6a5321f9f7a&name=default HTTP/1.1" status: 200 len: 3120 time: 0.0395944
2026-05-07 04:38:25.823 9 INFO neutron.api.wsgi [req-79aa05a8-1721-420a-81fb-1d2876be45c0 req-e4469014-1d2c-46e1-a3aa-f329d3f2079c a8f2755b3de646a2b1d7acf9d94de3b7 36836dd25a714ea2bb448d4f64c0d604 - - default default] 10.0.0.7 "GET /v2.0/security-groups?name=tempest-lb_member_SG-1524921440&fields=id&tenant_id=36836dd25a714ea2bb448d4f64c0d604 HTTP/1.1" status: 200 len: 267 time: 0.0352290
2026-05-07 04:38:25.891 9 INFO neutron.api.wsgi [req-79aa05a8-1721-420a-81fb-1d2876be45c0 req-b8cbbb6c-000d-4ade-ac45-ac443ea89f31 a8f2755b3de646a2b1d7acf9d94de3b7 36836dd25a714ea2bb448d4f64c0d604 - - default default] 10.0.0.7 "GET /v2.0/networks?id=db149a84-71e4-4c36-ba3f-ea0823fe444b HTTP/1.1" status: 200 len: 904 time: 0.0584931
2026-05-07 04:38:25.892 9 INFO neutron.api.wsgi [req-f67eff28-09dd-4d02-9152-46abf830d701 req-4640f0e5-3320-4e0b-9884-a12eecfb18f9 ccae579c3f944de1bd19a48a2b00e231 c71c8e6a42664e1ea8fe99e318afb6cb - - default default] 10.0.0.7 "GET /v2.0/ports?device_id=2295ee50-f104-4b8c-a30a-05de8888fbd7 HTTP/1.1" status: 200 len: 210 time: 0.0165503
2026-05-07 04:38:25.908 9 INFO neutron.api.wsgi [req-79aa05a8-1721-420a-81fb-1d2876be45c0 req-c995e7dd-f423-41d3-8919-f36c2ceb181f a8f2755b3de646a2b1d7acf9d94de3b7 36836dd25a714ea2bb448d4f64c0d604 - - default default] 10.0.0.7 "GET /v2.0/quotas/36836dd25a714ea2bb448d4f64c0d604 HTTP/1.1" status: 200 len: 491 time: 0.0096240
2026-05-07 04:38:25.961 9 INFO neutron.api.wsgi [None req-22a853c1-2350-41a3-848e-bfef915e5185 ce632d76966a4c36b373021fa2dac8d0 f3b2c4eeb3ee4a1b93fb1c15ccb58fd0 - - default default] 10.0.0.58 "DELETE /v2.0/security-groups/d52a7c4a-7306-4147-85a3-255349e37035 HTTP/1.1" status: 204 len: 168 time: 0.2186639
2026-05-07 04:38:25.991 10 WARNING neutron.plugins.ml2.drivers.ovn.mech_driver.ovsdb.ovn_client [None req-e3b87cc7-9e41-4e71-ba8e-c15ffbc5ec56 - - - - - -] No hosting information found for port b0ce710a-6487-4e39-b326-202faf63411a: RuntimeError: No hosting information found for port b0ce710a-6487-4e39-b326-202faf63411a
2026-05-07 04:38:26.047 9 INFO neutron.api.wsgi [req-79aa05a8-1721-420a-81fb-1d2876be45c0 req-985823c7-3f3c-482b-8218-2093a22b0c90 a8f2755b3de646a2b1d7acf9d94de3b7 36836dd25a714ea2bb448d4f64c0d604 - - default default] 10.0.0.7 "GET /v2.0/ports?tenant_id=36836dd25a714ea2bb448d4f64c0d604&fields=id HTTP/1.1" status: 200 len: 486 time: 0.1346233
2026-05-07 04:38:26.058 10 WARNING neutron.scheduler.dhcp_agent_scheduler [None req-92a017a8-92c4-4d28-986c-6fa274a4179a - - - - - -] No more DHCP agents
2026-05-07 04:38:26.060 10 WARNING neutron.api.rpc.agentnotifiers.dhcp_rpc_agent_api [None req-92a017a8-92c4-4d28-986c-6fa274a4179a - - - - - -] Unable to schedule network 233b80a5-8164-4e5e-b182-2e72d448c274: no agents available; will retry on subsequent port and subnet creation events.
2026-05-07 04:38:26.068 10 INFO neutron.db.ovn_revision_numbers_db [None req-e3b87cc7-9e41-4e71-ba8e-c15ffbc5ec56 - - - - - -] Successfully bumped revision number for resource b0ce710a-6487-4e39-b326-202faf63411a (type: router_ports) to 2
2026-05-07 04:38:26.068 10 INFO neutron.plugins.ml2.drivers.ovn.mech_driver.mech_driver [None req-e3b87cc7-9e41-4e71-ba8e-c15ffbc5ec56 - - - - - -] OVN reports status up for port: ae20b9fc-95e2-4869-a119-ae463ab29763
2026-05-07 04:38:26.075 10 INFO neutron.plugins.ml2.plugin [None req-e3b87cc7-9e41-4e71-ba8e-c15ffbc5ec56 - - - - - -] Attempt 1 to provision port ae20b9fc-95e2-4869-a119-ae463ab29763
2026-05-07 04:38:26.118 9 INFO neutron.api.wsgi [req-79aa05a8-1721-420a-81fb-1d2876be45c0 req-b586dcd9-5379-4239-9b6c-f36492944304 b9d9def71d194032a4ed1e1ec88523b9 d2c7cb5775e94dffa99d4e5e41325356 - - b74b1b31a6064d86ba7664f2a626d740 b74b1b31a6064d86ba7664f2a626d740] 10.0.0.7 "GET /v2.0/networks/db149a84-71e4-4c36-ba3f-ea0823fe444b?fields=segments HTTP/1.1" status: 200 len: 212 time: 0.0573051
2026-05-07 04:38:26.208 9 INFO neutron.api.wsgi [req-79aa05a8-1721-420a-81fb-1d2876be45c0 req-4f4a7425-fd3b-4787-b03f-f566fb830a88 b9d9def71d194032a4ed1e1ec88523b9 d2c7cb5775e94dffa99d4e5e41325356 - - b74b1b31a6064d86ba7664f2a626d740 b74b1b31a6064d86ba7664f2a626d740] 10.0.0.7 "GET /v2.0/networks/db149a84-71e4-4c36-ba3f-ea0823fe444b?fields=provider%3Aphysical_network&fields=provider%3Anetwork_type HTTP/1.1" status: 200 len: 277 time: 0.0843384
2026-05-07 04:38:26.233 10 INFO neutron.db.ovn_revision_numbers_db [None req-92a017a8-92c4-4d28-986c-6fa274a4179a - - - - - -] Successfully bumped revision number for resource 6271973f-87c0-4b98-ae11-b7c2541750c6 (type: ports) to 1
2026-05-07 04:38:26.362 9 INFO neutron.api.wsgi [req-2dc2f1d3-6a23-491f-a8a6-d7834dce235c req-e1291004-ac5d-42da-8d6d-f550c5550b31 a8f2755b3de646a2b1d7acf9d94de3b7 36836dd25a714ea2bb448d4f64c0d604 - - default default] 10.0.0.7 "GET /v2.0/ports?device_id=e00e4b19-7383-4240-83f2-fdcae007c2a9 HTTP/1.1" status: 200 len: 210 time: 0.0181468
2026-05-07 04:38:26.835 10 INFO neutron.db.ovn_revision_numbers_db [None req-e3b87cc7-9e41-4e71-ba8e-c15ffbc5ec56 - - - - - -] Successfully bumped revision number for resource ae20b9fc-95e2-4869-a119-ae463ab29763 (type: ports) to 2
2026-05-07 04:38:26.991 9 INFO neutron.api.wsgi [req-fb3f1ef8-df37-44fb-8df2-f89a07b5616d req-375b761c-c498-4643-8073-60e72f4ef7b8 ccae579c3f944de1bd19a48a2b00e231 c71c8e6a42664e1ea8fe99e318afb6cb - - default default] 10.0.0.7 "GET /v2.0/ports?device_id=2295ee50-f104-4b8c-a30a-05de8888fbd7 HTTP/1.1" status: 200 len: 210 time: 0.0338678
2026-05-07 04:38:27.098 10 INFO neutron.db.ovn_revision_numbers_db [None req-92a017a8-92c4-4d28-986c-6fa274a4179a - - - - - -] Successfully bumped revision number for resource 6271973f-87c0-4b98-ae11-b7c2541750c6 (type: ports) to 1
2026-05-07 04:38:27.150 10 WARNING neutron.scheduler.dhcp_agent_scheduler [None req-92a017a8-92c4-4d28-986c-6fa274a4179a - - - - - -] No more DHCP agents
2026-05-07 04:38:27.152 10 WARNING neutron.api.rpc.agentnotifiers.dhcp_rpc_agent_api [None req-92a017a8-92c4-4d28-986c-6fa274a4179a - - - - - -] Unable to schedule network 233b80a5-8164-4e5e-b182-2e72d448c274: no agents available; will retry on subsequent port and subnet creation events.
2026-05-07 04:38:27.791 10 INFO neutron.db.ovn_revision_numbers_db [None req-92a017a8-92c4-4d28-986c-6fa274a4179a - - - - - -] Successfully bumped revision number for resource 6271973f-87c0-4b98-ae11-b7c2541750c6 (type: router_ports) to 1
2026-05-07 04:38:27.981 10 WARNING neutron.scheduler.dhcp_agent_scheduler [None req-92a017a8-92c4-4d28-986c-6fa274a4179a - - - - - -] No more DHCP agents
2026-05-07 04:38:27.982 10 WARNING neutron.api.rpc.agentnotifiers.dhcp_rpc_agent_api [None req-92a017a8-92c4-4d28-986c-6fa274a4179a - - - - - -] Unable to schedule network 233b80a5-8164-4e5e-b182-2e72d448c274: no agents available; will retry on subsequent port and subnet creation events.
2026-05-07 04:38:28.071 9 INFO neutron.api.wsgi [req-e80c416a-75ad-48f4-866b-9b1911c775b7 req-7c9632b6-050f-4fd6-af3e-978eb69fa892 ccae579c3f944de1bd19a48a2b00e231 c71c8e6a42664e1ea8fe99e318afb6cb - - default default] 10.0.0.7 "GET /v2.0/ports?device_id=2295ee50-f104-4b8c-a30a-05de8888fbd7 HTTP/1.1" status: 200 len: 210 time: 0.0190501
2026-05-07 04:38:28.110 10 INFO neutron.db.ovn_revision_numbers_db [None req-92a017a8-92c4-4d28-986c-6fa274a4179a - - - - - -] Successfully bumped revision number for resource 3ff5a3b3-64c3-44de-be5d-ff200e82001e (type: ports) to 1
2026-05-07 04:38:28.309 10 INFO neutron.db.ovn_revision_numbers_db [None req-92a017a8-92c4-4d28-986c-6fa274a4179a - - - - - -] Successfully bumped revision number for resource 3ff5a3b3-64c3-44de-be5d-ff200e82001e (type: ports) to 3
2026-05-07 04:38:28.517 10 INFO neutron.api.wsgi [None req-44c93d56-418d-455f-9624-0c6ffe5ba654 dc4c0f2abc5040fba7c21d2eb5ff3a72 507782b9bc0b4558ad3d39f031921b8f - - default default] 10.0.0.58 "POST /v2.0/vpn/vpnservices HTTP/1.1" status: 201 len: 657 time: 4.3275385
2026-05-07 04:38:28.527 10 WARNING neutron_lib.context [None req-10eb1300-f0d0-4956-a2b4-be4865f75965 dc4c0f2abc5040fba7c21d2eb5ff3a72 507782b9bc0b4558ad3d39f031921b8f - - default default] Method 'is_advsvc' is deprecated since 2023.2 release (neutron-lib 3.8.0) and will be removed once support for the old RBAC API policies will be removed from Neutron. Please use method 'is_service_role' instead.
2026-05-07 04:38:28.796 10 INFO neutron.api.wsgi [None req-10eb1300-f0d0-4956-a2b4-be4865f75965 dc4c0f2abc5040fba7c21d2eb5ff3a72 507782b9bc0b4558ad3d39f031921b8f - - default default] 10.0.0.58 "POST /v2.0/vpn/vpnservices HTTP/1.1" status: 201 len: 622 time: 0.2734694
2026-05-07 04:38:28.805 10 WARNING neutron_lib.context [None req-95e8dd6c-aabc-41bf-980d-bf3ed9cade29 dc4c0f2abc5040fba7c21d2eb5ff3a72 507782b9bc0b4558ad3d39f031921b8f - - default default] Method 'is_advsvc' is deprecated since 2023.2 release (neutron-lib 3.8.0) and will be removed once support for the old RBAC API policies will be removed from Neutron. Please use method 'is_service_role' instead.
2026-05-07 04:38:28.833 10 INFO neutron.api.wsgi [None req-95e8dd6c-aabc-41bf-980d-bf3ed9cade29 dc4c0f2abc5040fba7c21d2eb5ff3a72 507782b9bc0b4558ad3d39f031921b8f - - default default] 10.0.0.58 "POST /v2.0/vpn/ikepolicies HTTP/1.1" status: 201 len: 603 time: 0.0315588
2026-05-07 04:38:28.840 10 WARNING neutron_lib.context [None req-389c3a6f-61ce-4c47-9f8b-4b8f4df5ee2f dc4c0f2abc5040fba7c21d2eb5ff3a72 507782b9bc0b4558ad3d39f031921b8f - - default default] Method 'is_advsvc' is deprecated since 2023.2 release (neutron-lib 3.8.0) and will be removed once support for the old RBAC API policies will be removed from Neutron. Please use method 'is_service_role' instead.
2026-05-07 04:38:28.878 10 INFO neutron.api.wsgi [None req-389c3a6f-61ce-4c47-9f8b-4b8f4df5ee2f dc4c0f2abc5040fba7c21d2eb5ff3a72 507782b9bc0b4558ad3d39f031921b8f - - default default] 10.0.0.58 "POST /v2.0/vpn/ipsecpolicies HTTP/1.1" status: 201 len: 612 time: 0.0405591
2026-05-07 04:38:28.888 9 WARNING neutron_lib.context [None req-6762b8d2-0b05-4897-908d-f9bf07753474 dc4c0f2abc5040fba7c21d2eb5ff3a72 507782b9bc0b4558ad3d39f031921b8f - - default default] Method 'is_advsvc' is deprecated since 2023.2 release (neutron-lib 3.8.0) and will be removed once support for the old RBAC API policies will be removed from Neutron. Please use method 'is_service_role' instead.
2026-05-07 04:38:28.934 9 INFO neutron.api.wsgi [None req-6762b8d2-0b05-4897-908d-f9bf07753474 dc4c0f2abc5040fba7c21d2eb5ff3a72 507782b9bc0b4558ad3d39f031921b8f - - default default] 10.0.0.58 "POST /v2.0/vpn/endpoint-groups HTTP/1.1" status: 201 len: 527 time: 0.0513332
2026-05-07 04:38:28.943 9 WARNING neutron_lib.context [None req-92a22fc4-6fa2-4d4f-8dc5-e7879defb761 dc4c0f2abc5040fba7c21d2eb5ff3a72 507782b9bc0b4558ad3d39f031921b8f - - default default] Method 'is_advsvc' is deprecated since 2023.2 release (neutron-lib 3.8.0) and will be removed once support for the old RBAC API policies will be removed from Neutron. Please use method 'is_service_role' instead.
2026-05-07 04:38:28.974 9 INFO neutron.api.wsgi [None req-92a22fc4-6fa2-4d4f-8dc5-e7879defb761 dc4c0f2abc5040fba7c21d2eb5ff3a72 507782b9bc0b4558ad3d39f031921b8f - - default default] 10.0.0.58 "POST /v2.0/vpn/endpoint-groups HTTP/1.1" status: 201 len: 519 time: 0.0361288
2026-05-07 04:38:28.982 9 WARNING neutron_lib.context [None req-6d9a5d10-49b6-412e-bede-54ffeb1c978f dc4c0f2abc5040fba7c21d2eb5ff3a72 507782b9bc0b4558ad3d39f031921b8f - - default default] Method 'is_advsvc' is deprecated since 2023.2 release (neutron-lib 3.8.0) and will be removed once support for the old RBAC API policies will be removed from Neutron. Please use method 'is_service_role' instead.
2026-05-07 04:38:29.269 10 INFO neutron.api.wsgi [None req-18daa0bd-4351-4abe-97d5-d6144a6d01a9 ccae579c3f944de1bd19a48a2b00e231 c71c8e6a42664e1ea8fe99e318afb6cb - - default default] 10.0.0.58 "DELETE /v2.0/security-groups/f3bdb4bf-ce73-4877-9823-5e6d7c5eb527 HTTP/1.1" status: 204 len: 168 time: 0.1434793
2026-05-07 04:38:29.600 10 INFO neutron.api.wsgi [None req-181850df-5e2f-4e12-9896-b0cb80e522cf ccae579c3f944de1bd19a48a2b00e231 c71c8e6a42664e1ea8fe99e318afb6cb - - default default] 10.0.0.58 "DELETE /v2.0/floatingips/74708d66-626b-453e-b850-3e32fd7b2b91 HTTP/1.1" status: 204 len: 168 time: 0.3013449
2026-05-07 04:38:29.788 9 INFO neutron.api.wsgi [req-87e06b29-14d8-4579-b795-89298ac0457b req-8a651a3d-0e61-4483-8873-53d8e40793b3 ccae579c3f944de1bd19a48a2b00e231 c71c8e6a42664e1ea8fe99e318afb6cb - - default default] 10.0.0.7 "GET /v2.0/ports?device_id=3941c794-9c83-46ce-b840-a0a7675fabd0 HTTP/1.1" status: 200 len: 1174 time: 0.0713699
2026-05-07 04:38:29.837 9 INFO neutron.api.wsgi [req-87e06b29-14d8-4579-b795-89298ac0457b req-fcf925e8-eb04-4a14-8227-b42460efcda3 ccae579c3f944de1bd19a48a2b00e231 c71c8e6a42664e1ea8fe99e318afb6cb - - default default] 10.0.0.7 "GET /v2.0/security-groups?id=a18a15e4-7bf9-4bc0-8bad-c9d94f4696de&fields=id&fields=name HTTP/1.1" status: 200 len: 313 time: 0.0429165
2026-05-07 04:38:29.878 9 INFO neutron.db.ovn_revision_numbers_db [None req-6d9a5d10-49b6-412e-bede-54ffeb1c978f dc4c0f2abc5040fba7c21d2eb5ff3a72 507782b9bc0b4558ad3d39f031921b8f - - default default] Successfully bumped revision number for resource 1cf44432-dc01-4ef3-9726-81b3f953a632 (type: routers) to 5
2026-05-07 04:38:29.913 9 INFO neutron.api.wsgi [None req-6d9a5d10-49b6-412e-bede-54ffeb1c978f dc4c0f2abc5040fba7c21d2eb5ff3a72 507782b9bc0b4558ad3d39f031921b8f - - default default] 10.0.0.58 "POST /v2.0/vpn/ipsec-site-connections HTTP/1.1" status: 201 len: 1002 time: 0.9338198
2026-05-07 04:38:29.928 10 WARNING neutron_lib.context [None req-26270d8f-536a-4d73-8b63-1290de6a49c7 dc4c0f2abc5040fba7c21d2eb5ff3a72 507782b9bc0b4558ad3d39f031921b8f - - default default] Method 'is_advsvc' is deprecated since 2023.2 release (neutron-lib 3.8.0) and will be removed once support for the old RBAC API policies will be removed from Neutron. Please use method 'is_service_role' instead.
2026-05-07 04:38:29.969 10 INFO neutron.api.wsgi [None req-26270d8f-536a-4d73-8b63-1290de6a49c7 dc4c0f2abc5040fba7c21d2eb5ff3a72 507782b9bc0b4558ad3d39f031921b8f - - default default] 10.0.0.58 "POST /v2.0/vpn/endpoint-groups HTTP/1.1" status: 201 len: 489 time: 0.0479650
2026-05-07 04:38:30.003 10 INFO neutron.api.wsgi [None req-79d3e681-2425-47c3-91e4-7497f6050b7f dc4c0f2abc5040fba7c21d2eb5ff3a72 507782b9bc0b4558ad3d39f031921b8f - - default default] 10.0.0.58 "DELETE /v2.0/vpn/endpoint-groups/f3881d57-5565-40e3-981c-bbb5f06bdf28 HTTP/1.1" status: 204 len: 168 time: 0.0280731
2026-05-07 04:38:30.018 10 INFO neutron.api.wsgi [None req-dea05533-a5f4-41f2-a14c-65056125d8c5 dc4c0f2abc5040fba7c21d2eb5ff3a72 507782b9bc0b4558ad3d39f031921b8f - - default default] 10.0.0.58 "GET /v2.0/vpn/endpoint-groups HTTP/1.1" status: 200 len: 827 time: 0.0107741
2026-05-07 04:38:30.030 10 INFO neutron.api.wsgi [None req-21ce7993-41f7-4981-81ab-5508d9734903 dc4c0f2abc5040fba7c21d2eb5ff3a72 507782b9bc0b4558ad3d39f031921b8f - - default default] 10.0.0.58 "GET /v2.0/vpn/endpoint-groups HTTP/1.1" status: 200 len: 827 time: 0.0071988
2026-05-07 04:38:30.519 9 WARNING neutron.plugins.ml2.drivers.ovn.mech_driver.ovsdb.ovn_client [None req-13f7bab8-2880-42ec-8b84-3d70e795ad6a - - - - - -] No hosting information found for port 4aad2a91-9e47-4166-b3da-924a1c4c0bdd: RuntimeError: No hosting information found for port 4aad2a91-9e47-4166-b3da-924a1c4c0bdd
2026-05-07 04:38:30.519 9 INFO neutron.plugins.ml2.drivers.ovn.mech_driver.mech_driver [None req-13f7bab8-2880-42ec-8b84-3d70e795ad6a - - - - - -] OVN reports status up for port: 17a0f049-e8a9-4607-9ce3-8998b807d0a0
2026-05-07 04:38:30.526 9 INFO neutron.plugins.ml2.plugin [None req-13f7bab8-2880-42ec-8b84-3d70e795ad6a - - - - - -] Attempt 1 to provision port 17a0f049-e8a9-4607-9ce3-8998b807d0a0
2026-05-07 04:38:30.690 9 INFO neutron.api.wsgi [None req-ab0d051b-891d-49f7-ac85-efd71fd06a1b e408b159eb45491897a1b26e357fe700 3d4fc1888a0648b2b3d3e50bba078fb8 - - default default] 10.0.0.58 "POST /v2.0/vpn/ikepolicies HTTP/1.1" status: 201 len: 602 time: 0.3011997
2026-05-07 04:38:30.702 9 INFO neutron.api.wsgi [None req-9aef4cbd-049c-40a9-bbdd-550c1613117a dc4c0f2abc5040fba7c21d2eb5ff3a72 507782b9bc0b4558ad3d39f031921b8f - - default default] 10.0.0.58 "GET /v2.0/vpn/ikepolicies HTTP/1.1" status: 200 len: 992 time: 0.0068932
2026-05-07 04:38:30.728 9 INFO neutron.api.wsgi [None req-496c8c67-cfd7-487e-ba99-bd1677523242 e408b159eb45491897a1b26e357fe700 3d4fc1888a0648b2b3d3e50bba078fb8 - - default default] 10.0.0.58 "DELETE /v2.0/vpn/ikepolicies/5ac6cdd0-a490-4d60-9dc0-720c53cf7206 HTTP/1.1" status: 204 len: 168 time: 0.0223417
2026-05-07 04:38:30.765 9 INFO neutron.api.wsgi [None req-c39feb3a-17a9-4d7a-845f-57508d8a8359 e408b159eb45491897a1b26e357fe700 3d4fc1888a0648b2b3d3e50bba078fb8 - - default default] 10.0.0.58 "POST /v2.0/vpn/ipsecpolicies HTTP/1.1" status: 201 len: 610 time: 0.0287316
2026-05-07 04:38:30.776 9 INFO neutron.api.wsgi [None req-3a588f63-8ce1-45d1-9e84-48bfb3b5b646 dc4c0f2abc5040fba7c21d2eb5ff3a72 507782b9bc0b4558ad3d39f031921b8f - - default default] 10.0.0.58 "GET /v2.0/vpn/ipsecpolicies HTTP/1.1" status: 200 len: 1007 time: 0.0067990
2026-05-07 04:38:30.805 9 INFO neutron.api.wsgi [None req-891774b3-3204-4211-b437-f0500c4f98cc e408b159eb45491897a1b26e357fe700 3d4fc1888a0648b2b3d3e50bba078fb8 - - default default] 10.0.0.58 "DELETE /v2.0/vpn/ipsecpolicies/e3feda28-04e2-4654-b2b5-e8a79c30ccae HTTP/1.1" status: 204 len: 168 time: 0.0244203
2026-05-07 04:38:30.817 9 WARNING neutron_lib.context [None req-03a712bb-37d6-4b1c-b883-1dabfab3bd79 dc4c0f2abc5040fba7c21d2eb5ff3a72 507782b9bc0b4558ad3d39f031921b8f - - default default] Method 'is_advsvc' is deprecated since 2023.2 release (neutron-lib 3.8.0) and will be removed once support for the old RBAC API policies will be removed from Neutron. Please use method 'is_service_role' instead.
2026-05-07 04:38:30.885 9 INFO neutron.db.segments_db [None req-03a712bb-37d6-4b1c-b883-1dabfab3bd79 dc4c0f2abc5040fba7c21d2eb5ff3a72 507782b9bc0b4558ad3d39f031921b8f - - default default] Added segment 07700369-07ac-467c-87a3-4c865a9cdafe of type geneve for network 1313c8b5-2196-4f1e-a068-4dd23183a03a
2026-05-07 04:38:30.933 9 INFO neutron.api.wsgi [req-c0afaaaf-bbbf-4118-88ef-1a1c0d37d560 req-94a53e36-ddea-49fa-84d5-ab522f2f1a0d ccae579c3f944de1bd19a48a2b00e231 c71c8e6a42664e1ea8fe99e318afb6cb - - default default] 10.0.0.7 "GET /v2.0/ports?device_id=3941c794-9c83-46ce-b840-a0a7675fabd0 HTTP/1.1" status: 200 len: 1174 time: 0.0368140
2026-05-07 04:38:30.985 9 INFO neutron.api.wsgi [req-c0afaaaf-bbbf-4118-88ef-1a1c0d37d560 req-982b95ab-d7eb-4d98-93f8-7f8f13c3d18a ccae579c3f944de1bd19a48a2b00e231 c71c8e6a42664e1ea8fe99e318afb6cb - - default default] 10.0.0.7 "GET /v2.0/security-groups?id=a18a15e4-7bf9-4bc0-8bad-c9d94f4696de&fields=id&fields=name HTTP/1.1" status: 200 len: 313 time: 0.0441091
2026-05-07 04:38:30.997 9 INFO neutron.api.wsgi [req-79aa05a8-1721-420a-81fb-1d2876be45c0 req-88096a58-6952-4ce4-9da1-3d8c8aad4104 a8f2755b3de646a2b1d7acf9d94de3b7 36836dd25a714ea2bb448d4f64c0d604 - - default default] 199.19.213.105 "GET /v2.0/networks?id=db149a84-71e4-4c36-ba3f-ea0823fe444b HTTP/1.1" status: 200 len: 904 time: 0.0636170
2026-05-07 04:38:31.034 9 INFO neutron.db.ovn_revision_numbers_db [None req-03a712bb-37d6-4b1c-b883-1dabfab3bd79 dc4c0f2abc5040fba7c21d2eb5ff3a72 507782b9bc0b4558ad3d39f031921b8f - - default default] Successfully bumped revision number for resource 1313c8b5-2196-4f1e-a068-4dd23183a03a (type: networks) to 1
2026-05-07 04:38:31.047 9 INFO neutron.api.wsgi [req-79aa05a8-1721-420a-81fb-1d2876be45c0 req-e37a97ec-05b0-450f-aee0-a7d7339d2f9c a8f2755b3de646a2b1d7acf9d94de3b7 36836dd25a714ea2bb448d4f64c0d604 - - default default] 199.19.213.105 "GET /v2.0/security-groups?fields=id&fields=name&tenant_id=36836dd25a714ea2bb448d4f64c0d604 HTTP/1.1" status: 200 len: 378 time: 0.0429196
2026-05-07 04:38:31.056 9 WARNING neutron_lib.context [req-79aa05a8-1721-420a-81fb-1d2876be45c0 req-28680a0c-450d-4f7d-a1de-5a2ccd492dd7 a8f2755b3de646a2b1d7acf9d94de3b7 36836dd25a714ea2bb448d4f64c0d604 - - default default] Method 'is_advsvc' is deprecated since 2023.2 release (neutron-lib 3.8.0) and will be removed once support for the old RBAC API policies will be removed from Neutron. Please use method 'is_service_role' instead.
2026-05-07 04:38:31.220 9 WARNING neutron.scheduler.dhcp_agent_scheduler [None req-03a712bb-37d6-4b1c-b883-1dabfab3bd79 dc4c0f2abc5040fba7c21d2eb5ff3a72 507782b9bc0b4558ad3d39f031921b8f - - default default] No more DHCP agents
2026-05-07 04:38:31.221 9 WARNING neutron.api.rpc.agentnotifiers.dhcp_rpc_agent_api [None req-03a712bb-37d6-4b1c-b883-1dabfab3bd79 dc4c0f2abc5040fba7c21d2eb5ff3a72 507782b9bc0b4558ad3d39f031921b8f - - default default] Unable to schedule network 1313c8b5-2196-4f1e-a068-4dd23183a03a: no agents available; will retry on subsequent port and subnet creation events.
2026-05-07 04:38:31.301 9 INFO neutron.db.ovn_revision_numbers_db [None req-03a712bb-37d6-4b1c-b883-1dabfab3bd79 dc4c0f2abc5040fba7c21d2eb5ff3a72 507782b9bc0b4558ad3d39f031921b8f - - default default] Successfully bumped revision number for resource d11343d5-bd94-41f1-b7ef-d08abbf8c7b9 (type: ports) to 1
2026-05-07 04:38:31.326 9 INFO neutron.api.wsgi [None req-03a712bb-37d6-4b1c-b883-1dabfab3bd79 dc4c0f2abc5040fba7c21d2eb5ff3a72 507782b9bc0b4558ad3d39f031921b8f - - default default] 10.0.0.58 "POST /v2.0/networks HTTP/1.1" status: 201 len: 831 time: 0.5121608
2026-05-07 04:38:31.335 9 WARNING neutron_lib.context [None req-c53f7490-82d6-4985-9de4-d40c44b07bb7 dc4c0f2abc5040fba7c21d2eb5ff3a72 507782b9bc0b4558ad3d39f031921b8f - - default default] Method 'is_advsvc' is deprecated since 2023.2 release (neutron-lib 3.8.0) and will be removed once support for the old RBAC API policies will be removed from Neutron. Please use method 'is_service_role' instead.
2026-05-07 04:38:31.386 9 WARNING neutron.scheduler.dhcp_agent_scheduler [req-79aa05a8-1721-420a-81fb-1d2876be45c0 req-28680a0c-450d-4f7d-a1de-5a2ccd492dd7 a8f2755b3de646a2b1d7acf9d94de3b7 36836dd25a714ea2bb448d4f64c0d604 - - default default] No more DHCP agents
2026-05-07 04:38:31.388 9 WARNING neutron.api.rpc.agentnotifiers.dhcp_rpc_agent_api [req-79aa05a8-1721-420a-81fb-1d2876be45c0 req-28680a0c-450d-4f7d-a1de-5a2ccd492dd7 a8f2755b3de646a2b1d7acf9d94de3b7 36836dd25a714ea2bb448d4f64c0d604 - - default default] Unable to schedule network db149a84-71e4-4c36-ba3f-ea0823fe444b: no agents available; will retry on subsequent port and subnet creation events. /var/lib/openstack/lib/python3.12/site-packages/pycadf/identifier.py:71: UserWarning: Invalid uuid: neutron. To ensure interoperability, identifiers should be a valid uuid. warnings.warn(('Invalid uuid: %s. To ensure interoperability, '
2026-05-07 04:38:31.526 9 INFO neutron.api.wsgi [req-d2a8ee63-b54a-4b34-91a2-85344b5d44a3 req-2b86ce9f-a14e-4976-abb4-63885f20dd87 a8f2755b3de646a2b1d7acf9d94de3b7 36836dd25a714ea2bb448d4f64c0d604 - - default default] 10.0.0.7 "GET /v2.0/ports?device_id=e00e4b19-7383-4240-83f2-fdcae007c2a9 HTTP/1.1" status: 200 len: 1386 time: 0.0964015
2026-05-07 04:38:31.552 10 INFO neutron.api.wsgi [req-24cd9430-6c60-4490-9936-b25036bd02a0 req-432292f0-7acc-420d-be55-85174470bc30 ccae579c3f944de1bd19a48a2b00e231 c71c8e6a42664e1ea8fe99e318afb6cb - - default default] 199.19.213.105 "GET /v2.0/ports?device_id=3941c794-9c83-46ce-b840-a0a7675fabd0 HTTP/1.1" status: 200 len: 1174 time: 0.0764635
2026-05-07 04:38:31.555 9 INFO neutron.db.ovn_revision_numbers_db [req-79aa05a8-1721-420a-81fb-1d2876be45c0 req-28680a0c-450d-4f7d-a1de-5a2ccd492dd7 a8f2755b3de646a2b1d7acf9d94de3b7 36836dd25a714ea2bb448d4f64c0d604 - - default default] Successfully bumped revision number for resource 792cbcf6-1d2a-49d1-9afe-46f0238f0344 (type: ports) to 1
2026-05-07 04:38:31.573 9 WARNING neutron.scheduler.dhcp_agent_scheduler [None req-c53f7490-82d6-4985-9de4-d40c44b07bb7 dc4c0f2abc5040fba7c21d2eb5ff3a72 507782b9bc0b4558ad3d39f031921b8f - - default default] No more DHCP agents
2026-05-07 04:38:31.576 9 INFO neutron.api.wsgi [req-d2a8ee63-b54a-4b34-91a2-85344b5d44a3 req-d21210ee-27b9-47e4-a3e9-807e5e7522a5 a8f2755b3de646a2b1d7acf9d94de3b7 36836dd25a714ea2bb448d4f64c0d604 - - default default] 10.0.0.7 "GET /v2.0/security-groups?id=b7e9f60c-3c99-47a6-b5b5-9100d264c356&fields=id&fields=name HTTP/1.1" status: 200 len: 311 time: 0.0429995
2026-05-07 04:38:31.578 9 INFO neutron.api.wsgi [req-79aa05a8-1721-420a-81fb-1d2876be45c0 req-28680a0c-450d-4f7d-a1de-5a2ccd492dd7 a8f2755b3de646a2b1d7acf9d94de3b7 36836dd25a714ea2bb448d4f64c0d604 - - default default] 199.19.213.105 "POST /v2.0/ports HTTP/1.1" status: 201 len: 1388 time: 0.5273433
2026-05-07 04:38:31.578 9 WARNING neutron.api.rpc.agentnotifiers.dhcp_rpc_agent_api [None req-c53f7490-82d6-4985-9de4-d40c44b07bb7 dc4c0f2abc5040fba7c21d2eb5ff3a72 507782b9bc0b4558ad3d39f031921b8f - - default default] Unable to schedule network 1313c8b5-2196-4f1e-a068-4dd23183a03a: no agents available; will retry on subsequent port and subnet creation events.
2026-05-07 04:38:31.780 10 INFO neutron.db.ovn_revision_numbers_db [None req-a933f915-4647-4f58-9ada-b9e419a11a37 ce632d76966a4c36b373021fa2dac8d0 f3b2c4eeb3ee4a1b93fb1c15ccb58fd0 - - default default] Successfully bumped revision number for resource 4ce2284c-4930-4fa5-a5b0-a42520fc025f (type: security_groups) to 1
2026-05-07 04:38:31.803 10 INFO neutron.db.ovn_revision_numbers_db [None req-a933f915-4647-4f58-9ada-b9e419a11a37 ce632d76966a4c36b373021fa2dac8d0 f3b2c4eeb3ee4a1b93fb1c15ccb58fd0 - - default default] Successfully bumped revision number for resource 1f614bdb-f960-4590-8d0f-3a4281d8eea8 (type: security_group_rules) to 0
2026-05-07 04:38:31.822 10 INFO neutron.api.wsgi [req-24cd9430-6c60-4490-9936-b25036bd02a0 req-a0c89f0a-7d05-47df-8f77-c717f93e844e ccae579c3f944de1bd19a48a2b00e231 c71c8e6a42664e1ea8fe99e318afb6cb - - default default] 199.19.213.105 "DELETE /v2.0/ports/a5d32d01-eb02-4858-84fa-bf09d20a3a83 HTTP/1.1" status: 204 len: 173 time: 0.2644818
2026-05-07 04:38:31.828 10 INFO neutron.db.ovn_revision_numbers_db [None req-a933f915-4647-4f58-9ada-b9e419a11a37 ce632d76966a4c36b373021fa2dac8d0 f3b2c4eeb3ee4a1b93fb1c15ccb58fd0 - - default default] Successfully bumped revision number for resource 60d518b8-60a2-48f5-bc98-18db7066a7f6 (type: security_group_rules) to 0
2026-05-07 04:38:31.842 10 INFO neutron.db.ovn_revision_numbers_db [None req-a933f915-4647-4f58-9ada-b9e419a11a37 ce632d76966a4c36b373021fa2dac8d0 f3b2c4eeb3ee4a1b93fb1c15ccb58fd0 - - default default] Successfully bumped revision number for resource bf4e50bb-e60a-4808-96e6-50caf4e5c4d7 (type: security_group_rules) to 0
2026-05-07 04:38:31.861 10 INFO neutron.notifiers.nova [-] Nova event matching ['req-22c6f77f-44f0-4980-86f3-af723a8a0814'] response: {'server_uuid': '3941c794-9c83-46ce-b840-a0a7675fabd0', 'name': 'network-vif-deleted', 'tag': 'a5d32d01-eb02-4858-84fa-bf09d20a3a83', 'status': 'completed', 'code': 200}
2026-05-07 04:38:31.866 10 INFO neutron.db.ovn_revision_numbers_db [None req-a933f915-4647-4f58-9ada-b9e419a11a37 ce632d76966a4c36b373021fa2dac8d0 f3b2c4eeb3ee4a1b93fb1c15ccb58fd0 - - default default] Successfully bumped revision number for resource de1556b4-3608-402d-91ab-c614741bddbd (type: security_group_rules) to 0
2026-05-07 04:38:31.901 10 INFO neutron.api.wsgi [None req-a933f915-4647-4f58-9ada-b9e419a11a37 ce632d76966a4c36b373021fa2dac8d0 f3b2c4eeb3ee4a1b93fb1c15ccb58fd0 - - default default] 10.0.0.58 "GET /v2.0/security-groups?tenant_id=e0907f86f4d840adb50ab68334ba9f24&name=default HTTP/1.1" status: 200 len: 3120 time: 0.4981503 /var/lib/openstack/lib/python3.12/site-packages/pycadf/identifier.py:71: UserWarning: Invalid uuid: neutron. To ensure interoperability, identifiers should be a valid uuid. warnings.warn(('Invalid uuid: %s. To ensure interoperability, '
2026-05-07 04:38:31.999 10 WARNING neutron.plugins.ml2.drivers.ovn.mech_driver.ovsdb.ovn_client [None req-464eb8ee-838f-4503-b418-dc2efadc37c4 - - - - - -] No hosting information found for port ae20b9fc-95e2-4869-a119-ae463ab29763: RuntimeError: No hosting information found for port ae20b9fc-95e2-4869-a119-ae463ab29763
2026-05-07 04:38:32.071 10 INFO neutron.db.ovn_revision_numbers_db [None req-464eb8ee-838f-4503-b418-dc2efadc37c4 - - - - - -] Successfully bumped revision number for resource ae20b9fc-95e2-4869-a119-ae463ab29763 (type: router_ports) to 2
2026-05-07 04:38:32.094 9 INFO neutron.db.ovn_revision_numbers_db [req-79aa05a8-1721-420a-81fb-1d2876be45c0 req-b1fdd0c7-9608-4f32-b089-ba46d9dc70c1 b9d9def71d194032a4ed1e1ec88523b9 d2c7cb5775e94dffa99d4e5e41325356 - - b74b1b31a6064d86ba7664f2a626d740 b74b1b31a6064d86ba7664f2a626d740] Successfully bumped revision number for resource 792cbcf6-1d2a-49d1-9afe-46f0238f0344 (type: ports) to 2
2026-05-07 04:38:32.100 9 INFO neutron.api.wsgi [req-610f62f4-061e-4f7b-99c2-64f5f9960636 req-39b2dbcf-5ce4-4cb7-a15b-c99b5519ad92 ccae579c3f944de1bd19a48a2b00e231 c71c8e6a42664e1ea8fe99e318afb6cb - - default default] 10.0.0.7 "GET /v2.0/ports?device_id=3941c794-9c83-46ce-b840-a0a7675fabd0 HTTP/1.1" status: 200 len: 210 time: 0.0357387
2026-05-07 04:38:32.110 9 INFO neutron.db.ovn_revision_numbers_db [None req-8698a642-cdcc-4198-a122-4ec84d32d6f6 - - - - - -] Successfully bumped revision number for resource d11343d5-bd94-41f1-b7ef-d08abbf8c7b9 (type: ports) to 2
2026-05-07 04:38:32.151 10 INFO neutron.plugins.ml2.drivers.ovn.mech_driver.mech_driver [None req-464eb8ee-838f-4503-b418-dc2efadc37c4 - - - - - -] OVN reports status up for port: 6271973f-87c0-4b98-ae11-b7c2541750c6
2026-05-07 04:38:32.153 9 INFO neutron.db.ovn_revision_numbers_db [None req-8698a642-cdcc-4198-a122-4ec84d32d6f6 - - - - - -] Successfully bumped revision number for resource f2547644-5497-413a-87ae-8d0aadcea8f1 (type: subnets) to 0
2026-05-07 04:38:32.175 10 INFO neutron.plugins.ml2.plugin [None req-464eb8ee-838f-4503-b418-dc2efadc37c4 - - - - - -] Attempt 1 to provision port 6271973f-87c0-4b98-ae11-b7c2541750c6
2026-05-07 04:38:32.193 9 INFO neutron.api.wsgi [None req-c53f7490-82d6-4985-9de4-d40c44b07bb7 dc4c0f2abc5040fba7c21d2eb5ff3a72 507782b9bc0b4558ad3d39f031921b8f - - default default] 10.0.0.58 "POST /v2.0/subnets HTTP/1.1" status: 201 len: 828 time: 0.8616593
2026-05-07 04:38:32.206 9 WARNING neutron_lib.context [None req-7b4e8aa0-7af7-4908-9030-096b1fb6ff0d dc4c0f2abc5040fba7c21d2eb5ff3a72 507782b9bc0b4558ad3d39f031921b8f - - default default] Method 'is_advsvc' is deprecated since 2023.2 release (neutron-lib 3.8.0) and will be removed once support for the old RBAC API policies will be removed from Neutron. Please use method 'is_service_role' instead.
2026-05-07 04:38:32.261 9 INFO neutron.api.wsgi [None req-1f4e3e28-cbe0-42d6-8e13-38d4faa6e6bd ce632d76966a4c36b373021fa2dac8d0 f3b2c4eeb3ee4a1b93fb1c15ccb58fd0 - - default default] 10.0.0.58 "DELETE /v2.0/security-groups/4ce2284c-4930-4fa5-a5b0-a42520fc025f HTTP/1.1" status: 204 len: 168 time: 0.3537016 /var/lib/openstack/lib/python3.12/site-packages/pycadf/identifier.py:71: UserWarning: Invalid uuid: neutron. To ensure interoperability, identifiers should be a valid uuid. warnings.warn(('Invalid uuid: %s. To ensure interoperability, '
2026-05-07 04:38:32.411 9 INFO neutron.db.ovn_revision_numbers_db [req-79aa05a8-1721-420a-81fb-1d2876be45c0 req-b1fdd0c7-9608-4f32-b089-ba46d9dc70c1 b9d9def71d194032a4ed1e1ec88523b9 d2c7cb5775e94dffa99d4e5e41325356 - - b74b1b31a6064d86ba7664f2a626d740 b74b1b31a6064d86ba7664f2a626d740] Successfully bumped revision number for resource 792cbcf6-1d2a-49d1-9afe-46f0238f0344 (type: ports) to 4
2026-05-07 04:38:32.444 9 INFO neutron.api.wsgi [req-79aa05a8-1721-420a-81fb-1d2876be45c0 req-b1fdd0c7-9608-4f32-b089-ba46d9dc70c1 b9d9def71d194032a4ed1e1ec88523b9 d2c7cb5775e94dffa99d4e5e41325356 - - b74b1b31a6064d86ba7664f2a626d740 b74b1b31a6064d86ba7664f2a626d740] 199.19.213.105 "PUT /v2.0/ports/792cbcf6-1d2a-49d1-9afe-46f0238f0344 HTTP/1.1" status: 200 len: 1633 time: 0.8567495
2026-05-07 04:38:32.487 9 INFO neutron.notifiers.nova [-] Nova event matching ['req-4d458b67-2038-4671-826f-fea1dad0d952'] response: {'name': 'network-changed', 'server_uuid': 'e00e4b19-7383-4240-83f2-fdcae007c2a9', 'tag': '792cbcf6-1d2a-49d1-9afe-46f0238f0344', 'status': 'completed', 'code': 200}
2026-05-07 04:38:32.500 10 INFO neutron.db.ovn_revision_numbers_db [None req-57aa8877-9191-46bb-8b53-9af9c12a869c ce632d76966a4c36b373021fa2dac8d0 f3b2c4eeb3ee4a1b93fb1c15ccb58fd0 - - default default] Successfully bumped revision number for resource 5d774e3c-9fdc-44b9-a78c-666b4d2b30ad (type: security_groups) to 1
2026-05-07 04:38:32.519 10 INFO neutron.db.ovn_revision_numbers_db [None req-57aa8877-9191-46bb-8b53-9af9c12a869c ce632d76966a4c36b373021fa2dac8d0 f3b2c4eeb3ee4a1b93fb1c15ccb58fd0 - - default default] Successfully bumped revision number for resource 5e8442e3-0196-4428-8d0d-35ac59452f52 (type: security_group_rules) to 0
2026-05-07 04:38:32.538 10 INFO neutron.db.ovn_revision_numbers_db [None req-57aa8877-9191-46bb-8b53-9af9c12a869c ce632d76966a4c36b373021fa2dac8d0 f3b2c4eeb3ee4a1b93fb1c15ccb58fd0 - - default default] Successfully bumped revision number for resource 5f689289-d63b-48e2-a134-f47b56236cd5 (type: security_group_rules) to 0
2026-05-07 04:38:32.556 10 INFO neutron.db.ovn_revision_numbers_db [None req-464eb8ee-838f-4503-b418-dc2efadc37c4 - - - - - -] Successfully bumped revision number for resource 6271973f-87c0-4b98-ae11-b7c2541750c6 (type: ports) to 2
2026-05-07 04:38:32.559 10 INFO neutron.db.ovn_revision_numbers_db [None req-57aa8877-9191-46bb-8b53-9af9c12a869c ce632d76966a4c36b373021fa2dac8d0 f3b2c4eeb3ee4a1b93fb1c15ccb58fd0 - - default default] Successfully bumped revision number for resource 7aa118d8-e8a4-499b-931a-99f5e2597542 (type: security_group_rules) to 0
2026-05-07 04:38:32.577 10 INFO neutron.db.ovn_revision_numbers_db [None req-57aa8877-9191-46bb-8b53-9af9c12a869c ce632d76966a4c36b373021fa2dac8d0 f3b2c4eeb3ee4a1b93fb1c15ccb58fd0 - - default default] Successfully bumped revision number for resource c6d315ed-0eda-4bc8-b777-575eca182cc3 (type: security_group_rules) to 0
2026-05-07 04:38:32.617 10 INFO neutron.api.wsgi [None req-57aa8877-9191-46bb-8b53-9af9c12a869c ce632d76966a4c36b373021fa2dac8d0 f3b2c4eeb3ee4a1b93fb1c15ccb58fd0 - - default default] 10.0.0.58 "GET /v2.0/security-groups?tenant_id=7f589796d43442d5b597d06eb340eda1&name=default HTTP/1.1" status: 200 len: 3120 time: 0.2584114
2026-05-07 04:38:32.640 9 WARNING neutron.scheduler.dhcp_agent_scheduler [None req-7b4e8aa0-7af7-4908-9030-096b1fb6ff0d dc4c0f2abc5040fba7c21d2eb5ff3a72 507782b9bc0b4558ad3d39f031921b8f - - default default] No more DHCP agents
2026-05-07 04:38:32.641 9 WARNING neutron.api.rpc.agentnotifiers.dhcp_rpc_agent_api [None req-7b4e8aa0-7af7-4908-9030-096b1fb6ff0d dc4c0f2abc5040fba7c21d2eb5ff3a72 507782b9bc0b4558ad3d39f031921b8f - - default default] Unable to schedule network bb2502a7-810e-44b0-bf54-9c9da8f1d864: no agents available; will retry on subsequent port and subnet creation events.
2026-05-07 04:38:32.777 9 INFO neutron.db.ovn_revision_numbers_db [None req-7b4e8aa0-7af7-4908-9030-096b1fb6ff0d dc4c0f2abc5040fba7c21d2eb5ff3a72 507782b9bc0b4558ad3d39f031921b8f - - default default] Successfully bumped revision number for resource 912501a4-20e6-4e8b-b76d-d2b7c0c75c87 (type: ports) to 1
2026-05-07 04:38:32.833 10 INFO neutron.api.wsgi [None req-9a46e80b-7e0f-44bd-bb36-8a28aed683bc ce632d76966a4c36b373021fa2dac8d0 f3b2c4eeb3ee4a1b93fb1c15ccb58fd0 - - default default] 10.0.0.58 "DELETE /v2.0/security-groups/5d774e3c-9fdc-44b9-a78c-666b4d2b30ad HTTP/1.1" status: 204 len: 168 time: 0.2104771 /var/lib/openstack/lib/python3.12/site-packages/pycadf/identifier.py:71: UserWarning: Invalid uuid: neutron. To ensure interoperability, identifiers should be a valid uuid. warnings.warn(('Invalid uuid: %s. To ensure interoperability, '
2026-05-07 04:38:33.037 9 INFO neutron.api.wsgi [req-22ce4654-7dd5-45d3-92f8-dd33c5b5ca7e req-8c2b5611-bcfa-41f7-8183-9320c8a9c6e5 b9d9def71d194032a4ed1e1ec88523b9 d2c7cb5775e94dffa99d4e5e41325356 - - b74b1b31a6064d86ba7664f2a626d740 b74b1b31a6064d86ba7664f2a626d740] 199.19.213.105 "GET /v2.0/ports?tenant_id=36836dd25a714ea2bb448d4f64c0d604&device_id=e00e4b19-7383-4240-83f2-fdcae007c2a9 HTTP/1.1" status: 200 len: 1636 time: 0.0376937
2026-05-07 04:38:33.108 9 INFO neutron.api.wsgi [req-22ce4654-7dd5-45d3-92f8-dd33c5b5ca7e req-e15b858a-ad59-4e42-8943-be454fa61a4b b9d9def71d194032a4ed1e1ec88523b9 d2c7cb5775e94dffa99d4e5e41325356 - - b74b1b31a6064d86ba7664f2a626d740 b74b1b31a6064d86ba7664f2a626d740] 199.19.213.105 "GET /v2.0/networks?tenant_id=36836dd25a714ea2bb448d4f64c0d604&shared=False HTTP/1.1" status: 200 len: 2585 time: 0.0549350
2026-05-07 04:38:33.201 9 INFO neutron.api.wsgi [req-8b482ea4-287d-4973-8b29-19428c642060 req-1e476ba1-3edf-464b-b006-81600de31388 ccae579c3f944de1bd19a48a2b00e231 c71c8e6a42664e1ea8fe99e318afb6cb - - default default] 10.0.0.7 "GET /v2.0/ports?device_id=3941c794-9c83-46ce-b840-a0a7675fabd0 HTTP/1.1" status: 200 len: 210 time: 0.0305865
2026-05-07 04:38:33.210 9 INFO neutron.api.wsgi [req-22ce4654-7dd5-45d3-92f8-dd33c5b5ca7e req-9af607e4-b7bb-4558-8b58-6d9fd54080a2 b9d9def71d194032a4ed1e1ec88523b9 d2c7cb5775e94dffa99d4e5e41325356 - - b74b1b31a6064d86ba7664f2a626d740 b74b1b31a6064d86ba7664f2a626d740] 199.19.213.105 "GET /v2.0/networks?shared=True HTTP/1.1" status: 200 len: 952 time: 0.0965767
2026-05-07 04:38:33.434 9 INFO neutron.plugins.ml2.drivers.ovn.mech_driver.ovsdb.commands [None req-5d0f33a3-cf3a-4d5c-8c62-2944cf6d0067 - - - - - -] Schedule LRP lrp-912501a4-20e6-4e8b-b76d-d2b7c0c75c87 on gateway 915079cd-9092-498e-85d0-4a41130fc0c4 with priority 1
2026-05-07 04:38:33.483 9 INFO neutron.db.ovn_revision_numbers_db [None req-7b4e8aa0-7af7-4908-9030-096b1fb6ff0d dc4c0f2abc5040fba7c21d2eb5ff3a72 507782b9bc0b4558ad3d39f031921b8f - - default default] Successfully bumped revision number for resource 912501a4-20e6-4e8b-b76d-d2b7c0c75c87 (type: router_ports) to 1
2026-05-07 04:38:33.532 9 INFO neutron.db.ovn_revision_numbers_db [None req-7b4e8aa0-7af7-4908-9030-096b1fb6ff0d dc4c0f2abc5040fba7c21d2eb5ff3a72 507782b9bc0b4558ad3d39f031921b8f - - default default] Successfully bumped revision number for resource 95d1d38a-c54e-433d-b0d6-84c10c184ab5 (type: routers) to 2
2026-05-07 04:38:33.544 9 INFO neutron.api.wsgi [None req-7b4e8aa0-7af7-4908-9030-096b1fb6ff0d dc4c0f2abc5040fba7c21d2eb5ff3a72 507782b9bc0b4558ad3d39f031921b8f - - default default] 10.0.0.58 "POST /v2.0/routers HTTP/1.1" status: 201 len: 1136 time: 1.3424397
2026-05-07 04:38:34.073 9 WARNING neutron.scheduler.dhcp_agent_scheduler [None req-6ae67696-fde0-49d7-af62-a26ebb1505aa dc4c0f2abc5040fba7c21d2eb5ff3a72 507782b9bc0b4558ad3d39f031921b8f - - default default] No more DHCP agents
2026-05-07 04:38:34.074 9 WARNING neutron.api.rpc.agentnotifiers.dhcp_rpc_agent_api [None req-6ae67696-fde0-49d7-af62-a26ebb1505aa dc4c0f2abc5040fba7c21d2eb5ff3a72 507782b9bc0b4558ad3d39f031921b8f - - default default] Unable to schedule network 1313c8b5-2196-4f1e-a068-4dd23183a03a: no agents available; will retry on subsequent port and subnet creation events.
2026-05-07 04:38:34.210 9 INFO neutron.db.ovn_revision_numbers_db [None req-6ae67696-fde0-49d7-af62-a26ebb1505aa dc4c0f2abc5040fba7c21d2eb5ff3a72 507782b9bc0b4558ad3d39f031921b8f - - default default] Successfully bumped revision number for resource 8096ee79-b47d-4cdf-9c2b-4d5168f45a2c (type: ports) to 1
2026-05-07 04:38:34.281 9 INFO neutron.api.wsgi [req-79aa05a8-1721-420a-81fb-1d2876be45c0 req-7275fe4b-75c9-4d6e-a2c5-e949517149fc b9d9def71d194032a4ed1e1ec88523b9 d2c7cb5775e94dffa99d4e5e41325356 - - b74b1b31a6064d86ba7664f2a626d740 b74b1b31a6064d86ba7664f2a626d740] 199.19.213.105 "GET /v2.0/ports?tenant_id=36836dd25a714ea2bb448d4f64c0d604&device_id=e00e4b19-7383-4240-83f2-fdcae007c2a9 HTTP/1.1" status: 200 len: 1636 time: 0.0531819
2026-05-07 04:38:34.319 9 INFO neutron.api.wsgi [req-79aa05a8-1721-420a-81fb-1d2876be45c0 req-9bacdc40-b60f-48ed-9520-1553955a0e16 b9d9def71d194032a4ed1e1ec88523b9 d2c7cb5775e94dffa99d4e5e41325356 - - b74b1b31a6064d86ba7664f2a626d740 b74b1b31a6064d86ba7664f2a626d740] 199.19.213.105 "GET /v2.0/floatingips?fixed_ip_address=10.2.1.242&port_id=792cbcf6-1d2a-49d1-9afe-46f0238f0344 HTTP/1.1" status: 200 len: 217 time: 0.0193744
2026-05-07 04:38:34.325 9 INFO neutron.api.wsgi [req-834c092c-573f-484f-8958-da46c32f3614 req-b58c1287-0cee-45b8-8d11-5b9391add08b ccae579c3f944de1bd19a48a2b00e231 c71c8e6a42664e1ea8fe99e318afb6cb - - default default] 10.0.0.7 "GET /v2.0/ports?device_id=3941c794-9c83-46ce-b840-a0a7675fabd0 HTTP/1.1" status: 200 len: 210 time: 0.0189807
2026-05-07 04:38:34.342 9 INFO neutron.api.wsgi [req-79aa05a8-1721-420a-81fb-1d2876be45c0 req-cd6e70b1-7712-44d4-846d-8e581906ee6c b9d9def71d194032a4ed1e1ec88523b9 d2c7cb5775e94dffa99d4e5e41325356 - - b74b1b31a6064d86ba7664f2a626d740 b74b1b31a6064d86ba7664f2a626d740] 199.19.213.105 "GET /v2.0/floatingips?fixed_ip_address=fd7b%3Af9f7%3Afff%3A4eca%3A%3A294&port_id=792cbcf6-1d2a-49d1-9afe-46f0238f0344 HTTP/1.1" status: 200 len: 217 time: 0.0154572
2026-05-07 04:38:34.383 9 INFO neutron.api.wsgi [req-79aa05a8-1721-420a-81fb-1d2876be45c0 req-cf90f18d-5d7b-402a-bba3-4182fb5a1338 b9d9def71d194032a4ed1e1ec88523b9 d2c7cb5775e94dffa99d4e5e41325356 - - b74b1b31a6064d86ba7664f2a626d740 b74b1b31a6064d86ba7664f2a626d740] 199.19.213.105 "GET /v2.0/subnets?id=39c238f0-0aa5-4d7e-ad85-9b09d2979cfb&id=614f4573-3e1f-4b5a-972e-94369fc169c1 HTTP/1.1" status: 200 len: 1609 time: 0.0345228
2026-05-07 04:38:34.403 9 INFO neutron.api.wsgi [req-79aa05a8-1721-420a-81fb-1d2876be45c0 req-17142087-0d3c-42f2-b69c-eca39811cae6 b9d9def71d194032a4ed1e1ec88523b9 d2c7cb5775e94dffa99d4e5e41325356 - - b74b1b31a6064d86ba7664f2a626d740 b74b1b31a6064d86ba7664f2a626d740] 199.19.213.105 "GET /v2.0/ports?network_id=db149a84-71e4-4c36-ba3f-ea0823fe444b&device_owner=network%3Adhcp HTTP/1.1" status: 200 len: 210 time: 0.0154595
2026-05-07 04:38:34.426 9 INFO neutron.api.wsgi [req-79aa05a8-1721-420a-81fb-1d2876be45c0 req-2b7b0744-2994-4524-a45c-4bed09abbdf5 b9d9def71d194032a4ed1e1ec88523b9 d2c7cb5775e94dffa99d4e5e41325356 - - b74b1b31a6064d86ba7664f2a626d740 b74b1b31a6064d86ba7664f2a626d740] 199.19.213.105 "GET /v2.0/ports?network_id=db149a84-71e4-4c36-ba3f-ea0823fe444b&device_owner=network%3Adhcp HTTP/1.1" status: 200 len: 210 time: 0.0147769
2026-05-07 04:38:34.489 9 INFO neutron.api.wsgi [req-79aa05a8-1721-420a-81fb-1d2876be45c0 req-94b49a23-434d-4923-a78b-afd31027c229 b9d9def71d194032a4ed1e1ec88523b9 d2c7cb5775e94dffa99d4e5e41325356 - - b74b1b31a6064d86ba7664f2a626d740 b74b1b31a6064d86ba7664f2a626d740] 199.19.213.105 "GET /v2.0/networks/db149a84-71e4-4c36-ba3f-ea0823fe444b?fields=segments HTTP/1.1" status: 200 len: 212 time: 0.0534523
2026-05-07 04:38:34.544 9 INFO neutron.api.wsgi [req-79aa05a8-1721-420a-81fb-1d2876be45c0 req-9fbf3eba-468e-4e2c-903e-8482f6cffab1 b9d9def71d194032a4ed1e1ec88523b9 d2c7cb5775e94dffa99d4e5e41325356 - - b74b1b31a6064d86ba7664f2a626d740 b74b1b31a6064d86ba7664f2a626d740] 199.19.213.105 "GET /v2.0/networks/db149a84-71e4-4c36-ba3f-ea0823fe444b?fields=provider%3Aphysical_network&fields=provider%3Anetwork_type HTTP/1.1" status: 200 len: 277 time: 0.0478466
2026-05-07 04:38:34.768 10 WARNING neutron_lib.context [None req-59bcf7a2-50b7-490b-b232-9f90d748e2ab 86a8b5250e1446fca2fe4b0f4c7d4d50 5b0afa05598b43bcb384692022e11d54 - - default default] Method 'is_advsvc' is deprecated since 2023.2 release (neutron-lib 3.8.0) and will be removed once support for the old RBAC API policies will be removed from Neutron. Please use method 'is_service_role' instead.
2026-05-07 04:38:34.860 9 INFO neutron.db.ovn_revision_numbers_db [None req-6ae67696-fde0-49d7-af62-a26ebb1505aa dc4c0f2abc5040fba7c21d2eb5ff3a72 507782b9bc0b4558ad3d39f031921b8f - - default default] Successfully bumped revision number for resource 8096ee79-b47d-4cdf-9c2b-4d5168f45a2c (type: ports) to 1
2026-05-07 04:38:34.893 10 INFO neutron.db.ovn_revision_numbers_db [None req-59bcf7a2-50b7-490b-b232-9f90d748e2ab 86a8b5250e1446fca2fe4b0f4c7d4d50 5b0afa05598b43bcb384692022e11d54 - - default default] Successfully bumped revision number for resource 7451ef66-4b05-4661-956e-47be38a6e758 (type: security_groups) to 1
2026-05-07 04:38:34.903 10 INFO neutron.db.ovn_revision_numbers_db [None req-59bcf7a2-50b7-490b-b232-9f90d748e2ab 86a8b5250e1446fca2fe4b0f4c7d4d50 5b0afa05598b43bcb384692022e11d54 - - default default] Successfully bumped revision number for resource 59bdd110-99b9-46e9-abff-b9d392a47f63 (type: security_group_rules) to 0
2026-05-07 04:38:34.912 9 WARNING neutron.scheduler.dhcp_agent_scheduler [None req-6ae67696-fde0-49d7-af62-a26ebb1505aa dc4c0f2abc5040fba7c21d2eb5ff3a72 507782b9bc0b4558ad3d39f031921b8f - - default default] No more DHCP agents
2026-05-07 04:38:34.913 9 WARNING neutron.api.rpc.agentnotifiers.dhcp_rpc_agent_api [None req-6ae67696-fde0-49d7-af62-a26ebb1505aa dc4c0f2abc5040fba7c21d2eb5ff3a72 507782b9bc0b4558ad3d39f031921b8f - - default default] Unable to schedule network 1313c8b5-2196-4f1e-a068-4dd23183a03a: no agents available; will retry on subsequent port and subnet creation events.
2026-05-07 04:38:34.917 10 INFO neutron.db.ovn_revision_numbers_db [None req-59bcf7a2-50b7-490b-b232-9f90d748e2ab 86a8b5250e1446fca2fe4b0f4c7d4d50 5b0afa05598b43bcb384692022e11d54 - - default default] Successfully bumped revision number for resource 5da718ca-0c04-4d01-be58-ba75b8755a38 (type: security_group_rules) to 0
2026-05-07 04:38:34.927 10 INFO neutron.db.ovn_revision_numbers_db [None req-59bcf7a2-50b7-490b-b232-9f90d748e2ab 86a8b5250e1446fca2fe4b0f4c7d4d50 5b0afa05598b43bcb384692022e11d54 - - default default] Successfully bumped revision number for resource 7fcb31f2-ef70-4630-b82b-3caaab2367fa (type: security_group_rules) to 0
2026-05-07 04:38:34.938 10 INFO neutron.db.ovn_revision_numbers_db [None req-59bcf7a2-50b7-490b-b232-9f90d748e2ab 86a8b5250e1446fca2fe4b0f4c7d4d50 5b0afa05598b43bcb384692022e11d54 - - default default] Successfully bumped revision number for resource 9cb00f46-a864-4a91-bcaf-a1b960f33454 (type: security_group_rules) to 0
2026-05-07 04:38:35.011 10 INFO neutron.db.segments_db [None req-59bcf7a2-50b7-490b-b232-9f90d748e2ab 86a8b5250e1446fca2fe4b0f4c7d4d50 5b0afa05598b43bcb384692022e11d54 - - default default] Added segment ed9dc088-4223-4b9a-ba13-4778f0c498b5 of type geneve for network 0c832b3f-758d-447a-883d-b5ed487fd665
2026-05-07 04:38:35.113 10 INFO neutron.db.ovn_revision_numbers_db [None req-59bcf7a2-50b7-490b-b232-9f90d748e2ab 86a8b5250e1446fca2fe4b0f4c7d4d50 5b0afa05598b43bcb384692022e11d54 - - default default] Successfully bumped revision number for resource 0c832b3f-758d-447a-883d-b5ed487fd665 (type: networks) to 1
2026-05-07 04:38:35.266 10 WARNING neutron.scheduler.dhcp_agent_scheduler [None req-59bcf7a2-50b7-490b-b232-9f90d748e2ab 86a8b5250e1446fca2fe4b0f4c7d4d50 5b0afa05598b43bcb384692022e11d54 - - default default] No more DHCP agents
2026-05-07 04:38:35.267 10 WARNING neutron.api.rpc.agentnotifiers.dhcp_rpc_agent_api [None req-59bcf7a2-50b7-490b-b232-9f90d748e2ab 86a8b5250e1446fca2fe4b0f4c7d4d50 5b0afa05598b43bcb384692022e11d54 - - default default] Unable to schedule network 0c832b3f-758d-447a-883d-b5ed487fd665: no agents available; will retry on subsequent port and subnet creation events.
2026-05-07 04:38:35.274 9 INFO neutron.db.ovn_revision_numbers_db [None req-6ae67696-fde0-49d7-af62-a26ebb1505aa dc4c0f2abc5040fba7c21d2eb5ff3a72 507782b9bc0b4558ad3d39f031921b8f - - default default] Successfully bumped revision number for resource 8096ee79-b47d-4cdf-9c2b-4d5168f45a2c (type: router_ports) to 1
