2026-05-07 04:36:59.322 9 INFO neutron.db.segments_db [None req-17b4cef6-c85e-4247-b803-1e355208c380 942ad90960e940cda137b9b28a02e7ac f0f7397c8a2646b4a75e31a0a5148fb5 - - default default] Added segment 27e231a4-4c36-46f7-8a9a-4b409b0801e6 of type geneve for network e44e02dc-e02a-42b6-93fa-c6b8e85adc31
2026-05-07 04:36:59.354 9 INFO neutron.api.wsgi [req-c1c6e117-6a01-4a9f-8a03-e1bde90105ad req-61477abf-ef7c-4d8f-9d4e-4791297f5968 780c2b5add4b42fda70470ab98e07191 20b48a8e5d05402a899ceb92d5d0f946 - - default default] 10.0.0.7 "GET /v2.0/ports?device_id=b3a1bc45-c7bc-422f-bc5d-d1b9ba386199 HTTP/1.1" status: 200 len: 1174 time: 0.0505397
2026-05-07 04:36:59.407 9 INFO neutron.api.wsgi [req-c1c6e117-6a01-4a9f-8a03-e1bde90105ad req-e5d2f607-d8b6-4e36-848a-6c999637fc3a 780c2b5add4b42fda70470ab98e07191 20b48a8e5d05402a899ceb92d5d0f946 - - default default] 10.0.0.7 "GET /v2.0/security-groups?id=626c8b24-ceec-4e55-9d19-67c982178315&fields=id&fields=name HTTP/1.1" status: 200 len: 313 time: 0.0442064
2026-05-07 04:36:59.502 9 INFO neutron.db.ovn_revision_numbers_db [None req-17b4cef6-c85e-4247-b803-1e355208c380 942ad90960e940cda137b9b28a02e7ac f0f7397c8a2646b4a75e31a0a5148fb5 - - default default] Successfully bumped revision number for resource e44e02dc-e02a-42b6-93fa-c6b8e85adc31 (type: networks) to 1
2026-05-07 04:36:59.511 10 INFO neutron.db.ovn_revision_numbers_db [None req-d9fc0fef-e285-46d5-b35a-37f6e8c6e82d ce632d76966a4c36b373021fa2dac8d0 f3b2c4eeb3ee4a1b93fb1c15ccb58fd0 - - default default] Successfully bumped revision number for resource 7da3eb1d-2224-4c6d-a6b6-0df5fdc4f6dd (type: ports) to 1
2026-05-07 04:36:59.556 9 INFO neutron.db.ovn_revision_numbers_db [None req-8e2b0983-2d51-4c65-b1c3-69d76f438bab - - - - - -] Successfully bumped revision number for resource 81afc057-aa89-4829-906a-4bdaf3424370 (type: ports) to 3
2026-05-07 04:36:59.572 10 WARNING neutron.scheduler.dhcp_agent_scheduler [None req-d9fc0fef-e285-46d5-b35a-37f6e8c6e82d ce632d76966a4c36b373021fa2dac8d0 f3b2c4eeb3ee4a1b93fb1c15ccb58fd0 - - default default] No more DHCP agents
2026-05-07 04:36:59.573 10 WARNING neutron.api.rpc.agentnotifiers.dhcp_rpc_agent_api [None req-d9fc0fef-e285-46d5-b35a-37f6e8c6e82d ce632d76966a4c36b373021fa2dac8d0 f3b2c4eeb3ee4a1b93fb1c15ccb58fd0 - - default default] Unable to schedule network 09cbe5e7-1a3b-450b-a818-4fbcf2bc43b3: no agents available; will retry on subsequent port and subnet creation events.
2026-05-07 04:36:59.657 9 WARNING neutron.scheduler.dhcp_agent_scheduler [None req-17b4cef6-c85e-4247-b803-1e355208c380 942ad90960e940cda137b9b28a02e7ac f0f7397c8a2646b4a75e31a0a5148fb5 - - default default] No more DHCP agents
2026-05-07 04:36:59.658 9 WARNING neutron.api.rpc.agentnotifiers.dhcp_rpc_agent_api [None req-17b4cef6-c85e-4247-b803-1e355208c380 942ad90960e940cda137b9b28a02e7ac f0f7397c8a2646b4a75e31a0a5148fb5 - - default default] Unable to schedule network e44e02dc-e02a-42b6-93fa-c6b8e85adc31: no agents available; will retry on subsequent port and subnet creation events.
2026-05-07 04:36:59.718 9 INFO neutron.db.ovn_revision_numbers_db [None req-17b4cef6-c85e-4247-b803-1e355208c380 942ad90960e940cda137b9b28a02e7ac f0f7397c8a2646b4a75e31a0a5148fb5 - - default default] Successfully bumped revision number for resource 95730ab6-d02f-475c-b550-1ba3bd6dbc11 (type: ports) to 1
2026-05-07 04:36:59.737 9 INFO neutron.api.wsgi [None req-17b4cef6-c85e-4247-b803-1e355208c380 942ad90960e940cda137b9b28a02e7ac f0f7397c8a2646b4a75e31a0a5148fb5 - - default default] 10.0.0.58 "POST /v2.0/networks HTTP/1.1" status: 201 len: 849 time: 0.5308957 /var/lib/openstack/lib/python3.12/site-packages/pycadf/identifier.py:71: UserWarning: Invalid uuid: neutron. To ensure interoperability, identifiers should be a valid uuid. warnings.warn(('Invalid uuid: %s. To ensure interoperability, '
2026-05-07 04:36:59.774 9 WARNING neutron_lib.context [None req-40a6e990-9efd-481e-a652-91a74cffac02 942ad90960e940cda137b9b28a02e7ac f0f7397c8a2646b4a75e31a0a5148fb5 - - default default] Method 'is_advsvc' is deprecated since 2023.2 release (neutron-lib 3.8.0) and will be removed once support for the old RBAC API policies will be removed from Neutron. Please use method 'is_service_role' instead.
2026-05-07 04:36:59.803 9 WARNING neutron_lib.context [None req-40a6e990-9efd-481e-a652-91a74cffac02 942ad90960e940cda137b9b28a02e7ac f0f7397c8a2646b4a75e31a0a5148fb5 - - default default] Method 'is_advsvc' is deprecated since 2023.2 release (neutron-lib 3.8.0) and will be removed once support for the old RBAC API policies will be removed from Neutron. Please use method 'is_service_role' instead.
2026-05-07 04:36:59.814 10 INFO neutron.db.ovn_revision_numbers_db [None req-63678719-f07d-4720-96eb-f39daf942596 6f65be8e5f3940d3b2779c973dc985fc 9f949a48c6584d96aeb8caf45e5cb22e - - default default] Successfully bumped revision number for resource 81afc057-aa89-4829-906a-4bdaf3424370 (type: ports) to 3
2026-05-07 04:36:59.878 10 WARNING neutron.scheduler.dhcp_agent_scheduler [None req-63678719-f07d-4720-96eb-f39daf942596 6f65be8e5f3940d3b2779c973dc985fc 9f949a48c6584d96aeb8caf45e5cb22e - - default default] No more DHCP agents
2026-05-07 04:36:59.882 10 WARNING neutron.api.rpc.agentnotifiers.dhcp_rpc_agent_api [None req-63678719-f07d-4720-96eb-f39daf942596 6f65be8e5f3940d3b2779c973dc985fc 9f949a48c6584d96aeb8caf45e5cb22e - - default default] Unable to schedule network 74bc6d81-9348-467b-949b-c7077177cb98: no agents available; will retry on subsequent port and subnet creation events.
2026-05-07 04:37:00.065 10 INFO neutron.db.ovn_revision_numbers_db [None req-63678719-f07d-4720-96eb-f39daf942596 6f65be8e5f3940d3b2779c973dc985fc 9f949a48c6584d96aeb8caf45e5cb22e - - default default] Successfully bumped revision number for resource 81afc057-aa89-4829-906a-4bdaf3424370 (type: router_ports) to 3
2026-05-07 04:37:00.071 10 INFO neutron.api.wsgi [None req-63678719-f07d-4720-96eb-f39daf942596 6f65be8e5f3940d3b2779c973dc985fc 9f949a48c6584d96aeb8caf45e5cb22e - - default default] 10.0.0.58 "PUT /v2.0/routers/c0627e85-0151-4f08-9e08-9da13092365e/add_router_interface HTTP/1.1" status: 200 len: 503 time: 1.8061066 /var/lib/openstack/lib/python3.12/site-packages/pycadf/identifier.py:71: UserWarning: Invalid uuid: neutron. To ensure interoperability, identifiers should be a valid uuid. warnings.warn(('Invalid uuid: %s. To ensure interoperability, '
2026-05-07 04:37:00.114 10 INFO neutron.db.ovn_revision_numbers_db [None req-d9fc0fef-e285-46d5-b35a-37f6e8c6e82d ce632d76966a4c36b373021fa2dac8d0 f3b2c4eeb3ee4a1b93fb1c15ccb58fd0 - - default default] Successfully bumped revision number for resource 7da3eb1d-2224-4c6d-a6b6-0df5fdc4f6dd (type: router_ports) to 1
2026-05-07 04:37:00.119 10 INFO neutron.api.wsgi [None req-d9fc0fef-e285-46d5-b35a-37f6e8c6e82d ce632d76966a4c36b373021fa2dac8d0 f3b2c4eeb3ee4a1b93fb1c15ccb58fd0 - - default default] 10.0.0.58 "PUT /v2.0/routers/95caaa61-4ca7-462f-b5d8-cc5e63b209ca/add_router_interface HTTP/1.1" status: 200 len: 503 time: 2.4062924
2026-05-07 04:37:00.131 10 INFO neutron.api.wsgi [None req-0954e566-387e-4ff0-af3e-ff077cb0eee6 6f65be8e5f3940d3b2779c973dc985fc 9f949a48c6584d96aeb8caf45e5cb22e - - default default] 10.0.0.58 "GET /v2.0/ports/81afc057-aa89-4829-906a-4bdaf3424370 HTTP/1.1" status: 200 len: 1209 time: 0.0529892
2026-05-07 04:37:00.135 9 WARNING neutron.scheduler.dhcp_agent_scheduler [None req-40a6e990-9efd-481e-a652-91a74cffac02 942ad90960e940cda137b9b28a02e7ac f0f7397c8a2646b4a75e31a0a5148fb5 - - default default] No more DHCP agents
2026-05-07 04:37:00.138 9 WARNING neutron.api.rpc.agentnotifiers.dhcp_rpc_agent_api [None req-40a6e990-9efd-481e-a652-91a74cffac02 942ad90960e940cda137b9b28a02e7ac f0f7397c8a2646b4a75e31a0a5148fb5 - - default default] Unable to schedule network 02c559f2-0af1-44a6-a851-3d1fe53ddacc: no agents available; will retry on subsequent port and subnet creation events.
2026-05-07 04:37:00.272 9 INFO neutron.notifiers.nova [-] Nova event matching ['req-9b90fc90-18f8-4f4a-8792-38b58f6aa8a5'] response: {'server_uuid': 'b3a1bc45-c7bc-422f-bc5d-d1b9ba386199', 'name': 'network-vif-plugged', 'status': 'completed', 'tag': '01774a9b-36aa-4d31-8405-1d67292c5c73', 'code': 200}
2026-05-07 04:37:00.544 9 INFO neutron.db.ovn_revision_numbers_db [None req-b673b84b-2b07-45b8-8688-0607cb271a55 - - - - - -] Successfully bumped revision number for resource 91ef4a04-d41c-49c1-a5de-795561162902 (type: ports) to 2
2026-05-07 04:37:00.557 9 INFO neutron.api.wsgi [req-37a5a985-aa38-42ff-ad0b-a5d3a4cd9bcd req-914b14f8-bd75-4742-9cc1-36ebc222f622 780c2b5add4b42fda70470ab98e07191 20b48a8e5d05402a899ceb92d5d0f946 - - default default] 10.0.0.7 "GET /v2.0/ports?device_id=b3a1bc45-c7bc-422f-bc5d-d1b9ba386199 HTTP/1.1" status: 200 len: 1174 time: 0.0763192
2026-05-07 04:37:00.597 9 INFO neutron.api.wsgi [req-37a5a985-aa38-42ff-ad0b-a5d3a4cd9bcd req-cc7e8b28-1422-427b-8c5c-ffdd144a8fd5 780c2b5add4b42fda70470ab98e07191 20b48a8e5d05402a899ceb92d5d0f946 - - default default] 10.0.0.7 "GET /v2.0/security-groups?id=626c8b24-ceec-4e55-9d19-67c982178315&fields=id&fields=name HTTP/1.1" status: 200 len: 313 time: 0.0330796
2026-05-07 04:37:00.598 9 INFO neutron.db.ovn_revision_numbers_db [None req-b673b84b-2b07-45b8-8688-0607cb271a55 - - - - - -] Successfully bumped revision number for resource b6789c10-6af6-40d1-be1f-46155d7e4fd9 (type: subnets) to 0
2026-05-07 04:37:00.637 9 WARNING neutron.scheduler.dhcp_agent_scheduler [None req-40a6e990-9efd-481e-a652-91a74cffac02 942ad90960e940cda137b9b28a02e7ac f0f7397c8a2646b4a75e31a0a5148fb5 - - default default] No more DHCP agents
2026-05-07 04:37:00.640 9 WARNING neutron.api.rpc.agentnotifiers.dhcp_rpc_agent_api [None req-40a6e990-9efd-481e-a652-91a74cffac02 942ad90960e940cda137b9b28a02e7ac f0f7397c8a2646b4a75e31a0a5148fb5 - - default default] Unable to schedule network e44e02dc-e02a-42b6-93fa-c6b8e85adc31: no agents available; will retry on subsequent port and subnet creation events.
2026-05-07 04:37:00.690 9 INFO neutron.api.wsgi [req-75338008-9fc2-4ace-9cb0-678333d00e2a req-10d6367c-cbd9-43b3-9b44-f3cb61d5ca81 780c2b5add4b42fda70470ab98e07191 20b48a8e5d05402a899ceb92d5d0f946 - - default default] 10.0.0.7 "GET /v2.0/ports?device_id=b3a1bc45-c7bc-422f-bc5d-d1b9ba386199 HTTP/1.1" status: 200 len: 1174 time: 0.0439200
2026-05-07 04:37:00.718 10 INFO neutron.api.wsgi [None req-df8722bf-97d0-4c7d-8368-26a280bbf4bd 6f65be8e5f3940d3b2779c973dc985fc 9f949a48c6584d96aeb8caf45e5cb22e - - default default] 10.0.0.58 "PUT /v2.0/routers/c0627e85-0151-4f08-9e08-9da13092365e/remove_router_interface HTTP/1.1" status: 200 len: 503 time: 0.5829749 /var/lib/openstack/lib/python3.12/site-packages/pycadf/identifier.py:71: UserWarning: Invalid uuid: neutron. To ensure interoperability, identifiers should be a valid uuid. warnings.warn(('Invalid uuid: %s. To ensure interoperability, '
2026-05-07 04:37:00.766 10 INFO neutron.api.v2.resource [None req-5bc895f2-1f31-4cc0-98b4-a52b9450045b 6f65be8e5f3940d3b2779c973dc985fc 9f949a48c6584d96aeb8caf45e5cb22e - - default default] remove_router_interface failed (client error): The resource could not be found.
2026-05-07 04:37:00.767 10 INFO neutron.api.wsgi [None req-5bc895f2-1f31-4cc0-98b4-a52b9450045b 6f65be8e5f3940d3b2779c973dc985fc 9f949a48c6584d96aeb8caf45e5cb22e - - default default] 10.0.0.58 "PUT /v2.0/routers/c0627e85-0151-4f08-9e08-9da13092365e/remove_router_interface HTTP/1.1" status: 404 len: 398 time: 0.0419793
2026-05-07 04:37:00.786 10 INFO neutron.api.wsgi [None req-006a3e76-643a-4907-b016-b7fba140b7d0 6f65be8e5f3940d3b2779c973dc985fc 9f949a48c6584d96aeb8caf45e5cb22e - - default default] 10.0.0.58 "GET /v2.0/ports?device_id=c0627e85-0151-4f08-9e08-9da13092365e HTTP/1.1" status: 200 len: 205 time: 0.0138161
2026-05-07 04:37:00.945 10 INFO neutron.api.wsgi [None req-85f03148-b1e5-4cc3-ad2c-f5f2aed891d7 6f65be8e5f3940d3b2779c973dc985fc 9f949a48c6584d96aeb8caf45e5cb22e - - default default] 10.0.0.58 "DELETE /v2.0/routers/c0627e85-0151-4f08-9e08-9da13092365e HTTP/1.1" status: 204 len: 168 time: 0.1553750
2026-05-07 04:37:01.082 10 INFO neutron.api.wsgi [None req-3c257d13-9b37-4351-ba0b-bcfea532ff51 6f65be8e5f3940d3b2779c973dc985fc 9f949a48c6584d96aeb8caf45e5cb22e - - default default] 10.0.0.58 "DELETE /v2.0/subnets/ca712f5b-69cc-48eb-8536-e63c786bf390 HTTP/1.1" status: 204 len: 168 time: 0.1325786
2026-05-07 04:37:01.354 10 INFO neutron.services.segments.plugin [-] Segment c39ff321-4e9d-4b14-af86-af67704ee034 resource provider aggregate not found
2026-05-07 04:37:01.359 10 INFO neutron.services.segments.plugin [-] Segment c39ff321-4e9d-4b14-af86-af67704ee034 resource provider aggregate not found
2026-05-07 04:37:01.364 10 INFO neutron.services.segments.plugin [-] Segment c39ff321-4e9d-4b14-af86-af67704ee034 resource provider not found; error: Placement Client Error (4xx): {"errors": [{"status": 404, "title": "Not Found", "detail": "The resource could not be found.\n\n No resource provider with uuid c39ff321-4e9d-4b14-af86-af67704ee034 found for delete ", "request_id": "req-acbb3e2d-e188-4267-be2f-bee934b0c832"}]}
2026-05-07 04:37:01.369 10 INFO neutron.services.segments.plugin [-] Segment c39ff321-4e9d-4b14-af86-af67704ee034 resource provider not found; error: Placement Client Error (4xx): {"errors": [{"status": 404, "title": "Not Found", "detail": "The resource could not be found.\n\n No resource provider with uuid c39ff321-4e9d-4b14-af86-af67704ee034 found for delete ", "request_id": "req-426f1de2-261f-44d3-a857-80ad33cc2e6f"}]}
2026-05-07 04:37:01.387 10 INFO neutron.api.wsgi [None req-ebf11240-ee72-4cee-b1bc-626d43803523 6f65be8e5f3940d3b2779c973dc985fc 9f949a48c6584d96aeb8caf45e5cb22e - - default default] 10.0.0.58 "DELETE /v2.0/networks/74bc6d81-9348-467b-949b-c7077177cb98 HTTP/1.1" status: 204 len: 168 time: 0.2994153
2026-05-07 04:37:01.395 10 WARNING neutron_lib.context [None req-1537cd80-bb32-4bf3-b2a0-af968158768b 6f65be8e5f3940d3b2779c973dc985fc 9f949a48c6584d96aeb8caf45e5cb22e - - default default] Method 'is_advsvc' is deprecated since 2023.2 release (neutron-lib 3.8.0) and will be removed once support for the old RBAC API policies will be removed from Neutron. Please use method 'is_service_role' instead.
2026-05-07 04:37:01.519 10 INFO neutron.db.segments_db [None req-1537cd80-bb32-4bf3-b2a0-af968158768b 6f65be8e5f3940d3b2779c973dc985fc 9f949a48c6584d96aeb8caf45e5cb22e - - default default] Added segment be6a1985-c7cc-4873-ab4e-e4c9cde11f7b of type geneve for network 9423fd57-0c01-4d18-992a-5b9e623b877f
2026-05-07 04:37:01.588 9 INFO neutron.db.ovn_revision_numbers_db [None req-77ac96ab-b3a6-4170-ba50-d79d1ceff413 - - - - - -] Successfully bumped revision number for resource 95730ab6-d02f-475c-b550-1ba3bd6dbc11 (type: ports) to 2
2026-05-07 04:37:01.612 9 INFO neutron.db.ovn_revision_numbers_db [None req-48d6b4bc-041c-48d7-83fe-eddf50cbd5ff 780c2b5add4b42fda70470ab98e07191 20b48a8e5d05402a899ceb92d5d0f946 - - default default] Successfully bumped revision number for resource 9d2a4027-db95-4a62-9b7b-8355b09d756b (type: floatingips) to 1
2026-05-07 04:37:01.625 10 INFO neutron.db.ovn_revision_numbers_db [None req-1537cd80-bb32-4bf3-b2a0-af968158768b 6f65be8e5f3940d3b2779c973dc985fc 9f949a48c6584d96aeb8caf45e5cb22e - - default default] Successfully bumped revision number for resource 9423fd57-0c01-4d18-992a-5b9e623b877f (type: networks) to 1
2026-05-07 04:37:01.626 9 INFO neutron.db.ovn_revision_numbers_db [None req-77ac96ab-b3a6-4170-ba50-d79d1ceff413 - - - - - -] Successfully bumped revision number for resource a7e74ee4-87f6-4a34-8293-95605b53b076 (type: subnets) to 0
2026-05-07 04:37:01.641 9 INFO neutron.api.wsgi [None req-40a6e990-9efd-481e-a652-91a74cffac02 942ad90960e940cda137b9b28a02e7ac f0f7397c8a2646b4a75e31a0a5148fb5 - - default default] 10.0.0.58 "POST /v2.0/subnets HTTP/1.1" status: 201 len: 1474 time: 1.8739069
2026-05-07 04:37:01.680 9 INFO neutron.api.wsgi [None req-5d62d32d-e263-4c74-a661-1c38082ce8a6 942ad90960e940cda137b9b28a02e7ac f0f7397c8a2646b4a75e31a0a5148fb5 - - default default] 10.0.0.58 "GET /v2.0/subnets HTTP/1.1" status: 200 len: 2105 time: 0.0298662
2026-05-07 04:37:01.742 9 INFO neutron.db.ovn_revision_numbers_db [None req-48d6b4bc-041c-48d7-83fe-eddf50cbd5ff 780c2b5add4b42fda70470ab98e07191 20b48a8e5d05402a899ceb92d5d0f946 - - default default] Successfully bumped revision number for resource 9d2a4027-db95-4a62-9b7b-8355b09d756b (type: floatingips) to 2
2026-05-07 04:37:01.742 9 INFO neutron.db.l3_db [None req-48d6b4bc-041c-48d7-83fe-eddf50cbd5ff 780c2b5add4b42fda70470ab98e07191 20b48a8e5d05402a899ceb92d5d0f946 - - default default] Floating IP 9d2a4027-db95-4a62-9b7b-8355b09d756b associated. External IP: 10.96.250.211, port: 01774a9b-36aa-4d31-8405-1d67292c5c73.
2026-05-07 04:37:01.764 10 WARNING neutron.scheduler.dhcp_agent_scheduler [None req-1537cd80-bb32-4bf3-b2a0-af968158768b 6f65be8e5f3940d3b2779c973dc985fc 9f949a48c6584d96aeb8caf45e5cb22e - - default default] No more DHCP agents
2026-05-07 04:37:01.765 10 WARNING neutron.api.rpc.agentnotifiers.dhcp_rpc_agent_api [None req-1537cd80-bb32-4bf3-b2a0-af968158768b 6f65be8e5f3940d3b2779c973dc985fc 9f949a48c6584d96aeb8caf45e5cb22e - - default default] Unable to schedule network 9423fd57-0c01-4d18-992a-5b9e623b877f: no agents available; will retry on subsequent port and subnet creation events.
2026-05-07 04:37:01.770 9 INFO neutron.api.wsgi [None req-48d6b4bc-041c-48d7-83fe-eddf50cbd5ff 780c2b5add4b42fda70470ab98e07191 20b48a8e5d05402a899ceb92d5d0f946 - - default default] 10.0.0.58 "PUT /v2.0/floatingips/9d2a4027-db95-4a62-9b7b-8355b09d756b HTTP/1.1" status: 200 len: 1050 time: 1.0697548
2026-05-07 04:37:01.829 10 INFO neutron.db.ovn_revision_numbers_db [None req-1537cd80-bb32-4bf3-b2a0-af968158768b 6f65be8e5f3940d3b2779c973dc985fc 9f949a48c6584d96aeb8caf45e5cb22e - - default default] Successfully bumped revision number for resource 2728042c-4885-4ec1-9d8f-6f65fad0da45 (type: ports) to 1
2026-05-07 04:37:01.835 9 INFO neutron.api.wsgi [req-e166f1fe-c593-4725-8855-8245cdfee4ba req-7c898f80-cccd-4a5a-93c8-6039fd382da7 780c2b5add4b42fda70470ab98e07191 20b48a8e5d05402a899ceb92d5d0f946 - - default default] 10.0.0.7 "GET /v2.0/ports?device_id=b3a1bc45-c7bc-422f-bc5d-d1b9ba386199 HTTP/1.1" status: 200 len: 1174 time: 0.0285709
2026-05-07 04:37:01.848 10 INFO neutron.api.wsgi [None req-1537cd80-bb32-4bf3-b2a0-af968158768b 6f65be8e5f3940d3b2779c973dc985fc 9f949a48c6584d96aeb8caf45e5cb22e - - default default] 10.0.0.58 "POST /v2.0/networks HTTP/1.1" status: 201 len: 829 time: 0.4555962
2026-05-07 04:37:01.856 10 WARNING neutron_lib.context [None req-18aee7c4-90eb-4bc8-8638-99154c73d99a 6f65be8e5f3940d3b2779c973dc985fc 9f949a48c6584d96aeb8caf45e5cb22e - - default default] Method 'is_advsvc' is deprecated since 2023.2 release (neutron-lib 3.8.0) and will be removed once support for the old RBAC API policies will be removed from Neutron. Please use method 'is_service_role' instead.
2026-05-07 04:37:01.868 9 INFO neutron.api.wsgi [None req-3bb180ad-ca4d-4526-949c-8dd1e1ed65ee 942ad90960e940cda137b9b28a02e7ac f0f7397c8a2646b4a75e31a0a5148fb5 - - default default] 10.0.0.58 "DELETE /v2.0/subnets/b6789c10-6af6-40d1-be1f-46155d7e4fd9 HTTP/1.1" status: 204 len: 168 time: 0.1821156
2026-05-07 04:37:01.870 9 INFO neutron.api.wsgi [req-e166f1fe-c593-4725-8855-8245cdfee4ba req-f083faf8-4e1d-4c91-9a6b-dc56cbda76bd 780c2b5add4b42fda70470ab98e07191 20b48a8e5d05402a899ceb92d5d0f946 - - default default] 10.0.0.7 "GET /v2.0/security-groups?id=626c8b24-ceec-4e55-9d19-67c982178315&fields=id&fields=name HTTP/1.1" status: 200 len: 313 time: 0.0324521
2026-05-07 04:37:01.992 9 INFO neutron.api.wsgi [None req-590d21b1-82f0-4522-b75c-1bf54bf69dd5 942ad90960e940cda137b9b28a02e7ac f0f7397c8a2646b4a75e31a0a5148fb5 - - default default] 10.0.0.58 "DELETE /v2.0/subnets/a7e74ee4-87f6-4a34-8293-95605b53b076 HTTP/1.1" status: 204 len: 168 time: 0.1193178
2026-05-07 04:37:02.016 9 INFO neutron.api.wsgi [None req-49a676ad-69fb-4d9a-8366-d804875e7010 942ad90960e940cda137b9b28a02e7ac f0f7397c8a2646b4a75e31a0a5148fb5 - - default default] 10.0.0.58 "GET /v2.0/subnets HTTP/1.1" status: 200 len: 843 time: 0.0190599
2026-05-07 04:37:02.044 10 WARNING neutron.scheduler.dhcp_agent_scheduler [None req-18aee7c4-90eb-4bc8-8638-99154c73d99a 6f65be8e5f3940d3b2779c973dc985fc 9f949a48c6584d96aeb8caf45e5cb22e - - default default] No more DHCP agents
2026-05-07 04:37:02.047 10 WARNING neutron.api.rpc.agentnotifiers.dhcp_rpc_agent_api [None req-18aee7c4-90eb-4bc8-8638-99154c73d99a 6f65be8e5f3940d3b2779c973dc985fc 9f949a48c6584d96aeb8caf45e5cb22e - - default default] Unable to schedule network 9423fd57-0c01-4d18-992a-5b9e623b877f: no agents available; will retry on subsequent port and subnet creation events.
2026-05-07 04:37:02.303 9 INFO neutron.services.segments.plugin [-] Segment 27e231a4-4c36-46f7-8a9a-4b409b0801e6 resource provider aggregate not found
2026-05-07 04:37:02.306 9 INFO neutron.services.segments.plugin [-] Segment 27e231a4-4c36-46f7-8a9a-4b409b0801e6 resource provider aggregate not found
2026-05-07 04:37:02.317 9 INFO neutron.services.segments.plugin [-] Segment 27e231a4-4c36-46f7-8a9a-4b409b0801e6 resource provider not found; error: Placement Client Error (4xx): {"errors": [{"status": 404, "title": "Not Found", "detail": "The resource could not be found.\n\n No resource provider with uuid 27e231a4-4c36-46f7-8a9a-4b409b0801e6 found for delete ", "request_id": "req-11ee88fc-0ee3-45e6-9eea-a36804d0db32"}]}
2026-05-07 04:37:02.321 9 INFO neutron.services.segments.plugin [-] Segment 27e231a4-4c36-46f7-8a9a-4b409b0801e6 resource provider not found; error: Placement Client Error (4xx): {"errors": [{"status": 404, "title": "Not Found", "detail": "The resource could not be found.\n\n No resource provider with uuid 27e231a4-4c36-46f7-8a9a-4b409b0801e6 found for delete ", "request_id": "req-203c9ff2-eda3-4a3a-8147-5e3f72a130a6"}]}
2026-05-07 04:37:02.333 9 INFO neutron.api.wsgi [req-924c65dd-d945-45ed-b588-c1b70724df39 req-c1ee60b1-1d2e-4c21-8c52-5c769435f4f3 f15bb2604e6f4f429cf4032a8e4d19df ba1df586a5dc4d02923880fc489537d0 - - default default] 10.0.0.7 "GET /v2.0/networks?id=09cbe5e7-1a3b-450b-a818-4fbcf2bc43b3 HTTP/1.1" status: 200 len: 870 time: 0.0556369
2026-05-07 04:37:02.349 9 INFO neutron.api.wsgi [None req-a19d3571-2fef-4162-9a84-ffd625d71e8b 942ad90960e940cda137b9b28a02e7ac f0f7397c8a2646b4a75e31a0a5148fb5 - - default default] 10.0.0.58 "DELETE /v2.0/networks/e44e02dc-e02a-42b6-93fa-c6b8e85adc31 HTTP/1.1" status: 204 len: 168 time: 0.3259871
2026-05-07 04:37:02.350 9 INFO neutron.api.wsgi [req-924c65dd-d945-45ed-b588-c1b70724df39 req-30e6feb6-fef7-44a1-b04c-79615d4814b9 f15bb2604e6f4f429cf4032a8e4d19df ba1df586a5dc4d02923880fc489537d0 - - default default] 10.0.0.7 "GET /v2.0/quotas/ba1df586a5dc4d02923880fc489537d0 HTTP/1.1" status: 200 len: 491 time: 0.0128973
2026-05-07 04:37:02.401 9 INFO neutron.notifiers.nova [-] Nova event matching ['req-96f98015-8319-4586-8d65-7efe7c5bf142'] response: {'name': 'network-changed', 'server_uuid': 'b3a1bc45-c7bc-422f-bc5d-d1b9ba386199', 'tag': '01774a9b-36aa-4d31-8405-1d67292c5c73', 'status': 'completed', 'code': 200}
2026-05-07 04:37:02.449 9 INFO neutron.api.wsgi [req-924c65dd-d945-45ed-b588-c1b70724df39 req-6628671e-25e7-405e-91f9-1b5ca5de40b0 f15bb2604e6f4f429cf4032a8e4d19df ba1df586a5dc4d02923880fc489537d0 - - default default] 10.0.0.7 "GET /v2.0/ports?tenant_id=ba1df586a5dc4d02923880fc489537d0&fields=id HTTP/1.1" status: 200 len: 302 time: 0.0965309
2026-05-07 04:37:02.477 10 INFO neutron.db.ovn_revision_numbers_db [None req-78635e02-da43-4c5c-b080-6d0814d40014 - - - - - -] Successfully bumped revision number for resource 2728042c-4885-4ec1-9d8f-6f65fad0da45 (type: ports) to 2
2026-05-07 04:37:02.478 9 INFO neutron.api.wsgi [req-ee4fdfd8-5e46-4e8a-97da-681ac20817ea req-ab222420-654f-49f3-9a83-a5b01f5fe9d1 780c2b5add4b42fda70470ab98e07191 20b48a8e5d05402a899ceb92d5d0f946 - - default default] 10.0.0.7 "GET /v2.0/ports?device_id=b3a1bc45-c7bc-422f-bc5d-d1b9ba386199 HTTP/1.1" status: 200 len: 1174 time: 0.0505965
2026-05-07 04:37:02.501 10 INFO neutron.db.ovn_revision_numbers_db [None req-78635e02-da43-4c5c-b080-6d0814d40014 - - - - - -] Successfully bumped revision number for resource 3591109a-49b2-4cb8-92c6-d0d9e9567593 (type: subnets) to 0
2026-05-07 04:37:02.516 10 INFO neutron.api.wsgi [None req-18aee7c4-90eb-4bc8-8638-99154c73d99a 6f65be8e5f3940d3b2779c973dc985fc 9f949a48c6584d96aeb8caf45e5cb22e - - default default] 10.0.0.58 "POST /v2.0/subnets HTTP/1.1" status: 201 len: 825 time: 0.6635354
2026-05-07 04:37:02.526 10 WARNING neutron_lib.context [None req-6b3c273e-7ee5-46c5-b83f-88b3ecb865d8 6f65be8e5f3940d3b2779c973dc985fc 9f949a48c6584d96aeb8caf45e5cb22e - - default default] Method 'is_advsvc' is deprecated since 2023.2 release (neutron-lib 3.8.0) and will be removed once support for the old RBAC API policies will be removed from Neutron. Please use method 'is_service_role' instead.
2026-05-07 04:37:02.527 9 INFO neutron.api.wsgi [req-924c65dd-d945-45ed-b588-c1b70724df39 req-52b86bee-9e40-424a-aa9e-8f3714488220 b9d9def71d194032a4ed1e1ec88523b9 d2c7cb5775e94dffa99d4e5e41325356 - - b74b1b31a6064d86ba7664f2a626d740 b74b1b31a6064d86ba7664f2a626d740] 10.0.0.7 "GET /v2.0/networks/09cbe5e7-1a3b-450b-a818-4fbcf2bc43b3?fields=segments HTTP/1.1" status: 200 len: 212 time: 0.0724635
2026-05-07 04:37:02.548 9 INFO neutron.api.wsgi [req-ee4fdfd8-5e46-4e8a-97da-681ac20817ea req-d3af59a1-ff7b-4a43-a3a4-43b8f5f0c7f9 780c2b5add4b42fda70470ab98e07191 20b48a8e5d05402a899ceb92d5d0f946 - - default default] 10.0.0.7 "GET /v2.0/security-groups?id=626c8b24-ceec-4e55-9d19-67c982178315&fields=id&fields=name HTTP/1.1" status: 200 len: 313 time: 0.0605056
2026-05-07 04:37:02.593 9 INFO neutron.api.wsgi [req-924c65dd-d945-45ed-b588-c1b70724df39 req-b36b1234-3813-4bcf-9041-9be9e1af9195 b9d9def71d194032a4ed1e1ec88523b9 d2c7cb5775e94dffa99d4e5e41325356 - - b74b1b31a6064d86ba7664f2a626d740 b74b1b31a6064d86ba7664f2a626d740] 10.0.0.7 "GET /v2.0/networks/09cbe5e7-1a3b-450b-a818-4fbcf2bc43b3?fields=provider%3Aphysical_network&fields=provider%3Anetwork_type HTTP/1.1" status: 200 len: 277 time: 0.0596941
2026-05-07 04:37:02.617 10 INFO neutron.db.ovn_revision_numbers_db [None req-6b3c273e-7ee5-46c5-b83f-88b3ecb865d8 6f65be8e5f3940d3b2779c973dc985fc 9f949a48c6584d96aeb8caf45e5cb22e - - default default] Successfully bumped revision number for resource 0c221a8a-6dd3-47ba-be8b-563b341cb1d7 (type: routers) to 1
2026-05-07 04:37:02.629 10 INFO neutron.api.wsgi [None req-6b3c273e-7ee5-46c5-b83f-88b3ecb865d8 6f65be8e5f3940d3b2779c973dc985fc 9f949a48c6584d96aeb8caf45e5cb22e - - default default] 10.0.0.58 "POST /v2.0/routers HTTP/1.1" status: 201 len: 802 time: 0.1064515
2026-05-07 04:37:02.736 9 INFO neutron.api.wsgi [req-36073f78-f4a8-4231-8a5e-9efa4c98f02c req-345c3dc2-f053-4a88-986c-2bc4af0a2f55 f15bb2604e6f4f429cf4032a8e4d19df ba1df586a5dc4d02923880fc489537d0 - - default default] 10.0.0.7 "GET /v2.0/ports?device_id=57a60588-3282-4d95-8de6-6fc94a175094 HTTP/1.1" status: 200 len: 210 time: 0.0251238
2026-05-07 04:37:02.852 9 INFO neutron.api.wsgi [None req-bde23a9a-2c24-44a2-8641-4917ba75eee6 942ad90960e940cda137b9b28a02e7ac f0f7397c8a2646b4a75e31a0a5148fb5 - - default default] 10.0.0.58 "DELETE /v2.0/networks/02c559f2-0af1-44a6-a851-3d1fe53ddacc HTTP/1.1" status: 204 len: 168 time: 0.4930301
2026-05-07 04:37:02.948 10 INFO neutron.api.wsgi [req-c96eefd4-dd5e-4279-9104-a9c9a4c838ae req-b9a145c9-2ac1-4219-8fc1-aef3d5abe95a b9d9def71d194032a4ed1e1ec88523b9 d2c7cb5775e94dffa99d4e5e41325356 - - b74b1b31a6064d86ba7664f2a626d740 b74b1b31a6064d86ba7664f2a626d740] 199.19.213.105 "GET /v2.0/ports?tenant_id=20b48a8e5d05402a899ceb92d5d0f946&device_id=b3a1bc45-c7bc-422f-bc5d-d1b9ba386199 HTTP/1.1" status: 200 len: 1413 time: 0.0371559
2026-05-07 04:37:03.031 10 INFO neutron.api.wsgi [req-c96eefd4-dd5e-4279-9104-a9c9a4c838ae req-4c7b70ef-1b01-4ea1-b592-2b574265b201 b9d9def71d194032a4ed1e1ec88523b9 d2c7cb5775e94dffa99d4e5e41325356 - - b74b1b31a6064d86ba7664f2a626d740 b74b1b31a6064d86ba7664f2a626d740] 199.19.213.105 "GET /v2.0/networks?id=364f1d59-a31e-4789-92fc-d23e7ddcbe07 HTTP/1.1" status: 200 len: 973 time: 0.0784376
2026-05-07 04:37:03.059 9 WARNING neutron.scheduler.dhcp_agent_scheduler [None req-357bedb9-e1fe-4202-be8f-a74cbd38c9df 6f65be8e5f3940d3b2779c973dc985fc 9f949a48c6584d96aeb8caf45e5cb22e - - default default] No more DHCP agents
2026-05-07 04:37:03.060 9 WARNING neutron.api.rpc.agentnotifiers.dhcp_rpc_agent_api [None req-357bedb9-e1fe-4202-be8f-a74cbd38c9df 6f65be8e5f3940d3b2779c973dc985fc 9f949a48c6584d96aeb8caf45e5cb22e - - default default] Unable to schedule network 9423fd57-0c01-4d18-992a-5b9e623b877f: no agents available; will retry on subsequent port and subnet creation events.
2026-05-07 04:37:03.077 10 INFO neutron.api.wsgi [req-c96eefd4-dd5e-4279-9104-a9c9a4c838ae req-18a0fb22-77f5-4bdb-bbd9-15b442f2d128 b9d9def71d194032a4ed1e1ec88523b9 d2c7cb5775e94dffa99d4e5e41325356 - - b74b1b31a6064d86ba7664f2a626d740 b74b1b31a6064d86ba7664f2a626d740] 199.19.213.105 "GET /v2.0/floatingips?fixed_ip_address=10.100.0.10&port_id=01774a9b-36aa-4d31-8405-1d67292c5c73 HTTP/1.1" status: 200 len: 1060 time: 0.0391493
2026-05-07 04:37:03.112 10 INFO neutron.api.wsgi [req-c96eefd4-dd5e-4279-9104-a9c9a4c838ae req-cda0632d-a03b-4c47-8354-b1e6d217ddeb b9d9def71d194032a4ed1e1ec88523b9 d2c7cb5775e94dffa99d4e5e41325356 - - b74b1b31a6064d86ba7664f2a626d740 b74b1b31a6064d86ba7664f2a626d740] 199.19.213.105 "GET /v2.0/subnets?id=85a9d80d-0220-4120-9fd5-609b5fcbb52d HTTP/1.1" status: 200 len: 893 time: 0.0305729
2026-05-07 04:37:03.139 10 INFO neutron.api.wsgi [req-c96eefd4-dd5e-4279-9104-a9c9a4c838ae req-ecb0579d-67f0-4341-bc3c-282639dbc676 b9d9def71d194032a4ed1e1ec88523b9 d2c7cb5775e94dffa99d4e5e41325356 - - b74b1b31a6064d86ba7664f2a626d740 b74b1b31a6064d86ba7664f2a626d740] 199.19.213.105 "GET /v2.0/ports?network_id=364f1d59-a31e-4789-92fc-d23e7ddcbe07&device_owner=network%3Adhcp HTTP/1.1" status: 200 len: 210 time: 0.0230231
2026-05-07 04:37:03.178 10 INFO neutron.api.wsgi [req-c96eefd4-dd5e-4279-9104-a9c9a4c838ae req-04a7f942-4235-4140-8629-504df0fcff3a b9d9def71d194032a4ed1e1ec88523b9 d2c7cb5775e94dffa99d4e5e41325356 - - b74b1b31a6064d86ba7664f2a626d740 b74b1b31a6064d86ba7664f2a626d740] 199.19.213.105 "GET /v2.0/networks/364f1d59-a31e-4789-92fc-d23e7ddcbe07?fields=segments HTTP/1.1" status: 200 len: 212 time: 0.0328333
2026-05-07 04:37:03.229 10 INFO neutron.api.wsgi [req-c96eefd4-dd5e-4279-9104-a9c9a4c838ae req-f0a7f4ea-ff99-4752-8d57-c4c57dce4907 b9d9def71d194032a4ed1e1ec88523b9 d2c7cb5775e94dffa99d4e5e41325356 - - b74b1b31a6064d86ba7664f2a626d740 b74b1b31a6064d86ba7664f2a626d740] 199.19.213.105 "GET /v2.0/networks/364f1d59-a31e-4789-92fc-d23e7ddcbe07?fields=provider%3Aphysical_network&fields=provider%3Anetwork_type HTTP/1.1" status: 200 len: 277 time: 0.0443079
2026-05-07 04:37:03.244 9 INFO neutron.db.ovn_revision_numbers_db [None req-357bedb9-e1fe-4202-be8f-a74cbd38c9df 6f65be8e5f3940d3b2779c973dc985fc 9f949a48c6584d96aeb8caf45e5cb22e - - default default] Successfully bumped revision number for resource 3833ee42-f8d8-4fbd-8094-ec600e89c287 (type: ports) to 1
2026-05-07 04:37:03.306 9 INFO neutron.api.wsgi [None req-7c1ef756-2c90-4777-8a6e-6969d65cf58f 942ad90960e940cda137b9b28a02e7ac f0f7397c8a2646b4a75e31a0a5148fb5 - - default default] 10.0.0.58 "DELETE /v2.0/networks/b53de3ef-9fd0-4215-9bef-03a9060dbb0d HTTP/1.1" status: 204 len: 168 time: 0.4467490
2026-05-07 04:37:03.602 10 INFO neutron.services.segments.plugin [-] Segment 582900b3-4645-4837-b2f8-3a433859f8e2 resource provider aggregate not found
2026-05-07 04:37:03.605 10 INFO neutron.services.segments.plugin [-] Segment 582900b3-4645-4837-b2f8-3a433859f8e2 resource provider aggregate not found
2026-05-07 04:37:03.620 10 INFO neutron.services.segments.plugin [-] Segment 582900b3-4645-4837-b2f8-3a433859f8e2 resource provider not found; error: Placement Client Error (4xx): {"errors": [{"status": 404, "title": "Not Found", "detail": "The resource could not be found.\n\n No resource provider with uuid 582900b3-4645-4837-b2f8-3a433859f8e2 found for delete ", "request_id": "req-81f8ed85-0a36-4c9b-819f-614b79620149"}]}
2026-05-07 04:37:03.640 10 INFO neutron.services.segments.plugin [-] Segment 582900b3-4645-4837-b2f8-3a433859f8e2 resource provider not found; error: Placement Client Error (4xx): {"errors": [{"status": 404, "title": "Not Found", "detail": "The resource could not be found.\n\n No resource provider with uuid 582900b3-4645-4837-b2f8-3a433859f8e2 found for delete ", "request_id": "req-144cd43d-be80-407f-9aaa-7c725a309126"}]}
2026-05-07 04:37:03.661 10 INFO neutron.api.wsgi [None req-4c97a3d6-f9e6-440c-b383-efa9b320bbd0 942ad90960e940cda137b9b28a02e7ac f0f7397c8a2646b4a75e31a0a5148fb5 - - default default] 10.0.0.58 "DELETE /v2.0/networks/8f802a6c-09ae-4a94-b4be-382850c3a1b4 HTTP/1.1" status: 204 len: 168 time: 0.3493354
2026-05-07 04:37:03.677 9 INFO neutron.api.wsgi [req-80abd6e5-8812-44ea-a66f-9dfe6fce9910 req-db3d150a-d4ec-4769-afae-804f6e507f7d 780c2b5add4b42fda70470ab98e07191 20b48a8e5d05402a899ceb92d5d0f946 - - default default] 10.0.0.7 "GET /v2.0/ports?device_id=b3a1bc45-c7bc-422f-bc5d-d1b9ba386199 HTTP/1.1" status: 200 len: 1174 time: 0.0710554
2026-05-07 04:37:03.732 9 INFO neutron.api.wsgi [req-80abd6e5-8812-44ea-a66f-9dfe6fce9910 req-7ff82731-c8f2-4814-9b35-34ab8aca19a0 780c2b5add4b42fda70470ab98e07191 20b48a8e5d05402a899ceb92d5d0f946 - - default default] 10.0.0.7 "GET /v2.0/security-groups?id=626c8b24-ceec-4e55-9d19-67c982178315&fields=id&fields=name HTTP/1.1" status: 200 len: 313 time: 0.0506377
2026-05-07 04:37:03.744 10 INFO neutron.plugins.ml2.drivers.ovn.mech_driver.mech_driver [None req-7b8e5691-d3cf-4ab8-b3e6-d4fc578eb458 - - - - - -] OVN reports status up for port: 3833ee42-f8d8-4fbd-8094-ec600e89c287
2026-05-07 04:37:03.750 10 INFO neutron.plugins.ml2.plugin [None req-7b8e5691-d3cf-4ab8-b3e6-d4fc578eb458 - - - - - -] Attempt 1 to provision port 3833ee42-f8d8-4fbd-8094-ec600e89c287
2026-05-07 04:37:03.766 9 INFO neutron.db.ovn_revision_numbers_db [None req-357bedb9-e1fe-4202-be8f-a74cbd38c9df 6f65be8e5f3940d3b2779c973dc985fc 9f949a48c6584d96aeb8caf45e5cb22e - - default default] Successfully bumped revision number for resource 3833ee42-f8d8-4fbd-8094-ec600e89c287 (type: ports) to 1
2026-05-07 04:37:03.836 9 INFO neutron.api.wsgi [req-715134c1-0817-46f5-83f4-9e523f1abdc7 req-80d30566-365d-4855-b09b-671fb9ed62e3 f15bb2604e6f4f429cf4032a8e4d19df ba1df586a5dc4d02923880fc489537d0 - - default default] 10.0.0.7 "GET /v2.0/ports?device_id=57a60588-3282-4d95-8de6-6fc94a175094 HTTP/1.1" status: 200 len: 210 time: 0.0165553
2026-05-07 04:37:03.839 9 WARNING neutron.scheduler.dhcp_agent_scheduler [None req-357bedb9-e1fe-4202-be8f-a74cbd38c9df 6f65be8e5f3940d3b2779c973dc985fc 9f949a48c6584d96aeb8caf45e5cb22e - - default default] No more DHCP agents
2026-05-07 04:37:03.840 9 WARNING neutron.api.rpc.agentnotifiers.dhcp_rpc_agent_api [None req-357bedb9-e1fe-4202-be8f-a74cbd38c9df 6f65be8e5f3940d3b2779c973dc985fc 9f949a48c6584d96aeb8caf45e5cb22e - - default default] Unable to schedule network 9423fd57-0c01-4d18-992a-5b9e623b877f: no agents available; will retry on subsequent port and subnet creation events.
2026-05-07 04:37:04.001 9 INFO neutron.db.ovn_revision_numbers_db [None req-357bedb9-e1fe-4202-be8f-a74cbd38c9df 6f65be8e5f3940d3b2779c973dc985fc 9f949a48c6584d96aeb8caf45e5cb22e - - default default] Successfully bumped revision number for resource 3833ee42-f8d8-4fbd-8094-ec600e89c287 (type: router_ports) to 1
2026-05-07 04:37:04.006 9 INFO neutron.api.wsgi [None req-357bedb9-e1fe-4202-be8f-a74cbd38c9df 6f65be8e5f3940d3b2779c973dc985fc 9f949a48c6584d96aeb8caf45e5cb22e - - default default] 10.0.0.58 "PUT /v2.0/routers/0c221a8a-6dd3-47ba-be8b-563b341cb1d7/add_router_interface HTTP/1.1" status: 200 len: 503 time: 1.3683560
2026-05-07 04:37:04.078 9 INFO neutron.api.wsgi [None req-90b727ef-bcd6-4b10-9e72-3f451266bc39 6f65be8e5f3940d3b2779c973dc985fc 9f949a48c6584d96aeb8caf45e5cb22e - - default default] 10.0.0.58 "GET /v2.0/ports/3833ee42-f8d8-4fbd-8094-ec600e89c287 HTTP/1.1" status: 200 len: 1137 time: 0.0674214
2026-05-07 04:37:04.102 10 INFO neutron.db.ovn_revision_numbers_db [None req-7b8e5691-d3cf-4ab8-b3e6-d4fc578eb458 - - - - - -] Successfully bumped revision number for resource 3833ee42-f8d8-4fbd-8094-ec600e89c287 (type: ports) to 2
2026-05-07 04:37:04.106 9 INFO neutron.api.wsgi [None req-32f8e330-d448-490a-97e2-d08f16543f48 6f65be8e5f3940d3b2779c973dc985fc 9f949a48c6584d96aeb8caf45e5cb22e - - default default] 10.0.0.58 "GET /v2.0/ports/3833ee42-f8d8-4fbd-8094-ec600e89c287 HTTP/1.1" status: 200 len: 1137 time: 0.0242915
2026-05-07 04:37:04.239 10 INFO neutron.api.wsgi [req-4435f667-cf79-4d1a-b5fc-99459c49e72a req-66ea499f-f8dd-4508-b5c1-fa308bd93841 780c2b5add4b42fda70470ab98e07191 20b48a8e5d05402a899ceb92d5d0f946 - - default default] 199.19.213.105 "GET /v2.0/ports?device_id=b3a1bc45-c7bc-422f-bc5d-d1b9ba386199 HTTP/1.1" status: 200 len: 1174 time: 0.0651126
2026-05-07 04:37:04.272 9 INFO neutron.api.wsgi [None req-66b630e7-a0f1-48d4-882e-087f433eafd3 ce632d76966a4c36b373021fa2dac8d0 f3b2c4eeb3ee4a1b93fb1c15ccb58fd0 - - default default] 10.0.0.58 "GET /v2.0/security-groups?tenant_id=f0f7397c8a2646b4a75e31a0a5148fb5&name=default HTTP/1.1" status: 200 len: 3120 time: 0.1298409
2026-05-07 04:37:04.336 9 INFO neutron.services.segments.plugin [-] Segment 8695271f-59fb-4198-b0ee-7efebfbbe8a9 resource provider aggregate not found
2026-05-07 04:37:04.339 9 INFO neutron.services.segments.plugin [-] Segment 8695271f-59fb-4198-b0ee-7efebfbbe8a9 resource provider aggregate not found
2026-05-07 04:37:04.346 9 INFO neutron.services.segments.plugin [-] Segment 8695271f-59fb-4198-b0ee-7efebfbbe8a9 resource provider not found; error: Placement Client Error (4xx): {"errors": [{"status": 404, "title": "Not Found", "detail": "The resource could not be found.\n\n No resource provider with uuid 8695271f-59fb-4198-b0ee-7efebfbbe8a9 found for delete ", "request_id": "req-be4da408-5199-4222-8865-a08b358edbb0"}]}
2026-05-07 04:37:04.353 9 INFO neutron.services.segments.plugin [-] Segment 8695271f-59fb-4198-b0ee-7efebfbbe8a9 resource provider not found; error: Placement Client Error (4xx): {"errors": [{"status": 404, "title": "Not Found", "detail": "The resource could not be found.\n\n No resource provider with uuid 8695271f-59fb-4198-b0ee-7efebfbbe8a9 found for delete ", "request_id": "req-4ec762c4-d4a1-4d42-81ce-34e8fe01c5da"}]}
2026-05-07 04:37:04.358 9 INFO neutron.services.segments.plugin [-] Segment 6a41e65a-941a-43f4-abdf-b46709146b3c resource provider aggregate not found
2026-05-07 04:37:04.364 9 INFO neutron.services.segments.plugin [-] Segment 6a41e65a-941a-43f4-abdf-b46709146b3c resource provider aggregate not found
2026-05-07 04:37:04.371 9 INFO neutron.services.segments.plugin [-] Segment 6a41e65a-941a-43f4-abdf-b46709146b3c resource provider not found; error: Placement Client Error (4xx): {"errors": [{"status": 404, "title": "Not Found", "detail": "The resource could not be found.\n\n No resource provider with uuid 6a41e65a-941a-43f4-abdf-b46709146b3c found for delete ", "request_id": "req-22d5fa75-33e0-4009-9fac-3eda7d24e64b"}]}
2026-05-07 04:37:04.373 9 INFO neutron.services.segments.plugin [-] Segment 6a41e65a-941a-43f4-abdf-b46709146b3c resource provider not found; error: Placement Client Error (4xx): {"errors": [{"status": 404, "title": "Not Found", "detail": "The resource could not be found.\n\n No resource provider with uuid 6a41e65a-941a-43f4-abdf-b46709146b3c found for delete ", "request_id": "req-d314729f-8cae-4bcc-a9bb-fe8d9c37dd3b"}]}
2026-05-07 04:37:04.677 9 INFO neutron.api.wsgi [None req-21023f53-ce4e-4ab3-bc1a-ffb97ae9a0ab 6f65be8e5f3940d3b2779c973dc985fc 9f949a48c6584d96aeb8caf45e5cb22e - - default default] 10.0.0.58 "PUT /v2.0/routers/0c221a8a-6dd3-47ba-be8b-563b341cb1d7/remove_router_interface HTTP/1.1" status: 200 len: 503 time: 0.5665319 /var/lib/openstack/lib/python3.12/site-packages/pycadf/identifier.py:71: UserWarning: Invalid uuid: neutron. To ensure interoperability, identifiers should be a valid uuid. warnings.warn(('Invalid uuid: %s. To ensure interoperability, '
2026-05-07 04:37:04.705 9 INFO neutron.api.wsgi [None req-48579968-3c11-47ac-b91c-c7516484fc1b 6f65be8e5f3940d3b2779c973dc985fc 9f949a48c6584d96aeb8caf45e5cb22e - - default default] 10.0.0.58 "GET /v2.0/ports?device_id=0c221a8a-6dd3-47ba-be8b-563b341cb1d7 HTTP/1.1" status: 200 len: 205 time: 0.0217628
2026-05-07 04:37:04.748 10 INFO neutron.api.wsgi [None req-2a7b1140-8c8c-4adf-b15e-0b595c775d16 ce632d76966a4c36b373021fa2dac8d0 f3b2c4eeb3ee4a1b93fb1c15ccb58fd0 - - default default] 10.0.0.58 "DELETE /v2.0/security-groups/064571da-447e-43ac-ac6c-89769172c9c7 HTTP/1.1" status: 204 len: 168 time: 0.4716246
2026-05-07 04:37:04.769 10 INFO neutron.db.l3_db [req-4435f667-cf79-4d1a-b5fc-99459c49e72a req-e3923de0-7d14-470e-a9bd-dd79be35feed 780c2b5add4b42fda70470ab98e07191 20b48a8e5d05402a899ceb92d5d0f946 - - default default] Floating IP 9d2a4027-db95-4a62-9b7b-8355b09d756b disassociated. External IP: 10.96.250.211, port: 01774a9b-36aa-4d31-8405-1d67292c5c73.
2026-05-07 04:37:04.846 9 INFO neutron.api.wsgi [req-c83929ac-1363-45ed-b95b-a256241da98b req-dacd1a0d-c170-4aa7-852d-4560f354385a 780c2b5add4b42fda70470ab98e07191 20b48a8e5d05402a899ceb92d5d0f946 - - default default] 10.0.0.7 "GET /v2.0/ports?device_id=b3a1bc45-c7bc-422f-bc5d-d1b9ba386199 HTTP/1.1" status: 200 len: 1174 time: 0.0532253
2026-05-07 04:37:04.881 10 INFO neutron.api.wsgi [req-4435f667-cf79-4d1a-b5fc-99459c49e72a req-e3923de0-7d14-470e-a9bd-dd79be35feed 780c2b5add4b42fda70470ab98e07191 20b48a8e5d05402a899ceb92d5d0f946 - - default default] 199.19.213.105 "DELETE /v2.0/ports/01774a9b-36aa-4d31-8405-1d67292c5c73 HTTP/1.1" status: 204 len: 173 time: 0.6377811
2026-05-07 04:37:04.891 9 INFO neutron.api.wsgi [None req-18c0853e-d0d8-4b17-805b-adff8729d38b 6f65be8e5f3940d3b2779c973dc985fc 9f949a48c6584d96aeb8caf45e5cb22e - - default default] 10.0.0.58 "DELETE /v2.0/routers/0c221a8a-6dd3-47ba-be8b-563b341cb1d7 HTTP/1.1" status: 204 len: 168 time: 0.1808288
2026-05-07 04:37:04.896 9 INFO neutron.api.wsgi [req-c83929ac-1363-45ed-b95b-a256241da98b req-2fc3a61a-54c9-41c8-bded-0fa4bd0a53be 780c2b5add4b42fda70470ab98e07191 20b48a8e5d05402a899ceb92d5d0f946 - - default default] 10.0.0.7 "GET /v2.0/security-groups?id=626c8b24-ceec-4e55-9d19-67c982178315&fields=id&fields=name HTTP/1.1" status: 200 len: 313 time: 0.0457819
2026-05-07 04:37:04.924 10 INFO neutron.notifiers.nova [-] Nova event matching ['req-f6c6be1d-25d1-45c4-b3d6-2c5a135149d8'] response: {'server_uuid': 'b3a1bc45-c7bc-422f-bc5d-d1b9ba386199', 'name': 'network-vif-deleted', 'tag': '01774a9b-36aa-4d31-8405-1d67292c5c73', 'status': 'completed', 'code': 200}
2026-05-07 04:37:04.928 9 INFO neutron.api.wsgi [req-3fceddb0-b311-4b99-8506-6459fa23ecfb req-75a410d3-d085-4fdb-9f07-55a5abe26a95 f15bb2604e6f4f429cf4032a8e4d19df ba1df586a5dc4d02923880fc489537d0 - - default default] 10.0.0.7 "GET /v2.0/ports?device_id=57a60588-3282-4d95-8de6-6fc94a175094 HTTP/1.1" status: 200 len: 210 time: 0.0169661
2026-05-07 04:37:05.055 10 INFO neutron.api.wsgi [None req-7abaf2ef-1a63-456d-83d5-b60c80beeac0 6f65be8e5f3940d3b2779c973dc985fc 9f949a48c6584d96aeb8caf45e5cb22e - - default default] 10.0.0.58 "DELETE /v2.0/subnets/3591109a-49b2-4cb8-92c6-d0d9e9567593 HTTP/1.1" status: 204 len: 168 time: 0.1578567
2026-05-07 04:37:05.320 10 INFO neutron.api.wsgi [None req-ba7c81ab-bf0a-487a-8bb8-02be17d3b49d 6f65be8e5f3940d3b2779c973dc985fc 9f949a48c6584d96aeb8caf45e5cb22e - - default default] 10.0.0.58 "DELETE /v2.0/networks/9423fd57-0c01-4d18-992a-5b9e623b877f HTTP/1.1" status: 204 len: 168 time: 0.2594967
2026-05-07 04:37:05.331 10 WARNING neutron_lib.context [None req-f5af5b6c-b457-4dc7-ba23-4df648fbd813 6f65be8e5f3940d3b2779c973dc985fc 9f949a48c6584d96aeb8caf45e5cb22e - - default default] Method 'is_advsvc' is deprecated since 2023.2 release (neutron-lib 3.8.0) and will be removed once support for the old RBAC API policies will be removed from Neutron. Please use method 'is_service_role' instead.
2026-05-07 04:37:05.406 9 WARNING neutron.plugins.ml2.drivers.ovn.mech_driver.ovsdb.ovn_client [None req-75f5a51f-991b-45d2-86e3-a29915cf4cc2 - - - - - -] No port found with ID 81afc057-aa89-4829-906a-4bdaf3424370: RuntimeError: No port found with ID 81afc057-aa89-4829-906a-4bdaf3424370
2026-05-07 04:37:05.407 9 INFO neutron.plugins.ml2.drivers.ovn.mech_driver.mech_driver [None req-75f5a51f-991b-45d2-86e3-a29915cf4cc2 - - - - - -] OVN reports status up for port: 7da3eb1d-2224-4c6d-a6b6-0df5fdc4f6dd
2026-05-07 04:37:05.413 9 INFO neutron.plugins.ml2.plugin [None req-75f5a51f-991b-45d2-86e3-a29915cf4cc2 - - - - - -] Attempt 1 to provision port 7da3eb1d-2224-4c6d-a6b6-0df5fdc4f6dd
2026-05-07 04:37:05.639 10 INFO neutron.services.segments.plugin [-] Segment be6a1985-c7cc-4873-ab4e-e4c9cde11f7b resource provider aggregate not found
2026-05-07 04:37:05.655 10 INFO neutron.services.segments.plugin [-] Segment be6a1985-c7cc-4873-ab4e-e4c9cde11f7b resource provider aggregate not found
2026-05-07 04:37:05.660 10 INFO neutron.services.segments.plugin [-] Segment be6a1985-c7cc-4873-ab4e-e4c9cde11f7b resource provider not found; error: Placement Client Error (4xx): {"errors": [{"status": 404, "title": "Not Found", "detail": "The resource could not be found.\n\n No resource provider with uuid be6a1985-c7cc-4873-ab4e-e4c9cde11f7b found for delete ", "request_id": "req-8e33a3ee-8d74-4a03-bfff-ad218f511ced"}]}
2026-05-07 04:37:05.664 10 WARNING neutron.scheduler.dhcp_agent_scheduler [None req-f5af5b6c-b457-4dc7-ba23-4df648fbd813 6f65be8e5f3940d3b2779c973dc985fc 9f949a48c6584d96aeb8caf45e5cb22e - - default default] No more DHCP agents
2026-05-07 04:37:05.665 10 WARNING neutron.api.rpc.agentnotifiers.dhcp_rpc_agent_api [None req-f5af5b6c-b457-4dc7-ba23-4df648fbd813 6f65be8e5f3940d3b2779c973dc985fc 9f949a48c6584d96aeb8caf45e5cb22e - - default default] Unable to schedule network bb2502a7-810e-44b0-bf54-9c9da8f1d864: no agents available; will retry on subsequent port and subnet creation events.
2026-05-07 04:37:05.671 10 INFO neutron.services.segments.plugin [-] Segment be6a1985-c7cc-4873-ab4e-e4c9cde11f7b resource provider not found; error: Placement Client Error (4xx): {"errors": [{"status": 404, "title": "Not Found", "detail": "The resource could not be found.\n\n No resource provider with uuid be6a1985-c7cc-4873-ab4e-e4c9cde11f7b found for delete ", "request_id": "req-474ca06d-a5fd-4c55-9750-07d4a76cbbda"}]}
2026-05-07 04:37:05.739 9 INFO neutron.db.ovn_revision_numbers_db [None req-75f5a51f-991b-45d2-86e3-a29915cf4cc2 - - - - - -] Successfully bumped revision number for resource 7da3eb1d-2224-4c6d-a6b6-0df5fdc4f6dd (type: ports) to 2
2026-05-07 04:37:05.788 10 INFO neutron.db.ovn_revision_numbers_db [None req-f5af5b6c-b457-4dc7-ba23-4df648fbd813 6f65be8e5f3940d3b2779c973dc985fc 9f949a48c6584d96aeb8caf45e5cb22e - - default default] Successfully bumped revision number for resource 32d65430-4c2c-4422-9c56-b54ed774723f (type: ports) to 1
2026-05-07 04:37:05.978 9 INFO neutron.api.wsgi [req-715ac378-e2d6-41d4-a75b-e22fc76bb5fb req-35892e39-b447-4091-9374-8b481ce6e6a0 780c2b5add4b42fda70470ab98e07191 20b48a8e5d05402a899ceb92d5d0f946 - - default default] 10.0.0.7 "GET /v2.0/ports?device_id=b3a1bc45-c7bc-422f-bc5d-d1b9ba386199 HTTP/1.1" status: 200 len: 210 time: 0.0166061
2026-05-07 04:37:06.005 9 INFO neutron.api.wsgi [req-cfca6eaf-fa41-4885-95bf-0b30e4fb2ceb req-42d88084-67fe-43a8-b4b0-d7fb5bc128a5 f15bb2604e6f4f429cf4032a8e4d19df ba1df586a5dc4d02923880fc489537d0 - - default default] 10.0.0.7 "GET /v2.0/ports?device_id=57a60588-3282-4d95-8de6-6fc94a175094 HTTP/1.1" status: 200 len: 210 time: 0.0163763
2026-05-07 04:37:06.291 10 INFO neutron.plugins.ml2.drivers.ovn.mech_driver.ovsdb.commands [None req-c1a45c71-4d71-42eb-a778-313e7514bd34 - - - - - -] Schedule LRP lrp-32d65430-4c2c-4422-9c56-b54ed774723f on gateway 915079cd-9092-498e-85d0-4a41130fc0c4 with priority 1
2026-05-07 04:37:06.333 10 INFO neutron.db.ovn_revision_numbers_db [None req-f5af5b6c-b457-4dc7-ba23-4df648fbd813 6f65be8e5f3940d3b2779c973dc985fc 9f949a48c6584d96aeb8caf45e5cb22e - - default default] Successfully bumped revision number for resource 32d65430-4c2c-4422-9c56-b54ed774723f (type: router_ports) to 1
2026-05-07 04:37:06.387 10 INFO neutron.db.ovn_revision_numbers_db [None req-f5af5b6c-b457-4dc7-ba23-4df648fbd813 6f65be8e5f3940d3b2779c973dc985fc 9f949a48c6584d96aeb8caf45e5cb22e - - default default] Successfully bumped revision number for resource d47de421-bbb6-44c5-a399-39cdbac00290 (type: routers) to 2
2026-05-07 04:37:06.410 10 INFO neutron.api.wsgi [None req-f5af5b6c-b457-4dc7-ba23-4df648fbd813 6f65be8e5f3940d3b2779c973dc985fc 9f949a48c6584d96aeb8caf45e5cb22e - - default default] 10.0.0.58 "POST /v2.0/routers HTTP/1.1" status: 201 len: 1146 time: 1.0832098
2026-05-07 04:37:06.456 10 WARNING neutron_lib.context [None req-5a723e35-529a-48a9-8dee-d6d292f673e4 77889e9103934cde85d6d6a1cd046060 7497a34eb0064a3286ba0e38570257dd - - default default] Method 'is_advsvc' is deprecated since 2023.2 release (neutron-lib 3.8.0) and will be removed once support for the old RBAC API policies will be removed from Neutron. Please use method 'is_service_role' instead.
2026-05-07 04:37:06.489 10 INFO neutron.api.wsgi [None req-fce2d357-218c-4b5e-84fe-4efc7c94afd4 6f65be8e5f3940d3b2779c973dc985fc 9f949a48c6584d96aeb8caf45e5cb22e - - default default] 10.0.0.58 "GET /v2.0/routers/d47de421-bbb6-44c5-a399-39cdbac00290 HTTP/1.1" status: 200 len: 1147 time: 0.0729103
2026-05-07 04:37:06.585 10 INFO neutron.api.wsgi [None req-c7acdcb2-4993-4ad0-b88c-a004853432d5 6f65be8e5f3940d3b2779c973dc985fc 9f949a48c6584d96aeb8caf45e5cb22e - - default default] 10.0.0.58 "GET /v2.0/routers HTTP/1.1" status: 200 len: 1150 time: 0.0918627
