2026-05-07 04:26:35.522 9 INFO neutron.api.wsgi [None req-6ff1d7f6-b042-4030-9727-48a0d5b464a6 ce632d76966a4c36b373021fa2dac8d0 f3b2c4eeb3ee4a1b93fb1c15ccb58fd0 - - default default] 10.0.0.167 "GET /v2.0/agents?binary=ovn-controller HTTP/1.1" status: 200 len: 591 time: 0.0073016
2026-05-07 04:26:35.542 9 INFO neutron.api.wsgi [None req-4a8baf43-d222-4ee5-9aa3-a0efa0b172c7 ce632d76966a4c36b373021fa2dac8d0 f3b2c4eeb3ee4a1b93fb1c15ccb58fd0 - - default default] 10.0.0.167 "GET /v2.0/subnets HTTP/1.1" status: 200 len: 1484 time: 0.0190716
2026-05-07 04:26:35.548 9 INFO neutron.api.wsgi [None req-60124aaa-a630-46db-97d8-1d68c5d4babe ce632d76966a4c36b373021fa2dac8d0 f3b2c4eeb3ee4a1b93fb1c15ccb58fd0 - - default default] 10.0.0.167 "GET /v2.0/subnetpools HTTP/1.1" status: 200 len: 193 time: 0.0049942
2026-05-07 04:26:40.341 10 INFO neutron.api.wsgi [-] 10.0.0.116 "GET / HTTP/1.1" status: 200 len: 247 time: 0.0024672
2026-05-07 04:26:40.341 9 INFO neutron.api.wsgi [-] 10.0.0.116 "GET / HTTP/1.1" status: 200 len: 247 time: 0.0028014
2026-05-07 04:26:55.341 10 INFO neutron.api.wsgi [-] 10.0.0.116 "GET / HTTP/1.1" status: 200 len: 247 time: 0.0026278
2026-05-07 04:26:55.343 9 INFO neutron.api.wsgi [-] 10.0.0.116 "GET / HTTP/1.1" status: 200 len: 247 time: 0.0046017
2026-05-07 04:27:10.341 9 INFO neutron.api.wsgi [-] 10.0.0.116 "GET / HTTP/1.1" status: 200 len: 247 time: 0.0025194
2026-05-07 04:27:10.343 10 INFO neutron.api.wsgi [-] 10.0.0.116 "GET / HTTP/1.1" status: 200 len: 247 time: 0.0040433
2026-05-07 04:27:25.341 10 INFO neutron.api.wsgi [-] 10.0.0.116 "GET / HTTP/1.1" status: 200 len: 247 time: 0.0026679
2026-05-07 04:27:25.344 10 INFO neutron.api.wsgi [-] 10.0.0.116 "GET / HTTP/1.1" status: 200 len: 247 time: 0.0021389
2026-05-07 04:27:34.033 15 INFO neutron.plugins.ml2.drivers.ovn.mech_driver.ovsdb.maintenance [None req-0186eefa-e93b-4ad7-814c-27fc6c4f46b9 - - - - - -] OVN maintenance task check_for_inconsistencies finished in 0.023 seconds
2026-05-07 04:27:35.347 9 INFO neutron.api.wsgi [None req-03d4aecf-54da-494d-bcac-d8b20bf289ff ce632d76966a4c36b373021fa2dac8d0 f3b2c4eeb3ee4a1b93fb1c15ccb58fd0 - - default default] 10.0.0.167 "GET /v2.0/ports HTTP/1.1" status: 200 len: 5347 time: 0.0718224
2026-05-07 04:27:35.366 9 INFO neutron.api.wsgi [None req-544d146b-edb9-4ef0-bf41-80f35c4f3566 ce632d76966a4c36b373021fa2dac8d0 f3b2c4eeb3ee4a1b93fb1c15ccb58fd0 - - default default] 10.0.0.167 "GET /v2.0/network-ip-availabilities HTTP/1.1" status: 200 len: 1280 time: 0.0137835
2026-05-07 04:27:35.397 9 INFO neutron.api.wsgi [None req-c164c52f-d84d-48d3-b7b5-b062389a30b4 ce632d76966a4c36b373021fa2dac8d0 f3b2c4eeb3ee4a1b93fb1c15ccb58fd0 - - default default] 10.0.0.167 "GET /v2.0/subnets HTTP/1.1" status: 200 len: 1484 time: 0.0304832
2026-05-07 04:27:35.406 9 INFO neutron.api.wsgi [None req-73e61187-f91b-40b2-b497-9feca69dfb76 ce632d76966a4c36b373021fa2dac8d0 f3b2c4eeb3ee4a1b93fb1c15ccb58fd0 - - default default] 10.0.0.167 "GET /v2.0/subnetpools HTTP/1.1" status: 200 len: 193 time: 0.0070758
2026-05-07 04:27:35.417 9 INFO neutron.api.wsgi [None req-a146b74e-b0f4-4280-b39d-505bd48bec26 ce632d76966a4c36b373021fa2dac8d0 f3b2c4eeb3ee4a1b93fb1c15ccb58fd0 - - default default] 10.0.0.167 "GET /v2.0/floatingips HTTP/1.1" status: 200 len: 193 time: 0.0108919
2026-05-07 04:27:35.432 9 INFO neutron.api.wsgi [None req-51cf922e-62f3-4c3a-a433-ffe7ee6e2ff6 ce632d76966a4c36b373021fa2dac8d0 f3b2c4eeb3ee4a1b93fb1c15ccb58fd0 - - default default] 10.0.0.167 "GET /v2.0/routers HTTP/1.1" status: 200 len: 189 time: 0.0138917
2026-05-07 04:27:35.459 9 INFO neutron.api.wsgi [None req-4714e4a5-ae09-45d9-ac52-2761cfa9508c ce632d76966a4c36b373021fa2dac8d0 f3b2c4eeb3ee4a1b93fb1c15ccb58fd0 - - default default] 10.0.0.167 "GET /v2.0/agents?binary=ovn-controller HTTP/1.1" status: 200 len: 591 time: 0.0266602
2026-05-07 04:27:35.511 9 INFO neutron.api.wsgi [None req-993fb914-1e08-46f7-b7d6-24c50e47fbfc ce632d76966a4c36b373021fa2dac8d0 f3b2c4eeb3ee4a1b93fb1c15ccb58fd0 - - default default] 10.0.0.167 "GET /v2.0/networks HTTP/1.1" status: 200 len: 2350 time: 0.0503383
2026-05-07 04:27:35.520 9 INFO neutron.api.wsgi [None req-b256e06f-327e-4e5f-a5e3-d8cdfb88a21a ce632d76966a4c36b373021fa2dac8d0 f3b2c4eeb3ee4a1b93fb1c15ccb58fd0 - - default default] 10.0.0.167 "GET /v2.0/agents HTTP/1.1" status: 200 len: 1390 time: 0.0080802
2026-05-07 04:27:35.547 9 INFO neutron.api.wsgi [None req-3be7103f-c61f-430e-8044-5f96e56c3cee ce632d76966a4c36b373021fa2dac8d0 f3b2c4eeb3ee4a1b93fb1c15ccb58fd0 - - default default] 10.0.0.167 "GET /v2.0/security-groups HTTP/1.1" status: 200 len: 17574 time: 0.0259142
2026-05-07 04:27:35.573 9 INFO neutron.api.wsgi [None req-f01db146-0536-4455-bede-60eb334d1330 ce632d76966a4c36b373021fa2dac8d0 f3b2c4eeb3ee4a1b93fb1c15ccb58fd0 - - default default] 10.0.0.167 "GET /v2.0/subnets HTTP/1.1" status: 200 len: 1484 time: 0.0191619
2026-05-07 04:27:40.340 10 INFO neutron.api.wsgi [-] 10.0.0.116 "GET / HTTP/1.1" status: 200 len: 247 time: 0.0024598
2026-05-07 04:27:40.341 9 INFO neutron.api.wsgi [-] 10.0.0.116 "GET / HTTP/1.1" status: 200 len: 247 time: 0.0029275
2026-05-07 04:27:55.341 10 INFO neutron.api.wsgi [-] 10.0.0.116 "GET / HTTP/1.1" status: 200 len: 247 time: 0.0025029
2026-05-07 04:27:55.341 9 INFO neutron.api.wsgi [-] 10.0.0.116 "GET / HTTP/1.1" status: 200 len: 247 time: 0.0025237
2026-05-07 04:28:10.341 10 INFO neutron.api.wsgi [-] 10.0.0.116 "GET / HTTP/1.1" status: 200 len: 247 time: 0.0030434
2026-05-07 04:28:10.341 9 INFO neutron.api.wsgi [-] 10.0.0.116 "GET / HTTP/1.1" status: 200 len: 247 time: 0.0035050
2026-05-07 04:28:25.341 9 INFO neutron.api.wsgi [-] 10.0.0.116 "GET / HTTP/1.1" status: 200 len: 247 time: 0.0026898
2026-05-07 04:28:25.343 10 INFO neutron.api.wsgi [-] 10.0.0.116 "GET / HTTP/1.1" status: 200 len: 247 time: 0.0051229
2026-05-07 04:28:35.319 9 INFO neutron.api.wsgi [None req-783d222e-8fd5-42d7-b0bd-4a9722f00997 ce632d76966a4c36b373021fa2dac8d0 f3b2c4eeb3ee4a1b93fb1c15ccb58fd0 - - default default] 10.0.0.167 "GET /v2.0/security-groups HTTP/1.1" status: 200 len: 17574 time: 0.0775890
2026-05-07 04:28:35.368 9 INFO neutron.api.wsgi [None req-0c75faad-2b1d-4748-b7e4-757098589cd1 ce632d76966a4c36b373021fa2dac8d0 f3b2c4eeb3ee4a1b93fb1c15ccb58fd0 - - default default] 10.0.0.167 "GET /v2.0/ports HTTP/1.1" status: 200 len: 5347 time: 0.0391495
2026-05-07 04:28:35.384 9 INFO neutron.api.wsgi [None req-eaf64ecc-586c-4ef8-ad93-4262c775f31a ce632d76966a4c36b373021fa2dac8d0 f3b2c4eeb3ee4a1b93fb1c15ccb58fd0 - - default default] 10.0.0.167 "GET /v2.0/routers HTTP/1.1" status: 200 len: 189 time: 0.0122228
2026-05-07 04:28:35.406 9 INFO neutron.api.wsgi [None req-23c17652-c9d6-4521-87e8-b5a8a48adacb ce632d76966a4c36b373021fa2dac8d0 f3b2c4eeb3ee4a1b93fb1c15ccb58fd0 - - default default] 10.0.0.167 "GET /v2.0/agents?binary=ovn-controller HTTP/1.1" status: 200 len: 591 time: 0.0212533
2026-05-07 04:28:35.419 9 INFO neutron.api.wsgi [None req-c944c0b6-6a62-40b9-8d9e-aa43089889ac ce632d76966a4c36b373021fa2dac8d0 f3b2c4eeb3ee4a1b93fb1c15ccb58fd0 - - default default] 10.0.0.167 "GET /v2.0/network-ip-availabilities HTTP/1.1" status: 200 len: 1280 time: 0.0084901
2026-05-07 04:28:35.431 9 INFO neutron.api.wsgi [None req-64e06b47-5155-4de8-b930-65d15e98d983 ce632d76966a4c36b373021fa2dac8d0 f3b2c4eeb3ee4a1b93fb1c15ccb58fd0 - - default default] 10.0.0.167 "GET /v2.0/floatingips HTTP/1.1" status: 200 len: 193 time: 0.0104072
2026-05-07 04:28:35.458 9 INFO neutron.api.wsgi [None req-e726c99b-ac0b-4b63-a1dc-e0f60790f735 ce632d76966a4c36b373021fa2dac8d0 f3b2c4eeb3ee4a1b93fb1c15ccb58fd0 - - default default] 10.0.0.167 "GET /v2.0/subnets HTTP/1.1" status: 200 len: 1484 time: 0.0258384
2026-05-07 04:28:35.466 9 INFO neutron.api.wsgi [None req-5989d1f7-ddfa-4660-89e5-dfef0e12a3ad ce632d76966a4c36b373021fa2dac8d0 f3b2c4eeb3ee4a1b93fb1c15ccb58fd0 - - default default] 10.0.0.167 "GET /v2.0/subnetpools HTTP/1.1" status: 200 len: 193 time: 0.0062392
2026-05-07 04:28:35.509 9 INFO neutron.api.wsgi [None req-3d941fbc-fff5-48ba-9b66-3603e67f7d0a ce632d76966a4c36b373021fa2dac8d0 f3b2c4eeb3ee4a1b93fb1c15ccb58fd0 - - default default] 10.0.0.167 "GET /v2.0/networks HTTP/1.1" status: 200 len: 2350 time: 0.0429373
2026-05-07 04:28:35.530 9 INFO neutron.api.wsgi [None req-9b004a99-ee19-4b1f-ab60-fb3bfbe4c2ef ce632d76966a4c36b373021fa2dac8d0 f3b2c4eeb3ee4a1b93fb1c15ccb58fd0 - - default default] 10.0.0.167 "GET /v2.0/subnets HTTP/1.1" status: 200 len: 1484 time: 0.0185375
2026-05-07 04:28:35.541 9 INFO neutron.api.wsgi [None req-ce5ebb76-0fbb-423a-864a-cd1328e710d6 ce632d76966a4c36b373021fa2dac8d0 f3b2c4eeb3ee4a1b93fb1c15ccb58fd0 - - default default] 10.0.0.167 "GET /v2.0/agents HTTP/1.1" status: 200 len: 1390 time: 0.0099058
2026-05-07 04:28:40.340 10 INFO neutron.api.wsgi [-] 10.0.0.116 "GET / HTTP/1.1" status: 200 len: 247 time: 0.0018363
2026-05-07 04:28:40.340 9 INFO neutron.api.wsgi [-] 10.0.0.116 "GET / HTTP/1.1" status: 200 len: 247 time: 0.0024447
2026-05-07 04:28:55.339 10 INFO neutron.api.wsgi [-] 10.0.0.116 "GET / HTTP/1.1" status: 200 len: 247 time: 0.0024545
2026-05-07 04:28:55.340 9 INFO neutron.api.wsgi [-] 10.0.0.116 "GET / HTTP/1.1" status: 200 len: 247 time: 0.0023839
2026-05-07 04:29:10.341 9 INFO neutron.api.wsgi [-] 10.0.0.116 "GET / HTTP/1.1" status: 200 len: 247 time: 0.0026062
2026-05-07 04:29:10.341 10 INFO neutron.api.wsgi [-] 10.0.0.116 "GET / HTTP/1.1" status: 200 len: 247 time: 0.0034742
2026-05-07 04:29:25.341 9 INFO neutron.api.wsgi [-] 10.0.0.116 "GET / HTTP/1.1" status: 200 len: 247 time: 0.0025663
2026-05-07 04:29:25.341 10 INFO neutron.api.wsgi [-] 10.0.0.116 "GET / HTTP/1.1" status: 200 len: 247 time: 0.0023773
2026-05-07 04:29:35.421 9 INFO neutron.api.wsgi [None req-4c423645-db85-4fdb-9e1d-4a341c35ae9a ce632d76966a4c36b373021fa2dac8d0 f3b2c4eeb3ee4a1b93fb1c15ccb58fd0 - - default default] 10.0.0.167 "GET /v2.0/agents HTTP/1.1" status: 200 len: 1390 time: 0.1304455
2026-05-07 04:29:35.436 9 INFO neutron.api.wsgi [None req-0b1b238d-d818-4380-8fa5-0ed716f37045 ce632d76966a4c36b373021fa2dac8d0 f3b2c4eeb3ee4a1b93fb1c15ccb58fd0 - - default default] 10.0.0.167 "GET /v2.0/floatingips HTTP/1.1" status: 200 len: 193 time: 0.0137763
2026-05-07 04:29:35.446 9 INFO neutron.api.wsgi [None req-3f7270aa-d216-4a2b-9eef-47b94ace7bc1 ce632d76966a4c36b373021fa2dac8d0 f3b2c4eeb3ee4a1b93fb1c15ccb58fd0 - - default default] 10.0.0.167 "GET /v2.0/routers HTTP/1.1" status: 200 len: 189 time: 0.0098670
2026-05-07 04:29:35.455 9 INFO neutron.api.wsgi [None req-cda70f55-e381-4c56-94b9-115a8075032a ce632d76966a4c36b373021fa2dac8d0 f3b2c4eeb3ee4a1b93fb1c15ccb58fd0 - - default default] 10.0.0.167 "GET /v2.0/agents?binary=ovn-controller HTTP/1.1" status: 200 len: 591 time: 0.0079243
2026-05-07 04:29:35.477 9 INFO neutron.api.wsgi [None req-d66d0d08-e975-48e6-b571-382f12ec755c ce632d76966a4c36b373021fa2dac8d0 f3b2c4eeb3ee4a1b93fb1c15ccb58fd0 - - default default] 10.0.0.167 "GET /v2.0/subnets HTTP/1.1" status: 200 len: 1484 time: 0.0217762
2026-05-07 04:29:35.511 9 INFO neutron.api.wsgi [None req-10adf09f-c498-49dd-af36-94e193a7de42 ce632d76966a4c36b373021fa2dac8d0 f3b2c4eeb3ee4a1b93fb1c15ccb58fd0 - - default default] 10.0.0.167 "GET /v2.0/ports HTTP/1.1" status: 200 len: 5347 time: 0.0328221
2026-05-07 04:29:35.524 9 INFO neutron.api.wsgi [None req-9ad0bf49-4ba0-4e95-b876-471d983921a5 ce632d76966a4c36b373021fa2dac8d0 f3b2c4eeb3ee4a1b93fb1c15ccb58fd0 - - default default] 10.0.0.167 "GET /v2.0/network-ip-availabilities HTTP/1.1" status: 200 len: 1280 time: 0.0087838
2026-05-07 04:29:35.556 9 INFO neutron.api.wsgi [None req-a0371156-1927-45ad-9c9c-e0e36f066364 ce632d76966a4c36b373021fa2dac8d0 f3b2c4eeb3ee4a1b93fb1c15ccb58fd0 - - default default] 10.0.0.167 "GET /v2.0/subnets HTTP/1.1" status: 200 len: 1484 time: 0.0317113
2026-05-07 04:29:35.565 9 INFO neutron.api.wsgi [None req-314a6fd2-0e25-4d9b-8c1d-5cd0e6f7e11d ce632d76966a4c36b373021fa2dac8d0 f3b2c4eeb3ee4a1b93fb1c15ccb58fd0 - - default default] 10.0.0.167 "GET /v2.0/subnetpools HTTP/1.1" status: 200 len: 193 time: 0.0072751
2026-05-07 04:29:35.634 9 INFO neutron.api.wsgi [None req-f9be89ee-ccfa-4097-a602-4a4e1cbc928c ce632d76966a4c36b373021fa2dac8d0 f3b2c4eeb3ee4a1b93fb1c15ccb58fd0 - - default default] 10.0.0.167 "GET /v2.0/networks HTTP/1.1" status: 200 len: 2350 time: 0.0675356
2026-05-07 04:29:35.669 9 INFO neutron.api.wsgi [None req-e28add85-5619-46c0-b5de-ac0bf11f17fe ce632d76966a4c36b373021fa2dac8d0 f3b2c4eeb3ee4a1b93fb1c15ccb58fd0 - - default default] 10.0.0.167 "GET /v2.0/security-groups HTTP/1.1" status: 200 len: 17574 time: 0.0331700
2026-05-07 04:29:40.340 9 INFO neutron.api.wsgi [-] 10.0.0.116 "GET / HTTP/1.1" status: 200 len: 247 time: 0.0025942
2026-05-07 04:29:40.340 10 INFO neutron.api.wsgi [-] 10.0.0.116 "GET / HTTP/1.1" status: 200 len: 247 time: 0.0025504
2026-05-07 04:29:55.341 9 INFO neutron.api.wsgi [-] 10.0.0.116 "GET / HTTP/1.1" status: 200 len: 247 time: 0.0025027
2026-05-07 04:29:55.341 10 INFO neutron.api.wsgi [-] 10.0.0.116 "GET / HTTP/1.1" status: 200 len: 247 time: 0.0025873
2026-05-07 04:30:10.341 10 INFO neutron.api.wsgi [-] 10.0.0.116 "GET / HTTP/1.1" status: 200 len: 247 time: 0.0026784
2026-05-07 04:30:10.344 10 INFO neutron.api.wsgi [-] 10.0.0.116 "GET / HTTP/1.1" status: 200 len: 247 time: 0.0020916
2026-05-07 04:30:25.339 10 INFO neutron.api.wsgi [-] 10.0.0.116 "GET / HTTP/1.1" status: 200 len: 247 time: 0.0016954
2026-05-07 04:30:25.341 9 INFO neutron.api.wsgi [-] 10.0.0.116 "GET / HTTP/1.1" status: 200 len: 247 time: 0.0036013
2026-05-07 04:30:35.348 9 INFO neutron.api.wsgi [None req-ebc47f5c-66a9-4002-affc-dff967a2b2bf ce632d76966a4c36b373021fa2dac8d0 f3b2c4eeb3ee4a1b93fb1c15ccb58fd0 - - default default] 10.0.0.167 "GET /v2.0/agents HTTP/1.1" status: 200 len: 1390 time: 0.0870733
2026-05-07 04:30:35.377 9 INFO neutron.api.wsgi [None req-c6d196bb-4355-4b06-b7c1-434e0c13819b ce632d76966a4c36b373021fa2dac8d0 f3b2c4eeb3ee4a1b93fb1c15ccb58fd0 - - default default] 10.0.0.167 "GET /v2.0/subnets HTTP/1.1" status: 200 len: 1484 time: 0.0277438
2026-05-07 04:30:35.385 9 INFO neutron.api.wsgi [None req-9eaa200d-283e-42d6-9c26-d6a4d04590cf ce632d76966a4c36b373021fa2dac8d0 f3b2c4eeb3ee4a1b93fb1c15ccb58fd0 - - default default] 10.0.0.167 "GET /v2.0/subnetpools HTTP/1.1" status: 200 len: 193 time: 0.0073109
2026-05-07 04:30:35.401 9 INFO neutron.api.wsgi [None req-d0da46a6-01fb-459c-a427-210afdead9a1 ce632d76966a4c36b373021fa2dac8d0 f3b2c4eeb3ee4a1b93fb1c15ccb58fd0 - - default default] 10.0.0.167 "GET /v2.0/floatingips HTTP/1.1" status: 200 len: 193 time: 0.0148230
2026-05-07 04:30:35.451 9 INFO neutron.api.wsgi [None req-53973b27-e43c-42d3-86a9-a1a433a3faf9 ce632d76966a4c36b373021fa2dac8d0 f3b2c4eeb3ee4a1b93fb1c15ccb58fd0 - - default default] 10.0.0.167 "GET /v2.0/networks HTTP/1.1" status: 200 len: 2350 time: 0.0501935
2026-05-07 04:30:35.489 9 INFO neutron.api.wsgi [None req-941aeb1c-7dce-4322-a4ab-36d53a95da5f ce632d76966a4c36b373021fa2dac8d0 f3b2c4eeb3ee4a1b93fb1c15ccb58fd0 - - default default] 10.0.0.167 "GET /v2.0/security-groups HTTP/1.1" status: 200 len: 17574 time: 0.0358579
2026-05-07 04:30:35.528 9 INFO neutron.api.wsgi [None req-7e108408-a355-4a31-9dba-81a614b8f70e ce632d76966a4c36b373021fa2dac8d0 f3b2c4eeb3ee4a1b93fb1c15ccb58fd0 - - default default] 10.0.0.167 "GET /v2.0/subnets HTTP/1.1" status: 200 len: 1484 time: 0.0337884
2026-05-07 04:30:35.572 9 INFO neutron.api.wsgi [None req-5bc5c8a0-e119-4943-a35a-00a77d8d0212 ce632d76966a4c36b373021fa2dac8d0 f3b2c4eeb3ee4a1b93fb1c15ccb58fd0 - - default default] 10.0.0.167 "GET /v2.0/ports HTTP/1.1" status: 200 len: 5347 time: 0.0405269
2026-05-07 04:30:35.595 9 INFO neutron.api.wsgi [None req-68782341-583f-4624-99ca-bf4ed4608a04 ce632d76966a4c36b373021fa2dac8d0 f3b2c4eeb3ee4a1b93fb1c15ccb58fd0 - - default default] 10.0.0.167 "GET /v2.0/routers HTTP/1.1" status: 200 len: 189 time: 0.0188611
2026-05-07 04:30:35.607 9 INFO neutron.api.wsgi [None req-f3fbd7a4-c0c3-4b97-895a-b3415155994f ce632d76966a4c36b373021fa2dac8d0 f3b2c4eeb3ee4a1b93fb1c15ccb58fd0 - - default default] 10.0.0.167 "GET /v2.0/agents?binary=ovn-controller HTTP/1.1" status: 200 len: 591 time: 0.0111759
2026-05-07 04:30:35.623 9 INFO neutron.api.wsgi [None req-f3150ff6-0603-4c79-86dc-380f88a561ac ce632d76966a4c36b373021fa2dac8d0 f3b2c4eeb3ee4a1b93fb1c15ccb58fd0 - - default default] 10.0.0.167 "GET /v2.0/network-ip-availabilities HTTP/1.1" status: 200 len: 1280 time: 0.0152524
2026-05-07 04:30:40.341 9 INFO neutron.api.wsgi [-] 10.0.0.116 "GET / HTTP/1.1" status: 200 len: 247 time: 0.0025198
2026-05-07 04:30:40.344 9 INFO neutron.api.wsgi [-] 10.0.0.116 "GET / HTTP/1.1" status: 200 len: 247 time: 0.0027578
2026-05-07 04:30:55.340 9 INFO neutron.api.wsgi [-] 10.0.0.116 "GET / HTTP/1.1" status: 200 len: 247 time: 0.0020387
2026-05-07 04:30:55.341 10 INFO neutron.api.wsgi [-] 10.0.0.116 "GET / HTTP/1.1" status: 200 len: 247 time: 0.0028577
2026-05-07 04:31:10.341 10 INFO neutron.api.wsgi [-] 10.0.0.116 "GET / HTTP/1.1" status: 200 len: 247 time: 0.0027492
2026-05-07 04:31:10.344 10 INFO neutron.api.wsgi [-] 10.0.0.116 "GET / HTTP/1.1" status: 200 len: 247 time: 0.0028911
2026-05-07 04:31:25.341 9 INFO neutron.api.wsgi [-] 10.0.0.116 "GET / HTTP/1.1" status: 200 len: 247 time: 0.0025773
2026-05-07 04:31:25.345 9 INFO neutron.api.wsgi [-] 10.0.0.116 "GET / HTTP/1.1" status: 200 len: 247 time: 0.0028448
2026-05-07 04:31:35.312 9 INFO neutron.api.wsgi [None req-d2e4b250-7dae-4bcf-a436-b7595b06efc4 ce632d76966a4c36b373021fa2dac8d0 f3b2c4eeb3ee4a1b93fb1c15ccb58fd0 - - default default] 10.0.0.167 "GET /v2.0/floatingips HTTP/1.1" status: 200 len: 193 time: 0.0534945
2026-05-07 04:31:35.352 9 INFO neutron.api.wsgi [None req-c0434ac1-fc5e-4dad-afb8-3ea2e9b87d72 ce632d76966a4c36b373021fa2dac8d0 f3b2c4eeb3ee4a1b93fb1c15ccb58fd0 - - default default] 10.0.0.167 "GET /v2.0/networks HTTP/1.1" status: 200 len: 2350 time: 0.0391889
2026-05-07 04:31:35.381 9 INFO neutron.api.wsgi [None req-d82712aa-4a84-46ad-85e7-80e7f8f04c28 ce632d76966a4c36b373021fa2dac8d0 f3b2c4eeb3ee4a1b93fb1c15ccb58fd0 - - default default] 10.0.0.167 "GET /v2.0/subnets HTTP/1.1" status: 200 len: 1484 time: 0.0268526
2026-05-07 04:31:35.419 9 INFO neutron.api.wsgi [None req-72e444cc-45f0-48fa-8624-46f492143e7f ce632d76966a4c36b373021fa2dac8d0 f3b2c4eeb3ee4a1b93fb1c15ccb58fd0 - - default default] 10.0.0.167 "GET /v2.0/security-groups HTTP/1.1" status: 200 len: 17574 time: 0.0372803
2026-05-07 04:31:35.445 9 INFO neutron.api.wsgi [None req-64fa2dfb-ea29-4408-85f4-50fee563ead9 ce632d76966a4c36b373021fa2dac8d0 f3b2c4eeb3ee4a1b93fb1c15ccb58fd0 - - default default] 10.0.0.167 "GET /v2.0/network-ip-availabilities HTTP/1.1" status: 200 len: 1280 time: 0.0116050
2026-05-07 04:31:35.457 9 INFO neutron.api.wsgi [None req-1ae23d94-0f5c-49e2-a8ff-a94c3a71ead1 ce632d76966a4c36b373021fa2dac8d0 f3b2c4eeb3ee4a1b93fb1c15ccb58fd0 - - default default] 10.0.0.167 "GET /v2.0/routers HTTP/1.1" status: 200 len: 189 time: 0.0105588
2026-05-07 04:31:35.479 9 INFO neutron.api.wsgi [None req-09b3b099-4228-4587-829a-2bdf468a2074 ce632d76966a4c36b373021fa2dac8d0 f3b2c4eeb3ee4a1b93fb1c15ccb58fd0 - - default default] 10.0.0.167 "GET /v2.0/agents?binary=ovn-controller HTTP/1.1" status: 200 len: 591 time: 0.0213890
2026-05-07 04:31:35.487 9 INFO neutron.api.wsgi [None req-5dc885b6-45db-4ffd-b355-0fd4f5fe72da ce632d76966a4c36b373021fa2dac8d0 f3b2c4eeb3ee4a1b93fb1c15ccb58fd0 - - default default] 10.0.0.167 "GET /v2.0/agents HTTP/1.1" status: 200 len: 1390 time: 0.0074449
2026-05-07 04:31:35.507 9 INFO neutron.api.wsgi [None req-cb9d4f3b-be0b-49cc-8583-21d9624295ab ce632d76966a4c36b373021fa2dac8d0 f3b2c4eeb3ee4a1b93fb1c15ccb58fd0 - - default default] 10.0.0.167 "GET /v2.0/subnets HTTP/1.1" status: 200 len: 1484 time: 0.0198588
2026-05-07 04:31:35.525 9 INFO neutron.api.wsgi [None req-21a803e5-b5d3-49ac-b175-44b52b90c83f ce632d76966a4c36b373021fa2dac8d0 f3b2c4eeb3ee4a1b93fb1c15ccb58fd0 - - default default] 10.0.0.167 "GET /v2.0/subnetpools HTTP/1.1" status: 200 len: 193 time: 0.0161257
2026-05-07 04:31:35.568 9 INFO neutron.api.wsgi [None req-75038950-828f-4d33-a940-7a5fe9d71539 ce632d76966a4c36b373021fa2dac8d0 f3b2c4eeb3ee4a1b93fb1c15ccb58fd0 - - default default] 10.0.0.167 "GET /v2.0/ports HTTP/1.1" status: 200 len: 5347 time: 0.0428433
2026-05-07 04:31:40.112 9 INFO neutron.pecan_wsgi.hooks.translation [None req-84dd31f1-0652-4e23-bbca-51a732b9fe98 ce632d76966a4c36b373021fa2dac8d0 f3b2c4eeb3ee4a1b93fb1c15ccb58fd0 - - default default] GET failed (client error): The resource could not be found.
2026-05-07 04:31:40.113 9 INFO neutron.api.wsgi [None req-84dd31f1-0652-4e23-bbca-51a732b9fe98 ce632d76966a4c36b373021fa2dac8d0 f3b2c4eeb3ee4a1b93fb1c15ccb58fd0 - - default default] 199.19.213.105,10.0.0.116 "GET /v2.0/networks/public HTTP/1.1" status: 404 len: 290 time: 0.0407352
2026-05-07 04:31:40.153 9 INFO neutron.api.wsgi [None req-6dc15c34-a721-4a5a-8ba2-ea59e597e71f ce632d76966a4c36b373021fa2dac8d0 f3b2c4eeb3ee4a1b93fb1c15ccb58fd0 - - default default] 199.19.213.105,10.0.0.116 "GET /v2.0/networks?name=public HTTP/1.1" status: 200 len: 928 time: 0.0369098
2026-05-07 04:31:40.339 10 INFO neutron.api.wsgi [-] 10.0.0.116 "GET / HTTP/1.1" status: 200 len: 247 time: 0.0015316
2026-05-07 04:31:40.339 9 INFO neutron.api.wsgi [-] 10.0.0.116 "GET / HTTP/1.1" status: 200 len: 247 time: 0.0019269
2026-05-07 04:31:41.427 9 INFO neutron.pecan_wsgi.hooks.translation [None req-e51a4f8a-2576-4a98-9bfc-f744322512ee ce632d76966a4c36b373021fa2dac8d0 f3b2c4eeb3ee4a1b93fb1c15ccb58fd0 - - default default] GET failed (client error): The resource could not be found.
2026-05-07 04:31:41.428 9 INFO neutron.api.wsgi [None req-e51a4f8a-2576-4a98-9bfc-f744322512ee ce632d76966a4c36b373021fa2dac8d0 f3b2c4eeb3ee4a1b93fb1c15ccb58fd0 - - default default] 199.19.213.105,10.0.0.116 "GET /v2.0/networks/public HTTP/1.1" status: 404 len: 290 time: 0.0418415
2026-05-07 04:31:41.482 9 INFO neutron.api.wsgi [None req-17e5d3ec-7ea8-4fb2-8e02-b12e0a5e48d2 ce632d76966a4c36b373021fa2dac8d0 f3b2c4eeb3ee4a1b93fb1c15ccb58fd0 - - default default] 199.19.213.105,10.0.0.116 "GET /v2.0/networks?name=public HTTP/1.1" status: 200 len: 928 time: 0.0500996
2026-05-07 04:31:41.499 9 INFO neutron.pecan_wsgi.hooks.translation [None req-7d21bda2-be95-4501-905f-a3f054b56fc3 ce632d76966a4c36b373021fa2dac8d0 f3b2c4eeb3ee4a1b93fb1c15ccb58fd0 - - default default] GET failed (client error): The resource could not be found.
2026-05-07 04:31:41.502 9 INFO neutron.api.wsgi [None req-7d21bda2-be95-4501-905f-a3f054b56fc3 ce632d76966a4c36b373021fa2dac8d0 f3b2c4eeb3ee4a1b93fb1c15ccb58fd0 - - default default] 199.19.213.105,10.0.0.116 "GET /v2.0/subnets/public-subnet?network_id=bb2502a7-810e-44b0-bf54-9c9da8f1d864 HTTP/1.1" status: 404 len: 295 time: 0.0130780
2026-05-07 04:31:41.526 9 INFO neutron.api.wsgi [None req-5dc2e121-3466-452a-abf8-4804ac9b781a ce632d76966a4c36b373021fa2dac8d0 f3b2c4eeb3ee4a1b93fb1c15ccb58fd0 - - default default] 199.19.213.105,10.0.0.116 "GET /v2.0/subnets?name=public-subnet&network_id=bb2502a7-810e-44b0-bf54-9c9da8f1d864 HTTP/1.1" status: 200 len: 842 time: 0.0207698
2026-05-07 04:31:55.340 10 INFO neutron.api.wsgi [-] 10.0.0.116 "GET / HTTP/1.1" status: 200 len: 247 time: 0.0015135
2026-05-07 04:31:55.341 9 INFO neutron.api.wsgi [-] 10.0.0.116 "GET / HTTP/1.1" status: 200 len: 247 time: 0.0029910
2026-05-07 04:32:10.188 9 INFO neutron.pecan_wsgi.hooks.translation [None req-270f11e9-06de-4b46-b111-e88836b0e89a ce632d76966a4c36b373021fa2dac8d0 f3b2c4eeb3ee4a1b93fb1c15ccb58fd0 - - default default] GET failed (client error): The resource could not be found.
2026-05-07 04:32:10.189 9 INFO neutron.api.wsgi [None req-270f11e9-06de-4b46-b111-e88836b0e89a ce632d76966a4c36b373021fa2dac8d0 f3b2c4eeb3ee4a1b93fb1c15ccb58fd0 - - default default] 199.19.213.105,10.0.0.116 "GET /v2.0/networks/lb-mgmt-net HTTP/1.1" status: 404 len: 295 time: 0.0510225
2026-05-07 04:32:10.232 9 INFO neutron.api.wsgi [None req-dda82ce1-e16b-45fa-991e-1682be38bafa ce632d76966a4c36b373021fa2dac8d0 f3b2c4eeb3ee4a1b93fb1c15ccb58fd0 - - default default] 199.19.213.105,10.0.0.116 "GET /v2.0/networks?name=lb-mgmt-net HTTP/1.1" status: 200 len: 913 time: 0.0383832
2026-05-07 04:32:10.341 10 INFO neutron.api.wsgi [-] 10.0.0.116 "GET / HTTP/1.1" status: 200 len: 247 time: 0.0034261
2026-05-07 04:32:10.344 10 INFO neutron.api.wsgi [-] 10.0.0.116 "GET / HTTP/1.1" status: 200 len: 247 time: 0.0019796
2026-05-07 04:32:11.231 9 INFO neutron.pecan_wsgi.hooks.translation [None req-a07f0a35-e3b1-48fa-b353-08ef526355f5 ce632d76966a4c36b373021fa2dac8d0 f3b2c4eeb3ee4a1b93fb1c15ccb58fd0 - - default default] GET failed (client error): The resource could not be found.
2026-05-07 04:32:11.232 9 INFO neutron.api.wsgi [None req-a07f0a35-e3b1-48fa-b353-08ef526355f5 ce632d76966a4c36b373021fa2dac8d0 f3b2c4eeb3ee4a1b93fb1c15ccb58fd0 - - default default] 199.19.213.105,10.0.0.116 "GET /v2.0/networks/lb-mgmt-net HTTP/1.1" status: 404 len: 295 time: 0.0571260
2026-05-07 04:32:11.276 9 INFO neutron.api.wsgi [None req-d122b604-c27f-43bb-9278-7641ed850181 ce632d76966a4c36b373021fa2dac8d0 f3b2c4eeb3ee4a1b93fb1c15ccb58fd0 - - default default] 199.19.213.105,10.0.0.116 "GET /v2.0/networks?name=lb-mgmt-net HTTP/1.1" status: 200 len: 913 time: 0.0390012
2026-05-07 04:32:11.297 9 INFO neutron.pecan_wsgi.hooks.translation [None req-09ecc275-895f-4234-af5e-f32de6fa5354 ce632d76966a4c36b373021fa2dac8d0 f3b2c4eeb3ee4a1b93fb1c15ccb58fd0 - - default default] GET failed (client error): The resource could not be found.
2026-05-07 04:32:11.298 9 INFO neutron.api.wsgi [None req-09ecc275-895f-4234-af5e-f32de6fa5354 ce632d76966a4c36b373021fa2dac8d0 f3b2c4eeb3ee4a1b93fb1c15ccb58fd0 - - default default] 199.19.213.105,10.0.0.116 "GET /v2.0/subnets/lb-mgmt-subnet?network_id=299917fd-b2c2-430a-8e0e-5016d8b9486e HTTP/1.1" status: 404 len: 296 time: 0.0120714
2026-05-07 04:32:11.328 9 INFO neutron.api.wsgi [None req-086c4f50-1223-44d5-9bc4-b2d573891a4d ce632d76966a4c36b373021fa2dac8d0 f3b2c4eeb3ee4a1b93fb1c15ccb58fd0 - - default default] 199.19.213.105,10.0.0.116 "GET /v2.0/subnets?name=lb-mgmt-subnet&network_id=299917fd-b2c2-430a-8e0e-5016d8b9486e HTTP/1.1" status: 200 len: 829 time: 0.0265713
2026-05-07 04:32:12.550 9 INFO neutron.api.v2.resource [None req-b1d98bd9-a5c2-48fd-acbb-499070718486 ce632d76966a4c36b373021fa2dac8d0 f3b2c4eeb3ee4a1b93fb1c15ccb58fd0 - - default default] show failed (client error): The resource could not be found.
2026-05-07 04:32:12.551 9 INFO neutron.api.wsgi [None req-b1d98bd9-a5c2-48fd-acbb-499070718486 ce632d76966a4c36b373021fa2dac8d0 f3b2c4eeb3ee4a1b93fb1c15ccb58fd0 - - default default] 199.19.213.105,10.0.0.116 "GET /v2.0/security-groups/lb-health-mgr-sec-grp HTTP/1.1" status: 404 len: 313 time: 0.0464542
2026-05-07 04:32:12.593 9 INFO neutron.api.wsgi [None req-6829d2b0-7b38-4039-86cc-cfafbfd640be ce632d76966a4c36b373021fa2dac8d0 f3b2c4eeb3ee4a1b93fb1c15ccb58fd0 - - default default] 199.19.213.105,10.0.0.116 "GET /v2.0/security-groups?name=lb-health-mgr-sec-grp HTTP/1.1" status: 200 len: 4866 time: 0.0340455
2026-05-07 04:32:13.828 9 INFO neutron.api.wsgi [None req-d7e95704-a583-4fca-8f1c-f64d8c6ee5c0 ce632d76966a4c36b373021fa2dac8d0 f3b2c4eeb3ee4a1b93fb1c15ccb58fd0 - - default default] 199.19.213.105,10.0.0.116 "GET /v2.0/security-groups/334ba305-e89a-48e1-8281-48c8d494c4da HTTP/1.1" status: 200 len: 4870 time: 0.0615954
2026-05-07 04:32:13.868 9 INFO neutron.api.wsgi [None req-f82c0157-4099-4d0a-966b-610d6858950a ce632d76966a4c36b373021fa2dac8d0 f3b2c4eeb3ee4a1b93fb1c15ccb58fd0 - - default default] 199.19.213.105,10.0.0.116 "GET /v2.0/security-groups/334ba305-e89a-48e1-8281-48c8d494c4da HTTP/1.1" status: 200 len: 4870 time: 0.0317459
2026-05-07 04:32:13.887 9 INFO neutron.api.wsgi [None req-e69915b9-d8ba-4205-bea3-ec41e1e68267 ce632d76966a4c36b373021fa2dac8d0 f3b2c4eeb3ee4a1b93fb1c15ccb58fd0 - - default default] 199.19.213.105,10.0.0.116 "GET /v2.0/security-group-rules/aa573f6c-f9b0-4979-89a6-2e26be869653 HTTP/1.1" status: 200 len: 776 time: 0.0119646
2026-05-07 04:32:14.777 9 INFO neutron.api.wsgi [None req-01c438ef-63b0-43f0-9639-af1ea2f8ce0c ce632d76966a4c36b373021fa2dac8d0 f3b2c4eeb3ee4a1b93fb1c15ccb58fd0 - - default default] 199.19.213.105,10.0.0.116 "GET /v2.0/security-groups/334ba305-e89a-48e1-8281-48c8d494c4da HTTP/1.1" status: 200 len: 4870 time: 0.0653329
2026-05-07 04:32:14.814 9 INFO neutron.api.wsgi [None req-c107da2f-51d5-434c-83e8-50ae92d337b6 ce632d76966a4c36b373021fa2dac8d0 f3b2c4eeb3ee4a1b93fb1c15ccb58fd0 - - default default] 199.19.213.105,10.0.0.116 "GET /v2.0/security-groups/334ba305-e89a-48e1-8281-48c8d494c4da HTTP/1.1" status: 200 len: 4870 time: 0.0292904
2026-05-07 04:32:14.840 9 INFO neutron.api.wsgi [None req-062f138a-4753-403c-8634-2c14c839dfb5 ce632d76966a4c36b373021fa2dac8d0 f3b2c4eeb3ee4a1b93fb1c15ccb58fd0 - - default default] 199.19.213.105,10.0.0.116 "GET /v2.0/security-group-rules/52410f9f-faa2-424b-b52e-f8972c9287bc HTTP/1.1" status: 200 len: 778 time: 0.0184076
2026-05-07 04:32:15.715 9 INFO neutron.api.wsgi [None req-32bc5eab-963c-40dc-92be-9d82145ba026 ce632d76966a4c36b373021fa2dac8d0 f3b2c4eeb3ee4a1b93fb1c15ccb58fd0 - - default default] 199.19.213.105,10.0.0.116 "GET /v2.0/security-groups/334ba305-e89a-48e1-8281-48c8d494c4da HTTP/1.1" status: 200 len: 4870 time: 0.0642686
2026-05-07 04:32:15.762 9 INFO neutron.api.wsgi [None req-df7cf8d6-a042-4b8a-a117-895ca940ca08 ce632d76966a4c36b373021fa2dac8d0 f3b2c4eeb3ee4a1b93fb1c15ccb58fd0 - - default default] 199.19.213.105,10.0.0.116 "GET /v2.0/security-groups/334ba305-e89a-48e1-8281-48c8d494c4da HTTP/1.1" status: 200 len: 4870 time: 0.0393493
2026-05-07 04:32:15.783 9 INFO neutron.api.wsgi [None req-21371da4-dace-42cb-9162-740a08f383ee ce632d76966a4c36b373021fa2dac8d0 f3b2c4eeb3ee4a1b93fb1c15ccb58fd0 - - default default] 199.19.213.105,10.0.0.116 "GET /v2.0/security-group-rules/e497112c-3f20-46fb-9b70-176dd0d7ab8e HTTP/1.1" status: 200 len: 778 time: 0.0157931
2026-05-07 04:32:16.659 9 INFO neutron.api.wsgi [None req-4981b992-ab33-4941-a662-b7fe49297084 ce632d76966a4c36b373021fa2dac8d0 f3b2c4eeb3ee4a1b93fb1c15ccb58fd0 - - default default] 199.19.213.105,10.0.0.116 "GET /v2.0/security-groups/334ba305-e89a-48e1-8281-48c8d494c4da HTTP/1.1" status: 200 len: 4870 time: 0.0643113
2026-05-07 04:32:16.694 9 INFO neutron.api.wsgi [None req-03b6e7f3-3558-4491-a16b-a5110cc9aeca ce632d76966a4c36b373021fa2dac8d0 f3b2c4eeb3ee4a1b93fb1c15ccb58fd0 - - default default] 199.19.213.105,10.0.0.116 "GET /v2.0/security-groups/334ba305-e89a-48e1-8281-48c8d494c4da HTTP/1.1" status: 200 len: 4870 time: 0.0303965
2026-05-07 04:32:16.716 9 INFO neutron.api.wsgi [None req-4a673d10-18e2-4236-878b-529fc498efd7 ce632d76966a4c36b373021fa2dac8d0 f3b2c4eeb3ee4a1b93fb1c15ccb58fd0 - - default default] 199.19.213.105,10.0.0.116 "GET /v2.0/security-group-rules/f82e8578-16b4-40ad-8c13-324bfb867356 HTTP/1.1" status: 200 len: 778 time: 0.0125561
2026-05-07 04:32:17.636 9 INFO neutron.api.wsgi [None req-c3d5b444-03d2-41cd-8247-5ce570c25854 ce632d76966a4c36b373021fa2dac8d0 f3b2c4eeb3ee4a1b93fb1c15ccb58fd0 - - default default] 199.19.213.105,10.0.0.116 "GET /v2.0/security-groups/334ba305-e89a-48e1-8281-48c8d494c4da HTTP/1.1" status: 200 len: 4870 time: 0.0576904
2026-05-07 04:32:17.674 9 INFO neutron.api.wsgi [None req-073e57d4-62c4-4dd0-964b-920691f64c2b ce632d76966a4c36b373021fa2dac8d0 f3b2c4eeb3ee4a1b93fb1c15ccb58fd0 - - default default] 199.19.213.105,10.0.0.116 "GET /v2.0/security-groups/334ba305-e89a-48e1-8281-48c8d494c4da HTTP/1.1" status: 200 len: 4870 time: 0.0301270
2026-05-07 04:32:17.692 9 INFO neutron.api.wsgi [None req-092fff9f-a391-42df-8c7c-f3fedde28ef5 ce632d76966a4c36b373021fa2dac8d0 f3b2c4eeb3ee4a1b93fb1c15ccb58fd0 - - default default] 199.19.213.105,10.0.0.116 "GET /v2.0/security-group-rules/cf1d3702-bec2-4051-a831-18ea9cdb3c73 HTTP/1.1" status: 200 len: 778 time: 0.0122042
2026-05-07 04:32:18.998 9 INFO neutron.api.wsgi [None req-b83d10e1-c64b-4889-89ca-723f9d7d1b20 ce632d76966a4c36b373021fa2dac8d0 f3b2c4eeb3ee4a1b93fb1c15ccb58fd0 - - default default] 199.19.213.105,10.0.0.116 "GET /v2.0/networks/299917fd-b2c2-430a-8e0e-5016d8b9486e HTTP/1.1" status: 200 len: 910 time: 0.0734081
2026-05-07 04:32:19.022 9 INFO neutron.pecan_wsgi.hooks.translation [None req-6d3b100e-4e84-49aa-b0a6-f7519548636a ce632d76966a4c36b373021fa2dac8d0 f3b2c4eeb3ee4a1b93fb1c15ccb58fd0 - - default default] GET failed (client error): The resource could not be found.
2026-05-07 04:32:19.023 9 INFO neutron.api.wsgi [None req-6d3b100e-4e84-49aa-b0a6-f7519548636a ce632d76966a4c36b373021fa2dac8d0 f3b2c4eeb3ee4a1b93fb1c15ccb58fd0 - - default default] 199.19.213.105,10.0.0.116 "GET /v2.0/ports/octavia-health-manager-port-instance?network_id=299917fd-b2c2-430a-8e0e-5016d8b9486e HTTP/1.1" status: 404 len: 314 time: 0.0184367
2026-05-07 04:32:19.066 9 INFO neutron.api.wsgi [None req-4df9d750-3750-4d36-825f-5db14a07c767 ce632d76966a4c36b373021fa2dac8d0 f3b2c4eeb3ee4a1b93fb1c15ccb58fd0 - - default default] 199.19.213.105,10.0.0.116 "GET /v2.0/ports?name=octavia-health-manager-port-instance&network_id=299917fd-b2c2-430a-8e0e-5016d8b9486e HTTP/1.1" status: 200 len: 1395 time: 0.0399253
2026-05-07 04:32:19.210 9 INFO neutron.api.wsgi [None req-dfdfcc13-4635-4f91-8b78-a78c6bd9eb82 ce632d76966a4c36b373021fa2dac8d0 f3b2c4eeb3ee4a1b93fb1c15ccb58fd0 - - default default] 199.19.213.105,10.0.0.116 "GET /v2.0/security-groups/334ba305-e89a-48e1-8281-48c8d494c4da HTTP/1.1" status: 200 len: 4870 time: 0.1352162
2026-05-07 04:32:25.339 10 INFO neutron.api.wsgi [-] 10.0.0.116 "GET / HTTP/1.1" status: 200 len: 247 time: 0.0017512
2026-05-07 04:32:25.340 9 INFO neutron.api.wsgi [-] 10.0.0.116 "GET / HTTP/1.1" status: 200 len: 247 time: 0.0025625
2026-05-07 04:32:26.323 9 INFO neutron.pecan_wsgi.hooks.translation [None req-47b1c527-aa8c-408e-a793-75f3d5c8fea0 ce632d76966a4c36b373021fa2dac8d0 f3b2c4eeb3ee4a1b93fb1c15ccb58fd0 - - default default] GET failed (client error): The resource could not be found.
2026-05-07 04:32:26.324 9 INFO neutron.api.wsgi [None req-47b1c527-aa8c-408e-a793-75f3d5c8fea0 ce632d76966a4c36b373021fa2dac8d0 f3b2c4eeb3ee4a1b93fb1c15ccb58fd0 - - default default] 199.19.213.105,10.0.0.116 "GET /v2.0/ports/octavia-health-manager-port-instance HTTP/1.1" status: 404 len: 314 time: 0.0463400
2026-05-07 04:32:26.355 9 INFO neutron.api.wsgi [None req-05b8c5b3-5835-47d8-b033-131b12c4da02 ce632d76966a4c36b373021fa2dac8d0 f3b2c4eeb3ee4a1b93fb1c15ccb58fd0 - - default default] 199.19.213.105,10.0.0.116 "GET /v2.0/ports?name=octavia-health-manager-port-instance HTTP/1.1" status: 200 len: 1395 time: 0.0273426
2026-05-07 04:32:27.806 9 INFO neutron.api.wsgi [None req-7e6e450a-cfb5-463c-964f-1049c314cf67 ce632d76966a4c36b373021fa2dac8d0 f3b2c4eeb3ee4a1b93fb1c15ccb58fd0 - - default default] 199.19.213.105,10.0.0.116 "GET /v2.0/ports HTTP/1.1" status: 200 len: 5347 time: 0.0720880
2026-05-07 04:32:28.864 9 INFO neutron.api.v2.resource [None req-17e5ab6f-f8e8-419a-a7c5-fa171d2cc96f ce632d76966a4c36b373021fa2dac8d0 f3b2c4eeb3ee4a1b93fb1c15ccb58fd0 - - default default] show failed (client error): The resource could not be found.
2026-05-07 04:32:28.865 9 INFO neutron.api.wsgi [None req-17e5ab6f-f8e8-419a-a7c5-fa171d2cc96f ce632d76966a4c36b373021fa2dac8d0 f3b2c4eeb3ee4a1b93fb1c15ccb58fd0 - - default default] 199.19.213.105,10.0.0.116 "GET /v2.0/security-groups/lb-mgmt-sec-grp HTTP/1.1" status: 404 len: 307 time: 0.0389051
2026-05-07 04:32:28.896 9 INFO neutron.api.wsgi [None req-3fea6992-7f58-4765-ab5c-db4dc169e5c5 ce632d76966a4c36b373021fa2dac8d0 f3b2c4eeb3ee4a1b93fb1c15ccb58fd0 - - default default] 199.19.213.105,10.0.0.116 "GET /v2.0/security-groups?name=lb-mgmt-sec-grp HTTP/1.1" status: 200 len: 3057 time: 0.0283792
2026-05-07 04:32:29.920 9 INFO neutron.api.wsgi [None req-06cdaa56-41b6-4843-b325-02abd7eb6c68 ce632d76966a4c36b373021fa2dac8d0 f3b2c4eeb3ee4a1b93fb1c15ccb58fd0 - - default default] 199.19.213.105,10.0.0.116 "GET /v2.0/security-groups/024f2f9b-e5c4-4723-b22c-9e94206db812 HTTP/1.1" status: 200 len: 3058 time: 0.0655024
2026-05-07 04:32:29.949 9 INFO neutron.api.wsgi [None req-07dba650-c9fb-4848-a13c-ab4f787ccb06 ce632d76966a4c36b373021fa2dac8d0 f3b2c4eeb3ee4a1b93fb1c15ccb58fd0 - - default default] 199.19.213.105,10.0.0.116 "GET /v2.0/security-groups/024f2f9b-e5c4-4723-b22c-9e94206db812 HTTP/1.1" status: 200 len: 3058 time: 0.0237584
2026-05-07 04:32:29.970 9 INFO neutron.api.wsgi [None req-1f4532b9-dfbb-45b1-b923-df776f7b0f87 ce632d76966a4c36b373021fa2dac8d0 f3b2c4eeb3ee4a1b93fb1c15ccb58fd0 - - default default] 199.19.213.105,10.0.0.116 "GET /v2.0/security-group-rules/b835bda9-bc0c-4c4a-a617-8aedd66fc516 HTTP/1.1" status: 200 len: 796 time: 0.0130692
2026-05-07 04:32:30.845 9 INFO neutron.api.wsgi [None req-86d0e19c-c329-415e-af84-27b2f7d791b9 ce632d76966a4c36b373021fa2dac8d0 f3b2c4eeb3ee4a1b93fb1c15ccb58fd0 - - default default] 199.19.213.105,10.0.0.116 "GET /v2.0/security-groups/024f2f9b-e5c4-4723-b22c-9e94206db812 HTTP/1.1" status: 200 len: 3058 time: 0.0541117
2026-05-07 04:32:30.881 9 INFO neutron.api.wsgi [None req-9d14c11a-6c54-4e22-bb49-65c968707da3 ce632d76966a4c36b373021fa2dac8d0 f3b2c4eeb3ee4a1b93fb1c15ccb58fd0 - - default default] 199.19.213.105,10.0.0.116 "GET /v2.0/security-groups/024f2f9b-e5c4-4723-b22c-9e94206db812 HTTP/1.1" status: 200 len: 3058 time: 0.0281744
2026-05-07 04:32:30.902 9 INFO neutron.api.wsgi [None req-c13c270d-7322-4b55-9910-52231f6469d3 ce632d76966a4c36b373021fa2dac8d0 f3b2c4eeb3ee4a1b93fb1c15ccb58fd0 - - default default] 199.19.213.105,10.0.0.116 "GET /v2.0/security-group-rules/4ac005ae-ab05-4518-abc0-daa5cdc141fb HTTP/1.1" status: 200 len: 800 time: 0.0163193
2026-05-07 04:32:34.058 15 INFO neutron.plugins.ml2.drivers.ovn.mech_driver.ovsdb.maintenance [None req-0186eefa-e93b-4ad7-814c-27fc6c4f46b9 - - - - - -] OVN maintenance task check_for_inconsistencies finished in 0.020 seconds
2026-05-07 04:32:35.308 9 INFO neutron.api.wsgi [None req-aa6f9985-e830-4c3f-a6a8-2b5c9245601f ce632d76966a4c36b373021fa2dac8d0 f3b2c4eeb3ee4a1b93fb1c15ccb58fd0 - - default default] 10.0.0.167 "GET /v2.0/agents HTTP/1.1" status: 200 len: 1390 time: 0.0550160
2026-05-07 04:32:35.331 9 INFO neutron.api.wsgi [None req-0ccf8aca-ab4d-457f-a214-c9859cc1fe0b ce632d76966a4c36b373021fa2dac8d0 f3b2c4eeb3ee4a1b93fb1c15ccb58fd0 - - default default] 10.0.0.167 "GET /v2.0/subnets HTTP/1.1" status: 200 len: 1484 time: 0.0215995
2026-05-07 04:32:35.338 9 INFO neutron.api.wsgi [None req-aba974ca-8d41-4e7c-a776-43b1f05223c6 ce632d76966a4c36b373021fa2dac8d0 f3b2c4eeb3ee4a1b93fb1c15ccb58fd0 - - default default] 10.0.0.167 "GET /v2.0/subnetpools HTTP/1.1" status: 200 len: 193 time: 0.0063963
2026-05-07 04:32:35.385 9 INFO neutron.api.wsgi [None req-194c63e6-46b9-472d-b294-b0ba93644126 ce632d76966a4c36b373021fa2dac8d0 f3b2c4eeb3ee4a1b93fb1c15ccb58fd0 - - default default] 10.0.0.167 "GET /v2.0/networks HTTP/1.1" status: 200 len: 2350 time: 0.0468907
2026-05-07 04:32:35.421 9 INFO neutron.api.wsgi [None req-0c76bc24-ae1d-4de2-ae4e-f82ef5dcbb21 ce632d76966a4c36b373021fa2dac8d0 f3b2c4eeb3ee4a1b93fb1c15ccb58fd0 - - default default] 10.0.0.167 "GET /v2.0/security-groups HTTP/1.1" status: 200 len: 17574 time: 0.0334938
2026-05-07 04:32:35.444 9 INFO neutron.api.wsgi [None req-5d6e6b33-a6a3-48c0-862a-badbdfa12798 ce632d76966a4c36b373021fa2dac8d0 f3b2c4eeb3ee4a1b93fb1c15ccb58fd0 - - default default] 10.0.0.167 "GET /v2.0/routers HTTP/1.1" status: 200 len: 189 time: 0.0172629
2026-05-07 04:32:35.455 9 INFO neutron.api.wsgi [None req-271e98a3-46c3-4a7f-967e-0b09241fc5e2 ce632d76966a4c36b373021fa2dac8d0 f3b2c4eeb3ee4a1b93fb1c15ccb58fd0 - - default default] 10.0.0.167 "GET /v2.0/agents?binary=ovn-controller HTTP/1.1" status: 200 len: 591 time: 0.0099769
2026-05-07 04:32:35.463 9 INFO neutron.api.wsgi [None req-1c516d32-10fa-4553-bc17-8b16445f625d ce632d76966a4c36b373021fa2dac8d0 f3b2c4eeb3ee4a1b93fb1c15ccb58fd0 - - default default] 10.0.0.167 "GET /v2.0/network-ip-availabilities HTTP/1.1" status: 200 len: 1280 time: 0.0079489
2026-05-07 04:32:35.476 9 INFO neutron.api.wsgi [None req-ddf65d14-6f85-47ba-89b2-a51052257038 ce632d76966a4c36b373021fa2dac8d0 f3b2c4eeb3ee4a1b93fb1c15ccb58fd0 - - default default] 10.0.0.167 "GET /v2.0/floatingips HTTP/1.1" status: 200 len: 193 time: 0.0118687
2026-05-07 04:32:35.494 9 INFO neutron.api.wsgi [None req-374a2290-b975-429d-aad5-0fc47a57dd69 ce632d76966a4c36b373021fa2dac8d0 f3b2c4eeb3ee4a1b93fb1c15ccb58fd0 - - default default] 10.0.0.167 "GET /v2.0/subnets HTTP/1.1" status: 200 len: 1484 time: 0.0175631
2026-05-07 04:32:35.526 9 INFO neutron.api.wsgi [None req-e15d42ca-3682-4650-80c7-4afa5dcea873 ce632d76966a4c36b373021fa2dac8d0 f3b2c4eeb3ee4a1b93fb1c15ccb58fd0 - - default default] 10.0.0.167 "GET /v2.0/ports HTTP/1.1" status: 200 len: 5347 time: 0.0309374
2026-05-07 04:32:40.340 9 INFO neutron.api.wsgi [-] 10.0.0.116 "GET / HTTP/1.1" status: 200 len: 247 time: 0.0024912
2026-05-07 04:32:40.340 10 INFO neutron.api.wsgi [-] 10.0.0.116 "GET / HTTP/1.1" status: 200 len: 247 time: 0.0026808
2026-05-07 04:32:42.549 9 INFO neutron.api.wsgi [None req-d3396459-87f9-424f-9247-8004adee1883 ce632d76966a4c36b373021fa2dac8d0 f3b2c4eeb3ee4a1b93fb1c15ccb58fd0 - - default default] 199.19.213.105,10.0.0.116 "GET /v2.0/quotas/f3b2c4eeb3ee4a1b93fb1c15ccb58fd0 HTTP/1.1" status: 200 len: 466 time: 0.0111744
2026-05-07 04:32:55.339 9 INFO neutron.api.wsgi [-] 10.0.0.116 "GET / HTTP/1.1" status: 200 len: 247 time: 0.0024443
2026-05-07 04:32:55.340 10 INFO neutron.api.wsgi [-] 10.0.0.116 "GET / HTTP/1.1" status: 200 len: 247 time: 0.0025954
2026-05-07 04:33:10.341 9 INFO neutron.api.wsgi [-] 10.0.0.116 "GET / HTTP/1.1" status: 200 len: 247 time: 0.0026343
2026-05-07 04:33:10.343 10 INFO neutron.api.wsgi [-] 10.0.0.116 "GET / HTTP/1.1" status: 200 len: 247 time: 0.0039482
2026-05-07 04:33:25.340 10 INFO neutron.api.wsgi [-] 10.0.0.116 "GET / HTTP/1.1" status: 200 len: 247 time: 0.0023968
2026-05-07 04:33:25.342 10 INFO neutron.api.wsgi [-] 10.0.0.116 "GET / HTTP/1.1" status: 200 len: 247 time: 0.0019548
2026-05-07 04:33:33.878 10 INFO neutron.api.v2.resource [None req-a222a76a-1cc7-4ca5-805a-3c3937447ab8 ce632d76966a4c36b373021fa2dac8d0 f3b2c4eeb3ee4a1b93fb1c15ccb58fd0 - - default default] show failed (client error): The resource could not be found.
2026-05-07 04:33:33.880 10 INFO neutron.api.wsgi [None req-a222a76a-1cc7-4ca5-805a-3c3937447ab8 ce632d76966a4c36b373021fa2dac8d0 f3b2c4eeb3ee4a1b93fb1c15ccb58fd0 - - default default] 199.19.213.105,10.0.0.116 "GET /v2.0/security-groups/manila-service-security-group?project_id=d2c7cb5775e94dffa99d4e5e41325356 HTTP/1.1" status: 404 len: 321 time: 0.3851917
2026-05-07 04:33:33.933 10 INFO neutron.api.wsgi [None req-a8f28b48-d3f9-4189-aee7-dde0e005eef3 ce632d76966a4c36b373021fa2dac8d0 f3b2c4eeb3ee4a1b93fb1c15ccb58fd0 - - default default] 199.19.213.105,10.0.0.116 "GET /v2.0/security-groups?name=manila-service-security-group&project_id=d2c7cb5775e94dffa99d4e5e41325356 HTTP/1.1" status: 200 len: 4248 time: 0.0491340
2026-05-07 04:33:34.929 10 INFO neutron.api.wsgi [None req-9652ab34-a9d5-4b82-8f05-f202fd33666a ce632d76966a4c36b373021fa2dac8d0 f3b2c4eeb3ee4a1b93fb1c15ccb58fd0 - - default default] 199.19.213.105,10.0.0.116 "GET /v2.0/security-groups/51e98278-1b4a-4758-9c28-24cc774d3fb5?project_id=d2c7cb5775e94dffa99d4e5e41325356 HTTP/1.1" status: 200 len: 4251 time: 0.0623951
2026-05-07 04:33:34.965 10 INFO neutron.api.wsgi [None req-8c429f6f-2186-4fb6-8b8a-ba7b2548d3e3 ce632d76966a4c36b373021fa2dac8d0 f3b2c4eeb3ee4a1b93fb1c15ccb58fd0 - - default default] 199.19.213.105,10.0.0.116 "GET /v2.0/security-groups/51e98278-1b4a-4758-9c28-24cc774d3fb5 HTTP/1.1" status: 200 len: 4251 time: 0.0291543
2026-05-07 04:33:34.987 10 INFO neutron.api.wsgi [None req-7c732aca-5a07-4752-a94c-a0c5a59afbdd ce632d76966a4c36b373021fa2dac8d0 f3b2c4eeb3ee4a1b93fb1c15ccb58fd0 - - default default] 199.19.213.105,10.0.0.116 "GET /v2.0/security-group-rules/8e58a48e-0d54-471d-96ad-2ffe8f1bb4b5 HTTP/1.1" status: 200 len: 772 time: 0.0147705
2026-05-07 04:33:35.354 9 INFO neutron.api.wsgi [None req-c49c3fb6-d762-4d19-b9e3-4226772ddd1c ce632d76966a4c36b373021fa2dac8d0 f3b2c4eeb3ee4a1b93fb1c15ccb58fd0 - - default default] 10.0.0.167 "GET /v2.0/networks HTTP/1.1" status: 200 len: 2350 time: 0.0938990
2026-05-07 04:33:35.374 9 INFO neutron.api.wsgi [None req-8fc6a1fa-6975-4500-9783-dcdbe8a91ec2 ce632d76966a4c36b373021fa2dac8d0 f3b2c4eeb3ee4a1b93fb1c15ccb58fd0 - - default default] 10.0.0.167 "GET /v2.0/routers HTTP/1.1" status: 200 len: 189 time: 0.0140946
2026-05-07 04:33:35.398 9 INFO neutron.api.wsgi [None req-ae941dc4-09b3-41bb-bd46-f3b0db6b4ce0 ce632d76966a4c36b373021fa2dac8d0 f3b2c4eeb3ee4a1b93fb1c15ccb58fd0 - - default default] 10.0.0.167 "GET /v2.0/agents?binary=ovn-controller HTTP/1.1" status: 200 len: 591 time: 0.0235112
2026-05-07 04:33:35.436 9 INFO neutron.api.wsgi [None req-ee48bf54-011e-49a0-a87a-3daaa8714798 ce632d76966a4c36b373021fa2dac8d0 f3b2c4eeb3ee4a1b93fb1c15ccb58fd0 - - default default] 10.0.0.167 "GET /v2.0/ports HTTP/1.1" status: 200 len: 5347 time: 0.0365410
2026-05-07 04:33:35.451 9 INFO neutron.api.wsgi [None req-187acb60-b06c-4108-b307-e86939cf3302 ce632d76966a4c36b373021fa2dac8d0 f3b2c4eeb3ee4a1b93fb1c15ccb58fd0 - - default default] 10.0.0.167 "GET /v2.0/network-ip-availabilities HTTP/1.1" status: 200 len: 1280 time: 0.0114765
2026-05-07 04:33:35.470 9 INFO neutron.api.wsgi [None req-11f0be15-25d6-473e-8dd1-4dfab32651cd ce632d76966a4c36b373021fa2dac8d0 f3b2c4eeb3ee4a1b93fb1c15ccb58fd0 - - default default] 10.0.0.167 "GET /v2.0/floatingips HTTP/1.1" status: 200 len: 193 time: 0.0171173
2026-05-07 04:33:35.501 9 INFO neutron.api.wsgi [None req-58c62f48-8565-47b2-b778-fb9f000f1137 ce632d76966a4c36b373021fa2dac8d0 f3b2c4eeb3ee4a1b93fb1c15ccb58fd0 - - default default] 10.0.0.167 "GET /v2.0/subnets HTTP/1.1" status: 200 len: 1484 time: 0.0298920
2026-05-07 04:33:35.511 9 INFO neutron.api.wsgi [None req-9bdae7ac-7107-4456-b728-9c7cf536b2f2 ce632d76966a4c36b373021fa2dac8d0 f3b2c4eeb3ee4a1b93fb1c15ccb58fd0 - - default default] 10.0.0.167 "GET /v2.0/agents HTTP/1.1" status: 200 len: 1390 time: 0.0095494
2026-05-07 04:33:35.544 9 INFO neutron.api.wsgi [None req-769e5239-698a-4e61-95e8-c3926617228e ce632d76966a4c36b373021fa2dac8d0 f3b2c4eeb3ee4a1b93fb1c15ccb58fd0 - - default default] 10.0.0.167 "GET /v2.0/subnets HTTP/1.1" status: 200 len: 1484 time: 0.0318320
2026-05-07 04:33:35.552 9 INFO neutron.api.wsgi [None req-14803c82-22a2-4a15-a3a4-09fdd1c07736 ce632d76966a4c36b373021fa2dac8d0 f3b2c4eeb3ee4a1b93fb1c15ccb58fd0 - - default default] 10.0.0.167 "GET /v2.0/subnetpools HTTP/1.1" status: 200 len: 193 time: 0.0063994
2026-05-07 04:33:35.591 9 INFO neutron.api.wsgi [None req-2020e4e8-9b4c-4c41-92d4-2c3802517a17 ce632d76966a4c36b373021fa2dac8d0 f3b2c4eeb3ee4a1b93fb1c15ccb58fd0 - - default default] 10.0.0.167 "GET /v2.0/security-groups HTTP/1.1" status: 200 len: 17574 time: 0.0383139
2026-05-07 04:33:35.941 10 INFO neutron.api.wsgi [None req-16804eff-09f0-40c9-934e-2010085cbc51 ce632d76966a4c36b373021fa2dac8d0 f3b2c4eeb3ee4a1b93fb1c15ccb58fd0 - - default default] 199.19.213.105,10.0.0.116 "GET /v2.0/security-groups/51e98278-1b4a-4758-9c28-24cc774d3fb5?project_id=d2c7cb5775e94dffa99d4e5e41325356 HTTP/1.1" status: 200 len: 4251 time: 0.0573225
2026-05-07 04:33:35.975 10 INFO neutron.api.wsgi [None req-f670880b-707d-409a-b96c-980b813b128d ce632d76966a4c36b373021fa2dac8d0 f3b2c4eeb3ee4a1b93fb1c15ccb58fd0 - - default default] 199.19.213.105,10.0.0.116 "GET /v2.0/security-groups/51e98278-1b4a-4758-9c28-24cc774d3fb5 HTTP/1.1" status: 200 len: 4251 time: 0.0251954
2026-05-07 04:33:35.994 10 INFO neutron.api.wsgi [None req-7f1610c5-42da-4503-85a6-608ee0beff26 ce632d76966a4c36b373021fa2dac8d0 f3b2c4eeb3ee4a1b93fb1c15ccb58fd0 - - default default] 199.19.213.105,10.0.0.116 "GET /v2.0/security-group-rules/3f2e88e0-f789-4af6-97ed-ef7f456e55a6 HTTP/1.1" status: 200 len: 774 time: 0.0111396
2026-05-07 04:33:36.972 9 INFO neutron.api.wsgi [None req-9c9ff09e-b960-4735-bab9-79a9e2f41b12 ce632d76966a4c36b373021fa2dac8d0 f3b2c4eeb3ee4a1b93fb1c15ccb58fd0 - - default default] 199.19.213.105,10.0.0.116 "GET /v2.0/security-groups/51e98278-1b4a-4758-9c28-24cc774d3fb5?project_id=d2c7cb5775e94dffa99d4e5e41325356 HTTP/1.1" status: 200 len: 4251 time: 0.0536845
2026-05-07 04:33:37.003 9 INFO neutron.api.wsgi [None req-e8510b6e-220d-418f-b763-80cd7bb883ff ce632d76966a4c36b373021fa2dac8d0 f3b2c4eeb3ee4a1b93fb1c15ccb58fd0 - - default default] 199.19.213.105,10.0.0.116 "GET /v2.0/security-groups/51e98278-1b4a-4758-9c28-24cc774d3fb5 HTTP/1.1" status: 200 len: 4251 time: 0.0245645
2026-05-07 04:33:37.022 9 INFO neutron.api.wsgi [None req-a13edfd1-5413-4df9-9aee-51926e9409f4 ce632d76966a4c36b373021fa2dac8d0 f3b2c4eeb3ee4a1b93fb1c15ccb58fd0 - - default default] 199.19.213.105,10.0.0.116 "GET /v2.0/security-group-rules/2c03d167-f249-4656-bb75-fde39e11eceb HTTP/1.1" status: 200 len: 776 time: 0.0133402
2026-05-07 04:33:38.031 10 INFO neutron.api.wsgi [None req-d01bd4ea-7e64-464f-aa64-e368897d2b1b ce632d76966a4c36b373021fa2dac8d0 f3b2c4eeb3ee4a1b93fb1c15ccb58fd0 - - default default] 199.19.213.105,10.0.0.116 "GET /v2.0/security-groups/51e98278-1b4a-4758-9c28-24cc774d3fb5?project_id=d2c7cb5775e94dffa99d4e5e41325356 HTTP/1.1" status: 200 len: 4251 time: 0.0495546
2026-05-07 04:33:38.059 10 INFO neutron.api.wsgi [None req-2b6c9689-b296-4c6e-a87a-42ca47d47b40 ce632d76966a4c36b373021fa2dac8d0 f3b2c4eeb3ee4a1b93fb1c15ccb58fd0 - - default default] 199.19.213.105,10.0.0.116 "GET /v2.0/security-groups/51e98278-1b4a-4758-9c28-24cc774d3fb5 HTTP/1.1" status: 200 len: 4251 time: 0.0209084
2026-05-07 04:33:38.075 10 INFO neutron.api.wsgi [None req-ded8fc0f-e4bb-4d76-ac77-93ee6bb16f45 ce632d76966a4c36b373021fa2dac8d0 f3b2c4eeb3ee4a1b93fb1c15ccb58fd0 - - default default] 199.19.213.105,10.0.0.116 "GET /v2.0/security-group-rules/68adcc67-479f-4864-9b6a-fa523cb8b96c HTTP/1.1" status: 200 len: 777 time: 0.0115247
