2026-05-07 04:39:43.214 9 INFO neutron.api.wsgi [None req-03f8703c-4d42-442b-b5d7-42cdf130f40d ce632d76966a4c36b373021fa2dac8d0 f3b2c4eeb3ee4a1b93fb1c15ccb58fd0 - - default default] 10.0.0.58 "DELETE /v2.0/security-groups/4bf0902c-9b03-4a73-ad05-a5abb69cb05b HTTP/1.1" status: 204 len: 168 time: 0.2002537
2026-05-07 04:39:43.263 10 INFO neutron.db.ovn_revision_numbers_db [None req-f69bb0d4-6833-42ea-9e37-3aed1c8c8a31 - - - - - -] Successfully bumped revision number for resource 69ba8586-80a7-45d1-be28-6f64ebcc2dbe (type: ports) to 2
2026-05-07 04:39:43.287 10 INFO neutron.db.ovn_revision_numbers_db [None req-f69bb0d4-6833-42ea-9e37-3aed1c8c8a31 - - - - - -] Successfully bumped revision number for resource bfdce04b-bd21-4313-bf93-0c35fbebc2b8 (type: subnets) to 0
2026-05-07 04:39:43.301 10 INFO neutron.api.wsgi [None req-fc0b5a82-87f0-4fe8-b671-1497c8a31f00 ce632d76966a4c36b373021fa2dac8d0 f3b2c4eeb3ee4a1b93fb1c15ccb58fd0 - - default default] 10.0.0.58 "POST /v2.0/subnets HTTP/1.1" status: 201 len: 887 time: 0.7798235
2026-05-07 04:39:43.534 10 INFO neutron.notifiers.nova [-] Nova event matching ['req-1ac0d58e-9016-45f9-9565-8b973ee2c3a6'] response: {'server_uuid': '0a155241-f4ed-4efb-a738-ad27c62a08f1', 'name': 'network-vif-plugged', 'status': 'completed', 'tag': '7a08c3ea-315d-45e2-9ecb-498be329807c', 'code': 200}
2026-05-07 04:39:43.697 10 WARNING neutron.scheduler.dhcp_agent_scheduler [None req-3d969f33-9093-4d27-bd9b-8250c8da840e ce632d76966a4c36b373021fa2dac8d0 f3b2c4eeb3ee4a1b93fb1c15ccb58fd0 - - default default] No more DHCP agents
2026-05-07 04:39:43.700 10 WARNING neutron.api.rpc.agentnotifiers.dhcp_rpc_agent_api [None req-3d969f33-9093-4d27-bd9b-8250c8da840e ce632d76966a4c36b373021fa2dac8d0 f3b2c4eeb3ee4a1b93fb1c15ccb58fd0 - - default default] Unable to schedule network bb2502a7-810e-44b0-bf54-9c9da8f1d864: no agents available; will retry on subsequent port and subnet creation events.
2026-05-07 04:39:43.844 10 INFO neutron.db.ovn_revision_numbers_db [None req-3d969f33-9093-4d27-bd9b-8250c8da840e ce632d76966a4c36b373021fa2dac8d0 f3b2c4eeb3ee4a1b93fb1c15ccb58fd0 - - default default] Successfully bumped revision number for resource 57616dd5-3eda-428d-8295-bc78f56e35d4 (type: ports) to 1
2026-05-07 04:39:44.422 10 INFO neutron.plugins.ml2.drivers.ovn.mech_driver.ovsdb.commands [None req-c1a45c71-4d71-42eb-a778-313e7514bd34 - - - - - -] Schedule LRP lrp-57616dd5-3eda-428d-8295-bc78f56e35d4 on gateway 915079cd-9092-498e-85d0-4a41130fc0c4 with priority 1
2026-05-07 04:39:44.444 9 INFO neutron.plugins.ml2.drivers.ovn.mech_driver.ovsdb.ovsdb_monitor [None req-1440def7-e11d-45a7-a69e-fce1e4705987 - - - - - -] Router f1631f52-b393-409a-8517-4854f7ee7007 is bound to host instance
2026-05-07 04:39:44.472 10 INFO neutron.db.ovn_revision_numbers_db [None req-3d969f33-9093-4d27-bd9b-8250c8da840e ce632d76966a4c36b373021fa2dac8d0 f3b2c4eeb3ee4a1b93fb1c15ccb58fd0 - - default default] Successfully bumped revision number for resource 57616dd5-3eda-428d-8295-bc78f56e35d4 (type: router_ports) to 1
2026-05-07 04:39:44.530 10 INFO neutron.db.ovn_revision_numbers_db [None req-3d969f33-9093-4d27-bd9b-8250c8da840e ce632d76966a4c36b373021fa2dac8d0 f3b2c4eeb3ee4a1b93fb1c15ccb58fd0 - - default default] Successfully bumped revision number for resource f1631f52-b393-409a-8517-4854f7ee7007 (type: routers) to 2
2026-05-07 04:39:44.548 10 INFO neutron.api.wsgi [None req-3d969f33-9093-4d27-bd9b-8250c8da840e ce632d76966a4c36b373021fa2dac8d0 f3b2c4eeb3ee4a1b93fb1c15ccb58fd0 - - default default] 10.0.0.58 "POST /v2.0/routers HTTP/1.1" status: 201 len: 1165 time: 1.2401688
2026-05-07 04:39:44.902 9 INFO neutron.db.ovn_revision_numbers_db [None req-b61484f0-83db-4639-b75b-29f79c6c2e77 - - - - - -] Successfully bumped revision number for resource 57616dd5-3eda-428d-8295-bc78f56e35d4 (type: ports) to 1
2026-05-07 04:39:45.062 10 WARNING neutron.scheduler.dhcp_agent_scheduler [None req-1ee55f37-cf56-4657-9266-0393a789110a ce632d76966a4c36b373021fa2dac8d0 f3b2c4eeb3ee4a1b93fb1c15ccb58fd0 - - default default] No more DHCP agents
2026-05-07 04:39:45.064 10 WARNING neutron.api.rpc.agentnotifiers.dhcp_rpc_agent_api [None req-1ee55f37-cf56-4657-9266-0393a789110a ce632d76966a4c36b373021fa2dac8d0 f3b2c4eeb3ee4a1b93fb1c15ccb58fd0 - - default default] Unable to schedule network 6cc71cc1-365e-4d7f-87e0-323b33880f44: no agents available; will retry on subsequent port and subnet creation events.
2026-05-07 04:39:45.139 9 INFO neutron.api.wsgi [req-415ce9ef-133c-40a5-ac38-be95f555b71c req-9085cf56-0315-4596-9b05-8f111a713eb0 ce632d76966a4c36b373021fa2dac8d0 f3b2c4eeb3ee4a1b93fb1c15ccb58fd0 - - default default] 10.0.0.7 "GET /v2.0/ports?device_id=0a155241-f4ed-4efb-a738-ad27c62a08f1 HTTP/1.1" status: 200 len: 1417 time: 0.0372508
2026-05-07 04:39:45.198 9 INFO neutron.api.wsgi [req-415ce9ef-133c-40a5-ac38-be95f555b71c req-9959c36a-0b5f-4717-8997-dab4f12c4b33 ce632d76966a4c36b373021fa2dac8d0 f3b2c4eeb3ee4a1b93fb1c15ccb58fd0 - - default default] 10.0.0.7 "GET /v2.0/security-groups?id=024f2f9b-e5c4-4723-b22c-9e94206db812&fields=id&fields=name HTTP/1.1" status: 200 len: 294 time: 0.0536056
2026-05-07 04:39:45.198 10 INFO neutron.db.ovn_revision_numbers_db [None req-1ee55f37-cf56-4657-9266-0393a789110a ce632d76966a4c36b373021fa2dac8d0 f3b2c4eeb3ee4a1b93fb1c15ccb58fd0 - - default default] Successfully bumped revision number for resource ed6dcaa6-5c86-457f-a0d7-72ab261a3fe3 (type: ports) to 1
2026-05-07 04:39:45.239 9 INFO neutron.db.ovn_revision_numbers_db [None req-b61484f0-83db-4639-b75b-29f79c6c2e77 - - - - - -] Successfully bumped revision number for resource 57616dd5-3eda-428d-8295-bc78f56e35d4 (type: ports) to 4
2026-05-07 04:39:45.306 9 INFO neutron.api.wsgi [req-b8c875d9-4672-40c4-86bb-caf3aa7282be req-a9d2ed81-2dc3-4558-8342-10f19fa7f283 ce632d76966a4c36b373021fa2dac8d0 f3b2c4eeb3ee4a1b93fb1c15ccb58fd0 - - default default] 10.0.0.7 "GET /v2.0/ports?device_id=0a155241-f4ed-4efb-a738-ad27c62a08f1 HTTP/1.1" status: 200 len: 1417 time: 0.0405700
2026-05-07 04:39:45.532 9 INFO neutron.db.ovn_revision_numbers_db [None req-b61484f0-83db-4639-b75b-29f79c6c2e77 - - - - - -] Successfully bumped revision number for resource 57616dd5-3eda-428d-8295-bc78f56e35d4 (type: ports) to 5
2026-05-07 04:39:45.771 10 INFO neutron.plugins.ml2.drivers.ovn.mech_driver.mech_driver [None req-acb5fc3d-3ac2-4e62-b142-c45239e23331 - - - - - -] OVN reports status up for port: ed6dcaa6-5c86-457f-a0d7-72ab261a3fe3
2026-05-07 04:39:45.782 10 INFO neutron.plugins.ml2.plugin [None req-acb5fc3d-3ac2-4e62-b142-c45239e23331 - - - - - -] Attempt 1 to provision port ed6dcaa6-5c86-457f-a0d7-72ab261a3fe3
2026-05-07 04:39:45.792 10 INFO neutron.db.ovn_revision_numbers_db [None req-1ee55f37-cf56-4657-9266-0393a789110a ce632d76966a4c36b373021fa2dac8d0 f3b2c4eeb3ee4a1b93fb1c15ccb58fd0 - - default default] Successfully bumped revision number for resource ed6dcaa6-5c86-457f-a0d7-72ab261a3fe3 (type: ports) to 1
2026-05-07 04:39:45.860 10 WARNING neutron.scheduler.dhcp_agent_scheduler [None req-1ee55f37-cf56-4657-9266-0393a789110a ce632d76966a4c36b373021fa2dac8d0 f3b2c4eeb3ee4a1b93fb1c15ccb58fd0 - - default default] No more DHCP agents
2026-05-07 04:39:45.863 10 WARNING neutron.api.rpc.agentnotifiers.dhcp_rpc_agent_api [None req-1ee55f37-cf56-4657-9266-0393a789110a ce632d76966a4c36b373021fa2dac8d0 f3b2c4eeb3ee4a1b93fb1c15ccb58fd0 - - default default] Unable to schedule network 6cc71cc1-365e-4d7f-87e0-323b33880f44: no agents available; will retry on subsequent port and subnet creation events.
2026-05-07 04:39:46.059 9 WARNING neutron.plugins.ml2.drivers.ovn.mech_driver.ovsdb.ovn_client [None req-9b59efd9-09d7-40ef-8a0c-52b978eeace7 - - - - - -] No hosting information found for port cf47c9c8-7319-414d-9130-6bb6e610c79c: RuntimeError: No hosting information found for port cf47c9c8-7319-414d-9130-6bb6e610c79c
2026-05-07 04:39:46.126 9 INFO neutron.db.ovn_revision_numbers_db [None req-9b59efd9-09d7-40ef-8a0c-52b978eeace7 - - - - - -] Successfully bumped revision number for resource cf47c9c8-7319-414d-9130-6bb6e610c79c (type: router_ports) to 2
2026-05-07 04:39:46.154 10 INFO neutron.db.ovn_revision_numbers_db [None req-acb5fc3d-3ac2-4e62-b142-c45239e23331 - - - - - -] Successfully bumped revision number for resource ed6dcaa6-5c86-457f-a0d7-72ab261a3fe3 (type: ports) to 2
2026-05-07 04:39:46.165 9 INFO neutron.plugins.ml2.drivers.ovn.mech_driver.mech_driver [None req-9b59efd9-09d7-40ef-8a0c-52b978eeace7 - - - - - -] OVN reports status up for port: 57616dd5-3eda-428d-8295-bc78f56e35d4
2026-05-07 04:39:46.173 9 INFO neutron.plugins.ml2.plugin [None req-9b59efd9-09d7-40ef-8a0c-52b978eeace7 - - - - - -] Attempt 1 to provision port 57616dd5-3eda-428d-8295-bc78f56e35d4
2026-05-07 04:39:46.568 9 WARNING neutron_lib.context [None req-881b1462-31c0-467c-a4f3-226e82199b90 fe2efe372c0545c59d9433d45133879b 9664d814bc3c4983b9ca153adc629424 - - default default] Method 'is_advsvc' is deprecated since 2023.2 release (neutron-lib 3.8.0) and will be removed once support for the old RBAC API policies will be removed from Neutron. Please use method 'is_service_role' instead.
2026-05-07 04:39:46.707 9 INFO neutron.db.ovn_revision_numbers_db [None req-881b1462-31c0-467c-a4f3-226e82199b90 fe2efe372c0545c59d9433d45133879b 9664d814bc3c4983b9ca153adc629424 - - default default] Successfully bumped revision number for resource b9e19d9c-8928-432e-9591-117583ac60ca (type: security_groups) to 1
2026-05-07 04:39:46.721 9 INFO neutron.db.ovn_revision_numbers_db [None req-881b1462-31c0-467c-a4f3-226e82199b90 fe2efe372c0545c59d9433d45133879b 9664d814bc3c4983b9ca153adc629424 - - default default] Successfully bumped revision number for resource 2ae66e01-ad69-4cd1-9a05-8b4bb9082d08 (type: security_group_rules) to 0
2026-05-07 04:39:46.746 9 INFO neutron.db.ovn_revision_numbers_db [None req-881b1462-31c0-467c-a4f3-226e82199b90 fe2efe372c0545c59d9433d45133879b 9664d814bc3c4983b9ca153adc629424 - - default default] Successfully bumped revision number for resource 458b299e-aa99-487b-ba14-60a2545e2e48 (type: security_group_rules) to 0
2026-05-07 04:39:46.759 9 INFO neutron.db.ovn_revision_numbers_db [None req-881b1462-31c0-467c-a4f3-226e82199b90 fe2efe372c0545c59d9433d45133879b 9664d814bc3c4983b9ca153adc629424 - - default default] Successfully bumped revision number for resource 69ea68a9-0f60-42b4-b0cd-d1ed9a1aadf6 (type: security_group_rules) to 0
2026-05-07 04:39:46.773 9 INFO neutron.db.ovn_revision_numbers_db [None req-881b1462-31c0-467c-a4f3-226e82199b90 fe2efe372c0545c59d9433d45133879b 9664d814bc3c4983b9ca153adc629424 - - default default] Successfully bumped revision number for resource 7296d042-c298-4ac1-bd8d-455415e7b82f (type: security_group_rules) to 0
2026-05-07 04:39:46.788 10 INFO neutron.db.ovn_revision_numbers_db [None req-1ee55f37-cf56-4657-9266-0393a789110a ce632d76966a4c36b373021fa2dac8d0 f3b2c4eeb3ee4a1b93fb1c15ccb58fd0 - - default default] Successfully bumped revision number for resource ed6dcaa6-5c86-457f-a0d7-72ab261a3fe3 (type: router_ports) to 1
2026-05-07 04:39:46.794 10 INFO neutron.api.wsgi [None req-1ee55f37-cf56-4657-9266-0393a789110a ce632d76966a4c36b373021fa2dac8d0 f3b2c4eeb3ee4a1b93fb1c15ccb58fd0 - - default default] 10.0.0.58 "PUT /v2.0/routers/f1631f52-b393-409a-8517-4854f7ee7007/add_router_interface HTTP/1.1" status: 200 len: 503 time: 2.2360556
2026-05-07 04:39:46.844 9 INFO neutron.db.segments_db [None req-881b1462-31c0-467c-a4f3-226e82199b90 fe2efe372c0545c59d9433d45133879b 9664d814bc3c4983b9ca153adc629424 - - default default] Added segment cced4ec6-dcb2-44ef-9681-77b036a3e0da of type geneve for network acb5efa6-a5da-46ad-9e67-8f2113db49e2
2026-05-07 04:39:46.951 9 INFO neutron.db.ovn_revision_numbers_db [None req-881b1462-31c0-467c-a4f3-226e82199b90 fe2efe372c0545c59d9433d45133879b 9664d814bc3c4983b9ca153adc629424 - - default default] Successfully bumped revision number for resource acb5efa6-a5da-46ad-9e67-8f2113db49e2 (type: networks) to 1
2026-05-07 04:39:47.122 9 WARNING neutron.scheduler.dhcp_agent_scheduler [None req-881b1462-31c0-467c-a4f3-226e82199b90 fe2efe372c0545c59d9433d45133879b 9664d814bc3c4983b9ca153adc629424 - - default default] No more DHCP agents
2026-05-07 04:39:47.123 9 WARNING neutron.api.rpc.agentnotifiers.dhcp_rpc_agent_api [None req-881b1462-31c0-467c-a4f3-226e82199b90 fe2efe372c0545c59d9433d45133879b 9664d814bc3c4983b9ca153adc629424 - - default default] Unable to schedule network acb5efa6-a5da-46ad-9e67-8f2113db49e2: no agents available; will retry on subsequent port and subnet creation events.
2026-05-07 04:39:47.198 9 INFO neutron.db.ovn_revision_numbers_db [None req-881b1462-31c0-467c-a4f3-226e82199b90 fe2efe372c0545c59d9433d45133879b 9664d814bc3c4983b9ca153adc629424 - - default default] Successfully bumped revision number for resource 0496f772-c2d6-49b8-8d0c-0a3eb6ca61fc (type: ports) to 1
2026-05-07 04:39:47.221 9 INFO neutron.api.wsgi [None req-881b1462-31c0-467c-a4f3-226e82199b90 fe2efe372c0545c59d9433d45133879b 9664d814bc3c4983b9ca153adc629424 - - default default] 10.0.0.58 "POST /v2.0/networks HTTP/1.1" status: 201 len: 831 time: 0.8089542
2026-05-07 04:39:47.231 9 WARNING neutron_lib.context [None req-f582ff32-1bb5-4a08-8b70-085e0b7adb0d fe2efe372c0545c59d9433d45133879b 9664d814bc3c4983b9ca153adc629424 - - default default] Method 'is_advsvc' is deprecated since 2023.2 release (neutron-lib 3.8.0) and will be removed once support for the old RBAC API policies will be removed from Neutron. Please use method 'is_service_role' instead.
2026-05-07 04:39:47.385 9 WARNING neutron_lib.context [None req-040a6796-1f83-4bff-96ea-80a48b3fb84e 6374e6295d27448d9ad02f2840c691dd cec73f6aa3234db1b8e544bec2a081de - - default default] Method 'is_advsvc' is deprecated since 2023.2 release (neutron-lib 3.8.0) and will be removed once support for the old RBAC API policies will be removed from Neutron. Please use method 'is_service_role' instead.
2026-05-07 04:39:47.485 9 WARNING neutron.scheduler.dhcp_agent_scheduler [None req-f582ff32-1bb5-4a08-8b70-085e0b7adb0d fe2efe372c0545c59d9433d45133879b 9664d814bc3c4983b9ca153adc629424 - - default default] No more DHCP agents
2026-05-07 04:39:47.486 9 WARNING neutron.api.rpc.agentnotifiers.dhcp_rpc_agent_api [None req-f582ff32-1bb5-4a08-8b70-085e0b7adb0d fe2efe372c0545c59d9433d45133879b 9664d814bc3c4983b9ca153adc629424 - - default default] Unable to schedule network acb5efa6-a5da-46ad-9e67-8f2113db49e2: no agents available; will retry on subsequent port and subnet creation events.
2026-05-07 04:39:47.518 9 INFO neutron.db.ovn_revision_numbers_db [None req-040a6796-1f83-4bff-96ea-80a48b3fb84e 6374e6295d27448d9ad02f2840c691dd cec73f6aa3234db1b8e544bec2a081de - - default default] Successfully bumped revision number for resource 43774c23-58dd-4a6c-96cd-01592cf8fa09 (type: security_groups) to 1
2026-05-07 04:39:47.539 9 INFO neutron.db.ovn_revision_numbers_db [None req-040a6796-1f83-4bff-96ea-80a48b3fb84e 6374e6295d27448d9ad02f2840c691dd cec73f6aa3234db1b8e544bec2a081de - - default default] Successfully bumped revision number for resource 745e7b86-5d09-45d6-9b58-5041d6d67a19 (type: security_group_rules) to 0
2026-05-07 04:39:47.553 9 INFO neutron.db.ovn_revision_numbers_db [None req-040a6796-1f83-4bff-96ea-80a48b3fb84e 6374e6295d27448d9ad02f2840c691dd cec73f6aa3234db1b8e544bec2a081de - - default default] Successfully bumped revision number for resource 936c3981-188c-47a5-bc21-3abb57f8eb75 (type: security_group_rules) to 0
2026-05-07 04:39:47.555 9 INFO neutron.db.ovn_revision_numbers_db [None req-f582ff32-1bb5-4a08-8b70-085e0b7adb0d fe2efe372c0545c59d9433d45133879b 9664d814bc3c4983b9ca153adc629424 - - default default] Successfully bumped revision number for resource 9e9a3028-22e8-46dc-8435-039971a99e72 (type: ports) to 1
2026-05-07 04:39:47.580 9 INFO neutron.api.wsgi [None req-f582ff32-1bb5-4a08-8b70-085e0b7adb0d fe2efe372c0545c59d9433d45133879b 9664d814bc3c4983b9ca153adc629424 - - default default] 10.0.0.58 "POST /v2.0/ports HTTP/1.1" status: 201 len: 942 time: 0.3539214
2026-05-07 04:39:47.585 9 INFO neutron.api.wsgi [None req-040a6796-1f83-4bff-96ea-80a48b3fb84e 6374e6295d27448d9ad02f2840c691dd cec73f6aa3234db1b8e544bec2a081de - - default default] 10.0.0.58 "POST /v2.0/security-groups HTTP/1.1" status: 201 len: 1877 time: 0.2102952 /var/lib/openstack/lib/python3.12/site-packages/pycadf/identifier.py:71: UserWarning: Invalid uuid: neutron. To ensure interoperability, identifiers should be a valid uuid. warnings.warn(('Invalid uuid: %s. To ensure interoperability, '
2026-05-07 04:39:47.592 10 WARNING neutron_lib.context [None req-82b1e966-66aa-4662-953d-8e91f9a16baa fe2efe372c0545c59d9433d45133879b 9664d814bc3c4983b9ca153adc629424 - - default default] Method 'is_advsvc' is deprecated since 2023.2 release (neutron-lib 3.8.0) and will be removed once support for the old RBAC API policies will be removed from Neutron. Please use method 'is_service_role' instead.
2026-05-07 04:39:47.595 9 WARNING neutron_lib.context [None req-f730832f-b982-4679-9b41-ee88ce94a2ce 6374e6295d27448d9ad02f2840c691dd cec73f6aa3234db1b8e544bec2a081de - - default default] Method 'is_advsvc' is deprecated since 2023.2 release (neutron-lib 3.8.0) and will be removed once support for the old RBAC API policies will be removed from Neutron. Please use method 'is_service_role' instead.
2026-05-07 04:39:47.701 9 INFO neutron.db.ovn_revision_numbers_db [None req-f730832f-b982-4679-9b41-ee88ce94a2ce 6374e6295d27448d9ad02f2840c691dd cec73f6aa3234db1b8e544bec2a081de - - default default] Successfully bumped revision number for resource e32c4566-e3c9-4bb3-af79-95773016027a (type: security_group_rules) to 0
2026-05-07 04:39:47.730 9 INFO neutron.api.wsgi [None req-f730832f-b982-4679-9b41-ee88ce94a2ce 6374e6295d27448d9ad02f2840c691dd cec73f6aa3234db1b8e544bec2a081de - - default default] 10.0.0.58 "POST /v2.0/security-group-rules HTTP/1.1" status: 201 len: 796 time: 0.1405170
2026-05-07 04:39:47.740 9 WARNING neutron_lib.context [None req-73b31aa0-0d4e-42f0-a721-bcd2dfe527ff 6374e6295d27448d9ad02f2840c691dd cec73f6aa3234db1b8e544bec2a081de - - default default] Method 'is_advsvc' is deprecated since 2023.2 release (neutron-lib 3.8.0) and will be removed once support for the old RBAC API policies will be removed from Neutron. Please use method 'is_service_role' instead.
2026-05-07 04:39:47.824 10 INFO neutron.api.wsgi [None req-82b1e966-66aa-4662-953d-8e91f9a16baa fe2efe372c0545c59d9433d45133879b 9664d814bc3c4983b9ca153adc629424 - - default default] 10.0.0.58 "POST /v2.0/trunks HTTP/1.1" status: 201 len: 608 time: 0.2384806
2026-05-07 04:39:47.844 9 INFO neutron.db.ovn_revision_numbers_db [None req-73b31aa0-0d4e-42f0-a721-bcd2dfe527ff 6374e6295d27448d9ad02f2840c691dd cec73f6aa3234db1b8e544bec2a081de - - default default] Successfully bumped revision number for resource 707690d4-37cb-43d9-a2ca-286439a35387 (type: security_group_rules) to 0
2026-05-07 04:39:47.863 10 INFO neutron.api.wsgi [None req-1cb2d04f-b358-45d6-a91d-e9bd65ea169f fe2efe372c0545c59d9433d45133879b 9664d814bc3c4983b9ca153adc629424 - - default default] 10.0.0.58 "PUT /v2.0/trunks/6b92df14-8cbf-4de4-8006-71f9bc927711/tags HTTP/1.1" status: 200 len: 218 time: 0.0307071
2026-05-07 04:39:47.876 9 INFO neutron.api.wsgi [None req-73b31aa0-0d4e-42f0-a721-bcd2dfe527ff 6374e6295d27448d9ad02f2840c691dd cec73f6aa3234db1b8e544bec2a081de - - default default] 10.0.0.58 "POST /v2.0/security-group-rules HTTP/1.1" status: 201 len: 795 time: 0.1407850
2026-05-07 04:39:47.889 10 WARNING neutron_lib.context [None req-8741c154-e6f1-4b17-ba35-9053ef5ed945 6374e6295d27448d9ad02f2840c691dd cec73f6aa3234db1b8e544bec2a081de - - default default] Method 'is_advsvc' is deprecated since 2023.2 release (neutron-lib 3.8.0) and will be removed once support for the old RBAC API policies will be removed from Neutron. Please use method 'is_service_role' instead.
2026-05-07 04:39:47.889 9 INFO neutron.api.wsgi [None req-1cd2cd24-f335-4094-93b3-5c323e8386e4 fe2efe372c0545c59d9433d45133879b 9664d814bc3c4983b9ca153adc629424 - - default default] 10.0.0.58 "GET /v2.0/trunks/6b92df14-8cbf-4de4-8006-71f9bc927711/tags HTTP/1.1" status: 200 len: 218 time: 0.0213938
2026-05-07 04:39:47.917 9 INFO neutron.api.wsgi [None req-fc033c42-ffc2-4d2e-b3ee-e7238d4ca63a fe2efe372c0545c59d9433d45133879b 9664d814bc3c4983b9ca153adc629424 - - default default] 10.0.0.58 "PUT /v2.0/trunks/6b92df14-8cbf-4de4-8006-71f9bc927711/tags/green HTTP/1.1" status: 201 len: 201 time: 0.0232818
2026-05-07 04:39:47.937 9 INFO neutron.api.wsgi [None req-782cd705-6d08-478e-902a-7bb878392756 fe2efe372c0545c59d9433d45133879b 9664d814bc3c4983b9ca153adc629424 - - default default] 10.0.0.58 "GET /v2.0/trunks/6b92df14-8cbf-4de4-8006-71f9bc927711/tags HTTP/1.1" status: 200 len: 227 time: 0.0145493
2026-05-07 04:39:47.959 9 INFO neutron.api.wsgi [None req-263fe825-5195-49c1-a06d-dc208aebccbc fe2efe372c0545c59d9433d45133879b 9664d814bc3c4983b9ca153adc629424 - - default default] 10.0.0.58 "PUT /v2.0/trunks/6b92df14-8cbf-4de4-8006-71f9bc927711/tags/red HTTP/1.1" status: 201 len: 201 time: 0.0161731
2026-05-07 04:39:47.978 9 INFO neutron.api.wsgi [None req-fc215bb2-33a3-4376-90f8-dfba12d37ed8 fe2efe372c0545c59d9433d45133879b 9664d814bc3c4983b9ca153adc629424 - - default default] 10.0.0.58 "GET /v2.0/trunks/6b92df14-8cbf-4de4-8006-71f9bc927711/tags HTTP/1.1" status: 200 len: 227 time: 0.0159886
2026-05-07 04:39:48.005 9 INFO neutron.api.wsgi [None req-a7cf3593-4426-4de0-92f1-3547e9782906 fe2efe372c0545c59d9433d45133879b 9664d814bc3c4983b9ca153adc629424 - - default default] 10.0.0.58 "PUT /v2.0/trunks/6b92df14-8cbf-4de4-8006-71f9bc927711/tags/black.or.white HTTP/1.1" status: 201 len: 201 time: 0.0240471
2026-05-07 04:39:48.018 10 INFO neutron.db.ovn_revision_numbers_db [None req-8741c154-e6f1-4b17-ba35-9053ef5ed945 6374e6295d27448d9ad02f2840c691dd cec73f6aa3234db1b8e544bec2a081de - - default default] Successfully bumped revision number for resource 82ab527c-0cca-495b-a99e-ef3c82f2082a (type: security_group_rules) to 0
2026-05-07 04:39:48.024 9 INFO neutron.api.wsgi [None req-0c11d35f-81eb-4c2a-95f6-67eb383c22ac fe2efe372c0545c59d9433d45133879b 9664d814bc3c4983b9ca153adc629424 - - default default] 10.0.0.58 "GET /v2.0/trunks/6b92df14-8cbf-4de4-8006-71f9bc927711/tags HTTP/1.1" status: 200 len: 245 time: 0.0128214
2026-05-07 04:39:48.047 10 INFO neutron.api.wsgi [None req-8741c154-e6f1-4b17-ba35-9053ef5ed945 6374e6295d27448d9ad02f2840c691dd cec73f6aa3234db1b8e544bec2a081de - - default default] 10.0.0.58 "POST /v2.0/security-group-rules HTTP/1.1" status: 201 len: 801 time: 0.1638775
2026-05-07 04:39:48.056 9 WARNING neutron_lib.context [None req-603efe59-f28d-46dc-8d5a-942be8e7bfca 6374e6295d27448d9ad02f2840c691dd cec73f6aa3234db1b8e544bec2a081de - - default default] Method 'is_advsvc' is deprecated since 2023.2 release (neutron-lib 3.8.0) and will be removed once support for the old RBAC API policies will be removed from Neutron. Please use method 'is_service_role' instead.
2026-05-07 04:39:48.059 9 INFO neutron.api.wsgi [None req-4aab963b-dfb0-4f86-990e-52f496a7366e fe2efe372c0545c59d9433d45133879b 9664d814bc3c4983b9ca153adc629424 - - default default] 10.0.0.58 "PUT /v2.0/trunks/6b92df14-8cbf-4de4-8006-71f9bc927711/tags HTTP/1.1" status: 200 len: 230 time: 0.0297973
2026-05-07 04:39:48.080 10 INFO neutron.api.wsgi [None req-785a0ec5-ebe1-4a6f-9911-e5464178b0fb fe2efe372c0545c59d9433d45133879b 9664d814bc3c4983b9ca153adc629424 - - default default] 10.0.0.58 "GET /v2.0/trunks/6b92df14-8cbf-4de4-8006-71f9bc927711/tags HTTP/1.1" status: 200 len: 230 time: 0.0157304
2026-05-07 04:39:48.101 10 INFO neutron.api.wsgi [None req-22e1758b-6d9d-42b7-97f3-6f013ffeb593 fe2efe372c0545c59d9433d45133879b 9664d814bc3c4983b9ca153adc629424 - - default default] 10.0.0.58 "GET /v2.0/trunks/6b92df14-8cbf-4de4-8006-71f9bc927711/tags/red HTTP/1.1" status: 204 len: 168 time: 0.0132797
2026-05-07 04:39:48.120 10 INFO neutron.api.v2.resource [None req-79562df6-ed3d-4c3f-9206-62733ccf5586 fe2efe372c0545c59d9433d45133879b 9664d814bc3c4983b9ca153adc629424 - - default default] show failed (client error): The resource could not be found.
2026-05-07 04:39:48.121 10 INFO neutron.api.wsgi [None req-79562df6-ed3d-4c3f-9206-62733ccf5586 fe2efe372c0545c59d9433d45133879b 9664d814bc3c4983b9ca153adc629424 - - default default] 10.0.0.58 "GET /v2.0/trunks/6b92df14-8cbf-4de4-8006-71f9bc927711/tags/green HTTP/1.1" status: 404 len: 299 time: 0.0137277
2026-05-07 04:39:48.156 10 INFO neutron.api.wsgi [None req-91d45b3a-283e-42e1-a22d-c54aff882c17 fe2efe372c0545c59d9433d45133879b 9664d814bc3c4983b9ca153adc629424 - - default default] 10.0.0.58 "DELETE /v2.0/trunks/6b92df14-8cbf-4de4-8006-71f9bc927711/tags/red HTTP/1.1" status: 204 len: 168 time: 0.0295451
2026-05-07 04:39:48.172 9 INFO neutron.db.ovn_revision_numbers_db [None req-603efe59-f28d-46dc-8d5a-942be8e7bfca 6374e6295d27448d9ad02f2840c691dd cec73f6aa3234db1b8e544bec2a081de - - default default] Successfully bumped revision number for resource 6ff81614-2b6a-4ebd-aa3a-98053c811a3d (type: security_group_rules) to 0
2026-05-07 04:39:48.177 10 INFO neutron.api.wsgi [None req-4355d5ad-c4d7-4a28-b7d4-ef6ce88bcaa8 fe2efe372c0545c59d9433d45133879b 9664d814bc3c4983b9ca153adc629424 - - default default] 10.0.0.58 "GET /v2.0/trunks/6b92df14-8cbf-4de4-8006-71f9bc927711/tags HTTP/1.1" status: 200 len: 223 time: 0.0159807
2026-05-07 04:39:48.202 10 INFO neutron.api.v2.resource [None req-20d0ceb2-54c8-480b-8a44-5e9639075bb2 fe2efe372c0545c59d9433d45133879b 9664d814bc3c4983b9ca153adc629424 - - default default] delete failed (client error): The resource could not be found.
2026-05-07 04:39:48.203 9 INFO neutron.api.wsgi [None req-603efe59-f28d-46dc-8d5a-942be8e7bfca 6374e6295d27448d9ad02f2840c691dd cec73f6aa3234db1b8e544bec2a081de - - default default] 10.0.0.58 "POST /v2.0/security-group-rules HTTP/1.1" status: 201 len: 800 time: 0.1509538
2026-05-07 04:39:48.203 10 INFO neutron.api.wsgi [None req-20d0ceb2-54c8-480b-8a44-5e9639075bb2 fe2efe372c0545c59d9433d45133879b 9664d814bc3c4983b9ca153adc629424 - - default default] 10.0.0.58 "DELETE /v2.0/trunks/6b92df14-8cbf-4de4-8006-71f9bc927711/tags/green HTTP/1.1" status: 404 len: 299 time: 0.0199077
2026-05-07 04:39:48.213 9 WARNING neutron_lib.context [None req-cf2e74b5-1fe5-4e25-9d26-8f4be4167b50 6374e6295d27448d9ad02f2840c691dd cec73f6aa3234db1b8e544bec2a081de - - default default] Method 'is_advsvc' is deprecated since 2023.2 release (neutron-lib 3.8.0) and will be removed once support for the old RBAC API policies will be removed from Neutron. Please use method 'is_service_role' instead.
2026-05-07 04:39:48.241 10 INFO neutron.api.wsgi [None req-f5a795e2-69f4-4da0-b128-f0c3658451fb fe2efe372c0545c59d9433d45133879b 9664d814bc3c4983b9ca153adc629424 - - default default] 10.0.0.58 "DELETE /v2.0/trunks/6b92df14-8cbf-4de4-8006-71f9bc927711/tags HTTP/1.1" status: 204 len: 168 time: 0.0329962
2026-05-07 04:39:48.264 9 INFO neutron.db.securitygroups_db [None req-cf2e74b5-1fe5-4e25-9d26-8f4be4167b50 6374e6295d27448d9ad02f2840c691dd cec73f6aa3234db1b8e544bec2a081de - - default default] Project cec73f6aa3234db1b8e544bec2a081de added a security group rule with legacy IPv6 ICMP protocol name icmp, ipv6-icmp should be used instead. It was automatically converted.
2026-05-07 04:39:48.265 10 INFO neutron.api.wsgi [None req-9e9442a9-9768-4993-8d84-deaa593684f2 fe2efe372c0545c59d9433d45133879b 9664d814bc3c4983b9ca153adc629424 - - default default] 10.0.0.58 "GET /v2.0/trunks/6b92df14-8cbf-4de4-8006-71f9bc927711/tags HTTP/1.1" status: 200 len: 205 time: 0.0167167
2026-05-07 04:39:48.297 10 INFO neutron.api.wsgi [None req-59d31169-bcb3-4429-93e5-4d35b1a0c533 fe2efe372c0545c59d9433d45133879b 9664d814bc3c4983b9ca153adc629424 - - default default] 10.0.0.58 "GET /v2.0/trunks/6b92df14-8cbf-4de4-8006-71f9bc927711 HTTP/1.1" status: 200 len: 603 time: 0.0178831
2026-05-07 04:39:48.407 9 INFO neutron.db.ovn_revision_numbers_db [None req-cf2e74b5-1fe5-4e25-9d26-8f4be4167b50 6374e6295d27448d9ad02f2840c691dd cec73f6aa3234db1b8e544bec2a081de - - default default] Successfully bumped revision number for resource 1b15206c-3e8a-470c-8009-ba9c65064997 (type: security_group_rules) to 0
2026-05-07 04:39:48.417 9 INFO neutron.api.wsgi [None req-618d4e36-3fad-47d6-a1fa-7d058531c21b fe2efe372c0545c59d9433d45133879b 9664d814bc3c4983b9ca153adc629424 - - default default] 10.0.0.58 "GET /v2.0/ports/9e9a3028-22e8-46dc-8435-039971a99e72 HTTP/1.1" status: 200 len: 1020 time: 0.1135135
2026-05-07 04:39:48.449 9 INFO neutron.api.wsgi [None req-cf2e74b5-1fe5-4e25-9d26-8f4be4167b50 6374e6295d27448d9ad02f2840c691dd cec73f6aa3234db1b8e544bec2a081de - - default default] 10.0.0.58 "POST /v2.0/security-group-rules HTTP/1.1" status: 201 len: 806 time: 0.2402668
2026-05-07 04:39:48.463 9 WARNING neutron_lib.context [None req-46d705e4-5cad-40b6-9494-7066a1b64a2e 6374e6295d27448d9ad02f2840c691dd cec73f6aa3234db1b8e544bec2a081de - - default default] Method 'is_advsvc' is deprecated since 2023.2 release (neutron-lib 3.8.0) and will be removed once support for the old RBAC API policies will be removed from Neutron. Please use method 'is_service_role' instead.
2026-05-07 04:39:48.500 9 INFO neutron.db.securitygroups_db [None req-46d705e4-5cad-40b6-9494-7066a1b64a2e 6374e6295d27448d9ad02f2840c691dd cec73f6aa3234db1b8e544bec2a081de - - default default] Project cec73f6aa3234db1b8e544bec2a081de added a security group rule with legacy IPv6 ICMP protocol name icmp, ipv6-icmp should be used instead. It was automatically converted.
2026-05-07 04:39:48.539 10 INFO neutron.api.wsgi [None req-63f3e42f-24e6-4917-bea5-2627dd4d4cff fe2efe372c0545c59d9433d45133879b 9664d814bc3c4983b9ca153adc629424 - - default default] 10.0.0.58 "DELETE /v2.0/trunks/6b92df14-8cbf-4de4-8006-71f9bc927711 HTTP/1.1" status: 204 len: 168 time: 0.1116414
2026-05-07 04:39:48.665 9 INFO neutron.db.ovn_revision_numbers_db [None req-46d705e4-5cad-40b6-9494-7066a1b64a2e 6374e6295d27448d9ad02f2840c691dd cec73f6aa3234db1b8e544bec2a081de - - default default] Successfully bumped revision number for resource 6b7c814a-a0f8-4e2a-aad0-904bfc562675 (type: security_group_rules) to 0
2026-05-07 04:39:48.711 9 INFO neutron.api.wsgi [None req-46d705e4-5cad-40b6-9494-7066a1b64a2e 6374e6295d27448d9ad02f2840c691dd cec73f6aa3234db1b8e544bec2a081de - - default default] 10.0.0.58 "POST /v2.0/security-group-rules HTTP/1.1" status: 201 len: 805 time: 0.2529917
2026-05-07 04:39:48.848 9 INFO neutron.api.wsgi [None req-57fd657b-dfe0-4167-826f-c042ba710aa1 fe2efe372c0545c59d9433d45133879b 9664d814bc3c4983b9ca153adc629424 - - default default] 10.0.0.58 "DELETE /v2.0/ports/9e9a3028-22e8-46dc-8435-039971a99e72 HTTP/1.1" status: 204 len: 168 time: 0.3023796
2026-05-07 04:39:49.095 10 WARNING neutron_lib.context [None req-c29caaf5-300c-4d6a-b24c-dd34af22d123 6374e6295d27448d9ad02f2840c691dd cec73f6aa3234db1b8e544bec2a081de - - default default] Method 'is_advsvc' is deprecated since 2023.2 release (neutron-lib 3.8.0) and will be removed once support for the old RBAC API policies will be removed from Neutron. Please use method 'is_service_role' instead.
2026-05-07 04:39:49.179 9 INFO neutron.services.segments.plugin [-] Segment cced4ec6-dcb2-44ef-9681-77b036a3e0da resource provider aggregate not found
2026-05-07 04:39:49.190 9 INFO neutron.services.segments.plugin [-] Segment cced4ec6-dcb2-44ef-9681-77b036a3e0da resource provider not found; error: Placement Client Error (4xx): {"errors": [{"status": 404, "title": "Not Found", "detail": "The resource could not be found.\n\n No resource provider with uuid cced4ec6-dcb2-44ef-9681-77b036a3e0da found for delete ", "request_id": "req-444b0516-6619-4144-bd3e-75806156af3d"}]}
2026-05-07 04:39:49.192 9 INFO neutron.services.segments.plugin [-] Segment cced4ec6-dcb2-44ef-9681-77b036a3e0da resource provider aggregate not found
2026-05-07 04:39:49.201 9 INFO neutron.services.segments.plugin [-] Segment cced4ec6-dcb2-44ef-9681-77b036a3e0da resource provider not found; error: Placement Client Error (4xx): {"errors": [{"status": 404, "title": "Not Found", "detail": "The resource could not be found.\n\n No resource provider with uuid cced4ec6-dcb2-44ef-9681-77b036a3e0da found for delete ", "request_id": "req-27b2957b-c015-4cbe-a034-4c70c9499100"}]}
2026-05-07 04:39:49.208 10 INFO neutron.db.ovn_revision_numbers_db [None req-c29caaf5-300c-4d6a-b24c-dd34af22d123 6374e6295d27448d9ad02f2840c691dd cec73f6aa3234db1b8e544bec2a081de - - default default] Successfully bumped revision number for resource d66471c2-d866-4b3f-bb86-f46d2c99b2ca (type: security_groups) to 1
2026-05-07 04:39:49.223 10 INFO neutron.db.ovn_revision_numbers_db [None req-c29caaf5-300c-4d6a-b24c-dd34af22d123 6374e6295d27448d9ad02f2840c691dd cec73f6aa3234db1b8e544bec2a081de - - default default] Successfully bumped revision number for resource 802865b7-645d-492c-af6e-da02c3dc2977 (type: security_group_rules) to 0
2026-05-07 04:39:49.229 9 INFO neutron.api.wsgi [None req-8d51b88f-a161-4835-9deb-ee57e5dd76cd fe2efe372c0545c59d9433d45133879b 9664d814bc3c4983b9ca153adc629424 - - default default] 10.0.0.58 "DELETE /v2.0/networks/acb5efa6-a5da-46ad-9e67-8f2113db49e2 HTTP/1.1" status: 204 len: 168 time: 0.3731790
2026-05-07 04:39:49.236 10 INFO neutron.db.ovn_revision_numbers_db [None req-c29caaf5-300c-4d6a-b24c-dd34af22d123 6374e6295d27448d9ad02f2840c691dd cec73f6aa3234db1b8e544bec2a081de - - default default] Successfully bumped revision number for resource f1407691-80ad-4749-b3e7-460a2fc60a95 (type: security_group_rules) to 0
2026-05-07 04:39:49.272 10 INFO neutron.api.wsgi [None req-c29caaf5-300c-4d6a-b24c-dd34af22d123 6374e6295d27448d9ad02f2840c691dd cec73f6aa3234db1b8e544bec2a081de - - default default] 10.0.0.58 "POST /v2.0/security-groups HTTP/1.1" status: 201 len: 1862 time: 0.1803200
2026-05-07 04:39:49.281 10 WARNING neutron_lib.context [None req-8ab1814b-42cd-423d-ba1e-ae498f3bb804 6374e6295d27448d9ad02f2840c691dd cec73f6aa3234db1b8e544bec2a081de - - default default] Method 'is_advsvc' is deprecated since 2023.2 release (neutron-lib 3.8.0) and will be removed once support for the old RBAC API policies will be removed from Neutron. Please use method 'is_service_role' instead.
2026-05-07 04:39:49.409 10 INFO neutron.db.ovn_revision_numbers_db [None req-8ab1814b-42cd-423d-ba1e-ae498f3bb804 6374e6295d27448d9ad02f2840c691dd cec73f6aa3234db1b8e544bec2a081de - - default default] Successfully bumped revision number for resource 915b0500-b105-4d08-82e6-670b10652fd3 (type: security_group_rules) to 0
2026-05-07 04:39:49.445 10 INFO neutron.api.wsgi [None req-8ab1814b-42cd-423d-ba1e-ae498f3bb804 6374e6295d27448d9ad02f2840c691dd cec73f6aa3234db1b8e544bec2a081de - - default default] 10.0.0.58 "POST /v2.0/security-group-rules HTTP/1.1" status: 201 len: 796 time: 0.1677365
2026-05-07 04:39:49.455 10 WARNING neutron_lib.context [None req-b78fac67-6baa-4186-871e-0a06fd29028d 6374e6295d27448d9ad02f2840c691dd cec73f6aa3234db1b8e544bec2a081de - - default default] Method 'is_advsvc' is deprecated since 2023.2 release (neutron-lib 3.8.0) and will be removed once support for the old RBAC API policies will be removed from Neutron. Please use method 'is_service_role' instead.
2026-05-07 04:39:49.567 10 INFO neutron.db.ovn_revision_numbers_db [None req-b78fac67-6baa-4186-871e-0a06fd29028d 6374e6295d27448d9ad02f2840c691dd cec73f6aa3234db1b8e544bec2a081de - - default default] Successfully bumped revision number for resource 969c0958-cc2f-4642-b252-091511045224 (type: security_group_rules) to 0
2026-05-07 04:39:49.599 10 INFO neutron.api.wsgi [None req-b78fac67-6baa-4186-871e-0a06fd29028d 6374e6295d27448d9ad02f2840c691dd cec73f6aa3234db1b8e544bec2a081de - - default default] 10.0.0.58 "POST /v2.0/security-group-rules HTTP/1.1" status: 201 len: 801 time: 0.1484177
2026-05-07 04:39:49.608 10 WARNING neutron_lib.context [None req-fa081895-80d1-453e-b8c8-ea1f6b707abe 6374e6295d27448d9ad02f2840c691dd cec73f6aa3234db1b8e544bec2a081de - - default default] Method 'is_advsvc' is deprecated since 2023.2 release (neutron-lib 3.8.0) and will be removed once support for the old RBAC API policies will be removed from Neutron. Please use method 'is_service_role' instead.
2026-05-07 04:39:49.823 10 WARNING neutron.scheduler.dhcp_agent_scheduler [None req-fa081895-80d1-453e-b8c8-ea1f6b707abe 6374e6295d27448d9ad02f2840c691dd cec73f6aa3234db1b8e544bec2a081de - - default default] No more DHCP agents
2026-05-07 04:39:49.825 10 WARNING neutron.api.rpc.agentnotifiers.dhcp_rpc_agent_api [None req-fa081895-80d1-453e-b8c8-ea1f6b707abe 6374e6295d27448d9ad02f2840c691dd cec73f6aa3234db1b8e544bec2a081de - - default default] Unable to schedule network bb2502a7-810e-44b0-bf54-9c9da8f1d864: no agents available; will retry on subsequent port and subnet creation events.
2026-05-07 04:39:50.072 9 INFO neutron.db.ovn_revision_numbers_db [None req-e3e78b4b-1007-4b85-b80a-c876d899277a ce632d76966a4c36b373021fa2dac8d0 f3b2c4eeb3ee4a1b93fb1c15ccb58fd0 - - default default] Successfully bumped revision number for resource f228caee-7faf-4d67-a3ec-096e4ba9e1dd (type: security_groups) to 1
2026-05-07 04:39:50.089 9 INFO neutron.db.ovn_revision_numbers_db [None req-e3e78b4b-1007-4b85-b80a-c876d899277a ce632d76966a4c36b373021fa2dac8d0 f3b2c4eeb3ee4a1b93fb1c15ccb58fd0 - - default default] Successfully bumped revision number for resource 1c333681-f3c9-4aea-a026-1ab59d90f549 (type: security_group_rules) to 0
2026-05-07 04:39:50.106 10 INFO neutron.api.wsgi [None req-fa081895-80d1-453e-b8c8-ea1f6b707abe 6374e6295d27448d9ad02f2840c691dd cec73f6aa3234db1b8e544bec2a081de - - default default] 10.0.0.58 "POST /v2.0/floatingips HTTP/1.1" status: 201 len: 751 time: 0.5020812
2026-05-07 04:39:50.108 9 INFO neutron.db.ovn_revision_numbers_db [None req-e3e78b4b-1007-4b85-b80a-c876d899277a ce632d76966a4c36b373021fa2dac8d0 f3b2c4eeb3ee4a1b93fb1c15ccb58fd0 - - default default] Successfully bumped revision number for resource 3aeb5116-8598-42a3-971c-1b238ed7c685 (type: security_group_rules) to 0
2026-05-07 04:39:50.131 9 INFO neutron.db.ovn_revision_numbers_db [None req-e3e78b4b-1007-4b85-b80a-c876d899277a ce632d76966a4c36b373021fa2dac8d0 f3b2c4eeb3ee4a1b93fb1c15ccb58fd0 - - default default] Successfully bumped revision number for resource 4b88747e-f758-4cfb-a54c-939d2142468e (type: security_group_rules) to 0
2026-05-07 04:39:50.146 9 INFO neutron.db.ovn_revision_numbers_db [None req-e3e78b4b-1007-4b85-b80a-c876d899277a ce632d76966a4c36b373021fa2dac8d0 f3b2c4eeb3ee4a1b93fb1c15ccb58fd0 - - default default] Successfully bumped revision number for resource c99d0301-2808-4eab-9e63-fb35927aab3f (type: security_group_rules) to 0
2026-05-07 04:39:50.181 9 INFO neutron.api.wsgi [None req-e3e78b4b-1007-4b85-b80a-c876d899277a ce632d76966a4c36b373021fa2dac8d0 f3b2c4eeb3ee4a1b93fb1c15ccb58fd0 - - default default] 10.0.0.58 "GET /v2.0/security-groups?tenant_id=2c2308cb4c124d2487738af8f1892031&name=default HTTP/1.1" status: 200 len: 3124 time: 0.3192968
2026-05-07 04:39:50.260 9 INFO neutron.api.wsgi [req-b6d0e58e-182c-4931-9c96-c233ecc195a9 req-dfbe67a3-c9e6-4e27-aba1-dd14f466e6f3 6374e6295d27448d9ad02f2840c691dd cec73f6aa3234db1b8e544bec2a081de - - default default] 10.0.0.7 "GET /v2.0/security-groups?name=tempest-securitygroup--438294279&fields=id&tenant_id=cec73f6aa3234db1b8e544bec2a081de HTTP/1.1" status: 200 len: 267 time: 0.0618975
2026-05-07 04:39:50.301 9 INFO neutron.api.wsgi [req-b6d0e58e-182c-4931-9c96-c233ecc195a9 req-c8bd9d74-6e87-4b9a-82ad-3aa23b7ea0f4 6374e6295d27448d9ad02f2840c691dd cec73f6aa3234db1b8e544bec2a081de - - default default] 10.0.0.7 "GET /v2.0/security-groups?name=tempest-secgroup-smoke-1619405066&fields=id&tenant_id=cec73f6aa3234db1b8e544bec2a081de HTTP/1.1" status: 200 len: 267 time: 0.0357614
2026-05-07 04:39:50.355 9 INFO neutron.api.wsgi [req-b6d0e58e-182c-4931-9c96-c233ecc195a9 req-1974d7e1-54da-4cc8-989e-7755d14e62de 6374e6295d27448d9ad02f2840c691dd cec73f6aa3234db1b8e544bec2a081de - - default default] 10.0.0.7 "GET /v2.0/networks?id=b956d596-e19e-4341-a6d9-40fd65083020 HTTP/1.1" status: 200 len: 871 time: 0.0505064
2026-05-07 04:39:50.373 9 INFO neutron.api.wsgi [req-b6d0e58e-182c-4931-9c96-c233ecc195a9 req-7f6ccbd2-d728-497f-8450-55edea1fd198 6374e6295d27448d9ad02f2840c691dd cec73f6aa3234db1b8e544bec2a081de - - default default] 10.0.0.7 "GET /v2.0/quotas/cec73f6aa3234db1b8e544bec2a081de HTTP/1.1" status: 200 len: 491 time: 0.0105181
2026-05-07 04:39:50.451 9 INFO neutron.api.wsgi [req-b6d0e58e-182c-4931-9c96-c233ecc195a9 req-5bcbdf6a-fea1-428b-bab6-22a306a69f67 6374e6295d27448d9ad02f2840c691dd cec73f6aa3234db1b8e544bec2a081de - - default default] 10.0.0.7 "GET /v2.0/ports?tenant_id=cec73f6aa3234db1b8e544bec2a081de&fields=id HTTP/1.1" status: 200 len: 302 time: 0.0720203
2026-05-07 04:39:50.456 9 INFO neutron.api.wsgi [None req-973f44a7-1a11-4086-ab18-6c05d89ee113 ce632d76966a4c36b373021fa2dac8d0 f3b2c4eeb3ee4a1b93fb1c15ccb58fd0 - - default default] 10.0.0.58 "DELETE /v2.0/security-groups/f228caee-7faf-4d67-a3ec-096e4ba9e1dd HTTP/1.1" status: 204 len: 168 time: 0.2678883
2026-05-07 04:39:50.522 9 INFO neutron.api.wsgi [req-b6d0e58e-182c-4931-9c96-c233ecc195a9 req-17495cff-04f7-49ab-b018-d83e43052df7 b9d9def71d194032a4ed1e1ec88523b9 d2c7cb5775e94dffa99d4e5e41325356 - - b74b1b31a6064d86ba7664f2a626d740 b74b1b31a6064d86ba7664f2a626d740] 10.0.0.7 "GET /v2.0/networks/b956d596-e19e-4341-a6d9-40fd65083020?fields=segments HTTP/1.1" status: 200 len: 212 time: 0.0567586
2026-05-07 04:39:50.572 9 INFO neutron.api.wsgi [req-b6d0e58e-182c-4931-9c96-c233ecc195a9 req-4cf203db-34be-41ec-968d-0f3d95f78043 b9d9def71d194032a4ed1e1ec88523b9 d2c7cb5775e94dffa99d4e5e41325356 - - b74b1b31a6064d86ba7664f2a626d740 b74b1b31a6064d86ba7664f2a626d740] 10.0.0.7 "GET /v2.0/networks/b956d596-e19e-4341-a6d9-40fd65083020?fields=provider%3Aphysical_network&fields=provider%3Anetwork_type HTTP/1.1" status: 200 len: 277 time: 0.0432374
2026-05-07 04:39:50.610 10 INFO neutron.api.wsgi [None req-5540fd56-a4fe-47ac-a3d6-15f2be0066f6 ce632d76966a4c36b373021fa2dac8d0 f3b2c4eeb3ee4a1b93fb1c15ccb58fd0 - - default default] 10.0.0.58 "GET /v2.0/security-groups?tenant_id=9664d814bc3c4983b9ca153adc629424&name=default HTTP/1.1" status: 200 len: 3124 time: 0.0366652
2026-05-07 04:39:50.719 9 INFO neutron.api.wsgi [req-e9d1dc08-99cf-4815-b8bb-59d8c64f03b0 req-bac14730-4210-49f2-b729-97fff66c1fa1 6374e6295d27448d9ad02f2840c691dd cec73f6aa3234db1b8e544bec2a081de - - default default] 10.0.0.7 "GET /v2.0/ports?device_id=faf3b4de-a70f-4759-a574-52e952e6694d HTTP/1.1" status: 200 len: 210 time: 0.0211489
2026-05-07 04:39:50.838 10 INFO neutron.api.wsgi [None req-f88cf00c-17ae-4bd6-9608-14dc362cf255 ce632d76966a4c36b373021fa2dac8d0 f3b2c4eeb3ee4a1b93fb1c15ccb58fd0 - - default default] 10.0.0.58 "DELETE /v2.0/security-groups/b9e19d9c-8928-432e-9591-117583ac60ca HTTP/1.1" status: 204 len: 168 time: 0.2219262
2026-05-07 04:39:51.792 9 INFO neutron.api.wsgi [req-9549b523-b42e-42a2-afd6-141f1a572bec req-000273fe-d8b3-4928-bba9-c180ea9331c6 6374e6295d27448d9ad02f2840c691dd cec73f6aa3234db1b8e544bec2a081de - - default default] 10.0.0.7 "GET /v2.0/ports?device_id=faf3b4de-a70f-4759-a574-52e952e6694d HTTP/1.1" status: 200 len: 210 time: 0.0183082
2026-05-07 04:39:51.821 10 WARNING neutron.plugins.ml2.drivers.ovn.mech_driver.ovsdb.ovn_client [None req-bdd256d5-3f58-4810-b913-9e86f7af4736 - - - - - -] No hosting information found for port ed6dcaa6-5c86-457f-a0d7-72ab261a3fe3: RuntimeError: No hosting information found for port ed6dcaa6-5c86-457f-a0d7-72ab261a3fe3
2026-05-07 04:39:51.896 10 INFO neutron.db.ovn_revision_numbers_db [None req-bdd256d5-3f58-4810-b913-9e86f7af4736 - - - - - -] Successfully bumped revision number for resource ed6dcaa6-5c86-457f-a0d7-72ab261a3fe3 (type: router_ports) to 2
2026-05-07 04:39:52.918 9 INFO neutron.api.wsgi [req-c081dcc8-7066-4687-8658-bcaecdd75282 req-70bf5abd-2448-42b7-9d2c-4166fca79e35 6374e6295d27448d9ad02f2840c691dd cec73f6aa3234db1b8e544bec2a081de - - default default] 10.0.0.7 "GET /v2.0/ports?device_id=faf3b4de-a70f-4759-a574-52e952e6694d HTTP/1.1" status: 200 len: 210 time: 0.0353847
2026-05-07 04:39:54.011 9 INFO neutron.api.wsgi [req-26de9bc9-e7e0-4287-9ce4-ceb118a68ca8 req-024028cc-a1fe-4bd2-a401-6213c8e4d057 6374e6295d27448d9ad02f2840c691dd cec73f6aa3234db1b8e544bec2a081de - - default default] 10.0.0.7 "GET /v2.0/ports?device_id=faf3b4de-a70f-4759-a574-52e952e6694d HTTP/1.1" status: 200 len: 210 time: 0.0216420
2026-05-07 04:39:55.046 9 INFO neutron.api.wsgi [req-b6d0e58e-182c-4931-9c96-c233ecc195a9 req-ea84dc65-5a20-47b9-bd0e-96aa21910a06 6374e6295d27448d9ad02f2840c691dd cec73f6aa3234db1b8e544bec2a081de - - default default] 199.19.213.105 "GET /v2.0/networks?id=b956d596-e19e-4341-a6d9-40fd65083020 HTTP/1.1" status: 200 len: 871 time: 0.0417256
2026-05-07 04:39:55.102 9 INFO neutron.api.wsgi [req-be835a96-d7a1-4fbf-88fe-82646ebc41e1 req-78657ed7-05c1-4bd6-8f0a-27593a7c0f92 6374e6295d27448d9ad02f2840c691dd cec73f6aa3234db1b8e544bec2a081de - - default default] 10.0.0.7 "GET /v2.0/ports?device_id=faf3b4de-a70f-4759-a574-52e952e6694d HTTP/1.1" status: 200 len: 210 time: 0.0188289
2026-05-07 04:39:55.122 9 INFO neutron.api.wsgi [req-b6d0e58e-182c-4931-9c96-c233ecc195a9 req-20dfeddb-b9d6-4335-8aed-36f9a62896de 6374e6295d27448d9ad02f2840c691dd cec73f6aa3234db1b8e544bec2a081de - - default default] 199.19.213.105 "GET /v2.0/security-groups?fields=id&fields=name&tenant_id=cec73f6aa3234db1b8e544bec2a081de HTTP/1.1" status: 200 len: 472 time: 0.0638862
2026-05-07 04:39:55.131 9 WARNING neutron_lib.context [req-b6d0e58e-182c-4931-9c96-c233ecc195a9 req-81240697-34c9-4f39-8ee5-fbb49e7ba9ab 6374e6295d27448d9ad02f2840c691dd cec73f6aa3234db1b8e544bec2a081de - - default default] Method 'is_advsvc' is deprecated since 2023.2 release (neutron-lib 3.8.0) and will be removed once support for the old RBAC API policies will be removed from Neutron. Please use method 'is_service_role' instead.
2026-05-07 04:39:55.340 10 INFO neutron.api.wsgi [-] 10.0.0.116 "GET / HTTP/1.1" status: 200 len: 247 time: 0.0026920
2026-05-07 04:39:55.343 10 INFO neutron.api.wsgi [-] 10.0.0.116 "GET / HTTP/1.1" status: 200 len: 247 time: 0.0019848
2026-05-07 04:39:55.428 9 WARNING neutron.scheduler.dhcp_agent_scheduler [req-b6d0e58e-182c-4931-9c96-c233ecc195a9 req-81240697-34c9-4f39-8ee5-fbb49e7ba9ab 6374e6295d27448d9ad02f2840c691dd cec73f6aa3234db1b8e544bec2a081de - - default default] No more DHCP agents
2026-05-07 04:39:55.429 9 WARNING neutron.api.rpc.agentnotifiers.dhcp_rpc_agent_api [req-b6d0e58e-182c-4931-9c96-c233ecc195a9 req-81240697-34c9-4f39-8ee5-fbb49e7ba9ab 6374e6295d27448d9ad02f2840c691dd cec73f6aa3234db1b8e544bec2a081de - - default default] Unable to schedule network b956d596-e19e-4341-a6d9-40fd65083020: no agents available; will retry on subsequent port and subnet creation events.
2026-05-07 04:39:55.567 9 INFO neutron.db.ovn_revision_numbers_db [req-b6d0e58e-182c-4931-9c96-c233ecc195a9 req-81240697-34c9-4f39-8ee5-fbb49e7ba9ab 6374e6295d27448d9ad02f2840c691dd cec73f6aa3234db1b8e544bec2a081de - - default default] Successfully bumped revision number for resource 459f9826-ef66-4a35-b46a-15c6a682bfc3 (type: ports) to 1
2026-05-07 04:39:55.590 9 INFO neutron.api.wsgi [req-b6d0e58e-182c-4931-9c96-c233ecc195a9 req-81240697-34c9-4f39-8ee5-fbb49e7ba9ab 6374e6295d27448d9ad02f2840c691dd cec73f6aa3234db1b8e544bec2a081de - - default default] 199.19.213.105 "POST /v2.0/ports HTTP/1.1" status: 201 len: 1201 time: 0.4645631 /var/lib/openstack/lib/python3.12/site-packages/pycadf/identifier.py:71: UserWarning: Invalid uuid: neutron. To ensure interoperability, identifiers should be a valid uuid. warnings.warn(('Invalid uuid: %s. To ensure interoperability, '
2026-05-07 04:39:55.934 9 INFO neutron.db.ovn_revision_numbers_db [req-b6d0e58e-182c-4931-9c96-c233ecc195a9 req-42770bcd-a2cd-4b86-821f-6d7efc3a3908 b9d9def71d194032a4ed1e1ec88523b9 d2c7cb5775e94dffa99d4e5e41325356 - - b74b1b31a6064d86ba7664f2a626d740 b74b1b31a6064d86ba7664f2a626d740] Successfully bumped revision number for resource 459f9826-ef66-4a35-b46a-15c6a682bfc3 (type: ports) to 2
2026-05-07 04:39:56.148 9 INFO neutron.db.ovn_revision_numbers_db [req-b6d0e58e-182c-4931-9c96-c233ecc195a9 req-42770bcd-a2cd-4b86-821f-6d7efc3a3908 b9d9def71d194032a4ed1e1ec88523b9 d2c7cb5775e94dffa99d4e5e41325356 - - b74b1b31a6064d86ba7664f2a626d740 b74b1b31a6064d86ba7664f2a626d740] Successfully bumped revision number for resource 459f9826-ef66-4a35-b46a-15c6a682bfc3 (type: ports) to 4
2026-05-07 04:39:56.173 9 INFO neutron.api.wsgi [req-b6d0e58e-182c-4931-9c96-c233ecc195a9 req-42770bcd-a2cd-4b86-821f-6d7efc3a3908 b9d9def71d194032a4ed1e1ec88523b9 d2c7cb5775e94dffa99d4e5e41325356 - - b74b1b31a6064d86ba7664f2a626d740 b74b1b31a6064d86ba7664f2a626d740] 199.19.213.105 "PUT /v2.0/ports/459f9826-ef66-4a35-b46a-15c6a682bfc3 HTTP/1.1" status: 200 len: 1447 time: 0.5761228 /var/lib/openstack/lib/python3.12/site-packages/pycadf/identifier.py:71: UserWarning: Invalid uuid: neutron. To ensure interoperability, identifiers should be a valid uuid. warnings.warn(('Invalid uuid: %s. To ensure interoperability, '
2026-05-07 04:39:56.215 9 INFO neutron.notifiers.nova [-] Nova event matching ['req-e2e5910d-5ded-4cde-b216-a6b47a312122'] response: {'name': 'network-changed', 'server_uuid': 'faf3b4de-a70f-4759-a574-52e952e6694d', 'tag': '459f9826-ef66-4a35-b46a-15c6a682bfc3', 'status': 'completed', 'code': 200}
2026-05-07 04:39:56.258 9 INFO neutron.api.wsgi [req-49971d5c-2182-4f0b-a8da-2c14740cdc6a req-8a0d910f-e719-4141-ad5e-3aab3b86717a 6374e6295d27448d9ad02f2840c691dd cec73f6aa3234db1b8e544bec2a081de - - default default] 10.0.0.7 "GET /v2.0/ports?device_id=faf3b4de-a70f-4759-a574-52e952e6694d HTTP/1.1" status: 200 len: 1212 time: 0.0754495
