2026-05-07 04:36:14.915 9 INFO neutron.api.wsgi [req-cf8071d2-0202-47e4-b8b7-3b8d0a8f86f9 req-c8285ddc-ce46-4c20-bb89-ce3ca38f449c 8923d15792c94648a5a72345a6e29f0b f5f1698f42f04966a3c147adaae5cb18 - - default default] 199.19.213.105 "GET /v2.0/ports?device_id=deaa7c9e-1ce8-47d2-bfda-11222dd49092&device_owner=compute%3Anova&network_id=7b5f04d7-993c-4026-ba97-096592c24137 HTTP/1.1" status: 200 len: 1170 time: 0.0638304
2026-05-07 04:36:15.168 9 INFO neutron.api.wsgi [req-96f52cf9-20dc-43fb-b6f1-0899429280d7 req-e6cbbe54-d86a-4a03-a346-f4f4b81854f3 88f2c1203f77450087e0be8b534506a3 8e89c39428fa46f19c3981977936559d - - default default] 10.0.0.7 "GET /v2.0/ports?device_id=125a6020-c129-4965-8115-d237414bbfc5 HTTP/1.1" status: 200 len: 1172 time: 0.0300503
2026-05-07 04:36:15.219 9 INFO neutron.api.wsgi [req-96f52cf9-20dc-43fb-b6f1-0899429280d7 req-12fd6e34-4f6d-408b-a1ca-831e6987305e 88f2c1203f77450087e0be8b534506a3 8e89c39428fa46f19c3981977936559d - - default default] 10.0.0.7 "GET /v2.0/security-groups?id=107b1798-5c9d-45d6-b699-5b4e4e7643ca&fields=id&fields=name HTTP/1.1" status: 200 len: 312 time: 0.0445507
2026-05-07 04:36:15.384 9 INFO neutron.db.ovn_revision_numbers_db [None req-2e7c7a78-07bc-47c6-9805-c53f4553789a ce632d76966a4c36b373021fa2dac8d0 f3b2c4eeb3ee4a1b93fb1c15ccb58fd0 - - default default] Successfully bumped revision number for resource b17ceca9-429f-49f9-b0a4-343d54d271b9 (type: security_groups) to 1
2026-05-07 04:36:15.397 9 INFO neutron.db.ovn_revision_numbers_db [None req-2e7c7a78-07bc-47c6-9805-c53f4553789a ce632d76966a4c36b373021fa2dac8d0 f3b2c4eeb3ee4a1b93fb1c15ccb58fd0 - - default default] Successfully bumped revision number for resource 267ba900-b314-4a60-9291-79043fa3acd7 (type: security_group_rules) to 0
2026-05-07 04:36:15.411 9 INFO neutron.db.ovn_revision_numbers_db [None req-2e7c7a78-07bc-47c6-9805-c53f4553789a ce632d76966a4c36b373021fa2dac8d0 f3b2c4eeb3ee4a1b93fb1c15ccb58fd0 - - default default] Successfully bumped revision number for resource 5df73584-7988-45a1-b11d-e4cf3a2b2763 (type: security_group_rules) to 0
2026-05-07 04:36:15.425 9 INFO neutron.db.ovn_revision_numbers_db [None req-2e7c7a78-07bc-47c6-9805-c53f4553789a ce632d76966a4c36b373021fa2dac8d0 f3b2c4eeb3ee4a1b93fb1c15ccb58fd0 - - default default] Successfully bumped revision number for resource 7cd1d448-bf49-4ad6-b7a5-4fe2c8944fdc (type: security_group_rules) to 0
2026-05-07 04:36:15.437 9 INFO neutron.db.ovn_revision_numbers_db [None req-2e7c7a78-07bc-47c6-9805-c53f4553789a ce632d76966a4c36b373021fa2dac8d0 f3b2c4eeb3ee4a1b93fb1c15ccb58fd0 - - default default] Successfully bumped revision number for resource d6f76898-bf25-4184-9f24-637521d4bd74 (type: security_group_rules) to 0
2026-05-07 04:36:15.470 9 INFO neutron.api.wsgi [None req-2e7c7a78-07bc-47c6-9805-c53f4553789a ce632d76966a4c36b373021fa2dac8d0 f3b2c4eeb3ee4a1b93fb1c15ccb58fd0 - - default default] 10.0.0.58 "GET /v2.0/security-groups?tenant_id=4806d331ea1e4a7da654beb0df558dd8&name=default HTTP/1.1" status: 200 len: 3120 time: 0.4135067
2026-05-07 04:36:15.557 9 INFO neutron.db.ovn_revision_numbers_db [req-cf8071d2-0202-47e4-b8b7-3b8d0a8f86f9 req-da2db46f-e0d5-4115-a780-1f40f32c0388 8923d15792c94648a5a72345a6e29f0b f5f1698f42f04966a3c147adaae5cb18 - - default default] Successfully bumped revision number for resource f470e19d-57eb-4c42-a516-1c8040107835 (type: ports) to 6
2026-05-07 04:36:15.568 9 INFO neutron.api.wsgi [req-cf8071d2-0202-47e4-b8b7-3b8d0a8f86f9 req-da2db46f-e0d5-4115-a780-1f40f32c0388 8923d15792c94648a5a72345a6e29f0b f5f1698f42f04966a3c147adaae5cb18 - - default default] 199.19.213.105 "PUT /v2.0/ports/f470e19d-57eb-4c42-a516-1c8040107835 HTTP/1.1" status: 200 len: 1345 time: 0.6486139
2026-05-07 04:36:15.697 10 INFO neutron.api.wsgi [None req-2deff599-cdb1-4611-aed1-b5c4a1ff7799 ce632d76966a4c36b373021fa2dac8d0 f3b2c4eeb3ee4a1b93fb1c15ccb58fd0 - - default default] 10.0.0.58 "DELETE /v2.0/security-groups/b17ceca9-429f-49f9-b0a4-343d54d271b9 HTTP/1.1" status: 204 len: 168 time: 0.2214742 /var/lib/openstack/lib/python3.12/site-packages/pycadf/identifier.py:71: UserWarning: Invalid uuid: neutron. To ensure interoperability, identifiers should be a valid uuid. warnings.warn(('Invalid uuid: %s. To ensure interoperability, '
2026-05-07 04:36:15.796 9 INFO neutron.api.wsgi [req-ed7db4f0-38f9-49a3-bcd1-e3db734ea7e8 req-3f633ef4-db39-4233-954b-a6cf20e47dd7 b9d9def71d194032a4ed1e1ec88523b9 d2c7cb5775e94dffa99d4e5e41325356 - - b74b1b31a6064d86ba7664f2a626d740 b74b1b31a6064d86ba7664f2a626d740] 199.19.213.105 "GET /v2.0/ports?tenant_id=8e89c39428fa46f19c3981977936559d&device_id=125a6020-c129-4965-8115-d237414bbfc5 HTTP/1.1" status: 200 len: 1411 time: 0.0284522
2026-05-07 04:36:15.810 9 INFO neutron.api.wsgi [req-ed7db4f0-38f9-49a3-bcd1-e3db734ea7e8 req-90b8ec14-73ef-43d8-93f3-7f16a8b03c64 b9d9def71d194032a4ed1e1ec88523b9 d2c7cb5775e94dffa99d4e5e41325356 - - b74b1b31a6064d86ba7664f2a626d740 b74b1b31a6064d86ba7664f2a626d740] 199.19.213.105 "GET /v2.0/floatingips?fixed_ip_address=10.100.0.14&port_id=257aa93c-ef88-414b-9992-989eb5d358fb HTTP/1.1" status: 200 len: 217 time: 0.0112147
2026-05-07 04:36:15.829 9 INFO neutron.api.wsgi [req-ed7db4f0-38f9-49a3-bcd1-e3db734ea7e8 req-45023832-265e-4200-a711-1759dae2365e b9d9def71d194032a4ed1e1ec88523b9 d2c7cb5775e94dffa99d4e5e41325356 - - b74b1b31a6064d86ba7664f2a626d740 b74b1b31a6064d86ba7664f2a626d740] 199.19.213.105 "GET /v2.0/subnets?id=d300577a-4f21-44b9-a693-536bdaf37b9b HTTP/1.1" status: 200 len: 897 time: 0.0165181
2026-05-07 04:36:15.844 9 INFO neutron.api.wsgi [req-ed7db4f0-38f9-49a3-bcd1-e3db734ea7e8 req-d4e21e44-4920-414f-89fd-5635bd6bb8fe b9d9def71d194032a4ed1e1ec88523b9 d2c7cb5775e94dffa99d4e5e41325356 - - b74b1b31a6064d86ba7664f2a626d740 b74b1b31a6064d86ba7664f2a626d740] 199.19.213.105 "GET /v2.0/ports?network_id=9d7303ce-feb3-4c84-95b0-639bfec38f66&device_owner=network%3Adhcp HTTP/1.1" status: 200 len: 210 time: 0.0132031
2026-05-07 04:36:15.882 9 INFO neutron.api.wsgi [req-ed7db4f0-38f9-49a3-bcd1-e3db734ea7e8 req-92606db9-beb2-405a-b63b-905375ac7b9d b9d9def71d194032a4ed1e1ec88523b9 d2c7cb5775e94dffa99d4e5e41325356 - - b74b1b31a6064d86ba7664f2a626d740 b74b1b31a6064d86ba7664f2a626d740] 199.19.213.105 "GET /v2.0/networks/9d7303ce-feb3-4c84-95b0-639bfec38f66?fields=segments HTTP/1.1" status: 200 len: 212 time: 0.0346568
2026-05-07 04:36:15.915 9 INFO neutron.api.wsgi [req-ed7db4f0-38f9-49a3-bcd1-e3db734ea7e8 req-c74b5df1-8903-4e87-adf3-3d1701a1be4f b9d9def71d194032a4ed1e1ec88523b9 d2c7cb5775e94dffa99d4e5e41325356 - - b74b1b31a6064d86ba7664f2a626d740 b74b1b31a6064d86ba7664f2a626d740] 199.19.213.105 "GET /v2.0/networks/9d7303ce-feb3-4c84-95b0-639bfec38f66?fields=provider%3Aphysical_network&fields=provider%3Anetwork_type HTTP/1.1" status: 200 len: 277 time: 0.0312049
2026-05-07 04:36:16.111 9 INFO neutron.api.wsgi [req-cf8071d2-0202-47e4-b8b7-3b8d0a8f86f9 req-ab7b7c1b-5257-4a15-ade2-31729d0c434f b9d9def71d194032a4ed1e1ec88523b9 d2c7cb5775e94dffa99d4e5e41325356 - - b74b1b31a6064d86ba7664f2a626d740 b74b1b31a6064d86ba7664f2a626d740] 199.19.213.105 "GET /v2.0/ports?tenant_id=f5f1698f42f04966a3c147adaae5cb18&device_id=deaa7c9e-1ce8-47d2-bfda-11222dd49092 HTTP/1.1" status: 200 len: 1586 time: 0.0342848
2026-05-07 04:36:16.146 9 INFO neutron.notifiers.nova [-] Nova event matching ['req-92c2bb65-78f3-4399-b857-5682ae9c2246'] response: {'name': 'network-changed', 'server_uuid': 'deaa7c9e-1ce8-47d2-bfda-11222dd49092', 'tag': 'f470e19d-57eb-4c42-a516-1c8040107835', 'status': 'completed', 'code': 200}
2026-05-07 04:36:16.156 9 INFO neutron.api.wsgi [req-cf8071d2-0202-47e4-b8b7-3b8d0a8f86f9 req-24360a54-9ee0-42fd-af66-2743b635e50d b9d9def71d194032a4ed1e1ec88523b9 d2c7cb5775e94dffa99d4e5e41325356 - - b74b1b31a6064d86ba7664f2a626d740 b74b1b31a6064d86ba7664f2a626d740] 199.19.213.105 "GET /v2.0/networks?id=7b5f04d7-993c-4026-ba97-096592c24137 HTTP/1.1" status: 200 len: 981 time: 0.0424066
2026-05-07 04:36:16.207 9 INFO neutron.api.wsgi [req-cf8071d2-0202-47e4-b8b7-3b8d0a8f86f9 req-84bfeb66-16da-49c6-a7dc-8aa2add5626e b9d9def71d194032a4ed1e1ec88523b9 d2c7cb5775e94dffa99d4e5e41325356 - - b74b1b31a6064d86ba7664f2a626d740 b74b1b31a6064d86ba7664f2a626d740] 199.19.213.105 "GET /v2.0/floatingips?fixed_ip_address=10.100.0.3&port_id=f470e19d-57eb-4c42-a516-1c8040107835 HTTP/1.1" status: 200 len: 1059 time: 0.0472224
2026-05-07 04:36:16.225 9 INFO neutron.api.wsgi [req-cf8071d2-0202-47e4-b8b7-3b8d0a8f86f9 req-2b73b42a-5016-4756-98ac-4b5a0ac7e34a b9d9def71d194032a4ed1e1ec88523b9 d2c7cb5775e94dffa99d4e5e41325356 - - b74b1b31a6064d86ba7664f2a626d740 b74b1b31a6064d86ba7664f2a626d740] 199.19.213.105 "GET /v2.0/floatingips?fixed_ip_address=10.100.0.5&port_id=f470e19d-57eb-4c42-a516-1c8040107835 HTTP/1.1" status: 200 len: 217 time: 0.0148387
2026-05-07 04:36:16.475 9 INFO neutron.api.wsgi [req-cf8071d2-0202-47e4-b8b7-3b8d0a8f86f9 req-0f3e9100-ade0-4d23-a3e3-93222f7bc6cf b9d9def71d194032a4ed1e1ec88523b9 d2c7cb5775e94dffa99d4e5e41325356 - - b74b1b31a6064d86ba7664f2a626d740 b74b1b31a6064d86ba7664f2a626d740] 199.19.213.105 "GET /v2.0/subnets?id=40157841-f15d-4636-bf31-59a115ea5e81 HTTP/1.1" status: 200 len: 900 time: 0.2479358
2026-05-07 04:36:16.482 9 INFO neutron.api.wsgi [req-f6ebfc65-2d88-437e-859f-fcc81dcc9c1c req-24419124-a8d3-4700-8f5a-a4c9c824ac9d 88f2c1203f77450087e0be8b534506a3 8e89c39428fa46f19c3981977936559d - - default default] 10.0.0.7 "GET /v2.0/ports?device_id=125a6020-c129-4965-8115-d237414bbfc5 HTTP/1.1" status: 200 len: 1172 time: 0.0276234
2026-05-07 04:36:16.511 9 INFO neutron.api.wsgi [req-cf8071d2-0202-47e4-b8b7-3b8d0a8f86f9 req-8124c079-6cd2-4b0f-b054-09adb7d68bc5 b9d9def71d194032a4ed1e1ec88523b9 d2c7cb5775e94dffa99d4e5e41325356 - - b74b1b31a6064d86ba7664f2a626d740 b74b1b31a6064d86ba7664f2a626d740] 199.19.213.105 "GET /v2.0/ports?network_id=7b5f04d7-993c-4026-ba97-096592c24137&device_owner=network%3Adhcp HTTP/1.1" status: 200 len: 210 time: 0.0160160
2026-05-07 04:36:16.521 9 INFO neutron.api.wsgi [req-f6ebfc65-2d88-437e-859f-fcc81dcc9c1c req-526fa9e9-f134-4f94-a0ce-72c37444071b 88f2c1203f77450087e0be8b534506a3 8e89c39428fa46f19c3981977936559d - - default default] 10.0.0.7 "GET /v2.0/security-groups?id=107b1798-5c9d-45d6-b699-5b4e4e7643ca&fields=id&fields=name HTTP/1.1" status: 200 len: 312 time: 0.0355992
2026-05-07 04:36:16.559 9 INFO neutron.api.wsgi [req-cf8071d2-0202-47e4-b8b7-3b8d0a8f86f9 req-1ceff70b-c16e-4e14-b99a-0a39f05ac35d b9d9def71d194032a4ed1e1ec88523b9 d2c7cb5775e94dffa99d4e5e41325356 - - b74b1b31a6064d86ba7664f2a626d740 b74b1b31a6064d86ba7664f2a626d740] 199.19.213.105 "GET /v2.0/networks/7b5f04d7-993c-4026-ba97-096592c24137?fields=segments HTTP/1.1" status: 200 len: 212 time: 0.0407746
2026-05-07 04:36:16.604 9 INFO neutron.api.wsgi [req-cf8071d2-0202-47e4-b8b7-3b8d0a8f86f9 req-f3b3c708-4fc3-41ad-8d05-c6fa40e15c36 b9d9def71d194032a4ed1e1ec88523b9 d2c7cb5775e94dffa99d4e5e41325356 - - b74b1b31a6064d86ba7664f2a626d740 b74b1b31a6064d86ba7664f2a626d740] 199.19.213.105 "GET /v2.0/networks/7b5f04d7-993c-4026-ba97-096592c24137?fields=provider%3Aphysical_network&fields=provider%3Anetwork_type HTTP/1.1" status: 200 len: 277 time: 0.0403633
2026-05-07 04:36:17.551 9 INFO neutron.api.wsgi [req-995332d8-210c-4883-a027-d928a497b310 req-82601817-b170-456b-a9ea-b7a05b718e6a 8923d15792c94648a5a72345a6e29f0b f5f1698f42f04966a3c147adaae5cb18 - - default default] 10.0.0.7 "GET /v2.0/ports?device_id=deaa7c9e-1ce8-47d2-bfda-11222dd49092 HTTP/1.1" status: 200 len: 1348 time: 0.0399332
2026-05-07 04:36:17.617 9 INFO neutron.api.wsgi [req-52c79b3a-cf19-4bdd-99c4-b29663e18d6d req-c6cc8915-f401-440d-a321-35219404dbf3 88f2c1203f77450087e0be8b534506a3 8e89c39428fa46f19c3981977936559d - - default default] 10.0.0.7 "GET /v2.0/ports?device_id=125a6020-c129-4965-8115-d237414bbfc5 HTTP/1.1" status: 200 len: 1172 time: 0.0391138
2026-05-07 04:36:17.619 9 INFO neutron.api.wsgi [req-995332d8-210c-4883-a027-d928a497b310 req-0f5acc69-d11e-4d1f-8c49-45bb2b41e1c2 8923d15792c94648a5a72345a6e29f0b f5f1698f42f04966a3c147adaae5cb18 - - default default] 10.0.0.7 "GET /v2.0/security-groups?id=9926cd57-d0bb-4bfd-ad64-173babbd1f67&fields=id&fields=name HTTP/1.1" status: 200 len: 313 time: 0.0624309
2026-05-07 04:36:17.664 9 INFO neutron.api.wsgi [req-51d3bacb-a313-4172-a176-0a0e6a616c8e req-fbc7d132-78ad-4511-afc3-92e28bf75020 b9d9def71d194032a4ed1e1ec88523b9 d2c7cb5775e94dffa99d4e5e41325356 - - b74b1b31a6064d86ba7664f2a626d740 b74b1b31a6064d86ba7664f2a626d740] 199.19.213.105 "GET /v2.0/ports?tenant_id=f5f1698f42f04966a3c147adaae5cb18&device_id=deaa7c9e-1ce8-47d2-bfda-11222dd49092 HTTP/1.1" status: 200 len: 1586 time: 0.0397639
2026-05-07 04:36:17.685 9 INFO neutron.api.wsgi [req-52c79b3a-cf19-4bdd-99c4-b29663e18d6d req-bce91bbc-ebb1-4fb7-b8a0-1b81835084d9 88f2c1203f77450087e0be8b534506a3 8e89c39428fa46f19c3981977936559d - - default default] 10.0.0.7 "GET /v2.0/security-groups?id=107b1798-5c9d-45d6-b699-5b4e4e7643ca&fields=id&fields=name HTTP/1.1" status: 200 len: 312 time: 0.0617261
2026-05-07 04:36:17.731 9 INFO neutron.api.wsgi [req-51d3bacb-a313-4172-a176-0a0e6a616c8e req-f68e8e8b-5c18-478a-8954-8ebcb35674f4 b9d9def71d194032a4ed1e1ec88523b9 d2c7cb5775e94dffa99d4e5e41325356 - - b74b1b31a6064d86ba7664f2a626d740 b74b1b31a6064d86ba7664f2a626d740] 199.19.213.105 "GET /v2.0/networks?id=7b5f04d7-993c-4026-ba97-096592c24137 HTTP/1.1" status: 200 len: 981 time: 0.0584297
2026-05-07 04:36:17.770 10 INFO neutron.api.wsgi [None req-4f4bf70f-f74e-4d2a-9cab-26ee2813379f d65d1947d49b422783fe595db83774e6 442ade6a27244ee2a274fcc383ef3a58 - - default default] 10.0.0.58 "GET /v2.0/extensions HTTP/1.1" status: 200 len: 19293 time: 0.2327561
2026-05-07 04:36:17.777 10 INFO neutron.api.wsgi [None req-53c1a6ba-03cb-4855-973a-006d5de43a68 d65d1947d49b422783fe595db83774e6 442ade6a27244ee2a274fcc383ef3a58 - - default default] 10.0.0.58 "GET /v2.0/extensions/address-group HTTP/1.1" status: 200 len: 353 time: 0.0036640
2026-05-07 04:36:17.785 10 INFO neutron.api.wsgi [None req-5ac410de-2602-4a8c-a127-6e9de4c6663c d65d1947d49b422783fe595db83774e6 442ade6a27244ee2a274fcc383ef3a58 - - default default] 10.0.0.58 "GET /v2.0/extensions/address-scope HTTP/1.1" status: 200 len: 357 time: 0.0029063
2026-05-07 04:36:17.787 9 INFO neutron.api.wsgi [req-51d3bacb-a313-4172-a176-0a0e6a616c8e req-9d63ee9f-0823-47f3-abf7-f9bab33b8ce8 b9d9def71d194032a4ed1e1ec88523b9 d2c7cb5775e94dffa99d4e5e41325356 - - b74b1b31a6064d86ba7664f2a626d740 b74b1b31a6064d86ba7664f2a626d740] 199.19.213.105 "GET /v2.0/floatingips?fixed_ip_address=10.100.0.3&port_id=f470e19d-57eb-4c42-a516-1c8040107835 HTTP/1.1" status: 200 len: 1059 time: 0.0504532
2026-05-07 04:36:17.793 9 INFO neutron.api.wsgi [None req-1818ccca-1335-4691-8f11-0e25c8820215 d65d1947d49b422783fe595db83774e6 442ade6a27244ee2a274fcc383ef3a58 - - default default] 10.0.0.58 "GET /v2.0/extensions/agent HTTP/1.1" status: 200 len: 347 time: 0.0046911
2026-05-07 04:36:17.803 10 INFO neutron.api.wsgi [None req-9fa68ea9-aded-4b1a-a439-1cf0fa77e741 d65d1947d49b422783fe595db83774e6 442ade6a27244ee2a274fcc383ef3a58 - - default default] 10.0.0.58 "GET /v2.0/extensions/allowed-address-pairs HTTP/1.1" status: 200 len: 378 time: 0.0065544
2026-05-07 04:36:17.808 9 INFO neutron.api.wsgi [req-51d3bacb-a313-4172-a176-0a0e6a616c8e req-e99e737b-cbb1-41ea-bff5-e9c5467b0efd b9d9def71d194032a4ed1e1ec88523b9 d2c7cb5775e94dffa99d4e5e41325356 - - b74b1b31a6064d86ba7664f2a626d740 b74b1b31a6064d86ba7664f2a626d740] 199.19.213.105 "GET /v2.0/floatingips?fixed_ip_address=10.100.0.5&port_id=f470e19d-57eb-4c42-a516-1c8040107835 HTTP/1.1" status: 200 len: 217 time: 0.0140069
2026-05-07 04:36:17.809 10 INFO neutron.api.wsgi [None req-b86669cd-d4c1-44f3-bfc9-e3d33fc42365 d65d1947d49b422783fe595db83774e6 442ade6a27244ee2a274fcc383ef3a58 - - default default] 10.0.0.58 "GET /v2.0/extensions/auto-allocated-topology HTTP/1.1" status: 200 len: 394 time: 0.0032895
2026-05-07 04:36:17.815 9 INFO neutron.api.wsgi [None req-9c41a7ef-ae06-43e6-9b24-44fac169aa56 d65d1947d49b422783fe595db83774e6 442ade6a27244ee2a274fcc383ef3a58 - - default default] 10.0.0.58 "GET /v2.0/extensions/availability_zone HTTP/1.1" status: 200 len: 372 time: 0.0034943
2026-05-07 04:36:17.825 10 INFO neutron.api.wsgi [None req-6e4582b5-e6e4-4f6a-8869-33c04104d29c d65d1947d49b422783fe595db83774e6 442ade6a27244ee2a274fcc383ef3a58 - - default default] 10.0.0.58 "GET /v2.0/extensions/default-subnetpools HTTP/1.1" status: 200 len: 405 time: 0.0055196
2026-05-07 04:36:17.832 10 INFO neutron.api.wsgi [None req-147cdc98-802e-4429-884b-6bd1d1595662 d65d1947d49b422783fe595db83774e6 442ade6a27244ee2a274fcc383ef3a58 - - default default] 10.0.0.58 "GET /v2.0/extensions/dhcp_agent_scheduler HTTP/1.1" status: 200 len: 381 time: 0.0033219
2026-05-07 04:36:17.838 9 INFO neutron.api.wsgi [req-51d3bacb-a313-4172-a176-0a0e6a616c8e req-cb9cf45b-d38c-4077-b0a7-78bcacc86a9d b9d9def71d194032a4ed1e1ec88523b9 d2c7cb5775e94dffa99d4e5e41325356 - - b74b1b31a6064d86ba7664f2a626d740 b74b1b31a6064d86ba7664f2a626d740] 199.19.213.105 "GET /v2.0/subnets?id=40157841-f15d-4636-bf31-59a115ea5e81 HTTP/1.1" status: 200 len: 900 time: 0.0216520
2026-05-07 04:36:17.839 10 INFO neutron.api.wsgi [None req-1c73db01-fb04-4688-83d8-4fd072e157d7 d65d1947d49b422783fe595db83774e6 442ade6a27244ee2a274fcc383ef3a58 - - default default] 10.0.0.58 "GET /v2.0/extensions/dns-integration HTTP/1.1" status: 200 len: 366 time: 0.0035977
2026-05-07 04:36:17.844 10 INFO neutron.api.wsgi [None req-58d29159-8787-410a-9ce4-1ddfe37a3744 d65d1947d49b422783fe595db83774e6 442ade6a27244ee2a274fcc383ef3a58 - - default default] 10.0.0.58 "GET /v2.0/extensions/dns-domain-ports HTTP/1.1" status: 200 len: 399 time: 0.0033104
2026-05-07 04:36:17.850 10 INFO neutron.api.wsgi [None req-eeef3e0f-855e-4144-b609-a74075ae4489 d65d1947d49b422783fe595db83774e6 442ade6a27244ee2a274fcc383ef3a58 - - default default] 10.0.0.58 "GET /v2.0/extensions/dns-integration-domain-keywords HTTP/1.1" status: 200 len: 477 time: 0.0032592
2026-05-07 04:36:17.857 9 INFO neutron.api.wsgi [req-51d3bacb-a313-4172-a176-0a0e6a616c8e req-943f67dc-4a30-4704-b84d-1e2f5a482c9b b9d9def71d194032a4ed1e1ec88523b9 d2c7cb5775e94dffa99d4e5e41325356 - - b74b1b31a6064d86ba7664f2a626d740 b74b1b31a6064d86ba7664f2a626d740] 199.19.213.105 "GET /v2.0/ports?network_id=7b5f04d7-993c-4026-ba97-096592c24137&device_owner=network%3Adhcp HTTP/1.1" status: 200 len: 210 time: 0.0137537
2026-05-07 04:36:17.857 10 INFO neutron.api.wsgi [None req-dd0926d3-b7d8-4139-b8af-206b5546b91c d65d1947d49b422783fe595db83774e6 442ade6a27244ee2a274fcc383ef3a58 - - default default] 10.0.0.58 "GET /v2.0/extensions/empty-string-filtering HTTP/1.1" status: 200 len: 413 time: 0.0034542
2026-05-07 04:36:17.863 10 INFO neutron.api.wsgi [None req-32f06875-2e23-4d06-812a-0648d1dcd16e d65d1947d49b422783fe595db83774e6 442ade6a27244ee2a274fcc383ef3a58 - - default default] 10.0.0.58 "GET /v2.0/extensions/external-net HTTP/1.1" status: 200 len: 394 time: 0.0036628
2026-05-07 04:36:17.869 10 INFO neutron.api.wsgi [None req-cd5d9a77-f881-4834-bcec-0fe18d2e7295 d65d1947d49b422783fe595db83774e6 442ade6a27244ee2a274fcc383ef3a58 - - default default] 10.0.0.58 "GET /v2.0/extensions/extra_dhcp_opt HTTP/1.1" status: 200 len: 498 time: 0.0033112
2026-05-07 04:36:17.875 10 INFO neutron.api.wsgi [None req-1e09847b-ec21-4cae-b6b5-a4f39c6bd22f d65d1947d49b422783fe595db83774e6 442ade6a27244ee2a274fcc383ef3a58 - - default default] 10.0.0.58 "GET /v2.0/extensions/extraroute HTTP/1.1" status: 200 len: 375 time: 0.0032735
2026-05-07 04:36:17.882 10 INFO neutron.api.wsgi [None req-1a9d0ad5-0627-4795-96eb-cc54f538cf15 d65d1947d49b422783fe595db83774e6 442ade6a27244ee2a274fcc383ef3a58 - - default default] 10.0.0.58 "GET /v2.0/extensions/floating-ip-port-forwarding-detail HTTP/1.1" status: 200 len: 465 time: 0.0033920
2026-05-07 04:36:17.888 10 INFO neutron.api.wsgi [None req-fce4d3a5-2171-478a-8a49-02bb665ce267 d65d1947d49b422783fe595db83774e6 442ade6a27244ee2a274fcc383ef3a58 - - default default] 10.0.0.58 "GET /v2.0/extensions/fip-port-details HTTP/1.1" status: 200 len: 406 time: 0.0035942
2026-05-07 04:36:17.894 10 INFO neutron.api.wsgi [None req-d3caed5e-1167-49cf-9451-1f26b955e1ef d65d1947d49b422783fe595db83774e6 442ade6a27244ee2a274fcc383ef3a58 - - default default] 10.0.0.58 "GET /v2.0/extensions/flavors HTTP/1.1" status: 200 len: 387 time: 0.0032339
2026-05-07 04:36:17.900 9 INFO neutron.api.wsgi [req-51d3bacb-a313-4172-a176-0a0e6a616c8e req-0949f80e-c1be-4f74-8fce-2446f381800f b9d9def71d194032a4ed1e1ec88523b9 d2c7cb5775e94dffa99d4e5e41325356 - - b74b1b31a6064d86ba7664f2a626d740 b74b1b31a6064d86ba7664f2a626d740] 199.19.213.105 "GET /v2.0/networks/7b5f04d7-993c-4026-ba97-096592c24137?fields=segments HTTP/1.1" status: 200 len: 212 time: 0.0390117
2026-05-07 04:36:17.904 10 INFO neutron.api.wsgi [None req-50add23a-b8e5-4c94-b6f2-d02dcb10067e d65d1947d49b422783fe595db83774e6 442ade6a27244ee2a274fcc383ef3a58 - - default default] 10.0.0.58 "GET /v2.0/extensions/floatingip-pools HTTP/1.1" status: 200 len: 382 time: 0.0064158
2026-05-07 04:36:17.910 10 INFO neutron.api.wsgi [None req-225ec2f4-19ec-44de-b16e-9108d26f5a12 d65d1947d49b422783fe595db83774e6 442ade6a27244ee2a274fcc383ef3a58 - - default default] 10.0.0.58 "GET /v2.0/extensions/ip_allocation HTTP/1.1" status: 200 len: 356 time: 0.0033441
2026-05-07 04:36:17.916 10 INFO neutron.api.wsgi [None req-22a6d23e-4986-4a0c-ae2d-d97dfd9d10f3 d65d1947d49b422783fe595db83774e6 442ade6a27244ee2a274fcc383ef3a58 - - default default] 10.0.0.58 "GET /v2.0/extensions/l2_adjacency HTTP/1.1" status: 200 len: 372 time: 0.0029268
2026-05-07 04:36:17.923 10 INFO neutron.api.wsgi [None req-68e5da75-cc65-4114-a246-07881f32c59a d65d1947d49b422783fe595db83774e6 442ade6a27244ee2a274fcc383ef3a58 - - default default] 10.0.0.58 "GET /v2.0/extensions/router HTTP/1.1" status: 200 len: 450 time: 0.0036895
2026-05-07 04:36:17.934 9 INFO neutron.api.wsgi [None req-b46b8e05-4c1c-4aa2-9fa9-c22615d30c14 d65d1947d49b422783fe595db83774e6 442ade6a27244ee2a274fcc383ef3a58 - - default default] 10.0.0.58 "GET /v2.0/extensions/enable-default-route-bfd HTTP/1.1" status: 200 len: 406 time: 0.0047555
2026-05-07 04:36:17.943 10 INFO neutron.api.wsgi [None req-b7bc8187-181e-4205-a2fc-d4cab5c5c9c7 d65d1947d49b422783fe595db83774e6 442ade6a27244ee2a274fcc383ef3a58 - - default default] 10.0.0.58 "GET /v2.0/extensions/enable-default-route-ecmp HTTP/1.1" status: 200 len: 409 time: 0.0052545
2026-05-07 04:36:17.949 9 INFO neutron.api.wsgi [None req-dba8696f-9cc3-467a-9e16-556efb8aec05 d65d1947d49b422783fe595db83774e6 442ade6a27244ee2a274fcc383ef3a58 - - default default] 10.0.0.58 "GET /v2.0/extensions/ext-gw-mode HTTP/1.1" status: 200 len: 462 time: 0.0035868
2026-05-07 04:36:17.953 9 INFO neutron.api.wsgi [req-51d3bacb-a313-4172-a176-0a0e6a616c8e req-a0159de0-b709-452c-927e-0f6fcb439115 b9d9def71d194032a4ed1e1ec88523b9 d2c7cb5775e94dffa99d4e5e41325356 - - b74b1b31a6064d86ba7664f2a626d740 b74b1b31a6064d86ba7664f2a626d740] 199.19.213.105 "GET /v2.0/networks/7b5f04d7-993c-4026-ba97-096592c24137?fields=provider%3Aphysical_network&fields=provider%3Anetwork_type HTTP/1.1" status: 200 len: 277 time: 0.0488610
2026-05-07 04:36:17.956 10 INFO neutron.api.wsgi [None req-f2e35bb3-9a2b-4b63-ac53-49da152ecfc3 d65d1947d49b422783fe595db83774e6 442ade6a27244ee2a274fcc383ef3a58 - - default default] 10.0.0.58 "GET /v2.0/extensions/l3-ha HTTP/1.1" status: 200 len: 360 time: 0.0040412
2026-05-07 04:36:17.963 9 INFO neutron.api.wsgi [None req-1fc010ff-0c89-49c5-ac28-671df776cde1 d65d1947d49b422783fe595db83774e6 442ade6a27244ee2a274fcc383ef3a58 - - default default] 10.0.0.58 "GET /v2.0/extensions/external-gateway-multihoming HTTP/1.1" status: 200 len: 421 time: 0.0023956
2026-05-07 04:36:17.970 9 INFO neutron.api.wsgi [None req-223dd3ef-664f-44fb-9ce5-2a1449ea3417 d65d1947d49b422783fe595db83774e6 442ade6a27244ee2a274fcc383ef3a58 - - default default] 10.0.0.58 "GET /v2.0/extensions/l3-flavors HTTP/1.1" status: 200 len: 366 time: 0.0035310
2026-05-07 04:36:17.976 9 INFO neutron.api.wsgi [None req-98e5f9c6-4fc3-4fc6-8d11-f3090602815a d65d1947d49b422783fe595db83774e6 442ade6a27244ee2a274fcc383ef3a58 - - default default] 10.0.0.58 "GET /v2.0/extensions/logging HTTP/1.1" status: 200 len: 407 time: 0.0035167
2026-05-07 04:36:17.984 9 INFO neutron.api.wsgi [None req-514660ac-2f20-4d00-949c-7da423723c6a d65d1947d49b422783fe595db83774e6 442ade6a27244ee2a274fcc383ef3a58 - - default default] 10.0.0.58 "GET /v2.0/extensions/multi-provider HTTP/1.1" status: 200 len: 406 time: 0.0044878
2026-05-07 04:36:17.994 10 INFO neutron.api.wsgi [None req-4b63a89f-e7d2-450a-9176-8f45c0dc7330 d65d1947d49b422783fe595db83774e6 442ade6a27244ee2a274fcc383ef3a58 - - default default] 10.0.0.58 "GET /v2.0/extensions/net-mtu HTTP/1.1" status: 200 len: 370 time: 0.0067120
2026-05-07 04:36:18.001 10 INFO neutron.api.wsgi [None req-929a514a-966e-4cc9-9d22-f7bc5f593215 d65d1947d49b422783fe595db83774e6 442ade6a27244ee2a274fcc383ef3a58 - - default default] 10.0.0.58 "GET /v2.0/extensions/net-mtu-writable HTTP/1.1" status: 200 len: 401 time: 0.0037611
2026-05-07 04:36:18.009 9 INFO neutron.api.wsgi [None req-a34afe1e-32af-4868-a968-631ce57f64a9 d65d1947d49b422783fe595db83774e6 442ade6a27244ee2a274fcc383ef3a58 - - default default] 10.0.0.58 "GET /v2.0/extensions/network_availability_zone HTTP/1.1" status: 200 len: 394 time: 0.0041425
2026-05-07 04:36:18.016 9 INFO neutron.api.wsgi [None req-decce907-164b-41ff-8637-6561b0acc0cf d65d1947d49b422783fe595db83774e6 442ade6a27244ee2a274fcc383ef3a58 - - default default] 10.0.0.58 "GET /v2.0/extensions/network-ip-availability HTTP/1.1" status: 200 len: 410 time: 0.0026422
2026-05-07 04:36:18.021 9 INFO neutron.api.wsgi [None req-cd8025fd-6596-4884-9e48-6d6c8f082928 d65d1947d49b422783fe595db83774e6 442ade6a27244ee2a274fcc383ef3a58 - - default default] 10.0.0.58 "GET /v2.0/extensions/pagination HTTP/1.1" status: 200 len: 386 time: 0.0025313
2026-05-07 04:36:18.027 9 INFO neutron.api.wsgi [None req-69f45350-ad2f-403e-95a2-e33ee98ea369 d65d1947d49b422783fe595db83774e6 442ade6a27244ee2a274fcc383ef3a58 - - default default] 10.0.0.58 "GET /v2.0/extensions/port-device-profile HTTP/1.1" status: 200 len: 383 time: 0.0027599
2026-05-07 04:36:18.037 9 INFO neutron.api.wsgi [None req-0be616a3-8dff-4111-9ca4-d563fc2d294e d65d1947d49b422783fe595db83774e6 442ade6a27244ee2a274fcc383ef3a58 - - default default] 10.0.0.58 "GET /v2.0/extensions/port-mac-address-regenerate HTTP/1.1" status: 200 len: 403 time: 0.0064468
2026-05-07 04:36:18.045 10 INFO neutron.api.wsgi [None req-441fba33-2380-45da-b066-6ef21d56586d d65d1947d49b422783fe595db83774e6 442ade6a27244ee2a274fcc383ef3a58 - - default default] 10.0.0.58 "GET /v2.0/extensions/port-numa-affinity-policy HTTP/1.1" status: 200 len: 392 time: 0.0043516
2026-05-07 04:36:18.056 9 INFO neutron.api.wsgi [None req-6ee28343-5a3a-4e3c-864f-a994ec015c06 d65d1947d49b422783fe595db83774e6 442ade6a27244ee2a274fcc383ef3a58 - - default default] 10.0.0.58 "GET /v2.0/extensions/port-numa-affinity-policy-socket HTTP/1.1" status: 200 len: 434 time: 0.0066733
2026-05-07 04:36:18.064 9 INFO neutron.api.wsgi [None req-82e2cac1-935d-4f3e-9e5b-ca0d4457e95b d65d1947d49b422783fe595db83774e6 442ade6a27244ee2a274fcc383ef3a58 - - default default] 10.0.0.58 "GET /v2.0/extensions/port-resource-request HTTP/1.1" status: 200 len: 379 time: 0.0045946
2026-05-07 04:36:18.072 9 INFO neutron.api.wsgi [None req-8bc1cf0d-ecac-42b3-a0da-c4043df4fd25 d65d1947d49b422783fe595db83774e6 442ade6a27244ee2a274fcc383ef3a58 - - default default] 10.0.0.58 "GET /v2.0/extensions/port-resource-request-groups HTTP/1.1" status: 200 len: 465 time: 0.0039687
2026-05-07 04:36:18.078 9 INFO neutron.api.wsgi [None req-078ea3e8-f19c-482e-bd5a-387685830b8d d65d1947d49b422783fe595db83774e6 442ade6a27244ee2a274fcc383ef3a58 - - default default] 10.0.0.58 "GET /v2.0/extensions/binding HTTP/1.1" status: 200 len: 387 time: 0.0033574
2026-05-07 04:36:18.085 10 INFO neutron.api.wsgi [None req-19ebca3b-aa62-496f-b7e8-46772344f5dc d65d1947d49b422783fe595db83774e6 442ade6a27244ee2a274fcc383ef3a58 - - default default] 10.0.0.58 "GET /v2.0/extensions/binding-extended HTTP/1.1" status: 200 len: 406 time: 0.0043368
2026-05-07 04:36:18.093 10 INFO neutron.api.wsgi [None req-91722d6e-bc8c-4791-8514-5d5e1229ef43 d65d1947d49b422783fe595db83774e6 442ade6a27244ee2a274fcc383ef3a58 - - default default] 10.0.0.58 "GET /v2.0/extensions/port-security HTTP/1.1" status: 200 len: 354 time: 0.0044875
2026-05-07 04:36:18.100 10 INFO neutron.api.wsgi [None req-2f5dc500-dc46-4c6d-91c8-79e0eb038a01 d65d1947d49b422783fe595db83774e6 442ade6a27244ee2a274fcc383ef3a58 - - default default] 10.0.0.58 "GET /v2.0/extensions/project-id HTTP/1.1" status: 200 len: 398 time: 0.0038087
2026-05-07 04:36:18.107 10 INFO neutron.api.wsgi [None req-608c8d71-26c6-4c31-a461-510941f18d4c d65d1947d49b422783fe595db83774e6 442ade6a27244ee2a274fcc383ef3a58 - - default default] 10.0.0.58 "GET /v2.0/extensions/provider HTTP/1.1" status: 200 len: 385 time: 0.0034282
2026-05-07 04:36:18.116 9 INFO neutron.api.wsgi [None req-194d3edb-70f8-4ad3-b6be-69342e0b61dd d65d1947d49b422783fe595db83774e6 442ade6a27244ee2a274fcc383ef3a58 - - default default] 10.0.0.58 "GET /v2.0/extensions/qos HTTP/1.1" status: 200 len: 360 time: 0.0054460
2026-05-07 04:36:18.124 9 INFO neutron.api.wsgi [None req-69f741dc-b71a-48be-a4f1-6e47c0c400cc d65d1947d49b422783fe595db83774e6 442ade6a27244ee2a274fcc383ef3a58 - - default default] 10.0.0.58 "GET /v2.0/extensions/qos-bw-limit-direction HTTP/1.1" status: 200 len: 452 time: 0.0035665
2026-05-07 04:36:18.131 9 INFO neutron.api.wsgi [None req-045080a2-504d-4615-be8b-dc1cebf818f1 d65d1947d49b422783fe595db83774e6 442ade6a27244ee2a274fcc383ef3a58 - - default default] 10.0.0.58 "GET /v2.0/extensions/qos-bw-minimum-ingress HTTP/1.1" status: 200 len: 445 time: 0.0034153
2026-05-07 04:36:18.137 9 INFO neutron.api.wsgi [None req-cc53c0bf-8052-42a4-8ed6-15887dccfe59 d65d1947d49b422783fe595db83774e6 442ade6a27244ee2a274fcc383ef3a58 - - default default] 10.0.0.58 "GET /v2.0/extensions/qos-default HTTP/1.1" status: 200 len: 377 time: 0.0024624
2026-05-07 04:36:18.142 9 INFO neutron.api.wsgi [None req-6b597cf9-5116-4d45-87a4-abccf3a1028f d65d1947d49b422783fe595db83774e6 442ade6a27244ee2a274fcc383ef3a58 - - default default] 10.0.0.58 "GET /v2.0/extensions/qos-fip HTTP/1.1" status: 200 len: 372 time: 0.0025117
2026-05-07 04:36:18.151 10 INFO neutron.api.wsgi [None req-73d34796-e668-4242-9cf4-c045c816e1ee d65d1947d49b422783fe595db83774e6 442ade6a27244ee2a274fcc383ef3a58 - - default default] 10.0.0.58 "GET /v2.0/extensions/qos-gateway-ip HTTP/1.1" status: 200 len: 391 time: 0.0049505
2026-05-07 04:36:18.158 10 INFO neutron.api.wsgi [None req-c59492bc-5f87-4bfe-835e-bf4706bdd911 d65d1947d49b422783fe595db83774e6 442ade6a27244ee2a274fcc383ef3a58 - - default default] 10.0.0.58 "GET /v2.0/extensions/qos-port-network-policy HTTP/1.1" status: 200 len: 403 time: 0.0038350
2026-05-07 04:36:18.165 10 INFO neutron.api.wsgi [None req-c1664f7f-5c56-4369-9761-e2ba312ea347 d65d1947d49b422783fe595db83774e6 442ade6a27244ee2a274fcc383ef3a58 - - default default] 10.0.0.58 "GET /v2.0/extensions/qos-pps-minimum HTTP/1.1" status: 200 len: 397 time: 0.0033929
2026-05-07 04:36:18.174 9 INFO neutron.api.wsgi [None req-302e1675-b873-4017-bf34-60926edaf04e d65d1947d49b422783fe595db83774e6 442ade6a27244ee2a274fcc383ef3a58 - - default default] 10.0.0.58 "GET /v2.0/extensions/qos-pps-minimum-rule-alias HTTP/1.1" status: 200 len: 471 time: 0.0053625
2026-05-07 04:36:18.182 9 INFO neutron.api.wsgi [None req-0a470280-3b20-4af6-91a4-f26f22b0baa4 d65d1947d49b422783fe595db83774e6 442ade6a27244ee2a274fcc383ef3a58 - - default default] 10.0.0.58 "GET /v2.0/extensions/qos-pps HTTP/1.1" status: 200 len: 389 time: 0.0042665
2026-05-07 04:36:18.188 9 INFO neutron.api.wsgi [None req-3d346930-c13e-4d71-9537-d07440e2f5d6 d65d1947d49b422783fe595db83774e6 442ade6a27244ee2a274fcc383ef3a58 - - default default] 10.0.0.58 "GET /v2.0/extensions/qos-rule-type-details HTTP/1.1" status: 200 len: 423 time: 0.0033813
2026-05-07 04:36:18.196 9 INFO neutron.api.wsgi [None req-6cd8df2c-2cd5-4915-aa00-12b1fe8831fa d65d1947d49b422783fe595db83774e6 442ade6a27244ee2a274fcc383ef3a58 - - default default] 10.0.0.58 "GET /v2.0/extensions/qos-rule-type-filter HTTP/1.1" status: 200 len: 567 time: 0.0034518
2026-05-07 04:36:18.206 9 INFO neutron.api.wsgi [None req-154f508f-bc60-4f77-a821-86892f55d3f3 d65d1947d49b422783fe595db83774e6 442ade6a27244ee2a274fcc383ef3a58 - - default default] 10.0.0.58 "GET /v2.0/extensions/qos-rules-alias HTTP/1.1" status: 200 len: 448 time: 0.0059271
2026-05-07 04:36:18.215 10 INFO neutron.api.wsgi [None req-ebaa4178-0fa9-4777-9bae-0f8c8551f52c d65d1947d49b422783fe595db83774e6 442ade6a27244ee2a274fcc383ef3a58 - - default default] 10.0.0.58 "GET /v2.0/extensions/quota-check-limit HTTP/1.1" status: 200 len: 420 time: 0.0043361
2026-05-07 04:36:18.223 10 INFO neutron.api.wsgi [None req-13806502-ee83-4179-ae6a-5575f0d0569a d65d1947d49b422783fe595db83774e6 442ade6a27244ee2a274fcc383ef3a58 - - default default] 10.0.0.58 "GET /v2.0/extensions/quotas HTTP/1.1" status: 200 len: 386 time: 0.0031765
2026-05-07 04:36:18.237 9 INFO neutron.api.wsgi [None req-0fae51c6-5aa4-4b5d-91d8-0f5626e37b75 d65d1947d49b422783fe595db83774e6 442ade6a27244ee2a274fcc383ef3a58 - - default default] 10.0.0.58 "GET /v2.0/extensions/quota_details HTTP/1.1" status: 200 len: 407 time: 0.0081151
2026-05-07 04:36:18.243 9 INFO neutron.api.wsgi [None req-969d543b-ac22-4882-bcae-876151a87ab9 d65d1947d49b422783fe595db83774e6 442ade6a27244ee2a274fcc383ef3a58 - - default default] 10.0.0.58 "GET /v2.0/extensions/rbac-policies HTTP/1.1" status: 200 len: 417 time: 0.0024493
2026-05-07 04:36:18.250 9 INFO neutron.api.wsgi [None req-3624adee-7e82-4642-8e69-bbf5b7b3f160 d65d1947d49b422783fe595db83774e6 442ade6a27244ee2a274fcc383ef3a58 - - default default] 10.0.0.58 "GET /v2.0/extensions/rbac-address-scope HTTP/1.1" status: 200 len: 384 time: 0.0036519
2026-05-07 04:36:18.257 9 INFO neutron.api.wsgi [None req-e96a6782-f7e1-4f7d-ad47-613736862da1 d65d1947d49b422783fe595db83774e6 442ade6a27244ee2a274fcc383ef3a58 - - default default] 10.0.0.58 "GET /v2.0/extensions/rbac-security-groups HTTP/1.1" status: 200 len: 404 time: 0.0034189
2026-05-07 04:36:18.264 9 INFO neutron.api.wsgi [None req-b15cb422-8724-4172-ab47-727a03ebde5a d65d1947d49b422783fe595db83774e6 442ade6a27244ee2a274fcc383ef3a58 - - default default] 10.0.0.58 "GET /v2.0/extensions/revision-if-match HTTP/1.1" status: 200 len: 441 time: 0.0037408
2026-05-07 04:36:18.271 9 INFO neutron.api.wsgi [None req-d8e4a7d5-1fc5-4fc8-a1ab-5804897faed9 d65d1947d49b422783fe595db83774e6 442ade6a27244ee2a274fcc383ef3a58 - - default default] 10.0.0.58 "GET /v2.0/extensions/standard-attr-revisions HTTP/1.1" status: 200 len: 423 time: 0.0034056
2026-05-07 04:36:18.278 9 INFO neutron.api.wsgi [None req-63ba3e65-e6b3-4c7a-949d-81f6f734c2ca d65d1947d49b422783fe595db83774e6 442ade6a27244ee2a274fcc383ef3a58 - - default default] 10.0.0.58 "GET /v2.0/extensions/router_availability_zone HTTP/1.1" status: 200 len: 391 time: 0.0033982
2026-05-07 04:36:18.285 9 INFO neutron.api.wsgi [None req-4100a745-768b-4927-af8f-006a8a040655 d65d1947d49b422783fe595db83774e6 442ade6a27244ee2a274fcc383ef3a58 - - default default] 10.0.0.58 "GET /v2.0/extensions/security-groups-default-rules HTTP/1.1" status: 200 len: 456 time: 0.0037661
2026-05-07 04:36:18.292 9 INFO neutron.api.wsgi [None req-e89e4cc2-3ad3-4ff9-8c57-1445149e3fd6 d65d1947d49b422783fe595db83774e6 442ade6a27244ee2a274fcc383ef3a58 - - default default] 10.0.0.58 "GET /v2.0/extensions/security-groups-normalized-cidr HTTP/1.1" status: 200 len: 445 time: 0.0035975
2026-05-07 04:36:18.298 9 INFO neutron.api.wsgi [None req-ec068924-e5e6-415f-b431-164f06c386b4 d65d1947d49b422783fe595db83774e6 442ade6a27244ee2a274fcc383ef3a58 - - default default] 10.0.0.58 "GET /v2.0/extensions/security-groups-remote-address-group HTTP/1.1" status: 200 len: 448 time: 0.0034714
2026-05-07 04:36:18.306 9 INFO neutron.api.wsgi [None req-18809d7f-db3c-4cf6-94cc-48fbb60610d4 d65d1947d49b422783fe595db83774e6 442ade6a27244ee2a274fcc383ef3a58 - - default default] 10.0.0.58 "GET /v2.0/extensions/security-groups-rules-belongs-to-default-sg HTTP/1.1" status: 200 len: 508 time: 0.0033941
2026-05-07 04:36:18.313 9 INFO neutron.api.wsgi [None req-d721f15f-5a7a-4d75-8384-e0f2c2948344 d65d1947d49b422783fe595db83774e6 442ade6a27244ee2a274fcc383ef3a58 - - default default] 10.0.0.58 "GET /v2.0/extensions/security-groups-shared-filtering HTTP/1.1" status: 200 len: 435 time: 0.0034759
2026-05-07 04:36:18.322 9 INFO neutron.api.wsgi [None req-d3a5b5c2-fe7a-4eae-9530-93cd8feed5a4 d65d1947d49b422783fe595db83774e6 442ade6a27244ee2a274fcc383ef3a58 - - default default] 10.0.0.58 "GET /v2.0/extensions/security-group HTTP/1.1" status: 200 len: 364 time: 0.0036170
2026-05-07 04:36:18.329 9 INFO neutron.api.wsgi [None req-2d351be6-b13b-4d27-b0a2-2f5c77b447c8 d65d1947d49b422783fe595db83774e6 442ade6a27244ee2a274fcc383ef3a58 - - default default] 10.0.0.58 "GET /v2.0/extensions/segment HTTP/1.1" status: 200 len: 339 time: 0.0032754
2026-05-07 04:36:18.336 9 INFO neutron.api.wsgi [None req-0fbc4f40-cac1-4096-a165-476d888e29ba d65d1947d49b422783fe595db83774e6 442ade6a27244ee2a274fcc383ef3a58 - - default default] 10.0.0.58 "GET /v2.0/extensions/segments-peer-subnet-host-routes HTTP/1.1" status: 200 len: 427 time: 0.0032396
2026-05-07 04:36:18.343 9 INFO neutron.api.wsgi [None req-f7761fe8-d5f0-474c-8bfc-fb7505ae6589 d65d1947d49b422783fe595db83774e6 442ade6a27244ee2a274fcc383ef3a58 - - default default] 10.0.0.58 "GET /v2.0/extensions/service-type HTTP/1.1" status: 200 len: 415 time: 0.0034866
2026-05-07 04:36:18.351 9 INFO neutron.api.wsgi [None req-00c3e819-b92c-4139-a251-71e507599b53 d65d1947d49b422783fe595db83774e6 442ade6a27244ee2a274fcc383ef3a58 - - default default] 10.0.0.58 "GET /v2.0/extensions/sorting HTTP/1.1" status: 200 len: 377 time: 0.0051925
2026-05-07 04:36:18.358 9 INFO neutron.api.wsgi [None req-d6830841-6b03-4fdc-aa28-1134912ce789 d65d1947d49b422783fe595db83774e6 442ade6a27244ee2a274fcc383ef3a58 - - default default] 10.0.0.58 "GET /v2.0/extensions/standard-attr-segment HTTP/1.1" status: 200 len: 406 time: 0.0032675
2026-05-07 04:36:18.364 9 INFO neutron.api.wsgi [None req-999f39a9-627c-4136-bf34-452643f57e49 d65d1947d49b422783fe595db83774e6 442ade6a27244ee2a274fcc383ef3a58 - - default default] 10.0.0.58 "GET /v2.0/extensions/standard-attr-description HTTP/1.1" status: 200 len: 408 time: 0.0032935
2026-05-07 04:36:18.371 9 INFO neutron.api.wsgi [None req-4bafb51a-855d-42b3-87e6-87d2011b0be9 d65d1947d49b422783fe595db83774e6 442ade6a27244ee2a274fcc383ef3a58 - - default default] 10.0.0.58 "GET /v2.0/extensions/stateful-security-group HTTP/1.1" status: 200 len: 402 time: 0.0034304
2026-05-07 04:36:18.378 9 INFO neutron.api.wsgi [None req-54719ee6-35b6-481d-a402-12085370b185 d65d1947d49b422783fe595db83774e6 442ade6a27244ee2a274fcc383ef3a58 - - default default] 10.0.0.58 "GET /v2.0/extensions/subnet-dns-publish-fixed-ip HTTP/1.1" status: 200 len: 421 time: 0.0036666
2026-05-07 04:36:18.386 9 INFO neutron.api.wsgi [None req-61e40782-177f-4e50-99da-a502ff01aa11 d65d1947d49b422783fe595db83774e6 442ade6a27244ee2a274fcc383ef3a58 - - default default] 10.0.0.58 "GET /v2.0/extensions/subnet-external-network HTTP/1.1" status: 200 len: 418 time: 0.0034688
2026-05-07 04:36:18.392 9 INFO neutron.api.wsgi [None req-1cb591bd-0f19-4dff-9be2-f80645f40715 d65d1947d49b422783fe595db83774e6 442ade6a27244ee2a274fcc383ef3a58 - - default default] 10.0.0.58 "GET /v2.0/extensions/subnet-segmentid-writable HTTP/1.1" status: 200 len: 421 time: 0.0033090
2026-05-07 04:36:18.401 10 INFO neutron.api.wsgi [None req-628305e2-7eae-44a2-a369-b39dc1cd4e75 d65d1947d49b422783fe595db83774e6 442ade6a27244ee2a274fcc383ef3a58 - - default default] 10.0.0.58 "GET /v2.0/extensions/subnet-service-types HTTP/1.1" status: 200 len: 400 time: 0.0056500
2026-05-07 04:36:18.408 10 INFO neutron.api.wsgi [None req-04fe8b95-44e2-4e6a-99ef-dfac08256340 d65d1947d49b422783fe595db83774e6 442ade6a27244ee2a274fcc383ef3a58 - - default default] 10.0.0.58 "GET /v2.0/extensions/subnet_allocation HTTP/1.1" status: 200 len: 388 time: 0.0034778
2026-05-07 04:36:18.416 10 INFO neutron.api.wsgi [None req-a7b6f96a-93e4-4cfb-ab01-34347e570029 d65d1947d49b422783fe595db83774e6 442ade6a27244ee2a274fcc383ef3a58 - - default default] 10.0.0.58 "GET /v2.0/extensions/subnetpool-prefix-ops HTTP/1.1" status: 200 len: 418 time: 0.0035768
2026-05-07 04:36:18.422 10 INFO neutron.api.wsgi [None req-44953883-9633-4672-b214-cf61bd1627db d65d1947d49b422783fe595db83774e6 442ade6a27244ee2a274fcc383ef3a58 - - default default] 10.0.0.58 "GET /v2.0/extensions/tag-creation HTTP/1.1" status: 200 len: 384 time: 0.0033841
2026-05-07 04:36:18.427 10 INFO neutron.api.wsgi [None req-8478d453-1821-4f67-ab52-1462573a6d5b d65d1947d49b422783fe595db83774e6 442ade6a27244ee2a274fcc383ef3a58 - - default default] 10.0.0.58 "GET /v2.0/extensions/standard-attr-tag HTTP/1.1" status: 200 len: 537 time: 0.0026336
2026-05-07 04:36:18.433 10 INFO neutron.api.wsgi [None req-8683cb4f-25ee-4a15-91fc-f37d48b2a6c9 d65d1947d49b422783fe595db83774e6 442ade6a27244ee2a274fcc383ef3a58 - - default default] 10.0.0.58 "GET /v2.0/extensions/standard-attr-timestamp HTTP/1.1" status: 200 len: 449 time: 0.0033677
2026-05-07 04:36:18.441 10 INFO neutron.api.wsgi [None req-ff472ba7-9543-4247-ae2d-d176e38e5d48 d65d1947d49b422783fe595db83774e6 442ade6a27244ee2a274fcc383ef3a58 - - default default] 10.0.0.58 "GET /v2.0/extensions/trunk HTTP/1.1" status: 200 len: 358 time: 0.0035377
2026-05-07 04:36:18.448 9 INFO neutron.api.wsgi [None req-523b17ee-9084-4a5e-9232-a3309c057201 d65d1947d49b422783fe595db83774e6 442ade6a27244ee2a274fcc383ef3a58 - - default default] 10.0.0.58 "GET /v2.0/extensions/trunk-details HTTP/1.1" status: 200 len: 362 time: 0.0038843
2026-05-07 04:36:18.455 10 INFO neutron.api.wsgi [None req-d69941f5-b80c-4dba-b355-eeba17fe30cb d65d1947d49b422783fe595db83774e6 442ade6a27244ee2a274fcc383ef3a58 - - default default] 10.0.0.58 "GET /v2.0/extensions/vpn-agent-scheduler HTTP/1.1" status: 200 len: 393 time: 0.0041120
2026-05-07 04:36:18.464 10 INFO neutron.api.wsgi [None req-9cbe8f96-b2aa-40a2-bba6-6ccadfda7f2b d65d1947d49b422783fe595db83774e6 442ade6a27244ee2a274fcc383ef3a58 - - default default] 10.0.0.58 "GET /v2.0/extensions/vpn-endpoint-groups HTTP/1.1" status: 200 len: 371 time: 0.0042996
2026-05-07 04:36:18.472 10 INFO neutron.api.wsgi [None req-09f2837a-c197-4ac4-aca6-73518c06073b d65d1947d49b422783fe595db83774e6 442ade6a27244ee2a274fcc383ef3a58 - - default default] 10.0.0.58 "GET /v2.0/extensions/vpn-flavors HTTP/1.1" status: 200 len: 376 time: 0.0034809
2026-05-07 04:36:18.479 10 INFO neutron.api.wsgi [None req-e8a0e633-2db5-48aa-9580-9afaed1ad163 d65d1947d49b422783fe595db83774e6 442ade6a27244ee2a274fcc383ef3a58 - - default default] 10.0.0.58 "GET /v2.0/extensions/vpnaas HTTP/1.1" status: 200 len: 348 time: 0.0034542
2026-05-07 04:36:18.508 9 INFO neutron.api.wsgi [req-7c742925-55bf-4755-afac-4a732c08a805 req-b54ad92d-975c-433b-ac28-490c3f3aa591 8923d15792c94648a5a72345a6e29f0b f5f1698f42f04966a3c147adaae5cb18 - - default default] 199.19.213.105 "GET /v2.0/ports?device_id=deaa7c9e-1ce8-47d2-bfda-11222dd49092&device_owner=compute%3Anova&fixed_ips=ip_address%3D10.100.0.5 HTTP/1.1" status: 200 len: 1348 time: 0.0475795
2026-05-07 04:36:18.790 9 INFO neutron.api.wsgi [req-752cf375-bc28-4326-b695-6a6e79a18359 req-2aedc5d1-54c0-410d-b4b4-d4a2500a46db 88f2c1203f77450087e0be8b534506a3 8e89c39428fa46f19c3981977936559d - - default default] 10.0.0.7 "GET /v2.0/ports?device_id=125a6020-c129-4965-8115-d237414bbfc5 HTTP/1.1" status: 200 len: 1172 time: 0.0384700
2026-05-07 04:36:18.841 9 INFO neutron.api.wsgi [req-752cf375-bc28-4326-b695-6a6e79a18359 req-e2ef7373-5b74-4415-9bab-2eeb5f652ede 88f2c1203f77450087e0be8b534506a3 8e89c39428fa46f19c3981977936559d - - default default] 10.0.0.7 "GET /v2.0/security-groups?id=107b1798-5c9d-45d6-b699-5b4e4e7643ca&fields=id&fields=name HTTP/1.1" status: 200 len: 312 time: 0.0447612 /var/lib/openstack/lib/python3.12/site-packages/pycadf/identifier.py:71: UserWarning: Invalid uuid: neutron. To ensure interoperability, identifiers should be a valid uuid. warnings.warn(('Invalid uuid: %s. To ensure interoperability, '
2026-05-07 04:36:19.194 9 INFO neutron.db.ovn_revision_numbers_db [req-7c742925-55bf-4755-afac-4a732c08a805 req-867da75d-5ada-4e32-b367-f1840e673244 8923d15792c94648a5a72345a6e29f0b f5f1698f42f04966a3c147adaae5cb18 - - default default] Successfully bumped revision number for resource f470e19d-57eb-4c42-a516-1c8040107835 (type: ports) to 7
2026-05-07 04:36:19.207 9 INFO neutron.api.wsgi [req-7c742925-55bf-4755-afac-4a732c08a805 req-867da75d-5ada-4e32-b367-f1840e673244 8923d15792c94648a5a72345a6e29f0b f5f1698f42f04966a3c147adaae5cb18 - - default default] 199.19.213.105 "PUT /v2.0/ports/f470e19d-57eb-4c42-a516-1c8040107835 HTTP/1.1" status: 200 len: 1167 time: 0.6896019
2026-05-07 04:36:19.237 10 INFO neutron.db.ovn_revision_numbers_db [None req-5d567b92-5e80-4889-b108-dd2277622bc8 ce632d76966a4c36b373021fa2dac8d0 f3b2c4eeb3ee4a1b93fb1c15ccb58fd0 - - default default] Successfully bumped revision number for resource 56f74a1a-1e0f-4ce5-8c84-eed3512f44b0 (type: security_groups) to 1
2026-05-07 04:36:19.248 10 INFO neutron.db.ovn_revision_numbers_db [None req-5d567b92-5e80-4889-b108-dd2277622bc8 ce632d76966a4c36b373021fa2dac8d0 f3b2c4eeb3ee4a1b93fb1c15ccb58fd0 - - default default] Successfully bumped revision number for resource 59eec51b-3957-408d-a3c8-9119f7be810b (type: security_group_rules) to 0
2026-05-07 04:36:19.256 9 INFO neutron.notifiers.nova [-] Nova event matching ['req-ca305310-1e88-4691-8132-0050a958af62'] response: {'name': 'network-changed', 'server_uuid': 'deaa7c9e-1ce8-47d2-bfda-11222dd49092', 'tag': 'f470e19d-57eb-4c42-a516-1c8040107835', 'status': 'completed', 'code': 200}
2026-05-07 04:36:19.261 10 INFO neutron.db.ovn_revision_numbers_db [None req-5d567b92-5e80-4889-b108-dd2277622bc8 ce632d76966a4c36b373021fa2dac8d0 f3b2c4eeb3ee4a1b93fb1c15ccb58fd0 - - default default] Successfully bumped revision number for resource b0051b52-5169-4f2d-b7d9-92991ea49d78 (type: security_group_rules) to 0
2026-05-07 04:36:19.273 10 INFO neutron.db.ovn_revision_numbers_db [None req-5d567b92-5e80-4889-b108-dd2277622bc8 ce632d76966a4c36b373021fa2dac8d0 f3b2c4eeb3ee4a1b93fb1c15ccb58fd0 - - default default] Successfully bumped revision number for resource b54c2e57-aa3e-43d5-880f-6151731d2030 (type: security_group_rules) to 0
2026-05-07 04:36:19.283 10 INFO neutron.db.ovn_revision_numbers_db [None req-5d567b92-5e80-4889-b108-dd2277622bc8 ce632d76966a4c36b373021fa2dac8d0 f3b2c4eeb3ee4a1b93fb1c15ccb58fd0 - - default default] Successfully bumped revision number for resource eceb6630-b3fa-4e81-93a7-8369905fc651 (type: security_group_rules) to 0
2026-05-07 04:36:19.306 9 INFO neutron.db.ovn_revision_numbers_db [None req-6cbe09e0-cb86-4dd3-8f4b-01f7fb7dac5b ce632d76966a4c36b373021fa2dac8d0 f3b2c4eeb3ee4a1b93fb1c15ccb58fd0 - - default default] Successfully bumped revision number for resource 44a41ba8-9308-400f-8f80-22d0125d5452 (type: security_groups) to 1
2026-05-07 04:36:19.316 10 INFO neutron.api.wsgi [None req-5d567b92-5e80-4889-b108-dd2277622bc8 ce632d76966a4c36b373021fa2dac8d0 f3b2c4eeb3ee4a1b93fb1c15ccb58fd0 - - default default] 10.0.0.58 "GET /v2.0/security-groups?tenant_id=442ade6a27244ee2a274fcc383ef3a58&name=default HTTP/1.1" status: 200 len: 3120 time: 0.3435228
2026-05-07 04:36:19.320 9 INFO neutron.db.ovn_revision_numbers_db [None req-6cbe09e0-cb86-4dd3-8f4b-01f7fb7dac5b ce632d76966a4c36b373021fa2dac8d0 f3b2c4eeb3ee4a1b93fb1c15ccb58fd0 - - default default] Successfully bumped revision number for resource c9ad6af3-8516-49d0-91f9-94c7b0cdb19a (type: security_group_rules) to 0
2026-05-07 04:36:19.332 9 INFO neutron.db.ovn_revision_numbers_db [None req-6cbe09e0-cb86-4dd3-8f4b-01f7fb7dac5b ce632d76966a4c36b373021fa2dac8d0 f3b2c4eeb3ee4a1b93fb1c15ccb58fd0 - - default default] Successfully bumped revision number for resource d12bcd38-f083-4045-8694-4ad42287c803 (type: security_group_rules) to 0
2026-05-07 04:36:19.346 9 INFO neutron.db.ovn_revision_numbers_db [None req-6cbe09e0-cb86-4dd3-8f4b-01f7fb7dac5b ce632d76966a4c36b373021fa2dac8d0 f3b2c4eeb3ee4a1b93fb1c15ccb58fd0 - - default default] Successfully bumped revision number for resource d75e11e4-91e1-4794-b948-1c96d6b4594c (type: security_group_rules) to 0
2026-05-07 04:36:19.360 9 INFO neutron.db.ovn_revision_numbers_db [None req-6cbe09e0-cb86-4dd3-8f4b-01f7fb7dac5b ce632d76966a4c36b373021fa2dac8d0 f3b2c4eeb3ee4a1b93fb1c15ccb58fd0 - - default default] Successfully bumped revision number for resource f778b417-f93d-44a3-a43d-e3543000fe35 (type: security_group_rules) to 0
2026-05-07 04:36:19.397 9 INFO neutron.api.wsgi [None req-6cbe09e0-cb86-4dd3-8f4b-01f7fb7dac5b ce632d76966a4c36b373021fa2dac8d0 f3b2c4eeb3ee4a1b93fb1c15ccb58fd0 - - default default] 10.0.0.58 "GET /v2.0/security-groups?tenant_id=b700cd12dffb49d6915a89083dbf75e0&name=default HTTP/1.1" status: 200 len: 3120 time: 0.3153265
2026-05-07 04:36:19.500 10 INFO neutron.api.wsgi [None req-ef188e1d-cfad-4a16-80d8-f49db5922f1e ce632d76966a4c36b373021fa2dac8d0 f3b2c4eeb3ee4a1b93fb1c15ccb58fd0 - - default default] 10.0.0.58 "DELETE /v2.0/security-groups/56f74a1a-1e0f-4ce5-8c84-eed3512f44b0 HTTP/1.1" status: 204 len: 168 time: 0.1785903
2026-05-07 04:36:19.610 9 INFO neutron.api.wsgi [None req-a369e131-91d9-4960-8a9f-8e99fc1eb2a3 ce632d76966a4c36b373021fa2dac8d0 f3b2c4eeb3ee4a1b93fb1c15ccb58fd0 - - default default] 10.0.0.58 "DELETE /v2.0/security-groups/44a41ba8-9308-400f-8f80-22d0125d5452 HTTP/1.1" status: 204 len: 168 time: 0.2062993
