2026-05-07 04:39:20.869 9 INFO neutron.api.wsgi [None req-df244402-ca6f-42d3-9840-749b2eac7210 ce632d76966a4c36b373021fa2dac8d0 f3b2c4eeb3ee4a1b93fb1c15ccb58fd0 - - default default] 199.19.213.105 "GET /v2.0/ports/6c56945f-3106-46cb-9440-00a4242aed5e HTTP/1.1" status: 200 len: 1332 time: 0.0297055
2026-05-07 04:39:21.001 10 INFO neutron.db.ovn_revision_numbers_db [None req-0480dcaa-3f16-4d08-adb5-91a38a7cb1ec - - - - - -] Successfully bumped revision number for resource 8691cefd-2925-4a41-9cac-6c7a138efba5 (type: ports) to 2
2026-05-07 04:39:21.028 10 INFO neutron.db.ovn_revision_numbers_db [None req-0480dcaa-3f16-4d08-adb5-91a38a7cb1ec - - - - - -] Successfully bumped revision number for resource d0955fcf-8ba8-48cf-b3fb-3ce61f711af6 (type: subnets) to 0
2026-05-07 04:39:21.042 10 INFO neutron.api.wsgi [None req-b58f6b30-9e36-44e8-96c8-cdaf41a9269f be8b9309607f4034b224589301012202 9d29a0627aa04d9b98cd9245075932d6 - - default default] 10.0.0.58 "POST /v2.0/subnets HTTP/1.1" status: 201 len: 825 time: 0.5453846
2026-05-07 04:39:21.051 10 WARNING neutron_lib.context [None req-bd7ecae7-18d7-4e58-9e31-0a293b4180a0 be8b9309607f4034b224589301012202 9d29a0627aa04d9b98cd9245075932d6 - - default default] Method 'is_advsvc' is deprecated since 2023.2 release (neutron-lib 3.8.0) and will be removed once support for the old RBAC API policies will be removed from Neutron. Please use method 'is_service_role' instead.
2026-05-07 04:39:21.077 9 INFO neutron.api.wsgi [None req-9cd256e2-9bb0-4d6a-adec-98cac3a9ded7 ce632d76966a4c36b373021fa2dac8d0 f3b2c4eeb3ee4a1b93fb1c15ccb58fd0 - - default default] 199.19.213.105 "GET /v2.0/extensions/security-group HTTP/1.1" status: 200 len: 369 time: 0.0146472
2026-05-07 04:39:21.084 9 INFO neutron.api.wsgi [None req-0e790826-1bcb-4294-9782-4511245b5c13 ce632d76966a4c36b373021fa2dac8d0 f3b2c4eeb3ee4a1b93fb1c15ccb58fd0 - - default default] 199.19.213.105 "GET /v2.0/extensions/dns-integration HTTP/1.1" status: 200 len: 371 time: 0.0028911
2026-05-07 04:39:21.089 9 INFO neutron.api.wsgi [None req-3a367164-d783-423b-b65f-6d53306ec8e3 ce632d76966a4c36b373021fa2dac8d0 f3b2c4eeb3ee4a1b93fb1c15ccb58fd0 - - default default] 199.19.213.105 "GET /v2.0/extensions/qos HTTP/1.1" status: 200 len: 365 time: 0.0029387
2026-05-07 04:39:21.096 9 INFO neutron.api.wsgi [None req-503a2210-97cb-4c91-b9bd-c43c7cf9845e ce632d76966a4c36b373021fa2dac8d0 f3b2c4eeb3ee4a1b93fb1c15ccb58fd0 - - default default] 199.19.213.105 "GET /v2.0/extensions/allowed-address-pairs HTTP/1.1" status: 200 len: 383 time: 0.0035686
2026-05-07 04:39:21.107 9 INFO neutron.api.v2.resource [None req-2d127aa1-d59c-4b01-8c19-d26f8644840f ce632d76966a4c36b373021fa2dac8d0 f3b2c4eeb3ee4a1b93fb1c15ccb58fd0 - - default default] show failed (client error): The resource could not be found.
2026-05-07 04:39:21.108 9 INFO neutron.api.wsgi [None req-2d127aa1-d59c-4b01-8c19-d26f8644840f ce632d76966a4c36b373021fa2dac8d0 f3b2c4eeb3ee4a1b93fb1c15ccb58fd0 - - default default] 199.19.213.105 "GET /v2.0/security-groups/lb-9ea50c27-68f0-4353-a146-46f862694391 HTTP/1.1" status: 404 len: 355 time: 0.0090001
2026-05-07 04:39:21.137 9 INFO neutron.api.wsgi [None req-adf359dd-768a-484c-a0b1-0c566706484a ce632d76966a4c36b373021fa2dac8d0 f3b2c4eeb3ee4a1b93fb1c15ccb58fd0 - - default default] 199.19.213.105 "GET /v2.0/security-groups?name=lb-9ea50c27-68f0-4353-a146-46f862694391 HTTP/1.1" status: 200 len: 221 time: 0.0264461
2026-05-07 04:39:21.147 10 INFO neutron.db.segments_db [None req-bd7ecae7-18d7-4e58-9e31-0a293b4180a0 be8b9309607f4034b224589301012202 9d29a0627aa04d9b98cd9245075932d6 - - default default] Added segment 47948b11-f1b3-4923-8b2c-5527f0a6166f of type geneve for network 6629125b-d30e-46cc-8dfe-aa902a1686b8
2026-05-07 04:39:21.236 9 INFO neutron.db.ovn_revision_numbers_db [None req-c9f10730-4fe4-4ef6-aaea-558c12e4541d ce632d76966a4c36b373021fa2dac8d0 f3b2c4eeb3ee4a1b93fb1c15ccb58fd0 - - default default] Successfully bumped revision number for resource a376c80e-bdf9-47a1-a640-eabdde5065f9 (type: security_groups) to 1
2026-05-07 04:39:21.252 9 INFO neutron.db.ovn_revision_numbers_db [None req-c9f10730-4fe4-4ef6-aaea-558c12e4541d ce632d76966a4c36b373021fa2dac8d0 f3b2c4eeb3ee4a1b93fb1c15ccb58fd0 - - default default] Successfully bumped revision number for resource ab0b44aa-17cc-4cc2-bf7a-0b616884de45 (type: security_group_rules) to 0
2026-05-07 04:39:21.256 10 INFO neutron.db.ovn_revision_numbers_db [None req-bd7ecae7-18d7-4e58-9e31-0a293b4180a0 be8b9309607f4034b224589301012202 9d29a0627aa04d9b98cd9245075932d6 - - default default] Successfully bumped revision number for resource 6629125b-d30e-46cc-8dfe-aa902a1686b8 (type: networks) to 1
2026-05-07 04:39:21.265 9 INFO neutron.db.ovn_revision_numbers_db [None req-c9f10730-4fe4-4ef6-aaea-558c12e4541d ce632d76966a4c36b373021fa2dac8d0 f3b2c4eeb3ee4a1b93fb1c15ccb58fd0 - - default default] Successfully bumped revision number for resource b9313048-771f-41a0-84d1-9e5cc51c2994 (type: security_group_rules) to 0
2026-05-07 04:39:21.294 9 INFO neutron.api.wsgi [None req-c9f10730-4fe4-4ef6-aaea-558c12e4541d ce632d76966a4c36b373021fa2dac8d0 f3b2c4eeb3ee4a1b93fb1c15ccb58fd0 - - default default] 199.19.213.105 "POST /v2.0/security-groups HTTP/1.1" status: 201 len: 1841 time: 0.1532090
2026-05-07 04:39:21.333 9 INFO neutron.api.wsgi [None req-873cd2e2-65b2-4945-ba7c-b7f0e2646512 ce632d76966a4c36b373021fa2dac8d0 f3b2c4eeb3ee4a1b93fb1c15ccb58fd0 - - default default] 199.19.213.105 "GET /v2.0/security-group-rules?security_group_id=a376c80e-bdf9-47a1-a640-eabdde5065f9 HTTP/1.1" status: 200 len: 1382 time: 0.0325482
2026-05-07 04:39:21.377 10 WARNING neutron.scheduler.dhcp_agent_scheduler [None req-bd7ecae7-18d7-4e58-9e31-0a293b4180a0 be8b9309607f4034b224589301012202 9d29a0627aa04d9b98cd9245075932d6 - - default default] No more DHCP agents
2026-05-07 04:39:21.378 10 WARNING neutron.api.rpc.agentnotifiers.dhcp_rpc_agent_api [None req-bd7ecae7-18d7-4e58-9e31-0a293b4180a0 be8b9309607f4034b224589301012202 9d29a0627aa04d9b98cd9245075932d6 - - default default] Unable to schedule network 6629125b-d30e-46cc-8dfe-aa902a1686b8: no agents available; will retry on subsequent port and subnet creation events.
2026-05-07 04:39:21.437 10 INFO neutron.db.ovn_revision_numbers_db [None req-bd7ecae7-18d7-4e58-9e31-0a293b4180a0 be8b9309607f4034b224589301012202 9d29a0627aa04d9b98cd9245075932d6 - - default default] Successfully bumped revision number for resource c97fea1e-d6f1-4a78-9dab-399da0a073e9 (type: ports) to 1
2026-05-07 04:39:21.457 10 INFO neutron.api.wsgi [None req-bd7ecae7-18d7-4e58-9e31-0a293b4180a0 be8b9309607f4034b224589301012202 9d29a0627aa04d9b98cd9245075932d6 - - default default] 10.0.0.58 "POST /v2.0/networks HTTP/1.1" status: 201 len: 830 time: 0.4097848
2026-05-07 04:39:21.466 10 WARNING neutron_lib.context [None req-6f9a7ba5-5910-46c7-a595-a395e026d98c be8b9309607f4034b224589301012202 9d29a0627aa04d9b98cd9245075932d6 - - default default] Method 'is_advsvc' is deprecated since 2023.2 release (neutron-lib 3.8.0) and will be removed once support for the old RBAC API policies will be removed from Neutron. Please use method 'is_service_role' instead.
2026-05-07 04:39:21.635 10 WARNING neutron.scheduler.dhcp_agent_scheduler [None req-6f9a7ba5-5910-46c7-a595-a395e026d98c be8b9309607f4034b224589301012202 9d29a0627aa04d9b98cd9245075932d6 - - default default] No more DHCP agents
2026-05-07 04:39:21.636 10 WARNING neutron.api.rpc.agentnotifiers.dhcp_rpc_agent_api [None req-6f9a7ba5-5910-46c7-a595-a395e026d98c be8b9309607f4034b224589301012202 9d29a0627aa04d9b98cd9245075932d6 - - default default] Unable to schedule network 6629125b-d30e-46cc-8dfe-aa902a1686b8: no agents available; will retry on subsequent port and subnet creation events.
2026-05-07 04:39:21.704 9 INFO neutron.db.ovn_revision_numbers_db [None req-48f57d66-9fbc-4b81-b522-f3e6d1a7e6a3 ce632d76966a4c36b373021fa2dac8d0 f3b2c4eeb3ee4a1b93fb1c15ccb58fd0 - - default default] Successfully bumped revision number for resource 6c56945f-3106-46cb-9440-00a4242aed5e (type: ports) to 2
2026-05-07 04:39:21.717 9 INFO neutron.api.wsgi [None req-48f57d66-9fbc-4b81-b522-f3e6d1a7e6a3 ce632d76966a4c36b373021fa2dac8d0 f3b2c4eeb3ee4a1b93fb1c15ccb58fd0 - - default default] 199.19.213.105 "PUT /v2.0/ports/6c56945f-3106-46cb-9440-00a4242aed5e HTTP/1.1" status: 200 len: 1332 time: 0.3738959 /var/lib/openstack/lib/python3.12/site-packages/pycadf/identifier.py:71: UserWarning: Invalid uuid: neutron. To ensure interoperability, identifiers should be a valid uuid. warnings.warn(('Invalid uuid: %s. To ensure interoperability, '
2026-05-07 04:39:21.789 9 INFO neutron.api.wsgi [None req-987d271c-9e81-47e8-a8a7-c6c86a0216fa ce632d76966a4c36b373021fa2dac8d0 f3b2c4eeb3ee4a1b93fb1c15ccb58fd0 - - default default] 199.19.213.105 "GET /v2.0/extensions/security-group HTTP/1.1" status: 200 len: 369 time: 0.0075734
2026-05-07 04:39:21.797 9 INFO neutron.api.wsgi [None req-225581c9-f7e3-4de1-9c29-9ff18db9028c ce632d76966a4c36b373021fa2dac8d0 f3b2c4eeb3ee4a1b93fb1c15ccb58fd0 - - default default] 199.19.213.105 "GET /v2.0/extensions/dns-integration HTTP/1.1" status: 200 len: 371 time: 0.0033903
2026-05-07 04:39:21.805 9 INFO neutron.api.wsgi [None req-f32622ad-f40c-4dad-967a-04c24d119797 ce632d76966a4c36b373021fa2dac8d0 f3b2c4eeb3ee4a1b93fb1c15ccb58fd0 - - default default] 199.19.213.105 "GET /v2.0/extensions/qos HTTP/1.1" status: 200 len: 365 time: 0.0033281
2026-05-07 04:39:21.811 9 INFO neutron.api.wsgi [None req-5536dfb7-b426-4126-98f7-80b9f30c720d ce632d76966a4c36b373021fa2dac8d0 f3b2c4eeb3ee4a1b93fb1c15ccb58fd0 - - default default] 199.19.213.105 "GET /v2.0/extensions/allowed-address-pairs HTTP/1.1" status: 200 len: 383 time: 0.0033817
2026-05-07 04:39:21.837 9 INFO neutron.api.wsgi [None req-60339fd5-aed0-4847-8502-1e07308b037c ce632d76966a4c36b373021fa2dac8d0 f3b2c4eeb3ee4a1b93fb1c15ccb58fd0 - - default default] 199.19.213.105 "GET /v2.0/subnets/97166447-57bc-49d6-848b-68017ba3829f HTTP/1.1" status: 200 len: 875 time: 0.0218201
2026-05-07 04:39:22.032 10 INFO neutron.db.ovn_revision_numbers_db [None req-1131a0d1-a7de-4698-afbb-941e7c0d0803 - - - - - -] Successfully bumped revision number for resource c97fea1e-d6f1-4a78-9dab-399da0a073e9 (type: ports) to 2
2026-05-07 04:39:22.061 10 INFO neutron.db.ovn_revision_numbers_db [None req-1131a0d1-a7de-4698-afbb-941e7c0d0803 - - - - - -] Successfully bumped revision number for resource 951de67b-240e-4475-98d0-6ec47c85c7e4 (type: subnets) to 0
2026-05-07 04:39:22.075 10 INFO neutron.api.wsgi [None req-6f9a7ba5-5910-46c7-a595-a395e026d98c be8b9309607f4034b224589301012202 9d29a0627aa04d9b98cd9245075932d6 - - default default] 10.0.0.58 "POST /v2.0/subnets HTTP/1.1" status: 201 len: 828 time: 0.6123440
2026-05-07 04:39:22.085 10 WARNING neutron_lib.context [None req-3d9e1d53-9d45-43b3-b4ce-ee7e554f78fb be8b9309607f4034b224589301012202 9d29a0627aa04d9b98cd9245075932d6 - - default default] Method 'is_advsvc' is deprecated since 2023.2 release (neutron-lib 3.8.0) and will be removed once support for the old RBAC API policies will be removed from Neutron. Please use method 'is_service_role' instead.
2026-05-07 04:39:22.168 10 INFO neutron.db.segments_db [None req-3d9e1d53-9d45-43b3-b4ce-ee7e554f78fb be8b9309607f4034b224589301012202 9d29a0627aa04d9b98cd9245075932d6 - - default default] Added segment 43724619-ee7a-436e-8972-8dc9ce8e2aed of type geneve for network 710d178e-efb1-4c73-a9b8-b95424d48549
2026-05-07 04:39:22.302 10 INFO neutron.db.ovn_revision_numbers_db [None req-3d9e1d53-9d45-43b3-b4ce-ee7e554f78fb be8b9309607f4034b224589301012202 9d29a0627aa04d9b98cd9245075932d6 - - default default] Successfully bumped revision number for resource 710d178e-efb1-4c73-a9b8-b95424d48549 (type: networks) to 1
2026-05-07 04:39:22.466 10 WARNING neutron.scheduler.dhcp_agent_scheduler [None req-3d9e1d53-9d45-43b3-b4ce-ee7e554f78fb be8b9309607f4034b224589301012202 9d29a0627aa04d9b98cd9245075932d6 - - default default] No more DHCP agents
2026-05-07 04:39:22.468 10 WARNING neutron.api.rpc.agentnotifiers.dhcp_rpc_agent_api [None req-3d9e1d53-9d45-43b3-b4ce-ee7e554f78fb be8b9309607f4034b224589301012202 9d29a0627aa04d9b98cd9245075932d6 - - default default] Unable to schedule network 710d178e-efb1-4c73-a9b8-b95424d48549: no agents available; will retry on subsequent port and subnet creation events.
2026-05-07 04:39:22.535 10 INFO neutron.db.ovn_revision_numbers_db [None req-3d9e1d53-9d45-43b3-b4ce-ee7e554f78fb be8b9309607f4034b224589301012202 9d29a0627aa04d9b98cd9245075932d6 - - default default] Successfully bumped revision number for resource e4d649a2-8dab-49da-a322-0b877bd3d537 (type: ports) to 1
2026-05-07 04:39:22.552 10 INFO neutron.api.wsgi [None req-3d9e1d53-9d45-43b3-b4ce-ee7e554f78fb be8b9309607f4034b224589301012202 9d29a0627aa04d9b98cd9245075932d6 - - default default] 10.0.0.58 "POST /v2.0/networks HTTP/1.1" status: 201 len: 831 time: 0.4712009
2026-05-07 04:39:22.561 10 WARNING neutron_lib.context [None req-2e283743-5e14-4a24-bf46-b6c0a7d6220f be8b9309607f4034b224589301012202 9d29a0627aa04d9b98cd9245075932d6 - - default default] Method 'is_advsvc' is deprecated since 2023.2 release (neutron-lib 3.8.0) and will be removed once support for the old RBAC API policies will be removed from Neutron. Please use method 'is_service_role' instead.
2026-05-07 04:39:22.743 10 WARNING neutron.scheduler.dhcp_agent_scheduler [None req-2e283743-5e14-4a24-bf46-b6c0a7d6220f be8b9309607f4034b224589301012202 9d29a0627aa04d9b98cd9245075932d6 - - default default] No more DHCP agents
2026-05-07 04:39:22.744 10 WARNING neutron.api.rpc.agentnotifiers.dhcp_rpc_agent_api [None req-2e283743-5e14-4a24-bf46-b6c0a7d6220f be8b9309607f4034b224589301012202 9d29a0627aa04d9b98cd9245075932d6 - - default default] Unable to schedule network 710d178e-efb1-4c73-a9b8-b95424d48549: no agents available; will retry on subsequent port and subnet creation events.
2026-05-07 04:39:23.201 10 INFO neutron.db.ovn_revision_numbers_db [None req-81a54c70-d300-4063-89c0-23598730dfca - - - - - -] Successfully bumped revision number for resource e4d649a2-8dab-49da-a322-0b877bd3d537 (type: ports) to 2
2026-05-07 04:39:23.231 10 INFO neutron.db.ovn_revision_numbers_db [None req-81a54c70-d300-4063-89c0-23598730dfca - - - - - -] Successfully bumped revision number for resource 38e6d219-8f97-42d2-a14f-0ed5665c5352 (type: subnets) to 0
2026-05-07 04:39:23.246 10 INFO neutron.api.wsgi [None req-2e283743-5e14-4a24-bf46-b6c0a7d6220f be8b9309607f4034b224589301012202 9d29a0627aa04d9b98cd9245075932d6 - - default default] 10.0.0.58 "POST /v2.0/subnets HTTP/1.1" status: 201 len: 828 time: 0.6881936
2026-05-07 04:39:23.257 9 WARNING neutron_lib.context [None req-b8144559-651a-4a60-a1c9-ff1fa73108f7 be8b9309607f4034b224589301012202 9d29a0627aa04d9b98cd9245075932d6 - - default default] Method 'is_advsvc' is deprecated since 2023.2 release (neutron-lib 3.8.0) and will be removed once support for the old RBAC API policies will be removed from Neutron. Please use method 'is_service_role' instead.
2026-05-07 04:39:23.337 9 INFO neutron.db.segments_db [None req-b8144559-651a-4a60-a1c9-ff1fa73108f7 be8b9309607f4034b224589301012202 9d29a0627aa04d9b98cd9245075932d6 - - default default] Added segment f8048bf3-92e6-43ce-8922-f42fb236942f of type geneve for network 3e767473-81ec-470d-98bd-049101258da9
2026-05-07 04:39:23.473 9 INFO neutron.db.ovn_revision_numbers_db [None req-b8144559-651a-4a60-a1c9-ff1fa73108f7 be8b9309607f4034b224589301012202 9d29a0627aa04d9b98cd9245075932d6 - - default default] Successfully bumped revision number for resource 3e767473-81ec-470d-98bd-049101258da9 (type: networks) to 1
2026-05-07 04:39:23.624 9 WARNING neutron.scheduler.dhcp_agent_scheduler [None req-b8144559-651a-4a60-a1c9-ff1fa73108f7 be8b9309607f4034b224589301012202 9d29a0627aa04d9b98cd9245075932d6 - - default default] No more DHCP agents
2026-05-07 04:39:23.625 9 WARNING neutron.api.rpc.agentnotifiers.dhcp_rpc_agent_api [None req-b8144559-651a-4a60-a1c9-ff1fa73108f7 be8b9309607f4034b224589301012202 9d29a0627aa04d9b98cd9245075932d6 - - default default] Unable to schedule network 3e767473-81ec-470d-98bd-049101258da9: no agents available; will retry on subsequent port and subnet creation events.
2026-05-07 04:39:23.695 9 INFO neutron.db.ovn_revision_numbers_db [None req-b8144559-651a-4a60-a1c9-ff1fa73108f7 be8b9309607f4034b224589301012202 9d29a0627aa04d9b98cd9245075932d6 - - default default] Successfully bumped revision number for resource 5d1c3a15-dd2a-4a81-befc-b41f453d3a63 (type: ports) to 1
2026-05-07 04:39:23.738 9 INFO neutron.api.wsgi [None req-b8144559-651a-4a60-a1c9-ff1fa73108f7 be8b9309607f4034b224589301012202 9d29a0627aa04d9b98cd9245075932d6 - - default default] 10.0.0.58 "POST /v2.0/networks HTTP/1.1" status: 201 len: 831 time: 0.4863462
2026-05-07 04:39:23.749 9 WARNING neutron_lib.context [None req-ab2a1ae0-0cae-4524-aa90-b0fd8db8acd3 be8b9309607f4034b224589301012202 9d29a0627aa04d9b98cd9245075932d6 - - default default] Method 'is_advsvc' is deprecated since 2023.2 release (neutron-lib 3.8.0) and will be removed once support for the old RBAC API policies will be removed from Neutron. Please use method 'is_service_role' instead.
2026-05-07 04:39:23.929 9 WARNING neutron.scheduler.dhcp_agent_scheduler [None req-ab2a1ae0-0cae-4524-aa90-b0fd8db8acd3 be8b9309607f4034b224589301012202 9d29a0627aa04d9b98cd9245075932d6 - - default default] No more DHCP agents
2026-05-07 04:39:23.930 9 WARNING neutron.api.rpc.agentnotifiers.dhcp_rpc_agent_api [None req-ab2a1ae0-0cae-4524-aa90-b0fd8db8acd3 be8b9309607f4034b224589301012202 9d29a0627aa04d9b98cd9245075932d6 - - default default] Unable to schedule network 3e767473-81ec-470d-98bd-049101258da9: no agents available; will retry on subsequent port and subnet creation events.
2026-05-07 04:39:24.340 9 INFO neutron.db.ovn_revision_numbers_db [None req-a5cb5649-5532-48aa-92f0-eec8ff337c84 - - - - - -] Successfully bumped revision number for resource 5d1c3a15-dd2a-4a81-befc-b41f453d3a63 (type: ports) to 2
2026-05-07 04:39:24.371 9 INFO neutron.db.ovn_revision_numbers_db [None req-a5cb5649-5532-48aa-92f0-eec8ff337c84 - - - - - -] Successfully bumped revision number for resource 5f00230c-f8cd-469e-bd8e-df549c93e260 (type: subnets) to 0
2026-05-07 04:39:24.385 9 INFO neutron.api.wsgi [None req-ab2a1ae0-0cae-4524-aa90-b0fd8db8acd3 be8b9309607f4034b224589301012202 9d29a0627aa04d9b98cd9245075932d6 - - default default] 10.0.0.58 "POST /v2.0/subnets HTTP/1.1" status: 201 len: 828 time: 0.6403069
2026-05-07 04:39:24.394 9 WARNING neutron_lib.context [None req-c5f55b7c-f327-422e-9051-7c8e36f8ba6f be8b9309607f4034b224589301012202 9d29a0627aa04d9b98cd9245075932d6 - - default default] Method 'is_advsvc' is deprecated since 2023.2 release (neutron-lib 3.8.0) and will be removed once support for the old RBAC API policies will be removed from Neutron. Please use method 'is_service_role' instead.
2026-05-07 04:39:24.485 9 INFO neutron.db.segments_db [None req-c5f55b7c-f327-422e-9051-7c8e36f8ba6f be8b9309607f4034b224589301012202 9d29a0627aa04d9b98cd9245075932d6 - - default default] Added segment f44de52e-f539-44ca-8b15-5b8f21dab3f3 of type geneve for network 49ff3702-a384-4ca6-84e2-57384705eac2
2026-05-07 04:39:24.598 9 INFO neutron.db.ovn_revision_numbers_db [None req-c5f55b7c-f327-422e-9051-7c8e36f8ba6f be8b9309607f4034b224589301012202 9d29a0627aa04d9b98cd9245075932d6 - - default default] Successfully bumped revision number for resource 49ff3702-a384-4ca6-84e2-57384705eac2 (type: networks) to 1
2026-05-07 04:39:24.780 9 WARNING neutron.scheduler.dhcp_agent_scheduler [None req-c5f55b7c-f327-422e-9051-7c8e36f8ba6f be8b9309607f4034b224589301012202 9d29a0627aa04d9b98cd9245075932d6 - - default default] No more DHCP agents
2026-05-07 04:39:24.782 9 WARNING neutron.api.rpc.agentnotifiers.dhcp_rpc_agent_api [None req-c5f55b7c-f327-422e-9051-7c8e36f8ba6f be8b9309607f4034b224589301012202 9d29a0627aa04d9b98cd9245075932d6 - - default default] Unable to schedule network 49ff3702-a384-4ca6-84e2-57384705eac2: no agents available; will retry on subsequent port and subnet creation events.
2026-05-07 04:39:24.850 9 INFO neutron.db.ovn_revision_numbers_db [None req-c5f55b7c-f327-422e-9051-7c8e36f8ba6f be8b9309607f4034b224589301012202 9d29a0627aa04d9b98cd9245075932d6 - - default default] Successfully bumped revision number for resource 9a81bc93-2cb3-4d6e-8fa6-68e09380c1e3 (type: ports) to 1
2026-05-07 04:39:24.870 9 INFO neutron.api.wsgi [None req-c5f55b7c-f327-422e-9051-7c8e36f8ba6f be8b9309607f4034b224589301012202 9d29a0627aa04d9b98cd9245075932d6 - - default default] 10.0.0.58 "POST /v2.0/networks HTTP/1.1" status: 201 len: 830 time: 0.4801881
2026-05-07 04:39:24.881 9 WARNING neutron_lib.context [None req-08e01e1e-622d-4e85-824a-89b188c5523c be8b9309607f4034b224589301012202 9d29a0627aa04d9b98cd9245075932d6 - - default default] Method 'is_advsvc' is deprecated since 2023.2 release (neutron-lib 3.8.0) and will be removed once support for the old RBAC API policies will be removed from Neutron. Please use method 'is_service_role' instead.
2026-05-07 04:39:25.050 9 WARNING neutron.scheduler.dhcp_agent_scheduler [None req-08e01e1e-622d-4e85-824a-89b188c5523c be8b9309607f4034b224589301012202 9d29a0627aa04d9b98cd9245075932d6 - - default default] No more DHCP agents
2026-05-07 04:39:25.052 9 WARNING neutron.api.rpc.agentnotifiers.dhcp_rpc_agent_api [None req-08e01e1e-622d-4e85-824a-89b188c5523c be8b9309607f4034b224589301012202 9d29a0627aa04d9b98cd9245075932d6 - - default default] Unable to schedule network 49ff3702-a384-4ca6-84e2-57384705eac2: no agents available; will retry on subsequent port and subnet creation events.
2026-05-07 04:39:25.339 9 INFO neutron.api.wsgi [-] 10.0.0.116 "GET / HTTP/1.1" status: 200 len: 247 time: 0.0017452
2026-05-07 04:39:25.340 10 INFO neutron.api.wsgi [-] 10.0.0.116 "GET / HTTP/1.1" status: 200 len: 247 time: 0.0023592
2026-05-07 04:39:25.437 9 INFO neutron.db.ovn_revision_numbers_db [None req-1f012a0d-d644-4137-b2ad-2f9e79fd2741 - - - - - -] Successfully bumped revision number for resource 9a81bc93-2cb3-4d6e-8fa6-68e09380c1e3 (type: ports) to 2
2026-05-07 04:39:25.462 9 INFO neutron.db.ovn_revision_numbers_db [None req-1f012a0d-d644-4137-b2ad-2f9e79fd2741 - - - - - -] Successfully bumped revision number for resource 20b2dfd8-6b5c-44f8-a428-d7f12da59374 (type: subnets) to 0
2026-05-07 04:39:25.477 9 INFO neutron.api.wsgi [None req-08e01e1e-622d-4e85-824a-89b188c5523c be8b9309607f4034b224589301012202 9d29a0627aa04d9b98cd9245075932d6 - - default default] 10.0.0.58 "POST /v2.0/subnets HTTP/1.1" status: 201 len: 828 time: 0.5992820
2026-05-07 04:39:25.524 9 INFO neutron.api.wsgi [None req-2b6a0ef2-f1cb-4138-8f43-50e6a64cf14b be8b9309607f4034b224589301012202 9d29a0627aa04d9b98cd9245075932d6 - - default default] 10.0.0.58 "PUT /v2.0/subnets/d0955fcf-8ba8-48cf-b3fb-3ce61f711af6/tags HTTP/1.1" status: 200 len: 210 time: 0.0430000
2026-05-07 04:39:25.560 9 INFO neutron.api.wsgi [None req-f5a8721d-8052-49b2-9465-ddaaa5af00c3 be8b9309607f4034b224589301012202 9d29a0627aa04d9b98cd9245075932d6 - - default default] 10.0.0.58 "PUT /v2.0/subnets/951de67b-240e-4475-98d0-6ec47c85c7e4/tags HTTP/1.1" status: 200 len: 218 time: 0.0325103
2026-05-07 04:39:25.597 9 INFO neutron.api.wsgi [None req-6fc2987e-9d7b-4ac1-ac59-188a84098fba be8b9309607f4034b224589301012202 9d29a0627aa04d9b98cd9245075932d6 - - default default] 10.0.0.58 "PUT /v2.0/subnets/38e6d219-8f97-42d2-a14f-0ed5665c5352/tags HTTP/1.1" status: 200 len: 227 time: 0.0310760
2026-05-07 04:39:25.633 9 INFO neutron.api.wsgi [None req-a13be83c-f23f-4270-bc81-06b149250207 be8b9309607f4034b224589301012202 9d29a0627aa04d9b98cd9245075932d6 - - default default] 10.0.0.58 "PUT /v2.0/subnets/5f00230c-f8cd-469e-bd8e-df549c93e260/tags HTTP/1.1" status: 200 len: 212 time: 0.0299966
2026-05-07 04:39:25.676 9 INFO neutron.api.wsgi [None req-acbcf0d0-cc0c-4c4d-ae90-c0170e88ad04 be8b9309607f4034b224589301012202 9d29a0627aa04d9b98cd9245075932d6 - - default default] 10.0.0.58 "GET /v2.0/subnets?tags=red HTTP/1.1" status: 200 len: 2099 time: 0.0368385
2026-05-07 04:39:25.718 9 INFO neutron.api.wsgi [None req-6e031c70-edbc-4fc6-b0af-2df686228733 be8b9309607f4034b224589301012202 9d29a0627aa04d9b98cd9245075932d6 - - default default] 10.0.0.58 "GET /v2.0/subnets?tags=red%2Cblue HTTP/1.1" status: 200 len: 1478 time: 0.0374842
2026-05-07 04:39:25.756 9 INFO neutron.api.wsgi [None req-8f234cc4-c859-43ff-bb5a-cad3cfa27a63 be8b9309607f4034b224589301012202 9d29a0627aa04d9b98cd9245075932d6 - - default default] 10.0.0.58 "GET /v2.0/subnets?tags-any=blue HTTP/1.1" status: 200 len: 1478 time: 0.0311925
2026-05-07 04:39:25.789 9 INFO neutron.api.wsgi [None req-7540e5da-fa71-455b-b294-398c167325f6 be8b9309607f4034b224589301012202 9d29a0627aa04d9b98cd9245075932d6 - - default default] 10.0.0.58 "GET /v2.0/subnets?tags-any=red%2Cblue HTTP/1.1" status: 200 len: 2099 time: 0.0253892
2026-05-07 04:39:25.866 9 INFO neutron.api.wsgi [None req-89a12c77-5d09-4c44-9696-4f4dd8db1757 be8b9309607f4034b224589301012202 9d29a0627aa04d9b98cd9245075932d6 - - default default] 10.0.0.58 "GET /v2.0/subnets?not-tags=red HTTP/1.1" status: 200 len: 2089 time: 0.0723412
2026-05-07 04:39:25.911 9 INFO neutron.api.wsgi [None req-07b2d0b4-c856-47eb-8f14-47b29f667c1d be8b9309607f4034b224589301012202 9d29a0627aa04d9b98cd9245075932d6 - - default default] 10.0.0.58 "GET /v2.0/subnets?not-tags=red%2Cblue HTTP/1.1" status: 200 len: 2710 time: 0.0343285
2026-05-07 04:39:25.959 9 INFO neutron.api.wsgi [None req-e4e390cb-39ac-456f-80e8-89331fcd21d1 be8b9309607f4034b224589301012202 9d29a0627aa04d9b98cd9245075932d6 - - default default] 10.0.0.58 "GET /v2.0/subnets?not-tags-any=blue HTTP/1.1" status: 200 len: 2710 time: 0.0415573
2026-05-07 04:39:25.993 9 INFO neutron.api.wsgi [None req-2a911747-7805-4c05-ad92-37b10948c150 be8b9309607f4034b224589301012202 9d29a0627aa04d9b98cd9245075932d6 - - default default] 10.0.0.58 "GET /v2.0/subnets?not-tags-any=red%2Cblue HTTP/1.1" status: 200 len: 2089 time: 0.0280137
2026-05-07 04:39:26.189 9 INFO neutron.api.wsgi [None req-4be11903-9240-4023-a09d-db3a7d4ff548 be8b9309607f4034b224589301012202 9d29a0627aa04d9b98cd9245075932d6 - - default default] 10.0.0.58 "DELETE /v2.0/subnets/d0955fcf-8ba8-48cf-b3fb-3ce61f711af6 HTTP/1.1" status: 204 len: 168 time: 0.1880484
2026-05-07 04:39:26.376 9 INFO neutron.api.wsgi [None req-7433797e-dac6-467c-9729-647e8175d46b be8b9309607f4034b224589301012202 9d29a0627aa04d9b98cd9245075932d6 - - default default] 10.0.0.58 "DELETE /v2.0/subnets/951de67b-240e-4475-98d0-6ec47c85c7e4 HTTP/1.1" status: 204 len: 168 time: 0.1803520
2026-05-07 04:39:26.544 10 INFO neutron.api.wsgi [None req-b4ec90f8-a366-4131-9d47-f7f9fca04964 be8b9309607f4034b224589301012202 9d29a0627aa04d9b98cd9245075932d6 - - default default] 10.0.0.58 "DELETE /v2.0/subnets/38e6d219-8f97-42d2-a14f-0ed5665c5352 HTTP/1.1" status: 204 len: 168 time: 0.1609550
2026-05-07 04:39:26.714 10 INFO neutron.api.wsgi [None req-06f6be31-9de3-439b-ae46-97a82381e49d be8b9309607f4034b224589301012202 9d29a0627aa04d9b98cd9245075932d6 - - default default] 10.0.0.58 "DELETE /v2.0/subnets/5f00230c-f8cd-469e-bd8e-df549c93e260 HTTP/1.1" status: 204 len: 168 time: 0.1669958
2026-05-07 04:39:26.873 10 INFO neutron.api.wsgi [None req-436b7fd9-763b-4777-90cc-6eb9e65dfa35 be8b9309607f4034b224589301012202 9d29a0627aa04d9b98cd9245075932d6 - - default default] 10.0.0.58 "DELETE /v2.0/subnets/20b2dfd8-6b5c-44f8-a428-d7f12da59374 HTTP/1.1" status: 204 len: 168 time: 0.1527493
2026-05-07 04:39:27.144 9 INFO neutron.services.segments.plugin [-] Segment fc72d30a-86f3-40c8-b899-95a9902d08a8 resource provider aggregate not found
2026-05-07 04:39:27.151 9 INFO neutron.services.segments.plugin [-] Segment fc72d30a-86f3-40c8-b899-95a9902d08a8 resource provider aggregate not found
2026-05-07 04:39:27.164 9 INFO neutron.services.segments.plugin [-] Segment fc72d30a-86f3-40c8-b899-95a9902d08a8 resource provider not found; error: Placement Client Error (4xx): {"errors": [{"status": 404, "title": "Not Found", "detail": "The resource could not be found.\n\n No resource provider with uuid fc72d30a-86f3-40c8-b899-95a9902d08a8 found for delete ", "request_id": "req-f6d82b4b-5eed-4dd8-97f5-83b5c175fddd"}]}
2026-05-07 04:39:27.169 9 INFO neutron.services.segments.plugin [-] Segment fc72d30a-86f3-40c8-b899-95a9902d08a8 resource provider not found; error: Placement Client Error (4xx): {"errors": [{"status": 404, "title": "Not Found", "detail": "The resource could not be found.\n\n No resource provider with uuid fc72d30a-86f3-40c8-b899-95a9902d08a8 found for delete ", "request_id": "req-b95c6025-88b0-433a-b393-95473c14235f"}]}
2026-05-07 04:39:27.193 9 INFO neutron.api.wsgi [None req-f82b3341-ebda-4d8f-a5b7-f82be2fb0f28 be8b9309607f4034b224589301012202 9d29a0627aa04d9b98cd9245075932d6 - - default default] 10.0.0.58 "DELETE /v2.0/networks/f705148c-8b35-4508-81fd-675571b4c0f0 HTTP/1.1" status: 204 len: 168 time: 0.3150411
2026-05-07 04:39:27.473 9 INFO neutron.api.wsgi [None req-a14ddbf5-dc40-4440-9c89-b520cd82fa26 be8b9309607f4034b224589301012202 9d29a0627aa04d9b98cd9245075932d6 - - default default] 10.0.0.58 "DELETE /v2.0/networks/6629125b-d30e-46cc-8dfe-aa902a1686b8 HTTP/1.1" status: 204 len: 168 time: 0.2741642
2026-05-07 04:39:27.758 9 INFO neutron.api.wsgi [None req-de1b1e43-923f-4994-80d4-264176d82a8a be8b9309607f4034b224589301012202 9d29a0627aa04d9b98cd9245075932d6 - - default default] 10.0.0.58 "DELETE /v2.0/networks/710d178e-efb1-4c73-a9b8-b95424d48549 HTTP/1.1" status: 204 len: 168 time: 0.2792959
2026-05-07 04:39:28.036 9 INFO neutron.api.wsgi [None req-f4c4851d-875a-4ab8-aade-5736de48dd71 be8b9309607f4034b224589301012202 9d29a0627aa04d9b98cd9245075932d6 - - default default] 10.0.0.58 "DELETE /v2.0/networks/3e767473-81ec-470d-98bd-049101258da9 HTTP/1.1" status: 204 len: 168 time: 0.2722523
2026-05-07 04:39:28.288 9 INFO neutron.api.wsgi [None req-81cd68dd-68e9-4042-ad4e-24df40780f9f be8b9309607f4034b224589301012202 9d29a0627aa04d9b98cd9245075932d6 - - default default] 10.0.0.58 "DELETE /v2.0/networks/49ff3702-a384-4ca6-84e2-57384705eac2 HTTP/1.1" status: 204 len: 168 time: 0.2472837
2026-05-07 04:39:29.182 9 INFO neutron.services.segments.plugin [-] Segment 47948b11-f1b3-4923-8b2c-5527f0a6166f resource provider aggregate not found
2026-05-07 04:39:29.191 9 INFO neutron.services.segments.plugin [-] Segment 47948b11-f1b3-4923-8b2c-5527f0a6166f resource provider not found; error: Placement Client Error (4xx): {"errors": [{"status": 404, "title": "Not Found", "detail": "The resource could not be found.\n\n No resource provider with uuid 47948b11-f1b3-4923-8b2c-5527f0a6166f found for delete ", "request_id": "req-4676bcc0-6ac4-4ed9-b0a2-aa84cb1bc406"}]}
2026-05-07 04:39:29.195 9 INFO neutron.services.segments.plugin [-] Segment 47948b11-f1b3-4923-8b2c-5527f0a6166f resource provider aggregate not found
2026-05-07 04:39:29.201 9 INFO neutron.services.segments.plugin [-] Segment 43724619-ee7a-436e-8972-8dc9ce8e2aed resource provider aggregate not found
2026-05-07 04:39:29.209 9 INFO neutron.services.segments.plugin [-] Segment 43724619-ee7a-436e-8972-8dc9ce8e2aed resource provider not found; error: Placement Client Error (4xx): {"errors": [{"status": 404, "title": "Not Found", "detail": "The resource could not be found.\n\n No resource provider with uuid 43724619-ee7a-436e-8972-8dc9ce8e2aed found for delete ", "request_id": "req-ecb702b7-c98d-4c9b-987e-228fab36e956"}]}
2026-05-07 04:39:29.213 9 INFO neutron.services.segments.plugin [-] Segment 47948b11-f1b3-4923-8b2c-5527f0a6166f resource provider not found; error: Placement Client Error (4xx): {"errors": [{"status": 404, "title": "Not Found", "detail": "The resource could not be found.\n\n No resource provider with uuid 47948b11-f1b3-4923-8b2c-5527f0a6166f found for delete ", "request_id": "req-15b00a99-d8ca-47fa-ae80-a30f910c2672"}]}
2026-05-07 04:39:29.220 9 INFO neutron.services.segments.plugin [-] Segment f8048bf3-92e6-43ce-8922-f42fb236942f resource provider aggregate not found
2026-05-07 04:39:29.225 9 INFO neutron.services.segments.plugin [-] Segment 43724619-ee7a-436e-8972-8dc9ce8e2aed resource provider aggregate not found
2026-05-07 04:39:29.235 9 INFO neutron.services.segments.plugin [-] Segment f8048bf3-92e6-43ce-8922-f42fb236942f resource provider not found; error: Placement Client Error (4xx): {"errors": [{"status": 404, "title": "Not Found", "detail": "The resource could not be found.\n\n No resource provider with uuid f8048bf3-92e6-43ce-8922-f42fb236942f found for delete ", "request_id": "req-e810df8d-01dc-47cb-b090-046d2a8eebca"}]}
2026-05-07 04:39:29.240 9 INFO neutron.services.segments.plugin [-] Segment 43724619-ee7a-436e-8972-8dc9ce8e2aed resource provider not found; error: Placement Client Error (4xx): {"errors": [{"status": 404, "title": "Not Found", "detail": "The resource could not be found.\n\n No resource provider with uuid 43724619-ee7a-436e-8972-8dc9ce8e2aed found for delete ", "request_id": "req-f5255406-f083-4fef-99a9-f254fe14863d"}]}
2026-05-07 04:39:29.245 9 INFO neutron.services.segments.plugin [-] Segment f44de52e-f539-44ca-8b15-5b8f21dab3f3 resource provider aggregate not found
2026-05-07 04:39:29.249 9 INFO neutron.services.segments.plugin [-] Segment f8048bf3-92e6-43ce-8922-f42fb236942f resource provider aggregate not found
2026-05-07 04:39:29.249 10 INFO neutron.db.ovn_revision_numbers_db [None req-675bac1a-7774-4bfb-8616-ffbdf1b13ea5 ce632d76966a4c36b373021fa2dac8d0 f3b2c4eeb3ee4a1b93fb1c15ccb58fd0 - - default default] Successfully bumped revision number for resource 6a31dbed-22d2-4b6d-9b74-80dfc8a5406d (type: security_groups) to 1
2026-05-07 04:39:29.254 9 INFO neutron.services.segments.plugin [-] Segment f44de52e-f539-44ca-8b15-5b8f21dab3f3 resource provider not found; error: Placement Client Error (4xx): {"errors": [{"status": 404, "title": "Not Found", "detail": "The resource could not be found.\n\n No resource provider with uuid f44de52e-f539-44ca-8b15-5b8f21dab3f3 found for delete ", "request_id": "req-124ddc2f-a159-4301-b9c9-81af38e284f6"}]}
2026-05-07 04:39:29.258 9 INFO neutron.services.segments.plugin [-] Segment f8048bf3-92e6-43ce-8922-f42fb236942f resource provider not found; error: Placement Client Error (4xx): {"errors": [{"status": 404, "title": "Not Found", "detail": "The resource could not be found.\n\n No resource provider with uuid f8048bf3-92e6-43ce-8922-f42fb236942f found for delete ", "request_id": "req-20075639-719b-4990-9b90-69fc6d9ad8bd"}]}
2026-05-07 04:39:29.260 10 INFO neutron.db.ovn_revision_numbers_db [None req-675bac1a-7774-4bfb-8616-ffbdf1b13ea5 ce632d76966a4c36b373021fa2dac8d0 f3b2c4eeb3ee4a1b93fb1c15ccb58fd0 - - default default] Successfully bumped revision number for resource 3d9af66c-0ac1-4c6d-885a-8c6fc854ca3e (type: security_group_rules) to 0
2026-05-07 04:39:29.271 10 INFO neutron.db.ovn_revision_numbers_db [None req-675bac1a-7774-4bfb-8616-ffbdf1b13ea5 ce632d76966a4c36b373021fa2dac8d0 f3b2c4eeb3ee4a1b93fb1c15ccb58fd0 - - default default] Successfully bumped revision number for resource 9c3c6885-c43e-45fe-9abb-db5d1960c87a (type: security_group_rules) to 0
2026-05-07 04:39:29.276 9 INFO neutron.services.segments.plugin [-] Segment f44de52e-f539-44ca-8b15-5b8f21dab3f3 resource provider aggregate not found
2026-05-07 04:39:29.283 10 INFO neutron.db.ovn_revision_numbers_db [None req-675bac1a-7774-4bfb-8616-ffbdf1b13ea5 ce632d76966a4c36b373021fa2dac8d0 f3b2c4eeb3ee4a1b93fb1c15ccb58fd0 - - default default] Successfully bumped revision number for resource cd5b1da7-143a-4715-aebe-338e57f94057 (type: security_group_rules) to 0
2026-05-07 04:39:29.292 9 INFO neutron.services.segments.plugin [-] Segment f44de52e-f539-44ca-8b15-5b8f21dab3f3 resource provider not found; error: Placement Client Error (4xx): {"errors": [{"status": 404, "title": "Not Found", "detail": "The resource could not be found.\n\n No resource provider with uuid f44de52e-f539-44ca-8b15-5b8f21dab3f3 found for delete ", "request_id": "req-3dc6926b-fb91-4b90-84dd-b589930387f4"}]}
2026-05-07 04:39:29.294 10 INFO neutron.db.ovn_revision_numbers_db [None req-675bac1a-7774-4bfb-8616-ffbdf1b13ea5 ce632d76966a4c36b373021fa2dac8d0 f3b2c4eeb3ee4a1b93fb1c15ccb58fd0 - - default default] Successfully bumped revision number for resource d53f38db-104a-443d-b325-6d1e327f666e (type: security_group_rules) to 0
2026-05-07 04:39:29.322 10 INFO neutron.api.wsgi [None req-675bac1a-7774-4bfb-8616-ffbdf1b13ea5 ce632d76966a4c36b373021fa2dac8d0 f3b2c4eeb3ee4a1b93fb1c15ccb58fd0 - - default default] 10.0.0.58 "GET /v2.0/security-groups?tenant_id=94d22cb7a66940fbbd4e0c851f16d9a9&name=default HTTP/1.1" status: 200 len: 3120 time: 0.3114619
2026-05-07 04:39:29.482 9 INFO neutron.api.wsgi [req-c633a1d9-4013-4814-8f0d-65476cb4f1af req-dc4dc1ee-53cd-4fd2-8b24-609c78e3af40 ce632d76966a4c36b373021fa2dac8d0 f3b2c4eeb3ee4a1b93fb1c15ccb58fd0 - - default default] 10.0.0.7 "GET /v2.0/security-groups?id=024f2f9b-e5c4-4723-b22c-9e94206db812&fields=id HTTP/1.1" status: 200 len: 267 time: 0.0410922
2026-05-07 04:39:29.507 10 INFO neutron.api.wsgi [None req-1eb3f644-3ab2-43dc-b38d-7a3ece54eb49 ce632d76966a4c36b373021fa2dac8d0 f3b2c4eeb3ee4a1b93fb1c15ccb58fd0 - - default default] 10.0.0.58 "DELETE /v2.0/security-groups/6a31dbed-22d2-4b6d-9b74-80dfc8a5406d HTTP/1.1" status: 204 len: 168 time: 0.1785579
2026-05-07 04:39:29.534 9 INFO neutron.api.wsgi [req-c633a1d9-4013-4814-8f0d-65476cb4f1af req-52a5e87a-b6c1-4c06-bcd0-c1f864db0390 ce632d76966a4c36b373021fa2dac8d0 f3b2c4eeb3ee4a1b93fb1c15ccb58fd0 - - default default] 10.0.0.7 "GET /v2.0/networks?id=299917fd-b2c2-430a-8e0e-5016d8b9486e HTTP/1.1" status: 200 len: 937 time: 0.0437815
2026-05-07 04:39:29.548 9 INFO neutron.api.wsgi [req-c633a1d9-4013-4814-8f0d-65476cb4f1af req-c36e3231-2faf-4162-9b95-8c82a155e58f ce632d76966a4c36b373021fa2dac8d0 f3b2c4eeb3ee4a1b93fb1c15ccb58fd0 - - default default] 10.0.0.7 "GET /v2.0/quotas/f3b2c4eeb3ee4a1b93fb1c15ccb58fd0 HTTP/1.1" status: 200 len: 490 time: 0.0076101
2026-05-07 04:39:29.596 9 INFO neutron.api.wsgi [req-c633a1d9-4013-4814-8f0d-65476cb4f1af req-4d52001e-e545-44b9-b4bc-57bb075087d1 ce632d76966a4c36b373021fa2dac8d0 f3b2c4eeb3ee4a1b93fb1c15ccb58fd0 - - default default] 10.0.0.7 "GET /v2.0/ports?tenant_id=f3b2c4eeb3ee4a1b93fb1c15ccb58fd0&fields=id HTTP/1.1" status: 200 len: 348 time: 0.0420380
2026-05-07 04:39:29.650 9 INFO neutron.api.wsgi [req-c633a1d9-4013-4814-8f0d-65476cb4f1af req-af22f750-a134-4bcc-9dbb-606e11e8b4e8 b9d9def71d194032a4ed1e1ec88523b9 d2c7cb5775e94dffa99d4e5e41325356 - - b74b1b31a6064d86ba7664f2a626d740 b74b1b31a6064d86ba7664f2a626d740] 10.0.0.7 "GET /v2.0/networks/299917fd-b2c2-430a-8e0e-5016d8b9486e?fields=segments HTTP/1.1" status: 200 len: 212 time: 0.0427005
2026-05-07 04:39:29.701 9 INFO neutron.api.wsgi [req-c633a1d9-4013-4814-8f0d-65476cb4f1af req-84aef39b-1002-4479-a689-1129b5524514 b9d9def71d194032a4ed1e1ec88523b9 d2c7cb5775e94dffa99d4e5e41325356 - - b74b1b31a6064d86ba7664f2a626d740 b74b1b31a6064d86ba7664f2a626d740] 10.0.0.7 "GET /v2.0/networks/299917fd-b2c2-430a-8e0e-5016d8b9486e?fields=provider%3Aphysical_network&fields=provider%3Anetwork_type HTTP/1.1" status: 200 len: 277 time: 0.0445342
2026-05-07 04:39:29.701 10 INFO neutron.db.ovn_revision_numbers_db [None req-bd172779-9917-4a00-bb66-750d5d9a0009 ce632d76966a4c36b373021fa2dac8d0 f3b2c4eeb3ee4a1b93fb1c15ccb58fd0 - - default default] Successfully bumped revision number for resource 66e351ab-eafd-43d5-a9c9-8e1dab1b19e0 (type: security_groups) to 1
2026-05-07 04:39:29.717 10 INFO neutron.db.ovn_revision_numbers_db [None req-bd172779-9917-4a00-bb66-750d5d9a0009 ce632d76966a4c36b373021fa2dac8d0 f3b2c4eeb3ee4a1b93fb1c15ccb58fd0 - - default default] Successfully bumped revision number for resource 03b5b5de-b97d-4078-af52-172dd65a3955 (type: security_group_rules) to 0
2026-05-07 04:39:29.731 10 INFO neutron.db.ovn_revision_numbers_db [None req-bd172779-9917-4a00-bb66-750d5d9a0009 ce632d76966a4c36b373021fa2dac8d0 f3b2c4eeb3ee4a1b93fb1c15ccb58fd0 - - default default] Successfully bumped revision number for resource 5d612a14-242b-4d92-bc37-f4b190d643a3 (type: security_group_rules) to 0
2026-05-07 04:39:29.748 10 INFO neutron.db.ovn_revision_numbers_db [None req-bd172779-9917-4a00-bb66-750d5d9a0009 ce632d76966a4c36b373021fa2dac8d0 f3b2c4eeb3ee4a1b93fb1c15ccb58fd0 - - default default] Successfully bumped revision number for resource 6db55532-3dd7-47c3-967f-0a90be2b1937 (type: security_group_rules) to 0
2026-05-07 04:39:29.761 10 INFO neutron.db.ovn_revision_numbers_db [None req-bd172779-9917-4a00-bb66-750d5d9a0009 ce632d76966a4c36b373021fa2dac8d0 f3b2c4eeb3ee4a1b93fb1c15ccb58fd0 - - default default] Successfully bumped revision number for resource d1c6fb24-c691-4d8e-86f2-75ab31e46cdd (type: security_group_rules) to 0
2026-05-07 04:39:29.804 10 INFO neutron.api.wsgi [None req-bd172779-9917-4a00-bb66-750d5d9a0009 ce632d76966a4c36b373021fa2dac8d0 f3b2c4eeb3ee4a1b93fb1c15ccb58fd0 - - default default] 10.0.0.58 "GET /v2.0/security-groups?tenant_id=d5afa90791cd447e8088f5a64c20d6d3&name=default HTTP/1.1" status: 200 len: 3120 time: 0.2122967
2026-05-07 04:39:29.999 10 INFO neutron.api.wsgi [None req-f0d7e53d-e8a1-418e-a154-7e399146d438 ce632d76966a4c36b373021fa2dac8d0 f3b2c4eeb3ee4a1b93fb1c15ccb58fd0 - - default default] 10.0.0.58 "DELETE /v2.0/security-groups/66e351ab-eafd-43d5-a9c9-8e1dab1b19e0 HTTP/1.1" status: 204 len: 168 time: 0.1888988
2026-05-07 04:39:30.164 9 INFO neutron.api.wsgi [req-eaa2efb1-0ebf-4e34-a48c-20589469aefd req-a87954ca-0538-4aa8-b17d-89a64ecc6ecb ce632d76966a4c36b373021fa2dac8d0 f3b2c4eeb3ee4a1b93fb1c15ccb58fd0 - - default default] 10.0.0.7 "GET /v2.0/ports?device_id=0a155241-f4ed-4efb-a738-ad27c62a08f1 HTTP/1.1" status: 200 len: 210 time: 0.0297940
2026-05-07 04:39:30.178 9 INFO neutron.api.wsgi [None req-de5a052d-dc11-4927-8b30-841ab51327e6 ce632d76966a4c36b373021fa2dac8d0 f3b2c4eeb3ee4a1b93fb1c15ccb58fd0 - - default default] 10.0.0.58 "GET /v2.0/security-groups?tenant_id=9d29a0627aa04d9b98cd9245075932d6&name=default HTTP/1.1" status: 200 len: 3120 time: 0.0511057
2026-05-07 04:39:30.228 9 INFO neutron.api.wsgi [req-5ccdf1d1-b309-41b1-9a8c-2732baa8db2c req-00c87b0c-9b3b-4c13-b983-9d551f24fba8 ce632d76966a4c36b373021fa2dac8d0 f3b2c4eeb3ee4a1b93fb1c15ccb58fd0 - - default default] 10.0.0.7 "GET /v2.0/ports?device_id=0a155241-f4ed-4efb-a738-ad27c62a08f1 HTTP/1.1" status: 200 len: 210 time: 0.0215056
2026-05-07 04:39:30.396 9 INFO neutron.api.wsgi [None req-0b872cdf-8c10-427c-af9e-11dc1c3d4ae5 ce632d76966a4c36b373021fa2dac8d0 f3b2c4eeb3ee4a1b93fb1c15ccb58fd0 - - default default] 10.0.0.58 "DELETE /v2.0/security-groups/16a1ae94-07df-4b8b-8df7-e59c1f3f9fba HTTP/1.1" status: 204 len: 168 time: 0.2139788
2026-05-07 04:39:33.019 9 INFO neutron.api.wsgi [req-8fd93ca4-16e6-466a-bb42-d69bb4c5edb3 req-194efbd0-4360-4963-8b68-20b524b445a0 ce632d76966a4c36b373021fa2dac8d0 f3b2c4eeb3ee4a1b93fb1c15ccb58fd0 - - default default] 10.0.0.7 "GET /v2.0/ports?device_id=0a155241-f4ed-4efb-a738-ad27c62a08f1 HTTP/1.1" status: 200 len: 210 time: 0.0161240
2026-05-07 04:39:33.104 9 INFO neutron.api.wsgi [req-ae0a81b4-bd22-4b4c-a36e-298ca18dbf95 req-81611b0b-570d-47b0-aa66-878a8bf8a6c8 ce632d76966a4c36b373021fa2dac8d0 f3b2c4eeb3ee4a1b93fb1c15ccb58fd0 - - default default] 10.0.0.7 "GET /v2.0/ports?device_id=0a155241-f4ed-4efb-a738-ad27c62a08f1 HTTP/1.1" status: 200 len: 210 time: 0.0192466
2026-05-07 04:39:33.326 9 INFO neutron.db.ovn_revision_numbers_db [None req-70a7219a-bcd5-4b37-964f-49cde772926f ce632d76966a4c36b373021fa2dac8d0 f3b2c4eeb3ee4a1b93fb1c15ccb58fd0 - - default default] Successfully bumped revision number for resource 16366cf9-d56b-4c15-8779-301838e5e120 (type: security_groups) to 1
2026-05-07 04:39:33.339 9 INFO neutron.db.ovn_revision_numbers_db [None req-70a7219a-bcd5-4b37-964f-49cde772926f ce632d76966a4c36b373021fa2dac8d0 f3b2c4eeb3ee4a1b93fb1c15ccb58fd0 - - default default] Successfully bumped revision number for resource 0aa8950e-12ed-4ad6-94f6-db5f87731aaf (type: security_group_rules) to 0
2026-05-07 04:39:33.352 9 INFO neutron.db.ovn_revision_numbers_db [None req-70a7219a-bcd5-4b37-964f-49cde772926f ce632d76966a4c36b373021fa2dac8d0 f3b2c4eeb3ee4a1b93fb1c15ccb58fd0 - - default default] Successfully bumped revision number for resource 18c55f8e-5535-4865-85b7-c987fda08f33 (type: security_group_rules) to 0
2026-05-07 04:39:33.363 9 INFO neutron.db.ovn_revision_numbers_db [None req-70a7219a-bcd5-4b37-964f-49cde772926f ce632d76966a4c36b373021fa2dac8d0 f3b2c4eeb3ee4a1b93fb1c15ccb58fd0 - - default default] Successfully bumped revision number for resource 21850c2b-b4f0-4d1b-9cbe-7d5366e5114b (type: security_group_rules) to 0
2026-05-07 04:39:33.376 9 INFO neutron.db.ovn_revision_numbers_db [None req-70a7219a-bcd5-4b37-964f-49cde772926f ce632d76966a4c36b373021fa2dac8d0 f3b2c4eeb3ee4a1b93fb1c15ccb58fd0 - - default default] Successfully bumped revision number for resource 2d3f6d64-c311-4da9-a6b4-556a61e6d627 (type: security_group_rules) to 0
2026-05-07 04:39:33.420 9 INFO neutron.api.wsgi [None req-70a7219a-bcd5-4b37-964f-49cde772926f ce632d76966a4c36b373021fa2dac8d0 f3b2c4eeb3ee4a1b93fb1c15ccb58fd0 - - default default] 10.0.0.58 "GET /v2.0/security-groups?tenant_id=d6a2a463ff3344ea94f67e2037e0e42c&name=default HTTP/1.1" status: 200 len: 3123 time: 0.3730268
2026-05-07 04:39:33.614 9 INFO neutron.api.wsgi [None req-49bd469d-3f7c-4225-b012-8871ad7122b9 ce632d76966a4c36b373021fa2dac8d0 f3b2c4eeb3ee4a1b93fb1c15ccb58fd0 - - default default] 10.0.0.58 "DELETE /v2.0/security-groups/16366cf9-d56b-4c15-8779-301838e5e120 HTTP/1.1" status: 204 len: 168 time: 0.1893458
2026-05-07 04:39:33.670 10 WARNING neutron_lib.context [None req-57152456-95cf-4dfd-9515-b1148ea4f478 09f61c37cd4f4c1fa55db3947956e968 4e0dc8aebfbd4a9298d54a04ad34d8f7 - - default default] Method 'is_advsvc' is deprecated since 2023.2 release (neutron-lib 3.8.0) and will be removed once support for the old RBAC API policies will be removed from Neutron. Please use method 'is_service_role' instead.
2026-05-07 04:39:33.923 10 WARNING neutron.scheduler.dhcp_agent_scheduler [None req-57152456-95cf-4dfd-9515-b1148ea4f478 09f61c37cd4f4c1fa55db3947956e968 4e0dc8aebfbd4a9298d54a04ad34d8f7 - - default default] No more DHCP agents
2026-05-07 04:39:33.924 10 WARNING neutron.api.rpc.agentnotifiers.dhcp_rpc_agent_api [None req-57152456-95cf-4dfd-9515-b1148ea4f478 09f61c37cd4f4c1fa55db3947956e968 4e0dc8aebfbd4a9298d54a04ad34d8f7 - - default default] Unable to schedule network bb2502a7-810e-44b0-bf54-9c9da8f1d864: no agents available; will retry on subsequent port and subnet creation events.
2026-05-07 04:39:34.160 10 INFO neutron.api.wsgi [None req-57152456-95cf-4dfd-9515-b1148ea4f478 09f61c37cd4f4c1fa55db3947956e968 4e0dc8aebfbd4a9298d54a04ad34d8f7 - - default default] 10.0.0.58 "POST /v2.0/floatingips HTTP/1.1" status: 201 len: 751 time: 0.5330081
2026-05-07 04:39:34.207 9 INFO neutron.api.wsgi [None req-65b6bda5-4146-4427-9855-21a666715e1e 09f61c37cd4f4c1fa55db3947956e968 4e0dc8aebfbd4a9298d54a04ad34d8f7 - - default default] 10.0.0.58 "PUT /v2.0/floatingips/3cbab6be-a28b-4b45-b0cf-f0d308ed8754/tags HTTP/1.1" status: 200 len: 218 time: 0.0404179
2026-05-07 04:39:34.247 10 INFO neutron.api.wsgi [None req-0fdf8d0e-ee33-40d6-b328-d9090122a324 09f61c37cd4f4c1fa55db3947956e968 4e0dc8aebfbd4a9298d54a04ad34d8f7 - - default default] 10.0.0.58 "GET /v2.0/floatingips/3cbab6be-a28b-4b45-b0cf-f0d308ed8754/tags HTTP/1.1" status: 200 len: 218 time: 0.0350614
2026-05-07 04:39:34.291 10 INFO neutron.api.wsgi [None req-53229ade-41c7-4fa1-b07d-cb0795351cb9 09f61c37cd4f4c1fa55db3947956e968 4e0dc8aebfbd4a9298d54a04ad34d8f7 - - default default] 10.0.0.58 "PUT /v2.0/floatingips/3cbab6be-a28b-4b45-b0cf-f0d308ed8754/tags/green HTTP/1.1" status: 201 len: 201 time: 0.0393395
2026-05-07 04:39:34.330 9 INFO neutron.api.wsgi [None req-8f40c082-28dd-4ee8-bd3f-c0060e758a8e 09f61c37cd4f4c1fa55db3947956e968 4e0dc8aebfbd4a9298d54a04ad34d8f7 - - default default] 10.0.0.58 "GET /v2.0/floatingips/3cbab6be-a28b-4b45-b0cf-f0d308ed8754/tags HTTP/1.1" status: 200 len: 227 time: 0.0354626
2026-05-07 04:39:34.337 9 INFO neutron.api.wsgi [req-c633a1d9-4013-4814-8f0d-65476cb4f1af req-6643a54a-c777-47d7-9c58-089558199f0c ce632d76966a4c36b373021fa2dac8d0 f3b2c4eeb3ee4a1b93fb1c15ccb58fd0 - - default default] 199.19.213.105 "GET /v2.0/networks?id=299917fd-b2c2-430a-8e0e-5016d8b9486e HTTP/1.1" status: 200 len: 937 time: 0.0702207
2026-05-07 04:39:34.364 9 INFO neutron.api.wsgi [None req-199292da-cdd0-4238-9b00-ac34ef876618 09f61c37cd4f4c1fa55db3947956e968 4e0dc8aebfbd4a9298d54a04ad34d8f7 - - default default] 10.0.0.58 "PUT /v2.0/floatingips/3cbab6be-a28b-4b45-b0cf-f0d308ed8754/tags/red HTTP/1.1" status: 201 len: 201 time: 0.0300102
2026-05-07 04:39:34.388 10 INFO neutron.api.wsgi [None req-9ab9d169-7615-495c-85f8-6bc32b67bc6b 09f61c37cd4f4c1fa55db3947956e968 4e0dc8aebfbd4a9298d54a04ad34d8f7 - - default default] 10.0.0.58 "GET /v2.0/floatingips/3cbab6be-a28b-4b45-b0cf-f0d308ed8754/tags HTTP/1.1" status: 200 len: 227 time: 0.0195754
2026-05-07 04:39:34.389 9 INFO neutron.api.wsgi [req-c633a1d9-4013-4814-8f0d-65476cb4f1af req-a44c7b2d-8a33-4483-a5af-2650bc20d6d1 ce632d76966a4c36b373021fa2dac8d0 f3b2c4eeb3ee4a1b93fb1c15ccb58fd0 - - default default] 199.19.213.105 "GET /v2.0/security-groups?fields=id&fields=name&tenant_id=f3b2c4eeb3ee4a1b93fb1c15ccb58fd0 HTTP/1.1" status: 200 len: 542 time: 0.0468991
2026-05-07 04:39:34.677 9 WARNING neutron.scheduler.dhcp_agent_scheduler [req-c633a1d9-4013-4814-8f0d-65476cb4f1af req-9821d19a-cf63-4be3-95e8-0c19a5ff4b1a ce632d76966a4c36b373021fa2dac8d0 f3b2c4eeb3ee4a1b93fb1c15ccb58fd0 - - default default] No more DHCP agents
