2026-05-07 04:38:59.965 9 INFO neutron.services.segments.plugin [-] Segment 221c72c8-9898-4f10-b6e3-0e148f979632 resource provider not found; error: Placement Client Error (4xx): {"errors": [{"status": 404, "title": "Not Found", "detail": "The resource could not be found.\n\n No resource provider with uuid 221c72c8-9898-4f10-b6e3-0e148f979632 found for delete ", "request_id": "req-f05cd777-e2b7-4318-b317-a3196ed99fc1"}]}
2026-05-07 04:38:59.971 9 INFO neutron.services.segments.plugin [-] Segment 221c72c8-9898-4f10-b6e3-0e148f979632 resource provider not found; error: Placement Client Error (4xx): {"errors": [{"status": 404, "title": "Not Found", "detail": "The resource could not be found.\n\n No resource provider with uuid 221c72c8-9898-4f10-b6e3-0e148f979632 found for delete ", "request_id": "req-9ee3f208-e622-4828-bb0c-5c82cda90193"}]}
2026-05-07 04:38:59.979 9 INFO neutron.api.wsgi [req-c906b14c-dc67-4333-b24a-4745512e4235 req-c03ec97b-2b75-47c7-b2b0-7b5acd03b8f7 a8f2755b3de646a2b1d7acf9d94de3b7 36836dd25a714ea2bb448d4f64c0d604 - - default default] 10.0.0.7 "GET /v2.0/security-groups?id=b7e9f60c-3c99-47a6-b5b5-9100d264c356&fields=id&fields=name HTTP/1.1" status: 200 len: 311 time: 0.0603206
2026-05-07 04:39:00.046 9 INFO neutron.db.ovn_revision_numbers_db [None req-20f8fabf-b91e-4f06-ab2f-ddb2c5b442a9 dc4c0f2abc5040fba7c21d2eb5ff3a72 507782b9bc0b4558ad3d39f031921b8f - - default default] Successfully bumped revision number for resource 127d9dcd-b056-440c-8ecb-dd63a27e30d9 (type: networks) to 1
2026-05-07 04:39:00.049 10 INFO neutron.db.segments_db [None req-9f2297e7-7998-4942-a0fa-94265eaa83b8 43b51eb110c440f997ce6b8e8448f2f6 95e4ec0bec8644b2a5a653307668e308 - - default default] Added segment 0a0d3555-41f8-4293-b2fd-bf7b05d92f6d of type geneve for network 976baa79-f41f-44ca-b7b8-8bf3f06d3c27
2026-05-07 04:39:00.058 10 WARNING neutron.scheduler.dhcp_agent_scheduler [None req-7421110a-2adc-442a-ade3-9cc7be28e191 a3b58ce78ab849808e0d68f8f455c253 aa5b828a5ebb4da8b270a1d671743a0a - - default default] No more DHCP agents
2026-05-07 04:39:00.060 10 WARNING neutron.api.rpc.agentnotifiers.dhcp_rpc_agent_api [None req-7421110a-2adc-442a-ade3-9cc7be28e191 a3b58ce78ab849808e0d68f8f455c253 aa5b828a5ebb4da8b270a1d671743a0a - - default default] Unable to schedule network 71c1b1d2-65ea-4bf1-807b-346c98bb476b: no agents available; will retry on subsequent port and subnet creation events.
2026-05-07 04:39:00.171 10 INFO neutron.db.ovn_revision_numbers_db [None req-7421110a-2adc-442a-ade3-9cc7be28e191 a3b58ce78ab849808e0d68f8f455c253 aa5b828a5ebb4da8b270a1d671743a0a - - default default] Successfully bumped revision number for resource 3a45b5df-21f8-4863-9a36-8f6362d47fb3 (type: ports) to 1
2026-05-07 04:39:00.180 10 INFO neutron.db.ovn_revision_numbers_db [None req-9f2297e7-7998-4942-a0fa-94265eaa83b8 43b51eb110c440f997ce6b8e8448f2f6 95e4ec0bec8644b2a5a653307668e308 - - default default] Successfully bumped revision number for resource 976baa79-f41f-44ca-b7b8-8bf3f06d3c27 (type: networks) to 1
2026-05-07 04:39:00.194 10 INFO neutron.api.wsgi [None req-7421110a-2adc-442a-ade3-9cc7be28e191 a3b58ce78ab849808e0d68f8f455c253 aa5b828a5ebb4da8b270a1d671743a0a - - default default] 10.0.0.58 "POST /v2.0/ports HTTP/1.1" status: 201 len: 1162 time: 0.4482317
2026-05-07 04:39:00.197 9 WARNING neutron.scheduler.dhcp_agent_scheduler [None req-20f8fabf-b91e-4f06-ab2f-ddb2c5b442a9 dc4c0f2abc5040fba7c21d2eb5ff3a72 507782b9bc0b4558ad3d39f031921b8f - - default default] No more DHCP agents
2026-05-07 04:39:00.199 9 WARNING neutron.api.rpc.agentnotifiers.dhcp_rpc_agent_api [None req-20f8fabf-b91e-4f06-ab2f-ddb2c5b442a9 dc4c0f2abc5040fba7c21d2eb5ff3a72 507782b9bc0b4558ad3d39f031921b8f - - default default] Unable to schedule network 127d9dcd-b056-440c-8ecb-dd63a27e30d9: no agents available; will retry on subsequent port and subnet creation events. /var/lib/openstack/lib/python3.12/site-packages/pycadf/identifier.py:71: UserWarning: Invalid uuid: neutron. To ensure interoperability, identifiers should be a valid uuid. warnings.warn(('Invalid uuid: %s. To ensure interoperability, '
2026-05-07 04:39:00.254 9 INFO neutron.db.ovn_revision_numbers_db [None req-20f8fabf-b91e-4f06-ab2f-ddb2c5b442a9 dc4c0f2abc5040fba7c21d2eb5ff3a72 507782b9bc0b4558ad3d39f031921b8f - - default default] Successfully bumped revision number for resource 475ac84b-ee3a-4c82-be85-588206e921db (type: ports) to 1
2026-05-07 04:39:00.274 9 INFO neutron.api.wsgi [None req-20f8fabf-b91e-4f06-ab2f-ddb2c5b442a9 dc4c0f2abc5040fba7c21d2eb5ff3a72 507782b9bc0b4558ad3d39f031921b8f - - default default] 10.0.0.58 "POST /v2.0/networks HTTP/1.1" status: 201 len: 830 time: 0.4853258
2026-05-07 04:39:00.289 9 WARNING neutron_lib.context [None req-96c6c173-fb18-4c48-bc1f-d0386941c00e dc4c0f2abc5040fba7c21d2eb5ff3a72 507782b9bc0b4558ad3d39f031921b8f - - default default] Method 'is_advsvc' is deprecated since 2023.2 release (neutron-lib 3.8.0) and will be removed once support for the old RBAC API policies will be removed from Neutron. Please use method 'is_service_role' instead.
2026-05-07 04:39:00.391 10 WARNING neutron.scheduler.dhcp_agent_scheduler [None req-9f2297e7-7998-4942-a0fa-94265eaa83b8 43b51eb110c440f997ce6b8e8448f2f6 95e4ec0bec8644b2a5a653307668e308 - - default default] No more DHCP agents
2026-05-07 04:39:00.393 10 WARNING neutron.api.rpc.agentnotifiers.dhcp_rpc_agent_api [None req-9f2297e7-7998-4942-a0fa-94265eaa83b8 43b51eb110c440f997ce6b8e8448f2f6 95e4ec0bec8644b2a5a653307668e308 - - default default] Unable to schedule network 976baa79-f41f-44ca-b7b8-8bf3f06d3c27: no agents available; will retry on subsequent port and subnet creation events.
2026-05-07 04:39:00.494 9 WARNING neutron.scheduler.dhcp_agent_scheduler [None req-96c6c173-fb18-4c48-bc1f-d0386941c00e dc4c0f2abc5040fba7c21d2eb5ff3a72 507782b9bc0b4558ad3d39f031921b8f - - default default] No more DHCP agents
2026-05-07 04:39:00.496 9 WARNING neutron.api.rpc.agentnotifiers.dhcp_rpc_agent_api [None req-96c6c173-fb18-4c48-bc1f-d0386941c00e dc4c0f2abc5040fba7c21d2eb5ff3a72 507782b9bc0b4558ad3d39f031921b8f - - default default] Unable to schedule network 127d9dcd-b056-440c-8ecb-dd63a27e30d9: no agents available; will retry on subsequent port and subnet creation events.
2026-05-07 04:39:00.510 10 INFO neutron.db.ovn_revision_numbers_db [None req-9f2297e7-7998-4942-a0fa-94265eaa83b8 43b51eb110c440f997ce6b8e8448f2f6 95e4ec0bec8644b2a5a653307668e308 - - default default] Successfully bumped revision number for resource 11e80076-bc43-430a-b92d-a31ac595575f (type: ports) to 1
2026-05-07 04:39:00.543 10 INFO neutron.api.wsgi [None req-9f2297e7-7998-4942-a0fa-94265eaa83b8 43b51eb110c440f997ce6b8e8448f2f6 95e4ec0bec8644b2a5a653307668e308 - - default default] 10.0.0.58 "POST /v2.0/networks HTTP/1.1" status: 201 len: 830 time: 0.6076403
2026-05-07 04:39:00.556 9 WARNING neutron_lib.context [None req-cb39b0d3-bc70-44be-a8d3-bf1c6d9bb083 43b51eb110c440f997ce6b8e8448f2f6 95e4ec0bec8644b2a5a653307668e308 - - default default] Method 'is_advsvc' is deprecated since 2023.2 release (neutron-lib 3.8.0) and will be removed once support for the old RBAC API policies will be removed from Neutron. Please use method 'is_service_role' instead.
2026-05-07 04:39:00.659 9 INFO neutron.db.segments_db [None req-cb39b0d3-bc70-44be-a8d3-bf1c6d9bb083 43b51eb110c440f997ce6b8e8448f2f6 95e4ec0bec8644b2a5a653307668e308 - - default default] Added segment b3e12244-f411-49db-beb0-cc43c7abab0c of type geneve for network 7f6b60c5-1ec7-43c6-95a4-f1f2ddea4b6a
2026-05-07 04:39:00.700 10 INFO neutron.db.ovn_revision_numbers_db [None req-3c575540-b8b8-4f99-ac39-4ee6f46257f4 a3b58ce78ab849808e0d68f8f455c253 aa5b828a5ebb4da8b270a1d671743a0a - - default default] Successfully bumped revision number for resource 3a45b5df-21f8-4863-9a36-8f6362d47fb3 (type: ports) to 2
2026-05-07 04:39:00.808 9 INFO neutron.db.ovn_revision_numbers_db [None req-cb39b0d3-bc70-44be-a8d3-bf1c6d9bb083 43b51eb110c440f997ce6b8e8448f2f6 95e4ec0bec8644b2a5a653307668e308 - - default default] Successfully bumped revision number for resource 7f6b60c5-1ec7-43c6-95a4-f1f2ddea4b6a (type: networks) to 1
2026-05-07 04:39:00.980 9 WARNING neutron.scheduler.dhcp_agent_scheduler [None req-cb39b0d3-bc70-44be-a8d3-bf1c6d9bb083 43b51eb110c440f997ce6b8e8448f2f6 95e4ec0bec8644b2a5a653307668e308 - - default default] No more DHCP agents
2026-05-07 04:39:00.982 9 WARNING neutron.api.rpc.agentnotifiers.dhcp_rpc_agent_api [None req-cb39b0d3-bc70-44be-a8d3-bf1c6d9bb083 43b51eb110c440f997ce6b8e8448f2f6 95e4ec0bec8644b2a5a653307668e308 - - default default] Unable to schedule network 7f6b60c5-1ec7-43c6-95a4-f1f2ddea4b6a: no agents available; will retry on subsequent port and subnet creation events.
2026-05-07 04:39:00.985 9 INFO neutron.db.ovn_revision_numbers_db [None req-6910a5ce-2e2e-4b7f-9fa8-370f0ab05677 - - - - - -] Successfully bumped revision number for resource 475ac84b-ee3a-4c82-be85-588206e921db (type: ports) to 2
2026-05-07 04:39:01.023 9 INFO neutron.db.ovn_revision_numbers_db [None req-6910a5ce-2e2e-4b7f-9fa8-370f0ab05677 - - - - - -] Successfully bumped revision number for resource 1895eef8-2683-4bf6-bd47-0031d06edb21 (type: subnets) to 0
2026-05-07 04:39:01.046 9 INFO neutron.api.wsgi [None req-96c6c173-fb18-4c48-bc1f-d0386941c00e dc4c0f2abc5040fba7c21d2eb5ff3a72 507782b9bc0b4558ad3d39f031921b8f - - default default] 10.0.0.58 "POST /v2.0/subnets HTTP/1.1" status: 201 len: 828 time: 0.7619894 /var/lib/openstack/lib/python3.12/site-packages/pycadf/identifier.py:71: UserWarning: Invalid uuid: neutron. To ensure interoperability, identifiers should be a valid uuid. warnings.warn(('Invalid uuid: %s. To ensure interoperability, '
2026-05-07 04:39:01.060 9 INFO neutron.db.ovn_revision_numbers_db [None req-cb39b0d3-bc70-44be-a8d3-bf1c6d9bb083 43b51eb110c440f997ce6b8e8448f2f6 95e4ec0bec8644b2a5a653307668e308 - - default default] Successfully bumped revision number for resource f7532a5d-7b4f-49a7-a903-cffca2f03f3a (type: ports) to 1
2026-05-07 04:39:01.061 10 WARNING neutron_lib.context [None req-606e34e2-0574-488c-8f99-b1f2292ac923 dc4c0f2abc5040fba7c21d2eb5ff3a72 507782b9bc0b4558ad3d39f031921b8f - - default default] Method 'is_advsvc' is deprecated since 2023.2 release (neutron-lib 3.8.0) and will be removed once support for the old RBAC API policies will be removed from Neutron. Please use method 'is_service_role' instead.
2026-05-07 04:39:01.087 9 INFO neutron.api.wsgi [None req-cb39b0d3-bc70-44be-a8d3-bf1c6d9bb083 43b51eb110c440f997ce6b8e8448f2f6 95e4ec0bec8644b2a5a653307668e308 - - default default] 10.0.0.58 "POST /v2.0/networks HTTP/1.1" status: 201 len: 831 time: 0.5365236
2026-05-07 04:39:01.136 9 INFO neutron.api.wsgi [None req-3ac64960-d164-423f-bfd6-46bb0112567f 43b51eb110c440f997ce6b8e8448f2f6 95e4ec0bec8644b2a5a653307668e308 - - default default] 10.0.0.58 "PUT /v2.0/networks/28fdb3cd-30b9-4d30-b558-91b586727871/tags HTTP/1.1" status: 200 len: 210 time: 0.0416412
2026-05-07 04:39:01.164 9 WARNING neutron.plugins.ml2.drivers.ovn.mech_driver.ovsdb.ovn_client [None req-9ae0cc1a-f30e-4c0e-9b2a-0b3bf8f5bc55 - - - - - -] No port found with ID ba324755-f49f-449d-9f6e-316c5e9ecbee: RuntimeError: No port found with ID ba324755-f49f-449d-9f6e-316c5e9ecbee
2026-05-07 04:39:01.183 9 INFO neutron.plugins.ml2.drivers.ovn.mech_driver.mech_driver [None req-9ae0cc1a-f30e-4c0e-9b2a-0b3bf8f5bc55 - - - - - -] OVN reports status up for port: 9b9ad3b9-1933-4d7f-be5a-20018fa5e597
2026-05-07 04:39:01.195 9 INFO neutron.plugins.ml2.plugin [None req-9ae0cc1a-f30e-4c0e-9b2a-0b3bf8f5bc55 - - - - - -] Attempt 1 to provision port 9b9ad3b9-1933-4d7f-be5a-20018fa5e597
2026-05-07 04:39:01.210 9 INFO neutron.api.wsgi [None req-001e1ebf-df3b-4031-a109-53c9a72a4810 43b51eb110c440f997ce6b8e8448f2f6 95e4ec0bec8644b2a5a653307668e308 - - default default] 10.0.0.58 "PUT /v2.0/networks/3ecd5f08-7b25-495f-a3c2-e54d0449b3ae/tags HTTP/1.1" status: 200 len: 218 time: 0.0597687
2026-05-07 04:39:01.241 10 WARNING neutron.plugins.ml2.drivers.ovn.mech_driver.ovsdb.ovn_client [None req-5c5aab2d-ba32-40e7-b8ad-0f5010d00e8c - - - - - -] No hosting information found for port bf9cb9c4-90f6-4480-9783-cadb811c39ed: RuntimeError: No hosting information found for port bf9cb9c4-90f6-4480-9783-cadb811c39ed
2026-05-07 04:39:01.280 9 INFO neutron.api.wsgi [None req-fa280273-049e-490c-85b1-7300071d5b56 43b51eb110c440f997ce6b8e8448f2f6 95e4ec0bec8644b2a5a653307668e308 - - default default] 10.0.0.58 "PUT /v2.0/networks/1116c4fe-a70e-4758-8920-39393d10062f/tags HTTP/1.1" status: 200 len: 227 time: 0.0655069
2026-05-07 04:39:01.302 10 INFO neutron.db.ovn_revision_numbers_db [None req-3c575540-b8b8-4f99-ac39-4ee6f46257f4 a3b58ce78ab849808e0d68f8f455c253 aa5b828a5ebb4da8b270a1d671743a0a - - default default] Successfully bumped revision number for resource 3a45b5df-21f8-4863-9a36-8f6362d47fb3 (type: ports) to 2
2026-05-07 04:39:01.331 9 INFO neutron.api.wsgi [None req-e1f22871-1462-493d-ac11-d5e6fd64fd86 43b51eb110c440f997ce6b8e8448f2f6 95e4ec0bec8644b2a5a653307668e308 - - default default] 10.0.0.58 "PUT /v2.0/networks/976baa79-f41f-44ca-b7b8-8bf3f06d3c27/tags HTTP/1.1" status: 200 len: 212 time: 0.0457499
2026-05-07 04:39:01.344 9 INFO neutron.notifiers.nova [-] Nova event matching ['req-c04c8604-b179-4fc4-88b3-08c6ac294991'] response: {'server_uuid': 'ccbda779-06c0-4eed-bd1c-bec3fa69b424', 'name': 'network-vif-plugged', 'status': 'completed', 'tag': '9b9ad3b9-1933-4d7f-be5a-20018fa5e597', 'code': 200}
2026-05-07 04:39:01.385 10 INFO neutron.db.ovn_revision_numbers_db [None req-5c5aab2d-ba32-40e7-b8ad-0f5010d00e8c - - - - - -] Successfully bumped revision number for resource bf9cb9c4-90f6-4480-9783-cadb811c39ed (type: router_ports) to 2
2026-05-07 04:39:01.385 10 INFO neutron.plugins.ml2.drivers.ovn.mech_driver.mech_driver [None req-5c5aab2d-ba32-40e7-b8ad-0f5010d00e8c - - - - - -] OVN reports status up for port: 01842786-506c-48ba-afbe-d341b7ac0e60
2026-05-07 04:39:01.387 9 INFO neutron.api.wsgi [None req-efd2dacb-98c4-406f-b826-8e14aeefb58e 43b51eb110c440f997ce6b8e8448f2f6 95e4ec0bec8644b2a5a653307668e308 - - default default] 10.0.0.58 "GET /v2.0/networks?tags=red HTTP/1.1" status: 200 len: 2067 time: 0.0503345
2026-05-07 04:39:01.389 10 WARNING neutron.scheduler.dhcp_agent_scheduler [None req-3c575540-b8b8-4f99-ac39-4ee6f46257f4 a3b58ce78ab849808e0d68f8f455c253 aa5b828a5ebb4da8b270a1d671743a0a - - default default] No more DHCP agents
2026-05-07 04:39:01.393 10 WARNING neutron.api.rpc.agentnotifiers.dhcp_rpc_agent_api [None req-3c575540-b8b8-4f99-ac39-4ee6f46257f4 a3b58ce78ab849808e0d68f8f455c253 aa5b828a5ebb4da8b270a1d671743a0a - - default default] Unable to schedule network 71c1b1d2-65ea-4bf1-807b-346c98bb476b: no agents available; will retry on subsequent port and subnet creation events. /var/lib/openstack/lib/python3.12/site-packages/pycadf/identifier.py:71: UserWarning: Invalid uuid: neutron. To ensure interoperability, identifiers should be a valid uuid. warnings.warn(('Invalid uuid: %s. To ensure interoperability, '
2026-05-07 04:39:01.479 10 INFO neutron.api.wsgi [None req-f3bd92bf-c3f6-4a00-b086-ff132abf755c 43b51eb110c440f997ce6b8e8448f2f6 95e4ec0bec8644b2a5a653307668e308 - - default default] 10.0.0.58 "GET /v2.0/networks?tags=red%2Cblue HTTP/1.1" status: 200 len: 1455 time: 0.0869339
2026-05-07 04:39:01.490 9 INFO neutron.db.ovn_revision_numbers_db [None req-9ae0cc1a-f30e-4c0e-9b2a-0b3bf8f5bc55 - - - - - -] Successfully bumped revision number for resource 9b9ad3b9-1933-4d7f-be5a-20018fa5e597 (type: ports) to 5
2026-05-07 04:39:01.537 9 INFO neutron.api.wsgi [None req-2278a73e-196f-4068-8102-85c53cea9d79 43b51eb110c440f997ce6b8e8448f2f6 95e4ec0bec8644b2a5a653307668e308 - - default default] 10.0.0.58 "GET /v2.0/networks?tags-any=blue HTTP/1.1" status: 200 len: 1455 time: 0.0535514
2026-05-07 04:39:01.593 9 INFO neutron.api.wsgi [None req-c7941c87-0c2c-4b7a-8dff-73a89d5f9795 43b51eb110c440f997ce6b8e8448f2f6 95e4ec0bec8644b2a5a653307668e308 - - default default] 10.0.0.58 "GET /v2.0/networks?tags-any=red%2Cblue HTTP/1.1" status: 200 len: 2067 time: 0.0512142
2026-05-07 04:39:01.600 9 INFO neutron.plugins.ml2.drivers.ovn.mech_driver.mech_driver [None req-83b81299-1275-4bd0-87fa-5a17fa88f6c1 - - - - - -] OVN reports status up for port: 3a45b5df-21f8-4863-9a36-8f6362d47fb3 /var/lib/openstack/lib/python3.12/site-packages/pycadf/identifier.py:71: UserWarning: Invalid uuid: neutron. To ensure interoperability, identifiers should be a valid uuid. warnings.warn(('Invalid uuid: %s. To ensure interoperability, '
2026-05-07 04:39:01.635 9 INFO neutron.plugins.ml2.plugin [None req-83b81299-1275-4bd0-87fa-5a17fa88f6c1 - - - - - -] Attempt 1 to provision port 3a45b5df-21f8-4863-9a36-8f6362d47fb3
2026-05-07 04:39:01.654 10 INFO neutron.db.ovn_revision_numbers_db [None req-3c575540-b8b8-4f99-ac39-4ee6f46257f4 a3b58ce78ab849808e0d68f8f455c253 aa5b828a5ebb4da8b270a1d671743a0a - - default default] Successfully bumped revision number for resource 3a45b5df-21f8-4863-9a36-8f6362d47fb3 (type: router_ports) to 2
2026-05-07 04:39:01.659 10 INFO neutron.api.wsgi [None req-3c575540-b8b8-4f99-ac39-4ee6f46257f4 a3b58ce78ab849808e0d68f8f455c253 aa5b828a5ebb4da8b270a1d671743a0a - - default default] 10.0.0.58 "PUT /v2.0/routers/3914b6a6-f628-4930-a41f-f8608850d996/add_router_interface HTTP/1.1" status: 200 len: 503 time: 1.4597981
2026-05-07 04:39:01.676 10 WARNING neutron.scheduler.dhcp_agent_scheduler [None req-606e34e2-0574-488c-8f99-b1f2292ac923 dc4c0f2abc5040fba7c21d2eb5ff3a72 507782b9bc0b4558ad3d39f031921b8f - - default default] No more DHCP agents
2026-05-07 04:39:01.677 10 WARNING neutron.api.rpc.agentnotifiers.dhcp_rpc_agent_api [None req-606e34e2-0574-488c-8f99-b1f2292ac923 dc4c0f2abc5040fba7c21d2eb5ff3a72 507782b9bc0b4558ad3d39f031921b8f - - default default] Unable to schedule network bb2502a7-810e-44b0-bf54-9c9da8f1d864: no agents available; will retry on subsequent port and subnet creation events.
2026-05-07 04:39:01.700 9 INFO neutron.api.wsgi [None req-a83e02fd-bff1-4f8b-a23e-e2249ba341e9 43b51eb110c440f997ce6b8e8448f2f6 95e4ec0bec8644b2a5a653307668e308 - - default default] 10.0.0.58 "GET /v2.0/networks?not-tags=red HTTP/1.1" status: 200 len: 2068 time: 0.1028042
2026-05-07 04:39:01.702 10 INFO neutron.api.wsgi [None req-500ba530-9c3a-48b1-bc09-cd78aab0bf5e a3b58ce78ab849808e0d68f8f455c253 aa5b828a5ebb4da8b270a1d671743a0a - - default default] 10.0.0.58 "GET /v2.0/ports/3a45b5df-21f8-4863-9a36-8f6362d47fb3 HTTP/1.1" status: 200 len: 1218 time: 0.0355229
2026-05-07 04:39:01.772 9 INFO neutron.api.wsgi [None req-1db05c19-3139-4377-89ff-9c00dd7b2d4c 43b51eb110c440f997ce6b8e8448f2f6 95e4ec0bec8644b2a5a653307668e308 - - default default] 10.0.0.58 "GET /v2.0/networks?not-tags=red%2Cblue HTTP/1.1" status: 200 len: 2680 time: 0.0656981
2026-05-07 04:39:01.849 9 INFO neutron.api.wsgi [None req-1b57d39e-5ea1-4bb3-90f7-ddb2cee338f4 43b51eb110c440f997ce6b8e8448f2f6 95e4ec0bec8644b2a5a653307668e308 - - default default] 10.0.0.58 "GET /v2.0/networks?not-tags-any=blue HTTP/1.1" status: 200 len: 2680 time: 0.0730584
2026-05-07 04:39:01.917 9 INFO neutron.api.wsgi [None req-49349afa-2030-4d3b-ab3a-831290eb780f 43b51eb110c440f997ce6b8e8448f2f6 95e4ec0bec8644b2a5a653307668e308 - - default default] 10.0.0.58 "GET /v2.0/networks?not-tags-any=red%2Cblue HTTP/1.1" status: 200 len: 2068 time: 0.0623648
2026-05-07 04:39:02.099 9 INFO neutron.db.ovn_revision_numbers_db [None req-83b81299-1275-4bd0-87fa-5a17fa88f6c1 - - - - - -] Successfully bumped revision number for resource 3a45b5df-21f8-4863-9a36-8f6362d47fb3 (type: ports) to 3
2026-05-07 04:39:02.240 9 INFO neutron.services.segments.plugin [-] Segment 0b9dc2f3-2ce7-4ed4-9426-d14eae19455e resource provider aggregate not found
2026-05-07 04:39:02.247 9 INFO neutron.services.segments.plugin [-] Segment 0b9dc2f3-2ce7-4ed4-9426-d14eae19455e resource provider aggregate not found
2026-05-07 04:39:02.259 9 INFO neutron.services.segments.plugin [-] Segment 0b9dc2f3-2ce7-4ed4-9426-d14eae19455e resource provider not found; error: Placement Client Error (4xx): {"errors": [{"status": 404, "title": "Not Found", "detail": "The resource could not be found.\n\n No resource provider with uuid 0b9dc2f3-2ce7-4ed4-9426-d14eae19455e found for delete ", "request_id": "req-0abf2bc4-8e05-4102-addf-a628891f6465"}]}
2026-05-07 04:39:02.264 9 INFO neutron.services.segments.plugin [-] Segment 0b9dc2f3-2ce7-4ed4-9426-d14eae19455e resource provider not found; error: Placement Client Error (4xx): {"errors": [{"status": 404, "title": "Not Found", "detail": "The resource could not be found.\n\n No resource provider with uuid 0b9dc2f3-2ce7-4ed4-9426-d14eae19455e found for delete ", "request_id": "req-869efc0c-58d6-47cd-8e55-985d001578ab"}]}
2026-05-07 04:39:02.295 9 INFO neutron.api.wsgi [None req-941a221c-8f3c-471f-99a7-0e2f82958818 43b51eb110c440f997ce6b8e8448f2f6 95e4ec0bec8644b2a5a653307668e308 - - default default] 10.0.0.58 "DELETE /v2.0/networks/28fdb3cd-30b9-4d30-b558-91b586727871 HTTP/1.1" status: 204 len: 168 time: 0.3558369 /var/lib/openstack/lib/python3.12/site-packages/pycadf/identifier.py:71: UserWarning: Invalid uuid: neutron. To ensure interoperability, identifiers should be a valid uuid. warnings.warn(('Invalid uuid: %s. To ensure interoperability, '
2026-05-07 04:39:02.607 9 INFO neutron.api.wsgi [None req-5a82a8b5-7483-40d6-bdba-ef25e1d10fa4 43b51eb110c440f997ce6b8e8448f2f6 95e4ec0bec8644b2a5a653307668e308 - - default default] 10.0.0.58 "DELETE /v2.0/networks/3ecd5f08-7b25-495f-a3c2-e54d0449b3ae HTTP/1.1" status: 204 len: 168 time: 0.2919734
2026-05-07 04:39:02.608 10 INFO neutron.db.ovn_revision_numbers_db [None req-606e34e2-0574-488c-8f99-b1f2292ac923 dc4c0f2abc5040fba7c21d2eb5ff3a72 507782b9bc0b4558ad3d39f031921b8f - - default default] Successfully bumped revision number for resource c3fd2ae6-fced-4bb3-b799-0f6dcea1e68f (type: ports) to 1
2026-05-07 04:39:02.898 9 INFO neutron.api.wsgi [None req-311b7001-260c-4c8b-9caf-7d0654863680 43b51eb110c440f997ce6b8e8448f2f6 95e4ec0bec8644b2a5a653307668e308 - - default default] 10.0.0.58 "DELETE /v2.0/networks/1116c4fe-a70e-4758-8920-39393d10062f HTTP/1.1" status: 204 len: 168 time: 0.2858374
2026-05-07 04:39:03.079 10 INFO neutron.api.wsgi [None req-838af45b-f7e1-4bff-beaa-fbe24dffc002 a3b58ce78ab849808e0d68f8f455c253 aa5b828a5ebb4da8b270a1d671743a0a - - default default] 10.0.0.58 "PUT /v2.0/routers/3914b6a6-f628-4930-a41f-f8608850d996/remove_router_interface HTTP/1.1" status: 200 len: 503 time: 1.3709643
2026-05-07 04:39:03.151 9 INFO neutron.api.v2.resource [None req-d42a6382-b7b5-43e8-a2ac-0a477250343e a3b58ce78ab849808e0d68f8f455c253 aa5b828a5ebb4da8b270a1d671743a0a - - default default] remove_router_interface failed (client error): The resource could not be found.
2026-05-07 04:39:03.152 9 INFO neutron.api.wsgi [None req-d42a6382-b7b5-43e8-a2ac-0a477250343e a3b58ce78ab849808e0d68f8f455c253 aa5b828a5ebb4da8b270a1d671743a0a - - default default] 10.0.0.58 "PUT /v2.0/routers/3914b6a6-f628-4930-a41f-f8608850d996/remove_router_interface HTTP/1.1" status: 404 len: 398 time: 0.0675149
2026-05-07 04:39:03.173 9 INFO neutron.api.wsgi [None req-2c9dd734-21d5-4818-a136-de53a8ecf0da a3b58ce78ab849808e0d68f8f455c253 aa5b828a5ebb4da8b270a1d671743a0a - - default default] 10.0.0.58 "GET /v2.0/ports?device_id=3914b6a6-f628-4930-a41f-f8608850d996 HTTP/1.1" status: 200 len: 205 time: 0.0154369
2026-05-07 04:39:03.263 9 INFO neutron.api.wsgi [None req-de038081-9144-46af-a30c-95ee242136d2 43b51eb110c440f997ce6b8e8448f2f6 95e4ec0bec8644b2a5a653307668e308 - - default default] 10.0.0.58 "DELETE /v2.0/networks/976baa79-f41f-44ca-b7b8-8bf3f06d3c27 HTTP/1.1" status: 204 len: 168 time: 0.3542316
2026-05-07 04:39:03.273 10 INFO neutron.plugins.ml2.drivers.ovn.mech_driver.ovsdb.commands [None req-c1a45c71-4d71-42eb-a778-313e7514bd34 - - - - - -] Schedule LRP lrp-c3fd2ae6-fced-4bb3-b799-0f6dcea1e68f on gateway 915079cd-9092-498e-85d0-4a41130fc0c4 with priority 1
2026-05-07 04:39:03.283 10 INFO neutron.plugins.ml2.drivers.ovn.mech_driver.mech_driver [None req-5c5aab2d-ba32-40e7-b8ad-0f5010d00e8c - - - - - -] OVN reports status up for port: c3fd2ae6-fced-4bb3-b799-0f6dcea1e68f
2026-05-07 04:39:03.298 10 INFO neutron.plugins.ml2.plugin [None req-5c5aab2d-ba32-40e7-b8ad-0f5010d00e8c - - - - - -] Attempt 1 to provision port c3fd2ae6-fced-4bb3-b799-0f6dcea1e68f
2026-05-07 04:39:03.314 10 INFO neutron.db.ovn_revision_numbers_db [None req-606e34e2-0574-488c-8f99-b1f2292ac923 dc4c0f2abc5040fba7c21d2eb5ff3a72 507782b9bc0b4558ad3d39f031921b8f - - default default] Successfully bumped revision number for resource c3fd2ae6-fced-4bb3-b799-0f6dcea1e68f (type: router_ports) to 1
2026-05-07 04:39:03.334 9 INFO neutron.api.wsgi [None req-b3ddce16-5683-41d7-9ed1-f62342a04b05 a3b58ce78ab849808e0d68f8f455c253 aa5b828a5ebb4da8b270a1d671743a0a - - default default] 10.0.0.58 "DELETE /v2.0/routers/3914b6a6-f628-4930-a41f-f8608850d996 HTTP/1.1" status: 204 len: 168 time: 0.1566870 /var/lib/openstack/lib/python3.12/site-packages/pycadf/identifier.py:71: UserWarning: Invalid uuid: neutron. To ensure interoperability, identifiers should be a valid uuid. warnings.warn(('Invalid uuid: %s. To ensure interoperability, '
2026-05-07 04:39:03.380 9 INFO neutron.notifiers.nova [-] Nova event matching ['req-fd72060d-d2a0-40c5-887b-dfc551037c24'] response: {'server_uuid': 'ccbda779-06c0-4eed-bd1c-bec3fa69b424', 'name': 'network-vif-plugged', 'status': 'completed', 'tag': '9b9ad3b9-1933-4d7f-be5a-20018fa5e597', 'code': 200}
2026-05-07 04:39:03.415 10 INFO neutron.db.ovn_revision_numbers_db [None req-606e34e2-0574-488c-8f99-b1f2292ac923 dc4c0f2abc5040fba7c21d2eb5ff3a72 507782b9bc0b4558ad3d39f031921b8f - - default default] Successfully bumped revision number for resource 148daa71-0877-4d48-b10f-35dad57747c0 (type: routers) to 2
2026-05-07 04:39:03.432 10 INFO neutron.api.wsgi [None req-606e34e2-0574-488c-8f99-b1f2292ac923 dc4c0f2abc5040fba7c21d2eb5ff3a72 507782b9bc0b4558ad3d39f031921b8f - - default default] 10.0.0.58 "POST /v2.0/routers HTTP/1.1" status: 201 len: 1135 time: 2.3791628
2026-05-07 04:39:03.496 10 INFO neutron.api.wsgi [None req-58ea1522-36bb-4995-a05e-76f6c1d0ad04 a3b58ce78ab849808e0d68f8f455c253 aa5b828a5ebb4da8b270a1d671743a0a - - default default] 10.0.0.58 "DELETE /v2.0/subnets/f9841c09-a3c6-4307-8c3c-bbaddd246f93 HTTP/1.1" status: 204 len: 168 time: 0.1552260
2026-05-07 04:39:03.528 9 INFO neutron.api.v2.resource [None req-89c514c1-4a4f-42c6-93a0-ecff461e4d7f e408b159eb45491897a1b26e357fe700 3d4fc1888a0648b2b3d3e50bba078fb8 - - default default] create failed (client error): The server could not comply with the request since it is either malformed or otherwise incorrect.
2026-05-07 04:39:03.529 9 INFO neutron.api.wsgi [None req-89c514c1-4a4f-42c6-93a0-ecff461e4d7f e408b159eb45491897a1b26e357fe700 3d4fc1888a0648b2b3d3e50bba078fb8 - - default default] 10.0.0.58 "POST /v2.0/vpn/vpnservices HTTP/1.1" status: 400 len: 397 time: 0.0908673
2026-05-07 04:39:03.581 9 INFO neutron.api.wsgi [None req-53ff0897-9983-4197-9494-2a1ebf539f77 43b51eb110c440f997ce6b8e8448f2f6 95e4ec0bec8644b2a5a653307668e308 - - default default] 10.0.0.58 "DELETE /v2.0/networks/7f6b60c5-1ec7-43c6-95a4-f1f2ddea4b6a HTTP/1.1" status: 204 len: 168 time: 0.3136299
2026-05-07 04:39:03.833 10 INFO neutron.services.segments.plugin [-] Segment 49f249ea-c61a-4914-b30f-25b849f91825 resource provider aggregate not found
2026-05-07 04:39:03.837 10 INFO neutron.services.segments.plugin [-] Segment 49f249ea-c61a-4914-b30f-25b849f91825 resource provider aggregate not found
2026-05-07 04:39:03.844 10 INFO neutron.services.segments.plugin [-] Segment 49f249ea-c61a-4914-b30f-25b849f91825 resource provider not found; error: Placement Client Error (4xx): {"errors": [{"status": 404, "title": "Not Found", "detail": "The resource could not be found.\n\n No resource provider with uuid 49f249ea-c61a-4914-b30f-25b849f91825 found for delete ", "request_id": "req-f4b36fcf-a2fb-408b-a176-c86fd2f48b9c"}]}
2026-05-07 04:39:03.850 10 INFO neutron.services.segments.plugin [-] Segment 49f249ea-c61a-4914-b30f-25b849f91825 resource provider not found; error: Placement Client Error (4xx): {"errors": [{"status": 404, "title": "Not Found", "detail": "The resource could not be found.\n\n No resource provider with uuid 49f249ea-c61a-4914-b30f-25b849f91825 found for delete ", "request_id": "req-cd5bb7f1-7586-48e1-bf8c-8e0912a69587"}]}
2026-05-07 04:39:03.881 10 INFO neutron.api.wsgi [None req-1b7fb2fd-a5b0-4db1-98a6-a019e0bcfd97 a3b58ce78ab849808e0d68f8f455c253 aa5b828a5ebb4da8b270a1d671743a0a - - default default] 10.0.0.58 "DELETE /v2.0/networks/71c1b1d2-65ea-4bf1-807b-346c98bb476b HTTP/1.1" status: 204 len: 168 time: 0.3807206
2026-05-07 04:39:03.893 9 WARNING neutron_lib.context [None req-ca668d36-7324-433d-b36f-7f6aff0fdf0a a3b58ce78ab849808e0d68f8f455c253 aa5b828a5ebb4da8b270a1d671743a0a - - default default] Method 'is_advsvc' is deprecated since 2023.2 release (neutron-lib 3.8.0) and will be removed once support for the old RBAC API policies will be removed from Neutron. Please use method 'is_service_role' instead.
2026-05-07 04:39:04.002 9 INFO neutron.db.segments_db [None req-ca668d36-7324-433d-b36f-7f6aff0fdf0a a3b58ce78ab849808e0d68f8f455c253 aa5b828a5ebb4da8b270a1d671743a0a - - default default] Added segment df06e6f6-ccbe-4d50-b241-10c8da6394b8 of type geneve for network 02c1c5f1-ec03-47f5-a97f-c571bccdbed9
2026-05-07 04:39:04.111 9 INFO neutron.db.ovn_revision_numbers_db [None req-ca668d36-7324-433d-b36f-7f6aff0fdf0a a3b58ce78ab849808e0d68f8f455c253 aa5b828a5ebb4da8b270a1d671743a0a - - default default] Successfully bumped revision number for resource 02c1c5f1-ec03-47f5-a97f-c571bccdbed9 (type: networks) to 1
2026-05-07 04:39:04.122 10 INFO neutron.api.wsgi [None req-a9070356-9d8d-42b8-a291-62e0661c7792 e408b159eb45491897a1b26e357fe700 3d4fc1888a0648b2b3d3e50bba078fb8 - - default default] 10.0.0.58 "DELETE /v2.0/networks/127d9dcd-b056-440c-8ecb-dd63a27e30d9 HTTP/1.1" status: 204 len: 168 time: 0.5874858
2026-05-07 04:39:04.275 9 INFO neutron.services.segments.plugin [-] Segment 3c5f17e4-ea6f-4629-acdb-5fc6ea16fbf3 resource provider aggregate not found
2026-05-07 04:39:04.280 9 INFO neutron.services.segments.plugin [-] Segment 3c5f17e4-ea6f-4629-acdb-5fc6ea16fbf3 resource provider aggregate not found
2026-05-07 04:39:04.285 9 INFO neutron.services.segments.plugin [-] Segment 3c5f17e4-ea6f-4629-acdb-5fc6ea16fbf3 resource provider not found; error: Placement Client Error (4xx): {"errors": [{"status": 404, "title": "Not Found", "detail": "The resource could not be found.\n\n No resource provider with uuid 3c5f17e4-ea6f-4629-acdb-5fc6ea16fbf3 found for delete ", "request_id": "req-633b0bdb-ec13-46b4-9e42-48c79faeae5d"}]}
2026-05-07 04:39:04.290 9 INFO neutron.services.segments.plugin [-] Segment 3c5f17e4-ea6f-4629-acdb-5fc6ea16fbf3 resource provider not found; error: Placement Client Error (4xx): {"errors": [{"status": 404, "title": "Not Found", "detail": "The resource could not be found.\n\n No resource provider with uuid 3c5f17e4-ea6f-4629-acdb-5fc6ea16fbf3 found for delete ", "request_id": "req-07822a08-1210-45bb-8d28-b638a880b9fb"}]}
2026-05-07 04:39:04.295 9 INFO neutron.services.segments.plugin [-] Segment 35d003fe-46ce-4139-b0aa-d339710e499a resource provider aggregate not found
2026-05-07 04:39:04.299 9 WARNING neutron.scheduler.dhcp_agent_scheduler [None req-ca668d36-7324-433d-b36f-7f6aff0fdf0a a3b58ce78ab849808e0d68f8f455c253 aa5b828a5ebb4da8b270a1d671743a0a - - default default] No more DHCP agents
2026-05-07 04:39:04.300 9 INFO neutron.services.segments.plugin [-] Segment 35d003fe-46ce-4139-b0aa-d339710e499a resource provider aggregate not found
2026-05-07 04:39:04.303 9 WARNING neutron.api.rpc.agentnotifiers.dhcp_rpc_agent_api [None req-ca668d36-7324-433d-b36f-7f6aff0fdf0a a3b58ce78ab849808e0d68f8f455c253 aa5b828a5ebb4da8b270a1d671743a0a - - default default] Unable to schedule network 02c1c5f1-ec03-47f5-a97f-c571bccdbed9: no agents available; will retry on subsequent port and subnet creation events.
2026-05-07 04:39:04.305 9 INFO neutron.services.segments.plugin [-] Segment 35d003fe-46ce-4139-b0aa-d339710e499a resource provider not found; error: Placement Client Error (4xx): {"errors": [{"status": 404, "title": "Not Found", "detail": "The resource could not be found.\n\n No resource provider with uuid 35d003fe-46ce-4139-b0aa-d339710e499a found for delete ", "request_id": "req-5aab1e88-45cd-41d5-b68c-f106e446f80b"}]}
2026-05-07 04:39:04.309 9 INFO neutron.services.segments.plugin [-] Segment 35d003fe-46ce-4139-b0aa-d339710e499a resource provider not found; error: Placement Client Error (4xx): {"errors": [{"status": 404, "title": "Not Found", "detail": "The resource could not be found.\n\n No resource provider with uuid 35d003fe-46ce-4139-b0aa-d339710e499a found for delete ", "request_id": "req-ca282793-f4c4-493f-ad9b-353d6f5fc04c"}]}
2026-05-07 04:39:04.318 9 INFO neutron.services.segments.plugin [-] Segment 0a0d3555-41f8-4293-b2fd-bf7b05d92f6d resource provider aggregate not found
2026-05-07 04:39:04.323 9 INFO neutron.services.segments.plugin [-] Segment 0a0d3555-41f8-4293-b2fd-bf7b05d92f6d resource provider aggregate not found
2026-05-07 04:39:04.334 9 INFO neutron.services.segments.plugin [-] Segment 0a0d3555-41f8-4293-b2fd-bf7b05d92f6d resource provider not found; error: Placement Client Error (4xx): {"errors": [{"status": 404, "title": "Not Found", "detail": "The resource could not be found.\n\n No resource provider with uuid 0a0d3555-41f8-4293-b2fd-bf7b05d92f6d found for delete ", "request_id": "req-15a904f1-95c2-47dc-a125-5b6f3fe06a44"}]}
2026-05-07 04:39:04.337 9 INFO neutron.services.segments.plugin [-] Segment 0a0d3555-41f8-4293-b2fd-bf7b05d92f6d resource provider not found; error: Placement Client Error (4xx): {"errors": [{"status": 404, "title": "Not Found", "detail": "The resource could not be found.\n\n No resource provider with uuid 0a0d3555-41f8-4293-b2fd-bf7b05d92f6d found for delete ", "request_id": "req-485adbff-a0bb-4cd2-909b-2dbd97b345d8"}]}
2026-05-07 04:39:04.345 9 INFO neutron.services.segments.plugin [-] Segment b3e12244-f411-49db-beb0-cc43c7abab0c resource provider aggregate not found
2026-05-07 04:39:04.348 9 INFO neutron.services.segments.plugin [-] Segment b3e12244-f411-49db-beb0-cc43c7abab0c resource provider aggregate not found
2026-05-07 04:39:04.354 9 INFO neutron.services.segments.plugin [-] Segment b3e12244-f411-49db-beb0-cc43c7abab0c resource provider not found; error: Placement Client Error (4xx): {"errors": [{"status": 404, "title": "Not Found", "detail": "The resource could not be found.\n\n No resource provider with uuid b3e12244-f411-49db-beb0-cc43c7abab0c found for delete ", "request_id": "req-d1db79d7-2f60-4c79-bfd2-932d4114be0a"}]}
2026-05-07 04:39:04.360 9 INFO neutron.services.segments.plugin [-] Segment b3e12244-f411-49db-beb0-cc43c7abab0c resource provider not found; error: Placement Client Error (4xx): {"errors": [{"status": 404, "title": "Not Found", "detail": "The resource could not be found.\n\n No resource provider with uuid b3e12244-f411-49db-beb0-cc43c7abab0c found for delete ", "request_id": "req-d823d5cb-cdaa-464e-bec0-a358e3fecb1f"}]}
2026-05-07 04:39:04.387 9 INFO neutron.db.ovn_revision_numbers_db [None req-ca668d36-7324-433d-b36f-7f6aff0fdf0a a3b58ce78ab849808e0d68f8f455c253 aa5b828a5ebb4da8b270a1d671743a0a - - default default] Successfully bumped revision number for resource e719539f-f8f8-456e-bf5a-a2c851a01f5d (type: ports) to 1
2026-05-07 04:39:04.407 9 INFO neutron.api.wsgi [None req-ca668d36-7324-433d-b36f-7f6aff0fdf0a a3b58ce78ab849808e0d68f8f455c253 aa5b828a5ebb4da8b270a1d671743a0a - - default default] 10.0.0.58 "POST /v2.0/networks HTTP/1.1" status: 201 len: 833 time: 0.5208242
2026-05-07 04:39:04.417 9 WARNING neutron_lib.context [None req-88aa432f-d7a6-4676-b79e-cf67037faf70 a3b58ce78ab849808e0d68f8f455c253 aa5b828a5ebb4da8b270a1d671743a0a - - default default] Method 'is_advsvc' is deprecated since 2023.2 release (neutron-lib 3.8.0) and will be removed once support for the old RBAC API policies will be removed from Neutron. Please use method 'is_service_role' instead.
2026-05-07 04:39:04.577 9 WARNING neutron.scheduler.dhcp_agent_scheduler [None req-88aa432f-d7a6-4676-b79e-cf67037faf70 a3b58ce78ab849808e0d68f8f455c253 aa5b828a5ebb4da8b270a1d671743a0a - - default default] No more DHCP agents
2026-05-07 04:39:04.578 9 WARNING neutron.api.rpc.agentnotifiers.dhcp_rpc_agent_api [None req-88aa432f-d7a6-4676-b79e-cf67037faf70 a3b58ce78ab849808e0d68f8f455c253 aa5b828a5ebb4da8b270a1d671743a0a - - default default] Unable to schedule network 02c1c5f1-ec03-47f5-a97f-c571bccdbed9: no agents available; will retry on subsequent port and subnet creation events.
2026-05-07 04:39:04.602 9 INFO neutron.db.ovn_revision_numbers_db [None req-88aa432f-d7a6-4676-b79e-cf67037faf70 a3b58ce78ab849808e0d68f8f455c253 aa5b828a5ebb4da8b270a1d671743a0a - - default default] Successfully bumped revision number for resource cd4bb288-075c-4322-8daf-83df2c1bf721 (type: subnets) to 0
2026-05-07 04:39:04.616 9 INFO neutron.api.wsgi [None req-88aa432f-d7a6-4676-b79e-cf67037faf70 a3b58ce78ab849808e0d68f8f455c253 aa5b828a5ebb4da8b270a1d671743a0a - - default default] 10.0.0.58 "POST /v2.0/subnets HTTP/1.1" status: 201 len: 845 time: 0.2028465
2026-05-07 04:39:04.624 9 WARNING neutron_lib.context [None req-e5ae59ae-ed01-4800-bcad-b4615cd9e592 a3b58ce78ab849808e0d68f8f455c253 aa5b828a5ebb4da8b270a1d671743a0a - - default default] Method 'is_advsvc' is deprecated since 2023.2 release (neutron-lib 3.8.0) and will be removed once support for the old RBAC API policies will be removed from Neutron. Please use method 'is_service_role' instead.
2026-05-07 04:39:04.708 9 INFO neutron.db.ovn_revision_numbers_db [None req-e5ae59ae-ed01-4800-bcad-b4615cd9e592 a3b58ce78ab849808e0d68f8f455c253 aa5b828a5ebb4da8b270a1d671743a0a - - default default] Successfully bumped revision number for resource 5eb550bf-4842-4359-a997-fc9e9b4a93c6 (type: routers) to 1
2026-05-07 04:39:04.720 9 INFO neutron.api.wsgi [None req-e5ae59ae-ed01-4800-bcad-b4615cd9e592 a3b58ce78ab849808e0d68f8f455c253 aa5b828a5ebb4da8b270a1d671743a0a - - default default] 10.0.0.58 "POST /v2.0/routers HTTP/1.1" status: 201 len: 806 time: 0.1004326
2026-05-07 04:39:04.796 10 INFO neutron.api.wsgi [None req-048e1ef0-8ad8-4a02-a29d-5e5b42a59f75 e408b159eb45491897a1b26e357fe700 3d4fc1888a0648b2b3d3e50bba078fb8 - - default default] 10.0.0.58 "DELETE /v2.0/routers/148daa71-0877-4d48-b10f-35dad57747c0 HTTP/1.1" status: 204 len: 168 time: 0.6671383
2026-05-07 04:39:04.797 10 INFO neutron.db.ovn_revision_numbers_db [None req-50b7f6b9-fcce-45e2-918f-c1df27e3700a ce632d76966a4c36b373021fa2dac8d0 f3b2c4eeb3ee4a1b93fb1c15ccb58fd0 - - default default] Successfully bumped revision number for resource 0e0575b0-0bbe-47c2-baa3-b023aab93c03 (type: security_groups) to 1
2026-05-07 04:39:04.814 9 WARNING neutron.api.v2.base [None req-793affa6-b466-482b-a9cf-6d1ee5f91f8f dc4c0f2abc5040fba7c21d2eb5ff3a72 507782b9bc0b4558ad3d39f031921b8f - - default default] An exception happened while processing the request body. The exception message is [Invalid input for description. Reason: 'yyyyyyyyyyyyyyyyyyyyyyyyyyyyyyyyyyyyyyyyyyyyyyyyyyyyyyyyyyyyyyyyyyyyyyyyyyyyyyyyyyyyyyyyyyyyyyyyyyyyyyyyyyyyyyyyyyyyyyyyyyyyyyyyyyyyyyyyyyyyyyyyyyyyyyyyyyyyyyyyyyyyyyyyyyyyyyyyyyyyyyyyyyyyyyyyyyyyyyyyyyyyyyyyyyyyyyyyyyyyyyyyyyyyyyyyyyyyyyyyyyyyyyyyyyyyyyyy' exceeds maximum length of 255.].: webob.exc.HTTPBadRequest: Invalid input for description. Reason: 'yyyyyyyyyyyyyyyyyyyyyyyyyyyyyyyyyyyyyyyyyyyyyyyyyyyyyyyyyyyyyyyyyyyyyyyyyyyyyyyyyyyyyyyyyyyyyyyyyyyyyyyyyyyyyyyyyyyyyyyyyyyyyyyyyyyyyyyyyyyyyyyyyyyyyyyyyyyyyyyyyyyyyyyyyyyyyyyyyyyyyyyyyyyyyyyyyyyyyyyyyyyyyyyyyyyyyyyyyyyyyyyyyyyyyyyyyyyyyyyyyyyyyyyyyyyyyyyy' exceeds maximum length of 255.
2026-05-07 04:39:04.814 9 INFO neutron.api.v2.resource [None req-793affa6-b466-482b-a9cf-6d1ee5f91f8f dc4c0f2abc5040fba7c21d2eb5ff3a72 507782b9bc0b4558ad3d39f031921b8f - - default default] create failed (client error): Invalid input for description. Reason: 'yyyyyyyyyyyyyyyyyyyyyyyyyyyyyyyyyyyyyyyyyyyyyyyyyyyyyyyyyyyyyyyyyyyyyyyyyyyyyyyyyyyyyyyyyyyyyyyyyyyyyyyyyyyyyyyyyyyyyyyyyyyyyyyyyyyyyyyyyyyyyyyyyyyyyyyyyyyyyyyyyyyyyyyyyyyyyyyyyyyyyyyyyyyyyyyyyyyyyyyyyyyyyyyyyyyyyyyyyyyyyyyyyyyyyyyyyyyyyyyyyyyyyyyyyyyyyyyy' exceeds maximum length of 255.
2026-05-07 04:39:04.814 10 INFO neutron.db.ovn_revision_numbers_db [None req-50b7f6b9-fcce-45e2-918f-c1df27e3700a ce632d76966a4c36b373021fa2dac8d0 f3b2c4eeb3ee4a1b93fb1c15ccb58fd0 - - default default] Successfully bumped revision number for resource 10b75741-71f4-4fff-b8d8-3ae73bf4e38c (type: security_group_rules) to 0
2026-05-07 04:39:04.815 9 INFO neutron.api.wsgi [None req-793affa6-b466-482b-a9cf-6d1ee5f91f8f dc4c0f2abc5040fba7c21d2eb5ff3a72 507782b9bc0b4558ad3d39f031921b8f - - default default] 10.0.0.58 "POST /v2.0/vpn/vpnservices HTTP/1.1" status: 400 len: 604 time: 0.0061724
2026-05-07 04:39:04.822 9 WARNING neutron.api.v2.base [None req-17913888-0a3d-43bf-870a-c29098290d7a dc4c0f2abc5040fba7c21d2eb5ff3a72 507782b9bc0b4558ad3d39f031921b8f - - default default] An exception happened while processing the request body. The exception message is [Invalid input for name. Reason: 'xxxxxxxxxxxxxxxxxxxxxxxxxxxxxxxxxxxxxxxxxxxxxxxxxxxxxxxxxxxxxxxxxxxxxxxxxxxxxxxxxxxxxxxxxxxxxxxxxxxxxxxxxxxxxxxxxxxxxxxxxxxxxxxxxxxxxxxxxxxxxxxxxxxxxxxxxxxxxxxxxxxxxxxxxxxxxxxxxxxxxxxxxxxxxxxxxxxxxxxxxxxxxxxxxxxxxxxxxxxxxxxxxxxxxxxxxxxxxxxxxxxxxxxxxxxxxxxx' exceeds maximum length of 255.].: webob.exc.HTTPBadRequest: Invalid input for name. Reason: 'xxxxxxxxxxxxxxxxxxxxxxxxxxxxxxxxxxxxxxxxxxxxxxxxxxxxxxxxxxxxxxxxxxxxxxxxxxxxxxxxxxxxxxxxxxxxxxxxxxxxxxxxxxxxxxxxxxxxxxxxxxxxxxxxxxxxxxxxxxxxxxxxxxxxxxxxxxxxxxxxxxxxxxxxxxxxxxxxxxxxxxxxxxxxxxxxxxxxxxxxxxxxxxxxxxxxxxxxxxxxxxxxxxxxxxxxxxxxxxxxxxxxxxxxxxxxxxxx' exceeds maximum length of 255.
2026-05-07 04:39:04.822 9 INFO neutron.api.v2.resource [None req-17913888-0a3d-43bf-870a-c29098290d7a dc4c0f2abc5040fba7c21d2eb5ff3a72 507782b9bc0b4558ad3d39f031921b8f - - default default] create failed (client error): Invalid input for name. Reason: 'xxxxxxxxxxxxxxxxxxxxxxxxxxxxxxxxxxxxxxxxxxxxxxxxxxxxxxxxxxxxxxxxxxxxxxxxxxxxxxxxxxxxxxxxxxxxxxxxxxxxxxxxxxxxxxxxxxxxxxxxxxxxxxxxxxxxxxxxxxxxxxxxxxxxxxxxxxxxxxxxxxxxxxxxxxxxxxxxxxxxxxxxxxxxxxxxxxxxxxxxxxxxxxxxxxxxxxxxxxxxxxxxxxxxxxxxxxxxxxxxxxxxxxxxxxxxxxxx' exceeds maximum length of 255.
2026-05-07 04:39:04.823 9 INFO neutron.api.wsgi [None req-17913888-0a3d-43bf-870a-c29098290d7a dc4c0f2abc5040fba7c21d2eb5ff3a72 507782b9bc0b4558ad3d39f031921b8f - - default default] 10.0.0.58 "POST /v2.0/vpn/vpnservices HTTP/1.1" status: 400 len: 597 time: 0.0033789
2026-05-07 04:39:04.827 10 INFO neutron.db.ovn_revision_numbers_db [None req-50b7f6b9-fcce-45e2-918f-c1df27e3700a ce632d76966a4c36b373021fa2dac8d0 f3b2c4eeb3ee4a1b93fb1c15ccb58fd0 - - default default] Successfully bumped revision number for resource 5828e3e5-bdb1-4b57-9cae-410df21d49ac (type: security_group_rules) to 0
2026-05-07 04:39:04.837 10 WARNING neutron_lib.context [None req-c7a8cd11-deb1-46bc-b464-e6fa20c9bbcc dc4c0f2abc5040fba7c21d2eb5ff3a72 507782b9bc0b4558ad3d39f031921b8f - - default default] Method 'is_advsvc' is deprecated since 2023.2 release (neutron-lib 3.8.0) and will be removed once support for the old RBAC API policies will be removed from Neutron. Please use method 'is_service_role' instead.
2026-05-07 04:39:04.848 10 INFO neutron.db.ovn_revision_numbers_db [None req-50b7f6b9-fcce-45e2-918f-c1df27e3700a ce632d76966a4c36b373021fa2dac8d0 f3b2c4eeb3ee4a1b93fb1c15ccb58fd0 - - default default] Successfully bumped revision number for resource e8594700-6172-4f03-8c85-5fdd164e7e28 (type: security_group_rules) to 0
2026-05-07 04:39:04.862 10 INFO neutron.api.v2.resource [None req-c7a8cd11-deb1-46bc-b464-e6fa20c9bbcc dc4c0f2abc5040fba7c21d2eb5ff3a72 507782b9bc0b4558ad3d39f031921b8f - - default default] create failed (client error): The server could not comply with the request since it is either malformed or otherwise incorrect.
2026-05-07 04:39:04.864 10 INFO neutron.api.wsgi [None req-c7a8cd11-deb1-46bc-b464-e6fa20c9bbcc dc4c0f2abc5040fba7c21d2eb5ff3a72 507782b9bc0b4558ad3d39f031921b8f - - default default] 10.0.0.58 "POST /v2.0/vpn/endpoint-groups HTTP/1.1" status: 400 len: 386 time: 0.0327806
2026-05-07 04:39:04.864 10 INFO neutron.db.ovn_revision_numbers_db [None req-50b7f6b9-fcce-45e2-918f-c1df27e3700a ce632d76966a4c36b373021fa2dac8d0 f3b2c4eeb3ee4a1b93fb1c15ccb58fd0 - - default default] Successfully bumped revision number for resource ffc4c2ee-6350-4de1-9ae2-8e345931887d (type: security_group_rules) to 0
2026-05-07 04:39:04.877 10 WARNING neutron_lib.context [None req-495ad198-b755-4f3c-b25d-356f7f8e8b65 dc4c0f2abc5040fba7c21d2eb5ff3a72 507782b9bc0b4558ad3d39f031921b8f - - default default] Method 'is_advsvc' is deprecated since 2023.2 release (neutron-lib 3.8.0) and will be removed once support for the old RBAC API policies will be removed from Neutron. Please use method 'is_service_role' instead.
2026-05-07 04:39:04.907 10 INFO neutron.api.wsgi [None req-50b7f6b9-fcce-45e2-918f-c1df27e3700a ce632d76966a4c36b373021fa2dac8d0 f3b2c4eeb3ee4a1b93fb1c15ccb58fd0 - - default default] 10.0.0.58 "GET /v2.0/security-groups?tenant_id=4df04bb8188f49f7a3d1480dd39420d2&name=default HTTP/1.1" status: 200 len: 3120 time: 0.4318984
2026-05-07 04:39:04.908 10 INFO neutron.api.v2.resource [None req-495ad198-b755-4f3c-b25d-356f7f8e8b65 dc4c0f2abc5040fba7c21d2eb5ff3a72 507782b9bc0b4558ad3d39f031921b8f - - default default] create failed (client error): The server could not comply with the request since it is either malformed or otherwise incorrect.
2026-05-07 04:39:04.909 10 INFO neutron.api.wsgi [None req-495ad198-b755-4f3c-b25d-356f7f8e8b65 dc4c0f2abc5040fba7c21d2eb5ff3a72 507782b9bc0b4558ad3d39f031921b8f - - default default] 10.0.0.58 "POST /v2.0/vpn/endpoint-groups HTTP/1.1" status: 400 len: 363 time: 0.0377874
2026-05-07 04:39:04.937 10 WARNING neutron_lib.context [None req-99159eec-646c-4db1-a976-944d9ef543c8 dc4c0f2abc5040fba7c21d2eb5ff3a72 507782b9bc0b4558ad3d39f031921b8f - - default default] Method 'is_advsvc' is deprecated since 2023.2 release (neutron-lib 3.8.0) and will be removed once support for the old RBAC API policies will be removed from Neutron. Please use method 'is_service_role' instead.
2026-05-07 04:39:04.980 10 INFO neutron.api.v2.resource [None req-99159eec-646c-4db1-a976-944d9ef543c8 dc4c0f2abc5040fba7c21d2eb5ff3a72 507782b9bc0b4558ad3d39f031921b8f - - default default] create failed (client error): The server could not comply with the request since it is either malformed or otherwise incorrect.
2026-05-07 04:39:04.982 10 INFO neutron.api.wsgi [None req-99159eec-646c-4db1-a976-944d9ef543c8 dc4c0f2abc5040fba7c21d2eb5ff3a72 507782b9bc0b4558ad3d39f031921b8f - - default default] 10.0.0.58 "POST /v2.0/vpn/endpoint-groups HTTP/1.1" status: 400 len: 357 time: 0.0518007
2026-05-07 04:39:05.000 10 INFO neutron.api.wsgi [None req-a3597239-ab28-4c26-bfc1-21e95aa7380d dc4c0f2abc5040fba7c21d2eb5ff3a72 507782b9bc0b4558ad3d39f031921b8f - - default default] 10.0.0.58 "GET /v2.0/vpn/ikepolicies HTTP/1.1" status: 200 len: 602 time: 0.0125539
2026-05-07 04:39:05.021 9 INFO neutron.api.wsgi [None req-9dc10031-2a1e-467e-8724-1811f0b1bcb3 dc4c0f2abc5040fba7c21d2eb5ff3a72 507782b9bc0b4558ad3d39f031921b8f - - default default] 10.0.0.58 "GET /v2.0/vpn/ipsecpolicies HTTP/1.1" status: 200 len: 611 time: 0.0167444
2026-05-07 04:39:05.051 9 INFO neutron.api.wsgi [None req-a8b1e211-0ccf-40ec-bd02-42dc93cf29fd dc4c0f2abc5040fba7c21d2eb5ff3a72 507782b9bc0b4558ad3d39f031921b8f - - default default] 10.0.0.58 "GET /v2.0/vpn/ipsec-site-connections HTTP/1.1" status: 200 len: 990 time: 0.0234926
2026-05-07 04:39:05.069 10 INFO neutron.api.wsgi [None req-30c66569-1001-42f3-a3ed-f31f6211db3f dc4c0f2abc5040fba7c21d2eb5ff3a72 507782b9bc0b4558ad3d39f031921b8f - - default default] 10.0.0.58 "GET /v2.0/vpn/vpnservices HTTP/1.1" status: 200 len: 1056 time: 0.0096841
2026-05-07 04:39:05.087 9 INFO neutron.api.wsgi [None req-a27142f4-2776-412d-86f4-d9f47c2a2ab8 dc4c0f2abc5040fba7c21d2eb5ff3a72 507782b9bc0b4558ad3d39f031921b8f - - default default] 10.0.0.58 "GET /v2.0/vpn/endpoint-groups/ecc1b61d-b6b0-4ce9-af26-d32f46f4ebe4 HTTP/1.1" status: 200 len: 522 time: 0.0143564
2026-05-07 04:39:05.098 10 INFO neutron.api.wsgi [None req-1a764ab8-aa39-40f2-9ee0-f9c4172abfec dc4c0f2abc5040fba7c21d2eb5ff3a72 507782b9bc0b4558ad3d39f031921b8f - - default default] 10.0.0.58 "GET /v2.0/vpn/endpoint-groups/7771b968-b8e8-4857-ad02-d7b18fc5b13a HTTP/1.1" status: 200 len: 514 time: 0.0078645
2026-05-07 04:39:05.099 9 WARNING neutron.scheduler.dhcp_agent_scheduler [None req-5171b919-773c-43ba-bd86-444a729255d2 a3b58ce78ab849808e0d68f8f455c253 aa5b828a5ebb4da8b270a1d671743a0a - - default default] No more DHCP agents
2026-05-07 04:39:05.102 9 WARNING neutron.api.rpc.agentnotifiers.dhcp_rpc_agent_api [None req-5171b919-773c-43ba-bd86-444a729255d2 a3b58ce78ab849808e0d68f8f455c253 aa5b828a5ebb4da8b270a1d671743a0a - - default default] Unable to schedule network 02c1c5f1-ec03-47f5-a97f-c571bccdbed9: no agents available; will retry on subsequent port and subnet creation events.
2026-05-07 04:39:05.113 10 INFO neutron.api.wsgi [None req-1d436116-ca3d-4c5d-968d-1cb99fc3628e dc4c0f2abc5040fba7c21d2eb5ff3a72 507782b9bc0b4558ad3d39f031921b8f - - default default] 10.0.0.58 "GET /v2.0/vpn/ikepolicies/5788510a-7f42-41a6-995f-80cf8446b48b HTTP/1.1" status: 200 len: 598 time: 0.0107772
2026-05-07 04:39:05.126 10 INFO neutron.api.wsgi [None req-4ce224cb-fee9-4c8f-81fc-379ade026ba8 dc4c0f2abc5040fba7c21d2eb5ff3a72 507782b9bc0b4558ad3d39f031921b8f - - default default] 10.0.0.58 "GET /v2.0/vpn/ipsecpolicies/add6ad26-a0e0-43bc-9137-6454f0249ede HTTP/1.1" status: 200 len: 607 time: 0.0096641
