Jul 14 14:31:31.847556 np0000185161 devstack@neutron-api.service[101878]: INFO neutron.api.extensions [None req-a1221096-1089-48f0-9c25-0a4b16094192 None None] Extension rbac-address-group not supported by any of loaded plugins
Jul 14 14:31:31.847556 np0000185161 devstack@neutron-api.service[101878]: DEBUG neutron.api.extensions [None req-a1221096-1089-48f0-9c25-0a4b16094192 None None] Loading extension file: rbac_address_scope.py {{(pid=101878) _load_all_extensions_from_path /opt/stack/neutron/neutron/api/extensions.py:449}}
Jul 14 14:31:31.847556 np0000185161 devstack@neutron-api.service[101878]: DEBUG neutron.api.extensions [None req-a1221096-1089-48f0-9c25-0a4b16094192 None None] Ext name="Add address_scope type to RBAC" alias="rbac-address-scope" description="Add address_scope type to RBAC" updated="2020-02-12T00:00:00-00:00" {{(pid=101878) _check_extension /opt/stack/neutron/neutron/api/extensions.py:415}}
Jul 14 14:31:31.847556 np0000185161 devstack@neutron-api.service[101878]: INFO neutron.api.extensions [None req-a1221096-1089-48f0-9c25-0a4b16094192 None None] Loaded extension: rbac-address-scope
Jul 14 14:31:31.847556 np0000185161 devstack@neutron-api.service[101878]: DEBUG neutron.api.extensions [None req-a1221096-1089-48f0-9c25-0a4b16094192 None None] Loading extension file: rbac_security_groups.py {{(pid=101878) _load_all_extensions_from_path /opt/stack/neutron/neutron/api/extensions.py:449}}
Jul 14 14:31:31.848183 np0000185161 devstack@neutron-api.service[101880]: DEBUG neutron.api.extensions [None req-0703fbc9-0f70-403b-9d4a-b8df2fbbc589 None None] Extended resource: flavors {{(pid=101880) __init__ /opt/stack/neutron/neutron/api/extensions.py:156}}
Jul 14 14:31:31.848684 np0000185161 devstack@neutron-api.service[101878]: DEBUG neutron.api.extensions [None req-a1221096-1089-48f0-9c25-0a4b16094192 None None] Ext name="Add security_group type to network RBAC" alias="rbac-security-groups" description="Add security_group type to network RBAC" updated="2019-02-14T00:00:00-00:00" {{(pid=101878) _check_extension /opt/stack/neutron/neutron/api/extensions.py:415}}
Jul 14 14:31:31.848684 np0000185161 devstack@neutron-api.service[101878]: INFO neutron.api.extensions [None req-a1221096-1089-48f0-9c25-0a4b16094192 None None] Loaded extension: rbac-security-groups
Jul 14 14:31:31.849548 np0000185161 devstack@neutron-api.service[101880]: DEBUG neutron.api.extensions [None req-0703fbc9-0f70-403b-9d4a-b8df2fbbc589 None None] Extended resource: service_profiles {{(pid=101880) __init__ /opt/stack/neutron/neutron/api/extensions.py:156}}
Jul 14 14:31:31.850010 np0000185161 devstack@neutron-api.service[101878]: DEBUG neutron.api.extensions [None req-a1221096-1089-48f0-9c25-0a4b16094192 None None] Loading extension file: rbac_subnetpool.py {{(pid=101878) _load_all_extensions_from_path /opt/stack/neutron/neutron/api/extensions.py:449}}
Jul 14 14:31:31.850010 np0000185161 devstack@neutron-api.service[101878]: DEBUG neutron.api.extensions [None req-a1221096-1089-48f0-9c25-0a4b16094192 None None] Ext name="Add subnetpool type to RBAC" alias="rbac-subnetpool" description="Add subnetpool type to RBAC" updated="2020-02-05T00:00:00-00:00" {{(pid=101878) _check_extension /opt/stack/neutron/neutron/api/extensions.py:415}}
Jul 14 14:31:31.850010 np0000185161 devstack@neutron-api.service[101878]: INFO neutron.api.extensions [None req-a1221096-1089-48f0-9c25-0a4b16094192 None None] Extension rbac-subnetpool not supported by any of loaded plugins
Jul 14 14:31:31.850437 np0000185161 devstack@neutron-api.service[101880]: DEBUG neutron.api.extensions [None req-0703fbc9-0f70-403b-9d4a-b8df2fbbc589 None None] Extended resource: next_providers {{(pid=101880) __init__ /opt/stack/neutron/neutron/api/extensions.py:156}}
Jul 14 14:31:31.850845 np0000185161 devstack@neutron-api.service[101878]: DEBUG neutron.api.extensions [None req-a1221096-1089-48f0-9c25-0a4b16094192 None None] Loading extension file: revisionifmatch.py {{(pid=101878) _load_all_extensions_from_path /opt/stack/neutron/neutron/api/extensions.py:449}}
Jul 14 14:31:31.850845 np0000185161 devstack@neutron-api.service[101878]: DEBUG neutron.api.extensions [None req-a1221096-1089-48f0-9c25-0a4b16094192 None None] Ext name="If-Match constraints based on revision_number" alias="revision-if-match" description="Extension indicating that If-Match based on revision_number is supported." updated="2016-12-11T00:00:00-00:00" {{(pid=101878) _check_extension /opt/stack/neutron/neutron/api/extensions.py:415}}
Jul 14 14:31:31.850845 np0000185161 devstack@neutron-api.service[101878]: INFO neutron.api.extensions [None req-a1221096-1089-48f0-9c25-0a4b16094192 None None] Loaded extension: revision-if-match
Jul 14 14:31:31.851397 np0000185161 devstack@neutron-api.service[101880]: DEBUG neutron.api.extensions [None req-0703fbc9-0f70-403b-9d4a-b8df2fbbc589 None None] Extended resource: service_profiles {{(pid=101880) __init__ /opt/stack/neutron/neutron/api/extensions.py:156}}
Jul 14 14:31:31.851874 np0000185161 devstack@neutron-api.service[101878]: DEBUG neutron.api.extensions [None req-a1221096-1089-48f0-9c25-0a4b16094192 None None] Loading extension file: revisions.py {{(pid=101878) _load_all_extensions_from_path /opt/stack/neutron/neutron/api/extensions.py:449}}
Jul 14 14:31:31.851874 np0000185161 devstack@neutron-api.service[101878]: DEBUG neutron.api.extensions [None req-a1221096-1089-48f0-9c25-0a4b16094192 None None] Ext name="Resource revision numbers" alias="standard-attr-revisions" description="This extension will display the revision number of neutron resources." updated="2016-04-11T10:00:00-00:00" {{(pid=101878) _check_extension /opt/stack/neutron/neutron/api/extensions.py:415}}
Jul 14 14:31:31.851874 np0000185161 devstack@neutron-api.service[101878]: INFO neutron.api.extensions [None req-a1221096-1089-48f0-9c25-0a4b16094192 None None] Loaded extension: standard-attr-revisions
Jul 14 14:31:31.851874 np0000185161 devstack@neutron-api.service[101878]: DEBUG neutron.api.extensions [None req-a1221096-1089-48f0-9c25-0a4b16094192 None None] Loading extension file: router_availability_zone.py {{(pid=101878) _load_all_extensions_from_path /opt/stack/neutron/neutron/api/extensions.py:449}}
Jul 14 14:31:31.852470 np0000185161 devstack@neutron-api.service[101880]: DEBUG neutron.api.extensions [None req-0703fbc9-0f70-403b-9d4a-b8df2fbbc589 None None] Extended resource: floatingip-pools {{(pid=101880) __init__ /opt/stack/neutron/neutron/api/extensions.py:156}}
Jul 14 14:31:31.852965 np0000185161 devstack@neutron-api.service[101878]: DEBUG neutron.api.extensions [None req-a1221096-1089-48f0-9c25-0a4b16094192 None None] Ext name="Router Availability Zone" alias="router_availability_zone" description="Availability zone support for router." updated="2015-01-01T10:00:00-00:00" {{(pid=101878) _check_extension /opt/stack/neutron/neutron/api/extensions.py:415}}
Jul 14 14:31:31.852965 np0000185161 devstack@neutron-api.service[101878]: INFO neutron.api.extensions [None req-a1221096-1089-48f0-9c25-0a4b16094192 None None] Loaded extension: router_availability_zone
Jul 14 14:31:31.853458 np0000185161 devstack@neutron-api.service[101880]: DEBUG neutron.api.extensions [None req-0703fbc9-0f70-403b-9d4a-b8df2fbbc589 None None] Extended resource: routers {{(pid=101880) __init__ /opt/stack/neutron/neutron/api/extensions.py:156}}
Jul 14 14:31:31.853918 np0000185161 devstack@neutron-api.service[101878]: DEBUG neutron.api.extensions [None req-a1221096-1089-48f0-9c25-0a4b16094192 None None] Loading extension file: router_enable_snat.py {{(pid=101878) _load_all_extensions_from_path /opt/stack/neutron/neutron/api/extensions.py:449}}
Jul 14 14:31:31.853918 np0000185161 devstack@neutron-api.service[101878]: DEBUG neutron.api.extensions [None req-a1221096-1089-48f0-9c25-0a4b16094192 None None] Ext name="Exposes the router "enable_snat" read-only configuration flag" alias="router-enable-snat" description="Exposes the router "enable_snat" read-only configuration flag" updated="2025-09-18T18:00:00-00:00" {{(pid=101878) _check_extension /opt/stack/neutron/neutron/api/extensions.py:415}}
Jul 14 14:31:31.853918 np0000185161 devstack@neutron-api.service[101878]: INFO neutron.api.extensions [None req-a1221096-1089-48f0-9c25-0a4b16094192 None None] Loaded extension: router-enable-snat
Jul 14 14:31:31.853918 np0000185161 devstack@neutron-api.service[101878]: DEBUG neutron.api.extensions [None req-a1221096-1089-48f0-9c25-0a4b16094192 None None] Loading extension file: routerservicetype.py {{(pid=101878) _load_all_extensions_from_path /opt/stack/neutron/neutron/api/extensions.py:449}}
Jul 14 14:31:31.854509 np0000185161 devstack@neutron-api.service[101880]: DEBUG neutron.api.extensions [None req-0703fbc9-0f70-403b-9d4a-b8df2fbbc589 None None] Extended resource: floatingips {{(pid=101880) __init__ /opt/stack/neutron/neutron/api/extensions.py:156}}
Jul 14 14:31:31.855002 np0000185161 devstack@neutron-api.service[101878]: DEBUG neutron.api.extensions [None req-a1221096-1089-48f0-9c25-0a4b16094192 None None] Ext name="Router Service Type" alias="router-service-type" description="Provides router service type" updated="2013-01-29T00:00:00-00:00" {{(pid=101878) _check_extension /opt/stack/neutron/neutron/api/extensions.py:415}}
Jul 14 14:31:31.855002 np0000185161 devstack@neutron-api.service[101878]: INFO neutron.api.extensions [None req-a1221096-1089-48f0-9c25-0a4b16094192 None None] Extension router-service-type not supported by any of loaded plugins
Jul 14 14:31:31.855002 np0000185161 devstack@neutron-api.service[101878]: DEBUG neutron.api.extensions [None req-a1221096-1089-48f0-9c25-0a4b16094192 None None] Loading extension file: security_groups_default_rules.py {{(pid=101878) _load_all_extensions_from_path /opt/stack/neutron/neutron/api/extensions.py:449}}
Jul 14 14:31:31.855603 np0000185161 devstack@neutron-api.service[101880]: DEBUG neutron.api.extensions [None req-0703fbc9-0f70-403b-9d4a-b8df2fbbc589 None None] Extended resource: l3-routers {{(pid=101880) __init__ /opt/stack/neutron/neutron/api/extensions.py:156}}
Jul 14 14:31:31.856056 np0000185161 devstack@neutron-api.service[101878]: DEBUG neutron.api.extensions [None req-a1221096-1089-48f0-9c25-0a4b16094192 None None] Ext name="Default rules for security groups" alias="security-groups-default-rules" description="Configure set of security group rules used as default rules for every new security group" updated="2022-12-19T10:00:00-00:00" {{(pid=101878) _check_extension /opt/stack/neutron/neutron/api/extensions.py:415}}
Jul 14 14:31:31.856894 np0000185161 devstack@neutron-api.service[101880]: DEBUG neutron.api.extensions [None req-0703fbc9-0f70-403b-9d4a-b8df2fbbc589 None None] Extended resource: l3-agents {{(pid=101880) __init__ /opt/stack/neutron/neutron/api/extensions.py:156}}
Jul 14 14:31:31.857053 np0000185161 devstack@neutron-api.service[101878]: INFO neutron.api.extensions [None req-a1221096-1089-48f0-9c25-0a4b16094192 None None] Loaded extension: security-groups-default-rules
Jul 14 14:31:31.857053 np0000185161 devstack@neutron-api.service[101878]: DEBUG neutron.api.extensions [None req-a1221096-1089-48f0-9c25-0a4b16094192 None None] Loading extension file: security_groups_default_statefulness.py {{(pid=101878) _load_all_extensions_from_path /opt/stack/neutron/neutron/api/extensions.py:449}}
Jul 14 14:31:31.857053 np0000185161 devstack@neutron-api.service[101878]: DEBUG neutron.api.extensions [None req-a1221096-1089-48f0-9c25-0a4b16094192 None None] Ext name="Security Groups Default Statefulness" alias="security-groups-default-statefulness" description="Allows configuring the default value of the 'stateful' attribute for new security groups, on a per-project or system-wide basis" updated="2026-04-13T00:00:00-00:00" {{(pid=101878) _check_extension /opt/stack/neutron/neutron/api/extensions.py:415}}
Jul 14 14:31:31.857569 np0000185161 devstack@neutron-api.service[101880]: DEBUG neutron.api.extensions [None req-0703fbc9-0f70-403b-9d4a-b8df2fbbc589 None None] Extended resource: network-ip-availabilities {{(pid=101880) __init__ /opt/stack/neutron/neutron/api/extensions.py:156}}
Jul 14 14:31:31.857880 np0000185161 devstack@neutron-api.service[101878]: INFO neutron.api.extensions [None req-a1221096-1089-48f0-9c25-0a4b16094192 None None] Loaded extension: security-groups-default-statefulness
Jul 14 14:31:31.857880 np0000185161 devstack@neutron-api.service[101878]: DEBUG neutron.api.extensions [None req-a1221096-1089-48f0-9c25-0a4b16094192 None None] Loading extension file: security_groups_normalized_cidr.py {{(pid=101878) _load_all_extensions_from_path /opt/stack/neutron/neutron/api/extensions.py:449}}
Jul 14 14:31:31.857880 np0000185161 devstack@neutron-api.service[101878]: DEBUG neutron.api.extensions [None req-a1221096-1089-48f0-9c25-0a4b16094192 None None] Ext name="Normalized CIDR field for security group rules" alias="security-groups-normalized-cidr" description="Add new field with normalized remote_ip_prefix cidr in SG rule" updated="2020-07-28T10:00:00-00:00" {{(pid=101878) _check_extension /opt/stack/neutron/neutron/api/extensions.py:415}}
Jul 14 14:31:31.858129 np0000185161 devstack@neutron-api.service[101880]: DEBUG neutron.api.extensions [None req-0703fbc9-0f70-403b-9d4a-b8df2fbbc589 None None] Extended resource: network-ip-availabilities {{(pid=101880) __init__ /opt/stack/neutron/neutron/api/extensions.py:156}}
Jul 14 14:31:31.858414 np0000185161 devstack@neutron-api.service[101881]: DEBUG neutron_lib.callbacks.manager [None req-e5f63409-768c-4e1a-ae4f-36b024caf60d None None] Subscribe: > router before_delete 55550000, False {{(pid=101881) subscribe /opt/stack/data/venv/lib/python3.12/site-packages/neutron_lib/callbacks/manager.py:52}}
Jul 14 14:31:31.858899 np0000185161 devstack@neutron-api.service[101878]: INFO neutron.api.extensions [None req-a1221096-1089-48f0-9c25-0a4b16094192 None None] Loaded extension: security-groups-normalized-cidr
Jul 14 14:31:31.859086 np0000185161 devstack@neutron-api.service[101881]: DEBUG neutron_lib.callbacks.manager [None req-e5f63409-768c-4e1a-ae4f-36b024caf60d None None] Subscribe: port before_update 55550000, False {{(pid=101881) subscribe /opt/stack/data/venv/lib/python3.12/site-packages/neutron_lib/callbacks/manager.py:52}}
Jul 14 14:31:31.859280 np0000185161 devstack@neutron-api.service[101878]: DEBUG neutron.api.extensions [None req-a1221096-1089-48f0-9c25-0a4b16094192 None None] Loading extension file: security_groups_port_filtering.py {{(pid=101878) _load_all_extensions_from_path /opt/stack/neutron/neutron/api/extensions.py:449}}
Jul 14 14:31:31.859674 np0000185161 devstack@neutron-api.service[101881]: DEBUG neutron_lib.callbacks.manager [None req-e5f63409-768c-4e1a-ae4f-36b024caf60d None None] Subscribe: port after_update 55550000, False {{(pid=101881) subscribe /opt/stack/data/venv/lib/python3.12/site-packages/neutron_lib/callbacks/manager.py:52}}
Jul 14 14:31:31.859674 np0000185161 devstack@neutron-api.service[101881]: DEBUG neutron_lib.callbacks.manager [None req-e5f63409-768c-4e1a-ae4f-36b024caf60d None None] Subscribe: > port precommit_delete 55550000, False {{(pid=101881) subscribe /opt/stack/data/venv/lib/python3.12/site-packages/neutron_lib/callbacks/manager.py:52}}
Jul 14 14:31:31.860163 np0000185161 devstack@neutron-api.service[101878]: DEBUG neutron.api.extensions [None req-a1221096-1089-48f0-9c25-0a4b16094192 None None] Ext name="Port filtering on security groups" alias="port-security-groups-filtering" description="Provides security groups filtering when listing ports" updated="2018-01-09T09:00:00-00:00" {{(pid=101878) _check_extension /opt/stack/neutron/neutron/api/extensions.py:415}}
Jul 14 14:31:31.860687 np0000185161 devstack@neutron-api.service[101881]: DEBUG neutron_lib.callbacks.manager [None req-e5f63409-768c-4e1a-ae4f-36b024caf60d None None] Subscribe: port before_update 55550000, False {{(pid=101881) subscribe /opt/stack/data/venv/lib/python3.12/site-packages/neutron_lib/callbacks/manager.py:52}}
Jul 14 14:31:31.861248 np0000185161 devstack@neutron-api.service[101880]: DEBUG neutron.api.extensions [None req-0703fbc9-0f70-403b-9d4a-b8df2fbbc589 None None] Extended resource: bindings {{(pid=101880) __init__ /opt/stack/neutron/neutron/api/extensions.py:156}}
Jul 14 14:31:31.861727 np0000185161 devstack@neutron-api.service[101881]: DEBUG neutron_lib.callbacks.manager [None req-e5f63409-768c-4e1a-ae4f-36b024caf60d None None] Subscribe: port before_delete 55550000, False {{(pid=101881) subscribe /opt/stack/data/venv/lib/python3.12/site-packages/neutron_lib/callbacks/manager.py:52}}
Jul 14 14:31:31.861727 np0000185161 devstack@neutron-api.service[101881]: DEBUG neutron_lib.callbacks.manager [None req-e5f63409-768c-4e1a-ae4f-36b024caf60d None None] Subscribe: > router precommit_create 55550000, False {{(pid=101881) subscribe /opt/stack/data/venv/lib/python3.12/site-packages/neutron_lib/callbacks/manager.py:52}}
Jul 14 14:31:31.862406 np0000185161 devstack@neutron-api.service[101878]: INFO neutron.api.extensions [None req-a1221096-1089-48f0-9c25-0a4b16094192 None None] Extension port-security-groups-filtering not supported by any of loaded plugins
Jul 14 14:31:31.862663 np0000185161 devstack@neutron-api.service[101881]: DEBUG neutron_lib.callbacks.manager [None req-e5f63409-768c-4e1a-ae4f-36b024caf60d None None] Subscribe: > router precommit_create 55550000, False {{(pid=101881) subscribe /opt/stack/data/venv/lib/python3.12/site-packages/neutron_lib/callbacks/manager.py:52}}
Jul 14 14:31:31.862860 np0000185161 devstack@neutron-api.service[101878]: DEBUG neutron.api.extensions [None req-a1221096-1089-48f0-9c25-0a4b16094192 None None] Loading extension file: security_groups_remote_address_group.py {{(pid=101878) _load_all_extensions_from_path /opt/stack/neutron/neutron/api/extensions.py:449}}
Jul 14 14:31:31.863013 np0000185161 devstack@neutron-api.service[101881]: DEBUG neutron_lib.callbacks.manager [None req-e5f63409-768c-4e1a-ae4f-36b024caf60d None None] Subscribe: > router precommit_update 55550000, False {{(pid=101881) subscribe /opt/stack/data/venv/lib/python3.12/site-packages/neutron_lib/callbacks/manager.py:52}}
Jul 14 14:31:31.863013 np0000185161 devstack@neutron-api.service[101881]: DEBUG neutron_lib.callbacks.manager [None req-e5f63409-768c-4e1a-ae4f-36b024caf60d None None] Subscribe: subnet after_update 55550000, False {{(pid=101881) subscribe /opt/stack/data/venv/lib/python3.12/site-packages/neutron_lib/callbacks/manager.py:52}}
Jul 14 14:31:31.863214 np0000185161 devstack@neutron-api.service[101878]: DEBUG neutron.api.extensions [None req-a1221096-1089-48f0-9c25-0a4b16094192 None None] Ext name="Remote address group id field for security group rules" alias="security-groups-remote-address-group" description="Add new field of remote address group id in SG rules" updated="2020-08-25T10:00:00-00:00" {{(pid=101878) _check_extension /opt/stack/neutron/neutron/api/extensions.py:415}}
Jul 14 14:31:31.863420 np0000185161 devstack@neutron-api.service[101881]: DEBUG neutron.quota.resource_registry [None req-e5f63409-768c-4e1a-ae4f-36b024caf60d None None] Tracking information for resource: router configured {{(pid=101881) set_tracked_resource /opt/stack/neutron/neutron/quota/resource_registry.py:203}}
Jul 14 14:31:31.863766 np0000185161 devstack@neutron-api.service[101880]: DEBUG neutron.api.extensions [None req-0703fbc9-0f70-403b-9d4a-b8df2fbbc589 None None] Extended resource: quotas {{(pid=101880) __init__ /opt/stack/neutron/neutron/api/extensions.py:156}}
Jul 14 14:31:31.863924 np0000185161 devstack@neutron-api.service[101878]: INFO neutron.api.extensions [None req-a1221096-1089-48f0-9c25-0a4b16094192 None None] Loaded extension: security-groups-remote-address-group
Jul 14 14:31:31.864088 np0000185161 devstack@neutron-api.service[101881]: DEBUG neutron.quota.resource_registry [None req-e5f63409-768c-4e1a-ae4f-36b024caf60d None None] Tracking information for resource: floatingip configured {{(pid=101881) set_tracked_resource /opt/stack/neutron/neutron/quota/resource_registry.py:203}}
Jul 14 14:31:31.864088 np0000185161 devstack@neutron-api.service[101881]: INFO neutron.services.ovn_l3.plugin [None req-e5f63409-768c-4e1a-ae4f-36b024caf60d None None] Starting OVNL3RouterPlugin
Jul 14 14:31:31.864271 np0000185161 devstack@neutron-api.service[101878]: DEBUG neutron.api.extensions [None req-a1221096-1089-48f0-9c25-0a4b16094192 None None] Loading extension file: security_groups_rules_belongs_to_default_sg.py {{(pid=101878) _load_all_extensions_from_path /opt/stack/neutron/neutron/api/extensions.py:449}}
Jul 14 14:31:31.864418 np0000185161 devstack@neutron-api.service[101881]: DEBUG neutron_lib.callbacks.manager [None req-e5f63409-768c-4e1a-ae4f-36b024caf60d None None] Subscribe: > port_forwarding_plugin after_init 55550000, False {{(pid=101881) subscribe /opt/stack/data/venv/lib/python3.12/site-packages/neutron_lib/callbacks/manager.py:52}}
Jul 14 14:31:31.864643 np0000185161 devstack@neutron-api.service[101878]: DEBUG neutron.api.extensions [None req-a1221096-1089-48f0-9c25-0a4b16094192 None None] Ext name="Security group rule belongs to the project's default security group" alias="security-groups-rules-belongs-to-default-sg" description="Flag to determine if the security group rule belongs to the project's default security group" updated="2023-05-23T10:00:00-00:00" {{(pid=101878) _check_extension /opt/stack/neutron/neutron/api/extensions.py:415}}
Jul 14 14:31:31.864824 np0000185161 devstack@neutron-api.service[101881]: DEBUG neutron_lib.callbacks.manager [None req-e5f63409-768c-4e1a-ae4f-36b024caf60d None None] Subscribe: > router before_create 55550100, False {{(pid=101881) subscribe /opt/stack/data/venv/lib/python3.12/site-packages/neutron_lib/callbacks/manager.py:52}}
Jul 14 14:31:31.864954 np0000185161 devstack@neutron-api.service[101878]: INFO neutron.api.extensions [None req-a1221096-1089-48f0-9c25-0a4b16094192 None None] Loaded extension: security-groups-rules-belongs-to-default-sg
Jul 14 14:31:31.865093 np0000185161 devstack@neutron-api.service[101881]: DEBUG neutron_lib.callbacks.manager [None req-e5f63409-768c-4e1a-ae4f-36b024caf60d None None] Subscribe: > router precommit_delete 55550100, False {{(pid=101881) subscribe /opt/stack/data/venv/lib/python3.12/site-packages/neutron_lib/callbacks/manager.py:52}}
Jul 14 14:31:31.865233 np0000185161 devstack@neutron-api.service[101880]: DEBUG neutron.api.extensions [None req-0703fbc9-0f70-403b-9d4a-b8df2fbbc589 None None] Extended resource: quotas {{(pid=101880) __init__ /opt/stack/neutron/neutron/api/extensions.py:156}}
Jul 14 14:31:31.865366 np0000185161 devstack@neutron-api.service[101878]: DEBUG neutron.api.extensions [None req-a1221096-1089-48f0-9c25-0a4b16094192 None None] Loading extension file: security_groups_shared_filtering.py {{(pid=101878) _load_all_extensions_from_path /opt/stack/neutron/neutron/api/extensions.py:449}}
Jul 14 14:31:31.865503 np0000185161 devstack@neutron-api.service[101881]: DEBUG neutron_lib.callbacks.manager [None req-e5f63409-768c-4e1a-ae4f-36b024caf60d None None] Subscribe: > router precommit_create 55550100, False {{(pid=101881) subscribe /opt/stack/data/venv/lib/python3.12/site-packages/neutron_lib/callbacks/manager.py:52}}
Jul 14 14:31:31.865503 np0000185161 devstack@neutron-api.service[101881]: DEBUG neutron_lib.callbacks.manager [None req-e5f63409-768c-4e1a-ae4f-36b024caf60d None None] Subscribe: > router precommit_update 55550100, False {{(pid=101881) subscribe /opt/stack/data/venv/lib/python3.12/site-packages/neutron_lib/callbacks/manager.py:52}}
Jul 14 14:31:31.865671 np0000185161 devstack@neutron-api.service[101878]: DEBUG neutron.api.extensions [None req-a1221096-1089-48f0-9c25-0a4b16094192 None None] Ext name="Security group filtering on the shared field" alias="security-groups-shared-filtering" description="Support filtering security groups on the shared field" updated="2021-10-05T09:00:00-00:00" {{(pid=101878) _check_extension /opt/stack/neutron/neutron/api/extensions.py:415}}
Jul 14 14:31:31.865671 np0000185161 devstack@neutron-api.service[101878]: INFO neutron.api.extensions [None req-a1221096-1089-48f0-9c25-0a4b16094192 None None] Loaded extension: security-groups-shared-filtering
Jul 14 14:31:31.865671 np0000185161 devstack@neutron-api.service[101878]: DEBUG neutron.api.extensions [None req-a1221096-1089-48f0-9c25-0a4b16094192 None None] Loading extension file: securitygroup.py {{(pid=101878) _load_all_extensions_from_path /opt/stack/neutron/neutron/api/extensions.py:449}}
Jul 14 14:31:31.865953 np0000185161 devstack@neutron-api.service[101880]: DEBUG neutron.api.extensions [None req-0703fbc9-0f70-403b-9d4a-b8df2fbbc589 None None] Extended resource: rbac-policies {{(pid=101880) __init__ /opt/stack/neutron/neutron/api/extensions.py:156}}
Jul 14 14:31:31.865953 np0000185161 devstack@neutron-api.service[101880]: DEBUG neutron.api.extensions [None req-0703fbc9-0f70-403b-9d4a-b8df2fbbc589 None None] Extended resource: default-security-group-rules {{(pid=101880) __init__ /opt/stack/neutron/neutron/api/extensions.py:156}}
Jul 14 14:31:31.865953 np0000185161 devstack@neutron-api.service[101880]: DEBUG neutron.api.extensions [None req-0703fbc9-0f70-403b-9d4a-b8df2fbbc589 None None] Extended resource: security-groups-default-statefulness {{(pid=101880) __init__ /opt/stack/neutron/neutron/api/extensions.py:156}}
Jul 14 14:31:31.865953 np0000185161 devstack@neutron-api.service[101880]: DEBUG neutron.api.extensions [None req-0703fbc9-0f70-403b-9d4a-b8df2fbbc589 None None] Extended resource: security-groups {{(pid=101880) __init__ /opt/stack/neutron/neutron/api/extensions.py:156}}
Jul 14 14:31:31.866226 np0000185161 devstack@neutron-api.service[101878]: DEBUG neutron.api.extensions [None req-a1221096-1089-48f0-9c25-0a4b16094192 None None] Ext name="security-group" alias="security-group" description="The security groups extension." updated="2012-10-05T10:00:00-00:00" {{(pid=101878) _check_extension /opt/stack/neutron/neutron/api/extensions.py:415}}
Jul 14 14:31:31.866382 np0000185161 devstack@neutron-api.service[101880]: DEBUG neutron.api.extensions [None req-0703fbc9-0f70-403b-9d4a-b8df2fbbc589 None None] Extended resource: security-group-rules {{(pid=101880) __init__ /opt/stack/neutron/neutron/api/extensions.py:156}}
Jul 14 14:31:31.866528 np0000185161 devstack@neutron-api.service[101878]: INFO neutron.api.extensions [None req-a1221096-1089-48f0-9c25-0a4b16094192 None None] Loaded extension: security-group
Jul 14 14:31:31.866528 np0000185161 devstack@neutron-api.service[101878]: DEBUG neutron.api.extensions [None req-a1221096-1089-48f0-9c25-0a4b16094192 None None] Loading extension file: segment.py {{(pid=101878) _load_all_extensions_from_path /opt/stack/neutron/neutron/api/extensions.py:449}}
Jul 14 14:31:31.866712 np0000185161 devstack@neutron-api.service[101880]: DEBUG neutron.api.extensions [None req-0703fbc9-0f70-403b-9d4a-b8df2fbbc589 None None] Extended resource: service-providers {{(pid=101880) __init__ /opt/stack/neutron/neutron/api/extensions.py:156}}
Jul 14 14:31:31.866904 np0000185161 devstack@neutron-api.service[101878]: DEBUG neutron.api.extensions [None req-a1221096-1089-48f0-9c25-0a4b16094192 None None] Ext name="Segment" alias="segment" description="Segments extension." updated="2016-02-24T17:00:00-00:00" {{(pid=101878) _check_extension /opt/stack/neutron/neutron/api/extensions.py:415}}
Jul 14 14:31:31.866904 np0000185161 devstack@neutron-api.service[101878]: INFO neutron.api.extensions [None req-a1221096-1089-48f0-9c25-0a4b16094192 None None] Extension segment not supported by any of loaded plugins
Jul 14 14:31:31.867102 np0000185161 devstack@neutron-api.service[101881]: DEBUG neutron.services.provider_configuration [None req-e5f63409-768c-4e1a-ae4f-36b024caf60d None None] Service providers = [] {{(pid=101881) parse_service_provider_opt /opt/stack/neutron/neutron/services/provider_configuration.py:170}}
Jul 14 14:31:31.867266 np0000185161 devstack@neutron-api.service[101878]: DEBUG neutron.api.extensions [None req-a1221096-1089-48f0-9c25-0a4b16094192 None None] Loading extension file: segments_peer_subnet_host_routes.py {{(pid=101878) _load_all_extensions_from_path /opt/stack/neutron/neutron/api/extensions.py:449}}
Jul 14 14:31:31.867573 np0000185161 devstack@neutron-api.service[101881]: DEBUG neutron.db.servicetype_db [None req-e5f63409-768c-4e1a-ae4f-36b024caf60d None None] Adding provider configuration for service L3_ROUTER_NAT {{(pid=101881) add_provider_configuration /opt/stack/neutron/neutron/db/servicetype_db.py:45}}
Jul 14 14:31:31.867728 np0000185161 devstack@neutron-api.service[101880]: DEBUG neutron.api.extensions [None req-0703fbc9-0f70-403b-9d4a-b8df2fbbc589 None None] Extended resource: subnetpools {{(pid=101880) __init__ /opt/stack/neutron/neutron/api/extensions.py:156}}
Jul 14 14:31:31.868207 np0000185161 devstack@neutron-api.service[101878]: DEBUG neutron.api.extensions [None req-a1221096-1089-48f0-9c25-0a4b16094192 None None] Ext name="Segments peer-subnet host routes" alias="segments-peer-subnet-host-routes" description="Add host routes to subnets on a routed network (segments)" updated="2018-06-12T10:00:00-00:00" {{(pid=101878) _check_extension /opt/stack/neutron/neutron/api/extensions.py:415}}
Jul 14 14:31:31.868207 np0000185161 devstack@neutron-api.service[101878]: INFO neutron.api.extensions [None req-a1221096-1089-48f0-9c25-0a4b16094192 None None] Extension segments-peer-subnet-host-routes not supported by any of loaded plugins
Jul 14 14:31:31.868207 np0000185161 devstack@neutron-api.service[101878]: DEBUG neutron.api.extensions [None req-a1221096-1089-48f0-9c25-0a4b16094192 None None] Loading extension file: servicetype.py {{(pid=101878) _load_all_extensions_from_path /opt/stack/neutron/neutron/api/extensions.py:449}}
Jul 14 14:31:31.868769 np0000185161 devstack@neutron-api.service[101880]: DEBUG neutron.api.extensions [None req-0703fbc9-0f70-403b-9d4a-b8df2fbbc589 None None] Extended resource: subnetpools {{(pid=101880) __init__ /opt/stack/neutron/neutron/api/extensions.py:156}}
Jul 14 14:31:31.869179 np0000185161 devstack@neutron-api.service[101878]: DEBUG neutron.api.extensions [None req-a1221096-1089-48f0-9c25-0a4b16094192 None None] Ext name="Neutron Service Type Management" alias="service-type" description="API for retrieving service providers for Neutron advanced services" updated="2013-01-20T00:00:00-00:00" {{(pid=101878) _check_extension /opt/stack/neutron/neutron/api/extensions.py:415}}
Jul 14 14:31:31.869179 np0000185161 devstack@neutron-api.service[101878]: INFO neutron.api.extensions [None req-a1221096-1089-48f0-9c25-0a4b16094192 None None] Loaded extension: service-type
Jul 14 14:31:31.869375 np0000185161 devstack@neutron-api.service[101881]: DEBUG neutron_lib.callbacks.manager [None req-e5f63409-768c-4e1a-ae4f-36b024caf60d None None] Subscribe: > router precommit_create 55549900, False {{(pid=101881) subscribe /opt/stack/data/venv/lib/python3.12/site-packages/neutron_lib/callbacks/manager.py:52}}
Jul 14 14:31:31.869474 np0000185161 devstack@neutron-api.service[101878]: DEBUG neutron.api.extensions [None req-a1221096-1089-48f0-9c25-0a4b16094192 None None] Loading extension file: sorting.py {{(pid=101878) _load_all_extensions_from_path /opt/stack/neutron/neutron/api/extensions.py:449}}
Jul 14 14:31:31.869843 np0000185161 devstack@neutron-api.service[101881]: DEBUG neutron_lib.callbacks.manager [None req-e5f63409-768c-4e1a-ae4f-36b024caf60d None None] Subscribe: > router_interface after_create 55550000, False {{(pid=101881) subscribe /opt/stack/data/venv/lib/python3.12/site-packages/neutron_lib/callbacks/manager.py:52}}
Jul 14 14:31:31.870091 np0000185161 devstack@neutron-api.service[101880]: DEBUG neutron.api.extensions [None req-0703fbc9-0f70-403b-9d4a-b8df2fbbc589 None None] Extended resource: tags {{(pid=101880) __init__ /opt/stack/neutron/neutron/api/extensions.py:156}}
Jul 14 14:31:31.870544 np0000185161 devstack@neutron-api.service[101881]: DEBUG neutron_lib.callbacks.manager [None req-e5f63409-768c-4e1a-ae4f-36b024caf60d None None] Subscribe: > floatingip after_create 55550000, False {{(pid=101881) subscribe /opt/stack/data/venv/lib/python3.12/site-packages/neutron_lib/callbacks/manager.py:52}}
Jul 14 14:31:31.870687 np0000185161 devstack@neutron-api.service[101878]: DEBUG neutron.api.extensions [None req-a1221096-1089-48f0-9c25-0a4b16094192 None None] Ext name="Sorting support" alias="sorting" description="Extension that indicates that sorting is enabled." updated="2016-06-12T00:00:00-00:00" {{(pid=101878) _check_extension /opt/stack/neutron/neutron/api/extensions.py:415}}
Jul 14 14:31:31.870845 np0000185161 devstack@neutron-api.service[101881]: DEBUG neutron_lib.callbacks.manager [None req-e5f63409-768c-4e1a-ae4f-36b024caf60d None None] Subscribe: > floatingip precommit_create 55550000, False {{(pid=101881) subscribe /opt/stack/data/venv/lib/python3.12/site-packages/neutron_lib/callbacks/manager.py:52}}
Jul 14 14:31:31.870845 np0000185161 devstack@neutron-api.service[101881]: DEBUG neutron_lib.callbacks.manager [None req-e5f63409-768c-4e1a-ae4f-36b024caf60d None None] Subscribe: > floatingip precommit_update 55550000, False {{(pid=101881) subscribe /opt/stack/data/venv/lib/python3.12/site-packages/neutron_lib/callbacks/manager.py:52}}
Jul 14 14:31:31.870983 np0000185161 devstack@neutron-api.service[101878]: INFO neutron.api.extensions [None req-a1221096-1089-48f0-9c25-0a4b16094192 None None] Loaded extension: sorting
Jul 14 14:31:31.871069 np0000185161 devstack@neutron-api.service[101881]: DEBUG neutron_lib.callbacks.manager [None req-e5f63409-768c-4e1a-ae4f-36b024caf60d None None] Subscribe: > floatingip after_delete 55550000, False {{(pid=101881) subscribe /opt/stack/data/venv/lib/python3.12/site-packages/neutron_lib/callbacks/manager.py:52}}
Jul 14 14:31:31.871163 np0000185161 devstack@neutron-api.service[101878]: DEBUG neutron.api.extensions [None req-a1221096-1089-48f0-9c25-0a4b16094192 None None] Loading extension file: standard_attr_segment.py {{(pid=101878) _load_all_extensions_from_path /opt/stack/neutron/neutron/api/extensions.py:449}}
Jul 14 14:31:31.871246 np0000185161 devstack@neutron-api.service[101881]: DEBUG neutron_lib.callbacks.manager [None req-e5f63409-768c-4e1a-ae4f-36b024caf60d None None] Subscribe: > floatingip after_status_update 55550000, False {{(pid=101881) subscribe /opt/stack/data/venv/lib/python3.12/site-packages/neutron_lib/callbacks/manager.py:52}}
Jul 14 14:31:31.871246 np0000185161 devstack@neutron-api.service[101881]: DEBUG neutron_lib.callbacks.manager [None req-e5f63409-768c-4e1a-ae4f-36b024caf60d None None] Subscribe: > floatingip after_update 55550000, False {{(pid=101881) subscribe /opt/stack/data/venv/lib/python3.12/site-packages/neutron_lib/callbacks/manager.py:52}}
Jul 14 14:31:31.871246 np0000185161 devstack@neutron-api.service[101881]: DEBUG neutron_lib.callbacks.manager [None req-e5f63409-768c-4e1a-ae4f-36b024caf60d None None] Subscribe: > port_forwarding after_create 55550000, False {{(pid=101881) subscribe /opt/stack/data/venv/lib/python3.12/site-packages/neutron_lib/callbacks/manager.py:52}}
Jul 14 14:31:31.871382 np0000185161 devstack@neutron-api.service[101878]: DEBUG neutron.api.extensions [None req-a1221096-1089-48f0-9c25-0a4b16094192 None None] Ext name="Standard Attribute Segment Extension" alias="standard-attr-segment" description="Add standard attributes to Segment resource" updated="2018-04-09T10:00:00-00:00" {{(pid=101878) _check_extension /opt/stack/neutron/neutron/api/extensions.py:415}}
Jul 14 14:31:31.871490 np0000185161 devstack@neutron-api.service[101881]: DEBUG neutron_lib.callbacks.manager [None req-e5f63409-768c-4e1a-ae4f-36b024caf60d None None] Subscribe: > router_interface after_delete 55550000, False {{(pid=101881) subscribe /opt/stack/data/venv/lib/python3.12/site-packages/neutron_lib/callbacks/manager.py:52}}
Jul 14 14:31:31.871603 np0000185161 devstack@neutron-api.service[101880]: DEBUG neutron.api.extensions [None req-0703fbc9-0f70-403b-9d4a-b8df2fbbc589 None None] Extended resource: tags {{(pid=101880) __init__ /opt/stack/neutron/neutron/api/extensions.py:156}}
Jul 14 14:31:31.871690 np0000185161 devstack@neutron-api.service[101881]: DEBUG neutron_lib.callbacks.manager [None req-e5f63409-768c-4e1a-ae4f-36b024caf60d None None] Subscribe: > router after_create 55550000, False {{(pid=101881) subscribe /opt/stack/data/venv/lib/python3.12/site-packages/neutron_lib/callbacks/manager.py:52}}
Jul 14 14:31:31.871807 np0000185161 devstack@neutron-api.service[101878]: INFO neutron.api.extensions [None req-a1221096-1089-48f0-9c25-0a4b16094192 None None] Extension standard-attr-segment not supported by any of loaded plugins
Jul 14 14:31:31.871982 np0000185161 devstack@neutron-api.service[101881]: DEBUG neutron_lib.callbacks.manager [None req-e5f63409-768c-4e1a-ae4f-36b024caf60d None None] Subscribe: > router precommit_create 55550000, False {{(pid=101881) subscribe /opt/stack/data/venv/lib/python3.12/site-packages/neutron_lib/callbacks/manager.py:52}}
Jul 14 14:31:31.872072 np0000185161 devstack@neutron-api.service[101878]: DEBUG neutron.api.extensions [None req-a1221096-1089-48f0-9c25-0a4b16094192 None None] Loading extension file: standardattrdescription.py {{(pid=101878) _load_all_extensions_from_path /opt/stack/neutron/neutron/api/extensions.py:449}}
Jul 14 14:31:31.872163 np0000185161 devstack@neutron-api.service[101881]: DEBUG neutron_lib.callbacks.manager [None req-e5f63409-768c-4e1a-ae4f-36b024caf60d None None] Subscribe: > router after_delete 55550000, False {{(pid=101881) subscribe /opt/stack/data/venv/lib/python3.12/site-packages/neutron_lib/callbacks/manager.py:52}}
Jul 14 14:31:31.872163 np0000185161 devstack@neutron-api.service[101881]: DEBUG neutron_lib.callbacks.manager [None req-e5f63409-768c-4e1a-ae4f-36b024caf60d None None] Subscribe: > router after_update 55550000, False {{(pid=101881) subscribe /opt/stack/data/venv/lib/python3.12/site-packages/neutron_lib/callbacks/manager.py:52}}
Jul 14 14:31:31.872163 np0000185161 devstack@neutron-api.service[101881]: DEBUG neutron.services.service_base [None req-e5f63409-768c-4e1a-ae4f-36b024caf60d None None] Loaded 'neutron.services.ovn_l3.service_providers.ovn.OvnDriver' provider for service L3_ROUTER_NAT {{(pid=101881) load_drivers /opt/stack/neutron/neutron/services/service_base.py:49}}
Jul 14 14:31:31.872340 np0000185161 devstack@neutron-api.service[101878]: DEBUG neutron.api.extensions [None req-a1221096-1089-48f0-9c25-0a4b16094192 None None] Ext name="standard-attr-description" alias="standard-attr-description" description="Extension to add descriptions to standard attributes" updated="2016-02-10T10:00:00-00:00" {{(pid=101878) _check_extension /opt/stack/neutron/neutron/api/extensions.py:415}}
Jul 14 14:31:31.872555 np0000185161 devstack@neutron-api.service[101881]: DEBUG neutron_lib.callbacks.manager [None req-e5f63409-768c-4e1a-ae4f-36b024caf60d None None] Subscribe: > process after_init 55550001, True {{(pid=101881) subscribe /opt/stack/data/venv/lib/python3.12/site-packages/neutron_lib/callbacks/manager.py:52}}
Jul 14 14:31:31.872714 np0000185161 devstack@neutron-api.service[101878]: INFO neutron.api.extensions [None req-a1221096-1089-48f0-9c25-0a4b16094192 None None] Loaded extension: standard-attr-description
Jul 14 14:31:31.872875 np0000185161 devstack@neutron-api.service[101881]: DEBUG neutron.manager [None req-e5f63409-768c-4e1a-ae4f-36b024caf60d None None] Successfully loaded L3_ROUTER_NAT plugin. Description: L3 Router Service Plugin for basic L3 forwarding using OVN {{(pid=101881) _create_and_add_service_plugin /opt/stack/neutron/neutron/manager.py:236}}
Jul 14 14:31:31.873038 np0000185161 devstack@neutron-api.service[101880]: DEBUG neutron.api.extensions [None req-0703fbc9-0f70-403b-9d4a-b8df2fbbc589 None None] Extended resource: tags {{(pid=101880) __init__ /opt/stack/neutron/neutron/api/extensions.py:156}}
Jul 14 14:31:31.873154 np0000185161 devstack@neutron-api.service[101881]: INFO neutron.manager [None req-e5f63409-768c-4e1a-ae4f-36b024caf60d None None] Loading Plugin: auto_allocate
Jul 14 14:31:31.873266 np0000185161 devstack@neutron-api.service[101878]: DEBUG neutron.api.extensions [None req-a1221096-1089-48f0-9c25-0a4b16094192 None None] Loading extension file: stateful_security_group.py {{(pid=101878) _load_all_extensions_from_path /opt/stack/neutron/neutron/api/extensions.py:449}}
Jul 14 14:31:31.873266 np0000185161 devstack@neutron-api.service[101878]: DEBUG neutron.api.extensions [None req-a1221096-1089-48f0-9c25-0a4b16094192 None None] Ext name="Stateful security group" alias="stateful-security-group" description="Indicates if the security group is stateful or not" updated="2019-11-26T09:00:00-00:00" {{(pid=101878) _check_extension /opt/stack/neutron/neutron/api/extensions.py:415}}
Jul 14 14:31:31.873266 np0000185161 devstack@neutron-api.service[101878]: INFO neutron.api.extensions [None req-a1221096-1089-48f0-9c25-0a4b16094192 None None] Loaded extension: stateful-security-group
Jul 14 14:31:31.873266 np0000185161 devstack@neutron-api.service[101878]: DEBUG neutron.api.extensions [None req-a1221096-1089-48f0-9c25-0a4b16094192 None None] Loading extension file: stdattrs_common.py {{(pid=101878) _load_all_extensions_from_path /opt/stack/neutron/neutron/api/extensions.py:449}}
Jul 14 14:31:31.873266 np0000185161 devstack@neutron-api.service[101878]: WARNING neutron.api.extensions [None req-a1221096-1089-48f0-9c25-0a4b16094192 None None] Did not find expected name "Stdattrs_common" in /opt/stack/neutron/neutron/extensions/stdattrs_common.py
Jul 14 14:31:31.873532 np0000185161 devstack@neutron-api.service[101880]: DEBUG neutron.api.extensions [None req-0703fbc9-0f70-403b-9d4a-b8df2fbbc589 None None] Extended resource: tags {{(pid=101880) __init__ /opt/stack/neutron/neutron/api/extensions.py:156}}
Jul 14 14:31:31.873643 np0000185161 devstack@neutron-api.service[101881]: DEBUG neutron_lib.callbacks.manager [None req-e5f63409-768c-4e1a-ae4f-36b024caf60d None None] Subscribe: network precommit_update 55550000, False {{(pid=101881) subscribe /opt/stack/data/venv/lib/python3.12/site-packages/neutron_lib/callbacks/manager.py:52}}
Jul 14 14:31:31.873812 np0000185161 devstack@neutron-api.service[101878]: DEBUG neutron.api.extensions [None req-a1221096-1089-48f0-9c25-0a4b16094192 None None] Loading extension file: subnet_dns_publish_fixed_ip.py {{(pid=101878) _load_all_extensions_from_path /opt/stack/neutron/neutron/api/extensions.py:449}}
Jul 14 14:31:31.873923 np0000185161 devstack@neutron-api.service[101881]: DEBUG neutron_lib.callbacks.manager [None req-e5f63409-768c-4e1a-ae4f-36b024caf60d None None] Subscribe: network precommit_create 55550000, False {{(pid=101881) subscribe /opt/stack/data/venv/lib/python3.12/site-packages/neutron_lib/callbacks/manager.py:52}}
Jul 14 14:31:31.873923 np0000185161 devstack@neutron-api.service[101881]: DEBUG neutron.manager [None req-e5f63409-768c-4e1a-ae4f-36b024caf60d None None] Successfully loaded auto-allocated-topology plugin. Description: Auto Allocated Topology - aka get me a network. {{(pid=101881) _create_and_add_service_plugin /opt/stack/neutron/neutron/manager.py:236}}
Jul 14 14:31:31.874079 np0000185161 devstack@neutron-api.service[101878]: DEBUG neutron.api.extensions [None req-a1221096-1089-48f0-9c25-0a4b16094192 None None] Ext name="Subnet DNS publish fixed IP" alias="subnet-dns-publish-fixed-ip" description="Support choosing to publish DNS records for IPs from a subnet" updated="2019-05-24T10:00:00-00:00" {{(pid=101878) _check_extension /opt/stack/neutron/neutron/api/extensions.py:415}}
Jul 14 14:31:31.874196 np0000185161 devstack@neutron-api.service[101881]: INFO neutron.manager [None req-e5f63409-768c-4e1a-ae4f-36b024caf60d None None] Loading Plugin: tag
Jul 14 14:31:31.874337 np0000185161 devstack@neutron-api.service[101878]: INFO neutron.api.extensions [None req-a1221096-1089-48f0-9c25-0a4b16094192 None None] Loaded extension: subnet-dns-publish-fixed-ip
Jul 14 14:31:31.874337 np0000185161 devstack@neutron-api.service[101878]: DEBUG neutron.api.extensions [None req-a1221096-1089-48f0-9c25-0a4b16094192 None None] Loading extension file: subnet_external_network.py {{(pid=101878) _load_all_extensions_from_path /opt/stack/neutron/neutron/api/extensions.py:449}}
Jul 14 14:31:31.874480 np0000185161 devstack@neutron-api.service[101880]: DEBUG neutron.api.extensions [None req-0703fbc9-0f70-403b-9d4a-b8df2fbbc589 None None] Extended resource: tags {{(pid=101880) __init__ /opt/stack/neutron/neutron/api/extensions.py:156}}
Jul 14 14:31:31.874670 np0000185161 devstack@neutron-api.service[101878]: DEBUG neutron.api.extensions [None req-a1221096-1089-48f0-9c25-0a4b16094192 None None] Ext name="Subnet belongs to an external network" alias="subnet-external-network" description="Informs if the subnet belongs to an external network" updated="2024-02-05T18:00:00-00:00" {{(pid=101878) _check_extension /opt/stack/neutron/neutron/api/extensions.py:415}}
Jul 14 14:31:31.874670 np0000185161 devstack@neutron-api.service[101878]: INFO neutron.api.extensions [None req-a1221096-1089-48f0-9c25-0a4b16094192 None None] Loaded extension: subnet-external-network
Jul 14 14:31:31.874670 np0000185161 devstack@neutron-api.service[101878]: DEBUG neutron.api.extensions [None req-a1221096-1089-48f0-9c25-0a4b16094192 None None] Loading extension file: subnet_onboard.py {{(pid=101878) _load_all_extensions_from_path /opt/stack/neutron/neutron/api/extensions.py:449}}
Jul 14 14:31:31.874903 np0000185161 devstack@neutron-api.service[101880]: DEBUG neutron.api.extensions [None req-0703fbc9-0f70-403b-9d4a-b8df2fbbc589 None None] Extended resource: tags {{(pid=101880) __init__ /opt/stack/neutron/neutron/api/extensions.py:156}}
Jul 14 14:31:31.875049 np0000185161 devstack@neutron-api.service[101878]: DEBUG neutron.api.extensions [None req-a1221096-1089-48f0-9c25-0a4b16094192 None None] Ext name="Subnet Onboard" alias="subnet_onboard" description="Provides support for onboarding subnets into subnet pools" updated="2018-12-18T09:00:00-00:00" {{(pid=101878) _check_extension /opt/stack/neutron/neutron/api/extensions.py:415}}
Jul 14 14:31:31.875049 np0000185161 devstack@neutron-api.service[101878]: INFO neutron.api.extensions [None req-a1221096-1089-48f0-9c25-0a4b16094192 None None] Loaded extension: subnet_onboard
Jul 14 14:31:31.875049 np0000185161 devstack@neutron-api.service[101878]: DEBUG neutron.api.extensions [None req-a1221096-1089-48f0-9c25-0a4b16094192 None None] Loading extension file: subnet_segmentid_writable.py {{(pid=101878) _load_all_extensions_from_path /opt/stack/neutron/neutron/api/extensions.py:449}}
Jul 14 14:31:31.875049 np0000185161 devstack@neutron-api.service[101878]: DEBUG neutron.api.extensions [None req-a1221096-1089-48f0-9c25-0a4b16094192 None None] Ext name="Subnet SegmentID (writable)" alias="subnet-segmentid-writable" description="Provides a writable segment_id attribute for a subnet resource." updated="2018-03-12T00:00:00-00:00" {{(pid=101878) _check_extension /opt/stack/neutron/neutron/api/extensions.py:415}}
Jul 14 14:31:31.875248 np0000185161 devstack@neutron-api.service[101880]: DEBUG neutron.api.extensions [None req-0703fbc9-0f70-403b-9d4a-b8df2fbbc589 None None] Extended resource: tags {{(pid=101880) __init__ /opt/stack/neutron/neutron/api/extensions.py:156}}
Jul 14 14:31:31.875368 np0000185161 devstack@neutron-api.service[101878]: INFO neutron.api.extensions [None req-a1221096-1089-48f0-9c25-0a4b16094192 None None] Extension subnet-segmentid-writable not supported by any of loaded plugins
Jul 14 14:31:31.875368 np0000185161 devstack@neutron-api.service[101878]: DEBUG neutron.api.extensions [None req-a1221096-1089-48f0-9c25-0a4b16094192 None None] Loading extension file: subnet_service_types.py {{(pid=101878) _load_all_extensions_from_path /opt/stack/neutron/neutron/api/extensions.py:449}}
Jul 14 14:31:31.875368 np0000185161 devstack@neutron-api.service[101878]: DEBUG neutron.api.extensions [None req-a1221096-1089-48f0-9c25-0a4b16094192 None None] Ext name="Subnet service types" alias="subnet-service-types" description="Provides ability to set the subnet service_types field" updated="2016-03-15T18:00:00-00:00" {{(pid=101878) _check_extension /opt/stack/neutron/neutron/api/extensions.py:415}}
Jul 14 14:31:31.875368 np0000185161 devstack@neutron-api.service[101878]: INFO neutron.api.extensions [None req-a1221096-1089-48f0-9c25-0a4b16094192 None None] Loaded extension: subnet-service-types
Jul 14 14:31:31.875368 np0000185161 devstack@neutron-api.service[101878]: DEBUG neutron.api.extensions [None req-a1221096-1089-48f0-9c25-0a4b16094192 None None] Loading extension file: subnetallocation.py {{(pid=101878) _load_all_extensions_from_path /opt/stack/neutron/neutron/api/extensions.py:449}}
Jul 14 14:31:31.875588 np0000185161 devstack@neutron-api.service[101881]: DEBUG neutron.manager [None req-e5f63409-768c-4e1a-ae4f-36b024caf60d None None] Successfully loaded TAG plugin. Description: Tag support {{(pid=101881) _create_and_add_service_plugin /opt/stack/neutron/neutron/manager.py:236}}
Jul 14 14:31:31.875733 np0000185161 devstack@neutron-api.service[101880]: DEBUG neutron.api.extensions [None req-0703fbc9-0f70-403b-9d4a-b8df2fbbc589 None None] Extended resource: tags {{(pid=101880) __init__ /opt/stack/neutron/neutron/api/extensions.py:156}}
Jul 14 14:31:31.875911 np0000185161 devstack@neutron-api.service[101881]: INFO neutron.manager [None req-e5f63409-768c-4e1a-ae4f-36b024caf60d None None] Loading Plugin: timestamp
Jul 14 14:31:31.876065 np0000185161 devstack@neutron-api.service[101878]: DEBUG neutron.api.extensions [None req-a1221096-1089-48f0-9c25-0a4b16094192 None None] Ext name="Subnet Allocation" alias="subnet_allocation" description="Enables allocation of subnets from a subnet pool" updated="2015-03-30T10:00:00-00:00" {{(pid=101878) _check_extension /opt/stack/neutron/neutron/api/extensions.py:415}}
