2026-05-08 19:26:51.136 9 INFO neutron.wsgi [req-b251a2f0-424b-442e-b6c8-c834198f279c req-8d6efc12-4ca3-4690-a5f7-81d5a64e753c ee2a682f0451424bb118efe638301089 11fa2fa4209848c88b252ebd561d433c - - 772c15fb44154c78897ebe5784d2c942 772c15fb44154c78897ebe5784d2c942] 199.204.45.238 "GET /v2.0/ports?network_id=d801b03a-c1fa-4326-861e-72d2e3dd518b&device_owner=network%3Adhcp HTTP/1.1" status: 200 len: 210 time: 0.0198157
2026-05-08 19:26:51.201 9 INFO neutron.wsgi [req-b251a2f0-424b-442e-b6c8-c834198f279c req-1e53e8d0-c62c-463d-8ead-d75d5e1ae3c3 ee2a682f0451424bb118efe638301089 11fa2fa4209848c88b252ebd561d433c - - 772c15fb44154c78897ebe5784d2c942 772c15fb44154c78897ebe5784d2c942] 199.204.45.238 "GET /v2.0/networks/d801b03a-c1fa-4326-861e-72d2e3dd518b?fields=segments HTTP/1.1" status: 200 len: 212 time: 0.0603585
2026-05-08 19:26:51.301 9 INFO neutron.wsgi [req-b251a2f0-424b-442e-b6c8-c834198f279c req-661edf68-968a-46dd-b75a-6778f3c9cac0 ee2a682f0451424bb118efe638301089 11fa2fa4209848c88b252ebd561d433c - - 772c15fb44154c78897ebe5784d2c942 772c15fb44154c78897ebe5784d2c942] 199.204.45.238 "GET /v2.0/networks/d801b03a-c1fa-4326-861e-72d2e3dd518b?fields=provider%3Aphysical_network&fields=provider%3Anetwork_type HTTP/1.1" status: 200 len: 277 time: 0.0931616
2026-05-08 19:26:51.781 10 INFO neutron.wsgi [None req-0666898d-a8c7-4ccd-8b9c-1c781c16c5ca 0cfdd5e9b9b4447c819ccfa7d0cbcdb8 a9b4695f1c1745aca58d0d56f149f5b2 - - default default] 10.0.0.227 "GET /v2.0/subnets HTTP/1.1" status: 200 len: 2078 time: 0.1423097
2026-05-08 19:26:51.800 10 INFO neutron.wsgi [None req-8849406d-a644-4b18-9ebd-40158472f862 0cfdd5e9b9b4447c819ccfa7d0cbcdb8 a9b4695f1c1745aca58d0d56f149f5b2 - - default default] 10.0.0.227 "GET /v2.0/agents HTTP/1.1" status: 200 len: 1390 time: 0.0170305
2026-05-08 19:26:51.927 10 INFO neutron.wsgi [None req-aec4e808-baf3-45b3-afd1-0968e5e2a17d 0cfdd5e9b9b4447c819ccfa7d0cbcdb8 a9b4695f1c1745aca58d0d56f149f5b2 - - default default] 10.0.0.227 "GET /v2.0/routers HTTP/1.1" status: 200 len: 1151 time: 0.1227963
2026-05-08 19:26:51.943 10 INFO neutron.wsgi [None req-64286bc8-55c9-4300-af95-8b64ca6bf175 0cfdd5e9b9b4447c819ccfa7d0cbcdb8 a9b4695f1c1745aca58d0d56f149f5b2 - - default default] 10.0.0.227 "GET /v2.0/agents?binary=ovn-controller HTTP/1.1" status: 200 len: 591 time: 0.0125570
2026-05-08 19:26:51.977 10 INFO neutron.wsgi [None req-4ed897c6-0288-44b0-926c-46e2247177a8 0cfdd5e9b9b4447c819ccfa7d0cbcdb8 a9b4695f1c1745aca58d0d56f149f5b2 - - default default] 10.0.0.227 "GET /v2.0/subnets HTTP/1.1" status: 200 len: 2078 time: 0.0337963
2026-05-08 19:26:51.993 10 INFO neutron.wsgi [None req-054bc0bd-b35d-4b6a-a20a-e152d1e83bc4 0cfdd5e9b9b4447c819ccfa7d0cbcdb8 a9b4695f1c1745aca58d0d56f149f5b2 - - default default] 10.0.0.227 "GET /v2.0/subnetpools HTTP/1.1" status: 200 len: 193 time: 0.0143187
2026-05-08 19:26:52.029 9 WARNING neutron_lib.context [None req-8b36754b-f7a0-417d-b7d6-3256a22ecf22 b0ee2ba3ce6b4a8882a49747f6f50a7b 0fb12539b25148759a9359dce8794b83 - - default default] Method 'is_advsvc' is deprecated since 2023.2 release (neutron-lib 3.8.0) and will be removed once support for the old RBAC API policies will be removed from Neutron. Please use method 'is_service_role' instead.
2026-05-08 19:26:52.073 9 INFO neutron.wsgi [None req-04f33ee1-13b9-4c81-a818-94e0ba1e5e9f 0cfdd5e9b9b4447c819ccfa7d0cbcdb8 a9b4695f1c1745aca58d0d56f149f5b2 - - default default] 10.0.0.69 "GET /v2.0/security-groups?tenant_id=ec51e9e7759745759ba961e3e5202fcf&name=default HTTP/1.1" status: 200 len: 3120 time: 0.1754220
2026-05-08 19:26:52.077 10 INFO neutron.wsgi [None req-a65f8557-a2c4-41c0-9b69-6889ce996c93 0cfdd5e9b9b4447c819ccfa7d0cbcdb8 a9b4695f1c1745aca58d0d56f149f5b2 - - default default] 10.0.0.227 "GET /v2.0/ports HTTP/1.1" status: 200 len: 10773 time: 0.0834854
2026-05-08 19:26:52.128 10 INFO neutron.wsgi [None req-f68a7ca0-ba16-4cf2-bc0f-f55403658a43 0cfdd5e9b9b4447c819ccfa7d0cbcdb8 a9b4695f1c1745aca58d0d56f149f5b2 - - default default] 10.0.0.227 "GET /v2.0/floatingips HTTP/1.1" status: 200 len: 730 time: 0.0435293
2026-05-08 19:26:52.221 9 INFO neutron.db.ovn_revision_numbers_db [None req-8b36754b-f7a0-417d-b7d6-3256a22ecf22 b0ee2ba3ce6b4a8882a49747f6f50a7b 0fb12539b25148759a9359dce8794b83 - - default default] Successfully bumped revision number for resource 130d109c-2d02-4668-9a24-6db1c4cd50a5 (type: security_groups) to 1
2026-05-08 19:26:52.249 9 INFO neutron.db.ovn_revision_numbers_db [None req-8b36754b-f7a0-417d-b7d6-3256a22ecf22 b0ee2ba3ce6b4a8882a49747f6f50a7b 0fb12539b25148759a9359dce8794b83 - - default default] Successfully bumped revision number for resource 1b9634bb-2fc0-419b-9110-2af1866335fb (type: security_group_rules) to 0
2026-05-08 19:26:52.266 9 INFO neutron.db.ovn_revision_numbers_db [None req-8b36754b-f7a0-417d-b7d6-3256a22ecf22 b0ee2ba3ce6b4a8882a49747f6f50a7b 0fb12539b25148759a9359dce8794b83 - - default default] Successfully bumped revision number for resource be32fc1b-78f9-4589-9807-9e08c00d3cc1 (type: security_group_rules) to 0
2026-05-08 19:26:52.292 9 INFO neutron.wsgi [None req-8b36754b-f7a0-417d-b7d6-3256a22ecf22 b0ee2ba3ce6b4a8882a49747f6f50a7b 0fb12539b25148759a9359dce8794b83 - - default default] 10.0.0.69 "POST /v2.0/security-groups HTTP/1.1" status: 201 len: 1873 time: 0.2745700
2026-05-08 19:26:52.309 9 WARNING neutron_lib.context [None req-3ffc22cd-6612-48af-81af-e201a03c0272 b0ee2ba3ce6b4a8882a49747f6f50a7b 0fb12539b25148759a9359dce8794b83 - - default default] Method 'is_advsvc' is deprecated since 2023.2 release (neutron-lib 3.8.0) and will be removed once support for the old RBAC API policies will be removed from Neutron. Please use method 'is_service_role' instead.
2026-05-08 19:26:52.404 9 INFO neutron.wsgi [None req-58104ec2-1d34-4aae-ba4c-fd9996663f56 0cfdd5e9b9b4447c819ccfa7d0cbcdb8 a9b4695f1c1745aca58d0d56f149f5b2 - - default default] 10.0.0.69 "DELETE /v2.0/security-groups/6e011b87-0e5a-476f-ba26-acf3dd488cb0 HTTP/1.1" status: 204 len: 168 time: 0.3259590
2026-05-08 19:26:52.470 10 INFO neutron.wsgi [None req-32181728-7477-4631-b564-e7ecff0bdb33 0cfdd5e9b9b4447c819ccfa7d0cbcdb8 a9b4695f1c1745aca58d0d56f149f5b2 - - default default] 10.0.0.227 "GET /v2.0/networks HTTP/1.1" status: 200 len: 3094 time: 0.3406549
2026-05-08 19:26:52.496 9 INFO neutron.db.ovn_revision_numbers_db [None req-3ffc22cd-6612-48af-81af-e201a03c0272 b0ee2ba3ce6b4a8882a49747f6f50a7b 0fb12539b25148759a9359dce8794b83 - - default default] Successfully bumped revision number for resource 2ec1cb76-dbe7-43ec-bca2-cbc5ff5fbf51 (type: security_group_rules) to 0
2026-05-08 19:26:52.534 10 INFO neutron.wsgi [None req-bf250651-15e8-44c8-ade7-2501263c2c82 0cfdd5e9b9b4447c819ccfa7d0cbcdb8 a9b4695f1c1745aca58d0d56f149f5b2 - - default default] 10.0.0.227 "GET /v2.0/security-groups HTTP/1.1" status: 200 len: 28085 time: 0.0612409
2026-05-08 19:26:52.548 9 INFO neutron.wsgi [None req-3ffc22cd-6612-48af-81af-e201a03c0272 b0ee2ba3ce6b4a8882a49747f6f50a7b 0fb12539b25148759a9359dce8794b83 - - default default] 10.0.0.69 "POST /v2.0/security-group-rules HTTP/1.1" status: 201 len: 796 time: 0.2489674
2026-05-08 19:26:52.556 10 INFO neutron.wsgi [None req-c78e237f-de56-4754-ae63-3f86023740de 0cfdd5e9b9b4447c819ccfa7d0cbcdb8 a9b4695f1c1745aca58d0d56f149f5b2 - - default default] 10.0.0.227 "GET /v2.0/network-ip-availabilities HTTP/1.1" status: 200 len: 1727 time: 0.0171154
2026-05-08 19:26:52.558 9 WARNING neutron_lib.context [None req-45298694-95fd-47c9-b3ac-1fc29de72773 b0ee2ba3ce6b4a8882a49747f6f50a7b 0fb12539b25148759a9359dce8794b83 - - default default] Method 'is_advsvc' is deprecated since 2023.2 release (neutron-lib 3.8.0) and will be removed once support for the old RBAC API policies will be removed from Neutron. Please use method 'is_service_role' instead.
2026-05-08 19:26:52.664 9 INFO neutron.db.ovn_revision_numbers_db [None req-757ecf43-5906-40c5-97e6-0ad139e7b472 0cfdd5e9b9b4447c819ccfa7d0cbcdb8 a9b4695f1c1745aca58d0d56f149f5b2 - - default default] Successfully bumped revision number for resource ad6fd22a-a324-4182-b0a1-bdd37248ad7e (type: security_groups) to 1
2026-05-08 19:26:52.683 9 INFO neutron.db.ovn_revision_numbers_db [None req-757ecf43-5906-40c5-97e6-0ad139e7b472 0cfdd5e9b9b4447c819ccfa7d0cbcdb8 a9b4695f1c1745aca58d0d56f149f5b2 - - default default] Successfully bumped revision number for resource 2d40bd1b-66be-41f1-ac23-a17e04b74723 (type: security_group_rules) to 0
2026-05-08 19:26:52.694 9 INFO neutron.db.ovn_revision_numbers_db [None req-45298694-95fd-47c9-b3ac-1fc29de72773 b0ee2ba3ce6b4a8882a49747f6f50a7b 0fb12539b25148759a9359dce8794b83 - - default default] Successfully bumped revision number for resource 36c21050-37aa-4f86-8943-9ec8ccbb5805 (type: security_group_rules) to 0
2026-05-08 19:26:52.701 9 INFO neutron.db.ovn_revision_numbers_db [None req-757ecf43-5906-40c5-97e6-0ad139e7b472 0cfdd5e9b9b4447c819ccfa7d0cbcdb8 a9b4695f1c1745aca58d0d56f149f5b2 - - default default] Successfully bumped revision number for resource 6f7c7dc1-fa99-4aa9-a901-61a43049c02c (type: security_group_rules) to 0
2026-05-08 19:26:52.725 9 INFO neutron.wsgi [None req-45298694-95fd-47c9-b3ac-1fc29de72773 b0ee2ba3ce6b4a8882a49747f6f50a7b 0fb12539b25148759a9359dce8794b83 - - default default] 10.0.0.69 "POST /v2.0/security-group-rules HTTP/1.1" status: 201 len: 795 time: 0.1719820
2026-05-08 19:26:52.726 9 INFO neutron.db.ovn_revision_numbers_db [None req-757ecf43-5906-40c5-97e6-0ad139e7b472 0cfdd5e9b9b4447c819ccfa7d0cbcdb8 a9b4695f1c1745aca58d0d56f149f5b2 - - default default] Successfully bumped revision number for resource 9ead9e86-bc57-42cd-bd12-60ffa58613ce (type: security_group_rules) to 0
2026-05-08 19:26:52.741 9 WARNING neutron_lib.context [None req-434cf895-65ff-4a77-bd04-56c4aac094da b0ee2ba3ce6b4a8882a49747f6f50a7b 0fb12539b25148759a9359dce8794b83 - - default default] Method 'is_advsvc' is deprecated since 2023.2 release (neutron-lib 3.8.0) and will be removed once support for the old RBAC API policies will be removed from Neutron. Please use method 'is_service_role' instead.
2026-05-08 19:26:52.742 9 INFO neutron.db.ovn_revision_numbers_db [None req-757ecf43-5906-40c5-97e6-0ad139e7b472 0cfdd5e9b9b4447c819ccfa7d0cbcdb8 a9b4695f1c1745aca58d0d56f149f5b2 - - default default] Successfully bumped revision number for resource d491a246-dff3-4914-adbc-946ac714db98 (type: security_group_rules) to 0
2026-05-08 19:26:52.769 9 INFO neutron.wsgi [None req-757ecf43-5906-40c5-97e6-0ad139e7b472 0cfdd5e9b9b4447c819ccfa7d0cbcdb8 a9b4695f1c1745aca58d0d56f149f5b2 - - default default] 10.0.0.69 "GET /v2.0/security-groups?tenant_id=68c313edbd5f4b7fa66fd42d6c445ff3&name=default HTTP/1.1" status: 200 len: 3120 time: 0.2530830
2026-05-08 19:26:52.874 9 INFO neutron.db.ovn_revision_numbers_db [None req-434cf895-65ff-4a77-bd04-56c4aac094da b0ee2ba3ce6b4a8882a49747f6f50a7b 0fb12539b25148759a9359dce8794b83 - - default default] Successfully bumped revision number for resource e5020498-2dd1-491c-b733-e41a95210c0b (type: security_group_rules) to 0
2026-05-08 19:26:52.901 9 INFO neutron.wsgi [None req-434cf895-65ff-4a77-bd04-56c4aac094da b0ee2ba3ce6b4a8882a49747f6f50a7b 0fb12539b25148759a9359dce8794b83 - - default default] 10.0.0.69 "POST /v2.0/security-group-rules HTTP/1.1" status: 201 len: 801 time: 0.1639202
2026-05-08 19:26:52.913 9 WARNING neutron_lib.context [None req-aca5894a-0be6-45fd-8dd6-661464b0a133 b0ee2ba3ce6b4a8882a49747f6f50a7b 0fb12539b25148759a9359dce8794b83 - - default default] Method 'is_advsvc' is deprecated since 2023.2 release (neutron-lib 3.8.0) and will be removed once support for the old RBAC API policies will be removed from Neutron. Please use method 'is_service_role' instead.
2026-05-08 19:26:52.977 10 INFO neutron.wsgi [None req-4ef10f37-9d26-447d-bb14-0eba46939fc2 0cfdd5e9b9b4447c819ccfa7d0cbcdb8 a9b4695f1c1745aca58d0d56f149f5b2 - - default default] 10.0.0.69 "DELETE /v2.0/security-groups/ad6fd22a-a324-4182-b0a1-bdd37248ad7e HTTP/1.1" status: 204 len: 168 time: 0.1997190
2026-05-08 19:26:53.049 9 INFO neutron.db.ovn_revision_numbers_db [None req-aca5894a-0be6-45fd-8dd6-661464b0a133 b0ee2ba3ce6b4a8882a49747f6f50a7b 0fb12539b25148759a9359dce8794b83 - - default default] Successfully bumped revision number for resource b85ac9b0-752f-4490-a14e-db8c291d56bc (type: security_group_rules) to 0
2026-05-08 19:26:53.082 9 INFO neutron.wsgi [None req-aca5894a-0be6-45fd-8dd6-661464b0a133 b0ee2ba3ce6b4a8882a49747f6f50a7b 0fb12539b25148759a9359dce8794b83 - - default default] 10.0.0.69 "POST /v2.0/security-group-rules HTTP/1.1" status: 201 len: 800 time: 0.1755891
2026-05-08 19:26:53.097 9 WARNING neutron_lib.context [None req-1161b29f-0779-43fd-9785-be75f42f867a b0ee2ba3ce6b4a8882a49747f6f50a7b 0fb12539b25148759a9359dce8794b83 - - default default] Method 'is_advsvc' is deprecated since 2023.2 release (neutron-lib 3.8.0) and will be removed once support for the old RBAC API policies will be removed from Neutron. Please use method 'is_service_role' instead.
2026-05-08 19:26:53.128 9 INFO neutron.db.securitygroups_db [None req-1161b29f-0779-43fd-9785-be75f42f867a b0ee2ba3ce6b4a8882a49747f6f50a7b 0fb12539b25148759a9359dce8794b83 - - default default] Project 0fb12539b25148759a9359dce8794b83 added a security group rule with legacy IPv6 ICMP protocol name icmp, ipv6-icmp should be used instead. It was automatically converted.
2026-05-08 19:26:53.221 9 INFO neutron.db.ovn_revision_numbers_db [None req-1161b29f-0779-43fd-9785-be75f42f867a b0ee2ba3ce6b4a8882a49747f6f50a7b 0fb12539b25148759a9359dce8794b83 - - default default] Successfully bumped revision number for resource 70b66cbe-c157-49ef-b915-43c875a0e8e4 (type: security_group_rules) to 0
2026-05-08 19:26:53.244 9 INFO neutron.wsgi [None req-1161b29f-0779-43fd-9785-be75f42f867a b0ee2ba3ce6b4a8882a49747f6f50a7b 0fb12539b25148759a9359dce8794b83 - - default default] 10.0.0.69 "POST /v2.0/security-group-rules HTTP/1.1" status: 201 len: 806 time: 0.1549301
2026-05-08 19:26:53.255 10 WARNING neutron_lib.context [None req-d8fbc81d-93b9-4c4a-ae7a-105292273d63 b0ee2ba3ce6b4a8882a49747f6f50a7b 0fb12539b25148759a9359dce8794b83 - - default default] Method 'is_advsvc' is deprecated since 2023.2 release (neutron-lib 3.8.0) and will be removed once support for the old RBAC API policies will be removed from Neutron. Please use method 'is_service_role' instead.
2026-05-08 19:26:53.299 10 INFO neutron.db.securitygroups_db [None req-d8fbc81d-93b9-4c4a-ae7a-105292273d63 b0ee2ba3ce6b4a8882a49747f6f50a7b 0fb12539b25148759a9359dce8794b83 - - default default] Project 0fb12539b25148759a9359dce8794b83 added a security group rule with legacy IPv6 ICMP protocol name icmp, ipv6-icmp should be used instead. It was automatically converted.
2026-05-08 19:26:53.384 10 WARNING neutron_lib.context [None req-13fd1c6e-7c3a-495e-bd8e-08435a30e839 3117a1af0c984da492f43f82804f067e df03e1a51607496e9ee9746d1d269293 - - default default] Method 'is_advsvc' is deprecated since 2023.2 release (neutron-lib 3.8.0) and will be removed once support for the old RBAC API policies will be removed from Neutron. Please use method 'is_service_role' instead.
2026-05-08 19:26:53.475 10 INFO neutron.db.ovn_revision_numbers_db [None req-d8fbc81d-93b9-4c4a-ae7a-105292273d63 b0ee2ba3ce6b4a8882a49747f6f50a7b 0fb12539b25148759a9359dce8794b83 - - default default] Successfully bumped revision number for resource f10b2890-8da4-4c21-a0c4-68e8c7e323fb (type: security_group_rules) to 0
2026-05-08 19:26:53.525 10 INFO neutron.wsgi [None req-d8fbc81d-93b9-4c4a-ae7a-105292273d63 b0ee2ba3ce6b4a8882a49747f6f50a7b 0fb12539b25148759a9359dce8794b83 - - default default] 10.0.0.69 "POST /v2.0/security-group-rules HTTP/1.1" status: 201 len: 805 time: 0.2751398
2026-05-08 19:26:53.535 10 INFO neutron.db.ovn_revision_numbers_db [None req-13fd1c6e-7c3a-495e-bd8e-08435a30e839 3117a1af0c984da492f43f82804f067e df03e1a51607496e9ee9746d1d269293 - - default default] Successfully bumped revision number for resource 73ecec55-0529-4840-958e-23e298459a15 (type: routers) to 1
2026-05-08 19:26:53.553 10 INFO neutron.wsgi [None req-13fd1c6e-7c3a-495e-bd8e-08435a30e839 3117a1af0c984da492f43f82804f067e df03e1a51607496e9ee9746d1d269293 - - default default] 10.0.0.69 "POST /v2.0/routers HTTP/1.1" status: 201 len: 769 time: 0.3151629
2026-05-08 19:26:53.624 9 INFO neutron.wsgi [None req-83cbb10b-db6b-4a3c-be73-ebdec57e4bc2 3117a1af0c984da492f43f82804f067e df03e1a51607496e9ee9746d1d269293 - - default default] 10.0.0.69 "PUT /v2.0/routers/73ecec55-0529-4840-958e-23e298459a15/tags HTTP/1.1" status: 200 len: 218 time: 0.0655918
2026-05-08 19:26:53.681 9 INFO neutron.wsgi [None req-63a30122-b1ce-4742-98f7-db2c24b27cde 3117a1af0c984da492f43f82804f067e df03e1a51607496e9ee9746d1d269293 - - default default] 10.0.0.69 "GET /v2.0/routers/73ecec55-0529-4840-958e-23e298459a15/tags HTTP/1.1" status: 200 len: 218 time: 0.0518014
2026-05-08 19:26:53.749 9 INFO neutron.wsgi [None req-f657da98-f542-4a2c-94b4-ec30d14ef029 3117a1af0c984da492f43f82804f067e df03e1a51607496e9ee9746d1d269293 - - default default] 10.0.0.69 "PUT /v2.0/routers/73ecec55-0529-4840-958e-23e298459a15/tags/green HTTP/1.1" status: 201 len: 201 time: 0.0618453
2026-05-08 19:26:53.802 9 INFO neutron.wsgi [None req-fea0feed-6b50-46af-8b39-256438a4123b 3117a1af0c984da492f43f82804f067e df03e1a51607496e9ee9746d1d269293 - - default default] 10.0.0.69 "GET /v2.0/routers/73ecec55-0529-4840-958e-23e298459a15/tags HTTP/1.1" status: 200 len: 227 time: 0.0478089
2026-05-08 19:26:53.871 9 INFO neutron.wsgi [None req-365ac5e3-684a-40d1-b7e2-b25474944e25 3117a1af0c984da492f43f82804f067e df03e1a51607496e9ee9746d1d269293 - - default default] 10.0.0.69 "PUT /v2.0/routers/73ecec55-0529-4840-958e-23e298459a15/tags/red HTTP/1.1" status: 201 len: 201 time: 0.0639172
2026-05-08 19:26:53.934 9 INFO neutron.wsgi [None req-373dd117-ffa9-4c55-95e4-1eea5b9f4cb6 3117a1af0c984da492f43f82804f067e df03e1a51607496e9ee9746d1d269293 - - default default] 10.0.0.69 "GET /v2.0/routers/73ecec55-0529-4840-958e-23e298459a15/tags HTTP/1.1" status: 200 len: 227 time: 0.0589201
2026-05-08 19:26:54.019 9 INFO neutron.wsgi [None req-c7c89cf1-49c9-431d-afe9-c06fd12f9402 3117a1af0c984da492f43f82804f067e df03e1a51607496e9ee9746d1d269293 - - default default] 10.0.0.69 "PUT /v2.0/routers/73ecec55-0529-4840-958e-23e298459a15/tags/black.or.white HTTP/1.1" status: 201 len: 201 time: 0.0784726
2026-05-08 19:26:54.096 10 INFO neutron.wsgi [None req-740009fd-981f-4d74-96b5-f2e841cb507d 3117a1af0c984da492f43f82804f067e df03e1a51607496e9ee9746d1d269293 - - default default] 10.0.0.69 "GET /v2.0/routers/73ecec55-0529-4840-958e-23e298459a15/tags HTTP/1.1" status: 200 len: 245 time: 0.0714765
2026-05-08 19:26:54.153 9 INFO neutron.wsgi [None req-b4a748e7-a411-42f5-abd6-3f39c675aa95 b0ee2ba3ce6b4a8882a49747f6f50a7b 0fb12539b25148759a9359dce8794b83 - - default default] 10.0.0.69 "GET /v2.0/networks HTTP/1.1" status: 200 len: 1493 time: 0.2230773
2026-05-08 19:26:54.172 10 INFO neutron.wsgi [None req-e17ad775-b5c2-4bfd-88da-30d73a854b06 3117a1af0c984da492f43f82804f067e df03e1a51607496e9ee9746d1d269293 - - default default] 10.0.0.69 "PUT /v2.0/routers/73ecec55-0529-4840-958e-23e298459a15/tags HTTP/1.1" status: 200 len: 230 time: 0.0705659
2026-05-08 19:26:54.226 10 INFO neutron.wsgi [None req-06373799-8469-4dc9-baf0-06dd7cdfcce0 3117a1af0c984da492f43f82804f067e df03e1a51607496e9ee9746d1d269293 - - default default] 10.0.0.69 "GET /v2.0/routers/73ecec55-0529-4840-958e-23e298459a15/tags HTTP/1.1" status: 200 len: 230 time: 0.0495152
2026-05-08 19:26:54.285 10 INFO neutron.wsgi [None req-0d2af9bf-aed1-4105-893f-be72672525d2 3117a1af0c984da492f43f82804f067e df03e1a51607496e9ee9746d1d269293 - - default default] 10.0.0.69 "GET /v2.0/routers/73ecec55-0529-4840-958e-23e298459a15/tags/red HTTP/1.1" status: 204 len: 168 time: 0.0555656
2026-05-08 19:26:54.310 10 INFO neutron.wsgi [req-0c2f2333-9e68-4d74-be2d-a3ff8d093379 req-809eb0e9-1b9a-4569-93c7-57451ca1bd5b b0ee2ba3ce6b4a8882a49747f6f50a7b 0fb12539b25148759a9359dce8794b83 - - default default] 10.0.0.134 "GET /v2.0/security-groups?name=tempest-secgroup-smoke-148099969&fields=id&tenant_id=0fb12539b25148759a9359dce8794b83 HTTP/1.1" status: 200 len: 267 time: 0.0712786
2026-05-08 19:26:54.348 9 INFO neutron.api.v2.resource [None req-33923214-0bf1-4475-8a18-8125c9c3fb1e 3117a1af0c984da492f43f82804f067e df03e1a51607496e9ee9746d1d269293 - - default default] show failed (client error): The resource could not be found.
2026-05-08 19:26:54.349 9 INFO neutron.wsgi [None req-33923214-0bf1-4475-8a18-8125c9c3fb1e 3117a1af0c984da492f43f82804f067e df03e1a51607496e9ee9746d1d269293 - - default default] 10.0.0.69 "GET /v2.0/routers/73ecec55-0529-4840-958e-23e298459a15/tags/green HTTP/1.1" status: 404 len: 299 time: 0.0598481
2026-05-08 19:26:54.392 10 INFO neutron.wsgi [req-0c2f2333-9e68-4d74-be2d-a3ff8d093379 req-805a150f-382d-4fe8-b55b-85b25e85ab45 b0ee2ba3ce6b4a8882a49747f6f50a7b 0fb12539b25148759a9359dce8794b83 - - default default] 10.0.0.134 "GET /v2.0/networks?id=d801b03a-c1fa-4326-861e-72d2e3dd518b HTTP/1.1" status: 200 len: 860 time: 0.0786402
2026-05-08 19:26:54.404 10 INFO neutron.wsgi [req-0c2f2333-9e68-4d74-be2d-a3ff8d093379 req-8bd49d2d-4381-43ec-98ee-289c8b316290 b0ee2ba3ce6b4a8882a49747f6f50a7b 0fb12539b25148759a9359dce8794b83 - - default default] 10.0.0.134 "GET /v2.0/quotas/0fb12539b25148759a9359dce8794b83 HTTP/1.1" status: 200 len: 491 time: 0.0076389
2026-05-08 19:26:54.418 9 INFO neutron.wsgi [None req-cddeff91-e6db-47fa-996e-d53f8f925c43 3117a1af0c984da492f43f82804f067e df03e1a51607496e9ee9746d1d269293 - - default default] 10.0.0.69 "DELETE /v2.0/routers/73ecec55-0529-4840-958e-23e298459a15/tags/red HTTP/1.1" status: 204 len: 168 time: 0.0643091
2026-05-08 19:26:54.531 10 INFO neutron.wsgi [None req-f40fa2d0-036d-47a5-af7f-73d1ac6a76ca 3117a1af0c984da492f43f82804f067e df03e1a51607496e9ee9746d1d269293 - - default default] 10.0.0.69 "GET /v2.0/routers/73ecec55-0529-4840-958e-23e298459a15/tags HTTP/1.1" status: 200 len: 223 time: 0.1082156
2026-05-08 19:26:54.600 10 INFO neutron.wsgi [req-0c2f2333-9e68-4d74-be2d-a3ff8d093379 req-82ed9e2c-e704-427b-b37e-5f7e672f70b7 b0ee2ba3ce6b4a8882a49747f6f50a7b 0fb12539b25148759a9359dce8794b83 - - default default] 10.0.0.134 "GET /v2.0/ports?tenant_id=0fb12539b25148759a9359dce8794b83&fields=id HTTP/1.1" status: 200 len: 348 time: 0.1932333
2026-05-08 19:26:54.607 10 INFO neutron.api.v2.resource [None req-9ddfa982-4f45-4074-a51c-cdbdea749c6c 3117a1af0c984da492f43f82804f067e df03e1a51607496e9ee9746d1d269293 - - default default] delete failed (client error): The resource could not be found.
2026-05-08 19:26:54.608 10 INFO neutron.wsgi [None req-9ddfa982-4f45-4074-a51c-cdbdea749c6c 3117a1af0c984da492f43f82804f067e df03e1a51607496e9ee9746d1d269293 - - default default] 10.0.0.69 "DELETE /v2.0/routers/73ecec55-0529-4840-958e-23e298459a15/tags/green HTTP/1.1" status: 404 len: 299 time: 0.0718615
2026-05-08 19:26:54.675 10 INFO neutron.wsgi [req-0c2f2333-9e68-4d74-be2d-a3ff8d093379 req-271f30ca-ffda-405d-838b-af9b289f8fd4 ee2a682f0451424bb118efe638301089 11fa2fa4209848c88b252ebd561d433c - - 772c15fb44154c78897ebe5784d2c942 772c15fb44154c78897ebe5784d2c942] 10.0.0.134 "GET /v2.0/networks/d801b03a-c1fa-4326-861e-72d2e3dd518b?fields=segments HTTP/1.1" status: 200 len: 212 time: 0.0614617
2026-05-08 19:26:54.697 9 INFO neutron.wsgi [None req-da1c7c99-31b8-42e2-9b85-ba5a6a4795db 3117a1af0c984da492f43f82804f067e df03e1a51607496e9ee9746d1d269293 - - default default] 10.0.0.69 "DELETE /v2.0/routers/73ecec55-0529-4840-958e-23e298459a15/tags HTTP/1.1" status: 204 len: 168 time: 0.0816736
2026-05-08 19:26:54.745 10 INFO neutron.wsgi [req-0c2f2333-9e68-4d74-be2d-a3ff8d093379 req-9d454070-454c-47bd-9454-20e936e38577 ee2a682f0451424bb118efe638301089 11fa2fa4209848c88b252ebd561d433c - - 772c15fb44154c78897ebe5784d2c942 772c15fb44154c78897ebe5784d2c942] 10.0.0.134 "GET /v2.0/networks/d801b03a-c1fa-4326-861e-72d2e3dd518b?fields=provider%3Aphysical_network&fields=provider%3Anetwork_type HTTP/1.1" status: 200 len: 277 time: 0.0630538
2026-05-08 19:26:54.749 9 INFO neutron.wsgi [None req-33d9e4df-9971-40bc-8667-9f958229b135 3117a1af0c984da492f43f82804f067e df03e1a51607496e9ee9746d1d269293 - - default default] 10.0.0.69 "GET /v2.0/routers/73ecec55-0529-4840-958e-23e298459a15/tags HTTP/1.1" status: 200 len: 205 time: 0.0470638
2026-05-08 19:26:54.805 9 INFO neutron.wsgi [None req-e72d8937-c4b3-4d1c-b21a-ade3da3bcced 3117a1af0c984da492f43f82804f067e df03e1a51607496e9ee9746d1d269293 - - default default] 10.0.0.69 "GET /v2.0/routers/73ecec55-0529-4840-958e-23e298459a15 HTTP/1.1" status: 200 len: 770 time: 0.0487912
2026-05-08 19:26:54.891 9 INFO neutron.wsgi [req-ec4f6d12-96dc-453e-a8e8-c27b4003c056 req-2870f3f6-7c45-4477-bbee-4d3fe16052b7 b0ee2ba3ce6b4a8882a49747f6f50a7b 0fb12539b25148759a9359dce8794b83 - - default default] 10.0.0.134 "GET /v2.0/ports?device_id=6b857507-6e7a-4523-aee6-964ec8ec985f HTTP/1.1" status: 200 len: 210 time: 0.0277333
2026-05-08 19:26:55.498 9 INFO neutron.db.ovn_revision_numbers_db [None req-e7299340-d751-48a8-97ea-d4b91e28d201 3117a1af0c984da492f43f82804f067e df03e1a51607496e9ee9746d1d269293 - - default default] Successfully bumped revision number for resource 73ecec55-0529-4840-958e-23e298459a15 (type: routers) to 7
2026-05-08 19:26:55.505 9 INFO neutron.wsgi [None req-e7299340-d751-48a8-97ea-d4b91e28d201 3117a1af0c984da492f43f82804f067e df03e1a51607496e9ee9746d1d269293 - - default default] 10.0.0.69 "PUT /v2.0/routers/73ecec55-0529-4840-958e-23e298459a15 HTTP/1.1" status: 200 len: 770 time: 0.6917174
2026-05-08 19:26:55.532 9 INFO neutron.wsgi [None req-04dd9dda-5ad6-484f-9ab6-496f8bcd3654 3117a1af0c984da492f43f82804f067e df03e1a51607496e9ee9746d1d269293 - - default default] 10.0.0.69 "GET /v2.0/ports?device_id=73ecec55-0529-4840-958e-23e298459a15 HTTP/1.1" status: 200 len: 205 time: 0.0209293
2026-05-08 19:26:55.596 9 INFO neutron.wsgi [req-0c2f2333-9e68-4d74-be2d-a3ff8d093379 req-4d2e4563-a2f1-4b33-9aa7-c759becae3f6 b0ee2ba3ce6b4a8882a49747f6f50a7b 0fb12539b25148759a9359dce8794b83 - - default default] 199.204.45.238 "GET /v2.0/networks?id=d801b03a-c1fa-4326-861e-72d2e3dd518b HTTP/1.1" status: 200 len: 860 time: 0.0673389
2026-05-08 19:26:55.673 9 INFO neutron.wsgi [req-0c2f2333-9e68-4d74-be2d-a3ff8d093379 req-99f6915e-4993-4ee4-8169-164a52f00fa0 b0ee2ba3ce6b4a8882a49747f6f50a7b 0fb12539b25148759a9359dce8794b83 - - default default] 199.204.45.238 "GET /v2.0/security-groups?fields=id&fields=name&tenant_id=0fb12539b25148759a9359dce8794b83 HTTP/1.1" status: 200 len: 471 time: 0.0708909
2026-05-08 19:26:55.702 9 WARNING neutron_lib.context [req-0c2f2333-9e68-4d74-be2d-a3ff8d093379 req-e383268e-d49c-4878-8996-ffbb0a7b6658 b0ee2ba3ce6b4a8882a49747f6f50a7b 0fb12539b25148759a9359dce8794b83 - - default default] Method 'is_advsvc' is deprecated since 2023.2 release (neutron-lib 3.8.0) and will be removed once support for the old RBAC API policies will be removed from Neutron. Please use method 'is_service_role' instead.
2026-05-08 19:26:55.818 10 INFO neutron.wsgi [None req-b0ae989c-36a2-4325-8484-ff77f2764a40 3117a1af0c984da492f43f82804f067e df03e1a51607496e9ee9746d1d269293 - - default default] 10.0.0.69 "DELETE /v2.0/routers/73ecec55-0529-4840-958e-23e298459a15 HTTP/1.1" status: 204 len: 168 time: 0.2798586
2026-05-08 19:26:55.977 10 INFO neutron.wsgi [req-83e77195-acd8-4294-b89c-60c4ee7ac229 req-17e3de95-b93e-40b5-b2a6-4c1cbf0f5c7b b0ee2ba3ce6b4a8882a49747f6f50a7b 0fb12539b25148759a9359dce8794b83 - - default default] 10.0.0.134 "GET /v2.0/ports?device_id=6b857507-6e7a-4523-aee6-964ec8ec985f HTTP/1.1" status: 200 len: 210 time: 0.0247099
2026-05-08 19:26:56.051 9 WARNING neutron.scheduler.dhcp_agent_scheduler [req-0c2f2333-9e68-4d74-be2d-a3ff8d093379 req-e383268e-d49c-4878-8996-ffbb0a7b6658 b0ee2ba3ce6b4a8882a49747f6f50a7b 0fb12539b25148759a9359dce8794b83 - - default default] No more DHCP agents
2026-05-08 19:26:56.053 9 WARNING neutron.api.rpc.agentnotifiers.dhcp_rpc_agent_api [req-0c2f2333-9e68-4d74-be2d-a3ff8d093379 req-e383268e-d49c-4878-8996-ffbb0a7b6658 b0ee2ba3ce6b4a8882a49747f6f50a7b 0fb12539b25148759a9359dce8794b83 - - default default] Unable to schedule network d801b03a-c1fa-4326-861e-72d2e3dd518b: no agents available; will retry on subsequent port and subnet creation events.
2026-05-08 19:26:56.219 9 INFO neutron.db.ovn_revision_numbers_db [req-0c2f2333-9e68-4d74-be2d-a3ff8d093379 req-e383268e-d49c-4878-8996-ffbb0a7b6658 b0ee2ba3ce6b4a8882a49747f6f50a7b 0fb12539b25148759a9359dce8794b83 - - default default] Successfully bumped revision number for resource a1608344-b71f-45c6-a87c-9c10e4227043 (type: ports) to 1
2026-05-08 19:26:56.239 9 INFO neutron.wsgi [req-0c2f2333-9e68-4d74-be2d-a3ff8d093379 req-e383268e-d49c-4878-8996-ffbb0a7b6658 b0ee2ba3ce6b4a8882a49747f6f50a7b 0fb12539b25148759a9359dce8794b83 - - default default] 199.204.45.238 "POST /v2.0/ports HTTP/1.1" status: 201 len: 1162 time: 0.5454497 /var/lib/openstack/lib/python3.10/site-packages/pycadf/identifier.py:71: UserWarning: Invalid uuid: neutron. To ensure interoperability, identifiers should be a valid uuid. warnings.warn(('Invalid uuid: %s. To ensure interoperability, '
2026-05-08 19:26:56.402 10 WARNING neutron_lib.context [None req-b57fda21-4d69-4828-ae3f-fb648ab9a895 d4733c9c9669433bb907b2657d19a026 dcd6609464594cf482f4eb1392732962 - - default default] Method 'is_advsvc' is deprecated since 2023.2 release (neutron-lib 3.8.0) and will be removed once support for the old RBAC API policies will be removed from Neutron. Please use method 'is_service_role' instead.
2026-05-08 19:26:56.581 10 INFO neutron.db.ovn_revision_numbers_db [None req-b57fda21-4d69-4828-ae3f-fb648ab9a895 d4733c9c9669433bb907b2657d19a026 dcd6609464594cf482f4eb1392732962 - - default default] Successfully bumped revision number for resource f4319268-7f32-4bff-9261-49ac6ce9e1b2 (type: security_groups) to 1 /var/lib/openstack/lib/python3.10/site-packages/pycadf/identifier.py:71: UserWarning: Invalid uuid: neutron. To ensure interoperability, identifiers should be a valid uuid. warnings.warn(('Invalid uuid: %s. To ensure interoperability, '
2026-05-08 19:26:56.598 10 INFO neutron.db.ovn_revision_numbers_db [None req-b57fda21-4d69-4828-ae3f-fb648ab9a895 d4733c9c9669433bb907b2657d19a026 dcd6609464594cf482f4eb1392732962 - - default default] Successfully bumped revision number for resource 2c5d29b7-2846-4a21-afb0-4a0d46db01f7 (type: security_group_rules) to 0
2026-05-08 19:26:56.612 10 INFO neutron.db.ovn_revision_numbers_db [None req-b57fda21-4d69-4828-ae3f-fb648ab9a895 d4733c9c9669433bb907b2657d19a026 dcd6609464594cf482f4eb1392732962 - - default default] Successfully bumped revision number for resource 3b01c8df-e494-4191-892c-8507b554234e (type: security_group_rules) to 0
2026-05-08 19:26:56.626 10 INFO neutron.db.ovn_revision_numbers_db [None req-b57fda21-4d69-4828-ae3f-fb648ab9a895 d4733c9c9669433bb907b2657d19a026 dcd6609464594cf482f4eb1392732962 - - default default] Successfully bumped revision number for resource 819f401b-4159-4a09-b6c4-1f1123894934 (type: security_group_rules) to 0
2026-05-08 19:26:56.640 10 INFO neutron.db.ovn_revision_numbers_db [None req-b57fda21-4d69-4828-ae3f-fb648ab9a895 d4733c9c9669433bb907b2657d19a026 dcd6609464594cf482f4eb1392732962 - - default default] Successfully bumped revision number for resource 8f801510-e407-4f10-ad33-4e354e9d2547 (type: security_group_rules) to 0
2026-05-08 19:26:56.717 9 INFO neutron.db.ovn_revision_numbers_db [req-0c2f2333-9e68-4d74-be2d-a3ff8d093379 req-c6e0c818-1bc7-40b4-8cee-c2677b5d7fd4 ee2a682f0451424bb118efe638301089 11fa2fa4209848c88b252ebd561d433c - - 772c15fb44154c78897ebe5784d2c942 772c15fb44154c78897ebe5784d2c942] Successfully bumped revision number for resource a1608344-b71f-45c6-a87c-9c10e4227043 (type: ports) to 2
2026-05-08 19:26:56.745 9 INFO neutron.db.ovn_revision_numbers_db [None req-c4738577-e939-48f6-912c-a494cecf1682 0cfdd5e9b9b4447c819ccfa7d0cbcdb8 a9b4695f1c1745aca58d0d56f149f5b2 - - default default] Successfully bumped revision number for resource 7266e756-f6d3-4657-aedd-2b04e225abb3 (type: security_groups) to 1
2026-05-08 19:26:56.755 10 INFO neutron.db.ovn_revision_numbers_db [None req-b57fda21-4d69-4828-ae3f-fb648ab9a895 d4733c9c9669433bb907b2657d19a026 dcd6609464594cf482f4eb1392732962 - - default default] Successfully bumped revision number for resource b3a853aa-f3ee-4f5c-9c56-9fd4e596ac6c (type: security_groups) to 1
2026-05-08 19:26:56.763 9 INFO neutron.db.ovn_revision_numbers_db [None req-c4738577-e939-48f6-912c-a494cecf1682 0cfdd5e9b9b4447c819ccfa7d0cbcdb8 a9b4695f1c1745aca58d0d56f149f5b2 - - default default] Successfully bumped revision number for resource 4fa11dc8-ab14-4185-a5b4-789407885ac5 (type: security_group_rules) to 0
2026-05-08 19:26:56.766 10 INFO neutron.db.ovn_revision_numbers_db [None req-b57fda21-4d69-4828-ae3f-fb648ab9a895 d4733c9c9669433bb907b2657d19a026 dcd6609464594cf482f4eb1392732962 - - default default] Successfully bumped revision number for resource 19c9c2bf-c098-4dce-ae93-a1b428e3eac2 (type: security_group_rules) to 0
2026-05-08 19:26:56.780 10 INFO neutron.db.ovn_revision_numbers_db [None req-b57fda21-4d69-4828-ae3f-fb648ab9a895 d4733c9c9669433bb907b2657d19a026 dcd6609464594cf482f4eb1392732962 - - default default] Successfully bumped revision number for resource fe3c1b33-e301-4e9a-8ca4-abde02ad3d25 (type: security_group_rules) to 0
2026-05-08 19:26:56.781 9 INFO neutron.db.ovn_revision_numbers_db [None req-c4738577-e939-48f6-912c-a494cecf1682 0cfdd5e9b9b4447c819ccfa7d0cbcdb8 a9b4695f1c1745aca58d0d56f149f5b2 - - default default] Successfully bumped revision number for resource 7dc9eade-7b98-4f9a-b149-62614e98b247 (type: security_group_rules) to 0
2026-05-08 19:26:56.795 9 INFO neutron.db.ovn_revision_numbers_db [None req-c4738577-e939-48f6-912c-a494cecf1682 0cfdd5e9b9b4447c819ccfa7d0cbcdb8 a9b4695f1c1745aca58d0d56f149f5b2 - - default default] Successfully bumped revision number for resource d4037ae0-1043-40c6-bbb3-d16699fe42f4 (type: security_group_rules) to 0
2026-05-08 19:26:56.801 10 INFO neutron.wsgi [None req-b57fda21-4d69-4828-ae3f-fb648ab9a895 d4733c9c9669433bb907b2657d19a026 dcd6609464594cf482f4eb1392732962 - - default default] 10.0.0.69 "POST /v2.0/security-groups HTTP/1.1" status: 201 len: 1801 time: 0.6119699
2026-05-08 19:26:56.817 9 INFO neutron.db.ovn_revision_numbers_db [None req-c4738577-e939-48f6-912c-a494cecf1682 0cfdd5e9b9b4447c819ccfa7d0cbcdb8 a9b4695f1c1745aca58d0d56f149f5b2 - - default default] Successfully bumped revision number for resource f018c53d-6df7-4b44-8588-86d4ba2ad0f8 (type: security_group_rules) to 0
2026-05-08 19:26:56.866 9 INFO neutron.wsgi [None req-c4738577-e939-48f6-912c-a494cecf1682 0cfdd5e9b9b4447c819ccfa7d0cbcdb8 a9b4695f1c1745aca58d0d56f149f5b2 - - default default] 10.0.0.69 "GET /v2.0/security-groups?tenant_id=174d6696833042b7b8a73001f55affb1&name=default HTTP/1.1" status: 200 len: 3120 time: 0.3306181
2026-05-08 19:26:56.883 9 INFO neutron.wsgi [None req-ae2c474e-fee2-493f-8b34-e5e8ef7966d8 d4733c9c9669433bb907b2657d19a026 dcd6609464594cf482f4eb1392732962 - - default default] 10.0.0.69 "PUT /v2.0/security-groups/b3a853aa-f3ee-4f5c-9c56-9fd4e596ac6c/tags HTTP/1.1" status: 200 len: 218 time: 0.0753803
2026-05-08 19:26:56.932 10 INFO neutron.wsgi [None req-f410bf36-b203-4055-a657-47583801d05d d4733c9c9669433bb907b2657d19a026 dcd6609464594cf482f4eb1392732962 - - default default] 10.0.0.69 "GET /v2.0/security-groups/b3a853aa-f3ee-4f5c-9c56-9fd4e596ac6c/tags HTTP/1.1" status: 200 len: 218 time: 0.0418973 /var/lib/openstack/lib/python3.10/site-packages/pycadf/identifier.py:71: UserWarning: Invalid uuid: neutron. To ensure interoperability, identifiers should be a valid uuid. warnings.warn(('Invalid uuid: %s. To ensure interoperability, '
2026-05-08 19:26:56.984 9 INFO neutron.wsgi [None req-9bf6ddf0-cc55-4bd9-9b58-7cbaaddd91a8 d4733c9c9669433bb907b2657d19a026 dcd6609464594cf482f4eb1392732962 - - default default] 10.0.0.69 "PUT /v2.0/security-groups/b3a853aa-f3ee-4f5c-9c56-9fd4e596ac6c/tags/green HTTP/1.1" status: 201 len: 201 time: 0.0453517
2026-05-08 19:26:57.001 9 INFO neutron.db.ovn_revision_numbers_db [req-0c2f2333-9e68-4d74-be2d-a3ff8d093379 req-c6e0c818-1bc7-40b4-8cee-c2677b5d7fd4 ee2a682f0451424bb118efe638301089 11fa2fa4209848c88b252ebd561d433c - - 772c15fb44154c78897ebe5784d2c942 772c15fb44154c78897ebe5784d2c942] Successfully bumped revision number for resource a1608344-b71f-45c6-a87c-9c10e4227043 (type: ports) to 2
2026-05-08 19:26:57.016 9 INFO neutron.wsgi [None req-6f5be384-b73d-45de-b5d1-f76e86f787cc d4733c9c9669433bb907b2657d19a026 dcd6609464594cf482f4eb1392732962 - - default default] 10.0.0.69 "GET /v2.0/security-groups/b3a853aa-f3ee-4f5c-9c56-9fd4e596ac6c/tags HTTP/1.1" status: 200 len: 227 time: 0.0274258
2026-05-08 19:26:57.023 9 INFO neutron.wsgi [req-0c2f2333-9e68-4d74-be2d-a3ff8d093379 req-c6e0c818-1bc7-40b4-8cee-c2677b5d7fd4 ee2a682f0451424bb118efe638301089 11fa2fa4209848c88b252ebd561d433c - - 772c15fb44154c78897ebe5784d2c942 772c15fb44154c78897ebe5784d2c942] 199.204.45.238 "PUT /v2.0/ports/a1608344-b71f-45c6-a87c-9c10e4227043 HTTP/1.1" status: 200 len: 1380 time: 0.7753034
2026-05-08 19:26:57.056 10 INFO neutron.wsgi [None req-44f440bc-56d9-4bf2-92be-538a0cd55f65 d4733c9c9669433bb907b2657d19a026 dcd6609464594cf482f4eb1392732962 - - default default] 10.0.0.69 "PUT /v2.0/security-groups/b3a853aa-f3ee-4f5c-9c56-9fd4e596ac6c/tags/red HTTP/1.1" status: 201 len: 201 time: 0.0338712
2026-05-08 19:26:57.072 9 INFO neutron.notifiers.nova [-] Nova event matching ['req-1b555e92-3be8-4586-aa0b-0034487572ee'] response: {'name': 'network-changed', 'server_uuid': '6b857507-6e7a-4523-aee6-964ec8ec985f', 'tag': 'a1608344-b71f-45c6-a87c-9c10e4227043', 'status': 'completed', 'code': 200}
2026-05-08 19:26:57.095 10 INFO neutron.wsgi [None req-0fc2d540-bfd4-42fd-aed7-3adf63deb983 d4733c9c9669433bb907b2657d19a026 dcd6609464594cf482f4eb1392732962 - - default default] 10.0.0.69 "GET /v2.0/security-groups/b3a853aa-f3ee-4f5c-9c56-9fd4e596ac6c/tags HTTP/1.1" status: 200 len: 227 time: 0.0321598
2026-05-08 19:26:57.120 9 INFO neutron.wsgi [req-0c2f2333-9e68-4d74-be2d-a3ff8d093379 req-954b9760-6076-4207-a5a9-77ce7c1176ee ee2a682f0451424bb118efe638301089 11fa2fa4209848c88b252ebd561d433c - - 772c15fb44154c78897ebe5784d2c942 772c15fb44154c78897ebe5784d2c942] 199.204.45.238 "GET /v2.0/ports?tenant_id=0fb12539b25148759a9359dce8794b83&device_id=6b857507-6e7a-4523-aee6-964ec8ec985f HTTP/1.1" status: 200 len: 1411 time: 0.0488729
2026-05-08 19:26:57.140 10 INFO neutron.wsgi [None req-16ea6124-0645-41d2-9e57-9aac1b0a0cda d4733c9c9669433bb907b2657d19a026 dcd6609464594cf482f4eb1392732962 - - default default] 10.0.0.69 "PUT /v2.0/security-groups/b3a853aa-f3ee-4f5c-9c56-9fd4e596ac6c/tags/black.or.white HTTP/1.1" status: 201 len: 201 time: 0.0395565
2026-05-08 19:26:57.161 9 INFO neutron.wsgi [req-0c2f2333-9e68-4d74-be2d-a3ff8d093379 req-c5119634-4e19-4f7e-b693-8b131f498b0d ee2a682f0451424bb118efe638301089 11fa2fa4209848c88b252ebd561d433c - - 772c15fb44154c78897ebe5784d2c942 772c15fb44154c78897ebe5784d2c942] 199.204.45.238 "GET /v2.0/floatingips?fixed_ip_address=10.100.0.11&port_id=a1608344-b71f-45c6-a87c-9c10e4227043 HTTP/1.1" status: 200 len: 217 time: 0.0322464
2026-05-08 19:26:57.181 10 INFO neutron.wsgi [None req-9b46132f-2d26-4310-ad33-fb5499470bed d4733c9c9669433bb907b2657d19a026 dcd6609464594cf482f4eb1392732962 - - default default] 10.0.0.69 "GET /v2.0/security-groups/b3a853aa-f3ee-4f5c-9c56-9fd4e596ac6c/tags HTTP/1.1" status: 200 len: 245 time: 0.0254290
2026-05-08 19:26:57.199 10 INFO neutron.wsgi [None req-9af3dd69-8237-4f55-904f-21ba399ea6de 0cfdd5e9b9b4447c819ccfa7d0cbcdb8 a9b4695f1c1745aca58d0d56f149f5b2 - - default default] 10.0.0.69 "DELETE /v2.0/security-groups/7266e756-f6d3-4657-aedd-2b04e225abb3 HTTP/1.1" status: 204 len: 168 time: 0.3263779
2026-05-08 19:26:57.204 9 INFO neutron.wsgi [req-617b9cad-d68e-48b0-8e5b-64fc7edb78e6 req-2fa993c8-9ccb-44af-8a67-0ad95476a973 b0ee2ba3ce6b4a8882a49747f6f50a7b 0fb12539b25148759a9359dce8794b83 - - default default] 10.0.0.134 "GET /v2.0/ports?device_id=6b857507-6e7a-4523-aee6-964ec8ec985f HTTP/1.1" status: 200 len: 1172 time: 0.1563156
2026-05-08 19:26:57.212 9 INFO neutron.wsgi [req-0c2f2333-9e68-4d74-be2d-a3ff8d093379 req-b429e482-b7ed-456a-a726-b49958a0b9a5 ee2a682f0451424bb118efe638301089 11fa2fa4209848c88b252ebd561d433c - - 772c15fb44154c78897ebe5784d2c942 772c15fb44154c78897ebe5784d2c942] 199.204.45.238 "GET /v2.0/subnets?id=ca178d1d-2dc8-41b5-8194-07471e9b702c HTTP/1.1" status: 200 len: 853 time: 0.0444889
2026-05-08 19:26:57.237 9 INFO neutron.wsgi [req-0c2f2333-9e68-4d74-be2d-a3ff8d093379 req-f509fddb-76c1-4dc5-b652-7f34cf2d1913 ee2a682f0451424bb118efe638301089 11fa2fa4209848c88b252ebd561d433c - - 772c15fb44154c78897ebe5784d2c942 772c15fb44154c78897ebe5784d2c942] 199.204.45.238 "GET /v2.0/ports?network_id=d801b03a-c1fa-4326-861e-72d2e3dd518b&device_owner=network%3Adhcp HTTP/1.1" status: 200 len: 210 time: 0.0191135
2026-05-08 19:26:57.237 10 INFO neutron.wsgi [None req-1ec5047b-14c2-49cb-8638-ac1a68ed6859 d4733c9c9669433bb907b2657d19a026 dcd6609464594cf482f4eb1392732962 - - default default] 10.0.0.69 "PUT /v2.0/security-groups/b3a853aa-f3ee-4f5c-9c56-9fd4e596ac6c/tags HTTP/1.1" status: 200 len: 230 time: 0.0490558
2026-05-08 19:26:57.269 10 INFO neutron.wsgi [None req-7a4e0d88-f15b-4013-b3d0-721f2c65fe77 d4733c9c9669433bb907b2657d19a026 dcd6609464594cf482f4eb1392732962 - - default default] 10.0.0.69 "GET /v2.0/security-groups/b3a853aa-f3ee-4f5c-9c56-9fd4e596ac6c/tags HTTP/1.1" status: 200 len: 230 time: 0.0254896
2026-05-08 19:26:57.279 9 INFO neutron.wsgi [req-617b9cad-d68e-48b0-8e5b-64fc7edb78e6 req-5fbb15bc-36f1-45e2-ad91-9745b502f2fc b0ee2ba3ce6b4a8882a49747f6f50a7b 0fb12539b25148759a9359dce8794b83 - - default default] 10.0.0.134 "GET /v2.0/security-groups?id=130d109c-2d02-4668-9a24-6db1c4cd50a5&fields=id&fields=name HTTP/1.1" status: 200 len: 312 time: 0.0662005
2026-05-08 19:26:57.303 10 INFO neutron.wsgi [None req-1204c5a2-fb7d-408c-a44c-9f49062a47c3 d4733c9c9669433bb907b2657d19a026 dcd6609464594cf482f4eb1392732962 - - default default] 10.0.0.69 "GET /v2.0/security-groups/b3a853aa-f3ee-4f5c-9c56-9fd4e596ac6c/tags/red HTTP/1.1" status: 204 len: 168 time: 0.0300181
2026-05-08 19:26:57.311 9 INFO neutron.wsgi [req-0c2f2333-9e68-4d74-be2d-a3ff8d093379 req-3967bda5-9320-4c0f-bda0-4bbbe86d949c ee2a682f0451424bb118efe638301089 11fa2fa4209848c88b252ebd561d433c - - 772c15fb44154c78897ebe5784d2c942 772c15fb44154c78897ebe5784d2c942] 199.204.45.238 "GET /v2.0/networks/d801b03a-c1fa-4326-861e-72d2e3dd518b?fields=segments HTTP/1.1" status: 200 len: 212 time: 0.0647342
2026-05-08 19:26:57.331 10 INFO neutron.api.v2.resource [None req-52a2b8c9-ffeb-487c-a91d-1a2e06ca7203 d4733c9c9669433bb907b2657d19a026 dcd6609464594cf482f4eb1392732962 - - default default] show failed (client error): The resource could not be found.
2026-05-08 19:26:57.333 10 INFO neutron.wsgi [None req-52a2b8c9-ffeb-487c-a91d-1a2e06ca7203 d4733c9c9669433bb907b2657d19a026 dcd6609464594cf482f4eb1392732962 - - default default] 10.0.0.69 "GET /v2.0/security-groups/b3a853aa-f3ee-4f5c-9c56-9fd4e596ac6c/tags/green HTTP/1.1" status: 404 len: 299 time: 0.0242066
2026-05-08 19:26:57.375 10 INFO neutron.wsgi [None req-8368f328-b087-4698-8856-9595b158d0b6 d4733c9c9669433bb907b2657d19a026 dcd6609464594cf482f4eb1392732962 - - default default] 10.0.0.69 "DELETE /v2.0/security-groups/b3a853aa-f3ee-4f5c-9c56-9fd4e596ac6c/tags/red HTTP/1.1" status: 204 len: 168 time: 0.0364826
2026-05-08 19:26:57.383 9 INFO neutron.wsgi [req-0c2f2333-9e68-4d74-be2d-a3ff8d093379 req-f10fbceb-3cc4-47e6-9aa1-91b56cfd521f ee2a682f0451424bb118efe638301089 11fa2fa4209848c88b252ebd561d433c - - 772c15fb44154c78897ebe5784d2c942 772c15fb44154c78897ebe5784d2c942] 199.204.45.238 "GET /v2.0/networks/d801b03a-c1fa-4326-861e-72d2e3dd518b?fields=provider%3Aphysical_network&fields=provider%3Anetwork_type HTTP/1.1" status: 200 len: 277 time: 0.0664809
2026-05-08 19:26:57.407 10 INFO neutron.wsgi [None req-02b84651-ffd2-44c5-bc1d-056060f4eb08 d4733c9c9669433bb907b2657d19a026 dcd6609464594cf482f4eb1392732962 - - default default] 10.0.0.69 "GET /v2.0/security-groups/b3a853aa-f3ee-4f5c-9c56-9fd4e596ac6c/tags HTTP/1.1" status: 200 len: 223 time: 0.0262189
2026-05-08 19:26:57.440 10 INFO neutron.api.v2.resource [None req-584bce65-699c-4640-82a3-f94b204dc9df d4733c9c9669433bb907b2657d19a026 dcd6609464594cf482f4eb1392732962 - - default default] delete failed (client error): The resource could not be found.
2026-05-08 19:26:57.442 10 INFO neutron.wsgi [None req-584bce65-699c-4640-82a3-f94b204dc9df d4733c9c9669433bb907b2657d19a026 dcd6609464594cf482f4eb1392732962 - - default default] 10.0.0.69 "DELETE /v2.0/security-groups/b3a853aa-f3ee-4f5c-9c56-9fd4e596ac6c/tags/green HTTP/1.1" status: 404 len: 299 time: 0.0271163
2026-05-08 19:26:57.475 9 INFO neutron.wsgi [req-9b8bb78e-c323-4a03-843f-1f5686f9a357 req-eca00372-2d1d-49cf-8256-c46047baf48f ee2a682f0451424bb118efe638301089 11fa2fa4209848c88b252ebd561d433c - - 772c15fb44154c78897ebe5784d2c942 772c15fb44154c78897ebe5784d2c942] 199.204.45.238 "GET /v2.0/ports?tenant_id=0fb12539b25148759a9359dce8794b83&device_id=6b857507-6e7a-4523-aee6-964ec8ec985f HTTP/1.1" status: 200 len: 1411 time: 0.0435278
2026-05-08 19:26:57.490 10 INFO neutron.wsgi [None req-ee192d98-f26e-4de3-96ca-da906257607f d4733c9c9669433bb907b2657d19a026 dcd6609464594cf482f4eb1392732962 - - default default] 10.0.0.69 "DELETE /v2.0/security-groups/b3a853aa-f3ee-4f5c-9c56-9fd4e596ac6c/tags HTTP/1.1" status: 204 len: 168 time: 0.0435724
2026-05-08 19:26:57.529 10 INFO neutron.wsgi [None req-6a611200-b420-4922-993c-874ca54e20b6 d4733c9c9669433bb907b2657d19a026 dcd6609464594cf482f4eb1392732962 - - default default] 10.0.0.69 "GET /v2.0/security-groups/b3a853aa-f3ee-4f5c-9c56-9fd4e596ac6c/tags HTTP/1.1" status: 200 len: 205 time: 0.0354927
2026-05-08 19:26:57.552 9 INFO neutron.db.ovn_revision_numbers_db [None req-d67ba089-0428-4d70-a2b4-4a720ff5ea28 0cfdd5e9b9b4447c819ccfa7d0cbcdb8 a9b4695f1c1745aca58d0d56f149f5b2 - - default default] Successfully bumped revision number for resource 812a36cc-fe26-44e7-a5c7-47026ee5e9bd (type: security_groups) to 1
2026-05-08 19:26:57.568 9 INFO neutron.wsgi [req-9b8bb78e-c323-4a03-843f-1f5686f9a357 req-10700772-0f72-43fd-88d0-4cbe0e5e862f ee2a682f0451424bb118efe638301089 11fa2fa4209848c88b252ebd561d433c - - 772c15fb44154c78897ebe5784d2c942 772c15fb44154c78897ebe5784d2c942] 199.204.45.238 "GET /v2.0/networks?id=d801b03a-c1fa-4326-861e-72d2e3dd518b HTTP/1.1" status: 200 len: 959 time: 0.0853064
2026-05-08 19:26:57.596 9 INFO neutron.db.ovn_revision_numbers_db [None req-d67ba089-0428-4d70-a2b4-4a720ff5ea28 0cfdd5e9b9b4447c819ccfa7d0cbcdb8 a9b4695f1c1745aca58d0d56f149f5b2 - - default default] Successfully bumped revision number for resource 1008ff19-bb5f-4f65-93bb-c23c8da4d0c9 (type: security_group_rules) to 0
2026-05-08 19:26:57.598 9 INFO neutron.wsgi [req-9b8bb78e-c323-4a03-843f-1f5686f9a357 req-67bb6d17-2f7b-47d8-882c-d9a20d33bca7 ee2a682f0451424bb118efe638301089 11fa2fa4209848c88b252ebd561d433c - - 772c15fb44154c78897ebe5784d2c942 772c15fb44154c78897ebe5784d2c942] 199.204.45.238 "GET /v2.0/floatingips?fixed_ip_address=10.100.0.11&port_id=a1608344-b71f-45c6-a87c-9c10e4227043 HTTP/1.1" status: 200 len: 217 time: 0.0244253
2026-05-08 19:26:57.607 9 INFO neutron.plugins.ml2.drivers.ovn.mech_driver.mech_driver [None req-49ce1230-f216-4ca1-b461-0cf6f95bc61c - - - - - -] OVN reports status up for port: a1608344-b71f-45c6-a87c-9c10e4227043
2026-05-08 19:26:57.614 9 INFO neutron.db.ovn_revision_numbers_db [None req-d67ba089-0428-4d70-a2b4-4a720ff5ea28 0cfdd5e9b9b4447c819ccfa7d0cbcdb8 a9b4695f1c1745aca58d0d56f149f5b2 - - default default] Successfully bumped revision number for resource 2667d167-f075-405d-9c6f-9109a7343711 (type: security_group_rules) to 0
2026-05-08 19:26:57.637 9 INFO neutron.plugins.ml2.plugin [None req-49ce1230-f216-4ca1-b461-0cf6f95bc61c - - - - - -] Attempt 1 to provision port a1608344-b71f-45c6-a87c-9c10e4227043
2026-05-08 19:26:57.659 9 INFO neutron.db.ovn_revision_numbers_db [None req-d67ba089-0428-4d70-a2b4-4a720ff5ea28 0cfdd5e9b9b4447c819ccfa7d0cbcdb8 a9b4695f1c1745aca58d0d56f149f5b2 - - default default] Successfully bumped revision number for resource ccefe8a0-1778-4d91-a4c7-dc6bc2495ca9 (type: security_group_rules) to 0
2026-05-08 19:26:57.667 10 INFO neutron.wsgi [None req-e8abf365-2ad5-4cfb-baec-8acacfee45e1 d4733c9c9669433bb907b2657d19a026 dcd6609464594cf482f4eb1392732962 - - default default] 10.0.0.69 "DELETE /v2.0/security-groups/b3a853aa-f3ee-4f5c-9c56-9fd4e596ac6c HTTP/1.1" status: 204 len: 168 time: 0.1318495
2026-05-08 19:26:57.667 9 INFO neutron.wsgi [req-9b8bb78e-c323-4a03-843f-1f5686f9a357 req-770d1f8e-d027-4588-84e2-ce590f829ba5 ee2a682f0451424bb118efe638301089 11fa2fa4209848c88b252ebd561d433c - - 772c15fb44154c78897ebe5784d2c942 772c15fb44154c78897ebe5784d2c942] 199.204.45.238 "GET /v2.0/subnets?id=ca178d1d-2dc8-41b5-8194-07471e9b702c HTTP/1.1" status: 200 len: 853 time: 0.0538771
2026-05-08 19:26:57.684 9 INFO neutron.db.ovn_revision_numbers_db [None req-d67ba089-0428-4d70-a2b4-4a720ff5ea28 0cfdd5e9b9b4447c819ccfa7d0cbcdb8 a9b4695f1c1745aca58d0d56f149f5b2 - - default default] Successfully bumped revision number for resource ea4acf3e-14fa-4e99-ae02-af6d01b1935f (type: security_group_rules) to 0
2026-05-08 19:26:57.699 9 INFO neutron.wsgi [req-9b8bb78e-c323-4a03-843f-1f5686f9a357 req-0895bab1-0418-47b7-bfa8-5ce2d07d3121 ee2a682f0451424bb118efe638301089 11fa2fa4209848c88b252ebd561d433c - - 772c15fb44154c78897ebe5784d2c942 772c15fb44154c78897ebe5784d2c942] 199.204.45.238 "GET /v2.0/ports?network_id=d801b03a-c1fa-4326-861e-72d2e3dd518b&device_owner=network%3Adhcp HTTP/1.1" status: 200 len: 210 time: 0.0233805
