2026-05-08 19:24:18.939 9 ERROR neutron_lib.callbacks.manager ovsdbapp.backend.ovs_idl.idlutils.RowNotFound: Cannot find Logical_Router_Port with name=lrp-48048939-b1a0-4d75-8160-2e35aaaeeae7
2026-05-08 19:24:18.939 9 ERROR neutron_lib.callbacks.manager  /var/lib/openstack/lib/python3.10/site-packages/pycadf/identifier.py:71: UserWarning: Invalid uuid: neutron. To ensure interoperability, identifiers should be a valid uuid. warnings.warn(('Invalid uuid: %s. To ensure interoperability, '
2026-05-08 19:24:19.172 9 INFO neutron.wsgi [req-8167cee4-8391-4f3b-a27a-d0a00bb3425f req-38742eb4-9a19-46ca-8a7e-bfaf2a6ad014 1bbea3f744554b1e8a6d164656285c5a 3868f6145b234dd9b64c66593abaf2c3 - - default default] 10.0.0.134 "GET /v2.0/ports?device_id=45d1fc9b-c414-4908-83d6-1cfd50d63f25 HTTP/1.1" status: 200 len: 1168 time: 0.1689696 /var/lib/openstack/lib/python3.10/site-packages/pycadf/identifier.py:71: UserWarning: Invalid uuid: neutron. To ensure interoperability, identifiers should be a valid uuid. warnings.warn(('Invalid uuid: %s. To ensure interoperability, '
2026-05-08 19:24:19.227 10 INFO neutron.plugins.ml2.drivers.ovn.mech_driver.mech_driver [None req-4f93f530-b8bd-4195-ad50-a2accf5859f6 - - - - - -] OVN reports status up for port: 48048939-b1a0-4d75-8160-2e35aaaeeae7
2026-05-08 19:24:19.235 10 INFO neutron.plugins.ml2.plugin [None req-4f93f530-b8bd-4195-ad50-a2accf5859f6 - - - - - -] Attempt 1 to provision port 48048939-b1a0-4d75-8160-2e35aaaeeae7
2026-05-08 19:24:19.277 9 INFO neutron.db.ovn_revision_numbers_db [req-56de2ce0-7883-4f04-b140-3e5b0f07387a req-a17030f3-1ccf-4e07-8424-54c37ee43ae4 ee2a682f0451424bb118efe638301089 11fa2fa4209848c88b252ebd561d433c - - 772c15fb44154c78897ebe5784d2c942 772c15fb44154c78897ebe5784d2c942] Successfully bumped revision number for resource 854531da-16d9-4667-9530-eba69f984d21 (type: ports) to 2
2026-05-08 19:24:19.283 9 INFO neutron.db.ovn_revision_numbers_db [None req-631fdbb1-5d68-4217-b12c-f714ed854fe3 f1242b4e18094efab081447e767d958e 70322fb782cf47d5ab8b70befea78a9b - - default default] Successfully bumped revision number for resource 48048939-b1a0-4d75-8160-2e35aaaeeae7 (type: ports) to 2
2026-05-08 19:24:19.291 9 INFO neutron.wsgi [req-8167cee4-8391-4f3b-a27a-d0a00bb3425f req-55d52c5a-795d-47f0-9cbc-3776d9b4a40d 1bbea3f744554b1e8a6d164656285c5a 3868f6145b234dd9b64c66593abaf2c3 - - default default] 10.0.0.134 "GET /v2.0/security-groups?id=0cf24753-573e-41fd-a19a-9f6e22c21472&fields=id&fields=name HTTP/1.1" status: 200 len: 313 time: 0.1030846
2026-05-08 19:24:19.584 9 INFO neutron.db.ovn_revision_numbers_db [req-56de2ce0-7883-4f04-b140-3e5b0f07387a req-a17030f3-1ccf-4e07-8424-54c37ee43ae4 ee2a682f0451424bb118efe638301089 11fa2fa4209848c88b252ebd561d433c - - 772c15fb44154c78897ebe5784d2c942 772c15fb44154c78897ebe5784d2c942] Successfully bumped revision number for resource 854531da-16d9-4667-9530-eba69f984d21 (type: ports) to 2
2026-05-08 19:24:19.605 10 INFO neutron.db.ovn_revision_numbers_db [None req-4f93f530-b8bd-4195-ad50-a2accf5859f6 - - - - - -] Successfully bumped revision number for resource 48048939-b1a0-4d75-8160-2e35aaaeeae7 (type: ports) to 3
2026-05-08 19:24:19.627 9 INFO neutron.wsgi [req-56de2ce0-7883-4f04-b140-3e5b0f07387a req-a17030f3-1ccf-4e07-8424-54c37ee43ae4 ee2a682f0451424bb118efe638301089 11fa2fa4209848c88b252ebd561d433c - - 772c15fb44154c78897ebe5784d2c942 772c15fb44154c78897ebe5784d2c942] 199.204.45.238 "PUT /v2.0/ports/854531da-16d9-4667-9530-eba69f984d21 HTTP/1.1" status: 200 len: 1376 time: 1.2811990 /var/lib/openstack/lib/python3.10/site-packages/pycadf/identifier.py:71: UserWarning: Invalid uuid: neutron. To ensure interoperability, identifiers should be a valid uuid. warnings.warn(('Invalid uuid: %s. To ensure interoperability, '
2026-05-08 19:24:19.677 9 INFO neutron.notifiers.nova [-] Nova event matching ['req-5dfbbfa4-99a4-487b-a84c-31537a704cf9'] response: {'name': 'network-changed', 'server_uuid': '45d1fc9b-c414-4908-83d6-1cfd50d63f25', 'tag': '854531da-16d9-4667-9530-eba69f984d21', 'status': 'completed', 'code': 200}
2026-05-08 19:24:19.718 9 INFO neutron.wsgi [req-56de2ce0-7883-4f04-b140-3e5b0f07387a req-f273a669-604b-4bd5-8158-803967b83763 ee2a682f0451424bb118efe638301089 11fa2fa4209848c88b252ebd561d433c - - 772c15fb44154c78897ebe5784d2c942 772c15fb44154c78897ebe5784d2c942] 199.204.45.238 "GET /v2.0/ports?tenant_id=3868f6145b234dd9b64c66593abaf2c3&device_id=45d1fc9b-c414-4908-83d6-1cfd50d63f25 HTTP/1.1" status: 200 len: 1407 time: 0.0521924
2026-05-08 19:24:19.750 9 INFO neutron.wsgi [req-56de2ce0-7883-4f04-b140-3e5b0f07387a req-1a60a42b-eda4-4599-a448-d57e87da4c9e ee2a682f0451424bb118efe638301089 11fa2fa4209848c88b252ebd561d433c - - 772c15fb44154c78897ebe5784d2c942 772c15fb44154c78897ebe5784d2c942] 199.204.45.238 "GET /v2.0/floatingips?fixed_ip_address=10.100.0.3&port_id=854531da-16d9-4667-9530-eba69f984d21 HTTP/1.1" status: 200 len: 217 time: 0.0238690
2026-05-08 19:24:19.814 9 INFO neutron.wsgi [req-56de2ce0-7883-4f04-b140-3e5b0f07387a req-a5780600-b7ad-42c8-abb4-6369d3264158 ee2a682f0451424bb118efe638301089 11fa2fa4209848c88b252ebd561d433c - - 772c15fb44154c78897ebe5784d2c942 772c15fb44154c78897ebe5784d2c942] 199.204.45.238 "GET /v2.0/subnets?id=b669c590-35bf-4226-8ab1-11fc587d7da0 HTTP/1.1" status: 200 len: 863 time: 0.0566521
2026-05-08 19:24:19.853 9 INFO neutron.wsgi [req-56de2ce0-7883-4f04-b140-3e5b0f07387a req-932a589a-83c4-45f7-942b-efe25ebcd154 ee2a682f0451424bb118efe638301089 11fa2fa4209848c88b252ebd561d433c - - 772c15fb44154c78897ebe5784d2c942 772c15fb44154c78897ebe5784d2c942] 199.204.45.238 "GET /v2.0/ports?network_id=48340eb4-6190-48f2-b683-a938953b78ca&device_owner=network%3Adhcp HTTP/1.1" status: 200 len: 210 time: 0.0269341
2026-05-08 19:24:19.917 10 ERROR ovsdbapp.backend.ovs_idl.command [None req-4f93f530-b8bd-4195-ad50-a2accf5859f6 - - - - - -] Error executing command (DbGetCommand): ovsdbapp.backend.ovs_idl.idlutils.RowNotFound: Cannot find Logical_Router_Port with name=lrp-48048939-b1a0-4d75-8160-2e35aaaeeae7
2026-05-08 19:24:19.917 10 ERROR ovsdbapp.backend.ovs_idl.command
Traceback (most recent call last):
2026-05-08 19:24:19.917 10 ERROR ovsdbapp.backend.ovs_idl.command
File "/var/lib/openstack/lib/python3.10/site-packages/ovsdbapp/backend/ovs_idl/command.py", line 47, in execute
2026-05-08 19:24:19.917 10 ERROR ovsdbapp.backend.ovs_idl.command self.run_idl(None)
2026-05-08 19:24:19.917 10 ERROR ovsdbapp.backend.ovs_idl.command
File "/var/lib/openstack/lib/python3.10/site-packages/ovsdbapp/backend/ovs_idl/command.py", line 235, in run_idl
2026-05-08 19:24:19.917 10 ERROR ovsdbapp.backend.ovs_idl.command record = self.api.lookup(self.table, self.record)
2026-05-08 19:24:19.917 10 ERROR ovsdbapp.backend.ovs_idl.command
File "/var/lib/openstack/lib/python3.10/site-packages/ovsdbapp/backend/ovs_idl/__init__.py", line 184, in lookup
2026-05-08 19:24:19.917 10 ERROR ovsdbapp.backend.ovs_idl.command return self._lookup(table, record)
2026-05-08 19:24:19.917 10 ERROR ovsdbapp.backend.ovs_idl.command
File "/var/lib/openstack/lib/python3.10/site-packages/ovsdbapp/backend/ovs_idl/__init__.py", line 235, in _lookup
2026-05-08 19:24:19.917 10 ERROR ovsdbapp.backend.ovs_idl.command row = idlutils.row_by_value(self, rl.table, rl.column, record)
2026-05-08 19:24:19.917 10 ERROR ovsdbapp.backend.ovs_idl.command
File "/var/lib/openstack/lib/python3.10/site-packages/ovsdbapp/backend/ovs_idl/idlutils.py", line 114, in row_by_value
2026-05-08 19:24:19.917 10 ERROR ovsdbapp.backend.ovs_idl.command raise RowNotFound(table=table, col=column, match=match)
2026-05-08 19:24:19.917 10 ERROR ovsdbapp.backend.ovs_idl.command ovsdbapp.backend.ovs_idl.idlutils.RowNotFound: Cannot find Logical_Router_Port with name=lrp-48048939-b1a0-4d75-8160-2e35aaaeeae7
2026-05-08 19:24:19.917 10 ERROR ovsdbapp.backend.ovs_idl.command 
2026-05-08 19:24:19.918 10 ERROR neutron_lib.callbacks.manager [None req-4f93f530-b8bd-4195-ad50-a2accf5859f6 - - - - - -] Error during notification for neutron.services.ovn_l3.plugin.OVNL3RouterPlugin._port_update-8741299812079 port, after_update: ovsdbapp.backend.ovs_idl.idlutils.RowNotFound: Cannot find Logical_Router_Port with name=lrp-48048939-b1a0-4d75-8160-2e35aaaeeae7
2026-05-08 19:24:19.918 10 ERROR neutron_lib.callbacks.manager
Traceback (most recent call last):
2026-05-08 19:24:19.918 10 ERROR neutron_lib.callbacks.manager
File "/var/lib/openstack/lib/python3.10/site-packages/neutron_lib/callbacks/manager.py", line 189, in _notify_loop
2026-05-08 19:24:19.918 10 ERROR neutron_lib.callbacks.manager callback.method(resource, event, trigger, payload=payload)
2026-05-08 19:24:19.918 10 ERROR neutron_lib.callbacks.manager
File "/var/lib/openstack/lib/python3.10/site-packages/neutron/services/ovn_l3/plugin.py", line 391, in _port_update
2026-05-08 19:24:19.918 10 ERROR neutron_lib.callbacks.manager l3plugin._ovn_client.update_router_port(context,
2026-05-08 19:24:19.918 10 ERROR neutron_lib.callbacks.manager
File "/var/lib/openstack/lib/python3.10/site-packages/neutron/plugins/ml2/drivers/ovn/mech_driver/ovsdb/ovn_client.py", line 1878, in update_router_port
2026-05-08 19:24:19.918 10 ERROR neutron_lib.callbacks.manager self._update_lrouter_port(context, port, if_exists=if_exists,
2026-05-08 19:24:19.918 10 ERROR neutron_lib.callbacks.manager
File "/var/lib/openstack/lib/python3.10/site-packages/neutron/plugins/ml2/drivers/ovn/mech_driver/ovsdb/ovn_client.py", line 1855, in _update_lrouter_port
2026-05-08 19:24:19.918 10 ERROR neutron_lib.callbacks.manager external_ids = self._nb_idl.db_get(
2026-05-08 19:24:19.918 10 ERROR neutron_lib.callbacks.manager
File "/var/lib/openstack/lib/python3.10/site-packages/ovsdbapp/backend/ovs_idl/command.py", line 47, in execute
2026-05-08 19:24:19.918 10 ERROR neutron_lib.callbacks.manager self.run_idl(None)
2026-05-08 19:24:19.918 10 ERROR neutron_lib.callbacks.manager
File "/var/lib/openstack/lib/python3.10/site-packages/ovsdbapp/backend/ovs_idl/command.py", line 235, in run_idl
2026-05-08 19:24:19.918 10 ERROR neutron_lib.callbacks.manager record = self.api.lookup(self.table, self.record)
2026-05-08 19:24:19.918 10 ERROR neutron_lib.callbacks.manager
File "/var/lib/openstack/lib/python3.10/site-packages/ovsdbapp/backend/ovs_idl/__init__.py", line 184, in lookup
2026-05-08 19:24:19.918 10 ERROR neutron_lib.callbacks.manager return self._lookup(table, record)
2026-05-08 19:24:19.918 10 ERROR neutron_lib.callbacks.manager
File "/var/lib/openstack/lib/python3.10/site-packages/ovsdbapp/backend/ovs_idl/__init__.py", line 235, in _lookup
2026-05-08 19:24:19.918 10 ERROR neutron_lib.callbacks.manager row = idlutils.row_by_value(self, rl.table, rl.column, record)
2026-05-08 19:24:19.918 10 ERROR neutron_lib.callbacks.manager
File "/var/lib/openstack/lib/python3.10/site-packages/ovsdbapp/backend/ovs_idl/idlutils.py", line 114, in row_by_value
2026-05-08 19:24:19.918 10 ERROR neutron_lib.callbacks.manager raise RowNotFound(table=table, col=column, match=match)
2026-05-08 19:24:19.918 10 ERROR neutron_lib.callbacks.manager ovsdbapp.backend.ovs_idl.idlutils.RowNotFound: Cannot find Logical_Router_Port with name=lrp-48048939-b1a0-4d75-8160-2e35aaaeeae7
2026-05-08 19:24:19.918 10 ERROR neutron_lib.callbacks.manager 
2026-05-08 19:24:20.137 9 INFO neutron.wsgi [req-56de2ce0-7883-4f04-b140-3e5b0f07387a req-d77d3298-5f34-4f83-8f25-d883d6d9c770 ee2a682f0451424bb118efe638301089 11fa2fa4209848c88b252ebd561d433c - - 772c15fb44154c78897ebe5784d2c942 772c15fb44154c78897ebe5784d2c942] 199.204.45.238 "GET /v2.0/networks/48340eb4-6190-48f2-b683-a938953b78ca?fields=segments HTTP/1.1" status: 200 len: 212 time: 0.2775011 /var/lib/openstack/lib/python3.10/site-packages/pycadf/identifier.py:71: UserWarning: Invalid uuid: neutron. To ensure interoperability, identifiers should be a valid uuid. warnings.warn(('Invalid uuid: %s. To ensure interoperability, '
2026-05-08 19:24:20.186 9 ERROR ovsdbapp.backend.ovs_idl.command [None req-631fdbb1-5d68-4217-b12c-f714ed854fe3 f1242b4e18094efab081447e767d958e 70322fb782cf47d5ab8b70befea78a9b - - default default] Error executing command (DbGetCommand): ovsdbapp.backend.ovs_idl.idlutils.RowNotFound: Cannot find Logical_Router_Port with name=lrp-48048939-b1a0-4d75-8160-2e35aaaeeae7
2026-05-08 19:24:20.186 9 ERROR ovsdbapp.backend.ovs_idl.command
Traceback (most recent call last):
2026-05-08 19:24:20.186 9 ERROR ovsdbapp.backend.ovs_idl.command
File "/var/lib/openstack/lib/python3.10/site-packages/ovsdbapp/backend/ovs_idl/command.py", line 47, in execute
2026-05-08 19:24:20.186 9 ERROR ovsdbapp.backend.ovs_idl.command self.run_idl(None)
2026-05-08 19:24:20.186 9 ERROR ovsdbapp.backend.ovs_idl.command
File "/var/lib/openstack/lib/python3.10/site-packages/ovsdbapp/backend/ovs_idl/command.py", line 235, in run_idl
2026-05-08 19:24:20.186 9 ERROR ovsdbapp.backend.ovs_idl.command record = self.api.lookup(self.table, self.record)
2026-05-08 19:24:20.186 9 ERROR ovsdbapp.backend.ovs_idl.command
File "/var/lib/openstack/lib/python3.10/site-packages/ovsdbapp/backend/ovs_idl/__init__.py", line 184, in lookup
2026-05-08 19:24:20.186 9 ERROR ovsdbapp.backend.ovs_idl.command return self._lookup(table, record)
2026-05-08 19:24:20.186 9 ERROR ovsdbapp.backend.ovs_idl.command
File "/var/lib/openstack/lib/python3.10/site-packages/ovsdbapp/backend/ovs_idl/__init__.py", line 235, in _lookup
2026-05-08 19:24:20.186 9 ERROR ovsdbapp.backend.ovs_idl.command row = idlutils.row_by_value(self, rl.table, rl.column, record)
2026-05-08 19:24:20.186 9 ERROR ovsdbapp.backend.ovs_idl.command
File "/var/lib/openstack/lib/python3.10/site-packages/ovsdbapp/backend/ovs_idl/idlutils.py", line 114, in row_by_value
2026-05-08 19:24:20.186 9 ERROR ovsdbapp.backend.ovs_idl.command raise RowNotFound(table=table, col=column, match=match)
2026-05-08 19:24:20.186 9 ERROR ovsdbapp.backend.ovs_idl.command ovsdbapp.backend.ovs_idl.idlutils.RowNotFound: Cannot find Logical_Router_Port with name=lrp-48048939-b1a0-4d75-8160-2e35aaaeeae7
2026-05-08 19:24:20.186 9 ERROR ovsdbapp.backend.ovs_idl.command 
2026-05-08 19:24:20.186 9 ERROR neutron_lib.callbacks.manager [None req-631fdbb1-5d68-4217-b12c-f714ed854fe3 f1242b4e18094efab081447e767d958e 70322fb782cf47d5ab8b70befea78a9b - - default default] Error during notification for neutron.services.ovn_l3.plugin.OVNL3RouterPlugin._port_update-8741299812079 port, after_update: ovsdbapp.backend.ovs_idl.idlutils.RowNotFound: Cannot find Logical_Router_Port with name=lrp-48048939-b1a0-4d75-8160-2e35aaaeeae7
2026-05-08 19:24:20.186 9 ERROR neutron_lib.callbacks.manager
Traceback (most recent call last):
2026-05-08 19:24:20.186 9 ERROR neutron_lib.callbacks.manager
File "/var/lib/openstack/lib/python3.10/site-packages/neutron_lib/callbacks/manager.py", line 189, in _notify_loop
2026-05-08 19:24:20.186 9 ERROR neutron_lib.callbacks.manager callback.method(resource, event, trigger, payload=payload)
2026-05-08 19:24:20.186 9 ERROR neutron_lib.callbacks.manager
File "/var/lib/openstack/lib/python3.10/site-packages/neutron/services/ovn_l3/plugin.py", line 391, in _port_update
2026-05-08 19:24:20.186 9 ERROR neutron_lib.callbacks.manager l3plugin._ovn_client.update_router_port(context,
2026-05-08 19:24:20.186 9 ERROR neutron_lib.callbacks.manager
File "/var/lib/openstack/lib/python3.10/site-packages/neutron/plugins/ml2/drivers/ovn/mech_driver/ovsdb/ovn_client.py", line 1878, in update_router_port
2026-05-08 19:24:20.186 9 ERROR neutron_lib.callbacks.manager self._update_lrouter_port(context, port, if_exists=if_exists,
2026-05-08 19:24:20.186 9 ERROR neutron_lib.callbacks.manager
File "/var/lib/openstack/lib/python3.10/site-packages/neutron/plugins/ml2/drivers/ovn/mech_driver/ovsdb/ovn_client.py", line 1855, in _update_lrouter_port
2026-05-08 19:24:20.186 9 ERROR neutron_lib.callbacks.manager external_ids = self._nb_idl.db_get(
2026-05-08 19:24:20.186 9 ERROR neutron_lib.callbacks.manager
File "/var/lib/openstack/lib/python3.10/site-packages/ovsdbapp/backend/ovs_idl/command.py", line 47, in execute
2026-05-08 19:24:20.186 9 ERROR neutron_lib.callbacks.manager self.run_idl(None)
2026-05-08 19:24:20.186 9 ERROR neutron_lib.callbacks.manager
File "/var/lib/openstack/lib/python3.10/site-packages/ovsdbapp/backend/ovs_idl/command.py", line 235, in run_idl
2026-05-08 19:24:20.186 9 ERROR neutron_lib.callbacks.manager record = self.api.lookup(self.table, self.record)
2026-05-08 19:24:20.186 9 ERROR neutron_lib.callbacks.manager
File "/var/lib/openstack/lib/python3.10/site-packages/ovsdbapp/backend/ovs_idl/__init__.py", line 184, in lookup
2026-05-08 19:24:20.186 9 ERROR neutron_lib.callbacks.manager return self._lookup(table, record)
2026-05-08 19:24:20.186 9 ERROR neutron_lib.callbacks.manager
File "/var/lib/openstack/lib/python3.10/site-packages/ovsdbapp/backend/ovs_idl/__init__.py", line 235, in _lookup
2026-05-08 19:24:20.186 9 ERROR neutron_lib.callbacks.manager row = idlutils.row_by_value(self, rl.table, rl.column, record)
2026-05-08 19:24:20.186 9 ERROR neutron_lib.callbacks.manager
File "/var/lib/openstack/lib/python3.10/site-packages/ovsdbapp/backend/ovs_idl/idlutils.py", line 114, in row_by_value
2026-05-08 19:24:20.186 9 ERROR neutron_lib.callbacks.manager raise RowNotFound(table=table, col=column, match=match)
2026-05-08 19:24:20.186 9 ERROR neutron_lib.callbacks.manager ovsdbapp.backend.ovs_idl.idlutils.RowNotFound: Cannot find Logical_Router_Port with name=lrp-48048939-b1a0-4d75-8160-2e35aaaeeae7
2026-05-08 19:24:20.186 9 ERROR neutron_lib.callbacks.manager 
2026-05-08 19:24:20.218 9 INFO neutron.wsgi [req-56de2ce0-7883-4f04-b140-3e5b0f07387a req-12a6f6ba-a433-4d66-8b03-0784dcffb4d1 ee2a682f0451424bb118efe638301089 11fa2fa4209848c88b252ebd561d433c - - 772c15fb44154c78897ebe5784d2c942 772c15fb44154c78897ebe5784d2c942] 199.204.45.238 "GET /v2.0/networks/48340eb4-6190-48f2-b683-a938953b78ca?fields=provider%3Aphysical_network&fields=provider%3Anetwork_type HTTP/1.1" status: 200 len: 277 time: 0.0725629
2026-05-08 19:24:20.316 9 INFO neutron.wsgi [req-0a7ed862-0474-485d-92e3-3044b4892a2e req-6e7c0bff-f4b7-4398-8a3f-77f2e96699d8 ee2a682f0451424bb118efe638301089 11fa2fa4209848c88b252ebd561d433c - - 772c15fb44154c78897ebe5784d2c942 772c15fb44154c78897ebe5784d2c942] 199.204.45.238 "GET /v2.0/ports?tenant_id=3868f6145b234dd9b64c66593abaf2c3&device_id=45d1fc9b-c414-4908-83d6-1cfd50d63f25 HTTP/1.1" status: 200 len: 1407 time: 0.0581510
2026-05-08 19:24:20.471 9 INFO neutron.wsgi [req-0a7ed862-0474-485d-92e3-3044b4892a2e req-f4731b41-c48e-4653-932c-40d20cb32df9 ee2a682f0451424bb118efe638301089 11fa2fa4209848c88b252ebd561d433c - - 772c15fb44154c78897ebe5784d2c942 772c15fb44154c78897ebe5784d2c942] 199.204.45.238 "GET /v2.0/networks?id=48340eb4-6190-48f2-b683-a938953b78ca HTTP/1.1" status: 200 len: 968 time: 0.1474082
2026-05-08 19:24:20.506 9 INFO neutron.wsgi [req-113e01de-17b1-4ba1-aad2-d01d713a09c8 req-c42835cb-800a-44fc-a121-bb0bda49b5b7 1bbea3f744554b1e8a6d164656285c5a 3868f6145b234dd9b64c66593abaf2c3 - - default default] 10.0.0.134 "GET /v2.0/ports?device_id=45d1fc9b-c414-4908-83d6-1cfd50d63f25 HTTP/1.1" status: 200 len: 1168 time: 0.1326501
2026-05-08 19:24:20.509 9 INFO neutron.wsgi [req-0a7ed862-0474-485d-92e3-3044b4892a2e req-add1b858-0b86-4d2f-8f99-360b0e8e8240 ee2a682f0451424bb118efe638301089 11fa2fa4209848c88b252ebd561d433c - - 772c15fb44154c78897ebe5784d2c942 772c15fb44154c78897ebe5784d2c942] 199.204.45.238 "GET /v2.0/floatingips?fixed_ip_address=10.100.0.3&port_id=854531da-16d9-4667-9530-eba69f984d21 HTTP/1.1" status: 200 len: 217 time: 0.0326998
2026-05-08 19:24:20.565 9 INFO neutron.wsgi [req-0a7ed862-0474-485d-92e3-3044b4892a2e req-0567ed02-9dac-4a4f-889d-45c26cb6c486 ee2a682f0451424bb118efe638301089 11fa2fa4209848c88b252ebd561d433c - - 772c15fb44154c78897ebe5784d2c942 772c15fb44154c78897ebe5784d2c942] 199.204.45.238 "GET /v2.0/subnets?id=b669c590-35bf-4226-8ab1-11fc587d7da0 HTTP/1.1" status: 200 len: 863 time: 0.0464413
2026-05-08 19:24:20.572 9 INFO neutron.db.ovn_revision_numbers_db [None req-631fdbb1-5d68-4217-b12c-f714ed854fe3 f1242b4e18094efab081447e767d958e 70322fb782cf47d5ab8b70befea78a9b - - default default] Successfully bumped revision number for resource 48048939-b1a0-4d75-8160-2e35aaaeeae7 (type: ports) to 3
2026-05-08 19:24:20.583 9 INFO neutron.wsgi [req-113e01de-17b1-4ba1-aad2-d01d713a09c8 req-3fbe0a38-127f-4394-b4cc-f096c9e004cf 1bbea3f744554b1e8a6d164656285c5a 3868f6145b234dd9b64c66593abaf2c3 - - default default] 10.0.0.134 "GET /v2.0/security-groups?id=0cf24753-573e-41fd-a19a-9f6e22c21472&fields=id&fields=name HTTP/1.1" status: 200 len: 313 time: 0.0701499
2026-05-08 19:24:20.597 9 INFO neutron.wsgi [req-0a7ed862-0474-485d-92e3-3044b4892a2e req-0091e8bb-2c98-46e2-8252-a8b39a063537 ee2a682f0451424bb118efe638301089 11fa2fa4209848c88b252ebd561d433c - - 772c15fb44154c78897ebe5784d2c942 772c15fb44154c78897ebe5784d2c942] 199.204.45.238 "GET /v2.0/ports?network_id=48340eb4-6190-48f2-b683-a938953b78ca&device_owner=network%3Adhcp HTTP/1.1" status: 200 len: 210 time: 0.0228581
2026-05-08 19:24:20.680 9 WARNING neutron.scheduler.dhcp_agent_scheduler [None req-631fdbb1-5d68-4217-b12c-f714ed854fe3 f1242b4e18094efab081447e767d958e 70322fb782cf47d5ab8b70befea78a9b - - default default] No more DHCP agents
2026-05-08 19:24:20.683 9 INFO neutron.wsgi [req-0a7ed862-0474-485d-92e3-3044b4892a2e req-d86a3cf2-0d92-424e-aa61-3178b5b7b05a ee2a682f0451424bb118efe638301089 11fa2fa4209848c88b252ebd561d433c - - 772c15fb44154c78897ebe5784d2c942 772c15fb44154c78897ebe5784d2c942] 199.204.45.238 "GET /v2.0/networks/48340eb4-6190-48f2-b683-a938953b78ca?fields=segments HTTP/1.1" status: 200 len: 212 time: 0.0688355
2026-05-08 19:24:20.683 9 WARNING neutron.api.rpc.agentnotifiers.dhcp_rpc_agent_api [None req-631fdbb1-5d68-4217-b12c-f714ed854fe3 f1242b4e18094efab081447e767d958e 70322fb782cf47d5ab8b70befea78a9b - - default default] Unable to schedule network faa9d56b-d03f-42dc-ac7b-18fb8e10f31f: no agents available; will retry on subsequent port and subnet creation events.
2026-05-08 19:24:20.774 9 INFO neutron.wsgi [req-0a7ed862-0474-485d-92e3-3044b4892a2e req-b64561e1-9c2b-4957-9900-d54c48fff265 ee2a682f0451424bb118efe638301089 11fa2fa4209848c88b252ebd561d433c - - 772c15fb44154c78897ebe5784d2c942 772c15fb44154c78897ebe5784d2c942] 199.204.45.238 "GET /v2.0/networks/48340eb4-6190-48f2-b683-a938953b78ca?fields=provider%3Aphysical_network&fields=provider%3Anetwork_type HTTP/1.1" status: 200 len: 277 time: 0.0803349
2026-05-08 19:24:20.857 9 INFO neutron.db.ovn_revision_numbers_db [None req-631fdbb1-5d68-4217-b12c-f714ed854fe3 f1242b4e18094efab081447e767d958e 70322fb782cf47d5ab8b70befea78a9b - - default default] Successfully bumped revision number for resource 48048939-b1a0-4d75-8160-2e35aaaeeae7 (type: router_ports) to 3
2026-05-08 19:24:20.866 9 INFO neutron.wsgi [None req-631fdbb1-5d68-4217-b12c-f714ed854fe3 f1242b4e18094efab081447e767d958e 70322fb782cf47d5ab8b70befea78a9b - - default default] 10.0.0.69 "PUT /v2.0/routers/77432820-3f6e-4ed7-add3-af0cb94cfe42/add_router_interface HTTP/1.1" status: 200 len: 503 time: 2.7208674
2026-05-08 19:24:20.913 9 INFO neutron.wsgi [None req-b6b59a43-4226-4496-aa1a-f483e91dcdba f1242b4e18094efab081447e767d958e 70322fb782cf47d5ab8b70befea78a9b - - default default] 10.0.0.69 "GET /v2.0/ports/48048939-b1a0-4d75-8160-2e35aaaeeae7 HTTP/1.1" status: 200 len: 1205 time: 0.0412152 /var/lib/openstack/lib/python3.10/site-packages/pycadf/identifier.py:71: UserWarning: Invalid uuid: neutron. To ensure interoperability, identifiers should be a valid uuid. warnings.warn(('Invalid uuid: %s. To ensure interoperability, '
2026-05-08 19:24:21.593 10 INFO neutron.db.ovn_revision_numbers_db [None req-d1923cdd-457b-48f0-956c-b037fd6372a8 0cfdd5e9b9b4447c819ccfa7d0cbcdb8 a9b4695f1c1745aca58d0d56f149f5b2 - - default default] Successfully bumped revision number for resource ec3005fe-c57c-469b-a13b-c184c90608ec (type: security_groups) to 1
2026-05-08 19:24:21.608 10 INFO neutron.db.ovn_revision_numbers_db [None req-d1923cdd-457b-48f0-956c-b037fd6372a8 0cfdd5e9b9b4447c819ccfa7d0cbcdb8 a9b4695f1c1745aca58d0d56f149f5b2 - - default default] Successfully bumped revision number for resource 64956bbf-92ff-43b5-8e91-3f3e81885209 (type: security_group_rules) to 0
2026-05-08 19:24:21.621 10 INFO neutron.db.ovn_revision_numbers_db [None req-d1923cdd-457b-48f0-956c-b037fd6372a8 0cfdd5e9b9b4447c819ccfa7d0cbcdb8 a9b4695f1c1745aca58d0d56f149f5b2 - - default default] Successfully bumped revision number for resource 6f0a76f9-f398-4a0b-88ae-494300328a23 (type: security_group_rules) to 0
2026-05-08 19:24:21.634 10 INFO neutron.db.ovn_revision_numbers_db [None req-d1923cdd-457b-48f0-956c-b037fd6372a8 0cfdd5e9b9b4447c819ccfa7d0cbcdb8 a9b4695f1c1745aca58d0d56f149f5b2 - - default default] Successfully bumped revision number for resource ae4a6e3d-20a3-4d41-95e3-f6a2b2146fe8 (type: security_group_rules) to 0
2026-05-08 19:24:21.651 10 INFO neutron.db.ovn_revision_numbers_db [None req-d1923cdd-457b-48f0-956c-b037fd6372a8 0cfdd5e9b9b4447c819ccfa7d0cbcdb8 a9b4695f1c1745aca58d0d56f149f5b2 - - default default] Successfully bumped revision number for resource e9fe257d-bdc5-4d90-9bc1-809af1bfc079 (type: security_group_rules) to 0
2026-05-08 19:24:21.705 10 INFO neutron.wsgi [None req-d1923cdd-457b-48f0-956c-b037fd6372a8 0cfdd5e9b9b4447c819ccfa7d0cbcdb8 a9b4695f1c1745aca58d0d56f149f5b2 - - default default] 10.0.0.69 "GET /v2.0/security-groups?tenant_id=7e8d72be68cf47619325b0cd0e75ca88&name=default HTTP/1.1" status: 200 len: 3120 time: 0.3884172
2026-05-08 19:24:21.785 10 INFO neutron.wsgi [req-0c7df95c-ef00-49e2-b520-715e5861f769 req-d712c33e-7dae-44b6-9b76-4bb8ca255d6b 1bbea3f744554b1e8a6d164656285c5a 3868f6145b234dd9b64c66593abaf2c3 - - default default] 10.0.0.134 "GET /v2.0/ports?device_id=45d1fc9b-c414-4908-83d6-1cfd50d63f25 HTTP/1.1" status: 200 len: 1168 time: 0.1316748
2026-05-08 19:24:21.812 9 INFO neutron.wsgi [None req-6de50ce3-55db-4ae2-8b50-25aaa4cfa2aa f1242b4e18094efab081447e767d958e 70322fb782cf47d5ab8b70befea78a9b - - default default] 10.0.0.69 "PUT /v2.0/routers/77432820-3f6e-4ed7-add3-af0cb94cfe42/remove_router_interface HTTP/1.1" status: 200 len: 503 time: 0.8948908 /var/lib/openstack/lib/python3.10/site-packages/pycadf/identifier.py:71: UserWarning: Invalid uuid: neutron. To ensure interoperability, identifiers should be a valid uuid. warnings.warn(('Invalid uuid: %s. To ensure interoperability, '
2026-05-08 19:24:21.853 10 INFO neutron.wsgi [req-0c7df95c-ef00-49e2-b520-715e5861f769 req-29fc2cd6-c6c8-4774-b8b1-7a55616781ee 1bbea3f744554b1e8a6d164656285c5a 3868f6145b234dd9b64c66593abaf2c3 - - default default] 10.0.0.134 "GET /v2.0/security-groups?id=0cf24753-573e-41fd-a19a-9f6e22c21472&fields=id&fields=name HTTP/1.1" status: 200 len: 313 time: 0.0595751
2026-05-08 19:24:21.896 9 INFO neutron.api.v2.resource [None req-819f383a-cecb-4e0c-9e69-0e9db281ac3e f1242b4e18094efab081447e767d958e 70322fb782cf47d5ab8b70befea78a9b - - default default] remove_router_interface failed (client error): The resource could not be found.
2026-05-08 19:24:21.897 9 INFO neutron.wsgi [None req-819f383a-cecb-4e0c-9e69-0e9db281ac3e f1242b4e18094efab081447e767d958e 70322fb782cf47d5ab8b70befea78a9b - - default default] 10.0.0.69 "PUT /v2.0/routers/77432820-3f6e-4ed7-add3-af0cb94cfe42/remove_router_interface HTTP/1.1" status: 404 len: 398 time: 0.0801694
2026-05-08 19:24:21.922 9 INFO neutron.wsgi [None req-85e0ba98-e50a-4b08-8980-86140c54fefd f1242b4e18094efab081447e767d958e 70322fb782cf47d5ab8b70befea78a9b - - default default] 10.0.0.69 "GET /v2.0/ports?device_id=77432820-3f6e-4ed7-add3-af0cb94cfe42 HTTP/1.1" status: 200 len: 205 time: 0.0205448
2026-05-08 19:24:22.015 10 INFO neutron.wsgi [None req-9fed054d-490e-414b-9d8b-3680dd704625 0cfdd5e9b9b4447c819ccfa7d0cbcdb8 a9b4695f1c1745aca58d0d56f149f5b2 - - default default] 10.0.0.69 "DELETE /v2.0/security-groups/ec3005fe-c57c-469b-a13b-c184c90608ec HTTP/1.1" status: 204 len: 168 time: 0.3004563
2026-05-08 19:24:22.194 10 INFO neutron.wsgi [None req-c99d090f-b247-4627-94b8-1a975607e2f9 f1242b4e18094efab081447e767d958e 70322fb782cf47d5ab8b70befea78a9b - - default default] 10.0.0.69 "DELETE /v2.0/routers/77432820-3f6e-4ed7-add3-af0cb94cfe42 HTTP/1.1" status: 204 len: 168 time: 0.2664602
2026-05-08 19:24:22.214 9 WARNING neutron.plugins.ml2.drivers.ovn.mech_driver.ovsdb.ovn_client [None req-49ce1230-f216-4ca1-b461-0cf6f95bc61c - - - - - -] No hosting information found for port f418a04d-be4b-46f6-b190-eaf48c7d77d4: RuntimeError: No hosting information found for port f418a04d-be4b-46f6-b190-eaf48c7d77d4
2026-05-08 19:24:22.214 9 INFO neutron.plugins.ml2.drivers.ovn.mech_driver.mech_driver [None req-49ce1230-f216-4ca1-b461-0cf6f95bc61c - - - - - -] OVN reports status up for port: 854531da-16d9-4667-9530-eba69f984d21
2026-05-08 19:24:22.226 9 INFO neutron.plugins.ml2.plugin [None req-49ce1230-f216-4ca1-b461-0cf6f95bc61c - - - - - -] Attempt 1 to provision port 854531da-16d9-4667-9530-eba69f984d21
2026-05-08 19:24:22.346 9 INFO neutron.notifiers.nova [-] Nova event matching ['req-15870055-a7e5-4e28-b080-18b1b4bc2b30'] response: {'server_uuid': '45d1fc9b-c414-4908-83d6-1cfd50d63f25', 'name': 'network-vif-plugged', 'status': 'completed', 'tag': '854531da-16d9-4667-9530-eba69f984d21', 'code': 200}
2026-05-08 19:24:22.415 10 INFO neutron.wsgi [None req-4617d3e7-837e-4347-a296-56a1e818da86 f1242b4e18094efab081447e767d958e 70322fb782cf47d5ab8b70befea78a9b - - default default] 10.0.0.69 "DELETE /v2.0/subnets/6c06e9bf-1e33-46a9-8a96-792c381a692a HTTP/1.1" status: 204 len: 168 time: 0.2157712
2026-05-08 19:24:22.579 9 INFO neutron.db.ovn_revision_numbers_db [None req-49ce1230-f216-4ca1-b461-0cf6f95bc61c - - - - - -] Successfully bumped revision number for resource 854531da-16d9-4667-9530-eba69f984d21 (type: ports) to 4
2026-05-08 19:24:22.909 9 INFO neutron.services.segments.plugin [-] Segment 3bb86c47-3c2e-4f8f-a9c0-26326e53e0dc resource provider aggregate not found
2026-05-08 19:24:22.915 9 INFO neutron.services.segments.plugin [-] Segment 3bb86c47-3c2e-4f8f-a9c0-26326e53e0dc resource provider aggregate not found
2026-05-08 19:24:22.924 9 INFO neutron.services.segments.plugin [-] Segment 3bb86c47-3c2e-4f8f-a9c0-26326e53e0dc resource provider not found; error: Placement Client Error (4xx): {"errors": [{"status": 404, "title": "Not Found", "detail": "The resource could not be found.\n\n No resource provider with uuid 3bb86c47-3c2e-4f8f-a9c0-26326e53e0dc found for delete ", "request_id": "req-bea4bc1d-83da-4d27-8e68-cc56cfc2dcbc"}]}
2026-05-08 19:24:22.934 9 INFO neutron.services.segments.plugin [-] Segment 3bb86c47-3c2e-4f8f-a9c0-26326e53e0dc resource provider not found; error: Placement Client Error (4xx): {"errors": [{"status": 404, "title": "Not Found", "detail": "The resource could not be found.\n\n No resource provider with uuid 3bb86c47-3c2e-4f8f-a9c0-26326e53e0dc found for delete ", "request_id": "req-4ba1371c-e2ec-4b36-a633-cf64f46d89ef"}]}
2026-05-08 19:24:22.955 9 INFO neutron.wsgi [None req-3f6a8384-fe7e-4d39-9915-ed8e185851f8 f1242b4e18094efab081447e767d958e 70322fb782cf47d5ab8b70befea78a9b - - default default] 10.0.0.69 "DELETE /v2.0/networks/faa9d56b-d03f-42dc-ac7b-18fb8e10f31f HTTP/1.1" status: 204 len: 168 time: 0.5352242 /var/lib/openstack/lib/python3.10/site-packages/pycadf/identifier.py:71: UserWarning: Invalid uuid: neutron. To ensure interoperability, identifiers should be a valid uuid. warnings.warn(('Invalid uuid: %s. To ensure interoperability, '
2026-05-08 19:24:22.969 9 WARNING neutron_lib.context [None req-9239b5d8-757a-43d3-8093-6010304360e3 f1242b4e18094efab081447e767d958e 70322fb782cf47d5ab8b70befea78a9b - - default default] Method 'is_advsvc' is deprecated since 2023.2 release (neutron-lib 3.8.0) and will be removed once support for the old RBAC API policies will be removed from Neutron. Please use method 'is_service_role' instead.
2026-05-08 19:24:22.974 10 INFO neutron.wsgi [req-21add92b-df51-4e40-8d43-751e3e17e752 req-98e452cd-df14-4721-a96b-abfe302fd556 1bbea3f744554b1e8a6d164656285c5a 3868f6145b234dd9b64c66593abaf2c3 - - default default] 10.0.0.134 "GET /v2.0/ports?device_id=45d1fc9b-c414-4908-83d6-1cfd50d63f25 HTTP/1.1" status: 200 len: 1170 time: 0.0477448
2026-05-08 19:24:23.040 10 INFO neutron.wsgi [req-21add92b-df51-4e40-8d43-751e3e17e752 req-f558b279-869d-4e96-8242-3050d9e4c21a 1bbea3f744554b1e8a6d164656285c5a 3868f6145b234dd9b64c66593abaf2c3 - - default default] 10.0.0.134 "GET /v2.0/security-groups?id=0cf24753-573e-41fd-a19a-9f6e22c21472&fields=id&fields=name HTTP/1.1" status: 200 len: 313 time: 0.0533845
2026-05-08 19:24:23.081 9 INFO neutron.db.segments_db [None req-9239b5d8-757a-43d3-8093-6010304360e3 f1242b4e18094efab081447e767d958e 70322fb782cf47d5ab8b70befea78a9b - - default default] Added segment b1cecfcb-f199-4c09-a72f-110ac20c08eb of type geneve for network ef9cfc04-1cc6-4ac9-bfc7-0f7a7262412e
2026-05-08 19:24:23.178 9 INFO neutron.wsgi [req-4b28a02b-be45-4a3c-a24c-b3618feca321 req-c2d4cccc-4726-4ec2-8cfd-c41c5850b4a3 1bbea3f744554b1e8a6d164656285c5a 3868f6145b234dd9b64c66593abaf2c3 - - default default] 10.0.0.134 "GET /v2.0/ports?device_id=45d1fc9b-c414-4908-83d6-1cfd50d63f25 HTTP/1.1" status: 200 len: 1170 time: 0.0661941
2026-05-08 19:24:23.276 9 INFO neutron.db.ovn_revision_numbers_db [None req-9239b5d8-757a-43d3-8093-6010304360e3 f1242b4e18094efab081447e767d958e 70322fb782cf47d5ab8b70befea78a9b - - default default] Successfully bumped revision number for resource ef9cfc04-1cc6-4ac9-bfc7-0f7a7262412e (type: networks) to 1
2026-05-08 19:24:23.325 9 INFO neutron.wsgi [req-963a00ae-b6f8-45c1-9190-5d7ddf0e7220 req-3959b000-2900-46ea-9b6e-890411a8c6f2 ee2a682f0451424bb118efe638301089 11fa2fa4209848c88b252ebd561d433c - - 772c15fb44154c78897ebe5784d2c942 772c15fb44154c78897ebe5784d2c942] 10.0.0.28 "GET /v2.0/ports?device_id=1dc80981-bd1a-4ed1-a352-19f618a04f1a HTTP/1.1" status: 200 len: 1409 time: 0.0655432
2026-05-08 19:24:23.413 9 INFO neutron.wsgi [req-963a00ae-b6f8-45c1-9190-5d7ddf0e7220 req-5c41353e-66c2-4658-9b26-f68c840a707e ee2a682f0451424bb118efe638301089 11fa2fa4209848c88b252ebd561d433c - - 772c15fb44154c78897ebe5784d2c942 772c15fb44154c78897ebe5784d2c942] 10.0.0.28 "GET /v2.0/security-groups?id=7f643a29-467c-41ef-9752-09fcd33ebab1&fields=id&fields=name HTTP/1.1" status: 200 len: 313 time: 0.0826683
2026-05-08 19:24:23.525 9 WARNING neutron.scheduler.dhcp_agent_scheduler [None req-9239b5d8-757a-43d3-8093-6010304360e3 f1242b4e18094efab081447e767d958e 70322fb782cf47d5ab8b70befea78a9b - - default default] No more DHCP agents
2026-05-08 19:24:23.527 9 WARNING neutron.api.rpc.agentnotifiers.dhcp_rpc_agent_api [None req-9239b5d8-757a-43d3-8093-6010304360e3 f1242b4e18094efab081447e767d958e 70322fb782cf47d5ab8b70befea78a9b - - default default] Unable to schedule network ef9cfc04-1cc6-4ac9-bfc7-0f7a7262412e: no agents available; will retry on subsequent port and subnet creation events.
2026-05-08 19:24:23.614 9 INFO neutron.db.ovn_revision_numbers_db [None req-9239b5d8-757a-43d3-8093-6010304360e3 f1242b4e18094efab081447e767d958e 70322fb782cf47d5ab8b70befea78a9b - - default default] Successfully bumped revision number for resource 5f08b8af-267f-4b12-9b69-cbe2f92a0394 (type: ports) to 1
2026-05-08 19:24:23.642 9 INFO neutron.wsgi [None req-9239b5d8-757a-43d3-8093-6010304360e3 f1242b4e18094efab081447e767d958e 70322fb782cf47d5ab8b70befea78a9b - - default default] 10.0.0.69 "POST /v2.0/networks HTTP/1.1" status: 201 len: 827 time: 0.6786578
2026-05-08 19:24:23.656 9 WARNING neutron_lib.context [None req-ca352840-132c-4ce8-b83b-246692bfd1d4 f1242b4e18094efab081447e767d958e 70322fb782cf47d5ab8b70befea78a9b - - default default] Method 'is_advsvc' is deprecated since 2023.2 release (neutron-lib 3.8.0) and will be removed once support for the old RBAC API policies will be removed from Neutron. Please use method 'is_service_role' instead.
2026-05-08 19:24:23.738 10 INFO neutron.db.ovn_revision_numbers_db [None req-7a7f6192-7865-4678-affc-dba219547078 1bbea3f744554b1e8a6d164656285c5a 3868f6145b234dd9b64c66593abaf2c3 - - default default] Successfully bumped revision number for resource e7f19c87-4563-4963-963c-13e2b69df5ff (type: floatingips) to 1
2026-05-08 19:24:23.870 10 INFO neutron.db.ovn_revision_numbers_db [None req-7a7f6192-7865-4678-affc-dba219547078 1bbea3f744554b1e8a6d164656285c5a 3868f6145b234dd9b64c66593abaf2c3 - - default default] Successfully bumped revision number for resource e7f19c87-4563-4963-963c-13e2b69df5ff (type: floatingips) to 2
2026-05-08 19:24:23.870 10 INFO neutron.db.l3_db [None req-7a7f6192-7865-4678-affc-dba219547078 1bbea3f744554b1e8a6d164656285c5a 3868f6145b234dd9b64c66593abaf2c3 - - default default] Floating IP e7f19c87-4563-4963-963c-13e2b69df5ff associated. External IP: 10.96.250.216, port: 854531da-16d9-4667-9530-eba69f984d21.
2026-05-08 19:24:23.889 9 WARNING neutron.scheduler.dhcp_agent_scheduler [None req-ca352840-132c-4ce8-b83b-246692bfd1d4 f1242b4e18094efab081447e767d958e 70322fb782cf47d5ab8b70befea78a9b - - default default] No more DHCP agents
2026-05-08 19:24:23.891 9 WARNING neutron.api.rpc.agentnotifiers.dhcp_rpc_agent_api [None req-ca352840-132c-4ce8-b83b-246692bfd1d4 f1242b4e18094efab081447e767d958e 70322fb782cf47d5ab8b70befea78a9b - - default default] Unable to schedule network ef9cfc04-1cc6-4ac9-bfc7-0f7a7262412e: no agents available; will retry on subsequent port and subnet creation events.
2026-05-08 19:24:23.898 10 INFO neutron.wsgi [None req-7a7f6192-7865-4678-affc-dba219547078 1bbea3f744554b1e8a6d164656285c5a 3868f6145b234dd9b64c66593abaf2c3 - - default default] 10.0.0.69 "PUT /v2.0/floatingips/e7f19c87-4563-4963-963c-13e2b69df5ff HTTP/1.1" status: 200 len: 1049 time: 0.7108324
2026-05-08 19:24:23.942 10 INFO neutron.notifiers.nova [-] Nova event matching ['req-37ad6fa2-e241-4681-b873-e1d6e9faecbd'] response: {'name': 'network-changed', 'server_uuid': '45d1fc9b-c414-4908-83d6-1cfd50d63f25', 'tag': '854531da-16d9-4667-9530-eba69f984d21', 'status': 'completed', 'code': 200}
2026-05-08 19:24:23.977 10 INFO neutron.wsgi [req-ff38f6c7-2524-4039-95ca-70e1b72583a9 req-b747642c-6d70-46d2-8fab-672571c0d235 1bbea3f744554b1e8a6d164656285c5a 3868f6145b234dd9b64c66593abaf2c3 - - default default] 10.0.0.134 "GET /v2.0/ports?device_id=45d1fc9b-c414-4908-83d6-1cfd50d63f25 HTTP/1.1" status: 200 len: 1170 time: 0.0423739
2026-05-08 19:24:24.004 9 INFO neutron.wsgi [req-219301c2-155c-48be-8941-794ce96d6913 req-4ccf0a9d-b2ee-4a64-8c90-9650765f6737 ee2a682f0451424bb118efe638301089 11fa2fa4209848c88b252ebd561d433c - - 772c15fb44154c78897ebe5784d2c942 772c15fb44154c78897ebe5784d2c942] 199.204.45.238 "GET /v2.0/ports?tenant_id=3868f6145b234dd9b64c66593abaf2c3&device_id=45d1fc9b-c414-4908-83d6-1cfd50d63f25 HTTP/1.1" status: 200 len: 1409 time: 0.0432014
2026-05-08 19:24:24.032 10 INFO neutron.wsgi [req-ff38f6c7-2524-4039-95ca-70e1b72583a9 req-9e2ce352-897a-49a9-8438-2e6bd0603599 1bbea3f744554b1e8a6d164656285c5a 3868f6145b234dd9b64c66593abaf2c3 - - default default] 10.0.0.134 "GET /v2.0/security-groups?id=0cf24753-573e-41fd-a19a-9f6e22c21472&fields=id&fields=name HTTP/1.1" status: 200 len: 313 time: 0.0505805
2026-05-08 19:24:24.134 9 INFO neutron.wsgi [req-219301c2-155c-48be-8941-794ce96d6913 req-00c78cb4-b761-4e2a-b986-c46d378010ce ee2a682f0451424bb118efe638301089 11fa2fa4209848c88b252ebd561d433c - - 772c15fb44154c78897ebe5784d2c942 772c15fb44154c78897ebe5784d2c942] 199.204.45.238 "GET /v2.0/networks?id=48340eb4-6190-48f2-b683-a938953b78ca HTTP/1.1" status: 200 len: 968 time: 0.1221433
2026-05-08 19:24:24.224 9 INFO neutron.wsgi [req-219301c2-155c-48be-8941-794ce96d6913 req-36d3702c-6221-4cea-a754-3465fe4ec1d8 ee2a682f0451424bb118efe638301089 11fa2fa4209848c88b252ebd561d433c - - 772c15fb44154c78897ebe5784d2c942 772c15fb44154c78897ebe5784d2c942] 199.204.45.238 "GET /v2.0/floatingips?fixed_ip_address=10.100.0.3&port_id=854531da-16d9-4667-9530-eba69f984d21 HTTP/1.1" status: 200 len: 1059 time: 0.0850668
2026-05-08 19:24:24.290 9 INFO neutron.wsgi [req-219301c2-155c-48be-8941-794ce96d6913 req-2ea50343-ea9f-40b0-b30f-9ec36ff9a56c ee2a682f0451424bb118efe638301089 11fa2fa4209848c88b252ebd561d433c - - 772c15fb44154c78897ebe5784d2c942 772c15fb44154c78897ebe5784d2c942] 199.204.45.238 "GET /v2.0/subnets?id=b669c590-35bf-4226-8ab1-11fc587d7da0 HTTP/1.1" status: 200 len: 863 time: 0.0602810
2026-05-08 19:24:24.316 9 INFO neutron.wsgi [req-219301c2-155c-48be-8941-794ce96d6913 req-86956ea0-bcbb-45da-8182-38f477b0e050 ee2a682f0451424bb118efe638301089 11fa2fa4209848c88b252ebd561d433c - - 772c15fb44154c78897ebe5784d2c942 772c15fb44154c78897ebe5784d2c942] 199.204.45.238 "GET /v2.0/ports?network_id=48340eb4-6190-48f2-b683-a938953b78ca&device_owner=network%3Adhcp HTTP/1.1" status: 200 len: 210 time: 0.0210409
2026-05-08 19:24:24.392 9 INFO neutron.notifiers.nova [-] Nova event matching ['req-b72f9af6-df47-461e-bccf-57b82ee7b558'] response: {'server_uuid': '45d1fc9b-c414-4908-83d6-1cfd50d63f25', 'name': 'network-vif-plugged', 'status': 'completed', 'tag': '854531da-16d9-4667-9530-eba69f984d21', 'code': 200}
2026-05-08 19:24:24.422 9 INFO neutron.wsgi [req-219301c2-155c-48be-8941-794ce96d6913 req-474d87b9-07cd-4f4c-abcc-065f65dcc5bf ee2a682f0451424bb118efe638301089 11fa2fa4209848c88b252ebd561d433c - - 772c15fb44154c78897ebe5784d2c942 772c15fb44154c78897ebe5784d2c942] 199.204.45.238 "GET /v2.0/networks/48340eb4-6190-48f2-b683-a938953b78ca?fields=segments HTTP/1.1" status: 200 len: 212 time: 0.0988441
2026-05-08 19:24:24.476 9 INFO neutron.plugins.ml2.drivers.ovn.mech_driver.mech_driver [None req-49ce1230-f216-4ca1-b461-0cf6f95bc61c - - - - - -] OVN reports status down for port: 854531da-16d9-4667-9530-eba69f984d21
2026-05-08 19:24:24.483 10 INFO neutron.wsgi [req-5b5c7d18-2f5b-4396-8a2f-5087e044ffbb req-343d97c3-ab6c-48fb-85fe-25f52fc3c03f 1bbea3f744554b1e8a6d164656285c5a 3868f6145b234dd9b64c66593abaf2c3 - - default default] 10.0.0.134 "GET /v2.0/ports?device_id=45d1fc9b-c414-4908-83d6-1cfd50d63f25 HTTP/1.1" status: 200 len: 1170 time: 0.0455873
2026-05-08 19:24:24.553 10 INFO neutron.wsgi [req-5b5c7d18-2f5b-4396-8a2f-5087e044ffbb req-fe0c51cb-2479-4418-8920-c2b9368bfc7a 1bbea3f744554b1e8a6d164656285c5a 3868f6145b234dd9b64c66593abaf2c3 - - default default] 10.0.0.134 "GET /v2.0/security-groups?id=0cf24753-573e-41fd-a19a-9f6e22c21472&fields=id&fields=name HTTP/1.1" status: 200 len: 313 time: 0.0648029
2026-05-08 19:24:24.554 9 INFO neutron.wsgi [req-219301c2-155c-48be-8941-794ce96d6913 req-7564abc6-75ac-4d3a-a9a5-39ec3d12142c ee2a682f0451424bb118efe638301089 11fa2fa4209848c88b252ebd561d433c - - 772c15fb44154c78897ebe5784d2c942 772c15fb44154c78897ebe5784d2c942] 199.204.45.238 "GET /v2.0/networks/48340eb4-6190-48f2-b683-a938953b78ca?fields=provider%3Aphysical_network&fields=provider%3Anetwork_type HTTP/1.1" status: 200 len: 277 time: 0.1247015
2026-05-08 19:24:24.867 9 INFO neutron.db.ovn_revision_numbers_db [None req-5e448427-8777-4b93-ac95-a71180246bcc 0cfdd5e9b9b4447c819ccfa7d0cbcdb8 a9b4695f1c1745aca58d0d56f149f5b2 - - default default] Successfully bumped revision number for resource 4c114983-457a-4181-bee5-dbc04f7d39e2 (type: security_groups) to 1
2026-05-08 19:24:24.894 9 INFO neutron.db.ovn_revision_numbers_db [None req-ca352840-132c-4ce8-b83b-246692bfd1d4 f1242b4e18094efab081447e767d958e 70322fb782cf47d5ab8b70befea78a9b - - default default] Successfully bumped revision number for resource 5f08b8af-267f-4b12-9b69-cbe2f92a0394 (type: ports) to 2
2026-05-08 19:24:24.907 9 INFO neutron.db.ovn_revision_numbers_db [None req-5e448427-8777-4b93-ac95-a71180246bcc 0cfdd5e9b9b4447c819ccfa7d0cbcdb8 a9b4695f1c1745aca58d0d56f149f5b2 - - default default] Successfully bumped revision number for resource 80e9eaad-3698-4dbb-843b-f59a48204082 (type: security_group_rules) to 0
2026-05-08 19:24:24.921 9 INFO neutron.wsgi [req-5501e3fe-6bfb-4c68-879a-bf88a4dbe820 req-37f6a108-8a51-4a79-b241-57fccaf51564 1bbea3f744554b1e8a6d164656285c5a 3868f6145b234dd9b64c66593abaf2c3 - - default default] 199.204.45.238 "GET /v2.0/ports?device_id=45d1fc9b-c414-4908-83d6-1cfd50d63f25 HTTP/1.1" status: 200 len: 1168 time: 0.1843457
2026-05-08 19:24:24.966 9 INFO neutron.db.ovn_revision_numbers_db [None req-5e448427-8777-4b93-ac95-a71180246bcc 0cfdd5e9b9b4447c819ccfa7d0cbcdb8 a9b4695f1c1745aca58d0d56f149f5b2 - - default default] Successfully bumped revision number for resource 9e45730a-0efd-428f-beb3-26c15162eda0 (type: security_group_rules) to 0
2026-05-08 19:24:25.000 9 INFO neutron.db.ovn_revision_numbers_db [None req-5e448427-8777-4b93-ac95-a71180246bcc 0cfdd5e9b9b4447c819ccfa7d0cbcdb8 a9b4695f1c1745aca58d0d56f149f5b2 - - default default] Successfully bumped revision number for resource d89110e0-2679-4358-bd6a-9371ebad97c1 (type: security_group_rules) to 0
2026-05-08 19:24:25.002 9 INFO neutron.db.ovn_revision_numbers_db [None req-ca352840-132c-4ce8-b83b-246692bfd1d4 f1242b4e18094efab081447e767d958e 70322fb782cf47d5ab8b70befea78a9b - - default default] Successfully bumped revision number for resource 7338028e-e2b7-4bff-a3b1-a137e8441a1e (type: subnets) to 0
2026-05-08 19:24:25.044 9 INFO neutron.wsgi [None req-ca352840-132c-4ce8-b83b-246692bfd1d4 f1242b4e18094efab081447e767d958e 70322fb782cf47d5ab8b70befea78a9b - - default default] 10.0.0.69 "POST /v2.0/subnets HTTP/1.1" status: 201 len: 801 time: 1.3958895
2026-05-08 19:24:25.057 10 WARNING neutron_lib.context [None req-3dfa8eab-d1cf-4d23-b76d-5bdd07be3583 f1242b4e18094efab081447e767d958e 70322fb782cf47d5ab8b70befea78a9b - - default default] Method 'is_advsvc' is deprecated since 2023.2 release (neutron-lib 3.8.0) and will be removed once support for the old RBAC API policies will be removed from Neutron. Please use method 'is_service_role' instead.
2026-05-08 19:24:25.175 10 INFO neutron.db.ovn_revision_numbers_db [None req-3dfa8eab-d1cf-4d23-b76d-5bdd07be3583 f1242b4e18094efab081447e767d958e 70322fb782cf47d5ab8b70befea78a9b - - default default] Successfully bumped revision number for resource 86dd51ba-f79c-44dc-b928-a676ad7ff105 (type: routers) to 1
2026-05-08 19:24:25.190 10 INFO neutron.wsgi [None req-3dfa8eab-d1cf-4d23-b76d-5bdd07be3583 f1242b4e18094efab081447e767d958e 70322fb782cf47d5ab8b70befea78a9b - - default default] 10.0.0.69 "POST /v2.0/routers HTTP/1.1" status: 201 len: 801 time: 0.1388259
2026-05-08 19:24:25.261 9 INFO neutron.db.ovn_revision_numbers_db [None req-5e448427-8777-4b93-ac95-a71180246bcc 0cfdd5e9b9b4447c819ccfa7d0cbcdb8 a9b4695f1c1745aca58d0d56f149f5b2 - - default default] Successfully bumped revision number for resource e5bab008-3ebb-4d71-a1ed-9cefe743de2f (type: security_group_rules) to 0
2026-05-08 19:24:25.300 9 INFO neutron.wsgi [None req-5e448427-8777-4b93-ac95-a71180246bcc 0cfdd5e9b9b4447c819ccfa7d0cbcdb8 a9b4695f1c1745aca58d0d56f149f5b2 - - default default] 10.0.0.69 "GET /v2.0/security-groups?tenant_id=9624a30e06554230a13347e0ff69138f&name=default HTTP/1.1" status: 200 len: 3120 time: 1.0194492
2026-05-08 19:24:25.307 9 INFO neutron.db.ovn_revision_numbers_db [None req-49ce1230-f216-4ca1-b461-0cf6f95bc61c - - - - - -] Successfully bumped revision number for resource 854531da-16d9-4667-9530-eba69f984d21 (type: ports) to 5
2026-05-08 19:24:25.567 10 WARNING neutron.plugins.ml2.drivers.ovn.mech_driver.ovsdb.ovn_client [None req-4f93f530-b8bd-4195-ad50-a2accf5859f6 - - - - - -] No port found with ID 48048939-b1a0-4d75-8160-2e35aaaeeae7: RuntimeError: No port found with ID 48048939-b1a0-4d75-8160-2e35aaaeeae7 /var/lib/openstack/lib/python3.10/site-packages/pycadf/identifier.py:71: UserWarning: Invalid uuid: neutron. To ensure interoperability, identifiers should be a valid uuid. warnings.warn(('Invalid uuid: %s. To ensure interoperability, '
2026-05-08 19:24:25.688 9 INFO neutron.wsgi [req-d8daa51a-d6f2-404c-a6ce-3b4641d37a1d req-2f9f72a8-e6b9-4884-9811-f6a95749bac9 1bbea3f744554b1e8a6d164656285c5a 3868f6145b234dd9b64c66593abaf2c3 - - default default] 10.0.0.134 "GET /v2.0/ports?device_id=45d1fc9b-c414-4908-83d6-1cfd50d63f25 HTTP/1.1" status: 200 len: 1168 time: 0.0609708
2026-05-08 19:24:25.728 9 INFO neutron.db.l3_db [req-5501e3fe-6bfb-4c68-879a-bf88a4dbe820 req-e8dd9d9c-e6b4-45b7-85e7-a0f1cda48f1c 1bbea3f744554b1e8a6d164656285c5a 3868f6145b234dd9b64c66593abaf2c3 - - default default] Floating IP e7f19c87-4563-4963-963c-13e2b69df5ff disassociated. External IP: 10.96.250.216, port: 854531da-16d9-4667-9530-eba69f984d21.
2026-05-08 19:24:25.771 10 INFO neutron.wsgi [None req-eaa133a6-a993-45a1-ae86-ca2ad0bc2d73 0cfdd5e9b9b4447c819ccfa7d0cbcdb8 a9b4695f1c1745aca58d0d56f149f5b2 - - default default] 10.0.0.69 "DELETE /v2.0/security-groups/4c114983-457a-4181-bee5-dbc04f7d39e2 HTTP/1.1" status: 204 len: 168 time: 0.4658687
2026-05-08 19:24:25.773 9 INFO neutron.wsgi [req-d8daa51a-d6f2-404c-a6ce-3b4641d37a1d req-574a4a93-e7f4-4fc2-82e3-6f9c6cac6b17 1bbea3f744554b1e8a6d164656285c5a 3868f6145b234dd9b64c66593abaf2c3 - - default default] 10.0.0.134 "GET /v2.0/security-groups?id=0cf24753-573e-41fd-a19a-9f6e22c21472&fields=id&fields=name HTTP/1.1" status: 200 len: 313 time: 0.0667784
2026-05-08 19:24:25.786 10 WARNING neutron.scheduler.dhcp_agent_scheduler [None req-290822ce-f586-458f-9f6a-86e2fbf60ca3 f1242b4e18094efab081447e767d958e 70322fb782cf47d5ab8b70befea78a9b - - default default] No more DHCP agents
2026-05-08 19:24:25.789 10 WARNING neutron.api.rpc.agentnotifiers.dhcp_rpc_agent_api [None req-290822ce-f586-458f-9f6a-86e2fbf60ca3 f1242b4e18094efab081447e767d958e 70322fb782cf47d5ab8b70befea78a9b - - default default] Unable to schedule network ef9cfc04-1cc6-4ac9-bfc7-0f7a7262412e: no agents available; will retry on subsequent port and subnet creation events.
2026-05-08 19:24:25.881 9 INFO neutron.wsgi [req-5501e3fe-6bfb-4c68-879a-bf88a4dbe820 req-e8dd9d9c-e6b4-45b7-85e7-a0f1cda48f1c 1bbea3f744554b1e8a6d164656285c5a 3868f6145b234dd9b64c66593abaf2c3 - - default default] 199.204.45.238 "DELETE /v2.0/ports/854531da-16d9-4667-9530-eba69f984d21 HTTP/1.1" status: 204 len: 173 time: 0.9452777
