2026-05-08 19:27:38.883 9 INFO neutron.services.segments.plugin [-] Segment 86b43605-b323-4014-aae6-2c745e0bf0fa resource provider not found; error: Placement Client Error (4xx): {"errors": [{"status": 404, "title": "Not Found", "detail": "The resource could not be found.\n\n No resource provider with uuid 86b43605-b323-4014-aae6-2c745e0bf0fa found for delete ", "request_id": "req-547dc1bf-cd3c-492c-ae66-1a1677c869c0"}]}
2026-05-08 19:27:38.890 9 WARNING neutron.scheduler.dhcp_agent_scheduler [None req-9676befa-c74a-48e8-952a-14b8b27fa8ad 6796723c8de340849f59fb0450dbc1c3 7f489366cb4e4747b84463ccfbf785fa - - default default] No more DHCP agents
2026-05-08 19:27:38.894 9 INFO neutron.services.segments.plugin [-] Segment 86b43605-b323-4014-aae6-2c745e0bf0fa resource provider aggregate not found
2026-05-08 19:27:38.899 9 WARNING neutron.api.rpc.agentnotifiers.dhcp_rpc_agent_api [None req-9676befa-c74a-48e8-952a-14b8b27fa8ad 6796723c8de340849f59fb0450dbc1c3 7f489366cb4e4747b84463ccfbf785fa - - default default] Unable to schedule network 57e9079b-3e58-4291-9c5e-1da6340afb00: no agents available; will retry on subsequent port and subnet creation events.
2026-05-08 19:27:38.914 9 INFO neutron.services.segments.plugin [-] Segment 86b43605-b323-4014-aae6-2c745e0bf0fa resource provider not found; error: Placement Client Error (4xx): {"errors": [{"status": 404, "title": "Not Found", "detail": "The resource could not be found.\n\n No resource provider with uuid 86b43605-b323-4014-aae6-2c745e0bf0fa found for delete ", "request_id": "req-a5ebf2c1-ae1e-4fd0-ba3c-edbe9cb33ffc"}]}
2026-05-08 19:27:39.227 10 INFO neutron.db.ovn_revision_numbers_db [None req-df4eb5ee-9579-4ae4-80a0-a9fc3fa123ba 0cfdd5e9b9b4447c819ccfa7d0cbcdb8 a9b4695f1c1745aca58d0d56f149f5b2 - - default default] Successfully bumped revision number for resource bd44cada-7784-4b7c-b01e-0095a6c52e38 (type: security_groups) to 1
2026-05-08 19:27:39.253 10 INFO neutron.db.ovn_revision_numbers_db [None req-df4eb5ee-9579-4ae4-80a0-a9fc3fa123ba 0cfdd5e9b9b4447c819ccfa7d0cbcdb8 a9b4695f1c1745aca58d0d56f149f5b2 - - default default] Successfully bumped revision number for resource 241fed81-ed6b-459b-ba7b-5f836efda70f (type: security_group_rules) to 0
2026-05-08 19:27:39.280 10 INFO neutron.db.ovn_revision_numbers_db [None req-df4eb5ee-9579-4ae4-80a0-a9fc3fa123ba 0cfdd5e9b9b4447c819ccfa7d0cbcdb8 a9b4695f1c1745aca58d0d56f149f5b2 - - default default] Successfully bumped revision number for resource 54fa7416-19a1-4455-9d3b-c5cd5a73b94e (type: security_group_rules) to 0
2026-05-08 19:27:39.293 10 INFO neutron.db.ovn_revision_numbers_db [None req-df4eb5ee-9579-4ae4-80a0-a9fc3fa123ba 0cfdd5e9b9b4447c819ccfa7d0cbcdb8 a9b4695f1c1745aca58d0d56f149f5b2 - - default default] Successfully bumped revision number for resource 70e2bdb5-7b60-4559-bc53-814364a08079 (type: security_group_rules) to 0
2026-05-08 19:27:39.307 10 INFO neutron.db.ovn_revision_numbers_db [None req-df4eb5ee-9579-4ae4-80a0-a9fc3fa123ba 0cfdd5e9b9b4447c819ccfa7d0cbcdb8 a9b4695f1c1745aca58d0d56f149f5b2 - - default default] Successfully bumped revision number for resource f9f11491-9d63-4842-9aee-28e5c2f745cd (type: security_group_rules) to 0
2026-05-08 19:27:39.331 10 INFO neutron.wsgi [None req-df4eb5ee-9579-4ae4-80a0-a9fc3fa123ba 0cfdd5e9b9b4447c819ccfa7d0cbcdb8 a9b4695f1c1745aca58d0d56f149f5b2 - - default default] 10.0.0.69 "GET /v2.0/security-groups?tenant_id=eb45b7357ee04bbb9e3e9bc2f1dd5440&name=default HTTP/1.1" status: 200 len: 3124 time: 0.4106328
2026-05-08 19:27:39.372 9 INFO neutron.db.ovn_revision_numbers_db [None req-9676befa-c74a-48e8-952a-14b8b27fa8ad 6796723c8de340849f59fb0450dbc1c3 7f489366cb4e4747b84463ccfbf785fa - - default default] Successfully bumped revision number for resource a463e4f4-3480-4794-b03e-42dfdd6101cf (type: router_ports) to 1
2026-05-08 19:27:39.376 9 INFO neutron.wsgi [None req-9676befa-c74a-48e8-952a-14b8b27fa8ad 6796723c8de340849f59fb0450dbc1c3 7f489366cb4e4747b84463ccfbf785fa - - default default] 10.0.0.69 "PUT /v2.0/routers/ce845b85-f259-4029-a65c-13c440a6ea6d/add_router_interface HTTP/1.1" status: 200 len: 503 time: 4.3661323
2026-05-08 19:27:39.724 10 INFO neutron.wsgi [None req-22116566-ecbb-4dcd-a011-75b6900fdc68 0cfdd5e9b9b4447c819ccfa7d0cbcdb8 a9b4695f1c1745aca58d0d56f149f5b2 - - default default] 10.0.0.69 "DELETE /v2.0/security-groups/bd44cada-7784-4b7c-b01e-0095a6c52e38 HTTP/1.1" status: 204 len: 168 time: 0.3800559
2026-05-08 19:27:39.768 9 INFO neutron.db.ovn_revision_numbers_db [None req-12fd845e-5139-4f5d-9e9d-3ee1100d6c07 40e0a905a3e1402da216c20e91a4e992 589540dd3fdc47d79a2daa34e9efd666 - - default default] Successfully bumped revision number for resource ad2ef024-b934-4202-a6ab-7b2291064be4 (type: router_ports) to 1
2026-05-08 19:27:40.069 10 WARNING neutron.scheduler.dhcp_agent_scheduler [None req-3b7805b9-66c1-4047-9952-4bdceddc1863 6796723c8de340849f59fb0450dbc1c3 7f489366cb4e4747b84463ccfbf785fa - - default default] No more DHCP agents
2026-05-08 19:27:40.073 10 WARNING neutron.api.rpc.agentnotifiers.dhcp_rpc_agent_api [None req-3b7805b9-66c1-4047-9952-4bdceddc1863 6796723c8de340849f59fb0450dbc1c3 7f489366cb4e4747b84463ccfbf785fa - - default default] Unable to schedule network f59d8e5d-47a7-4004-bc80-1209cfdc5ced: no agents available; will retry on subsequent port and subnet creation events.
2026-05-08 19:27:40.231 10 INFO neutron.db.ovn_revision_numbers_db [None req-3b7805b9-66c1-4047-9952-4bdceddc1863 6796723c8de340849f59fb0450dbc1c3 7f489366cb4e4747b84463ccfbf785fa - - default default] Successfully bumped revision number for resource b09033d6-b114-47c5-9b3d-8fbcf074328b (type: ports) to 1
2026-05-08 19:27:40.245 9 INFO neutron.db.ovn_revision_numbers_db [None req-0d228acd-dad6-436a-a462-fa5311dfd33e 0cfdd5e9b9b4447c819ccfa7d0cbcdb8 a9b4695f1c1745aca58d0d56f149f5b2 - - default default] Successfully bumped revision number for resource de2545a1-c2d1-4c68-8808-335c0cb42958 (type: security_groups) to 1
2026-05-08 19:27:40.261 9 INFO neutron.db.ovn_revision_numbers_db [None req-0d228acd-dad6-436a-a462-fa5311dfd33e 0cfdd5e9b9b4447c819ccfa7d0cbcdb8 a9b4695f1c1745aca58d0d56f149f5b2 - - default default] Successfully bumped revision number for resource 0e11b15b-c6e3-4a2c-a23d-c382bbf05a03 (type: security_group_rules) to 0
2026-05-08 19:27:40.283 9 INFO neutron.db.ovn_revision_numbers_db [None req-0d228acd-dad6-436a-a462-fa5311dfd33e 0cfdd5e9b9b4447c819ccfa7d0cbcdb8 a9b4695f1c1745aca58d0d56f149f5b2 - - default default] Successfully bumped revision number for resource 4d1e442a-acf9-440e-baf1-913b42b0135d (type: security_group_rules) to 0
2026-05-08 19:27:40.298 9 WARNING neutron.scheduler.dhcp_agent_scheduler [None req-44bb4f0f-068e-439d-b826-c7e41cfcd677 - - - - - -] No more DHCP agents
2026-05-08 19:27:40.299 9 WARNING neutron.api.rpc.agentnotifiers.dhcp_rpc_agent_api [None req-44bb4f0f-068e-439d-b826-c7e41cfcd677 - - - - - -] Unable to schedule network e0fbab09-233a-442d-9e79-0661fa02a505: no agents available; will retry on subsequent port and subnet creation events.
2026-05-08 19:27:40.302 9 INFO neutron.db.ovn_revision_numbers_db [None req-0d228acd-dad6-436a-a462-fa5311dfd33e 0cfdd5e9b9b4447c819ccfa7d0cbcdb8 a9b4695f1c1745aca58d0d56f149f5b2 - - default default] Successfully bumped revision number for resource 7c9f2c68-5aa6-47ad-956f-08065f577093 (type: security_group_rules) to 0
2026-05-08 19:27:40.321 9 INFO neutron.db.ovn_revision_numbers_db [None req-0d228acd-dad6-436a-a462-fa5311dfd33e 0cfdd5e9b9b4447c819ccfa7d0cbcdb8 a9b4695f1c1745aca58d0d56f149f5b2 - - default default] Successfully bumped revision number for resource f6b5d01d-26ca-49a0-9247-c17af9e73fef (type: security_group_rules) to 0
2026-05-08 19:27:40.347 9 INFO neutron.wsgi [None req-0d228acd-dad6-436a-a462-fa5311dfd33e 0cfdd5e9b9b4447c819ccfa7d0cbcdb8 a9b4695f1c1745aca58d0d56f149f5b2 - - default default] 10.0.0.69 "GET /v2.0/security-groups?tenant_id=00e19a0ea5164818870c767f7a7bf20c&name=default HTTP/1.1" status: 200 len: 3124 time: 0.5359764
2026-05-08 19:27:40.471 9 INFO neutron.db.ovn_revision_numbers_db [None req-44bb4f0f-068e-439d-b826-c7e41cfcd677 - - - - - -] Successfully bumped revision number for resource 5a03ee3f-b940-412f-becf-f3eb0137aeee (type: ports) to 1
2026-05-08 19:27:40.626 10 INFO neutron.wsgi [None req-463c0e35-67a1-42be-98e6-9cfaa0e2bbf8 0cfdd5e9b9b4447c819ccfa7d0cbcdb8 a9b4695f1c1745aca58d0d56f149f5b2 - - default default] 10.0.0.69 "DELETE /v2.0/security-groups/de2545a1-c2d1-4c68-8808-335c0cb42958 HTTP/1.1" status: 204 len: 168 time: 0.2725868
2026-05-08 19:27:40.696 9 INFO neutron.db.ovn_revision_numbers_db [None req-44bb4f0f-068e-439d-b826-c7e41cfcd677 - - - - - -] Successfully bumped revision number for resource 5a03ee3f-b940-412f-becf-f3eb0137aeee (type: ports) to 1
2026-05-08 19:27:40.832 9 INFO neutron.wsgi [None req-c3003de7-1785-4837-b5ac-83fd50c88bf1 0cfdd5e9b9b4447c819ccfa7d0cbcdb8 a9b4695f1c1745aca58d0d56f149f5b2 - - default default] 10.0.0.69 "GET /v2.0/security-groups?tenant_id=d64e90983851402eb7d2f43a2ea42852&name=default HTTP/1.1" status: 200 len: 3124 time: 0.0520632
2026-05-08 19:27:40.893 9 WARNING neutron.plugins.ml2.drivers.ovn.mech_driver.ovsdb.ovn_client [None req-49ce1230-f216-4ca1-b461-0cf6f95bc61c - - - - - -] No hosting information found for port 3034990d-615d-4300-8775-f09ad97a7890: RuntimeError: No hosting information found for port 3034990d-615d-4300-8775-f09ad97a7890
2026-05-08 19:27:40.893 9 INFO neutron.plugins.ml2.drivers.ovn.mech_driver.mech_driver [None req-49ce1230-f216-4ca1-b461-0cf6f95bc61c - - - - - -] OVN reports status up for port: ad2ef024-b934-4202-a6ab-7b2291064be4
2026-05-08 19:27:40.907 9 INFO neutron.plugins.ml2.plugin [None req-49ce1230-f216-4ca1-b461-0cf6f95bc61c - - - - - -] Attempt 1 to provision port ad2ef024-b934-4202-a6ab-7b2291064be4
2026-05-08 19:27:40.911 10 ERROR ovsdbapp.backend.ovs_idl.command [None req-3b7805b9-66c1-4047-9952-4bdceddc1863 6796723c8de340849f59fb0450dbc1c3 7f489366cb4e4747b84463ccfbf785fa - - default default] Error executing command (DbGetCommand): ovsdbapp.backend.ovs_idl.idlutils.RowNotFound: Cannot find Logical_Router_Port with name=lrp-b09033d6-b114-47c5-9b3d-8fbcf074328b
2026-05-08 19:27:40.911 10 ERROR ovsdbapp.backend.ovs_idl.command
Traceback (most recent call last):
2026-05-08 19:27:40.911 10 ERROR ovsdbapp.backend.ovs_idl.command
File "/var/lib/openstack/lib/python3.10/site-packages/ovsdbapp/backend/ovs_idl/command.py", line 47, in execute
2026-05-08 19:27:40.911 10 ERROR ovsdbapp.backend.ovs_idl.command self.run_idl(None)
2026-05-08 19:27:40.911 10 ERROR ovsdbapp.backend.ovs_idl.command
File "/var/lib/openstack/lib/python3.10/site-packages/ovsdbapp/backend/ovs_idl/command.py", line 235, in run_idl
2026-05-08 19:27:40.911 10 ERROR ovsdbapp.backend.ovs_idl.command record = self.api.lookup(self.table, self.record)
2026-05-08 19:27:40.911 10 ERROR ovsdbapp.backend.ovs_idl.command
File "/var/lib/openstack/lib/python3.10/site-packages/ovsdbapp/backend/ovs_idl/__init__.py", line 184, in lookup
2026-05-08 19:27:40.911 10 ERROR ovsdbapp.backend.ovs_idl.command return self._lookup(table, record)
2026-05-08 19:27:40.911 10 ERROR ovsdbapp.backend.ovs_idl.command
File "/var/lib/openstack/lib/python3.10/site-packages/ovsdbapp/backend/ovs_idl/__init__.py", line 235, in _lookup
2026-05-08 19:27:40.911 10 ERROR ovsdbapp.backend.ovs_idl.command row = idlutils.row_by_value(self, rl.table, rl.column, record)
2026-05-08 19:27:40.911 10 ERROR ovsdbapp.backend.ovs_idl.command
File "/var/lib/openstack/lib/python3.10/site-packages/ovsdbapp/backend/ovs_idl/idlutils.py", line 114, in row_by_value
2026-05-08 19:27:40.911 10 ERROR ovsdbapp.backend.ovs_idl.command raise RowNotFound(table=table, col=column, match=match)
2026-05-08 19:27:40.911 10 ERROR ovsdbapp.backend.ovs_idl.command ovsdbapp.backend.ovs_idl.idlutils.RowNotFound: Cannot find Logical_Router_Port with name=lrp-b09033d6-b114-47c5-9b3d-8fbcf074328b
2026-05-08 19:27:40.911 10 ERROR ovsdbapp.backend.ovs_idl.command 
2026-05-08 19:27:40.912 10 ERROR neutron_lib.callbacks.manager [None req-3b7805b9-66c1-4047-9952-4bdceddc1863 6796723c8de340849f59fb0450dbc1c3 7f489366cb4e4747b84463ccfbf785fa - - default default] Error during notification for neutron.services.ovn_l3.plugin.OVNL3RouterPlugin._port_update-8741299812079 port, after_update: ovsdbapp.backend.ovs_idl.idlutils.RowNotFound: Cannot find Logical_Router_Port with name=lrp-b09033d6-b114-47c5-9b3d-8fbcf074328b
2026-05-08 19:27:40.912 10 ERROR neutron_lib.callbacks.manager
Traceback (most recent call last):
2026-05-08 19:27:40.912 10 ERROR neutron_lib.callbacks.manager
File "/var/lib/openstack/lib/python3.10/site-packages/neutron_lib/callbacks/manager.py", line 189, in _notify_loop
2026-05-08 19:27:40.912 10 ERROR neutron_lib.callbacks.manager callback.method(resource, event, trigger, payload=payload)
2026-05-08 19:27:40.912 10 ERROR neutron_lib.callbacks.manager
File "/var/lib/openstack/lib/python3.10/site-packages/neutron/services/ovn_l3/plugin.py", line 391, in _port_update
2026-05-08 19:27:40.912 10 ERROR neutron_lib.callbacks.manager l3plugin._ovn_client.update_router_port(context,
2026-05-08 19:27:40.912 10 ERROR neutron_lib.callbacks.manager
File "/var/lib/openstack/lib/python3.10/site-packages/neutron/plugins/ml2/drivers/ovn/mech_driver/ovsdb/ovn_client.py", line 1878, in update_router_port
2026-05-08 19:27:40.912 10 ERROR neutron_lib.callbacks.manager self._update_lrouter_port(context, port, if_exists=if_exists,
2026-05-08 19:27:40.912 10 ERROR neutron_lib.callbacks.manager
File "/var/lib/openstack/lib/python3.10/site-packages/neutron/plugins/ml2/drivers/ovn/mech_driver/ovsdb/ovn_client.py", line 1855, in _update_lrouter_port
2026-05-08 19:27:40.912 10 ERROR neutron_lib.callbacks.manager external_ids = self._nb_idl.db_get(
2026-05-08 19:27:40.912 10 ERROR neutron_lib.callbacks.manager
File "/var/lib/openstack/lib/python3.10/site-packages/ovsdbapp/backend/ovs_idl/command.py", line 47, in execute
2026-05-08 19:27:40.912 10 ERROR neutron_lib.callbacks.manager self.run_idl(None)
2026-05-08 19:27:40.912 10 ERROR neutron_lib.callbacks.manager
File "/var/lib/openstack/lib/python3.10/site-packages/ovsdbapp/backend/ovs_idl/command.py", line 235, in run_idl
2026-05-08 19:27:40.912 10 ERROR neutron_lib.callbacks.manager record = self.api.lookup(self.table, self.record)
2026-05-08 19:27:40.912 10 ERROR neutron_lib.callbacks.manager
File "/var/lib/openstack/lib/python3.10/site-packages/ovsdbapp/backend/ovs_idl/__init__.py", line 184, in lookup
2026-05-08 19:27:40.912 10 ERROR neutron_lib.callbacks.manager return self._lookup(table, record)
2026-05-08 19:27:40.912 10 ERROR neutron_lib.callbacks.manager
File "/var/lib/openstack/lib/python3.10/site-packages/ovsdbapp/backend/ovs_idl/__init__.py", line 235, in _lookup
2026-05-08 19:27:40.912 10 ERROR neutron_lib.callbacks.manager row = idlutils.row_by_value(self, rl.table, rl.column, record)
2026-05-08 19:27:40.912 10 ERROR neutron_lib.callbacks.manager
File "/var/lib/openstack/lib/python3.10/site-packages/ovsdbapp/backend/ovs_idl/idlutils.py", line 114, in row_by_value
2026-05-08 19:27:40.912 10 ERROR neutron_lib.callbacks.manager raise RowNotFound(table=table, col=column, match=match)
2026-05-08 19:27:40.912 10 ERROR neutron_lib.callbacks.manager ovsdbapp.backend.ovs_idl.idlutils.RowNotFound: Cannot find Logical_Router_Port with name=lrp-b09033d6-b114-47c5-9b3d-8fbcf074328b
2026-05-08 19:27:40.912 10 ERROR neutron_lib.callbacks.manager 
2026-05-08 19:27:40.954 9 INFO neutron.wsgi [None req-12fd845e-5139-4f5d-9e9d-3ee1100d6c07 40e0a905a3e1402da216c20e91a4e992 589540dd3fdc47d79a2daa34e9efd666 - - default default] 10.0.0.69 "POST /v2.0/vpn/vpnservices HTTP/1.1" status: 201 len: 657 time: 8.2031569
2026-05-08 19:27:40.985 9 INFO neutron.wsgi [None req-83c83f02-b07c-4373-97a8-6be1e08afa90 3ddaf47919b3420391f365b50a20ef05 a4822123f8754224bc70ae4b48f42792 - - default default] 10.0.0.69 "GET /v2.0/vpn/vpnservices HTTP/1.1" status: 200 len: 1500 time: 0.0214028
2026-05-08 19:27:41.159 9 INFO neutron.wsgi [None req-11e202b0-e65f-4e12-a563-42049db25f41 0cfdd5e9b9b4447c819ccfa7d0cbcdb8 a9b4695f1c1745aca58d0d56f149f5b2 - - default default] 10.0.0.69 "DELETE /v2.0/security-groups/40495bee-fefc-44b9-bc5d-43d192c72434 HTTP/1.1" status: 204 len: 168 time: 0.3215454
2026-05-08 19:27:41.437 9 INFO neutron.db.ovn_revision_numbers_db [None req-49ce1230-f216-4ca1-b461-0cf6f95bc61c - - - - - -] Successfully bumped revision number for resource ad2ef024-b934-4202-a6ab-7b2291064be4 (type: ports) to 2
2026-05-08 19:27:41.505 10 INFO neutron.db.ovn_revision_numbers_db [None req-3b7805b9-66c1-4047-9952-4bdceddc1863 6796723c8de340849f59fb0450dbc1c3 7f489366cb4e4747b84463ccfbf785fa - - default default] Successfully bumped revision number for resource b09033d6-b114-47c5-9b3d-8fbcf074328b (type: ports) to 1
2026-05-08 19:27:41.530 10 WARNING neutron.plugins.ml2.drivers.ovn.mech_driver.ovsdb.ovn_client [None req-4f93f530-b8bd-4195-ad50-a2accf5859f6 - - - - - -] No hosting information found for port 4940b1c7-e6e5-43e5-8488-778aef0460fa: RuntimeError: No hosting information found for port 4940b1c7-e6e5-43e5-8488-778aef0460fa
2026-05-08 19:27:41.531 10 INFO neutron.plugins.ml2.drivers.ovn.mech_driver.mech_driver [None req-4f93f530-b8bd-4195-ad50-a2accf5859f6 - - - - - -] OVN reports status up for port: a463e4f4-3480-4794-b03e-42dfdd6101cf
2026-05-08 19:27:41.559 10 INFO neutron.plugins.ml2.plugin [None req-4f93f530-b8bd-4195-ad50-a2accf5859f6 - - - - - -] Attempt 1 to provision port a463e4f4-3480-4794-b03e-42dfdd6101cf
2026-05-08 19:27:41.597 9 INFO neutron.db.ovn_revision_numbers_db [None req-49ce1230-f216-4ca1-b461-0cf6f95bc61c - - - - - -] Successfully bumped revision number for resource ad2ef024-b934-4202-a6ab-7b2291064be4 (type: router_ports) to 2
2026-05-08 19:27:41.663 10 WARNING neutron.scheduler.dhcp_agent_scheduler [None req-3b7805b9-66c1-4047-9952-4bdceddc1863 6796723c8de340849f59fb0450dbc1c3 7f489366cb4e4747b84463ccfbf785fa - - default default] No more DHCP agents
2026-05-08 19:27:41.666 10 WARNING neutron.api.rpc.agentnotifiers.dhcp_rpc_agent_api [None req-3b7805b9-66c1-4047-9952-4bdceddc1863 6796723c8de340849f59fb0450dbc1c3 7f489366cb4e4747b84463ccfbf785fa - - default default] Unable to schedule network f59d8e5d-47a7-4004-bc80-1209cfdc5ced: no agents available; will retry on subsequent port and subnet creation events.
2026-05-08 19:27:42.284 10 INFO neutron.db.ovn_revision_numbers_db [None req-3b7805b9-66c1-4047-9952-4bdceddc1863 6796723c8de340849f59fb0450dbc1c3 7f489366cb4e4747b84463ccfbf785fa - - default default] Successfully bumped revision number for resource b09033d6-b114-47c5-9b3d-8fbcf074328b (type: router_ports) to 1
2026-05-08 19:27:42.291 10 INFO neutron.wsgi [None req-3b7805b9-66c1-4047-9952-4bdceddc1863 6796723c8de340849f59fb0450dbc1c3 7f489366cb4e4747b84463ccfbf785fa - - default default] 10.0.0.69 "PUT /v2.0/routers/ce845b85-f259-4029-a65c-13c440a6ea6d/add_router_interface HTTP/1.1" status: 200 len: 503 time: 2.9073863
2026-05-08 19:27:42.355 10 INFO neutron.db.ovn_revision_numbers_db [None req-4f93f530-b8bd-4195-ad50-a2accf5859f6 - - - - - -] Successfully bumped revision number for resource a463e4f4-3480-4794-b03e-42dfdd6101cf (type: ports) to 2
2026-05-08 19:27:42.361 9 WARNING neutron_lib.context [None req-7a039637-1ae5-43d9-b3f0-e1426916ff71 6796723c8de340849f59fb0450dbc1c3 7f489366cb4e4747b84463ccfbf785fa - - default default] Method 'is_advsvc' is deprecated since 2023.2 release (neutron-lib 3.8.0) and will be removed once support for the old RBAC API policies will be removed from Neutron. Please use method 'is_service_role' instead.
2026-05-08 19:27:42.481 9 INFO neutron.db.ovn_revision_numbers_db [None req-7a039637-1ae5-43d9-b3f0-e1426916ff71 6796723c8de340849f59fb0450dbc1c3 7f489366cb4e4747b84463ccfbf785fa - - default default] Successfully bumped revision number for resource e257965f-93cb-4b90-adaa-9bd10a1cbebc (type: security_groups) to 1
2026-05-08 19:27:42.494 9 INFO neutron.db.ovn_revision_numbers_db [None req-7a039637-1ae5-43d9-b3f0-e1426916ff71 6796723c8de340849f59fb0450dbc1c3 7f489366cb4e4747b84463ccfbf785fa - - default default] Successfully bumped revision number for resource a748a511-acf5-481b-859e-c47fadb224d4 (type: security_group_rules) to 0
2026-05-08 19:27:42.509 9 INFO neutron.db.ovn_revision_numbers_db [None req-7a039637-1ae5-43d9-b3f0-e1426916ff71 6796723c8de340849f59fb0450dbc1c3 7f489366cb4e4747b84463ccfbf785fa - - default default] Successfully bumped revision number for resource b2f9c416-4429-442d-add0-fae36dcccb9f (type: security_group_rules) to 0
2026-05-08 19:27:42.532 9 INFO neutron.wsgi [None req-7a039637-1ae5-43d9-b3f0-e1426916ff71 6796723c8de340849f59fb0450dbc1c3 7f489366cb4e4747b84463ccfbf785fa - - default default] 10.0.0.69 "POST /v2.0/security-groups HTTP/1.1" status: 201 len: 1830 time: 0.1779039
2026-05-08 19:27:42.543 9 WARNING neutron_lib.context [None req-269ca360-452e-4bf9-bc55-5c9353abb92d 6796723c8de340849f59fb0450dbc1c3 7f489366cb4e4747b84463ccfbf785fa - - default default] Method 'is_advsvc' is deprecated since 2023.2 release (neutron-lib 3.8.0) and will be removed once support for the old RBAC API policies will be removed from Neutron. Please use method 'is_service_role' instead.
2026-05-08 19:27:42.553 10 INFO neutron.db.ovn_revision_numbers_db [None req-4f93f530-b8bd-4195-ad50-a2accf5859f6 - - - - - -] Successfully bumped revision number for resource a463e4f4-3480-4794-b03e-42dfdd6101cf (type: router_ports) to 2
2026-05-08 19:27:42.676 9 INFO neutron.db.ovn_revision_numbers_db [None req-269ca360-452e-4bf9-bc55-5c9353abb92d 6796723c8de340849f59fb0450dbc1c3 7f489366cb4e4747b84463ccfbf785fa - - default default] Successfully bumped revision number for resource a954639f-535d-4417-b69e-19cdb8235ce0 (type: security_group_rules) to 0
2026-05-08 19:27:42.700 9 INFO neutron.wsgi [None req-269ca360-452e-4bf9-bc55-5c9353abb92d 6796723c8de340849f59fb0450dbc1c3 7f489366cb4e4747b84463ccfbf785fa - - default default] 10.0.0.69 "POST /v2.0/security-group-rules HTTP/1.1" status: 201 len: 796 time: 0.1610351
2026-05-08 19:27:42.710 9 WARNING neutron_lib.context [None req-b6aa1426-e813-49e3-8d1d-458b8e3758b5 6796723c8de340849f59fb0450dbc1c3 7f489366cb4e4747b84463ccfbf785fa - - default default] Method 'is_advsvc' is deprecated since 2023.2 release (neutron-lib 3.8.0) and will be removed once support for the old RBAC API policies will be removed from Neutron. Please use method 'is_service_role' instead.
2026-05-08 19:27:42.860 9 INFO neutron.db.ovn_revision_numbers_db [None req-b6aa1426-e813-49e3-8d1d-458b8e3758b5 6796723c8de340849f59fb0450dbc1c3 7f489366cb4e4747b84463ccfbf785fa - - default default] Successfully bumped revision number for resource 77fe19e8-69ad-444f-b5e4-1dcde3a90c07 (type: security_group_rules) to 0
2026-05-08 19:27:42.895 9 INFO neutron.wsgi [None req-b6aa1426-e813-49e3-8d1d-458b8e3758b5 6796723c8de340849f59fb0450dbc1c3 7f489366cb4e4747b84463ccfbf785fa - - default default] 10.0.0.69 "POST /v2.0/security-group-rules HTTP/1.1" status: 201 len: 796 time: 0.1900299
2026-05-08 19:27:42.903 9 WARNING neutron_lib.context [None req-babeada8-6d8c-4c03-b30f-3aeaed648e3d 6796723c8de340849f59fb0450dbc1c3 7f489366cb4e4747b84463ccfbf785fa - - default default] Method 'is_advsvc' is deprecated since 2023.2 release (neutron-lib 3.8.0) and will be removed once support for the old RBAC API policies will be removed from Neutron. Please use method 'is_service_role' instead.
2026-05-08 19:27:43.035 9 INFO neutron.db.ovn_revision_numbers_db [None req-babeada8-6d8c-4c03-b30f-3aeaed648e3d 6796723c8de340849f59fb0450dbc1c3 7f489366cb4e4747b84463ccfbf785fa - - default default] Successfully bumped revision number for resource b110f9d3-ccd1-43f1-939a-da47ac8904cf (type: security_group_rules) to 0
2026-05-08 19:27:43.061 9 INFO neutron.wsgi [None req-babeada8-6d8c-4c03-b30f-3aeaed648e3d 6796723c8de340849f59fb0450dbc1c3 7f489366cb4e4747b84463ccfbf785fa - - default default] 10.0.0.69 "POST /v2.0/security-group-rules HTTP/1.1" status: 201 len: 798 time: 0.1621656
2026-05-08 19:27:43.071 9 WARNING neutron_lib.context [None req-ae82f122-ab86-4e5e-8683-4ff46cf25ce8 6796723c8de340849f59fb0450dbc1c3 7f489366cb4e4747b84463ccfbf785fa - - default default] Method 'is_advsvc' is deprecated since 2023.2 release (neutron-lib 3.8.0) and will be removed once support for the old RBAC API policies will be removed from Neutron. Please use method 'is_service_role' instead.
2026-05-08 19:27:43.207 9 INFO neutron.db.ovn_revision_numbers_db [None req-ae82f122-ab86-4e5e-8683-4ff46cf25ce8 6796723c8de340849f59fb0450dbc1c3 7f489366cb4e4747b84463ccfbf785fa - - default default] Successfully bumped revision number for resource 60681dfa-1101-49b9-91af-e863bfe70bd2 (type: security_group_rules) to 0
2026-05-08 19:27:43.235 9 INFO neutron.wsgi [None req-ae82f122-ab86-4e5e-8683-4ff46cf25ce8 6796723c8de340849f59fb0450dbc1c3 7f489366cb4e4747b84463ccfbf785fa - - default default] 10.0.0.69 "POST /v2.0/security-group-rules HTTP/1.1" status: 201 len: 800 time: 0.1699672
2026-05-08 19:27:43.246 9 WARNING neutron_lib.context [None req-02a9cd1e-988d-4546-bdfb-0224be93ea53 6796723c8de340849f59fb0450dbc1c3 7f489366cb4e4747b84463ccfbf785fa - - default default] Method 'is_advsvc' is deprecated since 2023.2 release (neutron-lib 3.8.0) and will be removed once support for the old RBAC API policies will be removed from Neutron. Please use method 'is_service_role' instead.
2026-05-08 19:27:43.397 9 INFO neutron.db.ovn_revision_numbers_db [None req-02a9cd1e-988d-4546-bdfb-0224be93ea53 6796723c8de340849f59fb0450dbc1c3 7f489366cb4e4747b84463ccfbf785fa - - default default] Successfully bumped revision number for resource cf669523-11f4-4515-9d54-76c956845801 (type: security_group_rules) to 0
2026-05-08 19:27:43.428 9 INFO neutron.wsgi [None req-02a9cd1e-988d-4546-bdfb-0224be93ea53 6796723c8de340849f59fb0450dbc1c3 7f489366cb4e4747b84463ccfbf785fa - - default default] 10.0.0.69 "POST /v2.0/security-group-rules HTTP/1.1" status: 201 len: 800 time: 0.1866786
2026-05-08 19:27:43.439 9 WARNING neutron_lib.context [None req-1e4a8bc4-8c9a-4f11-90d2-747afc97eea3 6796723c8de340849f59fb0450dbc1c3 7f489366cb4e4747b84463ccfbf785fa - - default default] Method 'is_advsvc' is deprecated since 2023.2 release (neutron-lib 3.8.0) and will be removed once support for the old RBAC API policies will be removed from Neutron. Please use method 'is_service_role' instead.
2026-05-08 19:27:43.581 9 INFO neutron.db.ovn_revision_numbers_db [None req-1e4a8bc4-8c9a-4f11-90d2-747afc97eea3 6796723c8de340849f59fb0450dbc1c3 7f489366cb4e4747b84463ccfbf785fa - - default default] Successfully bumped revision number for resource 1cd5943f-12ed-458e-9314-0d213e0e676d (type: security_group_rules) to 0
2026-05-08 19:27:43.605 9 INFO neutron.wsgi [None req-1e4a8bc4-8c9a-4f11-90d2-747afc97eea3 6796723c8de340849f59fb0450dbc1c3 7f489366cb4e4747b84463ccfbf785fa - - default default] 10.0.0.69 "POST /v2.0/security-group-rules HTTP/1.1" status: 201 len: 796 time: 0.1717739
2026-05-08 19:27:43.616 9 WARNING neutron_lib.context [None req-5275cad2-f169-4ae4-95e4-ed09daec44b1 6796723c8de340849f59fb0450dbc1c3 7f489366cb4e4747b84463ccfbf785fa - - default default] Method 'is_advsvc' is deprecated since 2023.2 release (neutron-lib 3.8.0) and will be removed once support for the old RBAC API policies will be removed from Neutron. Please use method 'is_service_role' instead.
2026-05-08 19:27:43.780 9 INFO neutron.db.ovn_revision_numbers_db [None req-5275cad2-f169-4ae4-95e4-ed09daec44b1 6796723c8de340849f59fb0450dbc1c3 7f489366cb4e4747b84463ccfbf785fa - - default default] Successfully bumped revision number for resource 1235d8e8-b31a-431f-aa95-39d7495ca17c (type: security_group_rules) to 0
2026-05-08 19:27:43.815 9 INFO neutron.wsgi [None req-5275cad2-f169-4ae4-95e4-ed09daec44b1 6796723c8de340849f59fb0450dbc1c3 7f489366cb4e4747b84463ccfbf785fa - - default default] 10.0.0.69 "POST /v2.0/security-group-rules HTTP/1.1" status: 201 len: 796 time: 0.2033792
2026-05-08 19:27:43.822 9 WARNING neutron_lib.context [None req-cf075c02-06e6-4de0-8a5f-048209ab46fc 6796723c8de340849f59fb0450dbc1c3 7f489366cb4e4747b84463ccfbf785fa - - default default] Method 'is_advsvc' is deprecated since 2023.2 release (neutron-lib 3.8.0) and will be removed once support for the old RBAC API policies will be removed from Neutron. Please use method 'is_service_role' instead.
2026-05-08 19:27:43.968 9 INFO neutron.db.ovn_revision_numbers_db [None req-cf075c02-06e6-4de0-8a5f-048209ab46fc 6796723c8de340849f59fb0450dbc1c3 7f489366cb4e4747b84463ccfbf785fa - - default default] Successfully bumped revision number for resource 7b778e53-a172-420d-9a3a-c628de98d194 (type: security_group_rules) to 0
2026-05-08 19:27:43.991 9 INFO neutron.wsgi [None req-cf075c02-06e6-4de0-8a5f-048209ab46fc 6796723c8de340849f59fb0450dbc1c3 7f489366cb4e4747b84463ccfbf785fa - - default default] 10.0.0.69 "POST /v2.0/security-group-rules HTTP/1.1" status: 201 len: 796 time: 0.1728275
2026-05-08 19:27:44.001 9 WARNING neutron_lib.context [None req-5d73cba1-3d9d-433e-8107-03c2ac9d3bab 6796723c8de340849f59fb0450dbc1c3 7f489366cb4e4747b84463ccfbf785fa - - default default] Method 'is_advsvc' is deprecated since 2023.2 release (neutron-lib 3.8.0) and will be removed once support for the old RBAC API policies will be removed from Neutron. Please use method 'is_service_role' instead.
2026-05-08 19:27:44.154 9 INFO neutron.db.ovn_revision_numbers_db [None req-5d73cba1-3d9d-433e-8107-03c2ac9d3bab 6796723c8de340849f59fb0450dbc1c3 7f489366cb4e4747b84463ccfbf785fa - - default default] Successfully bumped revision number for resource 7f317af3-8d7b-493b-b98f-71d58c94989c (type: security_group_rules) to 0
2026-05-08 19:27:44.178 9 INFO neutron.wsgi [None req-5d73cba1-3d9d-433e-8107-03c2ac9d3bab 6796723c8de340849f59fb0450dbc1c3 7f489366cb4e4747b84463ccfbf785fa - - default default] 10.0.0.69 "POST /v2.0/security-group-rules HTTP/1.1" status: 201 len: 798 time: 0.1818454
2026-05-08 19:27:44.187 9 WARNING neutron_lib.context [None req-9591e27c-1952-4a74-a027-8a4f6c7b1586 6796723c8de340849f59fb0450dbc1c3 7f489366cb4e4747b84463ccfbf785fa - - default default] Method 'is_advsvc' is deprecated since 2023.2 release (neutron-lib 3.8.0) and will be removed once support for the old RBAC API policies will be removed from Neutron. Please use method 'is_service_role' instead.
2026-05-08 19:27:44.362 9 INFO neutron.db.ovn_revision_numbers_db [None req-9591e27c-1952-4a74-a027-8a4f6c7b1586 6796723c8de340849f59fb0450dbc1c3 7f489366cb4e4747b84463ccfbf785fa - - default default] Successfully bumped revision number for resource 07782e98-5195-4982-9677-8db2ede0ac6a (type: security_group_rules) to 0
2026-05-08 19:27:44.391 9 INFO neutron.wsgi [None req-9591e27c-1952-4a74-a027-8a4f6c7b1586 6796723c8de340849f59fb0450dbc1c3 7f489366cb4e4747b84463ccfbf785fa - - default default] 10.0.0.69 "POST /v2.0/security-group-rules HTTP/1.1" status: 201 len: 800 time: 0.2083678
2026-05-08 19:27:44.405 9 WARNING neutron_lib.context [None req-42566567-4942-4d30-8e3a-cdffe42a29d2 6796723c8de340849f59fb0450dbc1c3 7f489366cb4e4747b84463ccfbf785fa - - default default] Method 'is_advsvc' is deprecated since 2023.2 release (neutron-lib 3.8.0) and will be removed once support for the old RBAC API policies will be removed from Neutron. Please use method 'is_service_role' instead.
2026-05-08 19:27:44.576 9 INFO neutron.db.ovn_revision_numbers_db [None req-42566567-4942-4d30-8e3a-cdffe42a29d2 6796723c8de340849f59fb0450dbc1c3 7f489366cb4e4747b84463ccfbf785fa - - default default] Successfully bumped revision number for resource f14abace-09ce-4d60-9acc-c4363d677f30 (type: security_group_rules) to 0
2026-05-08 19:27:44.604 9 INFO neutron.wsgi [None req-42566567-4942-4d30-8e3a-cdffe42a29d2 6796723c8de340849f59fb0450dbc1c3 7f489366cb4e4747b84463ccfbf785fa - - default default] 10.0.0.69 "POST /v2.0/security-group-rules HTTP/1.1" status: 201 len: 796 time: 0.2076497
2026-05-08 19:27:44.618 10 INFO neutron.services.segments.plugin [-] Segment ea91cfcd-0fbc-4abc-84ff-0b10ba487c62 resource provider aggregate not found
2026-05-08 19:27:44.634 10 INFO neutron.services.segments.plugin [-] Segment ea91cfcd-0fbc-4abc-84ff-0b10ba487c62 resource provider aggregate not found
2026-05-08 19:27:44.639 10 INFO neutron.services.segments.plugin [-] Segment ea91cfcd-0fbc-4abc-84ff-0b10ba487c62 resource provider not found; error: Placement Client Error (4xx): {"errors": [{"status": 404, "title": "Not Found", "detail": "The resource could not be found.\n\n No resource provider with uuid ea91cfcd-0fbc-4abc-84ff-0b10ba487c62 found for delete ", "request_id": "req-51812c57-0e9e-42d4-9c23-18eb27793e29"}]}
2026-05-08 19:27:44.651 10 INFO neutron.services.segments.plugin [-] Segment ea91cfcd-0fbc-4abc-84ff-0b10ba487c62 resource provider not found; error: Placement Client Error (4xx): {"errors": [{"status": 404, "title": "Not Found", "detail": "The resource could not be found.\n\n No resource provider with uuid ea91cfcd-0fbc-4abc-84ff-0b10ba487c62 found for delete ", "request_id": "req-3f4467c4-0aec-47c2-b72c-5dd5e643918f"}]}
2026-05-08 19:27:44.682 10 INFO neutron.wsgi [None req-089c45ae-4289-457c-a888-1f829f1aa19a 40e0a905a3e1402da216c20e91a4e992 589540dd3fdc47d79a2daa34e9efd666 - - default default] 10.0.0.69 "DELETE /v2.0/vpn/vpnservices/adb40749-21b0-493f-9ab7-a14cc18b63c0 HTTP/1.1" status: 204 len: 168 time: 3.6894293 /var/lib/openstack/lib/python3.10/site-packages/pycadf/identifier.py:71: UserWarning: Invalid uuid: neutron. To ensure interoperability, identifiers should be a valid uuid. warnings.warn(('Invalid uuid: %s. To ensure interoperability, '
2026-05-08 19:27:44.692 10 WARNING neutron_lib.context [None req-a72dc947-1002-4c41-95e1-37eaf69f2ef6 3ddaf47919b3420391f365b50a20ef05 a4822123f8754224bc70ae4b48f42792 - - default default] Method 'is_advsvc' is deprecated since 2023.2 release (neutron-lib 3.8.0) and will be removed once support for the old RBAC API policies will be removed from Neutron. Please use method 'is_service_role' instead.
2026-05-08 19:27:44.768 10 INFO neutron.wsgi [None req-a72dc947-1002-4c41-95e1-37eaf69f2ef6 3ddaf47919b3420391f365b50a20ef05 a4822123f8754224bc70ae4b48f42792 - - default default] 10.0.0.69 "POST /v2.0/vpn/endpoint-groups HTTP/1.1" status: 201 len: 500 time: 0.0812337
2026-05-08 19:27:44.781 9 WARNING neutron_lib.context [None req-ba7e9cb6-e8fe-411e-b7db-3f1bdd910d5a 3ddaf47919b3420391f365b50a20ef05 a4822123f8754224bc70ae4b48f42792 - - default default] Method 'is_advsvc' is deprecated since 2023.2 release (neutron-lib 3.8.0) and will be removed once support for the old RBAC API policies will be removed from Neutron. Please use method 'is_service_role' instead.
2026-05-08 19:27:44.824 9 INFO neutron.wsgi [None req-ba7e9cb6-e8fe-411e-b7db-3f1bdd910d5a 3ddaf47919b3420391f365b50a20ef05 a4822123f8754224bc70ae4b48f42792 - - default default] 10.0.0.69 "POST /v2.0/vpn/endpoint-groups HTTP/1.1" status: 201 len: 493 time: 0.0497220
2026-05-08 19:27:44.834 9 WARNING neutron.api.v2.base [None req-cb1ff165-272e-4227-a0b1-10d48c929c0f 3ddaf47919b3420391f365b50a20ef05 a4822123f8754224bc70ae4b48f42792 - - default default] An exception happened while processing the request body. The exception message is [Unrecognized attribute(s) 'peer_cidr'].: webob.exc.HTTPBadRequest: Unrecognized attribute(s) 'peer_cidr'
2026-05-08 19:27:44.835 9 INFO neutron.api.v2.resource [None req-cb1ff165-272e-4227-a0b1-10d48c929c0f 3ddaf47919b3420391f365b50a20ef05 a4822123f8754224bc70ae4b48f42792 - - default default] create failed (client error): Unrecognized attribute(s) 'peer_cidr'
2026-05-08 19:27:44.836 9 INFO neutron.wsgi [None req-cb1ff165-272e-4227-a0b1-10d48c929c0f 3ddaf47919b3420391f365b50a20ef05 a4822123f8754224bc70ae4b48f42792 - - default default] 10.0.0.69 "POST /v2.0/vpn/ipsec-site-connections HTTP/1.1" status: 400 len: 313 time: 0.0068278
2026-05-08 19:27:44.867 10 INFO neutron.wsgi [None req-70071819-e3a8-4005-9ed8-b70b2ff9dea9 3ddaf47919b3420391f365b50a20ef05 a4822123f8754224bc70ae4b48f42792 - - default default] 10.0.0.69 "GET /v2.0/vpn/endpoint-groups HTTP/1.1" status: 200 len: 1387 time: 0.0252900
2026-05-08 19:27:44.904 9 INFO neutron.wsgi [None req-6a506cd4-a3ba-4b8e-850d-f578c37678eb 3ddaf47919b3420391f365b50a20ef05 a4822123f8754224bc70ae4b48f42792 - - default default] 10.0.0.69 "DELETE /v2.0/vpn/endpoint-groups/352a52d4-7aa4-4d7c-98fb-0f9804625f8d HTTP/1.1" status: 204 len: 168 time: 0.0302281
2026-05-08 19:27:44.912 10 INFO neutron.wsgi [req-7236fc68-2733-4b1d-b796-da075c7bdf47 req-4071e575-33cb-493d-ac75-326f7c26523c 6796723c8de340849f59fb0450dbc1c3 7f489366cb4e4747b84463ccfbf785fa - - default default] 10.0.0.134 "GET /v2.0/security-groups?name=tempest-lb_member_SG-1503043606&fields=id&tenant_id=7f489366cb4e4747b84463ccfbf785fa HTTP/1.1" status: 200 len: 267 time: 0.0601382
2026-05-08 19:27:44.921 9 INFO neutron.wsgi [None req-2bf3939c-9bc0-47f8-b961-638aa51bcb9c 3ddaf47919b3420391f365b50a20ef05 a4822123f8754224bc70ae4b48f42792 - - default default] 10.0.0.69 "GET /v2.0/vpn/endpoint-groups HTTP/1.1" status: 200 len: 1110 time: 0.0122128
2026-05-08 19:27:44.937 9 INFO neutron.wsgi [None req-ab701014-36d9-4c3a-a1d1-be64c4e4a3b0 3ddaf47919b3420391f365b50a20ef05 a4822123f8754224bc70ae4b48f42792 - - default default] 10.0.0.69 "GET /v2.0/vpn/endpoint-groups HTTP/1.1" status: 200 len: 1110 time: 0.0115292
2026-05-08 19:27:44.969 9 INFO neutron.wsgi [None req-6ae0d5cd-0a0d-443c-a7da-dd93bee6141d 3ddaf47919b3420391f365b50a20ef05 a4822123f8754224bc70ae4b48f42792 - - default default] 10.0.0.69 "DELETE /v2.0/vpn/endpoint-groups/ca942c69-1f91-4dc0-9dc1-533c203b5ddb HTTP/1.1" status: 204 len: 168 time: 0.0259588
2026-05-08 19:27:44.984 9 INFO neutron.wsgi [None req-c73891ca-765c-44ba-b0aa-d0ecb013514d 3ddaf47919b3420391f365b50a20ef05 a4822123f8754224bc70ae4b48f42792 - - default default] 10.0.0.69 "GET /v2.0/vpn/endpoint-groups HTTP/1.1" status: 200 len: 827 time: 0.0108469
2026-05-08 19:27:44.994 9 WARNING neutron_lib.context [None req-1dfeb2b3-01d4-49e9-a965-99dd07ffd783 3ddaf47919b3420391f365b50a20ef05 a4822123f8754224bc70ae4b48f42792 - - default default] Method 'is_advsvc' is deprecated since 2023.2 release (neutron-lib 3.8.0) and will be removed once support for the old RBAC API policies will be removed from Neutron. Please use method 'is_service_role' instead.
2026-05-08 19:27:45.015 10 INFO neutron.wsgi [req-7236fc68-2733-4b1d-b796-da075c7bdf47 req-059ab1f1-efd5-4584-bab7-f25589d213b4 6796723c8de340849f59fb0450dbc1c3 7f489366cb4e4747b84463ccfbf785fa - - default default] 10.0.0.134 "GET /v2.0/networks?id=57e9079b-3e58-4291-9c5e-1da6340afb00 HTTP/1.1" status: 200 len: 904 time: 0.0949569
2026-05-08 19:27:45.036 10 INFO neutron.wsgi [req-7236fc68-2733-4b1d-b796-da075c7bdf47 req-18e6501f-510d-4f95-ad7e-de2fa3c4061d 6796723c8de340849f59fb0450dbc1c3 7f489366cb4e4747b84463ccfbf785fa - - default default] 10.0.0.134 "GET /v2.0/quotas/7f489366cb4e4747b84463ccfbf785fa HTTP/1.1" status: 200 len: 491 time: 0.0120428
2026-05-08 19:27:45.058 9 INFO neutron.wsgi [None req-1dfeb2b3-01d4-49e9-a965-99dd07ffd783 3ddaf47919b3420391f365b50a20ef05 a4822123f8754224bc70ae4b48f42792 - - default default] 10.0.0.69 "POST /v2.0/vpn/endpoint-groups HTTP/1.1" status: 201 len: 500 time: 0.0696893
2026-05-08 19:27:45.067 9 WARNING neutron_lib.context [None req-7ad9011c-20b3-4a4f-a0a3-da9f782b795d 3ddaf47919b3420391f365b50a20ef05 a4822123f8754224bc70ae4b48f42792 - - default default] Method 'is_advsvc' is deprecated since 2023.2 release (neutron-lib 3.8.0) and will be removed once support for the old RBAC API policies will be removed from Neutron. Please use method 'is_service_role' instead.
2026-05-08 19:27:45.107 9 INFO neutron.wsgi [None req-7ad9011c-20b3-4a4f-a0a3-da9f782b795d 3ddaf47919b3420391f365b50a20ef05 a4822123f8754224bc70ae4b48f42792 - - default default] 10.0.0.69 "POST /v2.0/vpn/endpoint-groups HTTP/1.1" status: 201 len: 492 time: 0.0438979
2026-05-08 19:27:45.119 9 WARNING neutron_lib.context [None req-d2657a8c-7872-4905-8654-4e047bccbe26 3ddaf47919b3420391f365b50a20ef05 a4822123f8754224bc70ae4b48f42792 - - default default] Method 'is_advsvc' is deprecated since 2023.2 release (neutron-lib 3.8.0) and will be removed once support for the old RBAC API policies will be removed from Neutron. Please use method 'is_service_role' instead.
2026-05-08 19:27:45.163 9 INFO neutron.api.v2.resource [None req-d2657a8c-7872-4905-8654-4e047bccbe26 3ddaf47919b3420391f365b50a20ef05 a4822123f8754224bc70ae4b48f42792 - - default default] create failed (client error): The server could not comply with the request since it is either malformed or otherwise incorrect.
2026-05-08 19:27:45.164 9 INFO neutron.wsgi [None req-d2657a8c-7872-4905-8654-4e047bccbe26 3ddaf47919b3420391f365b50a20ef05 a4822123f8754224bc70ae4b48f42792 - - default default] 10.0.0.69 "POST /v2.0/vpn/ipsec-site-connections HTTP/1.1" status: 400 len: 373 time: 0.0519524
2026-05-08 19:27:45.182 9 INFO neutron.wsgi [None req-727e0ec3-4c58-4693-9c17-99513e261ce3 3ddaf47919b3420391f365b50a20ef05 a4822123f8754224bc70ae4b48f42792 - - default default] 10.0.0.69 "GET /v2.0/vpn/endpoint-groups HTTP/1.1" status: 200 len: 1386 time: 0.0131230
2026-05-08 19:27:45.215 9 INFO neutron.wsgi [None req-d43cfe83-20cc-4bd9-b619-a79d4520a00e 3ddaf47919b3420391f365b50a20ef05 a4822123f8754224bc70ae4b48f42792 - - default default] 10.0.0.69 "DELETE /v2.0/vpn/endpoint-groups/86ff12a3-d0d8-4ef1-92f6-ec34be599fe5 HTTP/1.1" status: 204 len: 168 time: 0.0275953
2026-05-08 19:27:45.232 9 INFO neutron.wsgi [None req-912016bd-6341-4b0f-94bd-53d57d0470cc 3ddaf47919b3420391f365b50a20ef05 a4822123f8754224bc70ae4b48f42792 - - default default] 10.0.0.69 "GET /v2.0/vpn/endpoint-groups HTTP/1.1" status: 200 len: 1110 time: 0.0120974
2026-05-08 19:27:45.252 10 INFO neutron.wsgi [None req-5397708e-1f7c-4eee-8024-915bd12f9850 3ddaf47919b3420391f365b50a20ef05 a4822123f8754224bc70ae4b48f42792 - - default default] 10.0.0.69 "GET /v2.0/vpn/endpoint-groups HTTP/1.1" status: 200 len: 1110 time: 0.0166712
2026-05-08 19:27:45.274 10 INFO neutron.wsgi [req-7236fc68-2733-4b1d-b796-da075c7bdf47 req-de404784-3443-4889-8e22-a44aa4d3955b 6796723c8de340849f59fb0450dbc1c3 7f489366cb4e4747b84463ccfbf785fa - - default default] 10.0.0.134 "GET /v2.0/ports?tenant_id=7f489366cb4e4747b84463ccfbf785fa&fields=id HTTP/1.1" status: 200 len: 486 time: 0.2331200
2026-05-08 19:27:45.282 9 INFO neutron.wsgi [None req-228f52df-3aff-41f3-8f6d-b8bb3cdbbf00 3ddaf47919b3420391f365b50a20ef05 a4822123f8754224bc70ae4b48f42792 - - default default] 10.0.0.69 "DELETE /v2.0/vpn/endpoint-groups/c8337245-603c-400a-9000-c1a8b414ae13 HTTP/1.1" status: 204 len: 168 time: 0.0251498
2026-05-08 19:27:45.308 10 INFO neutron.wsgi [None req-5ff2e82a-ba33-4013-aa3e-f6cedc3b4afb 3ddaf47919b3420391f365b50a20ef05 a4822123f8754224bc70ae4b48f42792 - - default default] 10.0.0.69 "GET /v2.0/vpn/endpoint-groups HTTP/1.1" status: 200 len: 827 time: 0.0216765
2026-05-08 19:27:45.320 9 WARNING neutron_lib.context [None req-dae36f54-ded9-405d-8b61-0c6628915765 3ddaf47919b3420391f365b50a20ef05 a4822123f8754224bc70ae4b48f42792 - - default default] Method 'is_advsvc' is deprecated since 2023.2 release (neutron-lib 3.8.0) and will be removed once support for the old RBAC API policies will be removed from Neutron. Please use method 'is_service_role' instead.
2026-05-08 19:27:45.350 10 INFO neutron.wsgi [req-7236fc68-2733-4b1d-b796-da075c7bdf47 req-5b7b1aac-5138-4851-a0bc-c544f57be139 ee2a682f0451424bb118efe638301089 11fa2fa4209848c88b252ebd561d433c - - 772c15fb44154c78897ebe5784d2c942 772c15fb44154c78897ebe5784d2c942] 10.0.0.134 "GET /v2.0/networks/57e9079b-3e58-4291-9c5e-1da6340afb00?fields=segments HTTP/1.1" status: 200 len: 212 time: 0.0549552
2026-05-08 19:27:45.380 9 INFO neutron.wsgi [None req-dae36f54-ded9-405d-8b61-0c6628915765 3ddaf47919b3420391f365b50a20ef05 a4822123f8754224bc70ae4b48f42792 - - default default] 10.0.0.69 "POST /v2.0/vpn/endpoint-groups HTTP/1.1" status: 201 len: 500 time: 0.0655181
2026-05-08 19:27:45.389 9 WARNING neutron.api.v2.base [None req-06778267-64d2-4574-9a36-5381336e10a3 3ddaf47919b3420391f365b50a20ef05 a4822123f8754224bc70ae4b48f42792 - - default default] An exception happened while processing the request body. The exception message is [Failed to parse request. Required attribute 'peer_id' not specified].: webob.exc.HTTPBadRequest: Failed to parse request. Required attribute 'peer_id' not specified
2026-05-08 19:27:45.390 9 INFO neutron.api.v2.resource [None req-06778267-64d2-4574-9a36-5381336e10a3 3ddaf47919b3420391f365b50a20ef05 a4822123f8754224bc70ae4b48f42792 - - default default] create failed (client error): Failed to parse request. Required attribute 'peer_id' not specified
2026-05-08 19:27:45.391 9 INFO neutron.wsgi [None req-06778267-64d2-4574-9a36-5381336e10a3 3ddaf47919b3420391f365b50a20ef05 a4822123f8754224bc70ae4b48f42792 - - default default] 10.0.0.69 "POST /v2.0/vpn/ipsec-site-connections HTTP/1.1" status: 400 len: 343 time: 0.0069394
2026-05-08 19:27:45.392 10 INFO neutron.wsgi [-] 10.0.0.156 "GET / HTTP/1.1" status: 200 len: 245 time: 0.0022185
2026-05-08 19:27:45.394 10 INFO neutron.wsgi [-] 10.0.0.156 "GET / HTTP/1.1" status: 200 len: 245 time: 0.0009451
2026-05-08 19:27:45.396 9 WARNING neutron_lib.context [None req-bf374f89-5cae-485a-be82-b03d9aeb958f d9d7651a774f440fb00ce62a86528599 847fe68cb3ac41f39ff5187e3db8a45e - - default default] Method 'is_advsvc' is deprecated since 2023.2 release (neutron-lib 3.8.0) and will be removed once support for the old RBAC API policies will be removed from Neutron. Please use method 'is_service_role' instead.
2026-05-08 19:27:45.411 10 INFO neutron.wsgi [None req-e894dff7-7b80-4197-afa5-e19fb70cca99 3ddaf47919b3420391f365b50a20ef05 a4822123f8754224bc70ae4b48f42792 - - default default] 10.0.0.69 "GET /v2.0/vpn/endpoint-groups HTTP/1.1" status: 200 len: 1110 time: 0.0148461
2026-05-08 19:27:45.451 10 INFO neutron.wsgi [req-7236fc68-2733-4b1d-b796-da075c7bdf47 req-d9c8ee7a-beac-45f8-b711-eb1286043c10 ee2a682f0451424bb118efe638301089 11fa2fa4209848c88b252ebd561d433c - - 772c15fb44154c78897ebe5784d2c942 772c15fb44154c78897ebe5784d2c942] 10.0.0.134 "GET /v2.0/networks/57e9079b-3e58-4291-9c5e-1da6340afb00?fields=provider%3Aphysical_network&fields=provider%3Anetwork_type HTTP/1.1" status: 200 len: 277 time: 0.0922863
2026-05-08 19:27:45.460 10 INFO neutron.wsgi [None req-c94b5159-387d-4f68-9a08-17abbb7c11e8 3ddaf47919b3420391f365b50a20ef05 a4822123f8754224bc70ae4b48f42792 - - default default] 10.0.0.69 "DELETE /v2.0/vpn/endpoint-groups/e1843ecb-402d-4b42-9e0f-c46dbe3272c2 HTTP/1.1" status: 204 len: 168 time: 0.0433218
2026-05-08 19:27:45.484 10 INFO neutron.wsgi [None req-723e4dc9-3937-4ed6-9553-ba490261417b 3ddaf47919b3420391f365b50a20ef05 a4822123f8754224bc70ae4b48f42792 - - default default] 10.0.0.69 "GET /v2.0/vpn/endpoint-groups HTTP/1.1" status: 200 len: 827 time: 0.0178072
2026-05-08 19:27:45.496 10 WARNING neutron_lib.context [None req-08f2de61-b233-4b43-9a23-6b1de32140d0 3ddaf47919b3420391f365b50a20ef05 a4822123f8754224bc70ae4b48f42792 - - default default] Method 'is_advsvc' is deprecated since 2023.2 release (neutron-lib 3.8.0) and will be removed once support for the old RBAC API policies will be removed from Neutron. Please use method 'is_service_role' instead.
2026-05-08 19:27:45.510 9 INFO neutron.db.ovn_revision_numbers_db [None req-bf374f89-5cae-485a-be82-b03d9aeb958f d9d7651a774f440fb00ce62a86528599 847fe68cb3ac41f39ff5187e3db8a45e - - default default] Successfully bumped revision number for resource 3726d4d1-a012-41d8-b08e-81854a41090f (type: routers) to 1
2026-05-08 19:27:45.526 9 INFO neutron.wsgi [None req-bf374f89-5cae-485a-be82-b03d9aeb958f d9d7651a774f440fb00ce62a86528599 847fe68cb3ac41f39ff5187e3db8a45e - - default default] 10.0.0.69 "POST /v2.0/routers HTTP/1.1" status: 201 len: 769 time: 0.2906716
2026-05-08 19:27:45.537 10 WARNING neutron_lib.context [None req-a27c9d03-316b-46d1-aa99-074813a304a2 d9d7651a774f440fb00ce62a86528599 847fe68cb3ac41f39ff5187e3db8a45e - - default default] Method 'is_advsvc' is deprecated since 2023.2 release (neutron-lib 3.8.0) and will be removed once support for the old RBAC API policies will be removed from Neutron. Please use method 'is_service_role' instead.
2026-05-08 19:27:45.545 10 INFO neutron.wsgi [None req-08f2de61-b233-4b43-9a23-6b1de32140d0 3ddaf47919b3420391f365b50a20ef05 a4822123f8754224bc70ae4b48f42792 - - default default] 10.0.0.69 "POST /v2.0/vpn/endpoint-groups HTTP/1.1" status: 201 len: 493 time: 0.0540910
2026-05-08 19:27:45.554 9 WARNING neutron.api.v2.base [None req-c344003e-432d-41dd-8854-dabc8b807f36 3ddaf47919b3420391f365b50a20ef05 a4822123f8754224bc70ae4b48f42792 - - default default] An exception happened while processing the request body. The exception message is [Failed to parse request. Required attribute 'peer_id' not specified].: webob.exc.HTTPBadRequest: Failed to parse request. Required attribute 'peer_id' not specified
2026-05-08 19:27:45.554 9 INFO neutron.api.v2.resource [None req-c344003e-432d-41dd-8854-dabc8b807f36 3ddaf47919b3420391f365b50a20ef05 a4822123f8754224bc70ae4b48f42792 - - default default] create failed (client error): Failed to parse request. Required attribute 'peer_id' not specified
2026-05-08 19:27:45.556 9 INFO neutron.wsgi [None req-c344003e-432d-41dd-8854-dabc8b807f36 3ddaf47919b3420391f365b50a20ef05 a4822123f8754224bc70ae4b48f42792 - - default default] 10.0.0.69 "POST /v2.0/vpn/ipsec-site-connections HTTP/1.1" status: 400 len: 343 time: 0.0063372
2026-05-08 19:27:45.579 9 INFO neutron.wsgi [None req-9c5e4318-614a-4059-b8d2-ee6523ca5226 3ddaf47919b3420391f365b50a20ef05 a4822123f8754224bc70ae4b48f42792 - - default default] 10.0.0.69 "GET /v2.0/vpn/endpoint-groups HTTP/1.1" status: 200 len: 1103 time: 0.0194237
