2026-05-08 19:23:23.044 9 INFO neutron.plugins.ml2.plugin [None req-49ce1230-f216-4ca1-b461-0cf6f95bc61c - - - - - -] Attempt 1 to provision port bbf704b8-19b7-4f8c-a510-92e1e24da108
2026-05-08 19:23:23.256 10 INFO neutron.wsgi [None req-07223807-1868-4a99-a471-7c43aa2c6847 baf7d78100a34b76a69e3ea68bf65469 db1a8841dc0344ab8607ee66bb72a083 - - default default] 10.0.0.69 "GET /v2.0/networks HTTP/1.1" status: 200 len: 2051 time: 0.3329816
2026-05-08 19:23:23.270 10 INFO neutron.db.ovn_revision_numbers_db [None req-e9ceb784-acb1-4adb-bf32-035827b5eed5 - - - - - -] Successfully bumped revision number for resource bbf704b8-19b7-4f8c-a510-92e1e24da108 (type: router_ports) to 4
2026-05-08 19:23:23.345 10 WARNING neutron_lib.context [None req-c90caafd-03da-40c8-b874-eba996aa3c03 40e7c472544d4ccd846246e77b70be43 4533d528c09e4fd888a081fecdfb6c5f - - default default] Method 'is_advsvc' is deprecated since 2023.2 release (neutron-lib 3.8.0) and will be removed once support for the old RBAC API policies will be removed from Neutron. Please use method 'is_service_role' instead.
2026-05-08 19:23:23.619 10 INFO neutron.db.ovn_revision_numbers_db [None req-c90caafd-03da-40c8-b874-eba996aa3c03 40e7c472544d4ccd846246e77b70be43 4533d528c09e4fd888a081fecdfb6c5f - - default default] Successfully bumped revision number for resource 5dc06ca0-4995-4071-b1b8-a0de601007d6 (type: security_groups) to 1
2026-05-08 19:23:23.651 10 INFO neutron.db.ovn_revision_numbers_db [None req-c90caafd-03da-40c8-b874-eba996aa3c03 40e7c472544d4ccd846246e77b70be43 4533d528c09e4fd888a081fecdfb6c5f - - default default] Successfully bumped revision number for resource 84f2c57a-fefd-422d-a6a4-2cbc0752e811 (type: security_group_rules) to 0
2026-05-08 19:23:23.683 10 INFO neutron.db.ovn_revision_numbers_db [None req-c90caafd-03da-40c8-b874-eba996aa3c03 40e7c472544d4ccd846246e77b70be43 4533d528c09e4fd888a081fecdfb6c5f - - default default] Successfully bumped revision number for resource eddf97db-dee0-4e9d-9906-39cf4aa0e690 (type: security_group_rules) to 0
2026-05-08 19:23:23.712 10 INFO neutron.wsgi [None req-c90caafd-03da-40c8-b874-eba996aa3c03 40e7c472544d4ccd846246e77b70be43 4533d528c09e4fd888a081fecdfb6c5f - - default default] 10.0.0.69 "POST /v2.0/security-groups HTTP/1.1" status: 201 len: 1860 time: 0.3711681
2026-05-08 19:23:23.722 9 WARNING neutron_lib.context [None req-a8339c6a-6b1f-40f0-971a-4fd434cab8ec 40e7c472544d4ccd846246e77b70be43 4533d528c09e4fd888a081fecdfb6c5f - - default default] Method 'is_advsvc' is deprecated since 2023.2 release (neutron-lib 3.8.0) and will be removed once support for the old RBAC API policies will be removed from Neutron. Please use method 'is_service_role' instead.
2026-05-08 19:23:23.895 9 INFO neutron.wsgi [None req-257d95b1-fea4-45d1-a122-a62b12bb7d28 0cfdd5e9b9b4447c819ccfa7d0cbcdb8 a9b4695f1c1745aca58d0d56f149f5b2 - - default default] 10.0.0.69 "PUT /v2.0/routers/dde6c690-6c28-4c23-a331-31fa6e8c8451/remove_router_interface HTTP/1.1" status: 200 len: 503 time: 1.7248983 /var/lib/openstack/lib/python3.10/site-packages/pycadf/identifier.py:71: UserWarning: Invalid uuid: neutron. To ensure interoperability, identifiers should be a valid uuid. warnings.warn(('Invalid uuid: %s. To ensure interoperability, '
2026-05-08 19:23:23.978 9 INFO neutron.db.ovn_revision_numbers_db [None req-a8339c6a-6b1f-40f0-971a-4fd434cab8ec 40e7c472544d4ccd846246e77b70be43 4533d528c09e4fd888a081fecdfb6c5f - - default default] Successfully bumped revision number for resource ab0ea3f6-6d85-4614-a796-f223a4583d41 (type: security_group_rules) to 0
2026-05-08 19:23:24.012 10 INFO neutron.wsgi [None req-5098f34f-d4ca-4f0c-b4e4-234c691dac49 baf7d78100a34b76a69e3ea68bf65469 db1a8841dc0344ab8607ee66bb72a083 - - default default] 10.0.0.69 "DELETE /v2.0/networks/f47ea762-d114-4703-94c0-052b333e8daf HTTP/1.1" status: 204 len: 168 time: 0.7494216
2026-05-08 19:23:24.029 9 INFO neutron.wsgi [None req-a8339c6a-6b1f-40f0-971a-4fd434cab8ec 40e7c472544d4ccd846246e77b70be43 4533d528c09e4fd888a081fecdfb6c5f - - default default] 10.0.0.69 "POST /v2.0/security-group-rules HTTP/1.1" status: 201 len: 796 time: 0.3109031
2026-05-08 19:23:24.055 9 WARNING neutron_lib.context [None req-20b1e491-e7b8-4c62-90c7-db53ec571741 40e7c472544d4ccd846246e77b70be43 4533d528c09e4fd888a081fecdfb6c5f - - default default] Method 'is_advsvc' is deprecated since 2023.2 release (neutron-lib 3.8.0) and will be removed once support for the old RBAC API policies will be removed from Neutron. Please use method 'is_service_role' instead.
2026-05-08 19:23:24.334 9 INFO neutron.db.ovn_revision_numbers_db [None req-20b1e491-e7b8-4c62-90c7-db53ec571741 40e7c472544d4ccd846246e77b70be43 4533d528c09e4fd888a081fecdfb6c5f - - default default] Successfully bumped revision number for resource 704b8473-7b22-45c4-ba93-0aec4218159b (type: security_group_rules) to 0
2026-05-08 19:23:24.343 10 WARNING neutron.plugins.ml2.drivers.ovn.mech_driver.ovsdb.ovn_client [None req-4f93f530-b8bd-4195-ad50-a2accf5859f6 - - - - - -] No port found with ID 36cd00c7-7b84-4f31-afb1-f0bc712026cc: RuntimeError: No port found with ID 36cd00c7-7b84-4f31-afb1-f0bc712026cc
2026-05-08 19:23:24.344 10 INFO neutron.plugins.ml2.drivers.ovn.mech_driver.mech_driver [None req-4f93f530-b8bd-4195-ad50-a2accf5859f6 - - - - - -] OVN reports status up for port: 5aa66380-45ef-4130-9317-edf15b433d57
2026-05-08 19:23:24.364 10 INFO neutron.plugins.ml2.plugin [None req-4f93f530-b8bd-4195-ad50-a2accf5859f6 - - - - - -] Attempt 1 to provision port 5aa66380-45ef-4130-9317-edf15b433d57
2026-05-08 19:23:24.385 9 INFO neutron.wsgi [None req-20b1e491-e7b8-4c62-90c7-db53ec571741 40e7c472544d4ccd846246e77b70be43 4533d528c09e4fd888a081fecdfb6c5f - - default default] 10.0.0.69 "POST /v2.0/security-group-rules HTTP/1.1" status: 201 len: 801 time: 0.3399203
2026-05-08 19:23:24.398 10 WARNING neutron_lib.context [None req-acb570ad-d753-4316-9e90-70ad79341e91 40e7c472544d4ccd846246e77b70be43 4533d528c09e4fd888a081fecdfb6c5f - - default default] Method 'is_advsvc' is deprecated since 2023.2 release (neutron-lib 3.8.0) and will be removed once support for the old RBAC API policies will be removed from Neutron. Please use method 'is_service_role' instead.
2026-05-08 19:23:24.423 10 INFO neutron.services.segments.plugin [-] Segment d03ee268-76f6-4b41-8631-df446adbf8c9 resource provider aggregate not found
2026-05-08 19:23:24.427 10 INFO neutron.services.segments.plugin [-] Segment d03ee268-76f6-4b41-8631-df446adbf8c9 resource provider aggregate not found
2026-05-08 19:23:24.457 10 INFO neutron.services.segments.plugin [-] Segment d03ee268-76f6-4b41-8631-df446adbf8c9 resource provider not found; error: Placement Client Error (4xx): {"errors": [{"status": 404, "title": "Not Found", "detail": "The resource could not be found.\n\n No resource provider with uuid d03ee268-76f6-4b41-8631-df446adbf8c9 found for delete ", "request_id": "req-f0fdc36a-1e4d-4212-ad7d-3f2152a07ad2"}]}
2026-05-08 19:23:24.463 10 INFO neutron.services.segments.plugin [-] Segment d03ee268-76f6-4b41-8631-df446adbf8c9 resource provider not found; error: Placement Client Error (4xx): {"errors": [{"status": 404, "title": "Not Found", "detail": "The resource could not be found.\n\n No resource provider with uuid d03ee268-76f6-4b41-8631-df446adbf8c9 found for delete ", "request_id": "req-6be58e95-d24d-4d62-be73-a167a5fdabb9"}]}
2026-05-08 19:23:24.742 9 INFO neutron.wsgi [None req-531a931a-15f1-4a09-9a87-9e6d7cebd85a baf7d78100a34b76a69e3ea68bf65469 db1a8841dc0344ab8607ee66bb72a083 - - default default] 10.0.0.69 "DELETE /v2.0/networks/6b9eb144-5d94-44c4-9262-0b6caf1a191e HTTP/1.1" status: 204 len: 168 time: 0.7106955
2026-05-08 19:23:24.976 9 INFO neutron.wsgi [None req-c71255a4-c036-4b5d-bd88-f006c42df497 baf7d78100a34b76a69e3ea68bf65469 db1a8841dc0344ab8607ee66bb72a083 - - default default] 10.0.0.69 "GET /v2.0/networks HTTP/1.1" status: 200 len: 845 time: 0.2253320
2026-05-08 19:23:24.990 9 WARNING neutron_lib.context [None req-f9e95637-e118-4946-abfa-5943b5d77254 baf7d78100a34b76a69e3ea68bf65469 db1a8841dc0344ab8607ee66bb72a083 - - default default] Method 'is_advsvc' is deprecated since 2023.2 release (neutron-lib 3.8.0) and will be removed once support for the old RBAC API policies will be removed from Neutron. Please use method 'is_service_role' instead.
2026-05-08 19:23:24.998 10 INFO neutron.wsgi [None req-a73838c5-1fb3-4caf-ae50-a7e80fb45b3a 0cfdd5e9b9b4447c819ccfa7d0cbcdb8 a9b4695f1c1745aca58d0d56f149f5b2 - - default default] 10.0.0.69 "PUT /v2.0/routers/a9a9247e-a24b-4a31-9491-79dada3d08cf/remove_router_interface HTTP/1.1" status: 200 len: 503 time: 2.3352342
2026-05-08 19:23:25.045 10 WARNING neutron.scheduler.dhcp_agent_scheduler [None req-acb570ad-d753-4316-9e90-70ad79341e91 40e7c472544d4ccd846246e77b70be43 4533d528c09e4fd888a081fecdfb6c5f - - default default] No more DHCP agents
2026-05-08 19:23:25.050 9 INFO neutron.services.segments.plugin [-] Segment 6d75f44f-bfd6-42bc-8a7e-5cd69dfd1db3 resource provider aggregate not found
2026-05-08 19:23:25.053 10 WARNING neutron.api.rpc.agentnotifiers.dhcp_rpc_agent_api [None req-acb570ad-d753-4316-9e90-70ad79341e91 40e7c472544d4ccd846246e77b70be43 4533d528c09e4fd888a081fecdfb6c5f - - default default] Unable to schedule network 676c8e7a-402f-40b1-aef0-b49cd55bbf98: no agents available; will retry on subsequent port and subnet creation events.
2026-05-08 19:23:25.064 9 INFO neutron.services.segments.plugin [-] Segment 6d75f44f-bfd6-42bc-8a7e-5cd69dfd1db3 resource provider aggregate not found
2026-05-08 19:23:25.068 9 INFO neutron.services.segments.plugin [-] Segment 6d75f44f-bfd6-42bc-8a7e-5cd69dfd1db3 resource provider not found; error: Placement Client Error (4xx): {"errors": [{"status": 404, "title": "Not Found", "detail": "The resource could not be found.\n\n No resource provider with uuid 6d75f44f-bfd6-42bc-8a7e-5cd69dfd1db3 found for delete ", "request_id": "req-518e2b1b-4683-41ef-9e07-f695db0a0df5"}]}
2026-05-08 19:23:25.090 9 INFO neutron.services.segments.plugin [-] Segment 6d75f44f-bfd6-42bc-8a7e-5cd69dfd1db3 resource provider not found; error: Placement Client Error (4xx): {"errors": [{"status": 404, "title": "Not Found", "detail": "The resource could not be found.\n\n No resource provider with uuid 6d75f44f-bfd6-42bc-8a7e-5cd69dfd1db3 found for delete ", "request_id": "req-ef378928-3e8f-4448-947c-4f0a71301a50"}]}
2026-05-08 19:23:25.221 9 INFO neutron.db.segments_db [None req-f9e95637-e118-4946-abfa-5943b5d77254 baf7d78100a34b76a69e3ea68bf65469 db1a8841dc0344ab8607ee66bb72a083 - - default default] Added segment a6cfe438-b33d-4553-9542-18fb31ae8099 of type geneve for network bfbf161d-926a-4537-b001-203109944d0a
2026-05-08 19:23:25.253 10 INFO neutron.db.ovn_revision_numbers_db [None req-4f93f530-b8bd-4195-ad50-a2accf5859f6 - - - - - -] Successfully bumped revision number for resource 5aa66380-45ef-4130-9317-edf15b433d57 (type: ports) to 2
2026-05-08 19:23:25.384 9 INFO neutron.wsgi [None req-b0f501d6-9f58-48fc-8abd-4c6c2da7fa5e 0cfdd5e9b9b4447c819ccfa7d0cbcdb8 a9b4695f1c1745aca58d0d56f149f5b2 - - default default] 10.0.0.69 "DELETE /v2.0/routers/dde6c690-6c28-4c23-a331-31fa6e8c8451 HTTP/1.1" status: 204 len: 168 time: 1.4838233
2026-05-08 19:23:25.439 10 INFO neutron.db.ovn_revision_numbers_db [None req-4f93f530-b8bd-4195-ad50-a2accf5859f6 - - - - - -] Successfully bumped revision number for resource 5aa66380-45ef-4130-9317-edf15b433d57 (type: router_ports) to 2
2026-05-08 19:23:25.541 9 INFO neutron.db.ovn_revision_numbers_db [None req-f9e95637-e118-4946-abfa-5943b5d77254 baf7d78100a34b76a69e3ea68bf65469 db1a8841dc0344ab8607ee66bb72a083 - - default default] Successfully bumped revision number for resource bfbf161d-926a-4537-b001-203109944d0a (type: networks) to 1
2026-05-08 19:23:25.558 10 INFO neutron.wsgi [None req-acb570ad-d753-4316-9e90-70ad79341e91 40e7c472544d4ccd846246e77b70be43 4533d528c09e4fd888a081fecdfb6c5f - - default default] 10.0.0.69 "POST /v2.0/floatingips HTTP/1.1" status: 201 len: 751 time: 1.1654944
2026-05-08 19:23:26.005 9 INFO neutron.wsgi [None req-5b8db66e-b419-44fb-bb42-eefc2ea0ccbf 0cfdd5e9b9b4447c819ccfa7d0cbcdb8 a9b4695f1c1745aca58d0d56f149f5b2 - - default default] 10.0.0.69 "DELETE /v2.0/subnets/8e44706b-e88b-4b72-8564-f4a01545e39a HTTP/1.1" status: 204 len: 168 time: 0.6113417 /var/lib/openstack/lib/python3.10/site-packages/pycadf/identifier.py:71: UserWarning: Invalid uuid: neutron. To ensure interoperability, identifiers should be a valid uuid. warnings.warn(('Invalid uuid: %s. To ensure interoperability, '
2026-05-08 19:23:26.061 9 INFO neutron.wsgi [req-88bcbfc7-be16-4168-99d0-dbb9ed8751a0 req-1631463c-f85c-4717-8190-42d6d148929d 40e7c472544d4ccd846246e77b70be43 4533d528c09e4fd888a081fecdfb6c5f - - default default] 10.0.0.134 "GET /v2.0/security-groups?name=tempest-securitygroup--2038069222&fields=id&tenant_id=4533d528c09e4fd888a081fecdfb6c5f HTTP/1.1" status: 200 len: 267 time: 0.0968421
2026-05-08 19:23:26.082 9 WARNING neutron.scheduler.dhcp_agent_scheduler [None req-f9e95637-e118-4946-abfa-5943b5d77254 baf7d78100a34b76a69e3ea68bf65469 db1a8841dc0344ab8607ee66bb72a083 - - default default] No more DHCP agents
2026-05-08 19:23:26.094 9 WARNING neutron.api.rpc.agentnotifiers.dhcp_rpc_agent_api [None req-f9e95637-e118-4946-abfa-5943b5d77254 baf7d78100a34b76a69e3ea68bf65469 db1a8841dc0344ab8607ee66bb72a083 - - default default] Unable to schedule network bfbf161d-926a-4537-b001-203109944d0a: no agents available; will retry on subsequent port and subnet creation events.
2026-05-08 19:23:26.210 9 INFO neutron.wsgi [req-88bcbfc7-be16-4168-99d0-dbb9ed8751a0 req-49cc2f86-888b-4886-bc14-e8ab2d666c0d 40e7c472544d4ccd846246e77b70be43 4533d528c09e4fd888a081fecdfb6c5f - - default default] 10.0.0.134 "GET /v2.0/networks?id=8bbe023a-eb7a-4d0a-83cb-eb633c1d560a HTTP/1.1" status: 200 len: 883 time: 0.1415451
2026-05-08 19:23:26.231 9 INFO neutron.wsgi [req-88bcbfc7-be16-4168-99d0-dbb9ed8751a0 req-1b4ca69e-2569-4a1f-927c-e52997624ed5 40e7c472544d4ccd846246e77b70be43 4533d528c09e4fd888a081fecdfb6c5f - - default default] 10.0.0.134 "GET /v2.0/quotas/4533d528c09e4fd888a081fecdfb6c5f HTTP/1.1" status: 200 len: 491 time: 0.0161567
2026-05-08 19:23:26.274 9 INFO neutron.db.ovn_revision_numbers_db [None req-f9e95637-e118-4946-abfa-5943b5d77254 baf7d78100a34b76a69e3ea68bf65469 db1a8841dc0344ab8607ee66bb72a083 - - default default] Successfully bumped revision number for resource a1a2ece9-506d-4ce0-90b2-9e17ed6b4a53 (type: ports) to 1
2026-05-08 19:23:26.319 9 INFO neutron.wsgi [None req-f9e95637-e118-4946-abfa-5943b5d77254 baf7d78100a34b76a69e3ea68bf65469 db1a8841dc0344ab8607ee66bb72a083 - - default default] 10.0.0.69 "POST /v2.0/networks HTTP/1.1" status: 201 len: 853 time: 1.3347633
2026-05-08 19:23:26.343 9 WARNING neutron_lib.context [None req-7fabcb3d-df29-445c-96ad-02e82c4d5388 baf7d78100a34b76a69e3ea68bf65469 db1a8841dc0344ab8607ee66bb72a083 - - default default] Method 'is_advsvc' is deprecated since 2023.2 release (neutron-lib 3.8.0) and will be removed once support for the old RBAC API policies will be removed from Neutron. Please use method 'is_service_role' instead.
2026-05-08 19:23:26.406 9 INFO neutron.wsgi [req-88bcbfc7-be16-4168-99d0-dbb9ed8751a0 req-7005e008-8ad0-4fe6-97e3-09770b694aa3 40e7c472544d4ccd846246e77b70be43 4533d528c09e4fd888a081fecdfb6c5f - - default default] 10.0.0.134 "GET /v2.0/ports?tenant_id=4533d528c09e4fd888a081fecdfb6c5f&fields=id HTTP/1.1" status: 200 len: 302 time: 0.1714559
2026-05-08 19:23:26.442 10 INFO neutron.wsgi [None req-d6fcadb2-2352-4d2e-bdbf-ad20d01d6640 0cfdd5e9b9b4447c819ccfa7d0cbcdb8 a9b4695f1c1745aca58d0d56f149f5b2 - - default default] 10.0.0.69 "DELETE /v2.0/networks/7cc20444-ed26-4d99-8d83-0681c150c426 HTTP/1.1" status: 204 len: 168 time: 0.4305711
2026-05-08 19:23:26.468 9 INFO neutron.db.segments_db [None req-7fabcb3d-df29-445c-96ad-02e82c4d5388 baf7d78100a34b76a69e3ea68bf65469 db1a8841dc0344ab8607ee66bb72a083 - - default default] Added segment 06bf5bd2-7b3a-4aa6-9b4d-d1d55fed357b of type geneve for network ae15f8aa-d915-4683-8a58-d7c20a877e7a
2026-05-08 19:23:26.484 10 INFO neutron.services.segments.plugin [-] Segment f3a8ba22-f57a-44d5-a1a2-afbabd28d43d resource provider aggregate not found
2026-05-08 19:23:26.491 10 INFO neutron.services.segments.plugin [-] Segment f3a8ba22-f57a-44d5-a1a2-afbabd28d43d resource provider aggregate not found
2026-05-08 19:23:26.512 10 INFO neutron.services.segments.plugin [-] Segment f3a8ba22-f57a-44d5-a1a2-afbabd28d43d resource provider not found; error: Placement Client Error (4xx): {"errors": [{"status": 404, "title": "Not Found", "detail": "The resource could not be found.\n\n No resource provider with uuid f3a8ba22-f57a-44d5-a1a2-afbabd28d43d found for delete ", "request_id": "req-7c8c084a-8ee8-4aed-bec7-7d3bd41bff62"}]}
2026-05-08 19:23:26.513 10 INFO neutron.services.segments.plugin [-] Segment f3a8ba22-f57a-44d5-a1a2-afbabd28d43d resource provider not found; error: Placement Client Error (4xx): {"errors": [{"status": 404, "title": "Not Found", "detail": "The resource could not be found.\n\n No resource provider with uuid f3a8ba22-f57a-44d5-a1a2-afbabd28d43d found for delete ", "request_id": "req-0d43d9b7-ab53-4277-9c94-7a5f773153b7"}]}
2026-05-08 19:23:26.658 10 INFO neutron.wsgi [None req-75098335-242c-4b77-8daf-83fc47251eba 0cfdd5e9b9b4447c819ccfa7d0cbcdb8 a9b4695f1c1745aca58d0d56f149f5b2 - - default default] 10.0.0.69 "GET /v2.0/security-groups?tenant_id=fee06aaca9514609bbd8953232e63eb6&name=default HTTP/1.1" status: 200 len: 3116 time: 0.0578282
2026-05-08 19:23:26.696 9 INFO neutron.wsgi [None req-c3a18ede-78d6-44da-88f7-8602d5bab6c3 0cfdd5e9b9b4447c819ccfa7d0cbcdb8 a9b4695f1c1745aca58d0d56f149f5b2 - - default default] 10.0.0.69 "DELETE /v2.0/routers/a9a9247e-a24b-4a31-9491-79dada3d08cf HTTP/1.1" status: 204 len: 168 time: 1.6938903
2026-05-08 19:23:26.726 9 INFO neutron.db.ovn_revision_numbers_db [None req-7fabcb3d-df29-445c-96ad-02e82c4d5388 baf7d78100a34b76a69e3ea68bf65469 db1a8841dc0344ab8607ee66bb72a083 - - default default] Successfully bumped revision number for resource ae15f8aa-d915-4683-8a58-d7c20a877e7a (type: networks) to 1
2026-05-08 19:23:26.878 9 INFO neutron.wsgi [req-88bcbfc7-be16-4168-99d0-dbb9ed8751a0 req-2a850317-7fc9-4255-91f7-9eed4d8da1d5 ee2a682f0451424bb118efe638301089 11fa2fa4209848c88b252ebd561d433c - - 772c15fb44154c78897ebe5784d2c942 772c15fb44154c78897ebe5784d2c942] 10.0.0.134 "GET /v2.0/extensions HTTP/1.1" status: 200 len: 18683 time: 0.0730257
2026-05-08 19:23:26.963 10 INFO neutron.wsgi [None req-b4bbb20a-2ead-4ff3-b82a-b6500072ba5e 0cfdd5e9b9b4447c819ccfa7d0cbcdb8 a9b4695f1c1745aca58d0d56f149f5b2 - - default default] 10.0.0.69 "DELETE /v2.0/subnets/45512246-dc8f-45b0-8494-f0954fc41c2c HTTP/1.1" status: 204 len: 168 time: 0.2568424
2026-05-08 19:23:27.001 10 INFO neutron.wsgi [None req-8e415360-45fe-41c0-bc5b-eeb862bdece4 0cfdd5e9b9b4447c819ccfa7d0cbcdb8 a9b4695f1c1745aca58d0d56f149f5b2 - - default default] 10.0.0.69 "DELETE /v2.0/security-groups/d06abaf5-8279-45d4-96fd-eb93f49a9d9e HTTP/1.1" status: 204 len: 168 time: 0.3389828
2026-05-08 19:23:27.090 9 WARNING neutron.scheduler.dhcp_agent_scheduler [None req-7fabcb3d-df29-445c-96ad-02e82c4d5388 baf7d78100a34b76a69e3ea68bf65469 db1a8841dc0344ab8607ee66bb72a083 - - default default] No more DHCP agents
2026-05-08 19:23:27.093 9 WARNING neutron.api.rpc.agentnotifiers.dhcp_rpc_agent_api [None req-7fabcb3d-df29-445c-96ad-02e82c4d5388 baf7d78100a34b76a69e3ea68bf65469 db1a8841dc0344ab8607ee66bb72a083 - - default default] Unable to schedule network ae15f8aa-d915-4683-8a58-d7c20a877e7a: no agents available; will retry on subsequent port and subnet creation events.
2026-05-08 19:23:27.099 9 INFO neutron.wsgi [req-88bcbfc7-be16-4168-99d0-dbb9ed8751a0 req-e7d5fef0-b53e-466e-ba68-242491dcfc6e ee2a682f0451424bb118efe638301089 11fa2fa4209848c88b252ebd561d433c - - 772c15fb44154c78897ebe5784d2c942 772c15fb44154c78897ebe5784d2c942] 10.0.0.134 "GET /v2.0/networks/8bbe023a-eb7a-4d0a-83cb-eb633c1d560a?fields=segments HTTP/1.1" status: 200 len: 212 time: 0.2110736
2026-05-08 19:23:27.181 9 INFO neutron.wsgi [req-88bcbfc7-be16-4168-99d0-dbb9ed8751a0 req-fff59fe9-b9b0-4d88-982f-69240b2ce790 ee2a682f0451424bb118efe638301089 11fa2fa4209848c88b252ebd561d433c - - 772c15fb44154c78897ebe5784d2c942 772c15fb44154c78897ebe5784d2c942] 10.0.0.134 "GET /v2.0/networks/8bbe023a-eb7a-4d0a-83cb-eb633c1d560a?fields=provider%3Aphysical_network&fields=provider%3Anetwork_type HTTP/1.1" status: 200 len: 277 time: 0.0765152
2026-05-08 19:23:27.192 9 INFO neutron.db.ovn_revision_numbers_db [None req-7fabcb3d-df29-445c-96ad-02e82c4d5388 baf7d78100a34b76a69e3ea68bf65469 db1a8841dc0344ab8607ee66bb72a083 - - default default] Successfully bumped revision number for resource fb4f6f9b-bbf6-4183-b85c-54df81fb50a7 (type: ports) to 1
2026-05-08 19:23:27.215 9 INFO neutron.wsgi [None req-7fabcb3d-df29-445c-96ad-02e82c4d5388 baf7d78100a34b76a69e3ea68bf65469 db1a8841dc0344ab8607ee66bb72a083 - - default default] 10.0.0.69 "POST /v2.0/networks HTTP/1.1" status: 201 len: 853 time: 0.8886046
2026-05-08 19:23:27.225 9 WARNING neutron_lib.context [None req-e4f8328f-6443-4be8-beff-95be14aa93c5 baf7d78100a34b76a69e3ea68bf65469 db1a8841dc0344ab8607ee66bb72a083 - - default default] Method 'is_advsvc' is deprecated since 2023.2 release (neutron-lib 3.8.0) and will be removed once support for the old RBAC API policies will be removed from Neutron. Please use method 'is_service_role' instead.
2026-05-08 19:23:27.262 9 WARNING neutron_lib.context [None req-e4f8328f-6443-4be8-beff-95be14aa93c5 baf7d78100a34b76a69e3ea68bf65469 db1a8841dc0344ab8607ee66bb72a083 - - default default] Method 'is_advsvc' is deprecated since 2023.2 release (neutron-lib 3.8.0) and will be removed once support for the old RBAC API policies will be removed from Neutron. Please use method 'is_service_role' instead.
2026-05-08 19:23:27.384 10 INFO neutron.wsgi [req-cd7f802b-9d1d-4dec-9e88-8d871e40df98 req-e75f9444-b9ba-4aa1-9b30-5bb0b39bfd32 40e7c472544d4ccd846246e77b70be43 4533d528c09e4fd888a081fecdfb6c5f - - default default] 10.0.0.134 "GET /v2.0/ports?device_id=fd23fa88-6112-428a-a1ee-58d6fae3ed57 HTTP/1.1" status: 200 len: 210 time: 0.0357392
2026-05-08 19:23:27.455 10 INFO neutron.wsgi [None req-3923d768-08ee-4847-a240-be17decbf579 0cfdd5e9b9b4447c819ccfa7d0cbcdb8 a9b4695f1c1745aca58d0d56f149f5b2 - - default default] 10.0.0.69 "DELETE /v2.0/networks/04fcc2ca-02b2-4096-be45-0f1a86a5f0c9 HTTP/1.1" status: 204 len: 168 time: 0.4838450
2026-05-08 19:23:27.678 10 INFO neutron.wsgi [None req-f2f2b0a0-84b6-4710-9f95-5678925fa891 0cfdd5e9b9b4447c819ccfa7d0cbcdb8 a9b4695f1c1745aca58d0d56f149f5b2 - - default default] 10.0.0.69 "GET /v2.0/security-groups?tenant_id=18f573eee1ea432e97afe088750c279b&name=default HTTP/1.1" status: 200 len: 3116 time: 0.0416224
2026-05-08 19:23:27.709 9 WARNING neutron.scheduler.dhcp_agent_scheduler [None req-e4f8328f-6443-4be8-beff-95be14aa93c5 baf7d78100a34b76a69e3ea68bf65469 db1a8841dc0344ab8607ee66bb72a083 - - default default] No more DHCP agents
2026-05-08 19:23:27.712 9 WARNING neutron.api.rpc.agentnotifiers.dhcp_rpc_agent_api [None req-e4f8328f-6443-4be8-beff-95be14aa93c5 baf7d78100a34b76a69e3ea68bf65469 db1a8841dc0344ab8607ee66bb72a083 - - default default] Unable to schedule network bfbf161d-926a-4537-b001-203109944d0a: no agents available; will retry on subsequent port and subnet creation events.
2026-05-08 19:23:27.789 9 INFO neutron.db.ovn_revision_numbers_db [None req-e4f8328f-6443-4be8-beff-95be14aa93c5 baf7d78100a34b76a69e3ea68bf65469 db1a8841dc0344ab8607ee66bb72a083 - - default default] Successfully bumped revision number for resource 82bdaa09-f7d1-46ee-b040-1def28d151b8 (type: ports) to 1
2026-05-08 19:23:27.817 9 WARNING neutron.scheduler.dhcp_agent_scheduler [None req-e4f8328f-6443-4be8-beff-95be14aa93c5 baf7d78100a34b76a69e3ea68bf65469 db1a8841dc0344ab8607ee66bb72a083 - - default default] No more DHCP agents
2026-05-08 19:23:27.819 9 WARNING neutron.api.rpc.agentnotifiers.dhcp_rpc_agent_api [None req-e4f8328f-6443-4be8-beff-95be14aa93c5 baf7d78100a34b76a69e3ea68bf65469 db1a8841dc0344ab8607ee66bb72a083 - - default default] Unable to schedule network ae15f8aa-d915-4683-8a58-d7c20a877e7a: no agents available; will retry on subsequent port and subnet creation events.
2026-05-08 19:23:27.937 9 INFO neutron.db.ovn_revision_numbers_db [None req-e4f8328f-6443-4be8-beff-95be14aa93c5 baf7d78100a34b76a69e3ea68bf65469 db1a8841dc0344ab8607ee66bb72a083 - - default default] Successfully bumped revision number for resource 257538bd-6ed9-4c10-b94f-8c770a59f442 (type: ports) to 1
2026-05-08 19:23:27.967 9 INFO neutron.wsgi [None req-e4f8328f-6443-4be8-beff-95be14aa93c5 baf7d78100a34b76a69e3ea68bf65469 db1a8841dc0344ab8607ee66bb72a083 - - default default] 10.0.0.69 "POST /v2.0/ports HTTP/1.1" status: 201 len: 1706 time: 0.7469747
2026-05-08 19:23:28.121 10 INFO neutron.wsgi [None req-6626eb8d-3f6e-45fd-a240-83e335219257 baf7d78100a34b76a69e3ea68bf65469 db1a8841dc0344ab8607ee66bb72a083 - - default default] 10.0.0.69 "GET /v2.0/ports HTTP/1.1" status: 200 len: 3213 time: 0.1497166
2026-05-08 19:23:28.186 10 INFO neutron.wsgi [None req-ea96ed4f-db35-4c09-bb72-b9d2782a427c 0cfdd5e9b9b4447c819ccfa7d0cbcdb8 a9b4695f1c1745aca58d0d56f149f5b2 - - default default] 10.0.0.69 "DELETE /v2.0/security-groups/def46051-4318-40f0-85c8-b70cb2334121 HTTP/1.1" status: 204 len: 168 time: 0.5018401
2026-05-08 19:23:28.457 10 INFO neutron.wsgi [None req-f31a414f-8282-49a1-841f-60bd32758360 baf7d78100a34b76a69e3ea68bf65469 db1a8841dc0344ab8607ee66bb72a083 - - default default] 10.0.0.69 "DELETE /v2.0/ports/82bdaa09-f7d1-46ee-b040-1def28d151b8 HTTP/1.1" status: 204 len: 168 time: 0.3305848 /var/lib/openstack/lib/python3.10/site-packages/pycadf/identifier.py:71: UserWarning: Invalid uuid: neutron. To ensure interoperability, identifiers should be a valid uuid. warnings.warn(('Invalid uuid: %s. To ensure interoperability, '
2026-05-08 19:23:28.534 10 INFO neutron.services.segments.plugin [-] Segment 9a26d141-7dd5-41cf-9957-88a138cd54c3 resource provider aggregate not found
2026-05-08 19:23:28.540 10 INFO neutron.services.segments.plugin [-] Segment 9a26d141-7dd5-41cf-9957-88a138cd54c3 resource provider aggregate not found
2026-05-08 19:23:28.547 9 INFO neutron.wsgi [req-e130f110-27be-4a14-a16e-3ef51e53b55e req-d4e4a703-4ccc-4988-82ef-2674780fb8ad 40e7c472544d4ccd846246e77b70be43 4533d528c09e4fd888a081fecdfb6c5f - - default default] 10.0.0.134 "GET /v2.0/ports?device_id=fd23fa88-6112-428a-a1ee-58d6fae3ed57 HTTP/1.1" status: 200 len: 210 time: 0.0347338
2026-05-08 19:23:28.555 10 INFO neutron.services.segments.plugin [-] Segment 9a26d141-7dd5-41cf-9957-88a138cd54c3 resource provider not found; error: Placement Client Error (4xx): {"errors": [{"status": 404, "title": "Not Found", "detail": "The resource could not be found.\n\n No resource provider with uuid 9a26d141-7dd5-41cf-9957-88a138cd54c3 found for delete ", "request_id": "req-a5bccb93-1372-4b08-9eb0-a96b8682b706"}]}
2026-05-08 19:23:28.563 10 INFO neutron.services.segments.plugin [-] Segment 9a26d141-7dd5-41cf-9957-88a138cd54c3 resource provider not found; error: Placement Client Error (4xx): {"errors": [{"status": 404, "title": "Not Found", "detail": "The resource could not be found.\n\n No resource provider with uuid 9a26d141-7dd5-41cf-9957-88a138cd54c3 found for delete ", "request_id": "req-515ab5e5-7848-44d8-82c2-e11d61713571"}]}
2026-05-08 19:23:28.845 9 INFO neutron.wsgi [None req-e1f08a1f-477f-43db-a1a8-a426d53165cb baf7d78100a34b76a69e3ea68bf65469 db1a8841dc0344ab8607ee66bb72a083 - - default default] 10.0.0.69 "DELETE /v2.0/ports/257538bd-6ed9-4c10-b94f-8c770a59f442 HTTP/1.1" status: 204 len: 168 time: 0.3755739
2026-05-08 19:23:28.958 9 INFO neutron.wsgi [None req-8e0d1f5a-3076-4f64-8171-564bc1bf32a8 baf7d78100a34b76a69e3ea68bf65469 db1a8841dc0344ab8607ee66bb72a083 - - default default] 10.0.0.69 "GET /v2.0/ports HTTP/1.1" status: 200 len: 1718 time: 0.1085606
2026-05-08 19:23:28.967 9 WARNING neutron_lib.context [None req-4a5a3b13-ed8d-43d3-b78b-7559f80cf803 baf7d78100a34b76a69e3ea68bf65469 db1a8841dc0344ab8607ee66bb72a083 - - default default] Method 'is_advsvc' is deprecated since 2023.2 release (neutron-lib 3.8.0) and will be removed once support for the old RBAC API policies will be removed from Neutron. Please use method 'is_service_role' instead.
2026-05-08 19:23:29.066 9 INFO neutron.db.segments_db [None req-4a5a3b13-ed8d-43d3-b78b-7559f80cf803 baf7d78100a34b76a69e3ea68bf65469 db1a8841dc0344ab8607ee66bb72a083 - - default default] Added segment 219450ea-b046-4c0f-9c23-54ab0de4cd4c of type geneve for network edb712a2-3d9e-4d7b-932d-615949a33492
2026-05-08 19:23:29.075 9 INFO neutron.wsgi [req-88bcbfc7-be16-4168-99d0-dbb9ed8751a0 req-c1d6d707-d9c1-46d7-9826-08cb5b8c54ab 40e7c472544d4ccd846246e77b70be43 4533d528c09e4fd888a081fecdfb6c5f - - default default] 199.204.45.238 "GET /v2.0/networks?id=8bbe023a-eb7a-4d0a-83cb-eb633c1d560a HTTP/1.1" status: 200 len: 883 time: 0.1763289
2026-05-08 19:23:29.123 10 INFO neutron.db.ovn_revision_numbers_db [None req-c4483a91-88ff-4059-b584-a9473ca1403c 0cfdd5e9b9b4447c819ccfa7d0cbcdb8 a9b4695f1c1745aca58d0d56f149f5b2 - - default default] Successfully bumped revision number for resource 8c5fa63f-5591-4540-beb5-c1bfde25d966 (type: security_groups) to 1
2026-05-08 19:23:29.140 10 INFO neutron.db.ovn_revision_numbers_db [None req-c4483a91-88ff-4059-b584-a9473ca1403c 0cfdd5e9b9b4447c819ccfa7d0cbcdb8 a9b4695f1c1745aca58d0d56f149f5b2 - - default default] Successfully bumped revision number for resource 1bf1e86f-c717-440c-8d59-10e5f3f95b91 (type: security_group_rules) to 0
2026-05-08 19:23:29.165 10 INFO neutron.db.ovn_revision_numbers_db [None req-c4483a91-88ff-4059-b584-a9473ca1403c 0cfdd5e9b9b4447c819ccfa7d0cbcdb8 a9b4695f1c1745aca58d0d56f149f5b2 - - default default] Successfully bumped revision number for resource 5aebec15-03ce-421e-91b0-ba34b8c6d0c0 (type: security_group_rules) to 0
2026-05-08 19:23:29.186 10 INFO neutron.db.ovn_revision_numbers_db [None req-c4483a91-88ff-4059-b584-a9473ca1403c 0cfdd5e9b9b4447c819ccfa7d0cbcdb8 a9b4695f1c1745aca58d0d56f149f5b2 - - default default] Successfully bumped revision number for resource 79aa095a-6ded-4040-b5a8-e64470aafd2c (type: security_group_rules) to 0
2026-05-08 19:23:29.187 9 INFO neutron.wsgi [req-88bcbfc7-be16-4168-99d0-dbb9ed8751a0 req-aa418bf7-4812-4e03-8a95-dbefeb8f27fb 40e7c472544d4ccd846246e77b70be43 4533d528c09e4fd888a081fecdfb6c5f - - default default] 199.204.45.238 "GET /v2.0/security-groups?fields=id&fields=name&tenant_id=4533d528c09e4fd888a081fecdfb6c5f HTTP/1.1" status: 200 len: 380 time: 0.0837016
2026-05-08 19:23:29.203 9 WARNING neutron_lib.context [req-88bcbfc7-be16-4168-99d0-dbb9ed8751a0 req-e09fbc5c-ff40-43f6-bcd6-520d1d87b6ca 40e7c472544d4ccd846246e77b70be43 4533d528c09e4fd888a081fecdfb6c5f - - default default] Method 'is_advsvc' is deprecated since 2023.2 release (neutron-lib 3.8.0) and will be removed once support for the old RBAC API policies will be removed from Neutron. Please use method 'is_service_role' instead.
2026-05-08 19:23:29.211 10 INFO neutron.db.ovn_revision_numbers_db [None req-c4483a91-88ff-4059-b584-a9473ca1403c 0cfdd5e9b9b4447c819ccfa7d0cbcdb8 a9b4695f1c1745aca58d0d56f149f5b2 - - default default] Successfully bumped revision number for resource 9eae482a-b019-43a2-92d0-0d6c1b578e95 (type: security_group_rules) to 0
2026-05-08 19:23:29.274 10 INFO neutron.db.segments_db [None req-c4483a91-88ff-4059-b584-a9473ca1403c 0cfdd5e9b9b4447c819ccfa7d0cbcdb8 a9b4695f1c1745aca58d0d56f149f5b2 - - default default] Added segment 0b1f5feb-0000-40ce-a667-5091bfbd41fa of type geneve for network 0b62cd01-45c8-48be-a402-59faddd222b6
2026-05-08 19:23:29.313 9 INFO neutron.db.ovn_revision_numbers_db [None req-4a5a3b13-ed8d-43d3-b78b-7559f80cf803 baf7d78100a34b76a69e3ea68bf65469 db1a8841dc0344ab8607ee66bb72a083 - - default default] Successfully bumped revision number for resource edb712a2-3d9e-4d7b-932d-615949a33492 (type: networks) to 1
2026-05-08 19:23:29.466 10 INFO neutron.db.ovn_revision_numbers_db [None req-c4483a91-88ff-4059-b584-a9473ca1403c 0cfdd5e9b9b4447c819ccfa7d0cbcdb8 a9b4695f1c1745aca58d0d56f149f5b2 - - default default] Successfully bumped revision number for resource 0b62cd01-45c8-48be-a402-59faddd222b6 (type: networks) to 1
2026-05-08 19:23:29.642 9 WARNING neutron.scheduler.dhcp_agent_scheduler [None req-4a5a3b13-ed8d-43d3-b78b-7559f80cf803 baf7d78100a34b76a69e3ea68bf65469 db1a8841dc0344ab8607ee66bb72a083 - - default default] No more DHCP agents
2026-05-08 19:23:29.648 9 WARNING neutron.api.rpc.agentnotifiers.dhcp_rpc_agent_api [None req-4a5a3b13-ed8d-43d3-b78b-7559f80cf803 baf7d78100a34b76a69e3ea68bf65469 db1a8841dc0344ab8607ee66bb72a083 - - default default] Unable to schedule network edb712a2-3d9e-4d7b-932d-615949a33492: no agents available; will retry on subsequent port and subnet creation events.
2026-05-08 19:23:29.661 10 WARNING neutron.scheduler.dhcp_agent_scheduler [None req-c4483a91-88ff-4059-b584-a9473ca1403c 0cfdd5e9b9b4447c819ccfa7d0cbcdb8 a9b4695f1c1745aca58d0d56f149f5b2 - - default default] No more DHCP agents
2026-05-08 19:23:29.665 10 WARNING neutron.api.rpc.agentnotifiers.dhcp_rpc_agent_api [None req-c4483a91-88ff-4059-b584-a9473ca1403c 0cfdd5e9b9b4447c819ccfa7d0cbcdb8 a9b4695f1c1745aca58d0d56f149f5b2 - - default default] Unable to schedule network 0b62cd01-45c8-48be-a402-59faddd222b6: no agents available; will retry on subsequent port and subnet creation events.
2026-05-08 19:23:29.701 10 INFO neutron.wsgi [req-cc79d4f2-b4b4-451c-8154-3187d16520a8 req-891a0f5f-4424-4d1f-af4e-baadc6a16611 40e7c472544d4ccd846246e77b70be43 4533d528c09e4fd888a081fecdfb6c5f - - default default] 10.0.0.134 "GET /v2.0/ports?device_id=fd23fa88-6112-428a-a1ee-58d6fae3ed57 HTTP/1.1" status: 200 len: 210 time: 0.0217857
2026-05-08 19:23:29.767 10 INFO neutron.db.ovn_revision_numbers_db [None req-c4483a91-88ff-4059-b584-a9473ca1403c 0cfdd5e9b9b4447c819ccfa7d0cbcdb8 a9b4695f1c1745aca58d0d56f149f5b2 - - default default] Successfully bumped revision number for resource 965f0800-170f-49e9-b36b-77909db25051 (type: ports) to 1
2026-05-08 19:23:29.780 9 INFO neutron.db.ovn_revision_numbers_db [None req-4a5a3b13-ed8d-43d3-b78b-7559f80cf803 baf7d78100a34b76a69e3ea68bf65469 db1a8841dc0344ab8607ee66bb72a083 - - default default] Successfully bumped revision number for resource 2f670068-be7b-4249-8550-188be8befc10 (type: ports) to 1
2026-05-08 19:23:29.786 10 INFO neutron.wsgi [None req-c4483a91-88ff-4059-b584-a9473ca1403c 0cfdd5e9b9b4447c819ccfa7d0cbcdb8 a9b4695f1c1745aca58d0d56f149f5b2 - - default default] 10.0.0.69 "POST /v2.0/networks HTTP/1.1" status: 201 len: 945 time: 0.8905439
2026-05-08 19:23:29.812 9 WARNING neutron.scheduler.dhcp_agent_scheduler [req-88bcbfc7-be16-4168-99d0-dbb9ed8751a0 req-e09fbc5c-ff40-43f6-bcd6-520d1d87b6ca 40e7c472544d4ccd846246e77b70be43 4533d528c09e4fd888a081fecdfb6c5f - - default default] No more DHCP agents
2026-05-08 19:23:29.815 9 INFO neutron.wsgi [None req-4a5a3b13-ed8d-43d3-b78b-7559f80cf803 baf7d78100a34b76a69e3ea68bf65469 db1a8841dc0344ab8607ee66bb72a083 - - default default] 10.0.0.69 "POST /v2.0/networks HTTP/1.1" status: 201 len: 853 time: 0.8516138
2026-05-08 19:23:29.816 9 WARNING neutron.api.rpc.agentnotifiers.dhcp_rpc_agent_api [req-88bcbfc7-be16-4168-99d0-dbb9ed8751a0 req-e09fbc5c-ff40-43f6-bcd6-520d1d87b6ca 40e7c472544d4ccd846246e77b70be43 4533d528c09e4fd888a081fecdfb6c5f - - default default] Unable to schedule network 8bbe023a-eb7a-4d0a-83cb-eb633c1d560a: no agents available; will retry on subsequent port and subnet creation events.
2026-05-08 19:23:29.827 10 WARNING neutron_lib.context [None req-47f4b819-e3bd-42dd-a737-eadfb791ab4d baf7d78100a34b76a69e3ea68bf65469 db1a8841dc0344ab8607ee66bb72a083 - - default default] Method 'is_advsvc' is deprecated since 2023.2 release (neutron-lib 3.8.0) and will be removed once support for the old RBAC API policies will be removed from Neutron. Please use method 'is_service_role' instead.
2026-05-08 19:23:29.971 10 INFO neutron.db.segments_db [None req-47f4b819-e3bd-42dd-a737-eadfb791ab4d baf7d78100a34b76a69e3ea68bf65469 db1a8841dc0344ab8607ee66bb72a083 - - default default] Added segment b3988207-fcd7-4980-976e-8c16d3ca7b3f of type geneve for network abf52fbb-814b-4d14-a381-68d6bd03252b
2026-05-08 19:23:29.986 9 INFO neutron.db.ovn_revision_numbers_db [req-88bcbfc7-be16-4168-99d0-dbb9ed8751a0 req-e09fbc5c-ff40-43f6-bcd6-520d1d87b6ca 40e7c472544d4ccd846246e77b70be43 4533d528c09e4fd888a081fecdfb6c5f - - default default] Successfully bumped revision number for resource 8940c568-6774-4bd9-a400-9e372ca2eefe (type: ports) to 1
2026-05-08 19:23:29.998 10 WARNING neutron.scheduler.dhcp_agent_scheduler [None req-5bfd0ee5-4eae-4286-abc6-39495626972f 0cfdd5e9b9b4447c819ccfa7d0cbcdb8 a9b4695f1c1745aca58d0d56f149f5b2 - - default default] No more DHCP agents
2026-05-08 19:23:30.003 10 WARNING neutron.api.rpc.agentnotifiers.dhcp_rpc_agent_api [None req-5bfd0ee5-4eae-4286-abc6-39495626972f 0cfdd5e9b9b4447c819ccfa7d0cbcdb8 a9b4695f1c1745aca58d0d56f149f5b2 - - default default] Unable to schedule network 0b62cd01-45c8-48be-a402-59faddd222b6: no agents available; will retry on subsequent port and subnet creation events.
2026-05-08 19:23:30.012 9 INFO neutron.wsgi [req-88bcbfc7-be16-4168-99d0-dbb9ed8751a0 req-e09fbc5c-ff40-43f6-bcd6-520d1d87b6ca 40e7c472544d4ccd846246e77b70be43 4533d528c09e4fd888a081fecdfb6c5f - - default default] 199.204.45.238 "POST /v2.0/ports HTTP/1.1" status: 201 len: 1158 time: 0.8152030 /var/lib/openstack/lib/python3.10/site-packages/pycadf/identifier.py:71: UserWarning: Invalid uuid: neutron. To ensure interoperability, identifiers should be a valid uuid. warnings.warn(('Invalid uuid: %s. To ensure interoperability, '
2026-05-08 19:23:30.023 9 INFO neutron.wsgi [req-88bcbfc7-be16-4168-99d0-dbb9ed8751a0 req-032e8377-28db-4b7e-a697-22b84d17c29e 40e7c472544d4ccd846246e77b70be43 4533d528c09e4fd888a081fecdfb6c5f - - default default] 199.204.45.238 "GET /v2.0/extensions HTTP/1.1" status: 200 len: 18683 time: 0.0068812
2026-05-08 19:23:30.167 10 INFO neutron.db.ovn_revision_numbers_db [None req-47f4b819-e3bd-42dd-a737-eadfb791ab4d baf7d78100a34b76a69e3ea68bf65469 db1a8841dc0344ab8607ee66bb72a083 - - default default] Successfully bumped revision number for resource abf52fbb-814b-4d14-a381-68d6bd03252b (type: networks) to 1
2026-05-08 19:23:30.402 10 INFO neutron.wsgi [-] 10.0.0.156 "GET / HTTP/1.1" status: 200 len: 245 time: 0.0028110
2026-05-08 19:23:30.405 10 INFO neutron.wsgi [-] 10.0.0.156 "GET / HTTP/1.1" status: 200 len: 245 time: 0.0017185
2026-05-08 19:23:30.451 10 WARNING neutron.scheduler.dhcp_agent_scheduler [None req-47f4b819-e3bd-42dd-a737-eadfb791ab4d baf7d78100a34b76a69e3ea68bf65469 db1a8841dc0344ab8607ee66bb72a083 - - default default] No more DHCP agents
2026-05-08 19:23:30.454 10 WARNING neutron.api.rpc.agentnotifiers.dhcp_rpc_agent_api [None req-47f4b819-e3bd-42dd-a737-eadfb791ab4d baf7d78100a34b76a69e3ea68bf65469 db1a8841dc0344ab8607ee66bb72a083 - - default default] Unable to schedule network abf52fbb-814b-4d14-a381-68d6bd03252b: no agents available; will retry on subsequent port and subnet creation events.
2026-05-08 19:23:30.464 10 INFO neutron.db.ovn_revision_numbers_db [None req-fa3edfb3-3483-4f7a-9c0c-25639ad99f61 0cfdd5e9b9b4447c819ccfa7d0cbcdb8 a9b4695f1c1745aca58d0d56f149f5b2 - - default default] Successfully bumped revision number for resource 12f257f4-8d3e-4b4c-aaf0-1b58568e0f3f (type: security_groups) to 1
2026-05-08 19:23:30.510 10 INFO neutron.db.ovn_revision_numbers_db [None req-fa3edfb3-3483-4f7a-9c0c-25639ad99f61 0cfdd5e9b9b4447c819ccfa7d0cbcdb8 a9b4695f1c1745aca58d0d56f149f5b2 - - default default] Successfully bumped revision number for resource 5f6bcc01-b916-4a62-baf4-0b464d8f8c2a (type: security_group_rules) to 0
2026-05-08 19:23:30.551 10 INFO neutron.db.ovn_revision_numbers_db [None req-fa3edfb3-3483-4f7a-9c0c-25639ad99f61 0cfdd5e9b9b4447c819ccfa7d0cbcdb8 a9b4695f1c1745aca58d0d56f149f5b2 - - default default] Successfully bumped revision number for resource 8000f2ff-d0bd-4a46-8944-1abc43e6118e (type: security_group_rules) to 0
2026-05-08 19:23:30.576 10 INFO neutron.db.ovn_revision_numbers_db [None req-fa3edfb3-3483-4f7a-9c0c-25639ad99f61 0cfdd5e9b9b4447c819ccfa7d0cbcdb8 a9b4695f1c1745aca58d0d56f149f5b2 - - default default] Successfully bumped revision number for resource 8ca48ef1-6fce-46a5-a17c-32d99fc98e54 (type: security_group_rules) to 0
2026-05-08 19:23:30.592 10 INFO neutron.db.ovn_revision_numbers_db [None req-47f4b819-e3bd-42dd-a737-eadfb791ab4d baf7d78100a34b76a69e3ea68bf65469 db1a8841dc0344ab8607ee66bb72a083 - - default default] Successfully bumped revision number for resource b1c6b82b-c361-4999-aca3-9086181f3491 (type: ports) to 1
2026-05-08 19:23:30.597 10 INFO neutron.db.ovn_revision_numbers_db [None req-fa3edfb3-3483-4f7a-9c0c-25639ad99f61 0cfdd5e9b9b4447c819ccfa7d0cbcdb8 a9b4695f1c1745aca58d0d56f149f5b2 - - default default] Successfully bumped revision number for resource fe9833e1-0ecc-4f1a-ae33-61f3afdb0c14 (type: security_group_rules) to 0
2026-05-08 19:23:30.642 10 INFO neutron.wsgi [None req-47f4b819-e3bd-42dd-a737-eadfb791ab4d baf7d78100a34b76a69e3ea68bf65469 db1a8841dc0344ab8607ee66bb72a083 - - default default] 10.0.0.69 "POST /v2.0/networks HTTP/1.1" status: 201 len: 853 time: 0.8199129
2026-05-08 19:23:30.662 10 INFO neutron.db.segments_db [None req-fa3edfb3-3483-4f7a-9c0c-25639ad99f61 0cfdd5e9b9b4447c819ccfa7d0cbcdb8 a9b4695f1c1745aca58d0d56f149f5b2 - - default default] Added segment 1eafc241-5d04-492c-aaea-233de8a3a4e8 of type geneve for network f2f4e5c6-c106-4bb1-988a-c657ec59e46a
2026-05-08 19:23:30.771 10 WARNING neutron.plugins.ml2.drivers.ovn.mech_driver.ovsdb.ovn_client [None req-4f93f530-b8bd-4195-ad50-a2accf5859f6 - - - - - -] No hosting information found for port 5aa66380-45ef-4130-9317-edf15b433d57: RuntimeError: No hosting information found for port 5aa66380-45ef-4130-9317-edf15b433d57
2026-05-08 19:23:30.814 10 INFO neutron.db.ovn_revision_numbers_db [None req-5bfd0ee5-4eae-4286-abc6-39495626972f 0cfdd5e9b9b4447c819ccfa7d0cbcdb8 a9b4695f1c1745aca58d0d56f149f5b2 - - default default] Successfully bumped revision number for resource 965f0800-170f-49e9-b36b-77909db25051 (type: ports) to 2
2026-05-08 19:23:30.898 10 INFO neutron.db.ovn_revision_numbers_db [None req-5bfd0ee5-4eae-4286-abc6-39495626972f 0cfdd5e9b9b4447c819ccfa7d0cbcdb8 a9b4695f1c1745aca58d0d56f149f5b2 - - default default] Successfully bumped revision number for resource cd381d17-eb93-41eb-860d-af8fcf5b53b2 (type: subnets) to 0
2026-05-08 19:23:30.900 10 INFO neutron.db.ovn_revision_numbers_db [None req-fa3edfb3-3483-4f7a-9c0c-25639ad99f61 0cfdd5e9b9b4447c819ccfa7d0cbcdb8 a9b4695f1c1745aca58d0d56f149f5b2 - - default default] Successfully bumped revision number for resource f2f4e5c6-c106-4bb1-988a-c657ec59e46a (type: networks) to 1
2026-05-08 19:23:30.928 10 INFO neutron.wsgi [None req-5bfd0ee5-4eae-4286-abc6-39495626972f 0cfdd5e9b9b4447c819ccfa7d0cbcdb8 a9b4695f1c1745aca58d0d56f149f5b2 - - default default] 10.0.0.69 "POST /v2.0/subnets HTTP/1.1" status: 201 len: 865 time: 1.1362605 /var/lib/openstack/lib/python3.10/site-packages/pycadf/identifier.py:71: UserWarning: Invalid uuid: neutron. To ensure interoperability, identifiers should be a valid uuid. warnings.warn(('Invalid uuid: %s. To ensure interoperability, '
2026-05-08 19:23:30.938 10 INFO neutron.wsgi [req-3891c10e-eecd-49f4-b942-9edc43a7d807 req-dd6698e1-0e8d-49ba-8c4c-d9cbb18f11c8 40e7c472544d4ccd846246e77b70be43 4533d528c09e4fd888a081fecdfb6c5f - - default default] 10.0.0.134 "GET /v2.0/ports?device_id=fd23fa88-6112-428a-a1ee-58d6fae3ed57 HTTP/1.1" status: 200 len: 1156 time: 0.1429675
2026-05-08 19:23:31.007 10 INFO neutron.wsgi [req-3891c10e-eecd-49f4-b942-9edc43a7d807 req-ceda86fe-3c55-45a8-8750-12f0ae4b522e 40e7c472544d4ccd846246e77b70be43 4533d528c09e4fd888a081fecdfb6c5f - - default default] 10.0.0.134 "GET /v2.0/security-groups?id=5dc06ca0-4995-4071-b1b8-a0de601007d6&fields=id&fields=name HTTP/1.1" status: 200 len: 313 time: 0.0630987
2026-05-08 19:23:31.102 10 WARNING neutron_lib.context [None req-0fdc7e02-32a7-4c79-9ea6-5794573cd208 baf7d78100a34b76a69e3ea68bf65469 db1a8841dc0344ab8607ee66bb72a083 - - default default] Method 'is_advsvc' is deprecated since 2023.2 release (neutron-lib 3.8.0) and will be removed once support for the old RBAC API policies will be removed from Neutron. Please use method 'is_service_role' instead.
2026-05-08 19:23:31.133 9 INFO neutron.db.ovn_revision_numbers_db [req-88bcbfc7-be16-4168-99d0-dbb9ed8751a0 req-4df9a4c6-68b7-4189-a04b-af83ebcd4572 ee2a682f0451424bb118efe638301089 11fa2fa4209848c88b252ebd561d433c - - 772c15fb44154c78897ebe5784d2c942 772c15fb44154c78897ebe5784d2c942] Successfully bumped revision number for resource 8940c568-6774-4bd9-a400-9e372ca2eefe (type: ports) to 2
2026-05-08 19:23:31.156 10 WARNING neutron.scheduler.dhcp_agent_scheduler [None req-fa3edfb3-3483-4f7a-9c0c-25639ad99f61 0cfdd5e9b9b4447c819ccfa7d0cbcdb8 a9b4695f1c1745aca58d0d56f149f5b2 - - default default] No more DHCP agents
2026-05-08 19:23:31.160 10 WARNING neutron.api.rpc.agentnotifiers.dhcp_rpc_agent_api [None req-fa3edfb3-3483-4f7a-9c0c-25639ad99f61 0cfdd5e9b9b4447c819ccfa7d0cbcdb8 a9b4695f1c1745aca58d0d56f149f5b2 - - default default] Unable to schedule network f2f4e5c6-c106-4bb1-988a-c657ec59e46a: no agents available; will retry on subsequent port and subnet creation events.
2026-05-08 19:23:31.164 10 WARNING neutron_lib.context [None req-0fdc7e02-32a7-4c79-9ea6-5794573cd208 baf7d78100a34b76a69e3ea68bf65469 db1a8841dc0344ab8607ee66bb72a083 - - default default] Method 'is_advsvc' is deprecated since 2023.2 release (neutron-lib 3.8.0) and will be removed once support for the old RBAC API policies will be removed from Neutron. Please use method 'is_service_role' instead.
2026-05-08 19:23:31.456 10 INFO neutron.db.ovn_revision_numbers_db [None req-fa3edfb3-3483-4f7a-9c0c-25639ad99f61 0cfdd5e9b9b4447c819ccfa7d0cbcdb8 a9b4695f1c1745aca58d0d56f149f5b2 - - default default] Successfully bumped revision number for resource 1cb8fce1-5630-41c0-9c75-bd23a2e4d10c (type: ports) to 1
2026-05-08 19:23:31.492 10 INFO neutron.wsgi [None req-fa3edfb3-3483-4f7a-9c0c-25639ad99f61 0cfdd5e9b9b4447c819ccfa7d0cbcdb8 a9b4695f1c1745aca58d0d56f149f5b2 - - default default] 10.0.0.69 "POST /v2.0/networks HTTP/1.1" status: 201 len: 949 time: 1.5263016
2026-05-08 19:23:31.503 9 INFO neutron.db.ovn_revision_numbers_db [req-88bcbfc7-be16-4168-99d0-dbb9ed8751a0 req-4df9a4c6-68b7-4189-a04b-af83ebcd4572 ee2a682f0451424bb118efe638301089 11fa2fa4209848c88b252ebd561d433c - - 772c15fb44154c78897ebe5784d2c942 772c15fb44154c78897ebe5784d2c942] Successfully bumped revision number for resource 8940c568-6774-4bd9-a400-9e372ca2eefe (type: ports) to 2
2026-05-08 19:23:31.531 9 INFO neutron.wsgi [req-88bcbfc7-be16-4168-99d0-dbb9ed8751a0 req-4df9a4c6-68b7-4189-a04b-af83ebcd4572 ee2a682f0451424bb118efe638301089 11fa2fa4209848c88b252ebd561d433c - - 772c15fb44154c78897ebe5784d2c942 772c15fb44154c78897ebe5784d2c942] 199.204.45.238 "PUT /v2.0/ports/8940c568-6774-4bd9-a400-9e372ca2eefe HTTP/1.1" status: 200 len: 1376 time: 1.1902406 /var/lib/openstack/lib/python3.10/site-packages/pycadf/identifier.py:71: UserWarning: Invalid uuid: neutron. To ensure interoperability, identifiers should be a valid uuid. warnings.warn(('Invalid uuid: %s. To ensure interoperability, '
2026-05-08 19:23:31.652 9 INFO neutron.wsgi [req-88bcbfc7-be16-4168-99d0-dbb9ed8751a0 req-87c67dc7-6cea-48ca-afcb-6d22640782d4 ee2a682f0451424bb118efe638301089 11fa2fa4209848c88b252ebd561d433c - - 772c15fb44154c78897ebe5784d2c942 772c15fb44154c78897ebe5784d2c942] 199.204.45.238 "GET /v2.0/ports?tenant_id=4533d528c09e4fd888a081fecdfb6c5f&device_id=fd23fa88-6112-428a-a1ee-58d6fae3ed57 HTTP/1.1" status: 200 len: 1407 time: 0.0684218
2026-05-08 19:23:31.660 9 WARNING neutron.scheduler.dhcp_agent_scheduler [None req-82d3fb0e-2335-4dc0-a360-df56d629dc62 0cfdd5e9b9b4447c819ccfa7d0cbcdb8 a9b4695f1c1745aca58d0d56f149f5b2 - - default default] No more DHCP agents
2026-05-08 19:23:31.668 9 WARNING neutron.api.rpc.agentnotifiers.dhcp_rpc_agent_api [None req-82d3fb0e-2335-4dc0-a360-df56d629dc62 0cfdd5e9b9b4447c819ccfa7d0cbcdb8 a9b4695f1c1745aca58d0d56f149f5b2 - - default default] Unable to schedule network 676c8e7a-402f-40b1-aef0-b49cd55bbf98: no agents available; will retry on subsequent port and subnet creation events.
2026-05-08 19:23:31.698 9 INFO neutron.wsgi [req-88bcbfc7-be16-4168-99d0-dbb9ed8751a0 req-06fda7ac-4159-4360-8727-ab86cd2ab548 ee2a682f0451424bb118efe638301089 11fa2fa4209848c88b252ebd561d433c - - 772c15fb44154c78897ebe5784d2c942 772c15fb44154c78897ebe5784d2c942] 199.204.45.238 "GET /v2.0/floatingips?fixed_ip_address=10.100.0.6&port_id=8940c568-6774-4bd9-a400-9e372ca2eefe HTTP/1.1" status: 200 len: 217 time: 0.0366504
2026-05-08 19:23:31.716 10 WARNING neutron.scheduler.dhcp_agent_scheduler [None req-e9618d55-ae06-4153-9d3f-b1669803ef8f 0cfdd5e9b9b4447c819ccfa7d0cbcdb8 a9b4695f1c1745aca58d0d56f149f5b2 - - default default] No more DHCP agents
2026-05-08 19:23:31.720 10 WARNING neutron.api.rpc.agentnotifiers.dhcp_rpc_agent_api [None req-e9618d55-ae06-4153-9d3f-b1669803ef8f 0cfdd5e9b9b4447c819ccfa7d0cbcdb8 a9b4695f1c1745aca58d0d56f149f5b2 - - default default] Unable to schedule network f2f4e5c6-c106-4bb1-988a-c657ec59e46a: no agents available; will retry on subsequent port and subnet creation events.
2026-05-08 19:23:31.744 9 INFO neutron.wsgi [req-88bcbfc7-be16-4168-99d0-dbb9ed8751a0 req-b2765781-8567-43db-a006-de9ed95a2f65 ee2a682f0451424bb118efe638301089 11fa2fa4209848c88b252ebd561d433c - - 772c15fb44154c78897ebe5784d2c942 772c15fb44154c78897ebe5784d2c942] 199.204.45.238 "GET /v2.0/subnets?id=53730578-0eab-4a27-8604-47d6e71a90c2 HTTP/1.1" status: 200 len: 877 time: 0.0417323
