2026-05-08 19:24:35.153 10 ERROR neutron_lib.callbacks.manager
File "/var/lib/openstack/lib/python3.10/site-packages/ovsdbapp/backend/ovs_idl/idlutils.py", line 114, in row_by_value
2026-05-08 19:24:35.153 10 ERROR neutron_lib.callbacks.manager raise RowNotFound(table=table, col=column, match=match)
2026-05-08 19:24:35.153 10 ERROR neutron_lib.callbacks.manager ovsdbapp.backend.ovs_idl.idlutils.RowNotFound: Cannot find Logical_Router_Port with name=lrp-2b040c7c-cf54-4387-9d9f-bd3fad3b3aa4
2026-05-08 19:24:35.153 10 ERROR neutron_lib.callbacks.manager 
2026-05-08 19:24:35.257 10 WARNING neutron.scheduler.dhcp_agent_scheduler [None req-6480e4d5-4c3b-45ed-8208-07e3f15cf715 0cfdd5e9b9b4447c819ccfa7d0cbcdb8 a9b4695f1c1745aca58d0d56f149f5b2 - - default default] No more DHCP agents
2026-05-08 19:24:35.261 10 WARNING neutron.api.rpc.agentnotifiers.dhcp_rpc_agent_api [None req-6480e4d5-4c3b-45ed-8208-07e3f15cf715 0cfdd5e9b9b4447c819ccfa7d0cbcdb8 a9b4695f1c1745aca58d0d56f149f5b2 - - default default] Unable to schedule network 7a635ba6-a5f9-4c29-b855-61f67afd1012: no agents available; will retry on subsequent port and subnet creation events.
2026-05-08 19:24:35.421 9 INFO neutron.wsgi [None req-10c648ae-f72e-4815-b747-1c653acbc978 0cfdd5e9b9b4447c819ccfa7d0cbcdb8 a9b4695f1c1745aca58d0d56f149f5b2 - - default default] 10.0.0.69 "GET /v2.0/security-groups?tenant_id=70322fb782cf47d5ab8b70befea78a9b&name=default HTTP/1.1" status: 200 len: 3120 time: 0.1346447
2026-05-08 19:24:35.443 10 INFO neutron.db.ovn_revision_numbers_db [None req-6480e4d5-4c3b-45ed-8208-07e3f15cf715 0cfdd5e9b9b4447c819ccfa7d0cbcdb8 a9b4695f1c1745aca58d0d56f149f5b2 - - default default] Successfully bumped revision number for resource 23589668-1921-4911-9e60-2f922e33a4ee (type: ports) to 1
2026-05-08 19:24:35.513 10 INFO neutron.wsgi [None req-6480e4d5-4c3b-45ed-8208-07e3f15cf715 0cfdd5e9b9b4447c819ccfa7d0cbcdb8 a9b4695f1c1745aca58d0d56f149f5b2 - - default default] 10.0.0.69 "POST /v2.0/networks HTTP/1.1" status: 201 len: 944 time: 1.8656158
2026-05-08 19:24:35.565 10 INFO neutron.db.ovn_revision_numbers_db [None req-90ff34b5-8c50-4286-b557-e6a7a61bd9ec ace558041fe0419b837eff6be546526a 67fa4b76947440af92045f779ae48451 - - default default] Successfully bumped revision number for resource 2b040c7c-cf54-4387-9d9f-bd3fad3b3aa4 (type: ports) to 1
2026-05-08 19:24:35.654 10 WARNING neutron.scheduler.dhcp_agent_scheduler [None req-90ff34b5-8c50-4286-b557-e6a7a61bd9ec ace558041fe0419b837eff6be546526a 67fa4b76947440af92045f779ae48451 - - default default] No more DHCP agents
2026-05-08 19:24:35.657 10 WARNING neutron.api.rpc.agentnotifiers.dhcp_rpc_agent_api [None req-90ff34b5-8c50-4286-b557-e6a7a61bd9ec ace558041fe0419b837eff6be546526a 67fa4b76947440af92045f779ae48451 - - default default] Unable to schedule network 2339b8b6-7a1e-489b-b351-6b4374d56574: no agents available; will retry on subsequent port and subnet creation events.
2026-05-08 19:24:35.914 9 WARNING neutron.scheduler.dhcp_agent_scheduler [None req-3c4d61f0-ae15-4ce7-8b8e-3d6b45d43b2b 0cfdd5e9b9b4447c819ccfa7d0cbcdb8 a9b4695f1c1745aca58d0d56f149f5b2 - - default default] No more DHCP agents
2026-05-08 19:24:35.917 9 WARNING neutron.api.rpc.agentnotifiers.dhcp_rpc_agent_api [None req-3c4d61f0-ae15-4ce7-8b8e-3d6b45d43b2b 0cfdd5e9b9b4447c819ccfa7d0cbcdb8 a9b4695f1c1745aca58d0d56f149f5b2 - - default default] Unable to schedule network 7a635ba6-a5f9-4c29-b855-61f67afd1012: no agents available; will retry on subsequent port and subnet creation events.
2026-05-08 19:24:35.948 9 INFO neutron.wsgi [None req-e145339f-ca5a-4d8e-b9c6-5494aef7ddb9 0cfdd5e9b9b4447c819ccfa7d0cbcdb8 a9b4695f1c1745aca58d0d56f149f5b2 - - default default] 10.0.0.69 "DELETE /v2.0/security-groups/bb98a0c6-05bc-4eb4-b72b-52dcb987935a HTTP/1.1" status: 204 len: 168 time: 0.5201623
2026-05-08 19:24:36.157 10 INFO neutron.wsgi [None req-377a6da6-8b79-4fc4-9222-a98dcbcbdcb1 0cfdd5e9b9b4447c819ccfa7d0cbcdb8 a9b4695f1c1745aca58d0d56f149f5b2 - - default default] 10.0.0.69 "DELETE /v2.0/routers/6be58696-ce4a-430c-ae08-e7bcd29d8e45 HTTP/1.1" status: 204 len: 168 time: 1.8358123
2026-05-08 19:24:36.339 10 INFO neutron.db.ovn_revision_numbers_db [None req-90ff34b5-8c50-4286-b557-e6a7a61bd9ec ace558041fe0419b837eff6be546526a 67fa4b76947440af92045f779ae48451 - - default default] Successfully bumped revision number for resource 2b040c7c-cf54-4387-9d9f-bd3fad3b3aa4 (type: router_ports) to 1
2026-05-08 19:24:36.346 10 INFO neutron.wsgi [None req-90ff34b5-8c50-4286-b557-e6a7a61bd9ec ace558041fe0419b837eff6be546526a 67fa4b76947440af92045f779ae48451 - - default default] 10.0.0.69 "PUT /v2.0/routers/559b101a-9864-4750-8fd8-d61ade2a3c69/add_router_interface HTTP/1.1" status: 200 len: 503 time: 4.1206884
2026-05-08 19:24:36.358 10 WARNING neutron_lib.context [None req-06450645-b462-4a5e-b102-bfe52211f3f9 ace558041fe0419b837eff6be546526a 67fa4b76947440af92045f779ae48451 - - default default] Method 'is_advsvc' is deprecated since 2023.2 release (neutron-lib 3.8.0) and will be removed once support for the old RBAC API policies will be removed from Neutron. Please use method 'is_service_role' instead.
2026-05-08 19:24:36.415 9 INFO neutron.wsgi [None req-d072c54f-a95a-45b6-8f5b-2148805658aa 0cfdd5e9b9b4447c819ccfa7d0cbcdb8 a9b4695f1c1745aca58d0d56f149f5b2 - - default default] 10.0.0.69 "DELETE /v2.0/subnets/cd381d17-eb93-41eb-860d-af8fcf5b53b2 HTTP/1.1" status: 204 len: 168 time: 0.2524397
2026-05-08 19:24:36.485 9 INFO neutron.db.ovn_revision_numbers_db [None req-3c4d61f0-ae15-4ce7-8b8e-3d6b45d43b2b 0cfdd5e9b9b4447c819ccfa7d0cbcdb8 a9b4695f1c1745aca58d0d56f149f5b2 - - default default] Successfully bumped revision number for resource 23589668-1921-4911-9e60-2f922e33a4ee (type: ports) to 2
2026-05-08 19:24:36.520 9 INFO neutron.db.ovn_revision_numbers_db [None req-3c4d61f0-ae15-4ce7-8b8e-3d6b45d43b2b 0cfdd5e9b9b4447c819ccfa7d0cbcdb8 a9b4695f1c1745aca58d0d56f149f5b2 - - default default] Successfully bumped revision number for resource ee4bc226-7bc8-41f0-bbf6-0d00b0398387 (type: subnets) to 0
2026-05-08 19:24:36.538 9 INFO neutron.wsgi [None req-3c4d61f0-ae15-4ce7-8b8e-3d6b45d43b2b 0cfdd5e9b9b4447c819ccfa7d0cbcdb8 a9b4695f1c1745aca58d0d56f149f5b2 - - default default] 10.0.0.69 "POST /v2.0/subnets HTTP/1.1" status: 201 len: 865 time: 1.0204091
2026-05-08 19:24:36.805 10 WARNING neutron.scheduler.dhcp_agent_scheduler [None req-06450645-b462-4a5e-b102-bfe52211f3f9 ace558041fe0419b837eff6be546526a 67fa4b76947440af92045f779ae48451 - - default default] No more DHCP agents
2026-05-08 19:24:36.809 10 WARNING neutron.api.rpc.agentnotifiers.dhcp_rpc_agent_api [None req-06450645-b462-4a5e-b102-bfe52211f3f9 ace558041fe0419b837eff6be546526a 67fa4b76947440af92045f779ae48451 - - default default] Unable to schedule network 2339b8b6-7a1e-489b-b351-6b4374d56574: no agents available; will retry on subsequent port and subnet creation events.
2026-05-08 19:24:36.923 10 INFO neutron.services.segments.plugin [-] Segment 0b1f5feb-0000-40ce-a667-5091bfbd41fa resource provider aggregate not found
2026-05-08 19:24:36.927 10 INFO neutron.services.segments.plugin [-] Segment 0b1f5feb-0000-40ce-a667-5091bfbd41fa resource provider aggregate not found
2026-05-08 19:24:36.946 10 INFO neutron.services.segments.plugin [-] Segment 0b1f5feb-0000-40ce-a667-5091bfbd41fa resource provider not found; error: Placement Client Error (4xx): {"errors": [{"status": 404, "title": "Not Found", "detail": "The resource could not be found.\n\n No resource provider with uuid 0b1f5feb-0000-40ce-a667-5091bfbd41fa found for delete ", "request_id": "req-cf189d40-728f-4016-a17e-11b2b2e14801"}]}
2026-05-08 19:24:36.947 10 INFO neutron.services.segments.plugin [-] Segment 0b1f5feb-0000-40ce-a667-5091bfbd41fa resource provider not found; error: Placement Client Error (4xx): {"errors": [{"status": 404, "title": "Not Found", "detail": "The resource could not be found.\n\n No resource provider with uuid 0b1f5feb-0000-40ce-a667-5091bfbd41fa found for delete ", "request_id": "req-3c9985dd-362f-4b98-9c02-b0796aa81a74"}]}
2026-05-08 19:24:36.965 10 INFO neutron.wsgi [None req-49265e5a-0372-4236-b012-78f68db06adf 0cfdd5e9b9b4447c819ccfa7d0cbcdb8 a9b4695f1c1745aca58d0d56f149f5b2 - - default default] 10.0.0.69 "DELETE /v2.0/networks/0b62cd01-45c8-48be-a402-59faddd222b6 HTTP/1.1" status: 204 len: 168 time: 0.5424149
2026-05-08 19:24:37.035 10 INFO neutron.db.ovn_revision_numbers_db [None req-06450645-b462-4a5e-b102-bfe52211f3f9 ace558041fe0419b837eff6be546526a 67fa4b76947440af92045f779ae48451 - - default default] Successfully bumped revision number for resource 7da4a460-5a3f-477b-bdbc-3a78d881e588 (type: ports) to 1
2026-05-08 19:24:37.059 10 INFO neutron.wsgi [None req-06450645-b462-4a5e-b102-bfe52211f3f9 ace558041fe0419b837eff6be546526a 67fa4b76947440af92045f779ae48451 - - default default] 10.0.0.69 "POST /v2.0/ports HTTP/1.1" status: 201 len: 1157 time: 0.7069356
2026-05-08 19:24:37.069 9 WARNING neutron_lib.context [None req-0f277a9a-57f7-4836-ac74-07881a15489d ace558041fe0419b837eff6be546526a 67fa4b76947440af92045f779ae48451 - - default default] Method 'is_advsvc' is deprecated since 2023.2 release (neutron-lib 3.8.0) and will be removed once support for the old RBAC API policies will be removed from Neutron. Please use method 'is_service_role' instead. /var/lib/openstack/lib/python3.10/site-packages/pycadf/identifier.py:71: UserWarning: Invalid uuid: neutron. To ensure interoperability, identifiers should be a valid uuid. warnings.warn(('Invalid uuid: %s. To ensure interoperability, '
2026-05-08 19:24:37.118 9 WARNING neutron.scheduler.dhcp_agent_scheduler [None req-acda7839-839b-42d0-86b3-ebdd951a0559 0cfdd5e9b9b4447c819ccfa7d0cbcdb8 a9b4695f1c1745aca58d0d56f149f5b2 - - default default] No more DHCP agents
2026-05-08 19:24:37.124 10 INFO neutron.wsgi [None req-9d7c58d8-0106-4a31-845d-e568e8d84776 0cfdd5e9b9b4447c819ccfa7d0cbcdb8 a9b4695f1c1745aca58d0d56f149f5b2 - - default default] 10.0.0.69 "GET /v2.0/security-groups?tenant_id=6f03a6402fd6436d8f8e468b1a21e726&name=default HTTP/1.1" status: 200 len: 3120 time: 0.0451851
2026-05-08 19:24:37.127 9 WARNING neutron.api.rpc.agentnotifiers.dhcp_rpc_agent_api [None req-acda7839-839b-42d0-86b3-ebdd951a0559 0cfdd5e9b9b4447c819ccfa7d0cbcdb8 a9b4695f1c1745aca58d0d56f149f5b2 - - default default] Unable to schedule network 676c8e7a-402f-40b1-aef0-b49cd55bbf98: no agents available; will retry on subsequent port and subnet creation events.
2026-05-08 19:24:37.340 10 INFO neutron.wsgi [None req-732ceda7-126c-43c8-9ea6-2799365dffa5 0cfdd5e9b9b4447c819ccfa7d0cbcdb8 a9b4695f1c1745aca58d0d56f149f5b2 - - default default] 10.0.0.69 "DELETE /v2.0/security-groups/8c5fa63f-5591-4540-beb5-c1bfde25d966 HTTP/1.1" status: 204 len: 168 time: 0.2089298
2026-05-08 19:24:37.340 9 INFO neutron.db.ovn_revision_numbers_db [None req-acda7839-839b-42d0-86b3-ebdd951a0559 0cfdd5e9b9b4447c819ccfa7d0cbcdb8 a9b4695f1c1745aca58d0d56f149f5b2 - - default default] Successfully bumped revision number for resource 1d7f7ce4-0688-44a6-bcfa-8d7cd65fb134 (type: ports) to 1
2026-05-08 19:24:37.538 9 WARNING neutron.scheduler.dhcp_agent_scheduler [None req-0f277a9a-57f7-4836-ac74-07881a15489d ace558041fe0419b837eff6be546526a 67fa4b76947440af92045f779ae48451 - - default default] No more DHCP agents
2026-05-08 19:24:37.542 9 WARNING neutron.api.rpc.agentnotifiers.dhcp_rpc_agent_api [None req-0f277a9a-57f7-4836-ac74-07881a15489d ace558041fe0419b837eff6be546526a 67fa4b76947440af92045f779ae48451 - - default default] Unable to schedule network 2339b8b6-7a1e-489b-b351-6b4374d56574: no agents available; will retry on subsequent port and subnet creation events.
2026-05-08 19:24:37.646 9 WARNING neutron.plugins.ml2.drivers.ovn.mech_driver.ovsdb.ovn_client [None req-49ce1230-f216-4ca1-b461-0cf6f95bc61c - - - - - -] No hosting information found for port 097d7afb-83ca-4eeb-b69d-e0aa7c44f6f3: RuntimeError: No hosting information found for port 097d7afb-83ca-4eeb-b69d-e0aa7c44f6f3
2026-05-08 19:24:37.762 10 INFO neutron.wsgi [-] 10.0.0.69 "GET / HTTP/1.1" status: 200 len: 279 time: 0.0018454
2026-05-08 19:24:37.792 9 INFO neutron.db.ovn_revision_numbers_db [None req-0f277a9a-57f7-4836-ac74-07881a15489d ace558041fe0419b837eff6be546526a 67fa4b76947440af92045f779ae48451 - - default default] Successfully bumped revision number for resource 8b0cc4cb-752c-481c-98d6-1d73ccec5006 (type: ports) to 1
2026-05-08 19:24:37.822 9 INFO neutron.wsgi [None req-0f277a9a-57f7-4836-ac74-07881a15489d ace558041fe0419b837eff6be546526a 67fa4b76947440af92045f779ae48451 - - default default] 10.0.0.69 "POST /v2.0/ports HTTP/1.1" status: 201 len: 1154 time: 0.7582161
2026-05-08 19:24:37.835 10 WARNING neutron_lib.context [None req-26f32c94-767d-4ed0-b88b-6f53862a1dbb ace558041fe0419b837eff6be546526a 67fa4b76947440af92045f779ae48451 - - default default] Method 'is_advsvc' is deprecated since 2023.2 release (neutron-lib 3.8.0) and will be removed once support for the old RBAC API policies will be removed from Neutron. Please use method 'is_service_role' instead.
2026-05-08 19:24:37.950 10 INFO neutron.wsgi [None req-e66c1caf-b4e8-4841-93c6-7946464025d7 1aeb16c4a16e4581b36598aa24be36dc 013cbb9f34f249f288ecec7fc5a9fbe9 - - default default] 10.0.0.69 "GET /v2.0/ HTTP/1.1" status: 200 len: 826 time: 0.1817327
2026-05-08 19:24:37.970 10 WARNING neutron.plugins.ml2.drivers.ovn.mech_driver.ovsdb.ovn_client [None req-4f93f530-b8bd-4195-ad50-a2accf5859f6 - - - - - -] No port found with ID 88b81dbb-9fca-4910-b406-d6d247b78bf5: RuntimeError: No port found with ID 88b81dbb-9fca-4910-b406-d6d247b78bf5
2026-05-08 19:24:37.970 10 INFO neutron.plugins.ml2.drivers.ovn.mech_driver.mech_driver [None req-4f93f530-b8bd-4195-ad50-a2accf5859f6 - - - - - -] OVN reports status up for port: 2b040c7c-cf54-4387-9d9f-bd3fad3b3aa4
2026-05-08 19:24:37.983 10 INFO neutron.plugins.ml2.plugin [None req-4f93f530-b8bd-4195-ad50-a2accf5859f6 - - - - - -] Attempt 1 to provision port 2b040c7c-cf54-4387-9d9f-bd3fad3b3aa4
2026-05-08 19:24:38.147 9 INFO neutron.plugins.ml2.drivers.ovn.mech_driver.ovsdb.commands [None req-176501fd-544d-43ca-9152-ee3e8abd1cfd - - - - - -] Schedule LRP lrp-1d7f7ce4-0688-44a6-bcfa-8d7cd65fb134 on gateway 7d983663-5ce5-4903-8622-dd209bdf2bf7 with priority 1
2026-05-08 19:24:38.163 9 INFO neutron.plugins.ml2.drivers.ovn.mech_driver.mech_driver [None req-49ce1230-f216-4ca1-b461-0cf6f95bc61c - - - - - -] OVN reports status up for port: 1d7f7ce4-0688-44a6-bcfa-8d7cd65fb134
2026-05-08 19:24:38.180 10 WARNING neutron.scheduler.dhcp_agent_scheduler [None req-26f32c94-767d-4ed0-b88b-6f53862a1dbb ace558041fe0419b837eff6be546526a 67fa4b76947440af92045f779ae48451 - - default default] No more DHCP agents
2026-05-08 19:24:38.182 9 INFO neutron.plugins.ml2.plugin [None req-49ce1230-f216-4ca1-b461-0cf6f95bc61c - - - - - -] Attempt 1 to provision port 1d7f7ce4-0688-44a6-bcfa-8d7cd65fb134
2026-05-08 19:24:38.191 10 INFO neutron.plugins.ml2.drivers.ovn.mech_driver.ovsdb.ovsdb_monitor [None req-e9ceb784-acb1-4adb-bf32-035827b5eed5 - - - - - -] Router a633a4b8-a8e0-495d-9ea5-aa64610eaab6 is bound to host instance
2026-05-08 19:24:38.198 10 WARNING neutron.api.rpc.agentnotifiers.dhcp_rpc_agent_api [None req-26f32c94-767d-4ed0-b88b-6f53862a1dbb ace558041fe0419b837eff6be546526a 67fa4b76947440af92045f779ae48451 - - default default] Unable to schedule network 676c8e7a-402f-40b1-aef0-b49cd55bbf98: no agents available; will retry on subsequent port and subnet creation events.
2026-05-08 19:24:38.244 9 INFO neutron.db.ovn_revision_numbers_db [None req-acda7839-839b-42d0-86b3-ebdd951a0559 0cfdd5e9b9b4447c819ccfa7d0cbcdb8 a9b4695f1c1745aca58d0d56f149f5b2 - - default default] Successfully bumped revision number for resource 1d7f7ce4-0688-44a6-bcfa-8d7cd65fb134 (type: router_ports) to 1
2026-05-08 19:24:38.351 9 INFO neutron.db.ovn_revision_numbers_db [None req-acda7839-839b-42d0-86b3-ebdd951a0559 0cfdd5e9b9b4447c819ccfa7d0cbcdb8 a9b4695f1c1745aca58d0d56f149f5b2 - - default default] Successfully bumped revision number for resource a633a4b8-a8e0-495d-9ea5-aa64610eaab6 (type: routers) to 2
2026-05-08 19:24:38.370 9 INFO neutron.wsgi [None req-acda7839-839b-42d0-86b3-ebdd951a0559 0cfdd5e9b9b4447c819ccfa7d0cbcdb8 a9b4695f1c1745aca58d0d56f149f5b2 - - default default] 10.0.0.69 "POST /v2.0/routers HTTP/1.1" status: 201 len: 1167 time: 1.8260114 /var/lib/openstack/lib/python3.10/site-packages/pycadf/identifier.py:71: UserWarning: Invalid uuid: neutron. To ensure interoperability, identifiers should be a valid uuid. warnings.warn(('Invalid uuid: %s. To ensure interoperability, '
2026-05-08 19:24:38.915 9 WARNING neutron.scheduler.dhcp_agent_scheduler [None req-addcdcef-81c2-4463-9cd5-6229a786e451 0cfdd5e9b9b4447c819ccfa7d0cbcdb8 a9b4695f1c1745aca58d0d56f149f5b2 - - default default] No more DHCP agents
2026-05-08 19:24:38.919 9 WARNING neutron.api.rpc.agentnotifiers.dhcp_rpc_agent_api [None req-addcdcef-81c2-4463-9cd5-6229a786e451 0cfdd5e9b9b4447c819ccfa7d0cbcdb8 a9b4695f1c1745aca58d0d56f149f5b2 - - default default] Unable to schedule network 7a635ba6-a5f9-4c29-b855-61f67afd1012: no agents available; will retry on subsequent port and subnet creation events.
2026-05-08 19:24:39.062 10 INFO neutron.db.ovn_revision_numbers_db [None req-8e62ab43-076c-4895-a503-02ea1a13e087 0cfdd5e9b9b4447c819ccfa7d0cbcdb8 a9b4695f1c1745aca58d0d56f149f5b2 - - default default] Successfully bumped revision number for resource 200f29b4-afd5-4197-a25a-c37984665b65 (type: security_groups) to 1
2026-05-08 19:24:39.130 10 INFO neutron.db.ovn_revision_numbers_db [None req-8e62ab43-076c-4895-a503-02ea1a13e087 0cfdd5e9b9b4447c819ccfa7d0cbcdb8 a9b4695f1c1745aca58d0d56f149f5b2 - - default default] Successfully bumped revision number for resource 030412e0-3945-4446-aaf4-cea2890a6152 (type: security_group_rules) to 0
2026-05-08 19:24:39.160 10 INFO neutron.db.ovn_revision_numbers_db [None req-4f93f530-b8bd-4195-ad50-a2accf5859f6 - - - - - -] Successfully bumped revision number for resource 2b040c7c-cf54-4387-9d9f-bd3fad3b3aa4 (type: ports) to 2
2026-05-08 19:24:39.188 10 INFO neutron.db.ovn_revision_numbers_db [None req-8e62ab43-076c-4895-a503-02ea1a13e087 0cfdd5e9b9b4447c819ccfa7d0cbcdb8 a9b4695f1c1745aca58d0d56f149f5b2 - - default default] Successfully bumped revision number for resource 0f345157-cd54-4ce7-8dbe-2c5eead8fcc8 (type: security_group_rules) to 0
2026-05-08 19:24:39.264 10 INFO neutron.db.ovn_revision_numbers_db [None req-8e62ab43-076c-4895-a503-02ea1a13e087 0cfdd5e9b9b4447c819ccfa7d0cbcdb8 a9b4695f1c1745aca58d0d56f149f5b2 - - default default] Successfully bumped revision number for resource 1f06bd0f-e440-48a9-a3b2-44d8534e22e8 (type: security_group_rules) to 0
2026-05-08 19:24:39.310 9 INFO neutron.db.ovn_revision_numbers_db [None req-addcdcef-81c2-4463-9cd5-6229a786e451 0cfdd5e9b9b4447c819ccfa7d0cbcdb8 a9b4695f1c1745aca58d0d56f149f5b2 - - default default] Successfully bumped revision number for resource 6acb95c3-1746-4116-a90d-b87c44efac4d (type: ports) to 1
2026-05-08 19:24:39.360 10 INFO neutron.db.ovn_revision_numbers_db [None req-8e62ab43-076c-4895-a503-02ea1a13e087 0cfdd5e9b9b4447c819ccfa7d0cbcdb8 a9b4695f1c1745aca58d0d56f149f5b2 - - default default] Successfully bumped revision number for resource 2bdbc4a9-5ffe-4fac-8675-b72982abd3b2 (type: security_group_rules) to 0
2026-05-08 19:24:39.422 10 INFO neutron.wsgi [None req-8e62ab43-076c-4895-a503-02ea1a13e087 0cfdd5e9b9b4447c819ccfa7d0cbcdb8 a9b4695f1c1745aca58d0d56f149f5b2 - - default default] 10.0.0.69 "GET /v2.0/security-groups?tenant_id=013cbb9f34f249f288ecec7fc5a9fbe9&name=default HTTP/1.1" status: 200 len: 3120 time: 0.9973843
2026-05-08 19:24:39.584 10 INFO neutron.db.ovn_revision_numbers_db [None req-4f93f530-b8bd-4195-ad50-a2accf5859f6 - - - - - -] Successfully bumped revision number for resource 2b040c7c-cf54-4387-9d9f-bd3fad3b3aa4 (type: router_ports) to 2
2026-05-08 19:24:39.706 9 INFO neutron.wsgi [None req-7d9d07ac-22b8-4bd0-9179-4b857db8709f 0cfdd5e9b9b4447c819ccfa7d0cbcdb8 a9b4695f1c1745aca58d0d56f149f5b2 - - default default] 10.0.0.69 "DELETE /v2.0/security-groups/200f29b4-afd5-4197-a25a-c37984665b65 HTTP/1.1" status: 204 len: 168 time: 0.2774761
2026-05-08 19:24:39.902 9 ERROR ovsdbapp.backend.ovs_idl.command [None req-addcdcef-81c2-4463-9cd5-6229a786e451 0cfdd5e9b9b4447c819ccfa7d0cbcdb8 a9b4695f1c1745aca58d0d56f149f5b2 - - default default] Error executing command (DbGetCommand): ovsdbapp.backend.ovs_idl.idlutils.RowNotFound: Cannot find Logical_Router_Port with name=lrp-6acb95c3-1746-4116-a90d-b87c44efac4d
2026-05-08 19:24:39.902 9 ERROR ovsdbapp.backend.ovs_idl.command
Traceback (most recent call last):
2026-05-08 19:24:39.902 9 ERROR ovsdbapp.backend.ovs_idl.command
File "/var/lib/openstack/lib/python3.10/site-packages/ovsdbapp/backend/ovs_idl/command.py", line 47, in execute
2026-05-08 19:24:39.902 9 ERROR ovsdbapp.backend.ovs_idl.command self.run_idl(None)
2026-05-08 19:24:39.902 9 ERROR ovsdbapp.backend.ovs_idl.command
File "/var/lib/openstack/lib/python3.10/site-packages/ovsdbapp/backend/ovs_idl/command.py", line 235, in run_idl
2026-05-08 19:24:39.902 9 ERROR ovsdbapp.backend.ovs_idl.command record = self.api.lookup(self.table, self.record)
2026-05-08 19:24:39.902 9 ERROR ovsdbapp.backend.ovs_idl.command
File "/var/lib/openstack/lib/python3.10/site-packages/ovsdbapp/backend/ovs_idl/__init__.py", line 184, in lookup
2026-05-08 19:24:39.902 9 ERROR ovsdbapp.backend.ovs_idl.command return self._lookup(table, record)
2026-05-08 19:24:39.902 9 ERROR ovsdbapp.backend.ovs_idl.command
File "/var/lib/openstack/lib/python3.10/site-packages/ovsdbapp/backend/ovs_idl/__init__.py", line 235, in _lookup
2026-05-08 19:24:39.902 9 ERROR ovsdbapp.backend.ovs_idl.command row = idlutils.row_by_value(self, rl.table, rl.column, record)
2026-05-08 19:24:39.902 9 ERROR ovsdbapp.backend.ovs_idl.command
File "/var/lib/openstack/lib/python3.10/site-packages/ovsdbapp/backend/ovs_idl/idlutils.py", line 114, in row_by_value
2026-05-08 19:24:39.902 9 ERROR ovsdbapp.backend.ovs_idl.command raise RowNotFound(table=table, col=column, match=match)
2026-05-08 19:24:39.902 9 ERROR ovsdbapp.backend.ovs_idl.command ovsdbapp.backend.ovs_idl.idlutils.RowNotFound: Cannot find Logical_Router_Port with name=lrp-6acb95c3-1746-4116-a90d-b87c44efac4d
2026-05-08 19:24:39.902 9 ERROR ovsdbapp.backend.ovs_idl.command 
2026-05-08 19:24:39.902 9 ERROR neutron_lib.callbacks.manager [None req-addcdcef-81c2-4463-9cd5-6229a786e451 0cfdd5e9b9b4447c819ccfa7d0cbcdb8 a9b4695f1c1745aca58d0d56f149f5b2 - - default default] Error during notification for neutron.services.ovn_l3.plugin.OVNL3RouterPlugin._port_update-8741299812079 port, after_update: ovsdbapp.backend.ovs_idl.idlutils.RowNotFound: Cannot find Logical_Router_Port with name=lrp-6acb95c3-1746-4116-a90d-b87c44efac4d
2026-05-08 19:24:39.902 9 ERROR neutron_lib.callbacks.manager
Traceback (most recent call last):
2026-05-08 19:24:39.902 9 ERROR neutron_lib.callbacks.manager
File "/var/lib/openstack/lib/python3.10/site-packages/neutron_lib/callbacks/manager.py", line 189, in _notify_loop
2026-05-08 19:24:39.902 9 ERROR neutron_lib.callbacks.manager callback.method(resource, event, trigger, payload=payload)
2026-05-08 19:24:39.902 9 ERROR neutron_lib.callbacks.manager
File "/var/lib/openstack/lib/python3.10/site-packages/neutron/services/ovn_l3/plugin.py", line 391, in _port_update
2026-05-08 19:24:39.902 9 ERROR neutron_lib.callbacks.manager l3plugin._ovn_client.update_router_port(context,
2026-05-08 19:24:39.902 9 ERROR neutron_lib.callbacks.manager
File "/var/lib/openstack/lib/python3.10/site-packages/neutron/plugins/ml2/drivers/ovn/mech_driver/ovsdb/ovn_client.py", line 1878, in update_router_port
2026-05-08 19:24:39.902 9 ERROR neutron_lib.callbacks.manager self._update_lrouter_port(context, port, if_exists=if_exists,
2026-05-08 19:24:39.902 9 ERROR neutron_lib.callbacks.manager
File "/var/lib/openstack/lib/python3.10/site-packages/neutron/plugins/ml2/drivers/ovn/mech_driver/ovsdb/ovn_client.py", line 1855, in _update_lrouter_port
2026-05-08 19:24:39.902 9 ERROR neutron_lib.callbacks.manager external_ids = self._nb_idl.db_get(
2026-05-08 19:24:39.902 9 ERROR neutron_lib.callbacks.manager
File "/var/lib/openstack/lib/python3.10/site-packages/ovsdbapp/backend/ovs_idl/command.py", line 47, in execute
2026-05-08 19:24:39.902 9 ERROR neutron_lib.callbacks.manager self.run_idl(None)
2026-05-08 19:24:39.902 9 ERROR neutron_lib.callbacks.manager
File "/var/lib/openstack/lib/python3.10/site-packages/ovsdbapp/backend/ovs_idl/command.py", line 235, in run_idl
2026-05-08 19:24:39.902 9 ERROR neutron_lib.callbacks.manager record = self.api.lookup(self.table, self.record)
2026-05-08 19:24:39.902 9 ERROR neutron_lib.callbacks.manager
File "/var/lib/openstack/lib/python3.10/site-packages/ovsdbapp/backend/ovs_idl/__init__.py", line 184, in lookup
2026-05-08 19:24:39.902 9 ERROR neutron_lib.callbacks.manager return self._lookup(table, record)
2026-05-08 19:24:39.902 9 ERROR neutron_lib.callbacks.manager
File "/var/lib/openstack/lib/python3.10/site-packages/ovsdbapp/backend/ovs_idl/__init__.py", line 235, in _lookup
2026-05-08 19:24:39.902 9 ERROR neutron_lib.callbacks.manager row = idlutils.row_by_value(self, rl.table, rl.column, record)
2026-05-08 19:24:39.902 9 ERROR neutron_lib.callbacks.manager
File "/var/lib/openstack/lib/python3.10/site-packages/ovsdbapp/backend/ovs_idl/idlutils.py", line 114, in row_by_value
2026-05-08 19:24:39.902 9 ERROR neutron_lib.callbacks.manager raise RowNotFound(table=table, col=column, match=match)
2026-05-08 19:24:39.902 9 ERROR neutron_lib.callbacks.manager ovsdbapp.backend.ovs_idl.idlutils.RowNotFound: Cannot find Logical_Router_Port with name=lrp-6acb95c3-1746-4116-a90d-b87c44efac4d
2026-05-08 19:24:39.902 9 ERROR neutron_lib.callbacks.manager 
2026-05-08 19:24:39.952 10 INFO neutron.db.ovn_revision_numbers_db [None req-cb56b6ce-7703-473c-9997-de6c43970ff7 0cfdd5e9b9b4447c819ccfa7d0cbcdb8 a9b4695f1c1745aca58d0d56f149f5b2 - - default default] Successfully bumped revision number for resource 5572e471-0b69-4887-ac9f-ab9c8b2e11bd (type: security_groups) to 1
2026-05-08 19:24:39.990 10 INFO neutron.db.ovn_revision_numbers_db [None req-cb56b6ce-7703-473c-9997-de6c43970ff7 0cfdd5e9b9b4447c819ccfa7d0cbcdb8 a9b4695f1c1745aca58d0d56f149f5b2 - - default default] Successfully bumped revision number for resource 27d8ecae-6d8d-4a08-a396-869512b0c0ea (type: security_group_rules) to 0
2026-05-08 19:24:40.034 10 INFO neutron.db.ovn_revision_numbers_db [None req-cb56b6ce-7703-473c-9997-de6c43970ff7 0cfdd5e9b9b4447c819ccfa7d0cbcdb8 a9b4695f1c1745aca58d0d56f149f5b2 - - default default] Successfully bumped revision number for resource 50fd6394-a9b5-43ee-8f53-e1c5679adafa (type: security_group_rules) to 0
2026-05-08 19:24:40.067 10 INFO neutron.db.ovn_revision_numbers_db [None req-cb56b6ce-7703-473c-9997-de6c43970ff7 0cfdd5e9b9b4447c819ccfa7d0cbcdb8 a9b4695f1c1745aca58d0d56f149f5b2 - - default default] Successfully bumped revision number for resource 7984bcb6-4d03-4a53-8611-303d2e9e715e (type: security_group_rules) to 0
2026-05-08 19:24:40.106 10 INFO neutron.db.ovn_revision_numbers_db [None req-cb56b6ce-7703-473c-9997-de6c43970ff7 0cfdd5e9b9b4447c819ccfa7d0cbcdb8 a9b4695f1c1745aca58d0d56f149f5b2 - - default default] Successfully bumped revision number for resource c4409ff7-8eb1-4037-a02f-0de9451e4f9a (type: security_group_rules) to 0
2026-05-08 19:24:40.124 9 INFO neutron.db.ovn_revision_numbers_db [None req-addcdcef-81c2-4463-9cd5-6229a786e451 0cfdd5e9b9b4447c819ccfa7d0cbcdb8 a9b4695f1c1745aca58d0d56f149f5b2 - - default default] Successfully bumped revision number for resource 6acb95c3-1746-4116-a90d-b87c44efac4d (type: ports) to 1
2026-05-08 19:24:40.185 10 INFO neutron.db.segments_db [None req-cb56b6ce-7703-473c-9997-de6c43970ff7 0cfdd5e9b9b4447c819ccfa7d0cbcdb8 a9b4695f1c1745aca58d0d56f149f5b2 - - default default] Added segment 23b07a5b-8286-47ce-8ff5-a75740fcd7c0 of type geneve for network 6ddcddd9-450e-4ea6-99d1-5c0900cfca1c
2026-05-08 19:24:40.211 9 WARNING neutron.scheduler.dhcp_agent_scheduler [None req-addcdcef-81c2-4463-9cd5-6229a786e451 0cfdd5e9b9b4447c819ccfa7d0cbcdb8 a9b4695f1c1745aca58d0d56f149f5b2 - - default default] No more DHCP agents
2026-05-08 19:24:40.212 9 WARNING neutron.api.rpc.agentnotifiers.dhcp_rpc_agent_api [None req-addcdcef-81c2-4463-9cd5-6229a786e451 0cfdd5e9b9b4447c819ccfa7d0cbcdb8 a9b4695f1c1745aca58d0d56f149f5b2 - - default default] Unable to schedule network 7a635ba6-a5f9-4c29-b855-61f67afd1012: no agents available; will retry on subsequent port and subnet creation events.
2026-05-08 19:24:40.276 10 INFO neutron.db.ovn_revision_numbers_db [None req-e9ceb784-acb1-4adb-bf32-035827b5eed5 - - - - - -] Successfully bumped revision number for resource 1d7f7ce4-0688-44a6-bcfa-8d7cd65fb134 (type: ports) to 1
2026-05-08 19:24:40.296 10 INFO neutron.db.ovn_revision_numbers_db [None req-26f32c94-767d-4ed0-b88b-6f53862a1dbb ace558041fe0419b837eff6be546526a 67fa4b76947440af92045f779ae48451 - - default default] Successfully bumped revision number for resource 33275a6d-9704-4516-a294-8ca4a7316d63 (type: floatingips) to -1
2026-05-08 19:24:40.429 10 INFO neutron.db.ovn_revision_numbers_db [None req-cb56b6ce-7703-473c-9997-de6c43970ff7 0cfdd5e9b9b4447c819ccfa7d0cbcdb8 a9b4695f1c1745aca58d0d56f149f5b2 - - default default] Successfully bumped revision number for resource 6ddcddd9-450e-4ea6-99d1-5c0900cfca1c (type: networks) to 1
2026-05-08 19:24:40.584 10 INFO neutron.db.ovn_revision_numbers_db [None req-26f32c94-767d-4ed0-b88b-6f53862a1dbb ace558041fe0419b837eff6be546526a 67fa4b76947440af92045f779ae48451 - - default default] Successfully bumped revision number for resource 33275a6d-9704-4516-a294-8ca4a7316d63 (type: floatingips) to 1
2026-05-08 19:24:40.584 10 INFO neutron.db.l3_db [None req-26f32c94-767d-4ed0-b88b-6f53862a1dbb ace558041fe0419b837eff6be546526a 67fa4b76947440af92045f779ae48451 - - default default] Floating IP 33275a6d-9704-4516-a294-8ca4a7316d63 associated. External IP: 10.96.250.210, port: 8b0cc4cb-752c-481c-98d6-1d73ccec5006.
2026-05-08 19:24:40.699 10 INFO neutron.wsgi [None req-26f32c94-767d-4ed0-b88b-6f53862a1dbb ace558041fe0419b837eff6be546526a 67fa4b76947440af92045f779ae48451 - - default default] 10.0.0.69 "POST /v2.0/floatingips HTTP/1.1" status: 201 len: 1041 time: 2.8722761
2026-05-08 19:24:40.815 9 INFO neutron.db.ovn_revision_numbers_db [None req-addcdcef-81c2-4463-9cd5-6229a786e451 0cfdd5e9b9b4447c819ccfa7d0cbcdb8 a9b4695f1c1745aca58d0d56f149f5b2 - - default default] Successfully bumped revision number for resource 6acb95c3-1746-4116-a90d-b87c44efac4d (type: router_ports) to 1
2026-05-08 19:24:40.820 9 INFO neutron.wsgi [None req-addcdcef-81c2-4463-9cd5-6229a786e451 0cfdd5e9b9b4447c819ccfa7d0cbcdb8 a9b4695f1c1745aca58d0d56f149f5b2 - - default default] 10.0.0.69 "PUT /v2.0/routers/a633a4b8-a8e0-495d-9ea5-aa64610eaab6/add_router_interface HTTP/1.1" status: 200 len: 503 time: 2.4453959
2026-05-08 19:24:40.823 10 WARNING neutron.scheduler.dhcp_agent_scheduler [None req-cb56b6ce-7703-473c-9997-de6c43970ff7 0cfdd5e9b9b4447c819ccfa7d0cbcdb8 a9b4695f1c1745aca58d0d56f149f5b2 - - default default] No more DHCP agents
2026-05-08 19:24:40.828 10 WARNING neutron.api.rpc.agentnotifiers.dhcp_rpc_agent_api [None req-cb56b6ce-7703-473c-9997-de6c43970ff7 0cfdd5e9b9b4447c819ccfa7d0cbcdb8 a9b4695f1c1745aca58d0d56f149f5b2 - - default default] Unable to schedule network 6ddcddd9-450e-4ea6-99d1-5c0900cfca1c: no agents available; will retry on subsequent port and subnet creation events.
2026-05-08 19:24:41.245 10 INFO neutron.db.ovn_revision_numbers_db [None req-cb56b6ce-7703-473c-9997-de6c43970ff7 0cfdd5e9b9b4447c819ccfa7d0cbcdb8 a9b4695f1c1745aca58d0d56f149f5b2 - - default default] Successfully bumped revision number for resource 16f43e22-c46a-401e-8db2-fe1a33847a68 (type: ports) to 1
2026-05-08 19:24:41.260 10 INFO neutron.db.ovn_revision_numbers_db [None req-3124764a-2905-4b1b-ae33-ca05a9ae94f6 ace558041fe0419b837eff6be546526a 67fa4b76947440af92045f779ae48451 - - default default] Successfully bumped revision number for resource 33275a6d-9704-4516-a294-8ca4a7316d63 (type: floatingips) to 2
2026-05-08 19:24:41.335 10 INFO neutron.wsgi [None req-cb56b6ce-7703-473c-9997-de6c43970ff7 0cfdd5e9b9b4447c819ccfa7d0cbcdb8 a9b4695f1c1745aca58d0d56f149f5b2 - - default default] 10.0.0.69 "POST /v2.0/networks HTTP/1.1" status: 201 len: 947 time: 2.1918600
2026-05-08 19:24:41.358 10 INFO neutron.db.ovn_revision_numbers_db [None req-e9ceb784-acb1-4adb-bf32-035827b5eed5 - - - - - -] Successfully bumped revision number for resource 1d7f7ce4-0688-44a6-bcfa-8d7cd65fb134 (type: router_ports) to 3
2026-05-08 19:24:41.394 10 INFO neutron.db.l3_db [None req-3124764a-2905-4b1b-ae33-ca05a9ae94f6 ace558041fe0419b837eff6be546526a 67fa4b76947440af92045f779ae48451 - - default default] Floating IP 33275a6d-9704-4516-a294-8ca4a7316d63 disassociated. External IP: 10.96.250.210, port: 8b0cc4cb-752c-481c-98d6-1d73ccec5006.
2026-05-08 19:24:41.461 10 INFO neutron.wsgi [None req-3124764a-2905-4b1b-ae33-ca05a9ae94f6 ace558041fe0419b837eff6be546526a 67fa4b76947440af92045f779ae48451 - - default default] 10.0.0.69 "PUT /v2.0/floatingips/33275a6d-9704-4516-a294-8ca4a7316d63 HTTP/1.1" status: 200 len: 748 time: 0.7565341
2026-05-08 19:24:41.493 10 WARNING neutron_lib.context [None req-23574742-ba70-43ab-a19b-5849616fd53e c77e0d7f46564c41b08aa621ee76923e 0ede620cc97248d79f93e1a471c20553 - - default default] Method 'is_advsvc' is deprecated since 2023.2 release (neutron-lib 3.8.0) and will be removed once support for the old RBAC API policies will be removed from Neutron. Please use method 'is_service_role' instead.
2026-05-08 19:24:41.576 9 WARNING neutron.scheduler.dhcp_agent_scheduler [None req-c6e90115-7635-49fd-a6e2-b074b1a30bc8 0cfdd5e9b9b4447c819ccfa7d0cbcdb8 a9b4695f1c1745aca58d0d56f149f5b2 - - default default] No more DHCP agents
2026-05-08 19:24:41.580 9 WARNING neutron.api.rpc.agentnotifiers.dhcp_rpc_agent_api [None req-c6e90115-7635-49fd-a6e2-b074b1a30bc8 0cfdd5e9b9b4447c819ccfa7d0cbcdb8 a9b4695f1c1745aca58d0d56f149f5b2 - - default default] Unable to schedule network 6ddcddd9-450e-4ea6-99d1-5c0900cfca1c: no agents available; will retry on subsequent port and subnet creation events.
2026-05-08 19:24:41.668 10 INFO neutron.db.ovn_revision_numbers_db [None req-e9ceb784-acb1-4adb-bf32-035827b5eed5 - - - - - -] Successfully bumped revision number for resource 1d7f7ce4-0688-44a6-bcfa-8d7cd65fb134 (type: ports) to 2
2026-05-08 19:24:41.691 10 INFO neutron.db.ovn_revision_numbers_db [None req-23574742-ba70-43ab-a19b-5849616fd53e c77e0d7f46564c41b08aa621ee76923e 0ede620cc97248d79f93e1a471c20553 - - default default] Successfully bumped revision number for resource 1e008cd5-5db3-4df4-9217-7f4c84cfe53c (type: security_groups) to 1
2026-05-08 19:24:41.710 10 INFO neutron.db.ovn_revision_numbers_db [None req-23574742-ba70-43ab-a19b-5849616fd53e c77e0d7f46564c41b08aa621ee76923e 0ede620cc97248d79f93e1a471c20553 - - default default] Successfully bumped revision number for resource 3f569494-2716-4d5b-8b32-e62b91ebf844 (type: security_group_rules) to 0
2026-05-08 19:24:41.727 10 INFO neutron.db.ovn_revision_numbers_db [None req-23574742-ba70-43ab-a19b-5849616fd53e c77e0d7f46564c41b08aa621ee76923e 0ede620cc97248d79f93e1a471c20553 - - default default] Successfully bumped revision number for resource 71bb36a6-2e98-4140-a5f9-a5c7db33ffe9 (type: security_group_rules) to 0
2026-05-08 19:24:41.770 10 INFO neutron.wsgi [None req-23574742-ba70-43ab-a19b-5849616fd53e c77e0d7f46564c41b08aa621ee76923e 0ede620cc97248d79f93e1a471c20553 - - default default] 10.0.0.69 "POST /v2.0/security-groups HTTP/1.1" status: 201 len: 1859 time: 0.2819123
2026-05-08 19:24:41.785 9 WARNING neutron_lib.context [None req-4b8c7214-248f-44f0-b6a3-26f66839fe1c c77e0d7f46564c41b08aa621ee76923e 0ede620cc97248d79f93e1a471c20553 - - default default] Method 'is_advsvc' is deprecated since 2023.2 release (neutron-lib 3.8.0) and will be removed once support for the old RBAC API policies will be removed from Neutron. Please use method 'is_service_role' instead.
2026-05-08 19:24:42.101 9 INFO neutron.wsgi [None req-0b4fef47-c993-47f3-9fd3-b64148385631 ace558041fe0419b837eff6be546526a 67fa4b76947440af92045f779ae48451 - - default default] 10.0.0.69 "DELETE /v2.0/floatingips/33275a6d-9704-4516-a294-8ca4a7316d63 HTTP/1.1" status: 204 len: 168 time: 0.6319687
2026-05-08 19:24:42.102 9 INFO neutron.db.ovn_revision_numbers_db [None req-4b8c7214-248f-44f0-b6a3-26f66839fe1c c77e0d7f46564c41b08aa621ee76923e 0ede620cc97248d79f93e1a471c20553 - - default default] Successfully bumped revision number for resource b1fba6c9-b160-4bbb-b16a-e5f330f6e83d (type: security_group_rules) to 0
2026-05-08 19:24:42.114 10 WARNING neutron_lib.context [None req-6ea15f67-9076-4ef4-a558-54cd1062cd68 ace558041fe0419b837eff6be546526a 67fa4b76947440af92045f779ae48451 - - default default] Method 'is_advsvc' is deprecated since 2023.2 release (neutron-lib 3.8.0) and will be removed once support for the old RBAC API policies will be removed from Neutron. Please use method 'is_service_role' instead.
2026-05-08 19:24:42.123 10 INFO neutron.db.ovn_revision_numbers_db [None req-e9ceb784-acb1-4adb-bf32-035827b5eed5 - - - - - -] Successfully bumped revision number for resource 1d7f7ce4-0688-44a6-bcfa-8d7cd65fb134 (type: ports) to 4
2026-05-08 19:24:42.138 9 INFO neutron.wsgi [None req-4b8c7214-248f-44f0-b6a3-26f66839fe1c c77e0d7f46564c41b08aa621ee76923e 0ede620cc97248d79f93e1a471c20553 - - default default] 10.0.0.69 "POST /v2.0/security-group-rules HTTP/1.1" status: 201 len: 796 time: 0.3602562
2026-05-08 19:24:42.148 9 WARNING neutron_lib.context [None req-6dbd8fd2-10ab-4ea7-9303-5cf0c7011cdc c77e0d7f46564c41b08aa621ee76923e 0ede620cc97248d79f93e1a471c20553 - - default default] Method 'is_advsvc' is deprecated since 2023.2 release (neutron-lib 3.8.0) and will be removed once support for the old RBAC API policies will be removed from Neutron. Please use method 'is_service_role' instead.
2026-05-08 19:24:42.332 9 INFO neutron.db.ovn_revision_numbers_db [None req-c6e90115-7635-49fd-a6e2-b074b1a30bc8 0cfdd5e9b9b4447c819ccfa7d0cbcdb8 a9b4695f1c1745aca58d0d56f149f5b2 - - default default] Successfully bumped revision number for resource 16f43e22-c46a-401e-8db2-fe1a33847a68 (type: ports) to 2
2026-05-08 19:24:42.355 9 INFO neutron.db.ovn_revision_numbers_db [None req-6dbd8fd2-10ab-4ea7-9303-5cf0c7011cdc c77e0d7f46564c41b08aa621ee76923e 0ede620cc97248d79f93e1a471c20553 - - default default] Successfully bumped revision number for resource afa863fd-6734-471f-a77a-fcb5d1365732 (type: security_group_rules) to 0
2026-05-08 19:24:42.376 9 INFO neutron.db.ovn_revision_numbers_db [None req-c6e90115-7635-49fd-a6e2-b074b1a30bc8 0cfdd5e9b9b4447c819ccfa7d0cbcdb8 a9b4695f1c1745aca58d0d56f149f5b2 - - default default] Successfully bumped revision number for resource 817cda9b-8642-441f-856f-a3ab42be6b2a (type: subnets) to 0
2026-05-08 19:24:42.388 9 INFO neutron.wsgi [None req-6dbd8fd2-10ab-4ea7-9303-5cf0c7011cdc c77e0d7f46564c41b08aa621ee76923e 0ede620cc97248d79f93e1a471c20553 - - default default] 10.0.0.69 "POST /v2.0/security-group-rules HTTP/1.1" status: 201 len: 801 time: 0.2444956
2026-05-08 19:24:42.396 9 INFO neutron.wsgi [None req-c6e90115-7635-49fd-a6e2-b074b1a30bc8 0cfdd5e9b9b4447c819ccfa7d0cbcdb8 a9b4695f1c1745aca58d0d56f149f5b2 - - default default] 10.0.0.69 "POST /v2.0/subnets HTTP/1.1" status: 201 len: 867 time: 1.0539119
2026-05-08 19:24:42.399 9 WARNING neutron_lib.context [None req-4e129d69-9cf1-4486-a4fa-a5172ca6ea34 c77e0d7f46564c41b08aa621ee76923e 0ede620cc97248d79f93e1a471c20553 - - default default] Method 'is_advsvc' is deprecated since 2023.2 release (neutron-lib 3.8.0) and will be removed once support for the old RBAC API policies will be removed from Neutron. Please use method 'is_service_role' instead.
2026-05-08 19:24:42.565 10 WARNING neutron.scheduler.dhcp_agent_scheduler [None req-6ea15f67-9076-4ef4-a558-54cd1062cd68 ace558041fe0419b837eff6be546526a 67fa4b76947440af92045f779ae48451 - - default default] No more DHCP agents
2026-05-08 19:24:42.569 10 WARNING neutron.api.rpc.agentnotifiers.dhcp_rpc_agent_api [None req-6ea15f67-9076-4ef4-a558-54cd1062cd68 ace558041fe0419b837eff6be546526a 67fa4b76947440af92045f779ae48451 - - default default] Unable to schedule network 676c8e7a-402f-40b1-aef0-b49cd55bbf98: no agents available; will retry on subsequent port and subnet creation events.
2026-05-08 19:24:42.592 10 INFO neutron.db.ovn_revision_numbers_db [None req-e9ceb784-acb1-4adb-bf32-035827b5eed5 - - - - - -] Successfully bumped revision number for resource 1d7f7ce4-0688-44a6-bcfa-8d7cd65fb134 (type: router_ports) to 4
2026-05-08 19:24:43.060 9 WARNING neutron.scheduler.dhcp_agent_scheduler [None req-4e129d69-9cf1-4486-a4fa-a5172ca6ea34 c77e0d7f46564c41b08aa621ee76923e 0ede620cc97248d79f93e1a471c20553 - - default default] No more DHCP agents
2026-05-08 19:24:43.066 9 WARNING neutron.api.rpc.agentnotifiers.dhcp_rpc_agent_api [None req-4e129d69-9cf1-4486-a4fa-a5172ca6ea34 c77e0d7f46564c41b08aa621ee76923e 0ede620cc97248d79f93e1a471c20553 - - default default] Unable to schedule network 676c8e7a-402f-40b1-aef0-b49cd55bbf98: no agents available; will retry on subsequent port and subnet creation events.
2026-05-08 19:24:43.263 9 WARNING neutron.scheduler.dhcp_agent_scheduler [None req-daa84a3c-a243-475b-bd8e-66ebaa553a1e 0cfdd5e9b9b4447c819ccfa7d0cbcdb8 a9b4695f1c1745aca58d0d56f149f5b2 - - default default] No more DHCP agents
2026-05-08 19:24:43.266 10 INFO neutron.db.ovn_revision_numbers_db [None req-6ea15f67-9076-4ef4-a558-54cd1062cd68 ace558041fe0419b837eff6be546526a 67fa4b76947440af92045f779ae48451 - - default default] Successfully bumped revision number for resource 8a078228-0c11-4747-9d67-6ddc7b195e16 (type: floatingips) to -1
2026-05-08 19:24:43.267 9 WARNING neutron.api.rpc.agentnotifiers.dhcp_rpc_agent_api [None req-daa84a3c-a243-475b-bd8e-66ebaa553a1e 0cfdd5e9b9b4447c819ccfa7d0cbcdb8 a9b4695f1c1745aca58d0d56f149f5b2 - - default default] Unable to schedule network 676c8e7a-402f-40b1-aef0-b49cd55bbf98: no agents available; will retry on subsequent port and subnet creation events.
2026-05-08 19:24:43.400 10 INFO neutron.db.ovn_revision_numbers_db [None req-6ea15f67-9076-4ef4-a558-54cd1062cd68 ace558041fe0419b837eff6be546526a 67fa4b76947440af92045f779ae48451 - - default default] Successfully bumped revision number for resource 8a078228-0c11-4747-9d67-6ddc7b195e16 (type: floatingips) to 1
2026-05-08 19:24:43.401 10 INFO neutron.db.l3_db [None req-6ea15f67-9076-4ef4-a558-54cd1062cd68 ace558041fe0419b837eff6be546526a 67fa4b76947440af92045f779ae48451 - - default default] Floating IP 8a078228-0c11-4747-9d67-6ddc7b195e16 associated. External IP: 10.96.250.210, port: 7da4a460-5a3f-477b-bdbc-3a78d881e588.
2026-05-08 19:24:43.467 10 INFO neutron.wsgi [None req-6ea15f67-9076-4ef4-a558-54cd1062cd68 ace558041fe0419b837eff6be546526a 67fa4b76947440af92045f779ae48451 - - default default] 10.0.0.69 "POST /v2.0/floatingips HTTP/1.1" status: 201 len: 1041 time: 1.3590946
2026-05-08 19:24:43.536 9 INFO neutron.db.ovn_revision_numbers_db [None req-daa84a3c-a243-475b-bd8e-66ebaa553a1e 0cfdd5e9b9b4447c819ccfa7d0cbcdb8 a9b4695f1c1745aca58d0d56f149f5b2 - - default default] Successfully bumped revision number for resource 02462e54-5283-4865-94fb-56c0bf640b0f (type: ports) to 1
2026-05-08 19:24:43.537 10 INFO neutron.db.ovn_revision_numbers_db [None req-e9623929-ca2f-43d7-83f2-67b9ffe154da 0cfdd5e9b9b4447c819ccfa7d0cbcdb8 a9b4695f1c1745aca58d0d56f149f5b2 - - default default] Successfully bumped revision number for resource da56e110-36ab-407b-b80e-dc232b8eacbd (type: security_groups) to 1
2026-05-08 19:24:43.545 9 INFO neutron.wsgi [None req-8813ee01-94d1-42ab-9886-f24604d5762f ace558041fe0419b837eff6be546526a 67fa4b76947440af92045f779ae48451 - - default default] 10.0.0.69 "GET /v2.0/floatingips/8a078228-0c11-4747-9d67-6ddc7b195e16 HTTP/1.1" status: 200 len: 1038 time: 0.0717988
2026-05-08 19:24:43.549 10 INFO neutron.db.ovn_revision_numbers_db [None req-e9623929-ca2f-43d7-83f2-67b9ffe154da 0cfdd5e9b9b4447c819ccfa7d0cbcdb8 a9b4695f1c1745aca58d0d56f149f5b2 - - default default] Successfully bumped revision number for resource 18933c6d-467b-4697-a4c5-0ec42fe83f8a (type: security_group_rules) to 0
2026-05-08 19:24:43.590 10 INFO neutron.db.ovn_revision_numbers_db [None req-e9623929-ca2f-43d7-83f2-67b9ffe154da 0cfdd5e9b9b4447c819ccfa7d0cbcdb8 a9b4695f1c1745aca58d0d56f149f5b2 - - default default] Successfully bumped revision number for resource b86b823d-e87f-4382-a8de-89c04b957f62 (type: security_group_rules) to 0
2026-05-08 19:24:43.599 9 INFO neutron.wsgi [None req-4e129d69-9cf1-4486-a4fa-a5172ca6ea34 c77e0d7f46564c41b08aa621ee76923e 0ede620cc97248d79f93e1a471c20553 - - default default] 10.0.0.69 "POST /v2.0/floatingips HTTP/1.1" status: 201 len: 751 time: 1.2067354
2026-05-08 19:24:43.614 10 INFO neutron.db.ovn_revision_numbers_db [None req-e9623929-ca2f-43d7-83f2-67b9ffe154da 0cfdd5e9b9b4447c819ccfa7d0cbcdb8 a9b4695f1c1745aca58d0d56f149f5b2 - - default default] Successfully bumped revision number for resource f7421e2a-5d61-47bb-8499-78f5ca9479f7 (type: security_group_rules) to 0
2026-05-08 19:24:43.617 10 INFO neutron.wsgi [None req-635dd083-2ffc-4f24-a9f2-2130cdad93e9 ace558041fe0419b837eff6be546526a 67fa4b76947440af92045f779ae48451 - - default default] 10.0.0.69 "GET /v2.0/floatingips HTTP/1.1" status: 200 len: 1041 time: 0.0607009
2026-05-08 19:24:43.629 10 INFO neutron.db.ovn_revision_numbers_db [None req-e9623929-ca2f-43d7-83f2-67b9ffe154da 0cfdd5e9b9b4447c819ccfa7d0cbcdb8 a9b4695f1c1745aca58d0d56f149f5b2 - - default default] Successfully bumped revision number for resource fc535181-0659-4599-a2d9-c0784fb00d47 (type: security_group_rules) to 0
2026-05-08 19:24:43.647 10 INFO neutron.wsgi [None req-e9623929-ca2f-43d7-83f2-67b9ffe154da 0cfdd5e9b9b4447c819ccfa7d0cbcdb8 a9b4695f1c1745aca58d0d56f149f5b2 - - default default] 10.0.0.69 "GET /v2.0/security-groups?tenant_id=0759e27e1c8b42f3b2afa3ca1fe46646&name=default HTTP/1.1" status: 200 len: 3120 time: 0.4295599
2026-05-08 19:24:44.097 10 INFO neutron.wsgi [req-4b041f2c-20bf-427b-9b27-e0beab412ab8 req-963bfa22-aa08-4c0f-86a4-8ff3845bdffb c77e0d7f46564c41b08aa621ee76923e 0ede620cc97248d79f93e1a471c20553 - - default default] 10.0.0.134 "GET /v2.0/security-groups?name=tempest-securitygroup--643071027&fields=id&tenant_id=0ede620cc97248d79f93e1a471c20553 HTTP/1.1" status: 200 len: 267 time: 0.0566237
2026-05-08 19:24:44.414 10 INFO neutron.wsgi [req-4b041f2c-20bf-427b-9b27-e0beab412ab8 req-9b322c4e-8a4f-4a45-b9f4-f00e8f3c973d c77e0d7f46564c41b08aa621ee76923e 0ede620cc97248d79f93e1a471c20553 - - default default] 10.0.0.134 "GET /v2.0/networks?id=7a635ba6-a5f9-4c29-b855-61f67afd1012 HTTP/1.1" status: 200 len: 874 time: 0.3104522
2026-05-08 19:24:44.433 10 INFO neutron.wsgi [req-4b041f2c-20bf-427b-9b27-e0beab412ab8 req-80bb25f8-332e-4b9b-afb6-7f516c5a317e c77e0d7f46564c41b08aa621ee76923e 0ede620cc97248d79f93e1a471c20553 - - default default] 10.0.0.134 "GET /v2.0/quotas/0ede620cc97248d79f93e1a471c20553 HTTP/1.1" status: 200 len: 491 time: 0.0096343
2026-05-08 19:24:44.465 9 INFO neutron.wsgi [None req-25ef9ff0-5ed8-4af4-bc99-8b2026398868 0cfdd5e9b9b4447c819ccfa7d0cbcdb8 a9b4695f1c1745aca58d0d56f149f5b2 - - default default] 10.0.0.69 "DELETE /v2.0/security-groups/da56e110-36ab-407b-b80e-dc232b8eacbd HTTP/1.1" status: 204 len: 168 time: 0.8106909
2026-05-08 19:24:44.547 10 INFO neutron.wsgi [req-4b041f2c-20bf-427b-9b27-e0beab412ab8 req-52e00531-0333-4694-9c89-aea87c563c28 c77e0d7f46564c41b08aa621ee76923e 0ede620cc97248d79f93e1a471c20553 - - default default] 10.0.0.134 "GET /v2.0/ports?tenant_id=0ede620cc97248d79f93e1a471c20553&fields=id HTTP/1.1" status: 200 len: 302 time: 0.1092517
2026-05-08 19:24:44.619 10 INFO neutron.wsgi [req-4b041f2c-20bf-427b-9b27-e0beab412ab8 req-9a411bc0-85ab-4a5c-84ff-e8a58b645e92 ee2a682f0451424bb118efe638301089 11fa2fa4209848c88b252ebd561d433c - - 772c15fb44154c78897ebe5784d2c942 772c15fb44154c78897ebe5784d2c942] 10.0.0.134 "GET /v2.0/networks/7a635ba6-a5f9-4c29-b855-61f67afd1012?fields=segments HTTP/1.1" status: 200 len: 212 time: 0.0588923
2026-05-08 19:24:44.688 10 INFO neutron.wsgi [req-4b041f2c-20bf-427b-9b27-e0beab412ab8 req-7f7b3bdf-aafa-4825-ac87-b7ab9d4515dc ee2a682f0451424bb118efe638301089 11fa2fa4209848c88b252ebd561d433c - - 772c15fb44154c78897ebe5784d2c942 772c15fb44154c78897ebe5784d2c942] 10.0.0.134 "GET /v2.0/networks/7a635ba6-a5f9-4c29-b855-61f67afd1012?fields=provider%3Aphysical_network&fields=provider%3Anetwork_type HTTP/1.1" status: 200 len: 277 time: 0.0638292
2026-05-08 19:24:44.844 10 WARNING neutron.plugins.ml2.drivers.ovn.mech_driver.ovsdb.ovn_client [None req-4f93f530-b8bd-4195-ad50-a2accf5859f6 - - - - - -] No hosting information found for port 2b040c7c-cf54-4387-9d9f-bd3fad3b3aa4: RuntimeError: No hosting information found for port 2b040c7c-cf54-4387-9d9f-bd3fad3b3aa4
2026-05-08 19:24:44.844 10 INFO neutron.plugins.ml2.drivers.ovn.mech_driver.mech_driver [None req-4f93f530-b8bd-4195-ad50-a2accf5859f6 - - - - - -] OVN reports status up for port: 6acb95c3-1746-4116-a90d-b87c44efac4d
2026-05-08 19:24:44.864 10 INFO neutron.plugins.ml2.plugin [None req-4f93f530-b8bd-4195-ad50-a2accf5859f6 - - - - - -] Attempt 1 to provision port 6acb95c3-1746-4116-a90d-b87c44efac4d
2026-05-08 19:24:44.886 9 INFO neutron.db.ovn_revision_numbers_db [None req-dbd17bef-b959-4fd1-ad6c-6d53ae2d518d ace558041fe0419b837eff6be546526a 67fa4b76947440af92045f779ae48451 - - default default] Successfully bumped revision number for resource 8a078228-0c11-4747-9d67-6ddc7b195e16 (type: floatingips) to 2
