2026-05-08 19:23:38.841 9 ERROR neutron_lib.callbacks.manager
File "/var/lib/openstack/lib/python3.10/site-packages/neutron/plugins/ml2/drivers/ovn/mech_driver/ovsdb/ovn_client.py", line 1878, in update_router_port
2026-05-08 19:23:38.841 9 ERROR neutron_lib.callbacks.manager self._update_lrouter_port(context, port, if_exists=if_exists,
2026-05-08 19:23:38.841 9 ERROR neutron_lib.callbacks.manager
File "/var/lib/openstack/lib/python3.10/site-packages/neutron/plugins/ml2/drivers/ovn/mech_driver/ovsdb/ovn_client.py", line 1855, in _update_lrouter_port
2026-05-08 19:23:38.841 9 ERROR neutron_lib.callbacks.manager external_ids = self._nb_idl.db_get(
2026-05-08 19:23:38.841 9 ERROR neutron_lib.callbacks.manager
File "/var/lib/openstack/lib/python3.10/site-packages/ovsdbapp/backend/ovs_idl/command.py", line 47, in execute
2026-05-08 19:23:38.841 9 ERROR neutron_lib.callbacks.manager self.run_idl(None)
2026-05-08 19:23:38.841 9 ERROR neutron_lib.callbacks.manager
File "/var/lib/openstack/lib/python3.10/site-packages/ovsdbapp/backend/ovs_idl/command.py", line 235, in run_idl
2026-05-08 19:23:38.841 9 ERROR neutron_lib.callbacks.manager record = self.api.lookup(self.table, self.record)
2026-05-08 19:23:38.841 9 ERROR neutron_lib.callbacks.manager
File "/var/lib/openstack/lib/python3.10/site-packages/ovsdbapp/backend/ovs_idl/__init__.py", line 184, in lookup
2026-05-08 19:23:38.841 9 ERROR neutron_lib.callbacks.manager return self._lookup(table, record)
2026-05-08 19:23:38.841 9 ERROR neutron_lib.callbacks.manager
File "/var/lib/openstack/lib/python3.10/site-packages/ovsdbapp/backend/ovs_idl/__init__.py", line 235, in _lookup
2026-05-08 19:23:38.841 9 ERROR neutron_lib.callbacks.manager row = idlutils.row_by_value(self, rl.table, rl.column, record)
2026-05-08 19:23:38.841 9 ERROR neutron_lib.callbacks.manager
File "/var/lib/openstack/lib/python3.10/site-packages/ovsdbapp/backend/ovs_idl/idlutils.py", line 114, in row_by_value
2026-05-08 19:23:38.841 9 ERROR neutron_lib.callbacks.manager raise RowNotFound(table=table, col=column, match=match)
2026-05-08 19:23:38.841 9 ERROR neutron_lib.callbacks.manager ovsdbapp.backend.ovs_idl.idlutils.RowNotFound: Cannot find Logical_Router_Port with name=lrp-01e65912-2c2e-49f2-8c3c-28ed71a815c7
2026-05-08 19:23:38.841 9 ERROR neutron_lib.callbacks.manager 
2026-05-08 19:23:38.923 9 INFO neutron.wsgi [req-fa13fe5a-b4af-492a-a569-b6209823266b req-1692d6d0-80ec-411b-a67a-960d9914d1de ee2a682f0451424bb118efe638301089 11fa2fa4209848c88b252ebd561d433c - - 772c15fb44154c78897ebe5784d2c942 772c15fb44154c78897ebe5784d2c942] 199.204.45.238 "GET /v2.0/networks?id=8bbe023a-eb7a-4d0a-83cb-eb633c1d560a HTTP/1.1" status: 200 len: 982 time: 0.1042104
2026-05-08 19:23:38.958 10 INFO neutron.db.ovn_revision_numbers_db [None req-d30a2c54-7e9f-43b0-9838-f57f804605b1 a880ab1ff28b4942854d0fac3d171317 6f03a6402fd6436d8f8e468b1a21e726 - - default default] Successfully bumped revision number for resource dfee0f87-4de2-4658-8e40-c8e98eff41b0 (type: security_group_rules) to 0
2026-05-08 19:23:38.987 10 INFO neutron.wsgi [None req-d30a2c54-7e9f-43b0-9838-f57f804605b1 a880ab1ff28b4942854d0fac3d171317 6f03a6402fd6436d8f8e468b1a21e726 - - default default] 10.0.0.69 "POST /v2.0/security-group-rules HTTP/1.1" status: 201 len: 801 time: 0.1820619
2026-05-08 19:23:38.997 10 WARNING neutron_lib.context [None req-38e66414-bfff-4a68-80ce-f67fbe8b2406 a880ab1ff28b4942854d0fac3d171317 6f03a6402fd6436d8f8e468b1a21e726 - - default default] Method 'is_advsvc' is deprecated since 2023.2 release (neutron-lib 3.8.0) and will be removed once support for the old RBAC API policies will be removed from Neutron. Please use method 'is_service_role' instead.
2026-05-08 19:23:39.020 9 INFO neutron.db.ovn_revision_numbers_db [None req-a2f286f7-cf66-4010-b2bf-78af7fe18e08 - - - - - -] Successfully bumped revision number for resource 7e717051-e5f6-440c-b8c4-a0f238e0f32a (type: ports) to 2
2026-05-08 19:23:39.024 9 INFO neutron.wsgi [req-fa13fe5a-b4af-492a-a569-b6209823266b req-bb5816d5-fbe1-4335-b0e9-c6f2d450a260 ee2a682f0451424bb118efe638301089 11fa2fa4209848c88b252ebd561d433c - - 772c15fb44154c78897ebe5784d2c942 772c15fb44154c78897ebe5784d2c942] 199.204.45.238 "GET /v2.0/floatingips?fixed_ip_address=10.100.0.6&port_id=8940c568-6774-4bd9-a400-9e372ca2eefe HTTP/1.1" status: 200 len: 1059 time: 0.0911825
2026-05-08 19:23:39.088 9 INFO neutron.wsgi [req-fa13fe5a-b4af-492a-a569-b6209823266b req-65e59b85-3147-4cb5-b9a9-a306c533c5c3 ee2a682f0451424bb118efe638301089 11fa2fa4209848c88b252ebd561d433c - - 772c15fb44154c78897ebe5784d2c942 772c15fb44154c78897ebe5784d2c942] 199.204.45.238 "GET /v2.0/subnets?id=53730578-0eab-4a27-8604-47d6e71a90c2 HTTP/1.1" status: 200 len: 877 time: 0.0554512
2026-05-08 19:23:39.122 9 INFO neutron.wsgi [req-fa13fe5a-b4af-492a-a569-b6209823266b req-025cee5e-d505-45ff-b2e9-9405b953b27b ee2a682f0451424bb118efe638301089 11fa2fa4209848c88b252ebd561d433c - - 772c15fb44154c78897ebe5784d2c942 772c15fb44154c78897ebe5784d2c942] 199.204.45.238 "GET /v2.0/ports?network_id=8bbe023a-eb7a-4d0a-83cb-eb633c1d560a&device_owner=network%3Adhcp HTTP/1.1" status: 200 len: 210 time: 0.0217352
2026-05-08 19:23:39.263 10 WARNING neutron.scheduler.dhcp_agent_scheduler [None req-38e66414-bfff-4a68-80ce-f67fbe8b2406 a880ab1ff28b4942854d0fac3d171317 6f03a6402fd6436d8f8e468b1a21e726 - - default default] No more DHCP agents
2026-05-08 19:23:39.264 10 WARNING neutron.api.rpc.agentnotifiers.dhcp_rpc_agent_api [None req-38e66414-bfff-4a68-80ce-f67fbe8b2406 a880ab1ff28b4942854d0fac3d171317 6f03a6402fd6436d8f8e468b1a21e726 - - default default] Unable to schedule network 676c8e7a-402f-40b1-aef0-b49cd55bbf98: no agents available; will retry on subsequent port and subnet creation events.
2026-05-08 19:23:39.324 10 WARNING neutron_lib.context [None req-efc7315c-832e-43be-a901-f1c81b5b483a 37dd2ae80390435cb206c9d52e5167b4 94b98806d2e7420cbfda7d39bba84c9a - - default default] Method 'is_advsvc' is deprecated since 2023.2 release (neutron-lib 3.8.0) and will be removed once support for the old RBAC API policies will be removed from Neutron. Please use method 'is_service_role' instead.
2026-05-08 19:23:39.430 9 INFO neutron.wsgi [req-fa13fe5a-b4af-492a-a569-b6209823266b req-a1ee4c70-25b1-4fac-8f53-422074c3b71b ee2a682f0451424bb118efe638301089 11fa2fa4209848c88b252ebd561d433c - - 772c15fb44154c78897ebe5784d2c942 772c15fb44154c78897ebe5784d2c942] 199.204.45.238 "GET /v2.0/networks/8bbe023a-eb7a-4d0a-83cb-eb633c1d560a?fields=segments HTTP/1.1" status: 200 len: 212 time: 0.3022628
2026-05-08 19:23:39.446 9 INFO neutron.db.ovn_revision_numbers_db [None req-3e2f8321-76a4-4acb-af4c-a2919c3d201f 0cfdd5e9b9b4447c819ccfa7d0cbcdb8 a9b4695f1c1745aca58d0d56f149f5b2 - - default default] Successfully bumped revision number for resource 01e65912-2c2e-49f2-8c3c-28ed71a815c7 (type: ports) to 1
2026-05-08 19:23:39.547 9 INFO neutron.wsgi [req-fa13fe5a-b4af-492a-a569-b6209823266b req-a976b677-5663-460b-9916-f0a829786e41 ee2a682f0451424bb118efe638301089 11fa2fa4209848c88b252ebd561d433c - - 772c15fb44154c78897ebe5784d2c942 772c15fb44154c78897ebe5784d2c942] 199.204.45.238 "GET /v2.0/networks/8bbe023a-eb7a-4d0a-83cb-eb633c1d560a?fields=provider%3Aphysical_network&fields=provider%3Anetwork_type HTTP/1.1" status: 200 len: 277 time: 0.1078374
2026-05-08 19:23:39.553 10 INFO neutron.db.ovn_revision_numbers_db [None req-efc7315c-832e-43be-a901-f1c81b5b483a 37dd2ae80390435cb206c9d52e5167b4 94b98806d2e7420cbfda7d39bba84c9a - - default default] Successfully bumped revision number for resource a4525e4d-e461-4d69-ab25-898d0f2b36a1 (type: security_groups) to 1
2026-05-08 19:23:39.557 9 WARNING neutron.scheduler.dhcp_agent_scheduler [None req-3e2f8321-76a4-4acb-af4c-a2919c3d201f 0cfdd5e9b9b4447c819ccfa7d0cbcdb8 a9b4695f1c1745aca58d0d56f149f5b2 - - default default] No more DHCP agents
2026-05-08 19:23:39.558 9 WARNING neutron.api.rpc.agentnotifiers.dhcp_rpc_agent_api [None req-3e2f8321-76a4-4acb-af4c-a2919c3d201f 0cfdd5e9b9b4447c819ccfa7d0cbcdb8 a9b4695f1c1745aca58d0d56f149f5b2 - - default default] Unable to schedule network f2f4e5c6-c106-4bb1-988a-c657ec59e46a: no agents available; will retry on subsequent port and subnet creation events.
2026-05-08 19:23:39.573 10 INFO neutron.db.ovn_revision_numbers_db [None req-efc7315c-832e-43be-a901-f1c81b5b483a 37dd2ae80390435cb206c9d52e5167b4 94b98806d2e7420cbfda7d39bba84c9a - - default default] Successfully bumped revision number for resource 27cae816-642b-468e-9a75-d7a0e232905c (type: security_group_rules) to 0
2026-05-08 19:23:39.588 10 INFO neutron.db.ovn_revision_numbers_db [None req-efc7315c-832e-43be-a901-f1c81b5b483a 37dd2ae80390435cb206c9d52e5167b4 94b98806d2e7420cbfda7d39bba84c9a - - default default] Successfully bumped revision number for resource a88a16ad-86a6-47b5-8710-4162601b17c8 (type: security_group_rules) to 0
2026-05-08 19:23:39.595 10 INFO neutron.wsgi [None req-38e66414-bfff-4a68-80ce-f67fbe8b2406 a880ab1ff28b4942854d0fac3d171317 6f03a6402fd6436d8f8e468b1a21e726 - - default default] 10.0.0.69 "POST /v2.0/floatingips HTTP/1.1" status: 201 len: 751 time: 0.6034377
2026-05-08 19:23:39.600 10 INFO neutron.db.ovn_revision_numbers_db [None req-efc7315c-832e-43be-a901-f1c81b5b483a 37dd2ae80390435cb206c9d52e5167b4 94b98806d2e7420cbfda7d39bba84c9a - - default default] Successfully bumped revision number for resource bb46a06f-7eb5-4f96-ac4a-7425b7062a20 (type: security_group_rules) to 0
2026-05-08 19:23:39.618 10 INFO neutron.db.ovn_revision_numbers_db [None req-efc7315c-832e-43be-a901-f1c81b5b483a 37dd2ae80390435cb206c9d52e5167b4 94b98806d2e7420cbfda7d39bba84c9a - - default default] Successfully bumped revision number for resource f83f627d-1b5d-462a-bdfa-31ef6d598516 (type: security_group_rules) to 0
2026-05-08 19:23:39.665 10 INFO neutron.db.segments_db [None req-efc7315c-832e-43be-a901-f1c81b5b483a 37dd2ae80390435cb206c9d52e5167b4 94b98806d2e7420cbfda7d39bba84c9a - - default default] Added segment 5ad9074e-b854-4391-a3db-73d3373a18a2 of type geneve for network 2cdcbfd5-038c-47cd-bb29-3fefb2cd9e49
2026-05-08 19:23:39.792 10 INFO neutron.db.ovn_revision_numbers_db [None req-efc7315c-832e-43be-a901-f1c81b5b483a 37dd2ae80390435cb206c9d52e5167b4 94b98806d2e7420cbfda7d39bba84c9a - - default default] Successfully bumped revision number for resource 2cdcbfd5-038c-47cd-bb29-3fefb2cd9e49 (type: networks) to 1
2026-05-08 19:23:39.793 9 INFO neutron.db.ovn_revision_numbers_db [None req-a2f286f7-cf66-4010-b2bf-78af7fe18e08 - - - - - -] Successfully bumped revision number for resource 7e717051-e5f6-440c-b8c4-a0f238e0f32a (type: ports) to 4
2026-05-08 19:23:39.959 10 WARNING neutron.scheduler.dhcp_agent_scheduler [None req-efc7315c-832e-43be-a901-f1c81b5b483a 37dd2ae80390435cb206c9d52e5167b4 94b98806d2e7420cbfda7d39bba84c9a - - default default] No more DHCP agents
2026-05-08 19:23:39.961 10 WARNING neutron.api.rpc.agentnotifiers.dhcp_rpc_agent_api [None req-efc7315c-832e-43be-a901-f1c81b5b483a 37dd2ae80390435cb206c9d52e5167b4 94b98806d2e7420cbfda7d39bba84c9a - - default default] Unable to schedule network 2cdcbfd5-038c-47cd-bb29-3fefb2cd9e49: no agents available; will retry on subsequent port and subnet creation events.
2026-05-08 19:23:40.056 10 INFO neutron.db.ovn_revision_numbers_db [None req-efc7315c-832e-43be-a901-f1c81b5b483a 37dd2ae80390435cb206c9d52e5167b4 94b98806d2e7420cbfda7d39bba84c9a - - default default] Successfully bumped revision number for resource c4fca9a5-17d5-4b48-b3b4-bd20d292f354 (type: ports) to 1
2026-05-08 19:23:40.075 10 INFO neutron.wsgi [req-7300972e-d0fa-417e-be6d-7d5531a6fdd6 req-aa52f270-b7b4-499d-8644-083117e832b3 a880ab1ff28b4942854d0fac3d171317 6f03a6402fd6436d8f8e468b1a21e726 - - default default] 10.0.0.134 "GET /v2.0/security-groups?name=tempest-securitygroup--1500851853&fields=id&tenant_id=6f03a6402fd6436d8f8e468b1a21e726 HTTP/1.1" status: 200 len: 267 time: 0.0422134
2026-05-08 19:23:40.103 10 INFO neutron.wsgi [None req-efc7315c-832e-43be-a901-f1c81b5b483a 37dd2ae80390435cb206c9d52e5167b4 94b98806d2e7420cbfda7d39bba84c9a - - default default] 10.0.0.69 "POST /v2.0/networks HTTP/1.1" status: 201 len: 842 time: 0.9520454
2026-05-08 19:23:40.145 9 WARNING neutron_lib.context [None req-6348858c-0f1a-4e4f-ac5a-61e6a7de3e0e 37dd2ae80390435cb206c9d52e5167b4 94b98806d2e7420cbfda7d39bba84c9a - - default default] Method 'is_advsvc' is deprecated since 2023.2 release (neutron-lib 3.8.0) and will be removed once support for the old RBAC API policies will be removed from Neutron. Please use method 'is_service_role' instead.
2026-05-08 19:23:40.170 10 INFO neutron.wsgi [req-7300972e-d0fa-417e-be6d-7d5531a6fdd6 req-dd3b62aa-fc1a-4864-ba8f-d5cce50aa651 a880ab1ff28b4942854d0fac3d171317 6f03a6402fd6436d8f8e468b1a21e726 - - default default] 10.0.0.134 "GET /v2.0/networks?id=0b62cd01-45c8-48be-a402-59faddd222b6 HTTP/1.1" status: 200 len: 874 time: 0.0869036
2026-05-08 19:23:40.189 10 INFO neutron.wsgi [req-7300972e-d0fa-417e-be6d-7d5531a6fdd6 req-308cdb40-c6d3-4cac-891a-42302f2c9a25 a880ab1ff28b4942854d0fac3d171317 6f03a6402fd6436d8f8e468b1a21e726 - - default default] 10.0.0.134 "GET /v2.0/quotas/6f03a6402fd6436d8f8e468b1a21e726 HTTP/1.1" status: 200 len: 491 time: 0.0106502
2026-05-08 19:23:40.229 9 INFO neutron.db.ovn_revision_numbers_db [None req-a2f286f7-cf66-4010-b2bf-78af7fe18e08 - - - - - -] Successfully bumped revision number for resource 7e717051-e5f6-440c-b8c4-a0f238e0f32a (type: router_ports) to 4
2026-05-08 19:23:40.305 10 INFO neutron.wsgi [req-7300972e-d0fa-417e-be6d-7d5531a6fdd6 req-0118c223-037b-448f-9d5c-00821705eb33 a880ab1ff28b4942854d0fac3d171317 6f03a6402fd6436d8f8e468b1a21e726 - - default default] 10.0.0.134 "GET /v2.0/ports?tenant_id=6f03a6402fd6436d8f8e468b1a21e726&fields=id HTTP/1.1" status: 200 len: 302 time: 0.1069372
2026-05-08 19:23:40.512 9 WARNING neutron.scheduler.dhcp_agent_scheduler [None req-6348858c-0f1a-4e4f-ac5a-61e6a7de3e0e 37dd2ae80390435cb206c9d52e5167b4 94b98806d2e7420cbfda7d39bba84c9a - - default default] No more DHCP agents
2026-05-08 19:23:40.516 9 WARNING neutron.api.rpc.agentnotifiers.dhcp_rpc_agent_api [None req-6348858c-0f1a-4e4f-ac5a-61e6a7de3e0e 37dd2ae80390435cb206c9d52e5167b4 94b98806d2e7420cbfda7d39bba84c9a - - default default] Unable to schedule network 2cdcbfd5-038c-47cd-bb29-3fefb2cd9e49: no agents available; will retry on subsequent port and subnet creation events.
2026-05-08 19:23:40.556 9 INFO neutron.db.ovn_revision_numbers_db [None req-3e2f8321-76a4-4acb-af4c-a2919c3d201f 0cfdd5e9b9b4447c819ccfa7d0cbcdb8 a9b4695f1c1745aca58d0d56f149f5b2 - - default default] Successfully bumped revision number for resource 01e65912-2c2e-49f2-8c3c-28ed71a815c7 (type: router_ports) to 1
2026-05-08 19:23:40.570 9 INFO neutron.wsgi [None req-3e2f8321-76a4-4acb-af4c-a2919c3d201f 0cfdd5e9b9b4447c819ccfa7d0cbcdb8 a9b4695f1c1745aca58d0d56f149f5b2 - - default default] 10.0.0.69 "PUT /v2.0/routers/5f4b1488-15c5-47e7-b958-fe8f4701218a/add_router_interface HTTP/1.1" status: 200 len: 503 time: 5.1685841
2026-05-08 19:23:40.682 10 INFO neutron.wsgi [req-7300972e-d0fa-417e-be6d-7d5531a6fdd6 req-c7c97ba5-bb65-425f-aad9-0638ac46d13f ee2a682f0451424bb118efe638301089 11fa2fa4209848c88b252ebd561d433c - - 772c15fb44154c78897ebe5784d2c942 772c15fb44154c78897ebe5784d2c942] 10.0.0.134 "GET /v2.0/extensions HTTP/1.1" status: 200 len: 18683 time: 0.0352678
2026-05-08 19:23:40.741 10 INFO neutron.wsgi [req-7300972e-d0fa-417e-be6d-7d5531a6fdd6 req-06bf3f85-8d0d-4bea-99dd-9d3ef0ba45dd ee2a682f0451424bb118efe638301089 11fa2fa4209848c88b252ebd561d433c - - 772c15fb44154c78897ebe5784d2c942 772c15fb44154c78897ebe5784d2c942] 10.0.0.134 "GET /v2.0/networks/0b62cd01-45c8-48be-a402-59faddd222b6?fields=segments HTTP/1.1" status: 200 len: 212 time: 0.0520427
2026-05-08 19:23:40.804 10 INFO neutron.wsgi [req-7300972e-d0fa-417e-be6d-7d5531a6fdd6 req-8e77018c-afdd-4dd5-bb33-3aca50fd4dc2 ee2a682f0451424bb118efe638301089 11fa2fa4209848c88b252ebd561d433c - - 772c15fb44154c78897ebe5784d2c942 772c15fb44154c78897ebe5784d2c942] 10.0.0.134 "GET /v2.0/networks/0b62cd01-45c8-48be-a402-59faddd222b6?fields=provider%3Aphysical_network&fields=provider%3Anetwork_type HTTP/1.1" status: 200 len: 277 time: 0.0566666
2026-05-08 19:23:40.945 9 INFO neutron.wsgi [req-c52b918e-e8d8-4c61-be1a-36137055bb64 req-e0565f85-e624-4430-b23e-29d89845d191 a880ab1ff28b4942854d0fac3d171317 6f03a6402fd6436d8f8e468b1a21e726 - - default default] 10.0.0.134 "GET /v2.0/ports?device_id=1dc80981-bd1a-4ed1-a352-19f618a04f1a HTTP/1.1" status: 200 len: 210 time: 0.0205340
2026-05-08 19:23:41.127 10 WARNING neutron_lib.context [None req-e0418a50-2118-449c-a960-d542d78a7609 b327c82c4269429d8a6eb62378844d61 8c5b3265a0374d0ebcff1ac13ad06e61 - - default default] Method 'is_advsvc' is deprecated since 2023.2 release (neutron-lib 3.8.0) and will be removed once support for the old RBAC API policies will be removed from Neutron. Please use method 'is_service_role' instead.
2026-05-08 19:23:41.262 10 INFO neutron.db.ovn_revision_numbers_db [None req-e0418a50-2118-449c-a960-d542d78a7609 b327c82c4269429d8a6eb62378844d61 8c5b3265a0374d0ebcff1ac13ad06e61 - - default default] Successfully bumped revision number for resource 544d7719-7fec-48fc-a4d9-878458fdd4b6 (type: security_groups) to 1
2026-05-08 19:23:41.278 10 INFO neutron.db.ovn_revision_numbers_db [None req-e0418a50-2118-449c-a960-d542d78a7609 b327c82c4269429d8a6eb62378844d61 8c5b3265a0374d0ebcff1ac13ad06e61 - - default default] Successfully bumped revision number for resource 34eb0c84-5d6f-4497-ae1c-72b50e9a67fa (type: security_group_rules) to 0
2026-05-08 19:23:41.282 9 INFO neutron.db.ovn_revision_numbers_db [None req-6348858c-0f1a-4e4f-ac5a-61e6a7de3e0e 37dd2ae80390435cb206c9d52e5167b4 94b98806d2e7420cbfda7d39bba84c9a - - default default] Successfully bumped revision number for resource c4fca9a5-17d5-4b48-b3b4-bd20d292f354 (type: ports) to 2
2026-05-08 19:23:41.294 10 INFO neutron.db.ovn_revision_numbers_db [None req-e0418a50-2118-449c-a960-d542d78a7609 b327c82c4269429d8a6eb62378844d61 8c5b3265a0374d0ebcff1ac13ad06e61 - - default default] Successfully bumped revision number for resource 6b34a3fc-9be2-45b8-bfac-e9624970dcaa (type: security_group_rules) to 0
2026-05-08 19:23:41.311 10 INFO neutron.wsgi [None req-e0418a50-2118-449c-a960-d542d78a7609 b327c82c4269429d8a6eb62378844d61 8c5b3265a0374d0ebcff1ac13ad06e61 - - default default] 10.0.0.69 "POST /v2.0/security-groups HTTP/1.1" status: 201 len: 1860 time: 0.1905069
2026-05-08 19:23:41.317 9 INFO neutron.db.ovn_revision_numbers_db [None req-6348858c-0f1a-4e4f-ac5a-61e6a7de3e0e 37dd2ae80390435cb206c9d52e5167b4 94b98806d2e7420cbfda7d39bba84c9a - - default default] Successfully bumped revision number for resource 5e7b64cc-f4e3-4c44-817d-243228781ce0 (type: subnets) to 0
2026-05-08 19:23:41.321 10 WARNING neutron_lib.context [None req-dcd8e45e-a960-4469-9c11-47955055ad7c b327c82c4269429d8a6eb62378844d61 8c5b3265a0374d0ebcff1ac13ad06e61 - - default default] Method 'is_advsvc' is deprecated since 2023.2 release (neutron-lib 3.8.0) and will be removed once support for the old RBAC API policies will be removed from Neutron. Please use method 'is_service_role' instead.
2026-05-08 19:23:41.338 9 INFO neutron.wsgi [None req-6348858c-0f1a-4e4f-ac5a-61e6a7de3e0e 37dd2ae80390435cb206c9d52e5167b4 94b98806d2e7420cbfda7d39bba84c9a - - default default] 10.0.0.69 "POST /v2.0/subnets HTTP/1.1" status: 201 len: 816 time: 1.1976376
2026-05-08 19:23:41.352 10 WARNING neutron_lib.context [None req-63af0517-7b0e-4fee-80b1-b25dd6dd82b9 37dd2ae80390435cb206c9d52e5167b4 94b98806d2e7420cbfda7d39bba84c9a - - default default] Method 'is_advsvc' is deprecated since 2023.2 release (neutron-lib 3.8.0) and will be removed once support for the old RBAC API policies will be removed from Neutron. Please use method 'is_service_role' instead.
2026-05-08 19:23:41.451 10 INFO neutron.db.segments_db [None req-63af0517-7b0e-4fee-80b1-b25dd6dd82b9 37dd2ae80390435cb206c9d52e5167b4 94b98806d2e7420cbfda7d39bba84c9a - - default default] Added segment 2c07ffdc-a129-4384-b358-0c63c6fade7d of type geneve for network 98d687c4-8d62-4ff8-98e2-ba801b0ea095
2026-05-08 19:23:41.486 10 INFO neutron.db.ovn_revision_numbers_db [None req-dcd8e45e-a960-4469-9c11-47955055ad7c b327c82c4269429d8a6eb62378844d61 8c5b3265a0374d0ebcff1ac13ad06e61 - - default default] Successfully bumped revision number for resource 2fa08a25-768e-4580-8bcd-5db251d9a551 (type: security_group_rules) to 0
2026-05-08 19:23:41.526 10 INFO neutron.wsgi [None req-dcd8e45e-a960-4469-9c11-47955055ad7c b327c82c4269429d8a6eb62378844d61 8c5b3265a0374d0ebcff1ac13ad06e61 - - default default] 10.0.0.69 "POST /v2.0/security-group-rules HTTP/1.1" status: 201 len: 796 time: 0.2087891
2026-05-08 19:23:41.536 10 WARNING neutron_lib.context [None req-bf1ff4d1-23f8-4643-b767-0942eaf9509a b327c82c4269429d8a6eb62378844d61 8c5b3265a0374d0ebcff1ac13ad06e61 - - default default] Method 'is_advsvc' is deprecated since 2023.2 release (neutron-lib 3.8.0) and will be removed once support for the old RBAC API policies will be removed from Neutron. Please use method 'is_service_role' instead.
2026-05-08 19:23:41.627 10 WARNING neutron.plugins.ml2.drivers.ovn.mech_driver.ovsdb.ovn_client [None req-4f93f530-b8bd-4195-ad50-a2accf5859f6 - - - - - -] No hosting information found for port a52bc564-9164-45a1-9ac2-77659fef2b8c: RuntimeError: No hosting information found for port a52bc564-9164-45a1-9ac2-77659fef2b8c
2026-05-08 19:23:41.658 10 INFO neutron.plugins.ml2.drivers.ovn.mech_driver.mech_driver [None req-4f93f530-b8bd-4195-ad50-a2accf5859f6 - - - - - -] OVN reports status up for port: 01e65912-2c2e-49f2-8c3c-28ed71a815c7
2026-05-08 19:23:41.670 10 INFO neutron.plugins.ml2.plugin [None req-4f93f530-b8bd-4195-ad50-a2accf5859f6 - - - - - -] Attempt 1 to provision port 01e65912-2c2e-49f2-8c3c-28ed71a815c7
2026-05-08 19:23:41.685 10 INFO neutron.db.ovn_revision_numbers_db [None req-63af0517-7b0e-4fee-80b1-b25dd6dd82b9 37dd2ae80390435cb206c9d52e5167b4 94b98806d2e7420cbfda7d39bba84c9a - - default default] Successfully bumped revision number for resource 98d687c4-8d62-4ff8-98e2-ba801b0ea095 (type: networks) to 1
2026-05-08 19:23:41.829 10 INFO neutron.db.ovn_revision_numbers_db [None req-bf1ff4d1-23f8-4643-b767-0942eaf9509a b327c82c4269429d8a6eb62378844d61 8c5b3265a0374d0ebcff1ac13ad06e61 - - default default] Successfully bumped revision number for resource 277ab675-8396-4998-9559-3a3bdc38a0ac (type: security_group_rules) to 0
2026-05-08 19:23:41.893 10 INFO neutron.wsgi [None req-bf1ff4d1-23f8-4643-b767-0942eaf9509a b327c82c4269429d8a6eb62378844d61 8c5b3265a0374d0ebcff1ac13ad06e61 - - default default] 10.0.0.69 "POST /v2.0/security-group-rules HTTP/1.1" status: 201 len: 801 time: 0.3617327
2026-05-08 19:23:41.900 9 INFO neutron.wsgi [req-7300972e-d0fa-417e-be6d-7d5531a6fdd6 req-a1e47229-1945-48db-8ad2-d573c4c6c9d7 a880ab1ff28b4942854d0fac3d171317 6f03a6402fd6436d8f8e468b1a21e726 - - default default] 199.204.45.238 "GET /v2.0/networks?id=0b62cd01-45c8-48be-a402-59faddd222b6 HTTP/1.1" status: 200 len: 874 time: 0.0631118
2026-05-08 19:23:41.905 9 WARNING neutron_lib.context [None req-10acd424-8632-4bae-b8f9-8d4489d134bb b327c82c4269429d8a6eb62378844d61 8c5b3265a0374d0ebcff1ac13ad06e61 - - default default] Method 'is_advsvc' is deprecated since 2023.2 release (neutron-lib 3.8.0) and will be removed once support for the old RBAC API policies will be removed from Neutron. Please use method 'is_service_role' instead.
2026-05-08 19:23:41.962 9 INFO neutron.wsgi [req-7300972e-d0fa-417e-be6d-7d5531a6fdd6 req-5b7101c3-54be-4fb7-a43d-a82faf7794db a880ab1ff28b4942854d0fac3d171317 6f03a6402fd6436d8f8e468b1a21e726 - - default default] 199.204.45.238 "GET /v2.0/security-groups?fields=id&fields=name&tenant_id=6f03a6402fd6436d8f8e468b1a21e726 HTTP/1.1" status: 200 len: 380 time: 0.0543756
2026-05-08 19:23:41.967 10 WARNING neutron.scheduler.dhcp_agent_scheduler [None req-63af0517-7b0e-4fee-80b1-b25dd6dd82b9 37dd2ae80390435cb206c9d52e5167b4 94b98806d2e7420cbfda7d39bba84c9a - - default default] No more DHCP agents
2026-05-08 19:23:41.975 9 WARNING neutron_lib.context [req-7300972e-d0fa-417e-be6d-7d5531a6fdd6 req-fba44fe0-c564-49b8-b577-7f06102b51ab a880ab1ff28b4942854d0fac3d171317 6f03a6402fd6436d8f8e468b1a21e726 - - default default] Method 'is_advsvc' is deprecated since 2023.2 release (neutron-lib 3.8.0) and will be removed once support for the old RBAC API policies will be removed from Neutron. Please use method 'is_service_role' instead.
2026-05-08 19:23:41.984 10 WARNING neutron.api.rpc.agentnotifiers.dhcp_rpc_agent_api [None req-63af0517-7b0e-4fee-80b1-b25dd6dd82b9 37dd2ae80390435cb206c9d52e5167b4 94b98806d2e7420cbfda7d39bba84c9a - - default default] Unable to schedule network 98d687c4-8d62-4ff8-98e2-ba801b0ea095: no agents available; will retry on subsequent port and subnet creation events.
2026-05-08 19:23:42.066 9 INFO neutron.wsgi [req-5eb3ac2c-91ea-481b-8a47-9cb869471fce req-a093cdf9-40f8-4692-9acf-89712cbde277 a880ab1ff28b4942854d0fac3d171317 6f03a6402fd6436d8f8e468b1a21e726 - - default default] 10.0.0.134 "GET /v2.0/ports?device_id=1dc80981-bd1a-4ed1-a352-19f618a04f1a HTTP/1.1" status: 200 len: 210 time: 0.0301399
2026-05-08 19:23:42.281 10 INFO neutron.db.ovn_revision_numbers_db [None req-63af0517-7b0e-4fee-80b1-b25dd6dd82b9 37dd2ae80390435cb206c9d52e5167b4 94b98806d2e7420cbfda7d39bba84c9a - - default default] Successfully bumped revision number for resource b39dd3a5-d91f-42d2-999d-f35efe964c7d (type: ports) to 1
2026-05-08 19:23:42.307 10 INFO neutron.wsgi [None req-63af0517-7b0e-4fee-80b1-b25dd6dd82b9 37dd2ae80390435cb206c9d52e5167b4 94b98806d2e7420cbfda7d39bba84c9a - - default default] 10.0.0.69 "POST /v2.0/networks HTTP/1.1" status: 201 len: 843 time: 0.9633319 /var/lib/openstack/lib/python3.10/site-packages/pycadf/identifier.py:71: UserWarning: Invalid uuid: neutron. To ensure interoperability, identifiers should be a valid uuid. warnings.warn(('Invalid uuid: %s. To ensure interoperability, '
2026-05-08 19:23:42.337 9 WARNING neutron.scheduler.dhcp_agent_scheduler [None req-10acd424-8632-4bae-b8f9-8d4489d134bb b327c82c4269429d8a6eb62378844d61 8c5b3265a0374d0ebcff1ac13ad06e61 - - default default] No more DHCP agents
2026-05-08 19:23:42.343 9 WARNING neutron.api.rpc.agentnotifiers.dhcp_rpc_agent_api [None req-10acd424-8632-4bae-b8f9-8d4489d134bb b327c82c4269429d8a6eb62378844d61 8c5b3265a0374d0ebcff1ac13ad06e61 - - default default] Unable to schedule network 676c8e7a-402f-40b1-aef0-b49cd55bbf98: no agents available; will retry on subsequent port and subnet creation events.
2026-05-08 19:23:42.531 10 INFO neutron.db.ovn_revision_numbers_db [None req-4f93f530-b8bd-4195-ad50-a2accf5859f6 - - - - - -] Successfully bumped revision number for resource 01e65912-2c2e-49f2-8c3c-28ed71a815c7 (type: ports) to 2
2026-05-08 19:23:42.533 10 INFO neutron.db.ovn_revision_numbers_db [None req-b11cd9d9-c44e-462d-8c77-159022bdacd6 37dd2ae80390435cb206c9d52e5167b4 94b98806d2e7420cbfda7d39bba84c9a - - default default] Successfully bumped revision number for resource 98d687c4-8d62-4ff8-98e2-ba801b0ea095 (type: networks) to 2
2026-05-08 19:23:42.536 10 INFO neutron.wsgi [None req-b11cd9d9-c44e-462d-8c77-159022bdacd6 37dd2ae80390435cb206c9d52e5167b4 94b98806d2e7420cbfda7d39bba84c9a - - default default] 10.0.0.69 "PUT /v2.0/networks/98d687c4-8d62-4ff8-98e2-ba801b0ea095 HTTP/1.1" status: 200 len: 792 time: 0.2225492 /var/lib/openstack/lib/python3.10/site-packages/pycadf/identifier.py:71: UserWarning: Invalid uuid: neutron. To ensure interoperability, identifiers should be a valid uuid. warnings.warn(('Invalid uuid: %s. To ensure interoperability, '
2026-05-08 19:23:42.554 9 WARNING neutron_lib.context [None req-2d6a9a30-dd64-41ca-bf70-6d7f1b720445 37dd2ae80390435cb206c9d52e5167b4 94b98806d2e7420cbfda7d39bba84c9a - - default default] Method 'is_advsvc' is deprecated since 2023.2 release (neutron-lib 3.8.0) and will be removed once support for the old RBAC API policies will be removed from Neutron. Please use method 'is_service_role' instead.
2026-05-08 19:23:42.616 9 WARNING neutron.scheduler.dhcp_agent_scheduler [req-7300972e-d0fa-417e-be6d-7d5531a6fdd6 req-fba44fe0-c564-49b8-b577-7f06102b51ab a880ab1ff28b4942854d0fac3d171317 6f03a6402fd6436d8f8e468b1a21e726 - - default default] No more DHCP agents
2026-05-08 19:23:42.626 9 WARNING neutron.api.rpc.agentnotifiers.dhcp_rpc_agent_api [req-7300972e-d0fa-417e-be6d-7d5531a6fdd6 req-fba44fe0-c564-49b8-b577-7f06102b51ab a880ab1ff28b4942854d0fac3d171317 6f03a6402fd6436d8f8e468b1a21e726 - - default default] Unable to schedule network 0b62cd01-45c8-48be-a402-59faddd222b6: no agents available; will retry on subsequent port and subnet creation events.
2026-05-08 19:23:42.689 10 INFO neutron.db.ovn_revision_numbers_db [None req-4f93f530-b8bd-4195-ad50-a2accf5859f6 - - - - - -] Successfully bumped revision number for resource 01e65912-2c2e-49f2-8c3c-28ed71a815c7 (type: router_ports) to 2
2026-05-08 19:23:42.966 9 INFO neutron.db.ovn_revision_numbers_db [req-7300972e-d0fa-417e-be6d-7d5531a6fdd6 req-fba44fe0-c564-49b8-b577-7f06102b51ab a880ab1ff28b4942854d0fac3d171317 6f03a6402fd6436d8f8e468b1a21e726 - - default default] Successfully bumped revision number for resource bd19fe6d-9ab9-4af6-b882-5c09774e84c2 (type: ports) to 1
2026-05-08 19:23:43.022 9 WARNING neutron.scheduler.dhcp_agent_scheduler [None req-2d6a9a30-dd64-41ca-bf70-6d7f1b720445 37dd2ae80390435cb206c9d52e5167b4 94b98806d2e7420cbfda7d39bba84c9a - - default default] No more DHCP agents
2026-05-08 19:23:43.035 9 WARNING neutron.api.rpc.agentnotifiers.dhcp_rpc_agent_api [None req-2d6a9a30-dd64-41ca-bf70-6d7f1b720445 37dd2ae80390435cb206c9d52e5167b4 94b98806d2e7420cbfda7d39bba84c9a - - default default] Unable to schedule network 98d687c4-8d62-4ff8-98e2-ba801b0ea095: no agents available; will retry on subsequent port and subnet creation events.
2026-05-08 19:23:43.042 9 INFO neutron.wsgi [req-7300972e-d0fa-417e-be6d-7d5531a6fdd6 req-fba44fe0-c564-49b8-b577-7f06102b51ab a880ab1ff28b4942854d0fac3d171317 6f03a6402fd6436d8f8e468b1a21e726 - - default default] 199.204.45.238 "POST /v2.0/ports HTTP/1.1" status: 201 len: 1158 time: 1.0733557
2026-05-08 19:23:43.049 9 INFO neutron.wsgi [None req-10acd424-8632-4bae-b8f9-8d4489d134bb b327c82c4269429d8a6eb62378844d61 8c5b3265a0374d0ebcff1ac13ad06e61 - - default default] 10.0.0.69 "POST /v2.0/floatingips HTTP/1.1" status: 201 len: 751 time: 1.1475472 /var/lib/openstack/lib/python3.10/site-packages/pycadf/identifier.py:71: UserWarning: Invalid uuid: neutron. To ensure interoperability, identifiers should be a valid uuid. warnings.warn(('Invalid uuid: %s. To ensure interoperability, '
2026-05-08 19:23:43.173 10 INFO neutron.wsgi [req-1013659e-a515-45d7-8231-d60b100a87b7 req-b57901ae-67c9-43c3-b8ff-26ffe0f760a6 a880ab1ff28b4942854d0fac3d171317 6f03a6402fd6436d8f8e468b1a21e726 - - default default] 10.0.0.134 "GET /v2.0/ports?device_id=1dc80981-bd1a-4ed1-a352-19f618a04f1a HTTP/1.1" status: 200 len: 1156 time: 0.0414546
2026-05-08 19:23:43.219 10 INFO neutron.wsgi [req-1013659e-a515-45d7-8231-d60b100a87b7 req-9d0f5c44-9e41-49c9-b998-8ff7f551bfa0 a880ab1ff28b4942854d0fac3d171317 6f03a6402fd6436d8f8e468b1a21e726 - - default default] 10.0.0.134 "GET /v2.0/security-groups?id=7f643a29-467c-41ef-9752-09fcd33ebab1&fields=id&fields=name HTTP/1.1" status: 200 len: 313 time: 0.0403917
2026-05-08 19:23:43.580 9 INFO neutron.db.ovn_revision_numbers_db [req-7300972e-d0fa-417e-be6d-7d5531a6fdd6 req-862ad009-5cf3-4f9b-8f7c-4b74a62c13fd ee2a682f0451424bb118efe638301089 11fa2fa4209848c88b252ebd561d433c - - 772c15fb44154c78897ebe5784d2c942 772c15fb44154c78897ebe5784d2c942] Successfully bumped revision number for resource bd19fe6d-9ab9-4af6-b882-5c09774e84c2 (type: ports) to 2
2026-05-08 19:23:43.693 9 INFO neutron.db.ovn_revision_numbers_db [None req-2d6a9a30-dd64-41ca-bf70-6d7f1b720445 37dd2ae80390435cb206c9d52e5167b4 94b98806d2e7420cbfda7d39bba84c9a - - default default] Successfully bumped revision number for resource b39dd3a5-d91f-42d2-999d-f35efe964c7d (type: ports) to 2
2026-05-08 19:23:43.751 9 INFO neutron.db.ovn_revision_numbers_db [None req-2d6a9a30-dd64-41ca-bf70-6d7f1b720445 37dd2ae80390435cb206c9d52e5167b4 94b98806d2e7420cbfda7d39bba84c9a - - default default] Successfully bumped revision number for resource 32876a9e-c778-4d64-98e3-86a02a9b1fc9 (type: subnets) to 0
2026-05-08 19:23:43.776 9 INFO neutron.wsgi [None req-2d6a9a30-dd64-41ca-bf70-6d7f1b720445 37dd2ae80390435cb206c9d52e5167b4 94b98806d2e7420cbfda7d39bba84c9a - - default default] 10.0.0.69 "POST /v2.0/subnets HTTP/1.1" status: 201 len: 801 time: 1.2355688
2026-05-08 19:23:43.867 9 INFO neutron.db.ovn_revision_numbers_db [req-7300972e-d0fa-417e-be6d-7d5531a6fdd6 req-862ad009-5cf3-4f9b-8f7c-4b74a62c13fd ee2a682f0451424bb118efe638301089 11fa2fa4209848c88b252ebd561d433c - - 772c15fb44154c78897ebe5784d2c942 772c15fb44154c78897ebe5784d2c942] Successfully bumped revision number for resource bd19fe6d-9ab9-4af6-b882-5c09774e84c2 (type: ports) to 2
2026-05-08 19:23:43.889 9 INFO neutron.wsgi [req-7300972e-d0fa-417e-be6d-7d5531a6fdd6 req-862ad009-5cf3-4f9b-8f7c-4b74a62c13fd ee2a682f0451424bb118efe638301089 11fa2fa4209848c88b252ebd561d433c - - 772c15fb44154c78897ebe5784d2c942 772c15fb44154c78897ebe5784d2c942] 199.204.45.238 "PUT /v2.0/ports/bd19fe6d-9ab9-4af6-b882-5c09774e84c2 HTTP/1.1" status: 200 len: 1376 time: 0.8306310 /var/lib/openstack/lib/python3.10/site-packages/pycadf/identifier.py:71: UserWarning: Invalid uuid: neutron. To ensure interoperability, identifiers should be a valid uuid. warnings.warn(('Invalid uuid: %s. To ensure interoperability, '
2026-05-08 19:23:43.939 9 INFO neutron.notifiers.nova [-] Nova event matching ['req-f548a296-17cc-4162-9352-3a2a01628f99'] response: {'name': 'network-changed', 'server_uuid': '1dc80981-bd1a-4ed1-a352-19f618a04f1a', 'tag': 'bd19fe6d-9ab9-4af6-b882-5c09774e84c2', 'status': 'completed', 'code': 200}
2026-05-08 19:23:43.969 9 INFO neutron.wsgi [req-7300972e-d0fa-417e-be6d-7d5531a6fdd6 req-9e60a10b-ba99-4408-8575-70044ce5d0b7 ee2a682f0451424bb118efe638301089 11fa2fa4209848c88b252ebd561d433c - - 772c15fb44154c78897ebe5784d2c942 772c15fb44154c78897ebe5784d2c942] 199.204.45.238 "GET /v2.0/ports?tenant_id=6f03a6402fd6436d8f8e468b1a21e726&device_id=1dc80981-bd1a-4ed1-a352-19f618a04f1a HTTP/1.1" status: 200 len: 1407 time: 0.0429776
2026-05-08 19:23:43.999 9 INFO neutron.wsgi [req-7300972e-d0fa-417e-be6d-7d5531a6fdd6 req-0e2a83b7-c3dd-4ac9-bcf8-05a85af130f2 ee2a682f0451424bb118efe638301089 11fa2fa4209848c88b252ebd561d433c - - 772c15fb44154c78897ebe5784d2c942 772c15fb44154c78897ebe5784d2c942] 199.204.45.238 "GET /v2.0/floatingips?fixed_ip_address=10.100.0.4&port_id=bd19fe6d-9ab9-4af6-b882-5c09774e84c2 HTTP/1.1" status: 200 len: 217 time: 0.0255408
2026-05-08 19:23:44.052 9 INFO neutron.wsgi [req-7300972e-d0fa-417e-be6d-7d5531a6fdd6 req-71de7426-6951-43c7-9d07-6c868a352e63 ee2a682f0451424bb118efe638301089 11fa2fa4209848c88b252ebd561d433c - - 772c15fb44154c78897ebe5784d2c942 772c15fb44154c78897ebe5784d2c942] 199.204.45.238 "GET /v2.0/subnets?id=cd381d17-eb93-41eb-860d-af8fcf5b53b2 HTTP/1.1" status: 200 len: 868 time: 0.0481579
2026-05-08 19:23:44.077 9 INFO neutron.wsgi [req-7300972e-d0fa-417e-be6d-7d5531a6fdd6 req-86ecca5a-8e38-46a1-bba0-fccfcf2618f9 ee2a682f0451424bb118efe638301089 11fa2fa4209848c88b252ebd561d433c - - 772c15fb44154c78897ebe5784d2c942 772c15fb44154c78897ebe5784d2c942] 199.204.45.238 "GET /v2.0/ports?network_id=0b62cd01-45c8-48be-a402-59faddd222b6&device_owner=network%3Adhcp HTTP/1.1" status: 200 len: 210 time: 0.0197203
2026-05-08 19:23:44.142 9 INFO neutron.wsgi [req-7300972e-d0fa-417e-be6d-7d5531a6fdd6 req-c504a786-3544-4411-aae7-3ea053f01abf ee2a682f0451424bb118efe638301089 11fa2fa4209848c88b252ebd561d433c - - 772c15fb44154c78897ebe5784d2c942 772c15fb44154c78897ebe5784d2c942] 199.204.45.238 "GET /v2.0/networks/0b62cd01-45c8-48be-a402-59faddd222b6?fields=segments HTTP/1.1" status: 200 len: 212 time: 0.0571439
2026-05-08 19:23:44.167 10 INFO neutron.db.ovn_revision_numbers_db [None req-525e92ec-43f5-4100-af1d-dee6ccb17087 37dd2ae80390435cb206c9d52e5167b4 94b98806d2e7420cbfda7d39bba84c9a - - default default] Successfully bumped revision number for resource 32876a9e-c778-4d64-98e3-86a02a9b1fc9 (type: subnets) to 1
2026-05-08 19:23:44.171 10 INFO neutron.wsgi [None req-525e92ec-43f5-4100-af1d-dee6ccb17087 37dd2ae80390435cb206c9d52e5167b4 94b98806d2e7420cbfda7d39bba84c9a - - default default] 10.0.0.69 "PUT /v2.0/subnets/32876a9e-c778-4d64-98e3-86a02a9b1fc9 HTTP/1.1" status: 200 len: 806 time: 0.3853064
2026-05-08 19:23:44.222 9 INFO neutron.wsgi [req-7300972e-d0fa-417e-be6d-7d5531a6fdd6 req-9b8ab5ff-cd7d-44d0-80fb-6ebaae8a9c28 ee2a682f0451424bb118efe638301089 11fa2fa4209848c88b252ebd561d433c - - 772c15fb44154c78897ebe5784d2c942 772c15fb44154c78897ebe5784d2c942] 199.204.45.238 "GET /v2.0/networks/0b62cd01-45c8-48be-a402-59faddd222b6?fields=provider%3Aphysical_network&fields=provider%3Anetwork_type HTTP/1.1" status: 200 len: 277 time: 0.0732319
2026-05-08 19:23:44.318 9 INFO neutron.wsgi [req-094eca7a-92b9-49ee-b0e4-3d7c25ff3f2d req-45b44d64-d19a-49a3-a0f9-003eb7a300be ee2a682f0451424bb118efe638301089 11fa2fa4209848c88b252ebd561d433c - - 772c15fb44154c78897ebe5784d2c942 772c15fb44154c78897ebe5784d2c942] 199.204.45.238 "GET /v2.0/ports?tenant_id=6f03a6402fd6436d8f8e468b1a21e726&device_id=1dc80981-bd1a-4ed1-a352-19f618a04f1a HTTP/1.1" status: 200 len: 1407 time: 0.0575542
2026-05-08 19:23:44.333 10 INFO neutron.wsgi [req-d1f32859-e096-4c2d-a773-96604e44402e req-81a597ba-147b-4673-8511-62f51ce16eed a880ab1ff28b4942854d0fac3d171317 6f03a6402fd6436d8f8e468b1a21e726 - - default default] 10.0.0.134 "GET /v2.0/ports?device_id=1dc80981-bd1a-4ed1-a352-19f618a04f1a HTTP/1.1" status: 200 len: 1168 time: 0.0540669
2026-05-08 19:23:44.403 10 INFO neutron.wsgi [req-d1f32859-e096-4c2d-a773-96604e44402e req-735a82dc-47e3-4c3b-914b-3654474a11fb a880ab1ff28b4942854d0fac3d171317 6f03a6402fd6436d8f8e468b1a21e726 - - default default] 10.0.0.134 "GET /v2.0/security-groups?id=7f643a29-467c-41ef-9752-09fcd33ebab1&fields=id&fields=name HTTP/1.1" status: 200 len: 313 time: 0.0631034
2026-05-08 19:23:44.406 9 INFO neutron.wsgi [req-094eca7a-92b9-49ee-b0e4-3d7c25ff3f2d req-51597c28-0890-4ecb-a8a9-f33741663481 ee2a682f0451424bb118efe638301089 11fa2fa4209848c88b252ebd561d433c - - 772c15fb44154c78897ebe5784d2c942 772c15fb44154c78897ebe5784d2c942] 199.204.45.238 "GET /v2.0/networks?id=0b62cd01-45c8-48be-a402-59faddd222b6 HTTP/1.1" status: 200 len: 973 time: 0.0822740
2026-05-08 19:23:44.456 9 INFO neutron.wsgi [req-094eca7a-92b9-49ee-b0e4-3d7c25ff3f2d req-0d0126f2-8a65-4f9e-9568-4128907809d6 ee2a682f0451424bb118efe638301089 11fa2fa4209848c88b252ebd561d433c - - 772c15fb44154c78897ebe5784d2c942 772c15fb44154c78897ebe5784d2c942] 199.204.45.238 "GET /v2.0/floatingips?fixed_ip_address=10.100.0.4&port_id=bd19fe6d-9ab9-4af6-b882-5c09774e84c2 HTTP/1.1" status: 200 len: 217 time: 0.0417104
2026-05-08 19:23:44.512 9 INFO neutron.wsgi [req-094eca7a-92b9-49ee-b0e4-3d7c25ff3f2d req-ad2b18a5-bfa3-472f-bb74-e3eda096e965 ee2a682f0451424bb118efe638301089 11fa2fa4209848c88b252ebd561d433c - - 772c15fb44154c78897ebe5784d2c942 772c15fb44154c78897ebe5784d2c942] 199.204.45.238 "GET /v2.0/subnets?id=cd381d17-eb93-41eb-860d-af8fcf5b53b2 HTTP/1.1" status: 200 len: 868 time: 0.0506308
2026-05-08 19:23:44.553 9 INFO neutron.wsgi [req-094eca7a-92b9-49ee-b0e4-3d7c25ff3f2d req-f3458349-a93a-4303-b3b8-df683aceeb25 ee2a682f0451424bb118efe638301089 11fa2fa4209848c88b252ebd561d433c - - 772c15fb44154c78897ebe5784d2c942 772c15fb44154c78897ebe5784d2c942] 199.204.45.238 "GET /v2.0/ports?network_id=0b62cd01-45c8-48be-a402-59faddd222b6&device_owner=network%3Adhcp HTTP/1.1" status: 200 len: 210 time: 0.0323195
2026-05-08 19:23:44.637 9 INFO neutron.wsgi [req-094eca7a-92b9-49ee-b0e4-3d7c25ff3f2d req-0a8fbcfa-7a0c-4d80-9fa9-a3ede02eae14 ee2a682f0451424bb118efe638301089 11fa2fa4209848c88b252ebd561d433c - - 772c15fb44154c78897ebe5784d2c942 772c15fb44154c78897ebe5784d2c942] 199.204.45.238 "GET /v2.0/networks/0b62cd01-45c8-48be-a402-59faddd222b6?fields=segments HTTP/1.1" status: 200 len: 212 time: 0.0793276
2026-05-08 19:23:44.698 9 INFO neutron.wsgi [req-094eca7a-92b9-49ee-b0e4-3d7c25ff3f2d req-ea37fc86-35a1-48e9-8a9c-458e849556cb ee2a682f0451424bb118efe638301089 11fa2fa4209848c88b252ebd561d433c - - 772c15fb44154c78897ebe5784d2c942 772c15fb44154c78897ebe5784d2c942] 199.204.45.238 "GET /v2.0/networks/0b62cd01-45c8-48be-a402-59faddd222b6?fields=provider%3Aphysical_network&fields=provider%3Anetwork_type HTTP/1.1" status: 200 len: 277 time: 0.0569425
2026-05-08 19:23:44.880 10 INFO neutron.services.segments.plugin [-] Segment 2c07ffdc-a129-4384-b358-0c63c6fade7d resource provider aggregate not found
2026-05-08 19:23:44.884 10 INFO neutron.services.segments.plugin [-] Segment 2c07ffdc-a129-4384-b358-0c63c6fade7d resource provider aggregate not found
2026-05-08 19:23:44.895 10 INFO neutron.services.segments.plugin [-] Segment 2c07ffdc-a129-4384-b358-0c63c6fade7d resource provider not found; error: Placement Client Error (4xx): {"errors": [{"status": 404, "title": "Not Found", "detail": "The resource could not be found.\n\n No resource provider with uuid 2c07ffdc-a129-4384-b358-0c63c6fade7d found for delete ", "request_id": "req-4a61cbfe-6783-421a-8c84-45c617d9ea2c"}]}
2026-05-08 19:23:44.898 10 INFO neutron.services.segments.plugin [-] Segment 2c07ffdc-a129-4384-b358-0c63c6fade7d resource provider not found; error: Placement Client Error (4xx): {"errors": [{"status": 404, "title": "Not Found", "detail": "The resource could not be found.\n\n No resource provider with uuid 2c07ffdc-a129-4384-b358-0c63c6fade7d found for delete ", "request_id": "req-35043d93-2534-439a-9d7d-d94e85d26e34"}]}
2026-05-08 19:23:44.918 10 INFO neutron.wsgi [None req-1baa4fae-2d81-4bae-98fd-d1f8b6a64433 37dd2ae80390435cb206c9d52e5167b4 94b98806d2e7420cbfda7d39bba84c9a - - default default] 10.0.0.69 "DELETE /v2.0/networks/98d687c4-8d62-4ff8-98e2-ba801b0ea095 HTTP/1.1" status: 204 len: 168 time: 0.7416365
2026-05-08 19:23:44.935 9 INFO neutron.pecan_wsgi.hooks.translation [None req-cf2577f5-9ea7-4df1-9fd7-fe355cff2172 37dd2ae80390435cb206c9d52e5167b4 94b98806d2e7420cbfda7d39bba84c9a - - default default] DELETE failed (client error): The resource could not be found.
2026-05-08 19:23:44.938 9 INFO neutron.wsgi [None req-cf2577f5-9ea7-4df1-9fd7-fe355cff2172 37dd2ae80390435cb206c9d52e5167b4 94b98806d2e7420cbfda7d39bba84c9a - - default default] 10.0.0.69 "DELETE /v2.0/networks/98d687c4-8d62-4ff8-98e2-ba801b0ea095 HTTP/1.1" status: 404 len: 339 time: 0.0150380
2026-05-08 19:23:45.035 9 INFO neutron.wsgi [None req-c4fb90ed-a904-4307-b3b5-5aafa41d33d2 37dd2ae80390435cb206c9d52e5167b4 94b98806d2e7420cbfda7d39bba84c9a - - default default] 10.0.0.69 "GET /v2.0/networks?router%3Aexternal=True HTTP/1.1" status: 200 len: 845 time: 0.0909932
2026-05-08 19:23:45.111 9 INFO neutron.wsgi [None req-ed236cdb-ded1-4ba4-a936-c65c7df5caae 37dd2ae80390435cb206c9d52e5167b4 94b98806d2e7420cbfda7d39bba84c9a - - default default] 10.0.0.69 "GET /v2.0/subnets?network_id=676c8e7a-402f-40b1-aef0-b49cd55bbf98 HTTP/1.1" status: 200 len: 820 time: 0.0707297
2026-05-08 19:23:45.121 9 INFO neutron.wsgi [None req-13d847c6-2c7b-4041-84a0-e78ba13c2b51 37dd2ae80390435cb206c9d52e5167b4 94b98806d2e7420cbfda7d39bba84c9a - - default default] 10.0.0.69 "GET /v2.0/extensions HTTP/1.1" status: 200 len: 18678 time: 0.0057199
2026-05-08 19:23:45.393 10 INFO neutron.wsgi [-] 10.0.0.156 "GET / HTTP/1.1" status: 200 len: 245 time: 0.0024266
2026-05-08 19:23:45.395 10 INFO neutron.wsgi [-] 10.0.0.156 "GET / HTTP/1.1" status: 200 len: 245 time: 0.0013680
2026-05-08 19:23:45.410 9 INFO neutron.wsgi [None req-961e7846-896c-4e68-b8b9-c78d76739ee6 37dd2ae80390435cb206c9d52e5167b4 94b98806d2e7420cbfda7d39bba84c9a - - default default] 10.0.0.69 "GET /v2.0/networks HTTP/1.1" status: 200 len: 1503 time: 0.2854586
2026-05-08 19:23:45.468 9 INFO neutron.wsgi [None req-e2336035-9b9f-492e-9367-70d33d50777f 37dd2ae80390435cb206c9d52e5167b4 94b98806d2e7420cbfda7d39bba84c9a - - default default] 10.0.0.69 "GET /v2.0/subnets HTTP/1.1" status: 200 len: 1428 time: 0.0508401
2026-05-08 19:23:45.571 9 INFO neutron.wsgi [None req-680c1db7-d81f-45cf-9277-506475bff27b 37dd2ae80390435cb206c9d52e5167b4 94b98806d2e7420cbfda7d39bba84c9a - - default default] 10.0.0.69 "GET /v2.0/networks/2cdcbfd5-038c-47cd-bb29-3fefb2cd9e49 HTTP/1.1" status: 200 len: 862 time: 0.0907671
2026-05-08 19:23:45.620 9 INFO neutron.wsgi [req-cc32f2d9-4969-4219-83d8-8dbbf89f042b req-8cd3cf06-8f9c-46f5-a27d-91dbd19fbb07 a880ab1ff28b4942854d0fac3d171317 6f03a6402fd6436d8f8e468b1a21e726 - - default default] 10.0.0.134 "GET /v2.0/ports?device_id=1dc80981-bd1a-4ed1-a352-19f618a04f1a HTTP/1.1" status: 200 len: 1168 time: 0.1244762
2026-05-08 19:23:45.626 10 INFO neutron.wsgi [None req-c4eb4c98-77fc-4462-9556-059dde4f0f98 37dd2ae80390435cb206c9d52e5167b4 94b98806d2e7420cbfda7d39bba84c9a - - default default] 10.0.0.69 "GET /v2.0/subnets/5e7b64cc-f4e3-4c44-817d-243228781ce0 HTTP/1.1" status: 200 len: 811 time: 0.0433209
2026-05-08 19:23:45.648 10 INFO neutron.pecan_wsgi.hooks.translation [None req-8b2f71ff-db04-48b2-8a81-f09b2c32e98b 37dd2ae80390435cb206c9d52e5167b4 94b98806d2e7420cbfda7d39bba84c9a - - default default] DELETE failed (client error): The resource could not be found.
2026-05-08 19:23:45.650 10 INFO neutron.wsgi [None req-8b2f71ff-db04-48b2-8a81-f09b2c32e98b 37dd2ae80390435cb206c9d52e5167b4 94b98806d2e7420cbfda7d39bba84c9a - - default default] 10.0.0.69 "DELETE /v2.0/subnets/32876a9e-c778-4d64-98e3-86a02a9b1fc9 HTTP/1.1" status: 404 len: 337 time: 0.0175166
2026-05-08 19:23:45.668 9 INFO neutron.wsgi [req-cc32f2d9-4969-4219-83d8-8dbbf89f042b req-45d07162-332c-472c-8156-a5c56b0cec3c a880ab1ff28b4942854d0fac3d171317 6f03a6402fd6436d8f8e468b1a21e726 - - default default] 10.0.0.134 "GET /v2.0/security-groups?id=7f643a29-467c-41ef-9752-09fcd33ebab1&fields=id&fields=name HTTP/1.1" status: 200 len: 313 time: 0.0400798
2026-05-08 19:23:45.669 10 INFO neutron.pecan_wsgi.hooks.translation [None req-274e8e8c-1ee4-4de6-824c-0166df75fc4c 37dd2ae80390435cb206c9d52e5167b4 94b98806d2e7420cbfda7d39bba84c9a - - default default] DELETE failed (client error): The resource could not be found.
2026-05-08 19:23:45.673 10 INFO neutron.wsgi [None req-274e8e8c-1ee4-4de6-824c-0166df75fc4c 37dd2ae80390435cb206c9d52e5167b4 94b98806d2e7420cbfda7d39bba84c9a - - default default] 10.0.0.69 "DELETE /v2.0/networks/98d687c4-8d62-4ff8-98e2-ba801b0ea095 HTTP/1.1" status: 404 len: 339 time: 0.0184553
2026-05-08 19:23:45.923 9 INFO neutron.wsgi [None req-2d51df5b-7d67-4634-9cbd-0b721126efce 37dd2ae80390435cb206c9d52e5167b4 94b98806d2e7420cbfda7d39bba84c9a - - default default] 10.0.0.69 "DELETE /v2.0/subnets/5e7b64cc-f4e3-4c44-817d-243228781ce0 HTTP/1.1" status: 204 len: 168 time: 0.2436745
2026-05-08 19:23:46.301 9 INFO neutron.services.segments.plugin [-] Segment 5ad9074e-b854-4391-a3db-73d3373a18a2 resource provider aggregate not found
2026-05-08 19:23:46.307 9 INFO neutron.services.segments.plugin [-] Segment 5ad9074e-b854-4391-a3db-73d3373a18a2 resource provider aggregate not found
2026-05-08 19:23:46.321 9 INFO neutron.services.segments.plugin [-] Segment 5ad9074e-b854-4391-a3db-73d3373a18a2 resource provider not found; error: Placement Client Error (4xx): {"errors": [{"status": 404, "title": "Not Found", "detail": "The resource could not be found.\n\n No resource provider with uuid 5ad9074e-b854-4391-a3db-73d3373a18a2 found for delete ", "request_id": "req-15bc00cd-30bf-4108-bd89-0702de84d446"}]}
2026-05-08 19:23:46.323 9 INFO neutron.services.segments.plugin [-] Segment 5ad9074e-b854-4391-a3db-73d3373a18a2 resource provider not found; error: Placement Client Error (4xx): {"errors": [{"status": 404, "title": "Not Found", "detail": "The resource could not be found.\n\n No resource provider with uuid 5ad9074e-b854-4391-a3db-73d3373a18a2 found for delete ", "request_id": "req-d1b9c008-f61d-42bb-b077-dca5dea6bb99"}]}
2026-05-08 19:23:46.346 9 INFO neutron.wsgi [None req-8af3a662-95cb-47a4-8d6e-6ff31ab22935 37dd2ae80390435cb206c9d52e5167b4 94b98806d2e7420cbfda7d39bba84c9a - - default default] 10.0.0.69 "DELETE /v2.0/networks/2cdcbfd5-038c-47cd-bb29-3fefb2cd9e49 HTTP/1.1" status: 204 len: 168 time: 0.4177039
2026-05-08 19:23:46.845 10 INFO neutron.wsgi [req-930817cd-e96c-4356-9a86-2e5781ddfd91 req-098f47ec-b51d-41ef-8c4b-d52c3688435e a880ab1ff28b4942854d0fac3d171317 6f03a6402fd6436d8f8e468b1a21e726 - - default default] 10.0.0.134 "GET /v2.0/ports?device_id=1dc80981-bd1a-4ed1-a352-19f618a04f1a HTTP/1.1" status: 200 len: 1168 time: 0.1123924
2026-05-08 19:23:46.885 10 INFO neutron.wsgi [req-930817cd-e96c-4356-9a86-2e5781ddfd91 req-e5aa99be-81fb-4268-ba15-194d20d2b36a a880ab1ff28b4942854d0fac3d171317 6f03a6402fd6436d8f8e468b1a21e726 - - default default] 10.0.0.134 "GET /v2.0/security-groups?id=7f643a29-467c-41ef-9752-09fcd33ebab1&fields=id&fields=name HTTP/1.1" status: 200 len: 313 time: 0.0338562
2026-05-08 19:23:47.011 9 INFO neutron.wsgi [None req-05839c1f-e9a5-40fb-82a1-e314a5bc52c8 0cfdd5e9b9b4447c819ccfa7d0cbcdb8 a9b4695f1c1745aca58d0d56f149f5b2 - - default default] 10.0.0.69 "GET /v2.0/security-groups?tenant_id=94b98806d2e7420cbfda7d39bba84c9a&name=default HTTP/1.1" status: 200 len: 3120 time: 0.1374757
2026-05-08 19:23:47.243 9 INFO neutron.wsgi [None req-1c7b641b-df33-4ca9-be39-bf708887971d 0cfdd5e9b9b4447c819ccfa7d0cbcdb8 a9b4695f1c1745aca58d0d56f149f5b2 - - default default] 10.0.0.69 "DELETE /v2.0/security-groups/a4525e4d-e461-4d69-ab25-898d0f2b36a1 HTTP/1.1" status: 204 len: 168 time: 0.2196522
