2026-05-08 19:26:16.387 10 WARNING neutron.api.rpc.agentnotifiers.dhcp_rpc_agent_api [None req-09544478-a4fc-4e38-9136-6d834af86344 772a82f9070549f1b6e4981a66e70fe5 81a802eede0b4ce69e6ad9f61e559f18 - - default default] Unable to schedule network 676c8e7a-402f-40b1-aef0-b49cd55bbf98: no agents available; will retry on subsequent port and subnet creation events.
2026-05-08 19:26:16.540 10 INFO neutron.wsgi [None req-be6c0299-0d83-40e9-9da9-ba239f43e38a 0cfdd5e9b9b4447c819ccfa7d0cbcdb8 a9b4695f1c1745aca58d0d56f149f5b2 - - default default] 10.0.0.69 "DELETE /v2.0/security-groups/89c58cc8-2980-427c-ac0a-8692cbdf6b4f HTTP/1.1" status: 204 len: 168 time: 0.2704058
2026-05-08 19:26:16.573 9 INFO neutron.wsgi [None req-e5625cfe-e335-4086-bdec-a754ce8013a8 63f49411219d41b69e58672967185e9e 4d0ebd7270a149daa9ffa6b055db3c4f - - default default] 10.0.0.69 "POST /v2.0/rbac-policies HTTP/1.1" status: 201 len: 523 time: 0.3813992
2026-05-08 19:26:16.602 9 WARNING neutron.scheduler.dhcp_agent_scheduler [None req-9b0da570-937d-4555-8868-cdb527ed4875 bcbbf89663cc45eab06a1041efaec2f0 655d70cb99d7435d928248bc63f2eeea - - default default] No more DHCP agents
2026-05-08 19:26:16.604 9 WARNING neutron.api.rpc.agentnotifiers.dhcp_rpc_agent_api [None req-9b0da570-937d-4555-8868-cdb527ed4875 bcbbf89663cc45eab06a1041efaec2f0 655d70cb99d7435d928248bc63f2eeea - - default default] Unable to schedule network ad47484d-4123-46ea-b758-e3ffddadd1e5: no agents available; will retry on subsequent port and subnet creation events. /var/lib/openstack/lib/python3.10/site-packages/pycadf/identifier.py:71: UserWarning: Invalid uuid: neutron. To ensure interoperability, identifiers should be a valid uuid. warnings.warn(('Invalid uuid: %s. To ensure interoperability, '
2026-05-08 19:26:16.700 10 INFO neutron.wsgi [None req-09544478-a4fc-4e38-9136-6d834af86344 772a82f9070549f1b6e4981a66e70fe5 81a802eede0b4ce69e6ad9f61e559f18 - - default default] 10.0.0.69 "POST /v2.0/floatingips HTTP/1.1" status: 201 len: 751 time: 0.6353226
2026-05-08 19:26:16.703 9 INFO neutron.db.ovn_revision_numbers_db [None req-9b0da570-937d-4555-8868-cdb527ed4875 bcbbf89663cc45eab06a1041efaec2f0 655d70cb99d7435d928248bc63f2eeea - - default default] Successfully bumped revision number for resource 89228f8b-5022-4429-90db-4940f3dc34c7 (type: ports) to 1
2026-05-08 19:26:16.710 10 WARNING neutron_lib.context [None req-257f1ff9-16aa-4894-836f-ed1904143660 772a82f9070549f1b6e4981a66e70fe5 81a802eede0b4ce69e6ad9f61e559f18 - - default default] Method 'is_advsvc' is deprecated since 2023.2 release (neutron-lib 3.8.0) and will be removed once support for the old RBAC API policies will be removed from Neutron. Please use method 'is_service_role' instead.
2026-05-08 19:26:16.726 9 INFO neutron.wsgi [None req-9b0da570-937d-4555-8868-cdb527ed4875 bcbbf89663cc45eab06a1041efaec2f0 655d70cb99d7435d928248bc63f2eeea - - default default] 10.0.0.69 "POST /v2.0/ports HTTP/1.1" status: 201 len: 942 time: 0.4668841
2026-05-08 19:26:16.736 9 WARNING neutron_lib.context [None req-68d91038-2123-4540-b216-026777979abf bcbbf89663cc45eab06a1041efaec2f0 655d70cb99d7435d928248bc63f2eeea - - default default] Method 'is_advsvc' is deprecated since 2023.2 release (neutron-lib 3.8.0) and will be removed once support for the old RBAC API policies will be removed from Neutron. Please use method 'is_service_role' instead.
2026-05-08 19:26:16.819 9 INFO neutron.db.ovn_revision_numbers_db [None req-fad995f7-b6dd-4b15-be7a-e39b56f7e9ce 0cfdd5e9b9b4447c819ccfa7d0cbcdb8 a9b4695f1c1745aca58d0d56f149f5b2 - - default default] Successfully bumped revision number for resource 3f370d42-4775-49d6-bfae-03f12c17d3b3 (type: security_groups) to 1
2026-05-08 19:26:16.826 9 INFO neutron.db.segments_db [None req-68d91038-2123-4540-b216-026777979abf bcbbf89663cc45eab06a1041efaec2f0 655d70cb99d7435d928248bc63f2eeea - - default default] Added segment 8711fae6-b418-424a-bff7-8c3f71ab331c of type geneve for network 3d3d8bee-3e7b-4f81-b4a0-c07f282a0dc8
2026-05-08 19:26:16.841 9 INFO neutron.db.ovn_revision_numbers_db [None req-fad995f7-b6dd-4b15-be7a-e39b56f7e9ce 0cfdd5e9b9b4447c819ccfa7d0cbcdb8 a9b4695f1c1745aca58d0d56f149f5b2 - - default default] Successfully bumped revision number for resource 135d9e02-ddbf-46c7-9f2d-5f53415b4e7a (type: security_group_rules) to 0
2026-05-08 19:26:16.866 9 INFO neutron.db.ovn_revision_numbers_db [None req-fad995f7-b6dd-4b15-be7a-e39b56f7e9ce 0cfdd5e9b9b4447c819ccfa7d0cbcdb8 a9b4695f1c1745aca58d0d56f149f5b2 - - default default] Successfully bumped revision number for resource 229690bd-14c9-4ea6-bd9a-e1d670806fb2 (type: security_group_rules) to 0
2026-05-08 19:26:16.896 9 INFO neutron.db.ovn_revision_numbers_db [None req-fad995f7-b6dd-4b15-be7a-e39b56f7e9ce 0cfdd5e9b9b4447c819ccfa7d0cbcdb8 a9b4695f1c1745aca58d0d56f149f5b2 - - default default] Successfully bumped revision number for resource 4aad389b-befd-43eb-9875-94b2f1ee8bbb (type: security_group_rules) to 0
2026-05-08 19:26:16.916 9 INFO neutron.db.ovn_revision_numbers_db [None req-fad995f7-b6dd-4b15-be7a-e39b56f7e9ce 0cfdd5e9b9b4447c819ccfa7d0cbcdb8 a9b4695f1c1745aca58d0d56f149f5b2 - - default default] Successfully bumped revision number for resource f47aa523-d842-4e1a-b921-54055e630124 (type: security_group_rules) to 0
2026-05-08 19:26:16.961 9 INFO neutron.wsgi [None req-fad995f7-b6dd-4b15-be7a-e39b56f7e9ce 0cfdd5e9b9b4447c819ccfa7d0cbcdb8 a9b4695f1c1745aca58d0d56f149f5b2 - - default default] 10.0.0.69 "GET /v2.0/security-groups?tenant_id=5ea679b7be604e90933f07a8d37b13f1&name=default HTTP/1.1" status: 200 len: 3120 time: 0.2937806
2026-05-08 19:26:16.995 10 WARNING neutron.scheduler.dhcp_agent_scheduler [None req-257f1ff9-16aa-4894-836f-ed1904143660 772a82f9070549f1b6e4981a66e70fe5 81a802eede0b4ce69e6ad9f61e559f18 - - default default] No more DHCP agents
2026-05-08 19:26:16.998 10 WARNING neutron.api.rpc.agentnotifiers.dhcp_rpc_agent_api [None req-257f1ff9-16aa-4894-836f-ed1904143660 772a82f9070549f1b6e4981a66e70fe5 81a802eede0b4ce69e6ad9f61e559f18 - - default default] Unable to schedule network 676c8e7a-402f-40b1-aef0-b49cd55bbf98: no agents available; will retry on subsequent port and subnet creation events.
2026-05-08 19:26:17.004 9 INFO neutron.db.ovn_revision_numbers_db [None req-68d91038-2123-4540-b216-026777979abf bcbbf89663cc45eab06a1041efaec2f0 655d70cb99d7435d928248bc63f2eeea - - default default] Successfully bumped revision number for resource 3d3d8bee-3e7b-4f81-b4a0-c07f282a0dc8 (type: networks) to 1
2026-05-08 19:26:17.181 9 INFO neutron.wsgi [None req-571c0dfa-a7bd-400c-b96c-bf46bc05ed91 50ead72185e34894be208e34118bc63e 3b67efebc81841c2846f96438a42a13c - - default default] 10.0.0.69 "GET /v2.0/networks/908f45e1-b0ce-43b4-af7e-14c6ed324c87 HTTP/1.1" status: 200 len: 848 time: 0.2342904
2026-05-08 19:26:17.246 9 WARNING neutron.scheduler.dhcp_agent_scheduler [None req-68d91038-2123-4540-b216-026777979abf bcbbf89663cc45eab06a1041efaec2f0 655d70cb99d7435d928248bc63f2eeea - - default default] No more DHCP agents
2026-05-08 19:26:17.248 9 WARNING neutron.api.rpc.agentnotifiers.dhcp_rpc_agent_api [None req-68d91038-2123-4540-b216-026777979abf bcbbf89663cc45eab06a1041efaec2f0 655d70cb99d7435d928248bc63f2eeea - - default default] Unable to schedule network 3d3d8bee-3e7b-4f81-b4a0-c07f282a0dc8: no agents available; will retry on subsequent port and subnet creation events.
2026-05-08 19:26:17.325 10 INFO neutron.wsgi [None req-257f1ff9-16aa-4894-836f-ed1904143660 772a82f9070549f1b6e4981a66e70fe5 81a802eede0b4ce69e6ad9f61e559f18 - - default default] 10.0.0.69 "POST /v2.0/floatingips HTTP/1.1" status: 201 len: 751 time: 0.6203599
2026-05-08 19:26:17.332 9 INFO neutron.wsgi [None req-829cbbd8-04a9-48b9-850d-1b312cfaf67e 0cfdd5e9b9b4447c819ccfa7d0cbcdb8 a9b4695f1c1745aca58d0d56f149f5b2 - - default default] 10.0.0.69 "DELETE /v2.0/security-groups/3f370d42-4775-49d6-bfae-03f12c17d3b3 HTTP/1.1" status: 204 len: 168 time: 0.3658311
2026-05-08 19:26:17.335 9 INFO neutron.db.ovn_revision_numbers_db [None req-68d91038-2123-4540-b216-026777979abf bcbbf89663cc45eab06a1041efaec2f0 655d70cb99d7435d928248bc63f2eeea - - default default] Successfully bumped revision number for resource 9394edef-a458-4868-ac4b-d4f30b7b94ce (type: ports) to 1
2026-05-08 19:26:17.336 10 WARNING neutron_lib.context [None req-18416a17-c23d-4fec-9602-4876f0644cba 772a82f9070549f1b6e4981a66e70fe5 81a802eede0b4ce69e6ad9f61e559f18 - - default default] Method 'is_advsvc' is deprecated since 2023.2 release (neutron-lib 3.8.0) and will be removed once support for the old RBAC API policies will be removed from Neutron. Please use method 'is_service_role' instead.
2026-05-08 19:26:17.356 9 INFO neutron.wsgi [None req-68d91038-2123-4540-b216-026777979abf bcbbf89663cc45eab06a1041efaec2f0 655d70cb99d7435d928248bc63f2eeea - - default default] 10.0.0.69 "POST /v2.0/networks HTTP/1.1" status: 201 len: 831 time: 0.6255934
2026-05-08 19:26:17.365 9 WARNING neutron_lib.context [None req-2ff87aa2-5f2e-4781-9c25-7f1ac732ae8a bcbbf89663cc45eab06a1041efaec2f0 655d70cb99d7435d928248bc63f2eeea - - default default] Method 'is_advsvc' is deprecated since 2023.2 release (neutron-lib 3.8.0) and will be removed once support for the old RBAC API policies will be removed from Neutron. Please use method 'is_service_role' instead.
2026-05-08 19:26:17.590 10 WARNING neutron.scheduler.dhcp_agent_scheduler [None req-18416a17-c23d-4fec-9602-4876f0644cba 772a82f9070549f1b6e4981a66e70fe5 81a802eede0b4ce69e6ad9f61e559f18 - - default default] No more DHCP agents
2026-05-08 19:26:17.591 10 WARNING neutron.api.rpc.agentnotifiers.dhcp_rpc_agent_api [None req-18416a17-c23d-4fec-9602-4876f0644cba 772a82f9070549f1b6e4981a66e70fe5 81a802eede0b4ce69e6ad9f61e559f18 - - default default] Unable to schedule network 676c8e7a-402f-40b1-aef0-b49cd55bbf98: no agents available; will retry on subsequent port and subnet creation events.
2026-05-08 19:26:17.616 9 WARNING neutron.scheduler.dhcp_agent_scheduler [None req-2ff87aa2-5f2e-4781-9c25-7f1ac732ae8a bcbbf89663cc45eab06a1041efaec2f0 655d70cb99d7435d928248bc63f2eeea - - default default] No more DHCP agents
2026-05-08 19:26:17.619 9 WARNING neutron.api.rpc.agentnotifiers.dhcp_rpc_agent_api [None req-2ff87aa2-5f2e-4781-9c25-7f1ac732ae8a bcbbf89663cc45eab06a1041efaec2f0 655d70cb99d7435d928248bc63f2eeea - - default default] Unable to schedule network 3d3d8bee-3e7b-4f81-b4a0-c07f282a0dc8: no agents available; will retry on subsequent port and subnet creation events. /var/lib/openstack/lib/python3.10/site-packages/pycadf/identifier.py:71: UserWarning: Invalid uuid: neutron. To ensure interoperability, identifiers should be a valid uuid. warnings.warn(('Invalid uuid: %s. To ensure interoperability, '
2026-05-08 19:26:17.661 9 INFO neutron.pecan_wsgi.hooks.translation [None req-be3c0786-055b-40fb-8661-13f5b98225bc a8ed573576f245c99cb99d3eef68cf25 88b692f7c4f045f3bbd2861b6e7e579e - - default default] GET failed (client error): The resource could not be found.
2026-05-08 19:26:17.662 9 INFO neutron.wsgi [None req-be3c0786-055b-40fb-8661-13f5b98225bc a8ed573576f245c99cb99d3eef68cf25 88b692f7c4f045f3bbd2861b6e7e579e - - default default] 10.0.0.69 "GET /v2.0/networks/908f45e1-b0ce-43b4-af7e-14c6ed324c87 HTTP/1.1" status: 404 len: 339 time: 0.1050799
2026-05-08 19:26:17.755 9 INFO neutron.db.ovn_revision_numbers_db [None req-2ff87aa2-5f2e-4781-9c25-7f1ac732ae8a bcbbf89663cc45eab06a1041efaec2f0 655d70cb99d7435d928248bc63f2eeea - - default default] Successfully bumped revision number for resource b45732ac-4d4e-4feb-852e-d0b8d5c198f7 (type: ports) to 1
2026-05-08 19:26:17.784 9 INFO neutron.wsgi [None req-2ff87aa2-5f2e-4781-9c25-7f1ac732ae8a bcbbf89663cc45eab06a1041efaec2f0 655d70cb99d7435d928248bc63f2eeea - - default default] 10.0.0.69 "POST /v2.0/ports HTTP/1.1" status: 201 len: 942 time: 0.4234602
2026-05-08 19:26:17.853 10 INFO neutron.wsgi [None req-4d1a7109-8ac6-44a4-89cf-10e53ad94824 bcbbf89663cc45eab06a1041efaec2f0 655d70cb99d7435d928248bc63f2eeea - - default default] 10.0.0.69 "PUT /v2.0/ports/c9b022f0-4bff-4530-aa38-c4232a2e013e/tags HTTP/1.1" status: 200 len: 210 time: 0.0633452
2026-05-08 19:26:17.941 10 INFO neutron.wsgi [None req-c21f07cb-7538-4532-be03-5ef163cb1a07 bcbbf89663cc45eab06a1041efaec2f0 655d70cb99d7435d928248bc63f2eeea - - default default] 10.0.0.69 "PUT /v2.0/ports/a7ad6668-e18d-422a-b65f-671d0bbb57f6/tags HTTP/1.1" status: 200 len: 218 time: 0.0815706
2026-05-08 19:26:17.959 10 INFO neutron.wsgi [None req-18416a17-c23d-4fec-9602-4876f0644cba 772a82f9070549f1b6e4981a66e70fe5 81a802eede0b4ce69e6ad9f61e559f18 - - default default] 10.0.0.69 "POST /v2.0/floatingips HTTP/1.1" status: 201 len: 751 time: 0.6290312
2026-05-08 19:26:17.996 10 INFO neutron.wsgi [None req-84858b58-68ea-45e9-b253-86030f03bae0 bcbbf89663cc45eab06a1041efaec2f0 655d70cb99d7435d928248bc63f2eeea - - default default] 10.0.0.69 "PUT /v2.0/ports/29bba944-36d1-4e5e-9438-a79660e91118/tags HTTP/1.1" status: 200 len: 227 time: 0.0504391
2026-05-08 19:26:18.029 9 INFO neutron.wsgi [None req-cd1edb89-f717-4c84-aafa-51b960ab5c84 772a82f9070549f1b6e4981a66e70fe5 81a802eede0b4ce69e6ad9f61e559f18 - - default default] 10.0.0.69 "PUT /v2.0/floatingips/1963c75c-a781-4964-93f1-29c7467828ff/tags HTTP/1.1" status: 200 len: 210 time: 0.0634246
2026-05-08 19:26:18.089 10 INFO neutron.wsgi [None req-c09972ed-0025-4c99-a0f3-90daacfe5918 772a82f9070549f1b6e4981a66e70fe5 81a802eede0b4ce69e6ad9f61e559f18 - - default default] 10.0.0.69 "PUT /v2.0/floatingips/5e8e0802-a683-4dbf-8ec5-b849c1256f4e/tags HTTP/1.1" status: 200 len: 218 time: 0.0545132
2026-05-08 19:26:18.105 10 INFO neutron.wsgi [None req-41df3a49-3d4b-462c-aae4-4b93d2f4ea91 bcbbf89663cc45eab06a1041efaec2f0 655d70cb99d7435d928248bc63f2eeea - - default default] 10.0.0.69 "PUT /v2.0/ports/89228f8b-5022-4429-90db-4940f3dc34c7/tags HTTP/1.1" status: 200 len: 212 time: 0.0988345
2026-05-08 19:26:18.181 10 INFO neutron.wsgi [None req-c8722528-dc6e-4e45-ac4e-e9be52f91fe3 772a82f9070549f1b6e4981a66e70fe5 81a802eede0b4ce69e6ad9f61e559f18 - - default default] 10.0.0.69 "PUT /v2.0/floatingips/a9c2c1ec-2d34-458f-a7fa-59f5ade99414/tags HTTP/1.1" status: 200 len: 227 time: 0.0856705
2026-05-08 19:26:18.250 9 INFO neutron.wsgi [None req-3757a826-e5bf-48a9-b193-15d3ea372650 772a82f9070549f1b6e4981a66e70fe5 81a802eede0b4ce69e6ad9f61e559f18 - - default default] 10.0.0.69 "PUT /v2.0/floatingips/0badc147-1af7-477f-8e8f-3709f838bfaf/tags HTTP/1.1" status: 200 len: 212 time: 0.0614758
2026-05-08 19:26:18.296 9 INFO neutron.wsgi [None req-484a86b4-4e6e-46b7-9866-321669b98b42 772a82f9070549f1b6e4981a66e70fe5 81a802eede0b4ce69e6ad9f61e559f18 - - default default] 10.0.0.69 "GET /v2.0/floatingips?tags=red HTTP/1.1" status: 200 len: 1866 time: 0.0414553
2026-05-08 19:26:18.338 9 INFO neutron.services.segments.plugin [-] Segment 599861f7-021c-4011-9207-35bffa5dca22 resource provider aggregate not found
2026-05-08 19:26:18.343 9 INFO neutron.services.segments.plugin [-] Segment 599861f7-021c-4011-9207-35bffa5dca22 resource provider aggregate not found
2026-05-08 19:26:18.358 10 INFO neutron.wsgi [None req-957be1eb-b4ae-48d9-b825-343eda481575 bcbbf89663cc45eab06a1041efaec2f0 655d70cb99d7435d928248bc63f2eeea - - default default] 10.0.0.69 "GET /v2.0/ports?tags=red HTTP/1.1" status: 200 len: 2448 time: 0.2421114
2026-05-08 19:26:18.367 10 INFO neutron.wsgi [None req-de3bd7c2-6c5d-4e05-82fc-c7856298daff 772a82f9070549f1b6e4981a66e70fe5 81a802eede0b4ce69e6ad9f61e559f18 - - default default] 10.0.0.69 "GET /v2.0/floatingips?tags=red%2Cblue HTTP/1.1" status: 200 len: 1323 time: 0.0652397
2026-05-08 19:26:18.368 9 INFO neutron.services.segments.plugin [-] Segment 599861f7-021c-4011-9207-35bffa5dca22 resource provider not found; error: Placement Client Error (4xx): {"errors": [{"status": 404, "title": "Not Found", "detail": "The resource could not be found.\n\n No resource provider with uuid 599861f7-021c-4011-9207-35bffa5dca22 found for delete ", "request_id": "req-195d7a17-e880-4ada-969d-d13231c9dd41"}]}
2026-05-08 19:26:18.388 9 INFO neutron.services.segments.plugin [-] Segment 599861f7-021c-4011-9207-35bffa5dca22 resource provider not found; error: Placement Client Error (4xx): {"errors": [{"status": 404, "title": "Not Found", "detail": "The resource could not be found.\n\n No resource provider with uuid 599861f7-021c-4011-9207-35bffa5dca22 found for delete ", "request_id": "req-d707b474-3d12-472a-9bbe-83dd73b1291e"}]}
2026-05-08 19:26:18.411 9 INFO neutron.wsgi [None req-f8843256-faac-4317-a7be-43c8b7375e42 63f49411219d41b69e58672967185e9e 4d0ebd7270a149daa9ffa6b055db3c4f - - default default] 10.0.0.69 "DELETE /v2.0/networks/908f45e1-b0ce-43b4-af7e-14c6ed324c87 HTTP/1.1" status: 204 len: 168 time: 0.7442977
2026-05-08 19:26:18.421 10 INFO neutron.wsgi [None req-ca2f9d5a-d918-40ce-8f4a-874bd22caffa 772a82f9070549f1b6e4981a66e70fe5 81a802eede0b4ce69e6ad9f61e559f18 - - default default] 10.0.0.69 "GET /v2.0/floatingips?tags-any=blue HTTP/1.1" status: 200 len: 1323 time: 0.0466490
2026-05-08 19:26:18.441 9 INFO neutron.pecan_wsgi.hooks.translation [None req-3eaea94e-416d-4823-aec4-cad5305a36eb 63f49411219d41b69e58672967185e9e 4d0ebd7270a149daa9ffa6b055db3c4f - - default default] DELETE failed (client error): The resource could not be found.
2026-05-08 19:26:18.443 9 INFO neutron.wsgi [None req-3eaea94e-416d-4823-aec4-cad5305a36eb 63f49411219d41b69e58672967185e9e 4d0ebd7270a149daa9ffa6b055db3c4f - - default default] 10.0.0.69 "DELETE /v2.0/subnets/39727b01-fcde-41aa-a2c5-7baa56af6a11 HTTP/1.1" status: 404 len: 337 time: 0.0232997
2026-05-08 19:26:18.459 10 INFO neutron.wsgi [None req-2dff6b5a-8f3d-48cf-9853-77834c1cee27 772a82f9070549f1b6e4981a66e70fe5 81a802eede0b4ce69e6ad9f61e559f18 - - default default] 10.0.0.69 "GET /v2.0/floatingips?tags-any=red%2Cblue HTTP/1.1" status: 200 len: 1866 time: 0.0336890
2026-05-08 19:26:18.470 9 INFO neutron.pecan_wsgi.hooks.translation [None req-bea14fea-025c-4b4b-93c6-3e88e3138845 63f49411219d41b69e58672967185e9e 4d0ebd7270a149daa9ffa6b055db3c4f - - default default] DELETE failed (client error): The resource could not be found.
2026-05-08 19:26:18.473 9 INFO neutron.wsgi [None req-bea14fea-025c-4b4b-93c6-3e88e3138845 63f49411219d41b69e58672967185e9e 4d0ebd7270a149daa9ffa6b055db3c4f - - default default] 10.0.0.69 "DELETE /v2.0/subnets/14e5aa53-3bac-4aae-961b-4a8630272ed9 HTTP/1.1" status: 404 len: 337 time: 0.0234478
2026-05-08 19:26:18.517 10 INFO neutron.pecan_wsgi.hooks.translation [None req-6ead7f14-8ea1-4f58-88f5-8b46cb2f885e 63f49411219d41b69e58672967185e9e 4d0ebd7270a149daa9ffa6b055db3c4f - - default default] DELETE failed (client error): The resource could not be found.
2026-05-08 19:26:18.520 10 INFO neutron.wsgi [None req-6ead7f14-8ea1-4f58-88f5-8b46cb2f885e 63f49411219d41b69e58672967185e9e 4d0ebd7270a149daa9ffa6b055db3c4f - - default default] 10.0.0.69 "DELETE /v2.0/subnets/858cfb2b-106f-46e4-b485-f1e32b637c6e HTTP/1.1" status: 404 len: 337 time: 0.0390527
2026-05-08 19:26:18.523 10 INFO neutron.wsgi [None req-9049e7bd-2c16-472f-b6a1-cf242a95482d 772a82f9070549f1b6e4981a66e70fe5 81a802eede0b4ce69e6ad9f61e559f18 - - default default] 10.0.0.69 "GET /v2.0/floatingips?not-tags=red HTTP/1.1" status: 200 len: 1295 time: 0.0590513
2026-05-08 19:26:18.573 9 INFO neutron.wsgi [None req-c6db22ba-9543-44de-98fe-a9a2212e60e0 bcbbf89663cc45eab06a1041efaec2f0 655d70cb99d7435d928248bc63f2eeea - - default default] 10.0.0.69 "GET /v2.0/ports?tags=red%2Cblue HTTP/1.1" status: 200 len: 1708 time: 0.2066889
2026-05-08 19:26:18.576 9 INFO neutron.wsgi [None req-178bec22-3026-4943-a497-8f26088e9d1e 772a82f9070549f1b6e4981a66e70fe5 81a802eede0b4ce69e6ad9f61e559f18 - - default default] 10.0.0.69 "GET /v2.0/floatingips?not-tags=red%2Cblue HTTP/1.1" status: 200 len: 1838 time: 0.0484629
2026-05-08 19:26:18.882 9 INFO neutron.wsgi [None req-9040847e-abf6-48de-bde3-bc5f535a92a4 772a82f9070549f1b6e4981a66e70fe5 81a802eede0b4ce69e6ad9f61e559f18 - - default default] 10.0.0.69 "GET /v2.0/floatingips?not-tags-any=blue HTTP/1.1" status: 200 len: 1838 time: 0.3012564
2026-05-08 19:26:18.899 9 INFO neutron.wsgi [None req-a8c7d21b-0605-42af-a5d4-43df6d6a19fb bcbbf89663cc45eab06a1041efaec2f0 655d70cb99d7435d928248bc63f2eeea - - default default] 10.0.0.69 "GET /v2.0/ports?tags-any=blue HTTP/1.1" status: 200 len: 1708 time: 0.3187802
2026-05-08 19:26:18.919 9 INFO neutron.wsgi [None req-235761ad-baa7-4c5e-9ec5-5c29e1d95615 772a82f9070549f1b6e4981a66e70fe5 81a802eede0b4ce69e6ad9f61e559f18 - - default default] 10.0.0.69 "GET /v2.0/floatingips?not-tags-any=red%2Cblue HTTP/1.1" status: 200 len: 1295 time: 0.0318897
2026-05-08 19:26:18.972 10 INFO neutron.wsgi [None req-15569b7a-9e76-48fb-ad29-8ecf172a918d bcbbf89663cc45eab06a1041efaec2f0 655d70cb99d7435d928248bc63f2eeea - - default default] 10.0.0.69 "GET /v2.0/ports?tags-any=red%2Cblue HTTP/1.1" status: 200 len: 2448 time: 0.0682898
2026-05-08 19:26:19.153 10 INFO neutron.wsgi [None req-8fe774df-30ec-4e85-ac55-db91b7235bd7 bcbbf89663cc45eab06a1041efaec2f0 655d70cb99d7435d928248bc63f2eeea - - default default] 10.0.0.69 "GET /v2.0/ports?not-tags=red HTTP/1.1" status: 200 len: 5463 time: 0.1771097
2026-05-08 19:26:19.264 10 INFO neutron.wsgi [None req-5179c216-7fe8-46c4-ac10-b046b205439c bcbbf89663cc45eab06a1041efaec2f0 655d70cb99d7435d928248bc63f2eeea - - default default] 10.0.0.69 "GET /v2.0/ports?not-tags=red%2Cblue HTTP/1.1" status: 200 len: 6203 time: 0.1072385
2026-05-08 19:26:19.310 9 INFO neutron.wsgi [None req-5b43d3ca-6f06-4647-b72e-d836ca2c00ed 772a82f9070549f1b6e4981a66e70fe5 81a802eede0b4ce69e6ad9f61e559f18 - - default default] 10.0.0.69 "DELETE /v2.0/floatingips/1963c75c-a781-4964-93f1-29c7467828ff HTTP/1.1" status: 204 len: 168 time: 0.3845513
2026-05-08 19:26:19.378 10 INFO neutron.wsgi [None req-524da839-6b35-49d5-a08e-920543593753 bcbbf89663cc45eab06a1041efaec2f0 655d70cb99d7435d928248bc63f2eeea - - default default] 10.0.0.69 "GET /v2.0/ports?not-tags-any=blue HTTP/1.1" status: 200 len: 6203 time: 0.1061127
2026-05-08 19:26:19.444 10 INFO neutron.wsgi [None req-c51f3e41-1aa8-48ea-aa07-d0ab7bcaffca bcbbf89663cc45eab06a1041efaec2f0 655d70cb99d7435d928248bc63f2eeea - - default default] 10.0.0.69 "GET /v2.0/ports?not-tags-any=red%2Cblue HTTP/1.1" status: 200 len: 5463 time: 0.0608690
2026-05-08 19:26:19.703 9 INFO neutron.wsgi [None req-bee3c936-7a0a-49bd-9adf-de170da57536 772a82f9070549f1b6e4981a66e70fe5 81a802eede0b4ce69e6ad9f61e559f18 - - default default] 10.0.0.69 "DELETE /v2.0/floatingips/5e8e0802-a683-4dbf-8ec5-b849c1256f4e HTTP/1.1" status: 204 len: 168 time: 0.3910048
2026-05-08 19:26:19.704 9 INFO neutron.db.ovn_revision_numbers_db [None req-0fcebc2e-d498-4c73-a0af-cec488ac36da 0cfdd5e9b9b4447c819ccfa7d0cbcdb8 a9b4695f1c1745aca58d0d56f149f5b2 - - default default] Successfully bumped revision number for resource 6cb4a7fb-a2d4-4f26-9270-dcc7b11c8531 (type: security_groups) to 1
2026-05-08 19:26:19.749 9 INFO neutron.db.ovn_revision_numbers_db [None req-0fcebc2e-d498-4c73-a0af-cec488ac36da 0cfdd5e9b9b4447c819ccfa7d0cbcdb8 a9b4695f1c1745aca58d0d56f149f5b2 - - default default] Successfully bumped revision number for resource 107e82ea-c662-4bce-a0c2-9c25d7a09808 (type: security_group_rules) to 0
2026-05-08 19:26:19.784 9 INFO neutron.db.ovn_revision_numbers_db [None req-0fcebc2e-d498-4c73-a0af-cec488ac36da 0cfdd5e9b9b4447c819ccfa7d0cbcdb8 a9b4695f1c1745aca58d0d56f149f5b2 - - default default] Successfully bumped revision number for resource 6337ea00-8e9e-4cc6-bf16-3ab34e0f1d55 (type: security_group_rules) to 0
2026-05-08 19:26:19.799 9 INFO neutron.db.ovn_revision_numbers_db [None req-0fcebc2e-d498-4c73-a0af-cec488ac36da 0cfdd5e9b9b4447c819ccfa7d0cbcdb8 a9b4695f1c1745aca58d0d56f149f5b2 - - default default] Successfully bumped revision number for resource 96614656-731b-44bc-aa02-b0db4e86b91d (type: security_group_rules) to 0
2026-05-08 19:26:19.817 9 INFO neutron.db.ovn_revision_numbers_db [None req-0fcebc2e-d498-4c73-a0af-cec488ac36da 0cfdd5e9b9b4447c819ccfa7d0cbcdb8 a9b4695f1c1745aca58d0d56f149f5b2 - - default default] Successfully bumped revision number for resource d60772c9-ca8a-461f-a04e-faa5a892c457 (type: security_group_rules) to 0
2026-05-08 19:26:19.844 9 INFO neutron.wsgi [None req-0fcebc2e-d498-4c73-a0af-cec488ac36da 0cfdd5e9b9b4447c819ccfa7d0cbcdb8 a9b4695f1c1745aca58d0d56f149f5b2 - - default default] 10.0.0.69 "GET /v2.0/security-groups?tenant_id=88b692f7c4f045f3bbd2861b6e7e579e&name=default HTTP/1.1" status: 200 len: 3120 time: 0.4770956
2026-05-08 19:26:19.962 10 INFO neutron.wsgi [None req-30e5447a-24b9-40bd-8954-7be3527a8497 bcbbf89663cc45eab06a1041efaec2f0 655d70cb99d7435d928248bc63f2eeea - - default default] 10.0.0.69 "DELETE /v2.0/ports/c9b022f0-4bff-4530-aa38-c4232a2e013e HTTP/1.1" status: 204 len: 168 time: 0.5123510
2026-05-08 19:26:20.142 9 INFO neutron.wsgi [None req-5e541b15-d769-473b-9f28-206efee97ba0 0cfdd5e9b9b4447c819ccfa7d0cbcdb8 a9b4695f1c1745aca58d0d56f149f5b2 - - default default] 10.0.0.69 "DELETE /v2.0/security-groups/6cb4a7fb-a2d4-4f26-9270-dcc7b11c8531 HTTP/1.1" status: 204 len: 168 time: 0.2914143
2026-05-08 19:26:20.146 9 INFO neutron.wsgi [None req-bca57c2c-1e51-4277-b2d2-f7460030b803 772a82f9070549f1b6e4981a66e70fe5 81a802eede0b4ce69e6ad9f61e559f18 - - default default] 10.0.0.69 "DELETE /v2.0/floatingips/a9c2c1ec-2d34-458f-a7fa-59f5ade99414 HTTP/1.1" status: 204 len: 168 time: 0.4381740
2026-05-08 19:26:20.255 10 INFO neutron.wsgi [None req-51afc2f3-9647-4d9c-9eef-229112c44276 bcbbf89663cc45eab06a1041efaec2f0 655d70cb99d7435d928248bc63f2eeea - - default default] 10.0.0.69 "DELETE /v2.0/ports/a7ad6668-e18d-422a-b65f-671d0bbb57f6 HTTP/1.1" status: 204 len: 168 time: 0.2882428
2026-05-08 19:26:20.449 10 INFO neutron.db.ovn_revision_numbers_db [None req-f4aafcd5-1748-4d11-b21c-193c5d66f96e 0cfdd5e9b9b4447c819ccfa7d0cbcdb8 a9b4695f1c1745aca58d0d56f149f5b2 - - default default] Successfully bumped revision number for resource ce7bbd7d-dccb-40b0-96d1-7b5e313f48e0 (type: security_groups) to 1
2026-05-08 19:26:20.470 10 INFO neutron.db.ovn_revision_numbers_db [None req-f4aafcd5-1748-4d11-b21c-193c5d66f96e 0cfdd5e9b9b4447c819ccfa7d0cbcdb8 a9b4695f1c1745aca58d0d56f149f5b2 - - default default] Successfully bumped revision number for resource 0f3a064a-e15f-4553-ba3b-3742e15da70e (type: security_group_rules) to 0
2026-05-08 19:26:20.490 10 INFO neutron.db.ovn_revision_numbers_db [None req-f4aafcd5-1748-4d11-b21c-193c5d66f96e 0cfdd5e9b9b4447c819ccfa7d0cbcdb8 a9b4695f1c1745aca58d0d56f149f5b2 - - default default] Successfully bumped revision number for resource 280a543d-7d90-468b-9d72-d7912ee5d65b (type: security_group_rules) to 0
2026-05-08 19:26:20.508 10 INFO neutron.db.ovn_revision_numbers_db [None req-f4aafcd5-1748-4d11-b21c-193c5d66f96e 0cfdd5e9b9b4447c819ccfa7d0cbcdb8 a9b4695f1c1745aca58d0d56f149f5b2 - - default default] Successfully bumped revision number for resource 8ec1823e-ef5a-4e38-a7e5-c12edf2fa250 (type: security_group_rules) to 0
2026-05-08 19:26:20.525 10 INFO neutron.db.ovn_revision_numbers_db [None req-f4aafcd5-1748-4d11-b21c-193c5d66f96e 0cfdd5e9b9b4447c819ccfa7d0cbcdb8 a9b4695f1c1745aca58d0d56f149f5b2 - - default default] Successfully bumped revision number for resource d324caf2-786b-46b6-b254-f11dc6c5c835 (type: security_group_rules) to 0
2026-05-08 19:26:20.551 9 INFO neutron.wsgi [None req-565b2e1a-b200-40fc-aa58-e07e184bc737 bcbbf89663cc45eab06a1041efaec2f0 655d70cb99d7435d928248bc63f2eeea - - default default] 10.0.0.69 "DELETE /v2.0/ports/29bba944-36d1-4e5e-9438-a79660e91118 HTTP/1.1" status: 204 len: 168 time: 0.2902176
2026-05-08 19:26:20.560 10 INFO neutron.wsgi [None req-fa7eb4ae-13de-400d-8faf-5c17f40826b8 772a82f9070549f1b6e4981a66e70fe5 81a802eede0b4ce69e6ad9f61e559f18 - - default default] 10.0.0.69 "DELETE /v2.0/floatingips/0badc147-1af7-477f-8e8f-3709f838bfaf HTTP/1.1" status: 204 len: 168 time: 0.4090605
2026-05-08 19:26:20.569 10 INFO neutron.wsgi [None req-f4aafcd5-1748-4d11-b21c-193c5d66f96e 0cfdd5e9b9b4447c819ccfa7d0cbcdb8 a9b4695f1c1745aca58d0d56f149f5b2 - - default default] 10.0.0.69 "GET /v2.0/security-groups?tenant_id=3b67efebc81841c2846f96438a42a13c&name=default HTTP/1.1" status: 200 len: 3120 time: 0.2783082
2026-05-08 19:26:20.612 9 WARNING neutron_lib.context [None req-9d56de2c-244d-443b-8456-f253e06a9c03 b0ee2ba3ce6b4a8882a49747f6f50a7b 0fb12539b25148759a9359dce8794b83 - - default default] Method 'is_advsvc' is deprecated since 2023.2 release (neutron-lib 3.8.0) and will be removed once support for the old RBAC API policies will be removed from Neutron. Please use method 'is_service_role' instead.
2026-05-08 19:26:20.812 9 INFO neutron.db.ovn_revision_numbers_db [None req-9d56de2c-244d-443b-8456-f253e06a9c03 b0ee2ba3ce6b4a8882a49747f6f50a7b 0fb12539b25148759a9359dce8794b83 - - default default] Successfully bumped revision number for resource 6a8060dd-cbd3-4a9a-829b-c5753ce5fe55 (type: security_groups) to 1
2026-05-08 19:26:20.827 9 INFO neutron.db.ovn_revision_numbers_db [None req-9d56de2c-244d-443b-8456-f253e06a9c03 b0ee2ba3ce6b4a8882a49747f6f50a7b 0fb12539b25148759a9359dce8794b83 - - default default] Successfully bumped revision number for resource 05d246f2-916e-4cbd-8899-05e76b637145 (type: security_group_rules) to 0
2026-05-08 19:26:20.849 9 INFO neutron.db.ovn_revision_numbers_db [None req-9d56de2c-244d-443b-8456-f253e06a9c03 b0ee2ba3ce6b4a8882a49747f6f50a7b 0fb12539b25148759a9359dce8794b83 - - default default] Successfully bumped revision number for resource 2a762661-f931-4282-81f3-f3edcd271dc7 (type: security_group_rules) to 0
2026-05-08 19:26:20.856 10 INFO neutron.wsgi [None req-1f059d2f-de84-4e71-9f3f-d9a7ca2dbc81 0cfdd5e9b9b4447c819ccfa7d0cbcdb8 a9b4695f1c1745aca58d0d56f149f5b2 - - default default] 10.0.0.69 "DELETE /v2.0/security-groups/ce7bbd7d-dccb-40b0-96d1-7b5e313f48e0 HTTP/1.1" status: 204 len: 168 time: 0.2804449
2026-05-08 19:26:20.876 9 INFO neutron.db.ovn_revision_numbers_db [None req-9d56de2c-244d-443b-8456-f253e06a9c03 b0ee2ba3ce6b4a8882a49747f6f50a7b 0fb12539b25148759a9359dce8794b83 - - default default] Successfully bumped revision number for resource 64883a98-bb74-4807-8fb8-b8fb1b6f1e1a (type: security_group_rules) to 0
2026-05-08 19:26:20.895 9 INFO neutron.db.ovn_revision_numbers_db [None req-9d56de2c-244d-443b-8456-f253e06a9c03 b0ee2ba3ce6b4a8882a49747f6f50a7b 0fb12539b25148759a9359dce8794b83 - - default default] Successfully bumped revision number for resource db0e9f9e-ce2c-4c5f-b682-6121645b8d98 (type: security_group_rules) to 0
2026-05-08 19:26:20.904 9 INFO neutron.wsgi [None req-09e4b4f5-f84d-4f23-ab68-3f68189cfe10 bcbbf89663cc45eab06a1041efaec2f0 655d70cb99d7435d928248bc63f2eeea - - default default] 10.0.0.69 "DELETE /v2.0/ports/89228f8b-5022-4429-90db-4940f3dc34c7 HTTP/1.1" status: 204 len: 168 time: 0.3430259
2026-05-08 19:26:20.946 10 INFO neutron.wsgi [None req-125e1408-6ba1-4fc5-85c9-1122ac53f51d 772a82f9070549f1b6e4981a66e70fe5 81a802eede0b4ce69e6ad9f61e559f18 - - default default] 10.0.0.69 "DELETE /v2.0/floatingips/c2ac4ff7-445b-40a5-90fd-2628a2fe940a HTTP/1.1" status: 204 len: 168 time: 0.3818455
2026-05-08 19:26:20.953 9 INFO neutron.db.segments_db [None req-9d56de2c-244d-443b-8456-f253e06a9c03 b0ee2ba3ce6b4a8882a49747f6f50a7b 0fb12539b25148759a9359dce8794b83 - - default default] Added segment 90af9504-0386-4b98-b768-61835cba7fb7 of type geneve for network d801b03a-c1fa-4326-861e-72d2e3dd518b
2026-05-08 19:26:21.063 10 INFO neutron.wsgi [None req-a2fe7306-6c2f-41f4-9f02-9701c04aeeb1 0cfdd5e9b9b4447c819ccfa7d0cbcdb8 a9b4695f1c1745aca58d0d56f149f5b2 - - default default] 10.0.0.69 "GET /v2.0/security-groups?tenant_id=4d0ebd7270a149daa9ffa6b055db3c4f&name=default HTTP/1.1" status: 200 len: 3120 time: 0.0555356
2026-05-08 19:26:21.120 9 INFO neutron.db.ovn_revision_numbers_db [None req-9d56de2c-244d-443b-8456-f253e06a9c03 b0ee2ba3ce6b4a8882a49747f6f50a7b 0fb12539b25148759a9359dce8794b83 - - default default] Successfully bumped revision number for resource d801b03a-c1fa-4326-861e-72d2e3dd518b (type: networks) to 1
2026-05-08 19:26:21.211 10 INFO neutron.wsgi [None req-fa169e3c-c732-43f4-8c7d-bf1fddbb6aa2 bcbbf89663cc45eab06a1041efaec2f0 655d70cb99d7435d928248bc63f2eeea - - default default] 10.0.0.69 "DELETE /v2.0/ports/b45732ac-4d4e-4feb-852e-d0b8d5c198f7 HTTP/1.1" status: 204 len: 168 time: 0.3003974
2026-05-08 19:26:21.319 9 WARNING neutron.scheduler.dhcp_agent_scheduler [None req-9d56de2c-244d-443b-8456-f253e06a9c03 b0ee2ba3ce6b4a8882a49747f6f50a7b 0fb12539b25148759a9359dce8794b83 - - default default] No more DHCP agents
2026-05-08 19:26:21.324 9 WARNING neutron.api.rpc.agentnotifiers.dhcp_rpc_agent_api [None req-9d56de2c-244d-443b-8456-f253e06a9c03 b0ee2ba3ce6b4a8882a49747f6f50a7b 0fb12539b25148759a9359dce8794b83 - - default default] Unable to schedule network d801b03a-c1fa-4326-861e-72d2e3dd518b: no agents available; will retry on subsequent port and subnet creation events.
2026-05-08 19:26:21.357 10 INFO neutron.wsgi [None req-1ea67b5d-3e9f-41f7-bb1a-96718a2e2afa 0cfdd5e9b9b4447c819ccfa7d0cbcdb8 a9b4695f1c1745aca58d0d56f149f5b2 - - default default] 10.0.0.69 "DELETE /v2.0/security-groups/fbf423c7-6d5e-41cc-95c2-133f312c2a13 HTTP/1.1" status: 204 len: 168 time: 0.2884893
2026-05-08 19:26:21.416 9 INFO neutron.db.ovn_revision_numbers_db [None req-9d56de2c-244d-443b-8456-f253e06a9c03 b0ee2ba3ce6b4a8882a49747f6f50a7b 0fb12539b25148759a9359dce8794b83 - - default default] Successfully bumped revision number for resource da993517-8a53-4617-a410-d1ab2572f0c7 (type: ports) to 1
2026-05-08 19:26:21.435 9 INFO neutron.wsgi [None req-9d56de2c-244d-443b-8456-f253e06a9c03 b0ee2ba3ce6b4a8882a49747f6f50a7b 0fb12539b25148759a9359dce8794b83 - - default default] 10.0.0.69 "POST /v2.0/networks HTTP/1.1" status: 201 len: 832 time: 1.0644159
2026-05-08 19:26:21.448 9 WARNING neutron_lib.context [None req-999a1741-f403-443f-a4f3-e485855b2032 b0ee2ba3ce6b4a8882a49747f6f50a7b 0fb12539b25148759a9359dce8794b83 - - default default] Method 'is_advsvc' is deprecated since 2023.2 release (neutron-lib 3.8.0) and will be removed once support for the old RBAC API policies will be removed from Neutron. Please use method 'is_service_role' instead.
2026-05-08 19:26:21.606 10 INFO neutron.services.segments.plugin [-] Segment 668e2219-6fe3-49d1-a00a-c9f986eba7cd resource provider aggregate not found
2026-05-08 19:26:21.610 10 INFO neutron.services.segments.plugin [-] Segment 668e2219-6fe3-49d1-a00a-c9f986eba7cd resource provider aggregate not found
2026-05-08 19:26:21.624 10 INFO neutron.services.segments.plugin [-] Segment 668e2219-6fe3-49d1-a00a-c9f986eba7cd resource provider not found; error: Placement Client Error (4xx): {"errors": [{"status": 404, "title": "Not Found", "detail": "The resource could not be found.\n\n No resource provider with uuid 668e2219-6fe3-49d1-a00a-c9f986eba7cd found for delete ", "request_id": "req-3be88cbc-02ee-4871-a8fb-29fe41a3e5a8"}]}
2026-05-08 19:26:21.625 10 INFO neutron.services.segments.plugin [-] Segment 668e2219-6fe3-49d1-a00a-c9f986eba7cd resource provider not found; error: Placement Client Error (4xx): {"errors": [{"status": 404, "title": "Not Found", "detail": "The resource could not be found.\n\n No resource provider with uuid 668e2219-6fe3-49d1-a00a-c9f986eba7cd found for delete ", "request_id": "req-91d19be5-59f4-4e91-bd43-dcb66b10c948"}]}
2026-05-08 19:26:21.655 10 INFO neutron.wsgi [None req-630f8cde-50d2-43da-9176-ed9d8460a21f bcbbf89663cc45eab06a1041efaec2f0 655d70cb99d7435d928248bc63f2eeea - - default default] 10.0.0.69 "DELETE /v2.0/networks/21a0eb7c-26ea-4cd2-82ce-d93b754c340a HTTP/1.1" status: 204 len: 168 time: 0.4406257
2026-05-08 19:26:22.111 9 WARNING neutron.scheduler.dhcp_agent_scheduler [None req-999a1741-f403-443f-a4f3-e485855b2032 b0ee2ba3ce6b4a8882a49747f6f50a7b 0fb12539b25148759a9359dce8794b83 - - default default] No more DHCP agents
2026-05-08 19:26:22.116 10 INFO neutron.db.ovn_revision_numbers_db [None req-7d771b4e-6d84-47c6-a89f-46fce5bbd113 0cfdd5e9b9b4447c819ccfa7d0cbcdb8 a9b4695f1c1745aca58d0d56f149f5b2 - - default default] Successfully bumped revision number for resource 23fda344-e5d6-42eb-8d15-72b7866ec117 (type: security_groups) to 1
2026-05-08 19:26:22.124 9 WARNING neutron.api.rpc.agentnotifiers.dhcp_rpc_agent_api [None req-999a1741-f403-443f-a4f3-e485855b2032 b0ee2ba3ce6b4a8882a49747f6f50a7b 0fb12539b25148759a9359dce8794b83 - - default default] Unable to schedule network 676c8e7a-402f-40b1-aef0-b49cd55bbf98: no agents available; will retry on subsequent port and subnet creation events.
2026-05-08 19:26:22.131 10 INFO neutron.db.ovn_revision_numbers_db [None req-7d771b4e-6d84-47c6-a89f-46fce5bbd113 0cfdd5e9b9b4447c819ccfa7d0cbcdb8 a9b4695f1c1745aca58d0d56f149f5b2 - - default default] Successfully bumped revision number for resource 1d4d1780-86d8-4699-b018-be68a621e45d (type: security_group_rules) to 0
2026-05-08 19:26:22.144 10 INFO neutron.db.ovn_revision_numbers_db [None req-7d771b4e-6d84-47c6-a89f-46fce5bbd113 0cfdd5e9b9b4447c819ccfa7d0cbcdb8 a9b4695f1c1745aca58d0d56f149f5b2 - - default default] Successfully bumped revision number for resource 95561861-84e3-44ea-8f1b-1271e470ada0 (type: security_group_rules) to 0
2026-05-08 19:26:22.157 10 INFO neutron.db.ovn_revision_numbers_db [None req-7d771b4e-6d84-47c6-a89f-46fce5bbd113 0cfdd5e9b9b4447c819ccfa7d0cbcdb8 a9b4695f1c1745aca58d0d56f149f5b2 - - default default] Successfully bumped revision number for resource e6ce895a-d194-40f0-b8b0-365e05cb8975 (type: security_group_rules) to 0
2026-05-08 19:26:22.169 10 INFO neutron.db.ovn_revision_numbers_db [None req-7d771b4e-6d84-47c6-a89f-46fce5bbd113 0cfdd5e9b9b4447c819ccfa7d0cbcdb8 a9b4695f1c1745aca58d0d56f149f5b2 - - default default] Successfully bumped revision number for resource f3364307-4c6e-4782-8df3-d8892ec9e302 (type: security_group_rules) to 0
2026-05-08 19:26:22.195 10 INFO neutron.wsgi [None req-7d771b4e-6d84-47c6-a89f-46fce5bbd113 0cfdd5e9b9b4447c819ccfa7d0cbcdb8 a9b4695f1c1745aca58d0d56f149f5b2 - - default default] 10.0.0.69 "GET /v2.0/security-groups?tenant_id=41d036707fc54962be17be7ea7197c7e&name=default HTTP/1.1" status: 200 len: 3120 time: 0.4306898
2026-05-08 19:26:22.225 9 INFO neutron.services.segments.plugin [-] Segment 577e8a79-332e-484f-8ff0-bf7a19e56f14 resource provider aggregate not found
2026-05-08 19:26:22.230 9 INFO neutron.services.segments.plugin [-] Segment 577e8a79-332e-484f-8ff0-bf7a19e56f14 resource provider aggregate not found
2026-05-08 19:26:22.244 9 INFO neutron.services.segments.plugin [-] Segment 577e8a79-332e-484f-8ff0-bf7a19e56f14 resource provider not found; error: Placement Client Error (4xx): {"errors": [{"status": 404, "title": "Not Found", "detail": "The resource could not be found.\n\n No resource provider with uuid 577e8a79-332e-484f-8ff0-bf7a19e56f14 found for delete ", "request_id": "req-c96bbd64-d02c-4efc-9836-6bebb84b1e85"}]}
2026-05-08 19:26:22.257 9 INFO neutron.services.segments.plugin [-] Segment 577e8a79-332e-484f-8ff0-bf7a19e56f14 resource provider not found; error: Placement Client Error (4xx): {"errors": [{"status": 404, "title": "Not Found", "detail": "The resource could not be found.\n\n No resource provider with uuid 577e8a79-332e-484f-8ff0-bf7a19e56f14 found for delete ", "request_id": "req-40842e40-df94-4a2c-9aec-cf0d55445cc2"}]}
2026-05-08 19:26:22.272 9 INFO neutron.wsgi [None req-6d1c2d46-3493-4f88-b91d-c48b15280f68 bcbbf89663cc45eab06a1041efaec2f0 655d70cb99d7435d928248bc63f2eeea - - default default] 10.0.0.69 "DELETE /v2.0/networks/cebeddcd-801d-4cf5-8659-e0e2f1fff188 HTTP/1.1" status: 204 len: 168 time: 0.6100748
2026-05-08 19:26:22.348 9 INFO neutron.db.ovn_revision_numbers_db [None req-999a1741-f403-443f-a4f3-e485855b2032 b0ee2ba3ce6b4a8882a49747f6f50a7b 0fb12539b25148759a9359dce8794b83 - - default default] Successfully bumped revision number for resource 5245d261-7fc8-44f5-ad8a-56666874a71a (type: ports) to 1
2026-05-08 19:26:22.495 10 INFO neutron.wsgi [None req-3ee59e07-0d91-4b1e-bb68-491dbed5f971 0cfdd5e9b9b4447c819ccfa7d0cbcdb8 a9b4695f1c1745aca58d0d56f149f5b2 - - default default] 10.0.0.69 "DELETE /v2.0/security-groups/23fda344-e5d6-42eb-8d15-72b7866ec117 HTTP/1.1" status: 204 len: 168 time: 0.2958462
2026-05-08 19:26:22.721 10 INFO neutron.wsgi [None req-e415881e-06d1-49a8-a1f4-a281eb5bfe86 bcbbf89663cc45eab06a1041efaec2f0 655d70cb99d7435d928248bc63f2eeea - - default default] 10.0.0.69 "DELETE /v2.0/networks/47869b38-5ff6-4455-82a5-0363f0d75cef HTTP/1.1" status: 204 len: 168 time: 0.4393795
2026-05-08 19:26:22.849 10 INFO neutron.db.ovn_revision_numbers_db [None req-e338f0c5-a242-4e85-be2c-07f2c23f724f 0cfdd5e9b9b4447c819ccfa7d0cbcdb8 a9b4695f1c1745aca58d0d56f149f5b2 - - default default] Successfully bumped revision number for resource 8410cb48-4f27-4622-bfc8-01c882a139b6 (type: security_groups) to 1
2026-05-08 19:26:22.867 10 INFO neutron.db.ovn_revision_numbers_db [None req-e338f0c5-a242-4e85-be2c-07f2c23f724f 0cfdd5e9b9b4447c819ccfa7d0cbcdb8 a9b4695f1c1745aca58d0d56f149f5b2 - - default default] Successfully bumped revision number for resource 5a48f0fd-2465-4637-9962-e8e7e5d3c5d3 (type: security_group_rules) to 0
2026-05-08 19:26:22.895 10 INFO neutron.db.ovn_revision_numbers_db [None req-e338f0c5-a242-4e85-be2c-07f2c23f724f 0cfdd5e9b9b4447c819ccfa7d0cbcdb8 a9b4695f1c1745aca58d0d56f149f5b2 - - default default] Successfully bumped revision number for resource 7edacbe1-9af4-4041-97d0-8d918dac77f6 (type: security_group_rules) to 0
2026-05-08 19:26:22.913 10 INFO neutron.db.ovn_revision_numbers_db [None req-e338f0c5-a242-4e85-be2c-07f2c23f724f 0cfdd5e9b9b4447c819ccfa7d0cbcdb8 a9b4695f1c1745aca58d0d56f149f5b2 - - default default] Successfully bumped revision number for resource e3a15baf-6b55-4d98-b1e3-13d2507f5a32 (type: security_group_rules) to 0
2026-05-08 19:26:22.945 10 INFO neutron.db.ovn_revision_numbers_db [None req-e338f0c5-a242-4e85-be2c-07f2c23f724f 0cfdd5e9b9b4447c819ccfa7d0cbcdb8 a9b4695f1c1745aca58d0d56f149f5b2 - - default default] Successfully bumped revision number for resource f0ebf812-7868-4752-a420-b1570c4ccd34 (type: security_group_rules) to 0
2026-05-08 19:26:22.973 10 INFO neutron.wsgi [None req-e338f0c5-a242-4e85-be2c-07f2c23f724f 0cfdd5e9b9b4447c819ccfa7d0cbcdb8 a9b4695f1c1745aca58d0d56f149f5b2 - - default default] 10.0.0.69 "GET /v2.0/security-groups?tenant_id=81a802eede0b4ce69e6ad9f61e559f18&name=default HTTP/1.1" status: 200 len: 3120 time: 0.3238332
2026-05-08 19:26:23.223 10 INFO neutron.wsgi [None req-7d509c90-5f83-43da-9294-406196afa78d bcbbf89663cc45eab06a1041efaec2f0 655d70cb99d7435d928248bc63f2eeea - - default default] 10.0.0.69 "DELETE /v2.0/networks/ad47484d-4123-46ea-b758-e3ffddadd1e5 HTTP/1.1" status: 204 len: 168 time: 0.4940138
2026-05-08 19:26:23.297 10 INFO neutron.wsgi [None req-d4f4484b-f4aa-4d94-afaf-a6bdb30dbeca 0cfdd5e9b9b4447c819ccfa7d0cbcdb8 a9b4695f1c1745aca58d0d56f149f5b2 - - default default] 10.0.0.69 "DELETE /v2.0/security-groups/8410cb48-4f27-4622-bfc8-01c882a139b6 HTTP/1.1" status: 204 len: 168 time: 0.3176031
2026-05-08 19:26:23.341 9 INFO neutron.plugins.ml2.drivers.ovn.mech_driver.ovsdb.commands [None req-176501fd-544d-43ca-9152-ee3e8abd1cfd - - - - - -] Schedule LRP lrp-5245d261-7fc8-44f5-ad8a-56666874a71a on gateway 7d983663-5ce5-4903-8622-dd209bdf2bf7 with priority 1
2026-05-08 19:26:23.403 9 INFO neutron.db.ovn_revision_numbers_db [None req-999a1741-f403-443f-a4f3-e485855b2032 b0ee2ba3ce6b4a8882a49747f6f50a7b 0fb12539b25148759a9359dce8794b83 - - default default] Successfully bumped revision number for resource 5245d261-7fc8-44f5-ad8a-56666874a71a (type: router_ports) to 1
2026-05-08 19:26:23.409 10 INFO neutron.plugins.ml2.drivers.ovn.mech_driver.ovsdb.ovsdb_monitor [None req-e9ceb784-acb1-4adb-bf32-035827b5eed5 - - - - - -] Router b21f2665-99cb-423b-88e6-9310256f851b is bound to host instance
2026-05-08 19:26:23.437 10 INFO neutron.plugins.ml2.drivers.ovn.mech_driver.mech_driver [None req-4f93f530-b8bd-4195-ad50-a2accf5859f6 - - - - - -] OVN reports status up for port: 5245d261-7fc8-44f5-ad8a-56666874a71a
2026-05-08 19:26:23.464 10 INFO neutron.plugins.ml2.plugin [None req-4f93f530-b8bd-4195-ad50-a2accf5859f6 - - - - - -] Attempt 1 to provision port 5245d261-7fc8-44f5-ad8a-56666874a71a
2026-05-08 19:26:23.484 9 INFO neutron.db.ovn_revision_numbers_db [None req-999a1741-f403-443f-a4f3-e485855b2032 b0ee2ba3ce6b4a8882a49747f6f50a7b 0fb12539b25148759a9359dce8794b83 - - default default] Successfully bumped revision number for resource b21f2665-99cb-423b-88e6-9310256f851b (type: routers) to 2
2026-05-08 19:26:23.502 9 INFO neutron.wsgi [None req-999a1741-f403-443f-a4f3-e485855b2032 b0ee2ba3ce6b4a8882a49747f6f50a7b 0fb12539b25148759a9359dce8794b83 - - default default] 10.0.0.69 "POST /v2.0/routers HTTP/1.1" status: 201 len: 1154 time: 2.0594347
2026-05-08 19:26:23.696 10 INFO neutron.services.segments.plugin [-] Segment 495a945c-1c24-4bcd-b367-361775c8ff2c resource provider aggregate not found
2026-05-08 19:26:23.702 10 INFO neutron.services.segments.plugin [-] Segment 495a945c-1c24-4bcd-b367-361775c8ff2c resource provider aggregate not found
2026-05-08 19:26:23.723 10 INFO neutron.services.segments.plugin [-] Segment 495a945c-1c24-4bcd-b367-361775c8ff2c resource provider not found; error: Placement Client Error (4xx): {"errors": [{"status": 404, "title": "Not Found", "detail": "The resource could not be found.\n\n No resource provider with uuid 495a945c-1c24-4bcd-b367-361775c8ff2c found for delete ", "request_id": "req-99993dd9-ec25-4135-88bd-e540b357e3de"}]}
2026-05-08 19:26:23.727 10 INFO neutron.services.segments.plugin [-] Segment 495a945c-1c24-4bcd-b367-361775c8ff2c resource provider not found; error: Placement Client Error (4xx): {"errors": [{"status": 404, "title": "Not Found", "detail": "The resource could not be found.\n\n No resource provider with uuid 495a945c-1c24-4bcd-b367-361775c8ff2c found for delete ", "request_id": "req-193766be-f924-491d-a62c-6ec69d72ad89"}]}
2026-05-08 19:26:23.745 10 INFO neutron.services.segments.plugin [-] Segment a55827d8-c065-4f2e-a952-ff609a224ef7 resource provider aggregate not found
2026-05-08 19:26:23.754 10 INFO neutron.services.segments.plugin [-] Segment a55827d8-c065-4f2e-a952-ff609a224ef7 resource provider aggregate not found
2026-05-08 19:26:23.774 10 INFO neutron.services.segments.plugin [-] Segment a55827d8-c065-4f2e-a952-ff609a224ef7 resource provider not found; error: Placement Client Error (4xx): {"errors": [{"status": 404, "title": "Not Found", "detail": "The resource could not be found.\n\n No resource provider with uuid a55827d8-c065-4f2e-a952-ff609a224ef7 found for delete ", "request_id": "req-a19136dd-9dcb-41fb-8580-e595a1935af4"}]}
2026-05-08 19:26:23.778 9 INFO neutron.wsgi [None req-1f955afe-28fd-4f7a-901c-0d03f8de5ec2 486d9cfc263245498b477085c49a9a5b dc0ebe82a3f7455bb512f5b1771f6dd6 - - default default] 10.0.0.69 "GET /v2.0/subnets?project_id=0fb12539b25148759a9359dce8794b83&cidr=10.100.0.0%2F28 HTTP/1.1" status: 200 len: 207 time: 0.2699978
2026-05-08 19:26:23.789 10 INFO neutron.services.segments.plugin [-] Segment a55827d8-c065-4f2e-a952-ff609a224ef7 resource provider not found; error: Placement Client Error (4xx): {"errors": [{"status": 404, "title": "Not Found", "detail": "The resource could not be found.\n\n No resource provider with uuid a55827d8-c065-4f2e-a952-ff609a224ef7 found for delete ", "request_id": "req-32101150-e438-4620-81ba-b97338f31443"}]}
2026-05-08 19:26:23.939 9 INFO neutron.wsgi [None req-465268f0-d1f0-4930-983d-6cad0ed0faae 486d9cfc263245498b477085c49a9a5b dc0ebe82a3f7455bb512f5b1771f6dd6 - - default default] 10.0.0.69 "GET /v2.0/networks?router%3Aexternal=True HTTP/1.1" status: 200 len: 947 time: 0.1561108
2026-05-08 19:26:23.985 9 INFO neutron.wsgi [None req-4b4ff9aa-8b0b-4ffd-b2fd-fa6c942e7ed9 486d9cfc263245498b477085c49a9a5b dc0ebe82a3f7455bb512f5b1771f6dd6 - - default default] 10.0.0.69 "GET /v2.0/subnets?network_id=676c8e7a-402f-40b1-aef0-b49cd55bbf98&cidr=10.100.0.0%2F28 HTTP/1.1" status: 200 len: 207 time: 0.0414808
2026-05-08 19:26:23.995 9 WARNING neutron_lib.context [None req-0f270a19-c694-4443-87ea-f656ede89e39 b0ee2ba3ce6b4a8882a49747f6f50a7b 0fb12539b25148759a9359dce8794b83 - - default default] Method 'is_advsvc' is deprecated since 2023.2 release (neutron-lib 3.8.0) and will be removed once support for the old RBAC API policies will be removed from Neutron. Please use method 'is_service_role' instead.
2026-05-08 19:26:24.004 10 INFO neutron.db.ovn_revision_numbers_db [None req-0da1d0af-288a-4553-a56b-58993febbd30 0cfdd5e9b9b4447c819ccfa7d0cbcdb8 a9b4695f1c1745aca58d0d56f149f5b2 - - default default] Successfully bumped revision number for resource d9eaa2c1-ae7a-4ee9-bc8e-7bcf942145a0 (type: security_groups) to 1
2026-05-08 19:26:24.043 10 INFO neutron.db.ovn_revision_numbers_db [None req-0da1d0af-288a-4553-a56b-58993febbd30 0cfdd5e9b9b4447c819ccfa7d0cbcdb8 a9b4695f1c1745aca58d0d56f149f5b2 - - default default] Successfully bumped revision number for resource 47bce648-3689-4991-b307-7705d7f692b1 (type: security_group_rules) to 0
2026-05-08 19:26:24.079 10 INFO neutron.db.ovn_revision_numbers_db [None req-0da1d0af-288a-4553-a56b-58993febbd30 0cfdd5e9b9b4447c819ccfa7d0cbcdb8 a9b4695f1c1745aca58d0d56f149f5b2 - - default default] Successfully bumped revision number for resource 7283fd46-ffa7-4506-a6ee-7d92b336ead3 (type: security_group_rules) to 0
2026-05-08 19:26:24.109 10 INFO neutron.db.ovn_revision_numbers_db [None req-0da1d0af-288a-4553-a56b-58993febbd30 0cfdd5e9b9b4447c819ccfa7d0cbcdb8 a9b4695f1c1745aca58d0d56f149f5b2 - - default default] Successfully bumped revision number for resource a726354d-73fe-41f5-bd44-b39870c0eb0f (type: security_group_rules) to 0
2026-05-08 19:26:24.158 10 INFO neutron.db.ovn_revision_numbers_db [None req-0da1d0af-288a-4553-a56b-58993febbd30 0cfdd5e9b9b4447c819ccfa7d0cbcdb8 a9b4695f1c1745aca58d0d56f149f5b2 - - default default] Successfully bumped revision number for resource a9217434-4cca-4234-aee8-6e6d3f01c633 (type: security_group_rules) to 0
