2026-05-08 19:23:10.807 9 INFO neutron.db.ovn_revision_numbers_db [None req-dc056de1-6746-4ee9-b5a5-f6b7b5543a7c 0cfdd5e9b9b4447c819ccfa7d0cbcdb8 a9b4695f1c1745aca58d0d56f149f5b2 - - default default] Successfully bumped revision number for resource d06abaf5-8279-45d4-96fd-eb93f49a9d9e (type: security_groups) to 1
2026-05-08 19:23:10.825 9 INFO neutron.db.ovn_revision_numbers_db [None req-dc056de1-6746-4ee9-b5a5-f6b7b5543a7c 0cfdd5e9b9b4447c819ccfa7d0cbcdb8 a9b4695f1c1745aca58d0d56f149f5b2 - - default default] Successfully bumped revision number for resource b1879466-b9d0-4631-b890-a590a71eadfb (type: security_group_rules) to 0
2026-05-08 19:23:10.835 9 INFO neutron.db.ovn_revision_numbers_db [None req-dc056de1-6746-4ee9-b5a5-f6b7b5543a7c 0cfdd5e9b9b4447c819ccfa7d0cbcdb8 a9b4695f1c1745aca58d0d56f149f5b2 - - default default] Successfully bumped revision number for resource bdf36a69-6948-4135-9d59-3b6dd6dc3795 (type: security_group_rules) to 0
2026-05-08 19:23:10.852 9 INFO neutron.db.segments_db [None req-ac087cac-def9-4d38-8052-22cea61538a2 0cfdd5e9b9b4447c819ccfa7d0cbcdb8 a9b4695f1c1745aca58d0d56f149f5b2 - - default default] Added segment 9a26d141-7dd5-41cf-9957-88a138cd54c3 of type geneve for network 04fcc2ca-02b2-4096-be45-0f1a86a5f0c9
2026-05-08 19:23:10.853 9 INFO neutron.db.ovn_revision_numbers_db [None req-dc056de1-6746-4ee9-b5a5-f6b7b5543a7c 0cfdd5e9b9b4447c819ccfa7d0cbcdb8 a9b4695f1c1745aca58d0d56f149f5b2 - - default default] Successfully bumped revision number for resource c857e245-8563-4be7-951d-ff31d7b131e2 (type: security_group_rules) to 0
2026-05-08 19:23:10.898 9 INFO neutron.db.ovn_revision_numbers_db [None req-dc056de1-6746-4ee9-b5a5-f6b7b5543a7c 0cfdd5e9b9b4447c819ccfa7d0cbcdb8 a9b4695f1c1745aca58d0d56f149f5b2 - - default default] Successfully bumped revision number for resource d0f7041a-e58f-4929-9851-f597e9f4803d (type: security_group_rules) to 0
2026-05-08 19:23:10.950 9 INFO neutron.db.segments_db [None req-dc056de1-6746-4ee9-b5a5-f6b7b5543a7c 0cfdd5e9b9b4447c819ccfa7d0cbcdb8 a9b4695f1c1745aca58d0d56f149f5b2 - - default default] Added segment f3a8ba22-f57a-44d5-a1a2-afbabd28d43d of type geneve for network 7cc20444-ed26-4d99-8d83-0681c150c426
2026-05-08 19:23:11.047 9 INFO neutron.db.ovn_revision_numbers_db [None req-ac087cac-def9-4d38-8052-22cea61538a2 0cfdd5e9b9b4447c819ccfa7d0cbcdb8 a9b4695f1c1745aca58d0d56f149f5b2 - - default default] Successfully bumped revision number for resource 04fcc2ca-02b2-4096-be45-0f1a86a5f0c9 (type: networks) to 1
2026-05-08 19:23:11.163 9 INFO neutron.db.ovn_revision_numbers_db [None req-dc056de1-6746-4ee9-b5a5-f6b7b5543a7c 0cfdd5e9b9b4447c819ccfa7d0cbcdb8 a9b4695f1c1745aca58d0d56f149f5b2 - - default default] Successfully bumped revision number for resource 7cc20444-ed26-4d99-8d83-0681c150c426 (type: networks) to 1
2026-05-08 19:23:11.303 9 WARNING neutron.scheduler.dhcp_agent_scheduler [None req-ac087cac-def9-4d38-8052-22cea61538a2 0cfdd5e9b9b4447c819ccfa7d0cbcdb8 a9b4695f1c1745aca58d0d56f149f5b2 - - default default] No more DHCP agents
2026-05-08 19:23:11.306 9 WARNING neutron.api.rpc.agentnotifiers.dhcp_rpc_agent_api [None req-ac087cac-def9-4d38-8052-22cea61538a2 0cfdd5e9b9b4447c819ccfa7d0cbcdb8 a9b4695f1c1745aca58d0d56f149f5b2 - - default default] Unable to schedule network 04fcc2ca-02b2-4096-be45-0f1a86a5f0c9: no agents available; will retry on subsequent port and subnet creation events.
2026-05-08 19:23:11.432 9 WARNING neutron.scheduler.dhcp_agent_scheduler [None req-dc056de1-6746-4ee9-b5a5-f6b7b5543a7c 0cfdd5e9b9b4447c819ccfa7d0cbcdb8 a9b4695f1c1745aca58d0d56f149f5b2 - - default default] No more DHCP agents
2026-05-08 19:23:11.435 9 WARNING neutron.api.rpc.agentnotifiers.dhcp_rpc_agent_api [None req-dc056de1-6746-4ee9-b5a5-f6b7b5543a7c 0cfdd5e9b9b4447c819ccfa7d0cbcdb8 a9b4695f1c1745aca58d0d56f149f5b2 - - default default] Unable to schedule network 7cc20444-ed26-4d99-8d83-0681c150c426: no agents available; will retry on subsequent port and subnet creation events.
2026-05-08 19:23:11.446 9 INFO neutron.db.ovn_revision_numbers_db [None req-ac087cac-def9-4d38-8052-22cea61538a2 0cfdd5e9b9b4447c819ccfa7d0cbcdb8 a9b4695f1c1745aca58d0d56f149f5b2 - - default default] Successfully bumped revision number for resource 79a5ff6a-f14f-4419-bde6-862fbf101771 (type: ports) to 1
2026-05-08 19:23:11.504 10 INFO neutron.db.ovn_revision_numbers_db [None req-03b3f0fc-d288-4513-9799-f7f5e4a708f1 0cfdd5e9b9b4447c819ccfa7d0cbcdb8 a9b4695f1c1745aca58d0d56f149f5b2 - - default default] Successfully bumped revision number for resource 95259f74-4d78-4f1c-98c3-abaaf46c355d (type: security_groups) to 1
2026-05-08 19:23:11.506 9 INFO neutron.wsgi [None req-ac087cac-def9-4d38-8052-22cea61538a2 0cfdd5e9b9b4447c819ccfa7d0cbcdb8 a9b4695f1c1745aca58d0d56f149f5b2 - - default default] 10.0.0.69 "POST /v2.0/networks HTTP/1.1" status: 201 len: 951 time: 1.0483787
2026-05-08 19:23:11.519 10 INFO neutron.db.ovn_revision_numbers_db [None req-03b3f0fc-d288-4513-9799-f7f5e4a708f1 0cfdd5e9b9b4447c819ccfa7d0cbcdb8 a9b4695f1c1745aca58d0d56f149f5b2 - - default default] Successfully bumped revision number for resource 43c801ff-b086-4b66-953b-695802b18782 (type: security_group_rules) to 0
2026-05-08 19:23:11.531 10 INFO neutron.db.ovn_revision_numbers_db [None req-03b3f0fc-d288-4513-9799-f7f5e4a708f1 0cfdd5e9b9b4447c819ccfa7d0cbcdb8 a9b4695f1c1745aca58d0d56f149f5b2 - - default default] Successfully bumped revision number for resource 5d5d4f2d-8b4d-4a71-9faf-84105c2d9eba (type: security_group_rules) to 0
2026-05-08 19:23:11.546 10 INFO neutron.db.ovn_revision_numbers_db [None req-03b3f0fc-d288-4513-9799-f7f5e4a708f1 0cfdd5e9b9b4447c819ccfa7d0cbcdb8 a9b4695f1c1745aca58d0d56f149f5b2 - - default default] Successfully bumped revision number for resource 6e692dd7-9a4c-423a-9b67-d325cacbe23d (type: security_group_rules) to 0
2026-05-08 19:23:11.563 10 INFO neutron.db.ovn_revision_numbers_db [None req-03b3f0fc-d288-4513-9799-f7f5e4a708f1 0cfdd5e9b9b4447c819ccfa7d0cbcdb8 a9b4695f1c1745aca58d0d56f149f5b2 - - default default] Successfully bumped revision number for resource 81c3585b-5bc0-47e5-8c48-d2e5476a1c0c (type: security_group_rules) to 0
2026-05-08 19:23:11.564 9 INFO neutron.db.ovn_revision_numbers_db [None req-dc056de1-6746-4ee9-b5a5-f6b7b5543a7c 0cfdd5e9b9b4447c819ccfa7d0cbcdb8 a9b4695f1c1745aca58d0d56f149f5b2 - - default default] Successfully bumped revision number for resource f5910df6-8fb4-4840-becd-5791df02e5eb (type: ports) to 1
2026-05-08 19:23:11.585 10 INFO neutron.wsgi [None req-03b3f0fc-d288-4513-9799-f7f5e4a708f1 0cfdd5e9b9b4447c819ccfa7d0cbcdb8 a9b4695f1c1745aca58d0d56f149f5b2 - - default default] 10.0.0.69 "GET /v2.0/security-groups?tenant_id=942d899307794e2297eded6f723ff61e&name=default HTTP/1.1" status: 200 len: 3116 time: 0.4817848
2026-05-08 19:23:11.587 9 INFO neutron.wsgi [None req-dc056de1-6746-4ee9-b5a5-f6b7b5543a7c 0cfdd5e9b9b4447c819ccfa7d0cbcdb8 a9b4695f1c1745aca58d0d56f149f5b2 - - default default] 10.0.0.69 "POST /v2.0/networks HTTP/1.1" status: 201 len: 947 time: 1.0849214
2026-05-08 19:23:11.700 10 INFO neutron.db.ovn_revision_numbers_db [None req-277d414d-7331-47d8-b5c5-b73b9ff3742a 0cfdd5e9b9b4447c819ccfa7d0cbcdb8 a9b4695f1c1745aca58d0d56f149f5b2 - - default default] Successfully bumped revision number for resource a2952a87-f5fd-40fe-b486-3400e0bce74a (type: security_groups) to 1
2026-05-08 19:23:11.725 10 INFO neutron.db.ovn_revision_numbers_db [None req-277d414d-7331-47d8-b5c5-b73b9ff3742a 0cfdd5e9b9b4447c819ccfa7d0cbcdb8 a9b4695f1c1745aca58d0d56f149f5b2 - - default default] Successfully bumped revision number for resource 6525232c-2db8-4491-8238-14537c19c703 (type: security_group_rules) to 0
2026-05-08 19:23:11.750 10 INFO neutron.db.ovn_revision_numbers_db [None req-277d414d-7331-47d8-b5c5-b73b9ff3742a 0cfdd5e9b9b4447c819ccfa7d0cbcdb8 a9b4695f1c1745aca58d0d56f149f5b2 - - default default] Successfully bumped revision number for resource 7214c563-fd8c-428a-9fe2-a8ad302885a2 (type: security_group_rules) to 0
2026-05-08 19:23:11.752 10 WARNING neutron.scheduler.dhcp_agent_scheduler [None req-72c7d843-1dcc-46c3-86ef-b8395114b1e4 0cfdd5e9b9b4447c819ccfa7d0cbcdb8 a9b4695f1c1745aca58d0d56f149f5b2 - - default default] No more DHCP agents
2026-05-08 19:23:11.752 9 WARNING neutron.scheduler.dhcp_agent_scheduler [None req-8fc38fb2-769b-4c86-9a80-989093353632 0cfdd5e9b9b4447c819ccfa7d0cbcdb8 a9b4695f1c1745aca58d0d56f149f5b2 - - default default] No more DHCP agents
2026-05-08 19:23:11.754 9 WARNING neutron.api.rpc.agentnotifiers.dhcp_rpc_agent_api [None req-8fc38fb2-769b-4c86-9a80-989093353632 0cfdd5e9b9b4447c819ccfa7d0cbcdb8 a9b4695f1c1745aca58d0d56f149f5b2 - - default default] Unable to schedule network 04fcc2ca-02b2-4096-be45-0f1a86a5f0c9: no agents available; will retry on subsequent port and subnet creation events.
2026-05-08 19:23:11.755 10 WARNING neutron.api.rpc.agentnotifiers.dhcp_rpc_agent_api [None req-72c7d843-1dcc-46c3-86ef-b8395114b1e4 0cfdd5e9b9b4447c819ccfa7d0cbcdb8 a9b4695f1c1745aca58d0d56f149f5b2 - - default default] Unable to schedule network 7cc20444-ed26-4d99-8d83-0681c150c426: no agents available; will retry on subsequent port and subnet creation events.
2026-05-08 19:23:11.771 10 INFO neutron.db.ovn_revision_numbers_db [None req-277d414d-7331-47d8-b5c5-b73b9ff3742a 0cfdd5e9b9b4447c819ccfa7d0cbcdb8 a9b4695f1c1745aca58d0d56f149f5b2 - - default default] Successfully bumped revision number for resource 98fbb79c-e61e-42e0-ac4a-bcfe2716fd06 (type: security_group_rules) to 0
2026-05-08 19:23:11.794 10 INFO neutron.db.ovn_revision_numbers_db [None req-277d414d-7331-47d8-b5c5-b73b9ff3742a 0cfdd5e9b9b4447c819ccfa7d0cbcdb8 a9b4695f1c1745aca58d0d56f149f5b2 - - default default] Successfully bumped revision number for resource da52f6c7-832a-4b6c-aa88-e5f42cf6b689 (type: security_group_rules) to 0
2026-05-08 19:23:11.825 10 INFO neutron.wsgi [None req-277d414d-7331-47d8-b5c5-b73b9ff3742a 0cfdd5e9b9b4447c819ccfa7d0cbcdb8 a9b4695f1c1745aca58d0d56f149f5b2 - - default default] 10.0.0.69 "GET /v2.0/security-groups?tenant_id=46c63802da504431b90de9c42ef69825&name=default HTTP/1.1" status: 200 len: 3116 time: 0.3401735
2026-05-08 19:23:11.947 9 INFO neutron.wsgi [None req-415cdefe-d3bb-4bcc-9965-b2ee4f6aa8fe 0cfdd5e9b9b4447c819ccfa7d0cbcdb8 a9b4695f1c1745aca58d0d56f149f5b2 - - default default] 10.0.0.69 "DELETE /v2.0/security-groups/95259f74-4d78-4f1c-98c3-abaaf46c355d HTTP/1.1" status: 204 len: 168 time: 0.3537581
2026-05-08 19:23:12.153 10 INFO neutron.wsgi [None req-448c2b91-5fb4-4d27-aec9-5056bcdfbb35 0cfdd5e9b9b4447c819ccfa7d0cbcdb8 a9b4695f1c1745aca58d0d56f149f5b2 - - default default] 10.0.0.69 "DELETE /v2.0/security-groups/a2952a87-f5fd-40fe-b486-3400e0bce74a HTTP/1.1" status: 204 len: 168 time: 0.3197610
2026-05-08 19:23:12.383 10 INFO neutron.db.ovn_revision_numbers_db [None req-72c7d843-1dcc-46c3-86ef-b8395114b1e4 0cfdd5e9b9b4447c819ccfa7d0cbcdb8 a9b4695f1c1745aca58d0d56f149f5b2 - - default default] Successfully bumped revision number for resource f5910df6-8fb4-4840-becd-5791df02e5eb (type: ports) to 2
2026-05-08 19:23:12.394 9 INFO neutron.db.ovn_revision_numbers_db [None req-8fc38fb2-769b-4c86-9a80-989093353632 0cfdd5e9b9b4447c819ccfa7d0cbcdb8 a9b4695f1c1745aca58d0d56f149f5b2 - - default default] Successfully bumped revision number for resource 79a5ff6a-f14f-4419-bde6-862fbf101771 (type: ports) to 2
2026-05-08 19:23:12.414 10 INFO neutron.db.ovn_revision_numbers_db [None req-72c7d843-1dcc-46c3-86ef-b8395114b1e4 0cfdd5e9b9b4447c819ccfa7d0cbcdb8 a9b4695f1c1745aca58d0d56f149f5b2 - - default default] Successfully bumped revision number for resource 8e44706b-e88b-4b72-8564-f4a01545e39a (type: subnets) to 0
2026-05-08 19:23:12.430 10 INFO neutron.wsgi [None req-72c7d843-1dcc-46c3-86ef-b8395114b1e4 0cfdd5e9b9b4447c819ccfa7d0cbcdb8 a9b4695f1c1745aca58d0d56f149f5b2 - - default default] 10.0.0.69 "POST /v2.0/subnets HTTP/1.1" status: 201 len: 867 time: 0.8360405
2026-05-08 19:23:12.436 9 INFO neutron.db.ovn_revision_numbers_db [None req-8fc38fb2-769b-4c86-9a80-989093353632 0cfdd5e9b9b4447c819ccfa7d0cbcdb8 a9b4695f1c1745aca58d0d56f149f5b2 - - default default] Successfully bumped revision number for resource 45512246-dc8f-45b0-8494-f0954fc41c2c (type: subnets) to 0
2026-05-08 19:23:12.449 9 INFO neutron.wsgi [None req-8fc38fb2-769b-4c86-9a80-989093353632 0cfdd5e9b9b4447c819ccfa7d0cbcdb8 a9b4695f1c1745aca58d0d56f149f5b2 - - default default] 10.0.0.69 "POST /v2.0/subnets HTTP/1.1" status: 201 len: 871 time: 0.9367282
2026-05-08 19:23:13.123 9 WARNING neutron.scheduler.dhcp_agent_scheduler [None req-7e5f8f0a-aa4a-4f76-8886-fc28e80bb77d 0cfdd5e9b9b4447c819ccfa7d0cbcdb8 a9b4695f1c1745aca58d0d56f149f5b2 - - default default] No more DHCP agents
2026-05-08 19:23:13.126 9 WARNING neutron.api.rpc.agentnotifiers.dhcp_rpc_agent_api [None req-7e5f8f0a-aa4a-4f76-8886-fc28e80bb77d 0cfdd5e9b9b4447c819ccfa7d0cbcdb8 a9b4695f1c1745aca58d0d56f149f5b2 - - default default] Unable to schedule network 676c8e7a-402f-40b1-aef0-b49cd55bbf98: no agents available; will retry on subsequent port and subnet creation events.
2026-05-08 19:23:13.127 10 WARNING neutron.scheduler.dhcp_agent_scheduler [None req-391a1b37-1c18-4b71-8168-3adcec123922 0cfdd5e9b9b4447c819ccfa7d0cbcdb8 a9b4695f1c1745aca58d0d56f149f5b2 - - default default] No more DHCP agents
2026-05-08 19:23:13.129 10 WARNING neutron.api.rpc.agentnotifiers.dhcp_rpc_agent_api [None req-391a1b37-1c18-4b71-8168-3adcec123922 0cfdd5e9b9b4447c819ccfa7d0cbcdb8 a9b4695f1c1745aca58d0d56f149f5b2 - - default default] Unable to schedule network 676c8e7a-402f-40b1-aef0-b49cd55bbf98: no agents available; will retry on subsequent port and subnet creation events.
2026-05-08 19:23:13.254 10 INFO neutron.db.ovn_revision_numbers_db [None req-391a1b37-1c18-4b71-8168-3adcec123922 0cfdd5e9b9b4447c819ccfa7d0cbcdb8 a9b4695f1c1745aca58d0d56f149f5b2 - - default default] Successfully bumped revision number for resource 9318d15f-e6a3-4cd0-90b1-0c86b6cd02f2 (type: ports) to 1
2026-05-08 19:23:13.263 9 INFO neutron.db.ovn_revision_numbers_db [None req-7e5f8f0a-aa4a-4f76-8886-fc28e80bb77d 0cfdd5e9b9b4447c819ccfa7d0cbcdb8 a9b4695f1c1745aca58d0d56f149f5b2 - - default default] Successfully bumped revision number for resource eb686468-8f52-4a9b-a9b3-56fcfd74e745 (type: ports) to 1
2026-05-08 19:23:13.615 9 INFO neutron.plugins.ml2.drivers.ovn.mech_driver.ovsdb.extensions.qos [None req-7e5f8f0a-aa4a-4f76-8886-fc28e80bb77d 0cfdd5e9b9b4447c819ccfa7d0cbcdb8 a9b4695f1c1745aca58d0d56f149f5b2 - - default default] Starting OVNClientQosExtension
2026-05-08 19:23:13.670 10 INFO neutron.plugins.ml2.drivers.ovn.mech_driver.ovsdb.extensions.qos [None req-391a1b37-1c18-4b71-8168-3adcec123922 0cfdd5e9b9b4447c819ccfa7d0cbcdb8 a9b4695f1c1745aca58d0d56f149f5b2 - - default default] Starting OVNClientQosExtension
2026-05-08 19:23:13.975 9 INFO neutron.db.ovn_revision_numbers_db [None req-4f847f1f-0d4d-4ab8-a8fe-7cca2e3038c3 0cfdd5e9b9b4447c819ccfa7d0cbcdb8 a9b4695f1c1745aca58d0d56f149f5b2 - - default default] Successfully bumped revision number for resource 76f6d548-fd63-435a-b30e-de6140e46f3e (type: security_groups) to 1
2026-05-08 19:23:13.987 9 INFO neutron.plugins.ml2.drivers.ovn.mech_driver.ovsdb.commands [None req-176501fd-544d-43ca-9152-ee3e8abd1cfd - - - - - -] Schedule LRP lrp-eb686468-8f52-4a9b-a9b3-56fcfd74e745 on gateway 7d983663-5ce5-4903-8622-dd209bdf2bf7 with priority 1
2026-05-08 19:23:13.997 9 INFO neutron.db.ovn_revision_numbers_db [None req-4f847f1f-0d4d-4ab8-a8fe-7cca2e3038c3 0cfdd5e9b9b4447c819ccfa7d0cbcdb8 a9b4695f1c1745aca58d0d56f149f5b2 - - default default] Successfully bumped revision number for resource 52c5cc72-879e-438b-9317-4b336c0e0a88 (type: security_group_rules) to 0
2026-05-08 19:23:14.006 10 INFO neutron.plugins.ml2.drivers.ovn.mech_driver.mech_driver [None req-4f93f530-b8bd-4195-ad50-a2accf5859f6 - - - - - -] OVN reports status up for port: eb686468-8f52-4a9b-a9b3-56fcfd74e745
2026-05-08 19:23:14.011 10 INFO neutron.plugins.ml2.drivers.ovn.mech_driver.ovsdb.ovsdb_monitor [-] Router a9a9247e-a24b-4a31-9491-79dada3d08cf is bound to host instance
2026-05-08 19:23:14.028 9 INFO neutron.db.ovn_revision_numbers_db [None req-4f847f1f-0d4d-4ab8-a8fe-7cca2e3038c3 0cfdd5e9b9b4447c819ccfa7d0cbcdb8 a9b4695f1c1745aca58d0d56f149f5b2 - - default default] Successfully bumped revision number for resource 72bf9694-3dc9-4b07-90e2-4fdfe3be3f3e (type: security_group_rules) to 0
2026-05-08 19:23:14.037 10 INFO neutron.plugins.ml2.plugin [None req-4f93f530-b8bd-4195-ad50-a2accf5859f6 - - - - - -] Attempt 1 to provision port eb686468-8f52-4a9b-a9b3-56fcfd74e745
2026-05-08 19:23:14.039 9 INFO neutron.db.ovn_revision_numbers_db [None req-7e5f8f0a-aa4a-4f76-8886-fc28e80bb77d 0cfdd5e9b9b4447c819ccfa7d0cbcdb8 a9b4695f1c1745aca58d0d56f149f5b2 - - default default] Successfully bumped revision number for resource eb686468-8f52-4a9b-a9b3-56fcfd74e745 (type: router_ports) to 1
2026-05-08 19:23:14.044 10 INFO neutron.plugins.ml2.drivers.ovn.mech_driver.ovsdb.commands [None req-7d2b5405-0ae4-4364-985a-3ac716d0f0ad - - - - - -] Schedule LRP lrp-9318d15f-e6a3-4cd0-90b1-0c86b6cd02f2 on gateway 7d983663-5ce5-4903-8622-dd209bdf2bf7 with priority 1
2026-05-08 19:23:14.046 9 INFO neutron.db.ovn_revision_numbers_db [None req-4f847f1f-0d4d-4ab8-a8fe-7cca2e3038c3 0cfdd5e9b9b4447c819ccfa7d0cbcdb8 a9b4695f1c1745aca58d0d56f149f5b2 - - default default] Successfully bumped revision number for resource ac825f4f-86f6-4ecc-9814-b59e13ac41b8 (type: security_group_rules) to 0
2026-05-08 19:23:14.086 9 INFO neutron.plugins.ml2.drivers.ovn.mech_driver.mech_driver [-] OVN reports status up for port: 9318d15f-e6a3-4cd0-90b1-0c86b6cd02f2
2026-05-08 19:23:14.087 9 INFO neutron.plugins.ml2.drivers.ovn.mech_driver.ovsdb.ovsdb_monitor [-] Router dde6c690-6c28-4c23-a331-31fa6e8c8451 is bound to host instance
2026-05-08 19:23:14.129 10 INFO neutron.db.ovn_revision_numbers_db [None req-391a1b37-1c18-4b71-8168-3adcec123922 0cfdd5e9b9b4447c819ccfa7d0cbcdb8 a9b4695f1c1745aca58d0d56f149f5b2 - - default default] Successfully bumped revision number for resource 9318d15f-e6a3-4cd0-90b1-0c86b6cd02f2 (type: router_ports) to 1
2026-05-08 19:23:14.183 9 INFO neutron.db.ovn_revision_numbers_db [None req-4f847f1f-0d4d-4ab8-a8fe-7cca2e3038c3 0cfdd5e9b9b4447c819ccfa7d0cbcdb8 a9b4695f1c1745aca58d0d56f149f5b2 - - default default] Successfully bumped revision number for resource e288d57e-0a53-4c26-9849-911a969f3a2f (type: security_group_rules) to 0
2026-05-08 19:23:14.216 9 INFO neutron.plugins.ml2.plugin [None req-49ce1230-f216-4ca1-b461-0cf6f95bc61c - - - - - -] Attempt 1 to provision port 9318d15f-e6a3-4cd0-90b1-0c86b6cd02f2
2026-05-08 19:23:14.220 10 INFO neutron.db.ovn_revision_numbers_db [None req-391a1b37-1c18-4b71-8168-3adcec123922 0cfdd5e9b9b4447c819ccfa7d0cbcdb8 a9b4695f1c1745aca58d0d56f149f5b2 - - default default] Successfully bumped revision number for resource dde6c690-6c28-4c23-a331-31fa6e8c8451 (type: routers) to 2
2026-05-08 19:23:14.244 10 INFO neutron.wsgi [None req-391a1b37-1c18-4b71-8168-3adcec123922 0cfdd5e9b9b4447c819ccfa7d0cbcdb8 a9b4695f1c1745aca58d0d56f149f5b2 - - default default] 10.0.0.69 "POST /v2.0/routers HTTP/1.1" status: 201 len: 1169 time: 1.8110063
2026-05-08 19:23:14.293 9 INFO neutron.db.segments_db [None req-4f847f1f-0d4d-4ab8-a8fe-7cca2e3038c3 0cfdd5e9b9b4447c819ccfa7d0cbcdb8 a9b4695f1c1745aca58d0d56f149f5b2 - - default default] Added segment f2d36f17-433f-49f6-9f67-c56d7c9b55e0 of type geneve for network 8bbe023a-eb7a-4d0a-83cb-eb633c1d560a
2026-05-08 19:23:14.311 9 INFO neutron.db.ovn_revision_numbers_db [None req-7e5f8f0a-aa4a-4f76-8886-fc28e80bb77d 0cfdd5e9b9b4447c819ccfa7d0cbcdb8 a9b4695f1c1745aca58d0d56f149f5b2 - - default default] Successfully bumped revision number for resource a9a9247e-a24b-4a31-9491-79dada3d08cf (type: routers) to 2
2026-05-08 19:23:14.359 9 INFO neutron.wsgi [None req-7e5f8f0a-aa4a-4f76-8886-fc28e80bb77d 0cfdd5e9b9b4447c819ccfa7d0cbcdb8 a9b4695f1c1745aca58d0d56f149f5b2 - - default default] 10.0.0.69 "POST /v2.0/routers HTTP/1.1" status: 201 len: 1173 time: 1.9044440
2026-05-08 19:23:14.593 9 INFO neutron.db.ovn_revision_numbers_db [None req-4f847f1f-0d4d-4ab8-a8fe-7cca2e3038c3 0cfdd5e9b9b4447c819ccfa7d0cbcdb8 a9b4695f1c1745aca58d0d56f149f5b2 - - default default] Successfully bumped revision number for resource 8bbe023a-eb7a-4d0a-83cb-eb633c1d560a (type: networks) to 1
2026-05-08 19:23:15.055 10 INFO neutron.db.ovn_revision_numbers_db [None req-e9ceb784-acb1-4adb-bf32-035827b5eed5 - - - - - -] Successfully bumped revision number for resource eb686468-8f52-4a9b-a9b3-56fcfd74e745 (type: ports) to 1
2026-05-08 19:23:15.085 9 WARNING neutron.scheduler.dhcp_agent_scheduler [None req-4f847f1f-0d4d-4ab8-a8fe-7cca2e3038c3 0cfdd5e9b9b4447c819ccfa7d0cbcdb8 a9b4695f1c1745aca58d0d56f149f5b2 - - default default] No more DHCP agents
2026-05-08 19:23:15.097 9 WARNING neutron.api.rpc.agentnotifiers.dhcp_rpc_agent_api [None req-4f847f1f-0d4d-4ab8-a8fe-7cca2e3038c3 0cfdd5e9b9b4447c819ccfa7d0cbcdb8 a9b4695f1c1745aca58d0d56f149f5b2 - - default default] Unable to schedule network 8bbe023a-eb7a-4d0a-83cb-eb633c1d560a: no agents available; will retry on subsequent port and subnet creation events.
2026-05-08 19:23:15.097 10 WARNING neutron.scheduler.dhcp_agent_scheduler [None req-e769014c-fb02-4081-a699-6d733b3e780d 0cfdd5e9b9b4447c819ccfa7d0cbcdb8 a9b4695f1c1745aca58d0d56f149f5b2 - - default default] No more DHCP agents
2026-05-08 19:23:15.099 10 WARNING neutron.api.rpc.agentnotifiers.dhcp_rpc_agent_api [None req-e769014c-fb02-4081-a699-6d733b3e780d 0cfdd5e9b9b4447c819ccfa7d0cbcdb8 a9b4695f1c1745aca58d0d56f149f5b2 - - default default] Unable to schedule network 7cc20444-ed26-4d99-8d83-0681c150c426: no agents available; will retry on subsequent port and subnet creation events.
2026-05-08 19:23:15.274 9 INFO neutron.db.ovn_revision_numbers_db [None req-4f847f1f-0d4d-4ab8-a8fe-7cca2e3038c3 0cfdd5e9b9b4447c819ccfa7d0cbcdb8 a9b4695f1c1745aca58d0d56f149f5b2 - - default default] Successfully bumped revision number for resource 36800102-2976-48f6-a6f0-f44b6d9aaa0b (type: ports) to 1
2026-05-08 19:23:15.313 9 INFO neutron.wsgi [None req-4f847f1f-0d4d-4ab8-a8fe-7cca2e3038c3 0cfdd5e9b9b4447c819ccfa7d0cbcdb8 a9b4695f1c1745aca58d0d56f149f5b2 - - default default] 10.0.0.69 "POST /v2.0/networks HTTP/1.1" status: 201 len: 954 time: 1.6868429
2026-05-08 19:23:15.326 10 INFO neutron.db.ovn_revision_numbers_db [None req-e769014c-fb02-4081-a699-6d733b3e780d 0cfdd5e9b9b4447c819ccfa7d0cbcdb8 a9b4695f1c1745aca58d0d56f149f5b2 - - default default] Successfully bumped revision number for resource 36cd00c7-7b84-4f31-afb1-f0bc712026cc (type: ports) to 1
2026-05-08 19:23:15.394 9 INFO neutron.wsgi [-] 10.0.0.156 "GET / HTTP/1.1" status: 200 len: 245 time: 0.0012496
2026-05-08 19:23:15.395 9 INFO neutron.wsgi [-] 10.0.0.156 "GET / HTTP/1.1" status: 200 len: 245 time: 0.0008597
2026-05-08 19:23:15.451 9 WARNING neutron.scheduler.dhcp_agent_scheduler [None req-4a876919-8df6-420e-a0ab-08c4514b51e2 0cfdd5e9b9b4447c819ccfa7d0cbcdb8 a9b4695f1c1745aca58d0d56f149f5b2 - - default default] No more DHCP agents
2026-05-08 19:23:15.454 9 WARNING neutron.api.rpc.agentnotifiers.dhcp_rpc_agent_api [None req-4a876919-8df6-420e-a0ab-08c4514b51e2 0cfdd5e9b9b4447c819ccfa7d0cbcdb8 a9b4695f1c1745aca58d0d56f149f5b2 - - default default] Unable to schedule network 04fcc2ca-02b2-4096-be45-0f1a86a5f0c9: no agents available; will retry on subsequent port and subnet creation events.
2026-05-08 19:23:15.590 9 INFO neutron.db.ovn_revision_numbers_db [None req-a2f286f7-cf66-4010-b2bf-78af7fe18e08 - - - - - -] Successfully bumped revision number for resource 9318d15f-e6a3-4cd0-90b1-0c86b6cd02f2 (type: ports) to 1
2026-05-08 19:23:15.632 9 INFO neutron.db.ovn_revision_numbers_db [None req-4a876919-8df6-420e-a0ab-08c4514b51e2 0cfdd5e9b9b4447c819ccfa7d0cbcdb8 a9b4695f1c1745aca58d0d56f149f5b2 - - default default] Successfully bumped revision number for resource b6bae2b5-3a97-4343-9588-f81cca64a78d (type: ports) to 1
2026-05-08 19:23:15.720 10 INFO neutron.db.ovn_revision_numbers_db [None req-e9ceb784-acb1-4adb-bf32-035827b5eed5 - - - - - -] Successfully bumped revision number for resource eb686468-8f52-4a9b-a9b3-56fcfd74e745 (type: router_ports) to 3
2026-05-08 19:23:15.751 10 WARNING neutron.scheduler.dhcp_agent_scheduler [None req-dc70f3e2-56ca-4efb-b2eb-20aa463af517 0cfdd5e9b9b4447c819ccfa7d0cbcdb8 a9b4695f1c1745aca58d0d56f149f5b2 - - default default] No more DHCP agents
2026-05-08 19:23:15.755 10 WARNING neutron.api.rpc.agentnotifiers.dhcp_rpc_agent_api [None req-dc70f3e2-56ca-4efb-b2eb-20aa463af517 0cfdd5e9b9b4447c819ccfa7d0cbcdb8 a9b4695f1c1745aca58d0d56f149f5b2 - - default default] Unable to schedule network 8bbe023a-eb7a-4d0a-83cb-eb633c1d560a: no agents available; will retry on subsequent port and subnet creation events.
2026-05-08 19:23:16.095 10 INFO neutron.db.ovn_revision_numbers_db [None req-e9ceb784-acb1-4adb-bf32-035827b5eed5 - - - - - -] Successfully bumped revision number for resource eb686468-8f52-4a9b-a9b3-56fcfd74e745 (type: ports) to 2
2026-05-08 19:23:16.319 9 INFO neutron.db.ovn_revision_numbers_db [None req-a2f286f7-cf66-4010-b2bf-78af7fe18e08 - - - - - -] Successfully bumped revision number for resource 9318d15f-e6a3-4cd0-90b1-0c86b6cd02f2 (type: router_ports) to 3
2026-05-08 19:23:16.509 9 ERROR ovsdbapp.backend.ovs_idl.command [None req-4a876919-8df6-420e-a0ab-08c4514b51e2 0cfdd5e9b9b4447c819ccfa7d0cbcdb8 a9b4695f1c1745aca58d0d56f149f5b2 - - default default] Error executing command (DbGetCommand): ovsdbapp.backend.ovs_idl.idlutils.RowNotFound: Cannot find Logical_Router_Port with name=lrp-b6bae2b5-3a97-4343-9588-f81cca64a78d
2026-05-08 19:23:16.509 9 ERROR ovsdbapp.backend.ovs_idl.command
Traceback (most recent call last):
2026-05-08 19:23:16.509 9 ERROR ovsdbapp.backend.ovs_idl.command
File "/var/lib/openstack/lib/python3.10/site-packages/ovsdbapp/backend/ovs_idl/command.py", line 47, in execute
2026-05-08 19:23:16.509 9 ERROR ovsdbapp.backend.ovs_idl.command self.run_idl(None)
2026-05-08 19:23:16.509 9 ERROR ovsdbapp.backend.ovs_idl.command
File "/var/lib/openstack/lib/python3.10/site-packages/ovsdbapp/backend/ovs_idl/command.py", line 235, in run_idl
2026-05-08 19:23:16.509 9 ERROR ovsdbapp.backend.ovs_idl.command record = self.api.lookup(self.table, self.record)
2026-05-08 19:23:16.509 9 ERROR ovsdbapp.backend.ovs_idl.command
File "/var/lib/openstack/lib/python3.10/site-packages/ovsdbapp/backend/ovs_idl/__init__.py", line 184, in lookup
2026-05-08 19:23:16.509 9 ERROR ovsdbapp.backend.ovs_idl.command return self._lookup(table, record)
2026-05-08 19:23:16.509 9 ERROR ovsdbapp.backend.ovs_idl.command
File "/var/lib/openstack/lib/python3.10/site-packages/ovsdbapp/backend/ovs_idl/__init__.py", line 235, in _lookup
2026-05-08 19:23:16.509 9 ERROR ovsdbapp.backend.ovs_idl.command row = idlutils.row_by_value(self, rl.table, rl.column, record)
2026-05-08 19:23:16.509 9 ERROR ovsdbapp.backend.ovs_idl.command
File "/var/lib/openstack/lib/python3.10/site-packages/ovsdbapp/backend/ovs_idl/idlutils.py", line 114, in row_by_value
2026-05-08 19:23:16.509 9 ERROR ovsdbapp.backend.ovs_idl.command raise RowNotFound(table=table, col=column, match=match)
2026-05-08 19:23:16.509 9 ERROR ovsdbapp.backend.ovs_idl.command ovsdbapp.backend.ovs_idl.idlutils.RowNotFound: Cannot find Logical_Router_Port with name=lrp-b6bae2b5-3a97-4343-9588-f81cca64a78d
2026-05-08 19:23:16.509 9 ERROR ovsdbapp.backend.ovs_idl.command 
2026-05-08 19:23:16.510 9 ERROR neutron_lib.callbacks.manager [None req-4a876919-8df6-420e-a0ab-08c4514b51e2 0cfdd5e9b9b4447c819ccfa7d0cbcdb8 a9b4695f1c1745aca58d0d56f149f5b2 - - default default] Error during notification for neutron.services.ovn_l3.plugin.OVNL3RouterPlugin._port_update-8741299812079 port, after_update: ovsdbapp.backend.ovs_idl.idlutils.RowNotFound: Cannot find Logical_Router_Port with name=lrp-b6bae2b5-3a97-4343-9588-f81cca64a78d
2026-05-08 19:23:16.510 9 ERROR neutron_lib.callbacks.manager
Traceback (most recent call last):
2026-05-08 19:23:16.510 9 ERROR neutron_lib.callbacks.manager
File "/var/lib/openstack/lib/python3.10/site-packages/neutron_lib/callbacks/manager.py", line 189, in _notify_loop
2026-05-08 19:23:16.510 9 ERROR neutron_lib.callbacks.manager callback.method(resource, event, trigger, payload=payload)
2026-05-08 19:23:16.510 9 ERROR neutron_lib.callbacks.manager
File "/var/lib/openstack/lib/python3.10/site-packages/neutron/services/ovn_l3/plugin.py", line 391, in _port_update
2026-05-08 19:23:16.510 9 ERROR neutron_lib.callbacks.manager l3plugin._ovn_client.update_router_port(context,
2026-05-08 19:23:16.510 9 ERROR neutron_lib.callbacks.manager
File "/var/lib/openstack/lib/python3.10/site-packages/neutron/plugins/ml2/drivers/ovn/mech_driver/ovsdb/ovn_client.py", line 1878, in update_router_port
2026-05-08 19:23:16.510 9 ERROR neutron_lib.callbacks.manager self._update_lrouter_port(context, port, if_exists=if_exists,
2026-05-08 19:23:16.510 9 ERROR neutron_lib.callbacks.manager
File "/var/lib/openstack/lib/python3.10/site-packages/neutron/plugins/ml2/drivers/ovn/mech_driver/ovsdb/ovn_client.py", line 1855, in _update_lrouter_port
2026-05-08 19:23:16.510 9 ERROR neutron_lib.callbacks.manager external_ids = self._nb_idl.db_get(
2026-05-08 19:23:16.510 9 ERROR neutron_lib.callbacks.manager
File "/var/lib/openstack/lib/python3.10/site-packages/ovsdbapp/backend/ovs_idl/command.py", line 47, in execute
2026-05-08 19:23:16.510 9 ERROR neutron_lib.callbacks.manager self.run_idl(None)
2026-05-08 19:23:16.510 9 ERROR neutron_lib.callbacks.manager
File "/var/lib/openstack/lib/python3.10/site-packages/ovsdbapp/backend/ovs_idl/command.py", line 235, in run_idl
2026-05-08 19:23:16.510 9 ERROR neutron_lib.callbacks.manager record = self.api.lookup(self.table, self.record)
2026-05-08 19:23:16.510 9 ERROR neutron_lib.callbacks.manager
File "/var/lib/openstack/lib/python3.10/site-packages/ovsdbapp/backend/ovs_idl/__init__.py", line 184, in lookup
2026-05-08 19:23:16.510 9 ERROR neutron_lib.callbacks.manager return self._lookup(table, record)
2026-05-08 19:23:16.510 9 ERROR neutron_lib.callbacks.manager
File "/var/lib/openstack/lib/python3.10/site-packages/ovsdbapp/backend/ovs_idl/__init__.py", line 235, in _lookup
2026-05-08 19:23:16.510 9 ERROR neutron_lib.callbacks.manager row = idlutils.row_by_value(self, rl.table, rl.column, record)
2026-05-08 19:23:16.510 9 ERROR neutron_lib.callbacks.manager
File "/var/lib/openstack/lib/python3.10/site-packages/ovsdbapp/backend/ovs_idl/idlutils.py", line 114, in row_by_value
2026-05-08 19:23:16.510 9 ERROR neutron_lib.callbacks.manager raise RowNotFound(table=table, col=column, match=match)
2026-05-08 19:23:16.510 9 ERROR neutron_lib.callbacks.manager ovsdbapp.backend.ovs_idl.idlutils.RowNotFound: Cannot find Logical_Router_Port with name=lrp-b6bae2b5-3a97-4343-9588-f81cca64a78d
2026-05-08 19:23:16.510 9 ERROR neutron_lib.callbacks.manager 
2026-05-08 19:23:16.537 10 INFO neutron.db.ovn_revision_numbers_db [None req-62a9a2c1-b208-49c5-ad9d-44894c6cd71d 0cfdd5e9b9b4447c819ccfa7d0cbcdb8 a9b4695f1c1745aca58d0d56f149f5b2 - - default default] Successfully bumped revision number for resource a6c3a74a-79ba-4835-a885-931494e9aced (type: security_groups) to 1
2026-05-08 19:23:16.576 10 INFO neutron.db.ovn_revision_numbers_db [None req-62a9a2c1-b208-49c5-ad9d-44894c6cd71d 0cfdd5e9b9b4447c819ccfa7d0cbcdb8 a9b4695f1c1745aca58d0d56f149f5b2 - - default default] Successfully bumped revision number for resource 21089ffc-8dc9-4a29-9822-17189e319cde (type: security_group_rules) to 0
2026-05-08 19:23:16.579 10 ERROR ovsdbapp.backend.ovs_idl.command [None req-e769014c-fb02-4081-a699-6d733b3e780d 0cfdd5e9b9b4447c819ccfa7d0cbcdb8 a9b4695f1c1745aca58d0d56f149f5b2 - - default default] Error executing command (DbGetCommand): ovsdbapp.backend.ovs_idl.idlutils.RowNotFound: Cannot find Logical_Router_Port with name=lrp-36cd00c7-7b84-4f31-afb1-f0bc712026cc
2026-05-08 19:23:16.579 10 ERROR ovsdbapp.backend.ovs_idl.command
Traceback (most recent call last):
2026-05-08 19:23:16.579 10 ERROR ovsdbapp.backend.ovs_idl.command
File "/var/lib/openstack/lib/python3.10/site-packages/ovsdbapp/backend/ovs_idl/command.py", line 47, in execute
2026-05-08 19:23:16.579 10 ERROR ovsdbapp.backend.ovs_idl.command self.run_idl(None)
2026-05-08 19:23:16.579 10 ERROR ovsdbapp.backend.ovs_idl.command
File "/var/lib/openstack/lib/python3.10/site-packages/ovsdbapp/backend/ovs_idl/command.py", line 235, in run_idl
2026-05-08 19:23:16.579 10 ERROR ovsdbapp.backend.ovs_idl.command record = self.api.lookup(self.table, self.record)
2026-05-08 19:23:16.579 10 ERROR ovsdbapp.backend.ovs_idl.command
File "/var/lib/openstack/lib/python3.10/site-packages/ovsdbapp/backend/ovs_idl/__init__.py", line 184, in lookup
2026-05-08 19:23:16.579 10 ERROR ovsdbapp.backend.ovs_idl.command return self._lookup(table, record)
2026-05-08 19:23:16.579 10 ERROR ovsdbapp.backend.ovs_idl.command
File "/var/lib/openstack/lib/python3.10/site-packages/ovsdbapp/backend/ovs_idl/__init__.py", line 235, in _lookup
2026-05-08 19:23:16.579 10 ERROR ovsdbapp.backend.ovs_idl.command row = idlutils.row_by_value(self, rl.table, rl.column, record)
2026-05-08 19:23:16.579 10 ERROR ovsdbapp.backend.ovs_idl.command
File "/var/lib/openstack/lib/python3.10/site-packages/ovsdbapp/backend/ovs_idl/idlutils.py", line 114, in row_by_value
2026-05-08 19:23:16.579 10 ERROR ovsdbapp.backend.ovs_idl.command raise RowNotFound(table=table, col=column, match=match)
2026-05-08 19:23:16.579 10 ERROR ovsdbapp.backend.ovs_idl.command ovsdbapp.backend.ovs_idl.idlutils.RowNotFound: Cannot find Logical_Router_Port with name=lrp-36cd00c7-7b84-4f31-afb1-f0bc712026cc
2026-05-08 19:23:16.579 10 ERROR ovsdbapp.backend.ovs_idl.command 
2026-05-08 19:23:16.580 10 ERROR neutron_lib.callbacks.manager [None req-e769014c-fb02-4081-a699-6d733b3e780d 0cfdd5e9b9b4447c819ccfa7d0cbcdb8 a9b4695f1c1745aca58d0d56f149f5b2 - - default default] Error during notification for neutron.services.ovn_l3.plugin.OVNL3RouterPlugin._port_update-8741299812079 port, after_update: ovsdbapp.backend.ovs_idl.idlutils.RowNotFound: Cannot find Logical_Router_Port with name=lrp-36cd00c7-7b84-4f31-afb1-f0bc712026cc
2026-05-08 19:23:16.580 10 ERROR neutron_lib.callbacks.manager
Traceback (most recent call last):
2026-05-08 19:23:16.580 10 ERROR neutron_lib.callbacks.manager
File "/var/lib/openstack/lib/python3.10/site-packages/neutron_lib/callbacks/manager.py", line 189, in _notify_loop
2026-05-08 19:23:16.580 10 ERROR neutron_lib.callbacks.manager callback.method(resource, event, trigger, payload=payload)
2026-05-08 19:23:16.580 10 ERROR neutron_lib.callbacks.manager
File "/var/lib/openstack/lib/python3.10/site-packages/neutron/services/ovn_l3/plugin.py", line 391, in _port_update
2026-05-08 19:23:16.580 10 ERROR neutron_lib.callbacks.manager l3plugin._ovn_client.update_router_port(context,
2026-05-08 19:23:16.580 10 ERROR neutron_lib.callbacks.manager
File "/var/lib/openstack/lib/python3.10/site-packages/neutron/plugins/ml2/drivers/ovn/mech_driver/ovsdb/ovn_client.py", line 1878, in update_router_port
2026-05-08 19:23:16.580 10 ERROR neutron_lib.callbacks.manager self._update_lrouter_port(context, port, if_exists=if_exists,
2026-05-08 19:23:16.580 10 ERROR neutron_lib.callbacks.manager
File "/var/lib/openstack/lib/python3.10/site-packages/neutron/plugins/ml2/drivers/ovn/mech_driver/ovsdb/ovn_client.py", line 1855, in _update_lrouter_port
2026-05-08 19:23:16.580 10 ERROR neutron_lib.callbacks.manager external_ids = self._nb_idl.db_get(
2026-05-08 19:23:16.580 10 ERROR neutron_lib.callbacks.manager
File "/var/lib/openstack/lib/python3.10/site-packages/ovsdbapp/backend/ovs_idl/command.py", line 47, in execute
2026-05-08 19:23:16.580 10 ERROR neutron_lib.callbacks.manager self.run_idl(None)
2026-05-08 19:23:16.580 10 ERROR neutron_lib.callbacks.manager
File "/var/lib/openstack/lib/python3.10/site-packages/ovsdbapp/backend/ovs_idl/command.py", line 235, in run_idl
2026-05-08 19:23:16.580 10 ERROR neutron_lib.callbacks.manager record = self.api.lookup(self.table, self.record)
2026-05-08 19:23:16.580 10 ERROR neutron_lib.callbacks.manager
File "/var/lib/openstack/lib/python3.10/site-packages/ovsdbapp/backend/ovs_idl/__init__.py", line 184, in lookup
2026-05-08 19:23:16.580 10 ERROR neutron_lib.callbacks.manager return self._lookup(table, record)
2026-05-08 19:23:16.580 10 ERROR neutron_lib.callbacks.manager
File "/var/lib/openstack/lib/python3.10/site-packages/ovsdbapp/backend/ovs_idl/__init__.py", line 235, in _lookup
2026-05-08 19:23:16.580 10 ERROR neutron_lib.callbacks.manager row = idlutils.row_by_value(self, rl.table, rl.column, record)
2026-05-08 19:23:16.580 10 ERROR neutron_lib.callbacks.manager
File "/var/lib/openstack/lib/python3.10/site-packages/ovsdbapp/backend/ovs_idl/idlutils.py", line 114, in row_by_value
2026-05-08 19:23:16.580 10 ERROR neutron_lib.callbacks.manager raise RowNotFound(table=table, col=column, match=match)
2026-05-08 19:23:16.580 10 ERROR neutron_lib.callbacks.manager ovsdbapp.backend.ovs_idl.idlutils.RowNotFound: Cannot find Logical_Router_Port with name=lrp-36cd00c7-7b84-4f31-afb1-f0bc712026cc
2026-05-08 19:23:16.580 10 ERROR neutron_lib.callbacks.manager 
2026-05-08 19:23:16.603 9 INFO neutron.db.ovn_revision_numbers_db [None req-a2f286f7-cf66-4010-b2bf-78af7fe18e08 - - - - - -] Successfully bumped revision number for resource 9318d15f-e6a3-4cd0-90b1-0c86b6cd02f2 (type: ports) to 2
2026-05-08 19:23:16.626 10 INFO neutron.db.ovn_revision_numbers_db [None req-62a9a2c1-b208-49c5-ad9d-44894c6cd71d 0cfdd5e9b9b4447c819ccfa7d0cbcdb8 a9b4695f1c1745aca58d0d56f149f5b2 - - default default] Successfully bumped revision number for resource 3f7176ad-8686-4993-93f1-1862da8b28fe (type: security_group_rules) to 0
2026-05-08 19:23:16.669 10 INFO neutron.db.ovn_revision_numbers_db [None req-62a9a2c1-b208-49c5-ad9d-44894c6cd71d 0cfdd5e9b9b4447c819ccfa7d0cbcdb8 a9b4695f1c1745aca58d0d56f149f5b2 - - default default] Successfully bumped revision number for resource 74ee2ec3-0f5e-40ba-993d-c7c90cd0a607 (type: security_group_rules) to 0
2026-05-08 19:23:16.701 10 INFO neutron.db.ovn_revision_numbers_db [None req-62a9a2c1-b208-49c5-ad9d-44894c6cd71d 0cfdd5e9b9b4447c819ccfa7d0cbcdb8 a9b4695f1c1745aca58d0d56f149f5b2 - - default default] Successfully bumped revision number for resource a9c7b294-0e1b-4009-b64b-ee3103dbcb71 (type: security_group_rules) to 0
2026-05-08 19:23:16.751 10 INFO neutron.wsgi [None req-62a9a2c1-b208-49c5-ad9d-44894c6cd71d 0cfdd5e9b9b4447c819ccfa7d0cbcdb8 a9b4695f1c1745aca58d0d56f149f5b2 - - default default] 10.0.0.69 "GET /v2.0/security-groups?tenant_id=7a9739d385f44847b566f13418233b0e&name=default HTTP/1.1" status: 200 len: 3116 time: 0.8554373
2026-05-08 19:23:16.885 9 INFO neutron.db.ovn_revision_numbers_db [None req-4a876919-8df6-420e-a0ab-08c4514b51e2 0cfdd5e9b9b4447c819ccfa7d0cbcdb8 a9b4695f1c1745aca58d0d56f149f5b2 - - default default] Successfully bumped revision number for resource b6bae2b5-3a97-4343-9588-f81cca64a78d (type: ports) to 1
2026-05-08 19:23:16.898 9 INFO neutron.plugins.ml2.drivers.ovn.mech_driver.mech_driver [None req-49ce1230-f216-4ca1-b461-0cf6f95bc61c - - - - - -] OVN reports status up for port: b6bae2b5-3a97-4343-9588-f81cca64a78d
2026-05-08 19:23:16.908 10 INFO neutron.db.ovn_revision_numbers_db [None req-dc70f3e2-56ca-4efb-b2eb-20aa463af517 0cfdd5e9b9b4447c819ccfa7d0cbcdb8 a9b4695f1c1745aca58d0d56f149f5b2 - - default default] Successfully bumped revision number for resource 36800102-2976-48f6-a6f0-f44b6d9aaa0b (type: ports) to 2
2026-05-08 19:23:16.919 9 INFO neutron.plugins.ml2.plugin [None req-49ce1230-f216-4ca1-b461-0cf6f95bc61c - - - - - -] Attempt 1 to provision port b6bae2b5-3a97-4343-9588-f81cca64a78d
2026-05-08 19:23:16.986 10 INFO neutron.plugins.ml2.drivers.ovn.mech_driver.mech_driver [None req-4f93f530-b8bd-4195-ad50-a2accf5859f6 - - - - - -] OVN reports status up for port: 36cd00c7-7b84-4f31-afb1-f0bc712026cc
2026-05-08 19:23:17.002 9 WARNING neutron.scheduler.dhcp_agent_scheduler [None req-4a876919-8df6-420e-a0ab-08c4514b51e2 0cfdd5e9b9b4447c819ccfa7d0cbcdb8 a9b4695f1c1745aca58d0d56f149f5b2 - - default default] No more DHCP agents
2026-05-08 19:23:17.014 9 WARNING neutron.api.rpc.agentnotifiers.dhcp_rpc_agent_api [None req-4a876919-8df6-420e-a0ab-08c4514b51e2 0cfdd5e9b9b4447c819ccfa7d0cbcdb8 a9b4695f1c1745aca58d0d56f149f5b2 - - default default] Unable to schedule network 04fcc2ca-02b2-4096-be45-0f1a86a5f0c9: no agents available; will retry on subsequent port and subnet creation events.
2026-05-08 19:23:17.016 10 INFO neutron.plugins.ml2.plugin [None req-4f93f530-b8bd-4195-ad50-a2accf5859f6 - - - - - -] Attempt 1 to provision port 36cd00c7-7b84-4f31-afb1-f0bc712026cc
2026-05-08 19:23:17.035 10 INFO neutron.db.ovn_revision_numbers_db [None req-dc70f3e2-56ca-4efb-b2eb-20aa463af517 0cfdd5e9b9b4447c819ccfa7d0cbcdb8 a9b4695f1c1745aca58d0d56f149f5b2 - - default default] Successfully bumped revision number for resource 53730578-0eab-4a27-8604-47d6e71a90c2 (type: subnets) to 0
2026-05-08 19:23:17.049 10 INFO neutron.db.ovn_revision_numbers_db [None req-e769014c-fb02-4081-a699-6d733b3e780d 0cfdd5e9b9b4447c819ccfa7d0cbcdb8 a9b4695f1c1745aca58d0d56f149f5b2 - - default default] Successfully bumped revision number for resource 36cd00c7-7b84-4f31-afb1-f0bc712026cc (type: ports) to 1
2026-05-08 19:23:17.085 10 INFO neutron.wsgi [None req-dc70f3e2-56ca-4efb-b2eb-20aa463af517 0cfdd5e9b9b4447c819ccfa7d0cbcdb8 a9b4695f1c1745aca58d0d56f149f5b2 - - default default] 10.0.0.69 "POST /v2.0/subnets HTTP/1.1" status: 201 len: 874 time: 1.7661824
2026-05-08 19:23:17.145 10 INFO neutron.db.ovn_revision_numbers_db [None req-e9ceb784-acb1-4adb-bf32-035827b5eed5 - - - - - -] Successfully bumped revision number for resource eb686468-8f52-4a9b-a9b3-56fcfd74e745 (type: ports) to 4
2026-05-08 19:23:17.387 10 WARNING neutron.scheduler.dhcp_agent_scheduler [None req-e769014c-fb02-4081-a699-6d733b3e780d 0cfdd5e9b9b4447c819ccfa7d0cbcdb8 a9b4695f1c1745aca58d0d56f149f5b2 - - default default] No more DHCP agents
2026-05-08 19:23:17.407 10 WARNING neutron.api.rpc.agentnotifiers.dhcp_rpc_agent_api [None req-e769014c-fb02-4081-a699-6d733b3e780d 0cfdd5e9b9b4447c819ccfa7d0cbcdb8 a9b4695f1c1745aca58d0d56f149f5b2 - - default default] Unable to schedule network 7cc20444-ed26-4d99-8d83-0681c150c426: no agents available; will retry on subsequent port and subnet creation events.
2026-05-08 19:23:17.433 9 INFO neutron.db.ovn_revision_numbers_db [None req-a2f286f7-cf66-4010-b2bf-78af7fe18e08 - - - - - -] Successfully bumped revision number for resource 9318d15f-e6a3-4cd0-90b1-0c86b6cd02f2 (type: ports) to 4
2026-05-08 19:23:17.629 10 INFO neutron.wsgi [None req-c91a15e1-0487-4836-a650-f4db269a5bba 0cfdd5e9b9b4447c819ccfa7d0cbcdb8 a9b4695f1c1745aca58d0d56f149f5b2 - - default default] 10.0.0.69 "DELETE /v2.0/security-groups/a6c3a74a-79ba-4835-a885-931494e9aced HTTP/1.1" status: 204 len: 168 time: 0.8651552
2026-05-08 19:23:17.862 9 INFO neutron.db.ovn_revision_numbers_db [None req-49ce1230-f216-4ca1-b461-0cf6f95bc61c - - - - - -] Successfully bumped revision number for resource b6bae2b5-3a97-4343-9588-f81cca64a78d (type: ports) to 2
2026-05-08 19:23:18.061 9 ERROR ovsdbapp.backend.ovs_idl.command [None req-49ce1230-f216-4ca1-b461-0cf6f95bc61c - - - - - -] Error executing command (DbGetCommand): ovsdbapp.backend.ovs_idl.idlutils.RowNotFound: Cannot find Logical_Router_Port with name=lrp-b6bae2b5-3a97-4343-9588-f81cca64a78d
2026-05-08 19:23:18.061 9 ERROR ovsdbapp.backend.ovs_idl.command
Traceback (most recent call last):
2026-05-08 19:23:18.061 9 ERROR ovsdbapp.backend.ovs_idl.command
File "/var/lib/openstack/lib/python3.10/site-packages/ovsdbapp/backend/ovs_idl/command.py", line 47, in execute
2026-05-08 19:23:18.061 9 ERROR ovsdbapp.backend.ovs_idl.command self.run_idl(None)
2026-05-08 19:23:18.061 9 ERROR ovsdbapp.backend.ovs_idl.command
File "/var/lib/openstack/lib/python3.10/site-packages/ovsdbapp/backend/ovs_idl/command.py", line 235, in run_idl
2026-05-08 19:23:18.061 9 ERROR ovsdbapp.backend.ovs_idl.command record = self.api.lookup(self.table, self.record)
2026-05-08 19:23:18.061 9 ERROR ovsdbapp.backend.ovs_idl.command
File "/var/lib/openstack/lib/python3.10/site-packages/ovsdbapp/backend/ovs_idl/__init__.py", line 184, in lookup
2026-05-08 19:23:18.061 9 ERROR ovsdbapp.backend.ovs_idl.command return self._lookup(table, record)
2026-05-08 19:23:18.061 9 ERROR ovsdbapp.backend.ovs_idl.command
File "/var/lib/openstack/lib/python3.10/site-packages/ovsdbapp/backend/ovs_idl/__init__.py", line 235, in _lookup
2026-05-08 19:23:18.061 9 ERROR ovsdbapp.backend.ovs_idl.command row = idlutils.row_by_value(self, rl.table, rl.column, record)
2026-05-08 19:23:18.061 9 ERROR ovsdbapp.backend.ovs_idl.command
File "/var/lib/openstack/lib/python3.10/site-packages/ovsdbapp/backend/ovs_idl/idlutils.py", line 114, in row_by_value
2026-05-08 19:23:18.061 9 ERROR ovsdbapp.backend.ovs_idl.command raise RowNotFound(table=table, col=column, match=match)
2026-05-08 19:23:18.061 9 ERROR ovsdbapp.backend.ovs_idl.command ovsdbapp.backend.ovs_idl.idlutils.RowNotFound: Cannot find Logical_Router_Port with name=lrp-b6bae2b5-3a97-4343-9588-f81cca64a78d
2026-05-08 19:23:18.061 9 ERROR ovsdbapp.backend.ovs_idl.command 
2026-05-08 19:23:18.062 9 ERROR neutron_lib.callbacks.manager [None req-49ce1230-f216-4ca1-b461-0cf6f95bc61c - - - - - -] Error during notification for neutron.services.ovn_l3.plugin.OVNL3RouterPlugin._port_update-8741299812079 port, after_update: ovsdbapp.backend.ovs_idl.idlutils.RowNotFound: Cannot find Logical_Router_Port with name=lrp-b6bae2b5-3a97-4343-9588-f81cca64a78d
2026-05-08 19:23:18.062 9 ERROR neutron_lib.callbacks.manager
Traceback (most recent call last):
2026-05-08 19:23:18.062 9 ERROR neutron_lib.callbacks.manager
File "/var/lib/openstack/lib/python3.10/site-packages/neutron_lib/callbacks/manager.py", line 189, in _notify_loop
2026-05-08 19:23:18.062 9 ERROR neutron_lib.callbacks.manager callback.method(resource, event, trigger, payload=payload)
2026-05-08 19:23:18.062 9 ERROR neutron_lib.callbacks.manager
File "/var/lib/openstack/lib/python3.10/site-packages/neutron/services/ovn_l3/plugin.py", line 391, in _port_update
2026-05-08 19:23:18.062 9 ERROR neutron_lib.callbacks.manager l3plugin._ovn_client.update_router_port(context,
2026-05-08 19:23:18.062 9 ERROR neutron_lib.callbacks.manager
File "/var/lib/openstack/lib/python3.10/site-packages/neutron/plugins/ml2/drivers/ovn/mech_driver/ovsdb/ovn_client.py", line 1878, in update_router_port
2026-05-08 19:23:18.062 9 ERROR neutron_lib.callbacks.manager self._update_lrouter_port(context, port, if_exists=if_exists,
2026-05-08 19:23:18.062 9 ERROR neutron_lib.callbacks.manager
File "/var/lib/openstack/lib/python3.10/site-packages/neutron/plugins/ml2/drivers/ovn/mech_driver/ovsdb/ovn_client.py", line 1855, in _update_lrouter_port
2026-05-08 19:23:18.062 9 ERROR neutron_lib.callbacks.manager external_ids = self._nb_idl.db_get(
2026-05-08 19:23:18.062 9 ERROR neutron_lib.callbacks.manager
File "/var/lib/openstack/lib/python3.10/site-packages/ovsdbapp/backend/ovs_idl/command.py", line 47, in execute
2026-05-08 19:23:18.062 9 ERROR neutron_lib.callbacks.manager self.run_idl(None)
2026-05-08 19:23:18.062 9 ERROR neutron_lib.callbacks.manager
File "/var/lib/openstack/lib/python3.10/site-packages/ovsdbapp/backend/ovs_idl/command.py", line 235, in run_idl
2026-05-08 19:23:18.062 9 ERROR neutron_lib.callbacks.manager record = self.api.lookup(self.table, self.record)
2026-05-08 19:23:18.062 9 ERROR neutron_lib.callbacks.manager
File "/var/lib/openstack/lib/python3.10/site-packages/ovsdbapp/backend/ovs_idl/__init__.py", line 184, in lookup
2026-05-08 19:23:18.062 9 ERROR neutron_lib.callbacks.manager return self._lookup(table, record)
2026-05-08 19:23:18.062 9 ERROR neutron_lib.callbacks.manager
File "/var/lib/openstack/lib/python3.10/site-packages/ovsdbapp/backend/ovs_idl/__init__.py", line 235, in _lookup
2026-05-08 19:23:18.062 9 ERROR neutron_lib.callbacks.manager row = idlutils.row_by_value(self, rl.table, rl.column, record)
2026-05-08 19:23:18.062 9 ERROR neutron_lib.callbacks.manager
File "/var/lib/openstack/lib/python3.10/site-packages/ovsdbapp/backend/ovs_idl/idlutils.py", line 114, in row_by_value
2026-05-08 19:23:18.062 9 ERROR neutron_lib.callbacks.manager raise RowNotFound(table=table, col=column, match=match)
2026-05-08 19:23:18.062 9 ERROR neutron_lib.callbacks.manager ovsdbapp.backend.ovs_idl.idlutils.RowNotFound: Cannot find Logical_Router_Port with name=lrp-b6bae2b5-3a97-4343-9588-f81cca64a78d
2026-05-08 19:23:18.062 9 ERROR neutron_lib.callbacks.manager 
2026-05-08 19:23:18.091 9 INFO neutron.db.ovn_revision_numbers_db [None req-a2f286f7-cf66-4010-b2bf-78af7fe18e08 - - - - - -] Successfully bumped revision number for resource 9318d15f-e6a3-4cd0-90b1-0c86b6cd02f2 (type: router_ports) to 4
2026-05-08 19:23:18.193 9 INFO neutron.db.ovn_revision_numbers_db [None req-4a876919-8df6-420e-a0ab-08c4514b51e2 0cfdd5e9b9b4447c819ccfa7d0cbcdb8 a9b4695f1c1745aca58d0d56f149f5b2 - - default default] Successfully bumped revision number for resource b6bae2b5-3a97-4343-9588-f81cca64a78d (type: router_ports) to 1
2026-05-08 19:23:18.199 9 INFO neutron.wsgi [None req-4a876919-8df6-420e-a0ab-08c4514b51e2 0cfdd5e9b9b4447c819ccfa7d0cbcdb8 a9b4695f1c1745aca58d0d56f149f5b2 - - default default] 10.0.0.69 "PUT /v2.0/routers/a9a9247e-a24b-4a31-9491-79dada3d08cf/add_router_interface HTTP/1.1" status: 200 len: 503 time: 3.8306074
2026-05-08 19:23:18.235 10 INFO neutron.db.ovn_revision_numbers_db [None req-e9ceb784-acb1-4adb-bf32-035827b5eed5 - - - - - -] Successfully bumped revision number for resource eb686468-8f52-4a9b-a9b3-56fcfd74e745 (type: router_ports) to 4
