2026-05-08 19:24:25.978 10 INFO neutron.db.ovn_revision_numbers_db [None req-290822ce-f586-458f-9f6a-86e2fbf60ca3 f1242b4e18094efab081447e767d958e 70322fb782cf47d5ab8b70befea78a9b - - default default] Successfully bumped revision number for resource a4b11aa7-c3e3-4020-875c-414658a490c6 (type: ports) to 1
2026-05-08 19:24:26.436 9 INFO neutron.notifiers.nova [-] Nova event matching ['req-663b83a7-a7e8-490e-8d37-fe8238aa74cc'] response: {'server_uuid': '45d1fc9b-c414-4908-83d6-1cfd50d63f25', 'name': 'network-vif-unplugged', 'status': 'completed', 'tag': '854531da-16d9-4667-9530-eba69f984d21', 'code': 200}
2026-05-08 19:24:26.437 9 INFO neutron.notifiers.nova [-] Nova event matching ['req-663b83a7-a7e8-490e-8d37-fe8238aa74cc'] response: {'server_uuid': '45d1fc9b-c414-4908-83d6-1cfd50d63f25', 'name': 'network-vif-unplugged', 'status': 'completed', 'tag': '854531da-16d9-4667-9530-eba69f984d21', 'code': 200}
2026-05-08 19:24:26.437 9 INFO neutron.notifiers.nova [-] Nova event matching ['req-663b83a7-a7e8-490e-8d37-fe8238aa74cc'] response: {'server_uuid': '45d1fc9b-c414-4908-83d6-1cfd50d63f25', 'name': 'network-vif-deleted', 'tag': '854531da-16d9-4667-9530-eba69f984d21', 'status': 'completed', 'code': 200}
2026-05-08 19:24:26.693 10 ERROR ovsdbapp.backend.ovs_idl.command [None req-290822ce-f586-458f-9f6a-86e2fbf60ca3 f1242b4e18094efab081447e767d958e 70322fb782cf47d5ab8b70befea78a9b - - default default] Error executing command (DbGetCommand): ovsdbapp.backend.ovs_idl.idlutils.RowNotFound: Cannot find Logical_Router_Port with name=lrp-a4b11aa7-c3e3-4020-875c-414658a490c6
2026-05-08 19:24:26.693 10 ERROR ovsdbapp.backend.ovs_idl.command
Traceback (most recent call last):
2026-05-08 19:24:26.693 10 ERROR ovsdbapp.backend.ovs_idl.command
File "/var/lib/openstack/lib/python3.10/site-packages/ovsdbapp/backend/ovs_idl/command.py", line 47, in execute
2026-05-08 19:24:26.693 10 ERROR ovsdbapp.backend.ovs_idl.command self.run_idl(None)
2026-05-08 19:24:26.693 10 ERROR ovsdbapp.backend.ovs_idl.command
File "/var/lib/openstack/lib/python3.10/site-packages/ovsdbapp/backend/ovs_idl/command.py", line 235, in run_idl
2026-05-08 19:24:26.693 10 ERROR ovsdbapp.backend.ovs_idl.command record = self.api.lookup(self.table, self.record)
2026-05-08 19:24:26.693 10 ERROR ovsdbapp.backend.ovs_idl.command
File "/var/lib/openstack/lib/python3.10/site-packages/ovsdbapp/backend/ovs_idl/__init__.py", line 184, in lookup
2026-05-08 19:24:26.693 10 ERROR ovsdbapp.backend.ovs_idl.command return self._lookup(table, record)
2026-05-08 19:24:26.693 10 ERROR ovsdbapp.backend.ovs_idl.command
File "/var/lib/openstack/lib/python3.10/site-packages/ovsdbapp/backend/ovs_idl/__init__.py", line 235, in _lookup
2026-05-08 19:24:26.693 10 ERROR ovsdbapp.backend.ovs_idl.command row = idlutils.row_by_value(self, rl.table, rl.column, record)
2026-05-08 19:24:26.693 10 ERROR ovsdbapp.backend.ovs_idl.command
File "/var/lib/openstack/lib/python3.10/site-packages/ovsdbapp/backend/ovs_idl/idlutils.py", line 114, in row_by_value
2026-05-08 19:24:26.693 10 ERROR ovsdbapp.backend.ovs_idl.command raise RowNotFound(table=table, col=column, match=match)
2026-05-08 19:24:26.693 10 ERROR ovsdbapp.backend.ovs_idl.command ovsdbapp.backend.ovs_idl.idlutils.RowNotFound: Cannot find Logical_Router_Port with name=lrp-a4b11aa7-c3e3-4020-875c-414658a490c6
2026-05-08 19:24:26.693 10 ERROR ovsdbapp.backend.ovs_idl.command 
2026-05-08 19:24:26.693 10 ERROR neutron_lib.callbacks.manager [None req-290822ce-f586-458f-9f6a-86e2fbf60ca3 f1242b4e18094efab081447e767d958e 70322fb782cf47d5ab8b70befea78a9b - - default default] Error during notification for neutron.services.ovn_l3.plugin.OVNL3RouterPlugin._port_update-8741299812079 port, after_update: ovsdbapp.backend.ovs_idl.idlutils.RowNotFound: Cannot find Logical_Router_Port with name=lrp-a4b11aa7-c3e3-4020-875c-414658a490c6
2026-05-08 19:24:26.693 10 ERROR neutron_lib.callbacks.manager
Traceback (most recent call last):
2026-05-08 19:24:26.693 10 ERROR neutron_lib.callbacks.manager
File "/var/lib/openstack/lib/python3.10/site-packages/neutron_lib/callbacks/manager.py", line 189, in _notify_loop
2026-05-08 19:24:26.693 10 ERROR neutron_lib.callbacks.manager callback.method(resource, event, trigger, payload=payload)
2026-05-08 19:24:26.693 10 ERROR neutron_lib.callbacks.manager
File "/var/lib/openstack/lib/python3.10/site-packages/neutron/services/ovn_l3/plugin.py", line 391, in _port_update
2026-05-08 19:24:26.693 10 ERROR neutron_lib.callbacks.manager l3plugin._ovn_client.update_router_port(context,
2026-05-08 19:24:26.693 10 ERROR neutron_lib.callbacks.manager
File "/var/lib/openstack/lib/python3.10/site-packages/neutron/plugins/ml2/drivers/ovn/mech_driver/ovsdb/ovn_client.py", line 1878, in update_router_port
2026-05-08 19:24:26.693 10 ERROR neutron_lib.callbacks.manager self._update_lrouter_port(context, port, if_exists=if_exists,
2026-05-08 19:24:26.693 10 ERROR neutron_lib.callbacks.manager
File "/var/lib/openstack/lib/python3.10/site-packages/neutron/plugins/ml2/drivers/ovn/mech_driver/ovsdb/ovn_client.py", line 1855, in _update_lrouter_port
2026-05-08 19:24:26.693 10 ERROR neutron_lib.callbacks.manager external_ids = self._nb_idl.db_get(
2026-05-08 19:24:26.693 10 ERROR neutron_lib.callbacks.manager
File "/var/lib/openstack/lib/python3.10/site-packages/ovsdbapp/backend/ovs_idl/command.py", line 47, in execute
2026-05-08 19:24:26.693 10 ERROR neutron_lib.callbacks.manager self.run_idl(None)
2026-05-08 19:24:26.693 10 ERROR neutron_lib.callbacks.manager
File "/var/lib/openstack/lib/python3.10/site-packages/ovsdbapp/backend/ovs_idl/command.py", line 235, in run_idl
2026-05-08 19:24:26.693 10 ERROR neutron_lib.callbacks.manager record = self.api.lookup(self.table, self.record)
2026-05-08 19:24:26.693 10 ERROR neutron_lib.callbacks.manager
File "/var/lib/openstack/lib/python3.10/site-packages/ovsdbapp/backend/ovs_idl/__init__.py", line 184, in lookup
2026-05-08 19:24:26.693 10 ERROR neutron_lib.callbacks.manager return self._lookup(table, record)
2026-05-08 19:24:26.693 10 ERROR neutron_lib.callbacks.manager
File "/var/lib/openstack/lib/python3.10/site-packages/ovsdbapp/backend/ovs_idl/__init__.py", line 235, in _lookup
2026-05-08 19:24:26.693 10 ERROR neutron_lib.callbacks.manager row = idlutils.row_by_value(self, rl.table, rl.column, record)
2026-05-08 19:24:26.693 10 ERROR neutron_lib.callbacks.manager
File "/var/lib/openstack/lib/python3.10/site-packages/ovsdbapp/backend/ovs_idl/idlutils.py", line 114, in row_by_value
2026-05-08 19:24:26.693 10 ERROR neutron_lib.callbacks.manager raise RowNotFound(table=table, col=column, match=match)
2026-05-08 19:24:26.693 10 ERROR neutron_lib.callbacks.manager ovsdbapp.backend.ovs_idl.idlutils.RowNotFound: Cannot find Logical_Router_Port with name=lrp-a4b11aa7-c3e3-4020-875c-414658a490c6
2026-05-08 19:24:26.693 10 ERROR neutron_lib.callbacks.manager  /var/lib/openstack/lib/python3.10/site-packages/pycadf/identifier.py:71: UserWarning: Invalid uuid: neutron. To ensure interoperability, identifiers should be a valid uuid. warnings.warn(('Invalid uuid: %s. To ensure interoperability, '
2026-05-08 19:24:26.901 10 INFO neutron.plugins.ml2.drivers.ovn.mech_driver.mech_driver [None req-4f93f530-b8bd-4195-ad50-a2accf5859f6 - - - - - -] OVN reports status up for port: a4b11aa7-c3e3-4020-875c-414658a490c6
2026-05-08 19:24:26.913 10 INFO neutron.plugins.ml2.plugin [None req-4f93f530-b8bd-4195-ad50-a2accf5859f6 - - - - - -] Attempt 1 to provision port a4b11aa7-c3e3-4020-875c-414658a490c6
2026-05-08 19:24:26.945 10 INFO neutron.db.ovn_revision_numbers_db [None req-290822ce-f586-458f-9f6a-86e2fbf60ca3 f1242b4e18094efab081447e767d958e 70322fb782cf47d5ab8b70befea78a9b - - default default] Successfully bumped revision number for resource a4b11aa7-c3e3-4020-875c-414658a490c6 (type: ports) to 1
2026-05-08 19:24:27.058 10 WARNING neutron.scheduler.dhcp_agent_scheduler [None req-290822ce-f586-458f-9f6a-86e2fbf60ca3 f1242b4e18094efab081447e767d958e 70322fb782cf47d5ab8b70befea78a9b - - default default] No more DHCP agents
2026-05-08 19:24:27.063 10 WARNING neutron.api.rpc.agentnotifiers.dhcp_rpc_agent_api [None req-290822ce-f586-458f-9f6a-86e2fbf60ca3 f1242b4e18094efab081447e767d958e 70322fb782cf47d5ab8b70befea78a9b - - default default] Unable to schedule network ef9cfc04-1cc6-4ac9-bfc7-0f7a7262412e: no agents available; will retry on subsequent port and subnet creation events.
2026-05-08 19:24:27.111 10 INFO neutron.wsgi [None req-b359d2cd-d97a-4caf-a897-901c2452da38 1bbea3f744554b1e8a6d164656285c5a 3868f6145b234dd9b64c66593abaf2c3 - - default default] 10.0.0.69 "DELETE /v2.0/security-groups/0cf24753-573e-41fd-a19a-9f6e22c21472 HTTP/1.1" status: 204 len: 168 time: 0.2482405
2026-05-08 19:24:27.141 9 INFO neutron.api.v2.resource [None req-dfc5ea22-ec11-4aa4-a671-07f1937d891f 1bbea3f744554b1e8a6d164656285c5a 3868f6145b234dd9b64c66593abaf2c3 - - default default] show failed (client error): The resource could not be found.
2026-05-08 19:24:27.143 9 INFO neutron.wsgi [None req-dfc5ea22-ec11-4aa4-a671-07f1937d891f 1bbea3f744554b1e8a6d164656285c5a 3868f6145b234dd9b64c66593abaf2c3 - - default default] 10.0.0.69 "GET /v2.0/security-groups/0cf24753-573e-41fd-a19a-9f6e22c21472 HTTP/1.1" status: 404 len: 347 time: 0.0243647
2026-05-08 19:24:27.433 10 INFO neutron.db.ovn_revision_numbers_db [None req-290822ce-f586-458f-9f6a-86e2fbf60ca3 f1242b4e18094efab081447e767d958e 70322fb782cf47d5ab8b70befea78a9b - - default default] Successfully bumped revision number for resource a4b11aa7-c3e3-4020-875c-414658a490c6 (type: router_ports) to 1
2026-05-08 19:24:27.439 10 INFO neutron.wsgi [None req-290822ce-f586-458f-9f6a-86e2fbf60ca3 f1242b4e18094efab081447e767d958e 70322fb782cf47d5ab8b70befea78a9b - - default default] 10.0.0.69 "PUT /v2.0/routers/86dd51ba-f79c-44dc-b928-a676ad7ff105/add_router_interface HTTP/1.1" status: 200 len: 503 time: 2.2436471
2026-05-08 19:24:27.564 10 INFO neutron.wsgi [None req-1a960086-c6b6-40a3-844a-358855f3b1dc f1242b4e18094efab081447e767d958e 70322fb782cf47d5ab8b70befea78a9b - - default default] 10.0.0.69 "GET /v2.0/ports/a4b11aa7-c3e3-4020-875c-414658a490c6 HTTP/1.1" status: 200 len: 1137 time: 0.1205888
2026-05-08 19:24:27.607 10 INFO neutron.db.ovn_revision_numbers_db [None req-4f93f530-b8bd-4195-ad50-a2accf5859f6 - - - - - -] Successfully bumped revision number for resource a4b11aa7-c3e3-4020-875c-414658a490c6 (type: ports) to 2
2026-05-08 19:24:27.608 9 WARNING neutron_lib.context [None req-4d99006c-4a4c-4785-a357-ffa5fe7de505 ace558041fe0419b837eff6be546526a 67fa4b76947440af92045f779ae48451 - - default default] Method 'is_advsvc' is deprecated since 2023.2 release (neutron-lib 3.8.0) and will be removed once support for the old RBAC API policies will be removed from Neutron. Please use method 'is_service_role' instead.
2026-05-08 19:24:27.614 10 INFO neutron.wsgi [None req-8864f4c6-a376-42c4-81ce-da6d3f48cfbf f1242b4e18094efab081447e767d958e 70322fb782cf47d5ab8b70befea78a9b - - default default] 10.0.0.69 "GET /v2.0/ports/a4b11aa7-c3e3-4020-875c-414658a490c6 HTTP/1.1" status: 200 len: 1137 time: 0.0359013
2026-05-08 19:24:27.700 9 INFO neutron.wsgi [None req-87ecff74-3e37-4972-a5b4-feaf60a17f51 1bbea3f744554b1e8a6d164656285c5a 3868f6145b234dd9b64c66593abaf2c3 - - default default] 10.0.0.69 "DELETE /v2.0/floatingips/e7f19c87-4563-4963-963c-13e2b69df5ff HTTP/1.1" status: 204 len: 168 time: 0.5527666
2026-05-08 19:24:27.778 10 INFO neutron.db.ovn_revision_numbers_db [None req-4f93f530-b8bd-4195-ad50-a2accf5859f6 - - - - - -] Successfully bumped revision number for resource a4b11aa7-c3e3-4020-875c-414658a490c6 (type: router_ports) to 2
2026-05-08 19:24:27.855 9 INFO neutron.db.ovn_revision_numbers_db [None req-4d99006c-4a4c-4785-a357-ffa5fe7de505 ace558041fe0419b837eff6be546526a 67fa4b76947440af92045f779ae48451 - - default default] Successfully bumped revision number for resource e5068b19-0ec1-4376-9e2c-4e5568372390 (type: security_groups) to 1
2026-05-08 19:24:27.877 9 INFO neutron.db.ovn_revision_numbers_db [None req-4d99006c-4a4c-4785-a357-ffa5fe7de505 ace558041fe0419b837eff6be546526a 67fa4b76947440af92045f779ae48451 - - default default] Successfully bumped revision number for resource 00afdc7a-4459-4d15-a7ca-1b7c8fa6c7a9 (type: security_group_rules) to 0
2026-05-08 19:24:27.904 9 INFO neutron.db.ovn_revision_numbers_db [None req-4d99006c-4a4c-4785-a357-ffa5fe7de505 ace558041fe0419b837eff6be546526a 67fa4b76947440af92045f779ae48451 - - default default] Successfully bumped revision number for resource 2796c9d2-53ad-4da0-ba14-84fa6ef35d95 (type: security_group_rules) to 0
2026-05-08 19:24:27.919 9 INFO neutron.db.ovn_revision_numbers_db [None req-4d99006c-4a4c-4785-a357-ffa5fe7de505 ace558041fe0419b837eff6be546526a 67fa4b76947440af92045f779ae48451 - - default default] Successfully bumped revision number for resource e662a1dd-bf14-416e-b77d-5ca2fda954b3 (type: security_group_rules) to 0
2026-05-08 19:24:27.947 9 INFO neutron.db.ovn_revision_numbers_db [None req-4d99006c-4a4c-4785-a357-ffa5fe7de505 ace558041fe0419b837eff6be546526a 67fa4b76947440af92045f779ae48451 - - default default] Successfully bumped revision number for resource e694d179-c84d-43fe-9eaf-db5bf0791227 (type: security_group_rules) to 0
2026-05-08 19:24:28.007 9 INFO neutron.db.segments_db [None req-4d99006c-4a4c-4785-a357-ffa5fe7de505 ace558041fe0419b837eff6be546526a 67fa4b76947440af92045f779ae48451 - - default default] Added segment e0e261fe-f204-4593-8a0b-321365ed687e of type geneve for network 2339b8b6-7a1e-489b-b351-6b4374d56574
2026-05-08 19:24:28.191 9 INFO neutron.db.ovn_revision_numbers_db [None req-4d99006c-4a4c-4785-a357-ffa5fe7de505 ace558041fe0419b837eff6be546526a 67fa4b76947440af92045f779ae48451 - - default default] Successfully bumped revision number for resource 2339b8b6-7a1e-489b-b351-6b4374d56574 (type: networks) to 1
2026-05-08 19:24:28.431 9 INFO neutron.wsgi [req-c96af7d3-374f-4127-9ee2-3a6d099e78df req-fbfd7d6d-2253-4ec0-8aae-7491f5f50786 a880ab1ff28b4942854d0fac3d171317 6f03a6402fd6436d8f8e468b1a21e726 - - default default] 10.0.0.134 "GET /v2.0/ports?device_id=1dc80981-bd1a-4ed1-a352-19f618a04f1a HTTP/1.1" status: 200 len: 1170 time: 0.1528900
2026-05-08 19:24:28.494 9 WARNING neutron.scheduler.dhcp_agent_scheduler [None req-4d99006c-4a4c-4785-a357-ffa5fe7de505 ace558041fe0419b837eff6be546526a 67fa4b76947440af92045f779ae48451 - - default default] No more DHCP agents
2026-05-08 19:24:28.502 9 WARNING neutron.api.rpc.agentnotifiers.dhcp_rpc_agent_api [None req-4d99006c-4a4c-4785-a357-ffa5fe7de505 ace558041fe0419b837eff6be546526a 67fa4b76947440af92045f779ae48451 - - default default] Unable to schedule network 2339b8b6-7a1e-489b-b351-6b4374d56574: no agents available; will retry on subsequent port and subnet creation events.
2026-05-08 19:24:28.754 9 INFO neutron.wsgi [req-c96af7d3-374f-4127-9ee2-3a6d099e78df req-8a0a3f83-6d36-4546-b60b-9eef671594b7 a880ab1ff28b4942854d0fac3d171317 6f03a6402fd6436d8f8e468b1a21e726 - - default default] 10.0.0.134 "GET /v2.0/security-groups?id=7f643a29-467c-41ef-9752-09fcd33ebab1&fields=id&fields=name HTTP/1.1" status: 200 len: 313 time: 0.3127494
2026-05-08 19:24:28.804 9 INFO neutron.wsgi [None req-507e350a-51b5-4fea-a859-a83c96f4d9cc f1242b4e18094efab081447e767d958e 70322fb782cf47d5ab8b70befea78a9b - - default default] 10.0.0.69 "PUT /v2.0/routers/86dd51ba-f79c-44dc-b928-a676ad7ff105/remove_router_interface HTTP/1.1" status: 200 len: 503 time: 1.1837249 /var/lib/openstack/lib/python3.10/site-packages/pycadf/identifier.py:71: UserWarning: Invalid uuid: neutron. To ensure interoperability, identifiers should be a valid uuid. warnings.warn(('Invalid uuid: %s. To ensure interoperability, '
2026-05-08 19:24:28.841 9 INFO neutron.wsgi [None req-a959eb1b-c7be-4df9-8d9d-532cff08d471 f1242b4e18094efab081447e767d958e 70322fb782cf47d5ab8b70befea78a9b - - default default] 10.0.0.69 "GET /v2.0/ports?device_id=86dd51ba-f79c-44dc-b928-a676ad7ff105 HTTP/1.1" status: 200 len: 205 time: 0.0180566
2026-05-08 19:24:28.865 9 INFO neutron.db.ovn_revision_numbers_db [None req-4d99006c-4a4c-4785-a357-ffa5fe7de505 ace558041fe0419b837eff6be546526a 67fa4b76947440af92045f779ae48451 - - default default] Successfully bumped revision number for resource 893381b9-d8cb-4fbc-98ad-d4e802161e96 (type: ports) to 1
2026-05-08 19:24:28.916 9 INFO neutron.wsgi [None req-4d99006c-4a4c-4785-a357-ffa5fe7de505 ace558041fe0419b837eff6be546526a 67fa4b76947440af92045f779ae48451 - - default default] 10.0.0.69 "POST /v2.0/networks HTTP/1.1" status: 201 len: 847 time: 1.4774039
2026-05-08 19:24:28.937 9 WARNING neutron_lib.context [None req-2aeec646-e72f-4163-9596-5a61edc6f5ec ace558041fe0419b837eff6be546526a 67fa4b76947440af92045f779ae48451 - - default default] Method 'is_advsvc' is deprecated since 2023.2 release (neutron-lib 3.8.0) and will be removed once support for the old RBAC API policies will be removed from Neutron. Please use method 'is_service_role' instead.
2026-05-08 19:24:29.080 9 INFO neutron.wsgi [req-a9286bbe-cf7b-4d8d-9672-bcd00be610c7 req-1105eea5-c159-4c4c-9107-dd8fea824875 a880ab1ff28b4942854d0fac3d171317 6f03a6402fd6436d8f8e468b1a21e726 - - default default] 10.0.0.134 "GET /v2.0/ports?device_id=1dc80981-bd1a-4ed1-a352-19f618a04f1a HTTP/1.1" status: 200 len: 1170 time: 0.1007550
2026-05-08 19:24:29.158 10 INFO neutron.wsgi [None req-86402650-f2e6-4991-80e8-7cfd42f3ec32 0cfdd5e9b9b4447c819ccfa7d0cbcdb8 a9b4695f1c1745aca58d0d56f149f5b2 - - default default] 10.0.0.69 "PUT /v2.0/routers/df325718-cc4c-4141-af23-a539b7c35073/remove_router_interface HTTP/1.1" status: 200 len: 503 time: 1.4517524 /var/lib/openstack/lib/python3.10/site-packages/pycadf/identifier.py:71: UserWarning: Invalid uuid: neutron. To ensure interoperability, identifiers should be a valid uuid. warnings.warn(('Invalid uuid: %s. To ensure interoperability, '
2026-05-08 19:24:29.229 9 INFO neutron.wsgi [req-a9286bbe-cf7b-4d8d-9672-bcd00be610c7 req-41d5975d-ef7b-4ad3-b8fb-e1313a1962d7 a880ab1ff28b4942854d0fac3d171317 6f03a6402fd6436d8f8e468b1a21e726 - - default default] 10.0.0.134 "GET /v2.0/security-groups?id=7f643a29-467c-41ef-9752-09fcd33ebab1&fields=id&fields=name HTTP/1.1" status: 200 len: 313 time: 0.1238577
2026-05-08 19:24:29.352 9 INFO neutron.wsgi [None req-760cf2dd-0a63-4daa-9225-bcb378778659 f1242b4e18094efab081447e767d958e 70322fb782cf47d5ab8b70befea78a9b - - default default] 10.0.0.69 "DELETE /v2.0/routers/86dd51ba-f79c-44dc-b928-a676ad7ff105 HTTP/1.1" status: 204 len: 168 time: 0.5069387
2026-05-08 19:24:29.358 9 INFO neutron.wsgi [req-dc995d17-f5b5-4e7c-964a-5bb9bbc34dc3 req-35027717-6ce7-42e3-b00a-7dbd3774cf6a a880ab1ff28b4942854d0fac3d171317 6f03a6402fd6436d8f8e468b1a21e726 - - default default] 199.204.45.238 "GET /v2.0/ports?device_id=1dc80981-bd1a-4ed1-a352-19f618a04f1a HTTP/1.1" status: 200 len: 1170 time: 0.0701914
2026-05-08 19:24:29.467 9 WARNING neutron.scheduler.dhcp_agent_scheduler [None req-2aeec646-e72f-4163-9596-5a61edc6f5ec ace558041fe0419b837eff6be546526a 67fa4b76947440af92045f779ae48451 - - default default] No more DHCP agents
2026-05-08 19:24:29.470 9 WARNING neutron.api.rpc.agentnotifiers.dhcp_rpc_agent_api [None req-2aeec646-e72f-4163-9596-5a61edc6f5ec ace558041fe0419b837eff6be546526a 67fa4b76947440af92045f779ae48451 - - default default] Unable to schedule network 2339b8b6-7a1e-489b-b351-6b4374d56574: no agents available; will retry on subsequent port and subnet creation events.
2026-05-08 19:24:29.519 9 INFO neutron.db.ovn_revision_numbers_db [None req-2aeec646-e72f-4163-9596-5a61edc6f5ec ace558041fe0419b837eff6be546526a 67fa4b76947440af92045f779ae48451 - - default default] Successfully bumped revision number for resource 9662b62f-4125-42a2-8649-140e6ffbca6b (type: subnets) to 0
2026-05-08 19:24:29.537 9 INFO neutron.wsgi [None req-2aeec646-e72f-4163-9596-5a61edc6f5ec ace558041fe0419b837eff6be546526a 67fa4b76947440af92045f779ae48451 - - default default] 10.0.0.69 "POST /v2.0/subnets HTTP/1.1" status: 201 len: 802 time: 0.6166601
2026-05-08 19:24:29.551 9 WARNING neutron_lib.context [None req-ad195dfe-dc3f-40c8-8f4c-21e8b4f8510d ace558041fe0419b837eff6be546526a 67fa4b76947440af92045f779ae48451 - - default default] Method 'is_advsvc' is deprecated since 2023.2 release (neutron-lib 3.8.0) and will be removed once support for the old RBAC API policies will be removed from Neutron. Please use method 'is_service_role' instead.
2026-05-08 19:24:29.645 10 INFO neutron.wsgi [None req-dac6bbdb-09f4-4f2c-a39d-08e132279cea f1242b4e18094efab081447e767d958e 70322fb782cf47d5ab8b70befea78a9b - - default default] 10.0.0.69 "DELETE /v2.0/subnets/7338028e-e2b7-4bff-a3b1-a137e8441a1e HTTP/1.1" status: 204 len: 168 time: 0.2870622
2026-05-08 19:24:29.861 9 INFO neutron.db.l3_db [req-dc995d17-f5b5-4e7c-964a-5bb9bbc34dc3 req-d1cce93d-414d-4dd3-b437-98de8c3e3b9a a880ab1ff28b4942854d0fac3d171317 6f03a6402fd6436d8f8e468b1a21e726 - - default default] Floating IP 49ef592f-e3c8-40df-bffb-26da62068a9c disassociated. External IP: 10.96.250.201, port: bd19fe6d-9ab9-4af6-b882-5c09774e84c2.
2026-05-08 19:24:30.032 9 INFO neutron.wsgi [req-dc995d17-f5b5-4e7c-964a-5bb9bbc34dc3 req-d1cce93d-414d-4dd3-b437-98de8c3e3b9a a880ab1ff28b4942854d0fac3d171317 6f03a6402fd6436d8f8e468b1a21e726 - - default default] 199.204.45.238 "DELETE /v2.0/ports/bd19fe6d-9ab9-4af6-b882-5c09774e84c2 HTTP/1.1" status: 204 len: 173 time: 0.6673009
2026-05-08 19:24:30.071 9 INFO neutron.notifiers.nova [-] Nova event matching ['req-2071f642-c133-4ec6-8aab-80c98f1720ae'] response: {'server_uuid': '1dc80981-bd1a-4ed1-a352-19f618a04f1a', 'name': 'network-vif-deleted', 'tag': 'bd19fe6d-9ab9-4af6-b882-5c09774e84c2', 'status': 'completed', 'code': 200}
2026-05-08 19:24:30.160 9 WARNING neutron.scheduler.dhcp_agent_scheduler [None req-ad195dfe-dc3f-40c8-8f4c-21e8b4f8510d ace558041fe0419b837eff6be546526a 67fa4b76947440af92045f779ae48451 - - default default] No more DHCP agents
2026-05-08 19:24:30.164 9 WARNING neutron.api.rpc.agentnotifiers.dhcp_rpc_agent_api [None req-ad195dfe-dc3f-40c8-8f4c-21e8b4f8510d ace558041fe0419b837eff6be546526a 67fa4b76947440af92045f779ae48451 - - default default] Unable to schedule network 676c8e7a-402f-40b1-aef0-b49cd55bbf98: no agents available; will retry on subsequent port and subnet creation events.
2026-05-08 19:24:30.196 10 INFO neutron.wsgi [None req-8f267790-60ad-4af1-83b9-4a947db82b87 0cfdd5e9b9b4447c819ccfa7d0cbcdb8 a9b4695f1c1745aca58d0d56f149f5b2 - - default default] 10.0.0.69 "DELETE /v2.0/routers/df325718-cc4c-4141-af23-a539b7c35073 HTTP/1.1" status: 204 len: 168 time: 1.0334425
2026-05-08 19:24:30.291 10 INFO neutron.services.segments.plugin [-] Segment b1cecfcb-f199-4c09-a72f-110ac20c08eb resource provider aggregate not found
2026-05-08 19:24:30.295 10 INFO neutron.services.segments.plugin [-] Segment b1cecfcb-f199-4c09-a72f-110ac20c08eb resource provider aggregate not found
2026-05-08 19:24:30.312 10 INFO neutron.services.segments.plugin [-] Segment b1cecfcb-f199-4c09-a72f-110ac20c08eb resource provider not found; error: Placement Client Error (4xx): {"errors": [{"status": 404, "title": "Not Found", "detail": "The resource could not be found.\n\n No resource provider with uuid b1cecfcb-f199-4c09-a72f-110ac20c08eb found for delete ", "request_id": "req-218814e3-4c70-4818-abbd-bbde1634150f"}]}
2026-05-08 19:24:30.314 10 INFO neutron.services.segments.plugin [-] Segment b1cecfcb-f199-4c09-a72f-110ac20c08eb resource provider not found; error: Placement Client Error (4xx): {"errors": [{"status": 404, "title": "Not Found", "detail": "The resource could not be found.\n\n No resource provider with uuid b1cecfcb-f199-4c09-a72f-110ac20c08eb found for delete ", "request_id": "req-0e18059b-5a33-4eb4-9635-9a60d4af1537"}]}
2026-05-08 19:24:30.344 10 INFO neutron.wsgi [None req-a85fe577-bd9b-42c6-875f-7b49a573ab5f f1242b4e18094efab081447e767d958e 70322fb782cf47d5ab8b70befea78a9b - - default default] 10.0.0.69 "DELETE /v2.0/networks/ef9cfc04-1cc6-4ac9-bfc7-0f7a7262412e HTTP/1.1" status: 204 len: 168 time: 0.6938229
2026-05-08 19:24:30.349 9 INFO neutron.wsgi [req-3b0b4bf3-96c6-4be6-8bfa-9829cf9455ac req-ab6c20f7-8f17-4a34-8399-c1d26866ad8a a880ab1ff28b4942854d0fac3d171317 6f03a6402fd6436d8f8e468b1a21e726 - - default default] 10.0.0.134 "GET /v2.0/ports?device_id=1dc80981-bd1a-4ed1-a352-19f618a04f1a HTTP/1.1" status: 200 len: 210 time: 0.0261729
2026-05-08 19:24:30.363 9 WARNING neutron_lib.context [None req-aa40bc63-9a28-42a3-aeaa-6d57e18d7dde f1242b4e18094efab081447e767d958e 70322fb782cf47d5ab8b70befea78a9b - - default default] Method 'is_advsvc' is deprecated since 2023.2 release (neutron-lib 3.8.0) and will be removed once support for the old RBAC API policies will be removed from Neutron. Please use method 'is_service_role' instead.
2026-05-08 19:24:30.392 10 INFO neutron.wsgi [-] 10.0.0.156 "GET / HTTP/1.1" status: 200 len: 245 time: 0.0021889
2026-05-08 19:24:30.395 10 INFO neutron.wsgi [-] 10.0.0.156 "GET / HTTP/1.1" status: 200 len: 245 time: 0.0015068
2026-05-08 19:24:30.422 9 INFO neutron.db.ovn_revision_numbers_db [None req-ad195dfe-dc3f-40c8-8f4c-21e8b4f8510d ace558041fe0419b837eff6be546526a 67fa4b76947440af92045f779ae48451 - - default default] Successfully bumped revision number for resource 097d7afb-83ca-4eeb-b69d-e0aa7c44f6f3 (type: ports) to 1
2026-05-08 19:24:30.839 9 INFO neutron.wsgi [None req-84d14086-0be7-4fe3-8d20-de7bdf6dde77 0cfdd5e9b9b4447c819ccfa7d0cbcdb8 a9b4695f1c1745aca58d0d56f149f5b2 - - default default] 10.0.0.69 "DELETE /v2.0/subnets/b669c590-35bf-4226-8ab1-11fc587d7da0 HTTP/1.1" status: 204 len: 168 time: 0.6389279
2026-05-08 19:24:31.311 10 INFO neutron.wsgi [None req-f96bf94d-0f09-4c9f-87be-e102b7a13277 0cfdd5e9b9b4447c819ccfa7d0cbcdb8 a9b4695f1c1745aca58d0d56f149f5b2 - - default default] 10.0.0.69 "DELETE /v2.0/networks/48340eb4-6190-48f2-b683-a938953b78ca HTTP/1.1" status: 204 len: 168 time: 0.4652834
2026-05-08 19:24:31.422 9 WARNING neutron.scheduler.dhcp_agent_scheduler [None req-aa40bc63-9a28-42a3-aeaa-6d57e18d7dde f1242b4e18094efab081447e767d958e 70322fb782cf47d5ab8b70befea78a9b - - default default] No more DHCP agents
2026-05-08 19:24:31.423 9 WARNING neutron.api.rpc.agentnotifiers.dhcp_rpc_agent_api [None req-aa40bc63-9a28-42a3-aeaa-6d57e18d7dde f1242b4e18094efab081447e767d958e 70322fb782cf47d5ab8b70befea78a9b - - default default] Unable to schedule network 676c8e7a-402f-40b1-aef0-b49cd55bbf98: no agents available; will retry on subsequent port and subnet creation events.
2026-05-08 19:24:31.566 10 INFO neutron.wsgi [None req-1f9b18f1-a508-4bef-94fe-358431dd697f 0cfdd5e9b9b4447c819ccfa7d0cbcdb8 a9b4695f1c1745aca58d0d56f149f5b2 - - default default] 10.0.0.69 "GET /v2.0/security-groups?tenant_id=3868f6145b234dd9b64c66593abaf2c3&name=default HTTP/1.1" status: 200 len: 3120 time: 0.0432456
2026-05-08 19:24:31.683 9 INFO neutron.db.ovn_revision_numbers_db [None req-aa40bc63-9a28-42a3-aeaa-6d57e18d7dde f1242b4e18094efab081447e767d958e 70322fb782cf47d5ab8b70befea78a9b - - default default] Successfully bumped revision number for resource 88b81dbb-9fca-4910-b406-d6d247b78bf5 (type: ports) to 1
2026-05-08 19:24:31.688 9 INFO neutron.wsgi [None req-b1e0f443-16af-4b18-94e3-1bfbe46b98f4 a880ab1ff28b4942854d0fac3d171317 6f03a6402fd6436d8f8e468b1a21e726 - - default default] 10.0.0.69 "DELETE /v2.0/security-groups/7f643a29-467c-41ef-9752-09fcd33ebab1 HTTP/1.1" status: 204 len: 168 time: 0.2403448
2026-05-08 19:24:31.709 10 INFO neutron.api.v2.resource [None req-73a93b67-86c0-4125-b224-65a8ed411194 a880ab1ff28b4942854d0fac3d171317 6f03a6402fd6436d8f8e468b1a21e726 - - default default] show failed (client error): The resource could not be found.
2026-05-08 19:24:31.711 10 INFO neutron.wsgi [None req-73a93b67-86c0-4125-b224-65a8ed411194 a880ab1ff28b4942854d0fac3d171317 6f03a6402fd6436d8f8e468b1a21e726 - - default default] 10.0.0.69 "GET /v2.0/security-groups/7f643a29-467c-41ef-9752-09fcd33ebab1 HTTP/1.1" status: 404 len: 347 time: 0.0175507
2026-05-08 19:24:31.748 9 INFO neutron.plugins.ml2.drivers.ovn.mech_driver.ovsdb.commands [None req-176501fd-544d-43ca-9152-ee3e8abd1cfd - - - - - -] Schedule LRP lrp-097d7afb-83ca-4eeb-b69d-e0aa7c44f6f3 on gateway 7d983663-5ce5-4903-8622-dd209bdf2bf7 with priority 1
2026-05-08 19:24:31.756 9 INFO neutron.plugins.ml2.drivers.ovn.mech_driver.mech_driver [None req-49ce1230-f216-4ca1-b461-0cf6f95bc61c - - - - - -] OVN reports status up for port: 097d7afb-83ca-4eeb-b69d-e0aa7c44f6f3
2026-05-08 19:24:31.780 9 INFO neutron.plugins.ml2.plugin [None req-49ce1230-f216-4ca1-b461-0cf6f95bc61c - - - - - -] Attempt 1 to provision port 097d7afb-83ca-4eeb-b69d-e0aa7c44f6f3
2026-05-08 19:24:31.802 9 INFO neutron.db.ovn_revision_numbers_db [None req-ad195dfe-dc3f-40c8-8f4c-21e8b4f8510d ace558041fe0419b837eff6be546526a 67fa4b76947440af92045f779ae48451 - - default default] Successfully bumped revision number for resource 097d7afb-83ca-4eeb-b69d-e0aa7c44f6f3 (type: router_ports) to 1
2026-05-08 19:24:31.876 10 INFO neutron.wsgi [None req-969bec03-13bd-4720-9442-ca454419a3eb 0cfdd5e9b9b4447c819ccfa7d0cbcdb8 a9b4695f1c1745aca58d0d56f149f5b2 - - default default] 10.0.0.69 "DELETE /v2.0/security-groups/12220c7f-3071-4237-a892-359d16e6b56c HTTP/1.1" status: 204 len: 168 time: 0.3044200
2026-05-08 19:24:32.140 10 INFO neutron.wsgi [None req-b74226a5-f8a2-4390-ac83-82b3b3046c11 a880ab1ff28b4942854d0fac3d171317 6f03a6402fd6436d8f8e468b1a21e726 - - default default] 10.0.0.69 "DELETE /v2.0/floatingips/49ef592f-e3c8-40df-bffb-26da62068a9c HTTP/1.1" status: 204 len: 168 time: 0.4231763
2026-05-08 19:24:32.185 9 INFO neutron.db.ovn_revision_numbers_db [None req-ad195dfe-dc3f-40c8-8f4c-21e8b4f8510d ace558041fe0419b837eff6be546526a 67fa4b76947440af92045f779ae48451 - - default default] Successfully bumped revision number for resource 559b101a-9864-4750-8fd8-d61ade2a3c69 (type: routers) to 2
2026-05-08 19:24:32.209 9 INFO neutron.wsgi [None req-ad195dfe-dc3f-40c8-8f4c-21e8b4f8510d ace558041fe0419b837eff6be546526a 67fa4b76947440af92045f779ae48451 - - default default] 10.0.0.69 "POST /v2.0/routers HTTP/1.1" status: 201 len: 1153 time: 2.6674714
2026-05-08 19:24:32.337 10 INFO neutron.services.segments.plugin [-] Segment 75e09850-8834-4c80-8359-de32d982a17e resource provider aggregate not found
2026-05-08 19:24:32.343 10 INFO neutron.services.segments.plugin [-] Segment 75e09850-8834-4c80-8359-de32d982a17e resource provider aggregate not found
2026-05-08 19:24:32.356 10 INFO neutron.services.segments.plugin [-] Segment 75e09850-8834-4c80-8359-de32d982a17e resource provider not found; error: Placement Client Error (4xx): {"errors": [{"status": 404, "title": "Not Found", "detail": "The resource could not be found.\n\n No resource provider with uuid 75e09850-8834-4c80-8359-de32d982a17e found for delete ", "request_id": "req-988b40af-ffb7-49ce-9166-c6568aeb408b"}]}
2026-05-08 19:24:32.356 10 INFO neutron.services.segments.plugin [-] Segment 75e09850-8834-4c80-8359-de32d982a17e resource provider not found; error: Placement Client Error (4xx): {"errors": [{"status": 404, "title": "Not Found", "detail": "The resource could not be found.\n\n No resource provider with uuid 75e09850-8834-4c80-8359-de32d982a17e found for delete ", "request_id": "req-c1e3f043-141d-403c-8ef3-48c6ee911d1b"}]}
2026-05-08 19:24:32.615 10 WARNING neutron.plugins.ml2.drivers.ovn.mech_driver.ovsdb.ovn_client [None req-4f93f530-b8bd-4195-ad50-a2accf5859f6 - - - - - -] No port found with ID a4b11aa7-c3e3-4020-875c-414658a490c6: RuntimeError: No port found with ID a4b11aa7-c3e3-4020-875c-414658a490c6
2026-05-08 19:24:32.615 10 INFO neutron.plugins.ml2.drivers.ovn.mech_driver.mech_driver [None req-4f93f530-b8bd-4195-ad50-a2accf5859f6 - - - - - -] OVN reports status down for port: bd19fe6d-9ab9-4af6-b882-5c09774e84c2
2026-05-08 19:24:32.742 9 INFO neutron.plugins.ml2.drivers.ovn.mech_driver.ovsdb.commands [None req-176501fd-544d-43ca-9152-ee3e8abd1cfd - - - - - -] Schedule LRP lrp-88b81dbb-9fca-4910-b406-d6d247b78bf5 on gateway 7d983663-5ce5-4903-8622-dd209bdf2bf7 with priority 1
2026-05-08 19:24:32.756 10 INFO neutron.plugins.ml2.drivers.ovn.mech_driver.mech_driver [None req-4f93f530-b8bd-4195-ad50-a2accf5859f6 - - - - - -] OVN reports status up for port: 88b81dbb-9fca-4910-b406-d6d247b78bf5
2026-05-08 19:24:32.774 10 INFO neutron.plugins.ml2.plugin [None req-4f93f530-b8bd-4195-ad50-a2accf5859f6 - - - - - -] Attempt 1 to provision port 88b81dbb-9fca-4910-b406-d6d247b78bf5
2026-05-08 19:24:32.783 9 INFO neutron.db.ovn_revision_numbers_db [None req-aa40bc63-9a28-42a3-aeaa-6d57e18d7dde f1242b4e18094efab081447e767d958e 70322fb782cf47d5ab8b70befea78a9b - - default default] Successfully bumped revision number for resource 88b81dbb-9fca-4910-b406-d6d247b78bf5 (type: router_ports) to 1
2026-05-08 19:24:32.858 9 INFO neutron.db.ovn_revision_numbers_db [None req-aa40bc63-9a28-42a3-aeaa-6d57e18d7dde f1242b4e18094efab081447e767d958e 70322fb782cf47d5ab8b70befea78a9b - - default default] Successfully bumped revision number for resource 38d78b22-0e30-4f45-baca-5e22b46dda90 (type: routers) to 2
2026-05-08 19:24:32.873 9 INFO neutron.wsgi [None req-aa40bc63-9a28-42a3-aeaa-6d57e18d7dde f1242b4e18094efab081447e767d958e 70322fb782cf47d5ab8b70befea78a9b - - default default] 10.0.0.69 "POST /v2.0/routers HTTP/1.1" status: 201 len: 1146 time: 2.5156100
2026-05-08 19:24:32.957 9 INFO neutron.wsgi [None req-222e50dc-f8f2-49e3-a107-d8c24483b640 f1242b4e18094efab081447e767d958e 70322fb782cf47d5ab8b70befea78a9b - - default default] 10.0.0.69 "GET /v2.0/routers/38d78b22-0e30-4f45-baca-5e22b46dda90 HTTP/1.1" status: 200 len: 1147 time: 0.0796788
2026-05-08 19:24:33.091 9 INFO neutron.wsgi [None req-0e119cc1-4d03-4de3-9fbb-141de0e1f753 f1242b4e18094efab081447e767d958e 70322fb782cf47d5ab8b70befea78a9b - - default default] 10.0.0.69 "GET /v2.0/routers HTTP/1.1" status: 200 len: 1150 time: 0.1296360
2026-05-08 19:24:33.474 10 WARNING neutron.scheduler.dhcp_agent_scheduler [None req-90ff34b5-8c50-4286-b557-e6a7a61bd9ec ace558041fe0419b837eff6be546526a 67fa4b76947440af92045f779ae48451 - - default default] No more DHCP agents
2026-05-08 19:24:33.478 10 WARNING neutron.api.rpc.agentnotifiers.dhcp_rpc_agent_api [None req-90ff34b5-8c50-4286-b557-e6a7a61bd9ec ace558041fe0419b837eff6be546526a 67fa4b76947440af92045f779ae48451 - - default default] Unable to schedule network 2339b8b6-7a1e-489b-b351-6b4374d56574: no agents available; will retry on subsequent port and subnet creation events.
2026-05-08 19:24:33.607 9 INFO neutron.db.ovn_revision_numbers_db [None req-2c2ce9f8-d182-4497-a5e9-291e0ff6ea88 f1242b4e18094efab081447e767d958e 70322fb782cf47d5ab8b70befea78a9b - - default default] Successfully bumped revision number for resource 38d78b22-0e30-4f45-baca-5e22b46dda90 (type: routers) to 3
2026-05-08 19:24:33.614 9 INFO neutron.wsgi [None req-2c2ce9f8-d182-4497-a5e9-291e0ff6ea88 f1242b4e18094efab081447e767d958e 70322fb782cf47d5ab8b70befea78a9b - - default default] 10.0.0.69 "PUT /v2.0/routers/38d78b22-0e30-4f45-baca-5e22b46dda90 HTTP/1.1" status: 200 len: 1154 time: 0.5160842
2026-05-08 19:24:33.717 9 INFO neutron.wsgi [None req-2bc506c1-3df8-4d40-bd53-74cc6b5b3d54 f1242b4e18094efab081447e767d958e 70322fb782cf47d5ab8b70befea78a9b - - default default] 10.0.0.69 "GET /v2.0/routers/38d78b22-0e30-4f45-baca-5e22b46dda90 HTTP/1.1" status: 200 len: 1154 time: 0.0933182
2026-05-08 19:24:33.742 10 INFO neutron.db.ovn_revision_numbers_db [None req-90ff34b5-8c50-4286-b557-e6a7a61bd9ec ace558041fe0419b837eff6be546526a 67fa4b76947440af92045f779ae48451 - - default default] Successfully bumped revision number for resource 2b040c7c-cf54-4387-9d9f-bd3fad3b3aa4 (type: ports) to 1
2026-05-08 19:24:33.743 9 INFO neutron.wsgi [None req-a463b61a-5966-4d0e-9b08-38866760eb69 f1242b4e18094efab081447e767d958e 70322fb782cf47d5ab8b70befea78a9b - - default default] 10.0.0.69 "GET /v2.0/ports?device_id=38d78b22-0e30-4f45-baca-5e22b46dda90 HTTP/1.1" status: 200 len: 205 time: 0.0210598 /var/lib/openstack/lib/python3.10/site-packages/pycadf/identifier.py:71: UserWarning: Invalid uuid: neutron. To ensure interoperability, identifiers should be a valid uuid. warnings.warn(('Invalid uuid: %s. To ensure interoperability, '
2026-05-08 19:24:34.152 10 INFO neutron.db.ovn_revision_numbers_db [None req-6480e4d5-4c3b-45ed-8208-07e3f15cf715 0cfdd5e9b9b4447c819ccfa7d0cbcdb8 a9b4695f1c1745aca58d0d56f149f5b2 - - default default] Successfully bumped revision number for resource 5f3001a9-3dfb-4d73-b9d9-1effef3ea185 (type: security_groups) to 1
2026-05-08 19:24:34.189 10 INFO neutron.db.ovn_revision_numbers_db [None req-6480e4d5-4c3b-45ed-8208-07e3f15cf715 0cfdd5e9b9b4447c819ccfa7d0cbcdb8 a9b4695f1c1745aca58d0d56f149f5b2 - - default default] Successfully bumped revision number for resource 3020b4ac-2469-4034-b35a-7daad3677faf (type: security_group_rules) to 0
2026-05-08 19:24:34.212 10 INFO neutron.db.ovn_revision_numbers_db [None req-6480e4d5-4c3b-45ed-8208-07e3f15cf715 0cfdd5e9b9b4447c819ccfa7d0cbcdb8 a9b4695f1c1745aca58d0d56f149f5b2 - - default default] Successfully bumped revision number for resource 32d935c3-e682-48df-a854-6febe253ba38 (type: security_group_rules) to 0
2026-05-08 19:24:34.242 10 INFO neutron.db.ovn_revision_numbers_db [None req-6480e4d5-4c3b-45ed-8208-07e3f15cf715 0cfdd5e9b9b4447c819ccfa7d0cbcdb8 a9b4695f1c1745aca58d0d56f149f5b2 - - default default] Successfully bumped revision number for resource a58a100e-1643-4edb-812e-a64fc959d143 (type: security_group_rules) to 0
2026-05-08 19:24:34.308 10 INFO neutron.db.ovn_revision_numbers_db [None req-6480e4d5-4c3b-45ed-8208-07e3f15cf715 0cfdd5e9b9b4447c819ccfa7d0cbcdb8 a9b4695f1c1745aca58d0d56f149f5b2 - - default default] Successfully bumped revision number for resource f68777a6-9d56-4dcc-8e4e-20dcd5bbdbb2 (type: security_group_rules) to 0
2026-05-08 19:24:34.315 10 INFO neutron.wsgi [None req-45e4a3e1-cc8f-4150-aac5-63eecc7b3672 0cfdd5e9b9b4447c819ccfa7d0cbcdb8 a9b4695f1c1745aca58d0d56f149f5b2 - - default default] 10.0.0.69 "PUT /v2.0/routers/6be58696-ce4a-430c-ae08-e7bcd29d8e45/remove_router_interface HTTP/1.1" status: 200 len: 503 time: 2.1711545 /var/lib/openstack/lib/python3.10/site-packages/pycadf/identifier.py:71: UserWarning: Invalid uuid: neutron. To ensure interoperability, identifiers should be a valid uuid. warnings.warn(('Invalid uuid: %s. To ensure interoperability, '
2026-05-08 19:24:34.395 10 INFO neutron.db.segments_db [None req-6480e4d5-4c3b-45ed-8208-07e3f15cf715 0cfdd5e9b9b4447c819ccfa7d0cbcdb8 a9b4695f1c1745aca58d0d56f149f5b2 - - default default] Added segment 31baba46-82ed-4b0a-a568-547b27a6cdac of type geneve for network 7a635ba6-a5f9-4c29-b855-61f67afd1012
2026-05-08 19:24:34.545 9 INFO neutron.wsgi [None req-2ae51b57-3af8-49f4-bd5a-f517898ceec5 f1242b4e18094efab081447e767d958e 70322fb782cf47d5ab8b70befea78a9b - - default default] 10.0.0.69 "DELETE /v2.0/routers/38d78b22-0e30-4f45-baca-5e22b46dda90 HTTP/1.1" status: 204 len: 168 time: 0.7950704
2026-05-08 19:24:34.572 9 INFO neutron.wsgi [None req-ad222685-3376-4c13-8203-58447c95ef4b f1242b4e18094efab081447e767d958e 70322fb782cf47d5ab8b70befea78a9b - - default default] 10.0.0.69 "GET /v2.0/ports?device_id=38d78b22-0e30-4f45-baca-5e22b46dda90 HTTP/1.1" status: 200 len: 205 time: 0.0203454
2026-05-08 19:24:34.606 9 INFO neutron.api.v2.resource [None req-c8ef8ef0-eafe-4445-bf7a-2bbaf3cc64fb f1242b4e18094efab081447e767d958e 70322fb782cf47d5ab8b70befea78a9b - - default default] delete failed (client error): The resource could not be found.
2026-05-08 19:24:34.607 9 INFO neutron.wsgi [None req-c8ef8ef0-eafe-4445-bf7a-2bbaf3cc64fb f1242b4e18094efab081447e767d958e 70322fb782cf47d5ab8b70befea78a9b - - default default] 10.0.0.69 "DELETE /v2.0/routers/38d78b22-0e30-4f45-baca-5e22b46dda90 HTTP/1.1" status: 404 len: 336 time: 0.0257373
2026-05-08 19:24:34.628 9 INFO neutron.wsgi [None req-613d3ccf-c786-44cb-b1b6-451cc8844d7c f1242b4e18094efab081447e767d958e 70322fb782cf47d5ab8b70befea78a9b - - default default] 10.0.0.69 "GET /v2.0/ports?device_id=86dd51ba-f79c-44dc-b928-a676ad7ff105 HTTP/1.1" status: 200 len: 205 time: 0.0157251
2026-05-08 19:24:34.650 9 INFO neutron.api.v2.resource [None req-125822bd-c144-4404-8474-43a6a420cda2 f1242b4e18094efab081447e767d958e 70322fb782cf47d5ab8b70befea78a9b - - default default] delete failed (client error): The resource could not be found.
2026-05-08 19:24:34.651 9 INFO neutron.wsgi [None req-125822bd-c144-4404-8474-43a6a420cda2 f1242b4e18094efab081447e767d958e 70322fb782cf47d5ab8b70befea78a9b - - default default] 10.0.0.69 "DELETE /v2.0/routers/86dd51ba-f79c-44dc-b928-a676ad7ff105 HTTP/1.1" status: 404 len: 336 time: 0.0190139
2026-05-08 19:24:34.667 9 INFO neutron.pecan_wsgi.hooks.translation [None req-4f01da95-970d-4713-b3c9-7187c1ed108c f1242b4e18094efab081447e767d958e 70322fb782cf47d5ab8b70befea78a9b - - default default] DELETE failed (client error): The resource could not be found.
2026-05-08 19:24:34.670 9 INFO neutron.wsgi [None req-4f01da95-970d-4713-b3c9-7187c1ed108c f1242b4e18094efab081447e767d958e 70322fb782cf47d5ab8b70befea78a9b - - default default] 10.0.0.69 "DELETE /v2.0/subnets/7338028e-e2b7-4bff-a3b1-a137e8441a1e HTTP/1.1" status: 404 len: 337 time: 0.0142817
2026-05-08 19:24:34.689 9 INFO neutron.wsgi [None req-4e218eaa-e309-456e-9684-99eca639a548 f1242b4e18094efab081447e767d958e 70322fb782cf47d5ab8b70befea78a9b - - default default] 10.0.0.69 "GET /v2.0/ports?device_id=77432820-3f6e-4ed7-add3-af0cb94cfe42 HTTP/1.1" status: 200 len: 205 time: 0.0148146
2026-05-08 19:24:34.715 9 INFO neutron.api.v2.resource [None req-cece202c-5bf3-4a29-b64a-b7b147fabe9a f1242b4e18094efab081447e767d958e 70322fb782cf47d5ab8b70befea78a9b - - default default] delete failed (client error): The resource could not be found.
2026-05-08 19:24:34.716 9 INFO neutron.wsgi [None req-cece202c-5bf3-4a29-b64a-b7b147fabe9a f1242b4e18094efab081447e767d958e 70322fb782cf47d5ab8b70befea78a9b - - default default] 10.0.0.69 "DELETE /v2.0/routers/77432820-3f6e-4ed7-add3-af0cb94cfe42 HTTP/1.1" status: 404 len: 336 time: 0.0219567
2026-05-08 19:24:34.734 9 INFO neutron.pecan_wsgi.hooks.translation [None req-0421a86d-cea3-4be6-b80c-73c0b32831d2 f1242b4e18094efab081447e767d958e 70322fb782cf47d5ab8b70befea78a9b - - default default] DELETE failed (client error): The resource could not be found.
2026-05-08 19:24:34.736 9 INFO neutron.wsgi [None req-0421a86d-cea3-4be6-b80c-73c0b32831d2 f1242b4e18094efab081447e767d958e 70322fb782cf47d5ab8b70befea78a9b - - default default] 10.0.0.69 "DELETE /v2.0/subnets/6c06e9bf-1e33-46a9-8a96-792c381a692a HTTP/1.1" status: 404 len: 337 time: 0.0151923
2026-05-08 19:24:34.756 9 INFO neutron.wsgi [None req-14b6d93e-88af-462d-ae92-52ce7b6179a7 f1242b4e18094efab081447e767d958e 70322fb782cf47d5ab8b70befea78a9b - - default default] 10.0.0.69 "GET /v2.0/ports?device_id=d4872d77-c396-4ec9-a26d-90f3202aa954 HTTP/1.1" status: 200 len: 205 time: 0.0152504
2026-05-08 19:24:34.780 9 INFO neutron.api.v2.resource [None req-956251f5-2561-4291-b9ca-64b762047bee f1242b4e18094efab081447e767d958e 70322fb782cf47d5ab8b70befea78a9b - - default default] delete failed (client error): The resource could not be found.
2026-05-08 19:24:34.781 9 INFO neutron.wsgi [None req-956251f5-2561-4291-b9ca-64b762047bee f1242b4e18094efab081447e767d958e 70322fb782cf47d5ab8b70befea78a9b - - default default] 10.0.0.69 "DELETE /v2.0/routers/d4872d77-c396-4ec9-a26d-90f3202aa954 HTTP/1.1" status: 404 len: 336 time: 0.0205209
2026-05-08 19:24:34.798 9 INFO neutron.pecan_wsgi.hooks.translation [None req-6e4d0843-060d-48fd-8069-f5e104d3b9f4 f1242b4e18094efab081447e767d958e 70322fb782cf47d5ab8b70befea78a9b - - default default] DELETE failed (client error): The resource could not be found.
2026-05-08 19:24:34.800 9 INFO neutron.wsgi [None req-6e4d0843-060d-48fd-8069-f5e104d3b9f4 f1242b4e18094efab081447e767d958e 70322fb782cf47d5ab8b70befea78a9b - - default default] 10.0.0.69 "DELETE /v2.0/subnets/4ec05ec7-a1c7-40ec-9538-622b3ed98df2 HTTP/1.1" status: 404 len: 337 time: 0.0153623
2026-05-08 19:24:34.818 9 INFO neutron.pecan_wsgi.hooks.translation [None req-8123212d-69be-40ae-aff8-e6fbcbf7ff80 f1242b4e18094efab081447e767d958e 70322fb782cf47d5ab8b70befea78a9b - - default default] DELETE failed (client error): The resource could not be found.
2026-05-08 19:24:34.821 9 INFO neutron.wsgi [None req-8123212d-69be-40ae-aff8-e6fbcbf7ff80 f1242b4e18094efab081447e767d958e 70322fb782cf47d5ab8b70befea78a9b - - default default] 10.0.0.69 "DELETE /v2.0/subnets/50fbdefe-300e-429b-a567-27693e5f2740 HTTP/1.1" status: 404 len: 337 time: 0.0161989
2026-05-08 19:24:34.926 10 INFO neutron.db.ovn_revision_numbers_db [None req-6480e4d5-4c3b-45ed-8208-07e3f15cf715 0cfdd5e9b9b4447c819ccfa7d0cbcdb8 a9b4695f1c1745aca58d0d56f149f5b2 - - default default] Successfully bumped revision number for resource 7a635ba6-a5f9-4c29-b855-61f67afd1012 (type: networks) to 1
2026-05-08 19:24:35.152 10 ERROR ovsdbapp.backend.ovs_idl.command [None req-90ff34b5-8c50-4286-b557-e6a7a61bd9ec ace558041fe0419b837eff6be546526a 67fa4b76947440af92045f779ae48451 - - default default] Error executing command (DbGetCommand): ovsdbapp.backend.ovs_idl.idlutils.RowNotFound: Cannot find Logical_Router_Port with name=lrp-2b040c7c-cf54-4387-9d9f-bd3fad3b3aa4
2026-05-08 19:24:35.152 10 ERROR ovsdbapp.backend.ovs_idl.command
Traceback (most recent call last):
2026-05-08 19:24:35.152 10 ERROR ovsdbapp.backend.ovs_idl.command
File "/var/lib/openstack/lib/python3.10/site-packages/ovsdbapp/backend/ovs_idl/command.py", line 47, in execute
2026-05-08 19:24:35.152 10 ERROR ovsdbapp.backend.ovs_idl.command self.run_idl(None)
2026-05-08 19:24:35.152 10 ERROR ovsdbapp.backend.ovs_idl.command
File "/var/lib/openstack/lib/python3.10/site-packages/ovsdbapp/backend/ovs_idl/command.py", line 235, in run_idl
2026-05-08 19:24:35.152 10 ERROR ovsdbapp.backend.ovs_idl.command record = self.api.lookup(self.table, self.record)
2026-05-08 19:24:35.152 10 ERROR ovsdbapp.backend.ovs_idl.command
File "/var/lib/openstack/lib/python3.10/site-packages/ovsdbapp/backend/ovs_idl/__init__.py", line 184, in lookup
2026-05-08 19:24:35.152 10 ERROR ovsdbapp.backend.ovs_idl.command return self._lookup(table, record)
2026-05-08 19:24:35.152 10 ERROR ovsdbapp.backend.ovs_idl.command
File "/var/lib/openstack/lib/python3.10/site-packages/ovsdbapp/backend/ovs_idl/__init__.py", line 235, in _lookup
2026-05-08 19:24:35.152 10 ERROR ovsdbapp.backend.ovs_idl.command row = idlutils.row_by_value(self, rl.table, rl.column, record)
2026-05-08 19:24:35.152 10 ERROR ovsdbapp.backend.ovs_idl.command
File "/var/lib/openstack/lib/python3.10/site-packages/ovsdbapp/backend/ovs_idl/idlutils.py", line 114, in row_by_value
2026-05-08 19:24:35.152 10 ERROR ovsdbapp.backend.ovs_idl.command raise RowNotFound(table=table, col=column, match=match)
2026-05-08 19:24:35.152 10 ERROR ovsdbapp.backend.ovs_idl.command ovsdbapp.backend.ovs_idl.idlutils.RowNotFound: Cannot find Logical_Router_Port with name=lrp-2b040c7c-cf54-4387-9d9f-bd3fad3b3aa4
2026-05-08 19:24:35.152 10 ERROR ovsdbapp.backend.ovs_idl.command 
2026-05-08 19:24:35.153 10 ERROR neutron_lib.callbacks.manager [None req-90ff34b5-8c50-4286-b557-e6a7a61bd9ec ace558041fe0419b837eff6be546526a 67fa4b76947440af92045f779ae48451 - - default default] Error during notification for neutron.services.ovn_l3.plugin.OVNL3RouterPlugin._port_update-8741299812079 port, after_update: ovsdbapp.backend.ovs_idl.idlutils.RowNotFound: Cannot find Logical_Router_Port with name=lrp-2b040c7c-cf54-4387-9d9f-bd3fad3b3aa4
2026-05-08 19:24:35.153 10 ERROR neutron_lib.callbacks.manager
Traceback (most recent call last):
2026-05-08 19:24:35.153 10 ERROR neutron_lib.callbacks.manager
File "/var/lib/openstack/lib/python3.10/site-packages/neutron_lib/callbacks/manager.py", line 189, in _notify_loop
2026-05-08 19:24:35.153 10 ERROR neutron_lib.callbacks.manager callback.method(resource, event, trigger, payload=payload)
2026-05-08 19:24:35.153 10 ERROR neutron_lib.callbacks.manager
File "/var/lib/openstack/lib/python3.10/site-packages/neutron/services/ovn_l3/plugin.py", line 391, in _port_update
2026-05-08 19:24:35.153 10 ERROR neutron_lib.callbacks.manager l3plugin._ovn_client.update_router_port(context,
2026-05-08 19:24:35.153 10 ERROR neutron_lib.callbacks.manager
File "/var/lib/openstack/lib/python3.10/site-packages/neutron/plugins/ml2/drivers/ovn/mech_driver/ovsdb/ovn_client.py", line 1878, in update_router_port
2026-05-08 19:24:35.153 10 ERROR neutron_lib.callbacks.manager self._update_lrouter_port(context, port, if_exists=if_exists,
2026-05-08 19:24:35.153 10 ERROR neutron_lib.callbacks.manager
File "/var/lib/openstack/lib/python3.10/site-packages/neutron/plugins/ml2/drivers/ovn/mech_driver/ovsdb/ovn_client.py", line 1855, in _update_lrouter_port
2026-05-08 19:24:35.153 10 ERROR neutron_lib.callbacks.manager external_ids = self._nb_idl.db_get(
2026-05-08 19:24:35.153 10 ERROR neutron_lib.callbacks.manager
File "/var/lib/openstack/lib/python3.10/site-packages/ovsdbapp/backend/ovs_idl/command.py", line 47, in execute
2026-05-08 19:24:35.153 10 ERROR neutron_lib.callbacks.manager self.run_idl(None)
2026-05-08 19:24:35.153 10 ERROR neutron_lib.callbacks.manager
File "/var/lib/openstack/lib/python3.10/site-packages/ovsdbapp/backend/ovs_idl/command.py", line 235, in run_idl
2026-05-08 19:24:35.153 10 ERROR neutron_lib.callbacks.manager record = self.api.lookup(self.table, self.record)
2026-05-08 19:24:35.153 10 ERROR neutron_lib.callbacks.manager
File "/var/lib/openstack/lib/python3.10/site-packages/ovsdbapp/backend/ovs_idl/__init__.py", line 184, in lookup
2026-05-08 19:24:35.153 10 ERROR neutron_lib.callbacks.manager return self._lookup(table, record)
2026-05-08 19:24:35.153 10 ERROR neutron_lib.callbacks.manager
File "/var/lib/openstack/lib/python3.10/site-packages/ovsdbapp/backend/ovs_idl/__init__.py", line 235, in _lookup
2026-05-08 19:24:35.153 10 ERROR neutron_lib.callbacks.manager row = idlutils.row_by_value(self, rl.table, rl.column, record)
