2026-09-11 19:03:22.873 7 INFO cinder.api.openstack.wsgi [None req-3c533448-8d4b-4c95-a5eb-a6e525d6630a 65cf3b2478684cf2b5f3543875430204 4dba5907e44941e0b009c7d7dae857a4 - - default default] GET http://10.0.0.243:8776/
2026-09-11 19:03:22.875 8 INFO cinder.api.openstack.wsgi [None req-b84bc271-7e58-48e2-a119-4c714579609b 65cf3b2478684cf2b5f3543875430204 4dba5907e44941e0b009c7d7dae857a4 - - default default] GET http://10.0.0.243:8776/
2026-09-11 19:03:22.875 7 INFO cinder.api.openstack.wsgi [None req-3c533448-8d4b-4c95-a5eb-a6e525d6630a 65cf3b2478684cf2b5f3543875430204 4dba5907e44941e0b009c7d7dae857a4 - - default default] http://10.0.0.243:8776/ returned with HTTP 300
2026-09-11 19:03:22.876 8 INFO cinder.api.openstack.wsgi [None req-b84bc271-7e58-48e2-a119-4c714579609b 65cf3b2478684cf2b5f3543875430204 4dba5907e44941e0b009c7d7dae857a4 - - default default] http://10.0.0.243:8776/ returned with HTTP 300
2026-09-11 19:03:32.872 8 INFO cinder.api.openstack.wsgi [None req-b84bc271-7e58-48e2-a119-4c714579609b 65cf3b2478684cf2b5f3543875430204 4dba5907e44941e0b009c7d7dae857a4 - - default default] GET http://10.0.0.243:8776/
2026-09-11 19:03:32.872 7 INFO cinder.api.openstack.wsgi [None req-3c533448-8d4b-4c95-a5eb-a6e525d6630a 65cf3b2478684cf2b5f3543875430204 4dba5907e44941e0b009c7d7dae857a4 - - default default] GET http://10.0.0.243:8776/
2026-09-11 19:03:32.874 8 INFO cinder.api.openstack.wsgi [None req-b84bc271-7e58-48e2-a119-4c714579609b 65cf3b2478684cf2b5f3543875430204 4dba5907e44941e0b009c7d7dae857a4 - - default default] http://10.0.0.243:8776/ returned with HTTP 300
2026-09-11 19:03:32.874 7 INFO cinder.api.openstack.wsgi [None req-3c533448-8d4b-4c95-a5eb-a6e525d6630a 65cf3b2478684cf2b5f3543875430204 4dba5907e44941e0b009c7d7dae857a4 - - default default] http://10.0.0.243:8776/ returned with HTTP 300 /var/lib/openstack/lib/python3.12/site-packages/pycadf/identifier.py:70: UserWarning: Invalid uuid: cinderv3. To ensure interoperability, identifiers should be a valid uuid. warnings.warn(('Invalid uuid: %s. To ensure interoperability, '
2026-09-11 19:03:41.695 8 INFO cinder.api.openstack.wsgi [None req-9984766c-5113-44b5-a88a-0b0035f532c0 65cf3b2478684cf2b5f3543875430204 4dba5907e44941e0b009c7d7dae857a4 - - default default] GET http://cinder-api.openstack.svc.cluster.local:8776/v3/4dba5907e44941e0b009c7d7dae857a4/snapshots?all_tenants=true
2026-09-11 19:03:41.700 8 INFO cinder.volume.api [None req-9984766c-5113-44b5-a88a-0b0035f532c0 65cf3b2478684cf2b5f3543875430204 4dba5907e44941e0b009c7d7dae857a4 - - default default] Get all snapshots completed successfully.
2026-09-11 19:03:41.701 8 INFO cinder.api.openstack.wsgi [None req-9984766c-5113-44b5-a88a-0b0035f532c0 65cf3b2478684cf2b5f3543875430204 4dba5907e44941e0b009c7d7dae857a4 - - default default] http://cinder-api.openstack.svc.cluster.local:8776/v3/4dba5907e44941e0b009c7d7dae857a4/snapshots?all_tenants=true returned with HTTP 200 [pid: 8|app: 0|req: 539/1087] 10.0.0.13 () {28 vars in 673 bytes} [Fri Sep 11 19:03:41 2026] GET /v3/4dba5907e44941e0b009c7d7dae857a4/snapshots?all_tenants=true => generated 17 bytes in 44 msecs (HTTP/1.1 200) 7 headers in 284 bytes (1 switches on core 0)
2026-09-11 19:03:41.712 7 INFO cinder.api.openstack.wsgi [None req-0cbde056-9851-40c5-8ab4-ec8b20e8e15e 65cf3b2478684cf2b5f3543875430204 4dba5907e44941e0b009c7d7dae857a4 - - default default] GET http://cinder-api.openstack.svc.cluster.local:8776/v3/4dba5907e44941e0b009c7d7dae857a4/volumes/detail?all_tenants=true
2026-09-11 19:03:41.730 7 INFO cinder.volume.api [None req-0cbde056-9851-40c5-8ab4-ec8b20e8e15e 65cf3b2478684cf2b5f3543875430204 4dba5907e44941e0b009c7d7dae857a4 - - default default] Get all volumes completed successfully. /var/lib/openstack/lib/python3.12/site-packages/oslo_context/context.py:100: DeprecationWarning: Policy enforcement is depending on the value of is_admin. This key is deprecated. Please update your policy file to use the standard policy values. warnings.warn('Policy enforcement is depending on the value of '
2026-09-11 19:03:41.739 7 INFO cinder.api.openstack.wsgi [None req-0cbde056-9851-40c5-8ab4-ec8b20e8e15e 65cf3b2478684cf2b5f3543875430204 4dba5907e44941e0b009c7d7dae857a4 - - default default] http://cinder-api.openstack.svc.cluster.local:8776/v3/4dba5907e44941e0b009c7d7dae857a4/volumes/detail?all_tenants=true returned with HTTP 200 [pid: 7|app: 0|req: 549/1088] 10.0.0.13 () {28 vars in 683 bytes} [Fri Sep 11 19:03:41 2026] GET /v3/4dba5907e44941e0b009c7d7dae857a4/volumes/detail?all_tenants=true => generated 1976 bytes in 35 msecs (HTTP/1.1 200) 7 headers in 286 bytes (1 switches on core 0)
2026-09-11 19:03:41.752 8 INFO cinder.api.openstack.wsgi [None req-b98de936-f668-43ef-a6df-c712fb4358c3 65cf3b2478684cf2b5f3543875430204 4dba5907e44941e0b009c7d7dae857a4 - - default default] GET http://cinder-api.openstack.svc.cluster.local:8776/v3/4dba5907e44941e0b009c7d7dae857a4/volumes/detail?all_tenants=true
2026-09-11 19:03:41.770 8 INFO cinder.volume.api [None req-b98de936-f668-43ef-a6df-c712fb4358c3 65cf3b2478684cf2b5f3543875430204 4dba5907e44941e0b009c7d7dae857a4 - - default default] Get all volumes completed successfully. /var/lib/openstack/lib/python3.12/site-packages/oslo_context/context.py:100: DeprecationWarning: Policy enforcement is depending on the value of is_admin. This key is deprecated. Please update your policy file to use the standard policy values. warnings.warn('Policy enforcement is depending on the value of '
2026-09-11 19:03:41.780 8 INFO cinder.api.openstack.wsgi [None req-b98de936-f668-43ef-a6df-c712fb4358c3 65cf3b2478684cf2b5f3543875430204 4dba5907e44941e0b009c7d7dae857a4 - - default default] http://cinder-api.openstack.svc.cluster.local:8776/v3/4dba5907e44941e0b009c7d7dae857a4/volumes/detail?all_tenants=true returned with HTTP 200 [pid: 8|app: 0|req: 540/1089] 10.0.0.13 () {28 vars in 683 bytes} [Fri Sep 11 19:03:41 2026] GET /v3/4dba5907e44941e0b009c7d7dae857a4/volumes/detail?all_tenants=true => generated 1976 bytes in 34 msecs (HTTP/1.1 200) 7 headers in 286 bytes (1 switches on core 0) /var/lib/openstack/lib/python3.12/site-packages/pycadf/identifier.py:70: UserWarning: Invalid uuid: cinderv3. To ensure interoperability, identifiers should be a valid uuid. warnings.warn(('Invalid uuid: %s. To ensure interoperability, '
2026-09-11 19:03:41.801 7 INFO cinder.api.openstack.wsgi [None req-78020710-ccfc-4d1f-b70f-45b9d47869ce 65cf3b2478684cf2b5f3543875430204 4dba5907e44941e0b009c7d7dae857a4 - - default default] GET http://cinder-api.openstack.svc.cluster.local:8776/v3/4dba5907e44941e0b009c7d7dae857a4/os-services
2026-09-11 19:03:41.813 7 INFO cinder.api.openstack.wsgi [None req-78020710-ccfc-4d1f-b70f-45b9d47869ce 65cf3b2478684cf2b5f3543875430204 4dba5907e44941e0b009c7d7dae857a4 - - default default] http://cinder-api.openstack.svc.cluster.local:8776/v3/4dba5907e44941e0b009c7d7dae857a4/os-services returned with HTTP 200 [pid: 7|app: 0|req: 550/1090] 10.0.0.13 () {28 vars in 644 bytes} [Fri Sep 11 19:03:41 2026] GET /v3/4dba5907e44941e0b009c7d7dae857a4/os-services => generated 646 bytes in 29 msecs (HTTP/1.1 200) 7 headers in 285 bytes (1 switches on core 0) /var/lib/openstack/lib/python3.12/site-packages/pycadf/identifier.py:70: UserWarning: Invalid uuid: cinderv3. To ensure interoperability, identifiers should be a valid uuid. warnings.warn(('Invalid uuid: %s. To ensure interoperability, '
2026-09-11 19:03:41.883 8 INFO cinder.api.openstack.wsgi [None req-749069cb-d7d3-4644-b9ca-8f6376e069f5 65cf3b2478684cf2b5f3543875430204 4dba5907e44941e0b009c7d7dae857a4 - - default default] GET http://cinder-api.openstack.svc.cluster.local:8776/v3/4dba5907e44941e0b009c7d7dae857a4/os-quota-sets/45ae700c174746a6a1a517f2fcda456c?usage=true
2026-09-11 19:03:41.912 8 INFO cinder.api.openstack.wsgi [None req-749069cb-d7d3-4644-b9ca-8f6376e069f5 65cf3b2478684cf2b5f3543875430204 4dba5907e44941e0b009c7d7dae857a4 - - default default] http://cinder-api.openstack.svc.cluster.local:8776/v3/4dba5907e44941e0b009c7d7dae857a4/os-quota-sets/45ae700c174746a6a1a517f2fcda456c?usage=true returned with HTTP 200 [pid: 8|app: 0|req: 541/1091] 10.0.0.13 () {28 vars in 735 bytes} [Fri Sep 11 19:03:41 2026] GET /v3/4dba5907e44941e0b009c7d7dae857a4/os-quota-sets/45ae700c174746a6a1a517f2fcda456c?usage=true => generated 847 bytes in 36 msecs (HTTP/1.1 200) 7 headers in 285 bytes (1 switches on core 0)
2026-09-11 19:03:41.932 7 INFO cinder.api.openstack.wsgi [None req-0f041f1c-dec8-4eeb-96a6-0e5a60877641 65cf3b2478684cf2b5f3543875430204 4dba5907e44941e0b009c7d7dae857a4 - - default default] GET http://cinder-api.openstack.svc.cluster.local:8776/v3/4dba5907e44941e0b009c7d7dae857a4/os-quota-sets/4dba5907e44941e0b009c7d7dae857a4?usage=true
2026-09-11 19:03:41.970 7 INFO cinder.api.openstack.wsgi [None req-0f041f1c-dec8-4eeb-96a6-0e5a60877641 65cf3b2478684cf2b5f3543875430204 4dba5907e44941e0b009c7d7dae857a4 - - default default] http://cinder-api.openstack.svc.cluster.local:8776/v3/4dba5907e44941e0b009c7d7dae857a4/os-quota-sets/4dba5907e44941e0b009c7d7dae857a4?usage=true returned with HTTP 200 [pid: 7|app: 0|req: 551/1092] 10.0.0.13 () {28 vars in 735 bytes} [Fri Sep 11 19:03:41 2026] GET /v3/4dba5907e44941e0b009c7d7dae857a4/os-quota-sets/4dba5907e44941e0b009c7d7dae857a4?usage=true => generated 847 bytes in 53 msecs (HTTP/1.1 200) 7 headers in 285 bytes (1 switches on core 0)
2026-09-11 19:03:41.982 8 INFO cinder.api.openstack.wsgi [None req-f860bc58-c91a-47c9-8b79-039cdd54b602 65cf3b2478684cf2b5f3543875430204 4dba5907e44941e0b009c7d7dae857a4 - - default default] GET http://cinder-api.openstack.svc.cluster.local:8776/v3/4dba5907e44941e0b009c7d7dae857a4/os-quota-sets/615244efd36c4a49b73a6604170fcfc8?usage=true
2026-09-11 19:03:42.007 8 INFO cinder.api.openstack.wsgi [None req-f860bc58-c91a-47c9-8b79-039cdd54b602 65cf3b2478684cf2b5f3543875430204 4dba5907e44941e0b009c7d7dae857a4 - - default default] http://cinder-api.openstack.svc.cluster.local:8776/v3/4dba5907e44941e0b009c7d7dae857a4/os-quota-sets/615244efd36c4a49b73a6604170fcfc8?usage=true returned with HTTP 200 [pid: 8|app: 0|req: 542/1093] 10.0.0.13 () {28 vars in 735 bytes} [Fri Sep 11 19:03:41 2026] GET /v3/4dba5907e44941e0b009c7d7dae857a4/os-quota-sets/615244efd36c4a49b73a6604170fcfc8?usage=true => generated 847 bytes in 34 msecs (HTTP/1.1 200) 7 headers in 285 bytes (1 switches on core 0)
2026-09-11 19:03:42.019 7 INFO cinder.api.openstack.wsgi [None req-a67cbf0b-cde7-471d-9e57-690c0abf7ddc 65cf3b2478684cf2b5f3543875430204 4dba5907e44941e0b009c7d7dae857a4 - - default default] GET http://cinder-api.openstack.svc.cluster.local:8776/v3/4dba5907e44941e0b009c7d7dae857a4/os-quota-sets/6dfaaf7849a74b748cf90b0f7acce31a?usage=true
2026-09-11 19:03:42.068 7 INFO cinder.api.openstack.wsgi [None req-a67cbf0b-cde7-471d-9e57-690c0abf7ddc 65cf3b2478684cf2b5f3543875430204 4dba5907e44941e0b009c7d7dae857a4 - - default default] http://cinder-api.openstack.svc.cluster.local:8776/v3/4dba5907e44941e0b009c7d7dae857a4/os-quota-sets/6dfaaf7849a74b748cf90b0f7acce31a?usage=true returned with HTTP 200 [pid: 7|app: 0|req: 552/1094] 10.0.0.13 () {28 vars in 735 bytes} [Fri Sep 11 19:03:42 2026] GET /v3/4dba5907e44941e0b009c7d7dae857a4/os-quota-sets/6dfaaf7849a74b748cf90b0f7acce31a?usage=true => generated 847 bytes in 58 msecs (HTTP/1.1 200) 7 headers in 285 bytes (1 switches on core 0)
2026-09-11 19:03:42.084 8 INFO cinder.api.openstack.wsgi [None req-bb617259-6da1-43cd-afdc-d25730f0848b 65cf3b2478684cf2b5f3543875430204 4dba5907e44941e0b009c7d7dae857a4 - - default default] GET http://cinder-api.openstack.svc.cluster.local:8776/v3/4dba5907e44941e0b009c7d7dae857a4/os-quota-sets/7ab76939016749a4ac09232980e35d7f?usage=true
2026-09-11 19:03:42.108 8 INFO cinder.api.openstack.wsgi [None req-bb617259-6da1-43cd-afdc-d25730f0848b 65cf3b2478684cf2b5f3543875430204 4dba5907e44941e0b009c7d7dae857a4 - - default default] http://cinder-api.openstack.svc.cluster.local:8776/v3/4dba5907e44941e0b009c7d7dae857a4/os-quota-sets/7ab76939016749a4ac09232980e35d7f?usage=true returned with HTTP 200 [pid: 8|app: 0|req: 543/1095] 10.0.0.13 () {28 vars in 735 bytes} [Fri Sep 11 19:03:42 2026] GET /v3/4dba5907e44941e0b009c7d7dae857a4/os-quota-sets/7ab76939016749a4ac09232980e35d7f?usage=true => generated 847 bytes in 34 msecs (HTTP/1.1 200) 7 headers in 285 bytes (1 switches on core 0)
2026-09-11 19:03:42.124 7 INFO cinder.api.openstack.wsgi [None req-303447bd-3493-480f-b2ae-95967301c81d 65cf3b2478684cf2b5f3543875430204 4dba5907e44941e0b009c7d7dae857a4 - - default default] GET http://cinder-api.openstack.svc.cluster.local:8776/v3/4dba5907e44941e0b009c7d7dae857a4/os-quota-sets/8fe03385531d4689a2e414cc72eb11e9?usage=true
2026-09-11 19:03:42.160 7 INFO cinder.api.openstack.wsgi [None req-303447bd-3493-480f-b2ae-95967301c81d 65cf3b2478684cf2b5f3543875430204 4dba5907e44941e0b009c7d7dae857a4 - - default default] http://cinder-api.openstack.svc.cluster.local:8776/v3/4dba5907e44941e0b009c7d7dae857a4/os-quota-sets/8fe03385531d4689a2e414cc72eb11e9?usage=true returned with HTTP 200 [pid: 7|app: 0|req: 553/1096] 10.0.0.13 () {28 vars in 735 bytes} [Fri Sep 11 19:03:42 2026] GET /v3/4dba5907e44941e0b009c7d7dae857a4/os-quota-sets/8fe03385531d4689a2e414cc72eb11e9?usage=true => generated 847 bytes in 47 msecs (HTTP/1.1 200) 7 headers in 285 bytes (1 switches on core 0)
2026-09-11 19:03:42.172 8 INFO cinder.api.openstack.wsgi [None req-63fd4412-cb0d-4aeb-aabe-3db2b8df1284 65cf3b2478684cf2b5f3543875430204 4dba5907e44941e0b009c7d7dae857a4 - - default default] GET http://cinder-api.openstack.svc.cluster.local:8776/v3/4dba5907e44941e0b009c7d7dae857a4/os-quota-sets/ae84b745e9874e31a8a5c2bdb1075ff3?usage=true
2026-09-11 19:03:42.198 8 INFO cinder.api.openstack.wsgi [None req-63fd4412-cb0d-4aeb-aabe-3db2b8df1284 65cf3b2478684cf2b5f3543875430204 4dba5907e44941e0b009c7d7dae857a4 - - default default] http://cinder-api.openstack.svc.cluster.local:8776/v3/4dba5907e44941e0b009c7d7dae857a4/os-quota-sets/ae84b745e9874e31a8a5c2bdb1075ff3?usage=true returned with HTTP 200 [pid: 8|app: 0|req: 544/1097] 10.0.0.13 () {28 vars in 735 bytes} [Fri Sep 11 19:03:42 2026] GET /v3/4dba5907e44941e0b009c7d7dae857a4/os-quota-sets/ae84b745e9874e31a8a5c2bdb1075ff3?usage=true => generated 847 bytes in 34 msecs (HTTP/1.1 200) 7 headers in 285 bytes (1 switches on core 0)
2026-09-11 19:03:42.207 7 INFO cinder.api.openstack.wsgi [None req-a849a1f3-0c4f-4bd1-8c02-8d7942834c18 65cf3b2478684cf2b5f3543875430204 4dba5907e44941e0b009c7d7dae857a4 - - default default] GET http://cinder-api.openstack.svc.cluster.local:8776/v3/4dba5907e44941e0b009c7d7dae857a4/os-quota-sets/bad47dedbd9a4f4695ac86e18cb5419d?usage=true
2026-09-11 19:03:42.224 7 INFO cinder.api.openstack.wsgi [None req-a849a1f3-0c4f-4bd1-8c02-8d7942834c18 65cf3b2478684cf2b5f3543875430204 4dba5907e44941e0b009c7d7dae857a4 - - default default] http://cinder-api.openstack.svc.cluster.local:8776/v3/4dba5907e44941e0b009c7d7dae857a4/os-quota-sets/bad47dedbd9a4f4695ac86e18cb5419d?usage=true returned with HTTP 200 [pid: 7|app: 0|req: 554/1098] 10.0.0.13 () {28 vars in 735 bytes} [Fri Sep 11 19:03:42 2026] GET /v3/4dba5907e44941e0b009c7d7dae857a4/os-quota-sets/bad47dedbd9a4f4695ac86e18cb5419d?usage=true => generated 847 bytes in 22 msecs (HTTP/1.1 200) 7 headers in 285 bytes (1 switches on core 0)
2026-09-11 19:03:42.236 8 INFO cinder.api.openstack.wsgi [None req-3c961a28-2aa0-4e97-9d22-e621678e7e4f 65cf3b2478684cf2b5f3543875430204 4dba5907e44941e0b009c7d7dae857a4 - - default default] GET http://cinder-api.openstack.svc.cluster.local:8776/v3/4dba5907e44941e0b009c7d7dae857a4/os-quota-sets/cafa6552502c4679873750fb00500c3a?usage=true
2026-09-11 19:03:42.266 8 INFO cinder.api.openstack.wsgi [None req-3c961a28-2aa0-4e97-9d22-e621678e7e4f 65cf3b2478684cf2b5f3543875430204 4dba5907e44941e0b009c7d7dae857a4 - - default default] http://cinder-api.openstack.svc.cluster.local:8776/v3/4dba5907e44941e0b009c7d7dae857a4/os-quota-sets/cafa6552502c4679873750fb00500c3a?usage=true returned with HTTP 200 [pid: 8|app: 0|req: 545/1099] 10.0.0.13 () {28 vars in 735 bytes} [Fri Sep 11 19:03:42 2026] GET /v3/4dba5907e44941e0b009c7d7dae857a4/os-quota-sets/cafa6552502c4679873750fb00500c3a?usage=true => generated 845 bytes in 38 msecs (HTTP/1.1 200) 7 headers in 285 bytes (1 switches on core 0)
2026-09-11 19:03:42.277 7 INFO cinder.api.openstack.wsgi [None req-406d282c-66ee-485c-b899-320623670f55 65cf3b2478684cf2b5f3543875430204 4dba5907e44941e0b009c7d7dae857a4 - - default default] GET http://cinder-api.openstack.svc.cluster.local:8776/v3/4dba5907e44941e0b009c7d7dae857a4/os-quota-sets/e4c3b2a872a842f0a874d9829ea3139f?usage=true
2026-09-11 19:03:42.295 7 INFO cinder.api.openstack.wsgi [None req-406d282c-66ee-485c-b899-320623670f55 65cf3b2478684cf2b5f3543875430204 4dba5907e44941e0b009c7d7dae857a4 - - default default] http://cinder-api.openstack.svc.cluster.local:8776/v3/4dba5907e44941e0b009c7d7dae857a4/os-quota-sets/e4c3b2a872a842f0a874d9829ea3139f?usage=true returned with HTTP 200 [pid: 7|app: 0|req: 555/1100] 10.0.0.13 () {28 vars in 735 bytes} [Fri Sep 11 19:03:42 2026] GET /v3/4dba5907e44941e0b009c7d7dae857a4/os-quota-sets/e4c3b2a872a842f0a874d9829ea3139f?usage=true => generated 847 bytes in 25 msecs (HTTP/1.1 200) 7 headers in 285 bytes (1 switches on core 0)
2026-09-11 19:03:42.307 8 INFO cinder.api.openstack.wsgi [None req-f1adf79f-70a8-426e-adec-6a59d48ce43f 65cf3b2478684cf2b5f3543875430204 4dba5907e44941e0b009c7d7dae857a4 - - default default] GET http://cinder-api.openstack.svc.cluster.local:8776/v3/4dba5907e44941e0b009c7d7dae857a4/os-quota-sets/ef8ed95103904bdcbfeda1d18b71e069?usage=true
2026-09-11 19:03:42.335 8 INFO cinder.api.openstack.wsgi [None req-f1adf79f-70a8-426e-adec-6a59d48ce43f 65cf3b2478684cf2b5f3543875430204 4dba5907e44941e0b009c7d7dae857a4 - - default default] http://cinder-api.openstack.svc.cluster.local:8776/v3/4dba5907e44941e0b009c7d7dae857a4/os-quota-sets/ef8ed95103904bdcbfeda1d18b71e069?usage=true returned with HTTP 200 [pid: 8|app: 0|req: 546/1101] 10.0.0.13 () {28 vars in 735 bytes} [Fri Sep 11 19:03:42 2026] GET /v3/4dba5907e44941e0b009c7d7dae857a4/os-quota-sets/ef8ed95103904bdcbfeda1d18b71e069?usage=true => generated 847 bytes in 37 msecs (HTTP/1.1 200) 7 headers in 285 bytes (1 switches on core 0)
2026-09-11 19:03:42.349 7 INFO cinder.api.openstack.wsgi [None req-3e07e092-aef8-4574-84a1-339c09191061 65cf3b2478684cf2b5f3543875430204 4dba5907e44941e0b009c7d7dae857a4 - - default default] GET http://cinder-api.openstack.svc.cluster.local:8776/v3/4dba5907e44941e0b009c7d7dae857a4/scheduler-stats/get_pools?detail=true
2026-09-11 19:03:42.853 7 INFO cinder.api.openstack.wsgi [None req-3e07e092-aef8-4574-84a1-339c09191061 65cf3b2478684cf2b5f3543875430204 4dba5907e44941e0b009c7d7dae857a4 - - default default] http://cinder-api.openstack.svc.cluster.local:8776/v3/4dba5907e44941e0b009c7d7dae857a4/scheduler-stats/get_pools?detail=true returned with HTTP 200 [pid: 7|app: 0|req: 556/1102] 10.0.0.13 () {28 vars in 695 bytes} [Fri Sep 11 19:03:42 2026] GET /v3/4dba5907e44941e0b009c7d7dae857a4/scheduler-stats/get_pools?detail=true => generated 671 bytes in 513 msecs (HTTP/1.1 200) 7 headers in 285 bytes (1 switches on core 0)
2026-09-11 19:03:42.873 7 INFO cinder.api.openstack.wsgi [None req-3e07e092-aef8-4574-84a1-339c09191061 65cf3b2478684cf2b5f3543875430204 4dba5907e44941e0b009c7d7dae857a4 - - default default] GET http://10.0.0.243:8776/
2026-09-11 19:03:42.873 8 INFO cinder.api.openstack.wsgi [None req-f1adf79f-70a8-426e-adec-6a59d48ce43f 65cf3b2478684cf2b5f3543875430204 4dba5907e44941e0b009c7d7dae857a4 - - default default] GET http://10.0.0.243:8776/
2026-09-11 19:03:42.874 7 INFO cinder.api.openstack.wsgi [None req-3e07e092-aef8-4574-84a1-339c09191061 65cf3b2478684cf2b5f3543875430204 4dba5907e44941e0b009c7d7dae857a4 - - default default] http://10.0.0.243:8776/ returned with HTTP 300
2026-09-11 19:03:42.874 8 INFO cinder.api.openstack.wsgi [None req-f1adf79f-70a8-426e-adec-6a59d48ce43f 65cf3b2478684cf2b5f3543875430204 4dba5907e44941e0b009c7d7dae857a4 - - default default] http://10.0.0.243:8776/ returned with HTTP 300
2026-09-11 19:03:52.873 7 INFO cinder.api.openstack.wsgi [None req-3e07e092-aef8-4574-84a1-339c09191061 65cf3b2478684cf2b5f3543875430204 4dba5907e44941e0b009c7d7dae857a4 - - default default] GET http://10.0.0.243:8776/
2026-09-11 19:03:52.873 8 INFO cinder.api.openstack.wsgi [None req-f1adf79f-70a8-426e-adec-6a59d48ce43f 65cf3b2478684cf2b5f3543875430204 4dba5907e44941e0b009c7d7dae857a4 - - default default] GET http://10.0.0.243:8776/
2026-09-11 19:03:52.874 7 INFO cinder.api.openstack.wsgi [None req-3e07e092-aef8-4574-84a1-339c09191061 65cf3b2478684cf2b5f3543875430204 4dba5907e44941e0b009c7d7dae857a4 - - default default] http://10.0.0.243:8776/ returned with HTTP 300
2026-09-11 19:03:52.874 8 INFO cinder.api.openstack.wsgi [None req-f1adf79f-70a8-426e-adec-6a59d48ce43f 65cf3b2478684cf2b5f3543875430204 4dba5907e44941e0b009c7d7dae857a4 - - default default] http://10.0.0.243:8776/ returned with HTTP 300
2026-09-11 19:04:02.873 7 INFO cinder.api.openstack.wsgi [None req-3e07e092-aef8-4574-84a1-339c09191061 65cf3b2478684cf2b5f3543875430204 4dba5907e44941e0b009c7d7dae857a4 - - default default] GET http://10.0.0.243:8776/
2026-09-11 19:04:02.873 8 INFO cinder.api.openstack.wsgi [None req-f1adf79f-70a8-426e-adec-6a59d48ce43f 65cf3b2478684cf2b5f3543875430204 4dba5907e44941e0b009c7d7dae857a4 - - default default] GET http://10.0.0.243:8776/
2026-09-11 19:04:02.874 7 INFO cinder.api.openstack.wsgi [None req-3e07e092-aef8-4574-84a1-339c09191061 65cf3b2478684cf2b5f3543875430204 4dba5907e44941e0b009c7d7dae857a4 - - default default] http://10.0.0.243:8776/ returned with HTTP 300
2026-09-11 19:04:02.874 8 INFO cinder.api.openstack.wsgi [None req-f1adf79f-70a8-426e-adec-6a59d48ce43f 65cf3b2478684cf2b5f3543875430204 4dba5907e44941e0b009c7d7dae857a4 - - default default] http://10.0.0.243:8776/ returned with HTTP 300
2026-09-11 19:04:12.873 7 INFO cinder.api.openstack.wsgi [None req-3e07e092-aef8-4574-84a1-339c09191061 65cf3b2478684cf2b5f3543875430204 4dba5907e44941e0b009c7d7dae857a4 - - default default] GET http://10.0.0.243:8776/
2026-09-11 19:04:12.873 8 INFO cinder.api.openstack.wsgi [None req-f1adf79f-70a8-426e-adec-6a59d48ce43f 65cf3b2478684cf2b5f3543875430204 4dba5907e44941e0b009c7d7dae857a4 - - default default] GET http://10.0.0.243:8776/
2026-09-11 19:04:12.874 7 INFO cinder.api.openstack.wsgi [None req-3e07e092-aef8-4574-84a1-339c09191061 65cf3b2478684cf2b5f3543875430204 4dba5907e44941e0b009c7d7dae857a4 - - default default] http://10.0.0.243:8776/ returned with HTTP 300
2026-09-11 19:04:12.874 8 INFO cinder.api.openstack.wsgi [None req-f1adf79f-70a8-426e-adec-6a59d48ce43f 65cf3b2478684cf2b5f3543875430204 4dba5907e44941e0b009c7d7dae857a4 - - default default] http://10.0.0.243:8776/ returned with HTTP 300
2026-09-11 19:04:22.873 7 INFO cinder.api.openstack.wsgi [None req-3e07e092-aef8-4574-84a1-339c09191061 65cf3b2478684cf2b5f3543875430204 4dba5907e44941e0b009c7d7dae857a4 - - default default] GET http://10.0.0.243:8776/
2026-09-11 19:04:22.874 8 INFO cinder.api.openstack.wsgi [None req-f1adf79f-70a8-426e-adec-6a59d48ce43f 65cf3b2478684cf2b5f3543875430204 4dba5907e44941e0b009c7d7dae857a4 - - default default] GET http://10.0.0.243:8776/
2026-09-11 19:04:22.875 7 INFO cinder.api.openstack.wsgi [None req-3e07e092-aef8-4574-84a1-339c09191061 65cf3b2478684cf2b5f3543875430204 4dba5907e44941e0b009c7d7dae857a4 - - default default] http://10.0.0.243:8776/ returned with HTTP 300
2026-09-11 19:04:22.875 8 INFO cinder.api.openstack.wsgi [None req-f1adf79f-70a8-426e-adec-6a59d48ce43f 65cf3b2478684cf2b5f3543875430204 4dba5907e44941e0b009c7d7dae857a4 - - default default] http://10.0.0.243:8776/ returned with HTTP 300
2026-09-11 19:04:31.221 8 INFO cinder.api.openstack.wsgi [req-e14ee531-9038-4246-99bf-956c489673bd req-acda6632-da9c-49b6-b733-30ce3684d13a 65cf3b2478684cf2b5f3543875430204 4dba5907e44941e0b009c7d7dae857a4 - - default default] DELETE http://cinder-api.openstack.svc.cluster.local:8776/v3/4dba5907e44941e0b009c7d7dae857a4/attachments/1de08a3e-f7da-4694-abb1-71d0ed54dbbe /var/lib/openstack/lib/python3.12/site-packages/oslo_context/context.py:100: DeprecationWarning: Policy enforcement is depending on the value of is_admin. This key is deprecated. Please update your policy file to use the standard policy values. warnings.warn('Policy enforcement is depending on the value of '
2026-09-11 19:04:31.815 8 INFO cinder.api.openstack.wsgi [req-e14ee531-9038-4246-99bf-956c489673bd req-acda6632-da9c-49b6-b733-30ce3684d13a 65cf3b2478684cf2b5f3543875430204 4dba5907e44941e0b009c7d7dae857a4 - - default default] http://cinder-api.openstack.svc.cluster.local:8776/v3/4dba5907e44941e0b009c7d7dae857a4/attachments/1de08a3e-f7da-4694-abb1-71d0ed54dbbe returned with HTTP 200 [pid: 8|app: 0|req: 552/1113] 162.253.55.96 () {38 vars in 1102 bytes} [Fri Sep 11 19:04:31 2026] DELETE /v3/4dba5907e44941e0b009c7d7dae857a4/attachments/1de08a3e-f7da-4694-abb1-71d0ed54dbbe => generated 19 bytes in 601 msecs (HTTP/1.1 200) 7 headers in 285 bytes (1 switches on core 0)
2026-09-11 19:04:31.836 7 INFO cinder.api.openstack.wsgi [req-e14ee531-9038-4246-99bf-956c489673bd req-8b53c0ed-3e16-4347-a4b4-e38eb6d1bcca 65cf3b2478684cf2b5f3543875430204 4dba5907e44941e0b009c7d7dae857a4 - - default default] DELETE http://cinder-api.openstack.svc.cluster.local:8776/v3/4dba5907e44941e0b009c7d7dae857a4/volumes/f154db9f-974c-46f8-a60a-cdcc7066f071
2026-09-11 19:04:31.837 7 INFO cinder.api.v3.volumes [req-e14ee531-9038-4246-99bf-956c489673bd req-8b53c0ed-3e16-4347-a4b4-e38eb6d1bcca 65cf3b2478684cf2b5f3543875430204 4dba5907e44941e0b009c7d7dae857a4 - - default default] Delete volume with id: f154db9f-974c-46f8-a60a-cdcc7066f071 /var/lib/openstack/lib/python3.12/site-packages/oslo_context/context.py:100: DeprecationWarning: Policy enforcement is depending on the value of is_admin. This key is deprecated. Please update your policy file to use the standard policy values. warnings.warn('Policy enforcement is depending on the value of '
2026-09-11 19:04:31.856 7 INFO cinder.volume.api [req-e14ee531-9038-4246-99bf-956c489673bd req-8b53c0ed-3e16-4347-a4b4-e38eb6d1bcca 65cf3b2478684cf2b5f3543875430204 4dba5907e44941e0b009c7d7dae857a4 - - default default] Volume info retrieved successfully.
2026-09-11 19:04:31.895 7 INFO cinder.volume.api [req-e14ee531-9038-4246-99bf-956c489673bd req-8b53c0ed-3e16-4347-a4b4-e38eb6d1bcca 65cf3b2478684cf2b5f3543875430204 4dba5907e44941e0b009c7d7dae857a4 - - default default] Delete volume request issued successfully.
2026-09-11 19:04:31.895 7 INFO cinder.api.openstack.wsgi [req-e14ee531-9038-4246-99bf-956c489673bd req-8b53c0ed-3e16-4347-a4b4-e38eb6d1bcca 65cf3b2478684cf2b5f3543875430204 4dba5907e44941e0b009c7d7dae857a4 - - default default] http://cinder-api.openstack.svc.cluster.local:8776/v3/4dba5907e44941e0b009c7d7dae857a4/volumes/f154db9f-974c-46f8-a60a-cdcc7066f071 returned with HTTP 202 [pid: 7|app: 0|req: 562/1114] 162.253.55.96 () {36 vars in 1053 bytes} [Fri Sep 11 19:04:31 2026] DELETE /v3/4dba5907e44941e0b009c7d7dae857a4/volumes/f154db9f-974c-46f8-a60a-cdcc7066f071 => generated 0 bytes in 69 msecs (HTTP/1.1 202) 6 headers in 233 bytes (1 switches on core 0)
2026-09-11 19:04:32.872 8 INFO cinder.api.openstack.wsgi [req-e14ee531-9038-4246-99bf-956c489673bd req-acda6632-da9c-49b6-b733-30ce3684d13a 65cf3b2478684cf2b5f3543875430204 4dba5907e44941e0b009c7d7dae857a4 - - default default] GET http://10.0.0.243:8776/
2026-09-11 19:04:32.873 7 INFO cinder.api.openstack.wsgi [req-e14ee531-9038-4246-99bf-956c489673bd req-8b53c0ed-3e16-4347-a4b4-e38eb6d1bcca 65cf3b2478684cf2b5f3543875430204 4dba5907e44941e0b009c7d7dae857a4 - - default default] GET http://10.0.0.243:8776/
2026-09-11 19:04:32.873 8 INFO cinder.api.openstack.wsgi [req-e14ee531-9038-4246-99bf-956c489673bd req-acda6632-da9c-49b6-b733-30ce3684d13a 65cf3b2478684cf2b5f3543875430204 4dba5907e44941e0b009c7d7dae857a4 - - default default] http://10.0.0.243:8776/ returned with HTTP 300
2026-09-11 19:04:32.874 7 INFO cinder.api.openstack.wsgi [req-e14ee531-9038-4246-99bf-956c489673bd req-8b53c0ed-3e16-4347-a4b4-e38eb6d1bcca 65cf3b2478684cf2b5f3543875430204 4dba5907e44941e0b009c7d7dae857a4 - - default default] http://10.0.0.243:8776/ returned with HTTP 300 /var/lib/openstack/lib/python3.12/site-packages/pycadf/identifier.py:70: UserWarning: Invalid uuid: cinderv3. To ensure interoperability, identifiers should be a valid uuid. warnings.warn(('Invalid uuid: %s. To ensure interoperability, '
2026-09-11 19:04:41.695 8 INFO cinder.api.openstack.wsgi [None req-7bcb1dc2-e5d3-4bb8-8303-93f13117b641 65cf3b2478684cf2b5f3543875430204 4dba5907e44941e0b009c7d7dae857a4 - - default default] GET http://cinder-api.openstack.svc.cluster.local:8776/v3/4dba5907e44941e0b009c7d7dae857a4/volumes/detail?all_tenants=true /var/lib/openstack/lib/python3.12/site-packages/oslo_context/context.py:100: DeprecationWarning: Policy enforcement is depending on the value of is_admin. This key is deprecated. Please update your policy file to use the standard policy values. warnings.warn('Policy enforcement is depending on the value of '
2026-09-11 19:04:41.709 8 INFO cinder.volume.api [None req-7bcb1dc2-e5d3-4bb8-8303-93f13117b641 65cf3b2478684cf2b5f3543875430204 4dba5907e44941e0b009c7d7dae857a4 - - default default] Get all volumes completed successfully.
2026-09-11 19:04:41.712 8 INFO cinder.api.openstack.wsgi [None req-7bcb1dc2-e5d3-4bb8-8303-93f13117b641 65cf3b2478684cf2b5f3543875430204 4dba5907e44941e0b009c7d7dae857a4 - - default default] http://cinder-api.openstack.svc.cluster.local:8776/v3/4dba5907e44941e0b009c7d7dae857a4/volumes/detail?all_tenants=true returned with HTTP 200 [pid: 8|app: 0|req: 554/1117] 10.0.0.13 () {28 vars in 683 bytes} [Fri Sep 11 19:04:41 2026] GET /v3/4dba5907e44941e0b009c7d7dae857a4/volumes/detail?all_tenants=true => generated 15 bytes in 73 msecs (HTTP/1.1 200) 7 headers in 284 bytes (1 switches on core 0) /var/lib/openstack/lib/python3.12/site-packages/pycadf/identifier.py:70: UserWarning: Invalid uuid: cinderv3. To ensure interoperability, identifiers should be a valid uuid. warnings.warn(('Invalid uuid: %s. To ensure interoperability, '
2026-09-11 19:04:41.734 7 INFO cinder.api.openstack.wsgi [None req-82e23dcc-e282-4fe3-8ecf-4ded49c2a6d8 65cf3b2478684cf2b5f3543875430204 4dba5907e44941e0b009c7d7dae857a4 - - default default] GET http://cinder-api.openstack.svc.cluster.local:8776/v3/4dba5907e44941e0b009c7d7dae857a4/volumes/detail?all_tenants=true
2026-09-11 19:04:41.748 7 INFO cinder.volume.api [None req-82e23dcc-e282-4fe3-8ecf-4ded49c2a6d8 65cf3b2478684cf2b5f3543875430204 4dba5907e44941e0b009c7d7dae857a4 - - default default] Get all volumes completed successfully.
2026-09-11 19:04:41.751 7 INFO cinder.api.openstack.wsgi [None req-82e23dcc-e282-4fe3-8ecf-4ded49c2a6d8 65cf3b2478684cf2b5f3543875430204 4dba5907e44941e0b009c7d7dae857a4 - - default default] http://cinder-api.openstack.svc.cluster.local:8776/v3/4dba5907e44941e0b009c7d7dae857a4/volumes/detail?all_tenants=true returned with HTTP 200 [pid: 7|app: 0|req: 564/1118] 10.0.0.13 () {28 vars in 683 bytes} [Fri Sep 11 19:04:41 2026] GET /v3/4dba5907e44941e0b009c7d7dae857a4/volumes/detail?all_tenants=true => generated 15 bytes in 24 msecs (HTTP/1.1 200) 7 headers in 284 bytes (1 switches on core 0)
2026-09-11 19:04:41.807 8 INFO cinder.api.openstack.wsgi [None req-94036d45-cadb-4141-8a5a-75a7416d1b5c 65cf3b2478684cf2b5f3543875430204 4dba5907e44941e0b009c7d7dae857a4 - - default default] GET http://cinder-api.openstack.svc.cluster.local:8776/v3/4dba5907e44941e0b009c7d7dae857a4/os-quota-sets/45ae700c174746a6a1a517f2fcda456c?usage=true
2026-09-11 19:04:41.846 8 INFO cinder.api.openstack.wsgi [None req-94036d45-cadb-4141-8a5a-75a7416d1b5c 65cf3b2478684cf2b5f3543875430204 4dba5907e44941e0b009c7d7dae857a4 - - default default] http://cinder-api.openstack.svc.cluster.local:8776/v3/4dba5907e44941e0b009c7d7dae857a4/os-quota-sets/45ae700c174746a6a1a517f2fcda456c?usage=true returned with HTTP 200 [pid: 8|app: 0|req: 555/1119] 10.0.0.13 () {28 vars in 735 bytes} [Fri Sep 11 19:04:41 2026] GET /v3/4dba5907e44941e0b009c7d7dae857a4/os-quota-sets/45ae700c174746a6a1a517f2fcda456c?usage=true => generated 847 bytes in 49 msecs (HTTP/1.1 200) 7 headers in 285 bytes (1 switches on core 0)
2026-09-11 19:04:41.860 7 INFO cinder.api.openstack.wsgi [None req-4936cb5b-0522-4c27-8c67-2230d6f063a0 65cf3b2478684cf2b5f3543875430204 4dba5907e44941e0b009c7d7dae857a4 - - default default] GET http://cinder-api.openstack.svc.cluster.local:8776/v3/4dba5907e44941e0b009c7d7dae857a4/os-quota-sets/4dba5907e44941e0b009c7d7dae857a4?usage=true
2026-09-11 19:04:41.913 7 INFO cinder.api.openstack.wsgi [None req-4936cb5b-0522-4c27-8c67-2230d6f063a0 65cf3b2478684cf2b5f3543875430204 4dba5907e44941e0b009c7d7dae857a4 - - default default] http://cinder-api.openstack.svc.cluster.local:8776/v3/4dba5907e44941e0b009c7d7dae857a4/os-quota-sets/4dba5907e44941e0b009c7d7dae857a4?usage=true returned with HTTP 200 [pid: 7|app: 0|req: 565/1120] 10.0.0.13 () {28 vars in 735 bytes} [Fri Sep 11 19:04:41 2026] GET /v3/4dba5907e44941e0b009c7d7dae857a4/os-quota-sets/4dba5907e44941e0b009c7d7dae857a4?usage=true => generated 845 bytes in 62 msecs (HTTP/1.1 200) 7 headers in 285 bytes (1 switches on core 0)
2026-09-11 19:04:41.929 8 INFO cinder.api.openstack.wsgi [None req-8581dde3-06c4-492a-a98b-48bbcab6f6b0 65cf3b2478684cf2b5f3543875430204 4dba5907e44941e0b009c7d7dae857a4 - - default default] GET http://cinder-api.openstack.svc.cluster.local:8776/v3/4dba5907e44941e0b009c7d7dae857a4/os-quota-sets/615244efd36c4a49b73a6604170fcfc8?usage=true
2026-09-11 19:04:41.954 8 INFO cinder.api.openstack.wsgi [None req-8581dde3-06c4-492a-a98b-48bbcab6f6b0 65cf3b2478684cf2b5f3543875430204 4dba5907e44941e0b009c7d7dae857a4 - - default default] http://cinder-api.openstack.svc.cluster.local:8776/v3/4dba5907e44941e0b009c7d7dae857a4/os-quota-sets/615244efd36c4a49b73a6604170fcfc8?usage=true returned with HTTP 200 [pid: 8|app: 0|req: 556/1121] 10.0.0.13 () {28 vars in 735 bytes} [Fri Sep 11 19:04:41 2026] GET /v3/4dba5907e44941e0b009c7d7dae857a4/os-quota-sets/615244efd36c4a49b73a6604170fcfc8?usage=true => generated 847 bytes in 36 msecs (HTTP/1.1 200) 7 headers in 285 bytes (1 switches on core 0)
2026-09-11 19:04:41.969 7 INFO cinder.api.openstack.wsgi [None req-13cc1e0c-3d29-4b77-a718-4c6cc4d8f7b8 65cf3b2478684cf2b5f3543875430204 4dba5907e44941e0b009c7d7dae857a4 - - default default] GET http://cinder-api.openstack.svc.cluster.local:8776/v3/4dba5907e44941e0b009c7d7dae857a4/os-quota-sets/6dfaaf7849a74b748cf90b0f7acce31a?usage=true
2026-09-11 19:04:41.998 7 INFO cinder.api.openstack.wsgi [None req-13cc1e0c-3d29-4b77-a718-4c6cc4d8f7b8 65cf3b2478684cf2b5f3543875430204 4dba5907e44941e0b009c7d7dae857a4 - - default default] http://cinder-api.openstack.svc.cluster.local:8776/v3/4dba5907e44941e0b009c7d7dae857a4/os-quota-sets/6dfaaf7849a74b748cf90b0f7acce31a?usage=true returned with HTTP 200 [pid: 7|app: 0|req: 566/1122] 10.0.0.13 () {28 vars in 735 bytes} [Fri Sep 11 19:04:41 2026] GET /v3/4dba5907e44941e0b009c7d7dae857a4/os-quota-sets/6dfaaf7849a74b748cf90b0f7acce31a?usage=true => generated 847 bytes in 41 msecs (HTTP/1.1 200) 7 headers in 285 bytes (1 switches on core 0)
2026-09-11 19:04:42.010 8 INFO cinder.api.openstack.wsgi [None req-f452026a-a8b4-4753-bb7e-ae50cbaf4112 65cf3b2478684cf2b5f3543875430204 4dba5907e44941e0b009c7d7dae857a4 - - default default] GET http://cinder-api.openstack.svc.cluster.local:8776/v3/4dba5907e44941e0b009c7d7dae857a4/os-quota-sets/7ab76939016749a4ac09232980e35d7f?usage=true
2026-09-11 19:04:42.046 8 INFO cinder.api.openstack.wsgi [None req-f452026a-a8b4-4753-bb7e-ae50cbaf4112 65cf3b2478684cf2b5f3543875430204 4dba5907e44941e0b009c7d7dae857a4 - - default default] http://cinder-api.openstack.svc.cluster.local:8776/v3/4dba5907e44941e0b009c7d7dae857a4/os-quota-sets/7ab76939016749a4ac09232980e35d7f?usage=true returned with HTTP 200 [pid: 8|app: 0|req: 557/1123] 10.0.0.13 () {28 vars in 735 bytes} [Fri Sep 11 19:04:42 2026] GET /v3/4dba5907e44941e0b009c7d7dae857a4/os-quota-sets/7ab76939016749a4ac09232980e35d7f?usage=true => generated 847 bytes in 44 msecs (HTTP/1.1 200) 7 headers in 285 bytes (1 switches on core 0)
2026-09-11 19:04:42.062 7 INFO cinder.api.openstack.wsgi [None req-ca5b9817-e7f8-46ec-9204-a5147e4225d1 65cf3b2478684cf2b5f3543875430204 4dba5907e44941e0b009c7d7dae857a4 - - default default] GET http://cinder-api.openstack.svc.cluster.local:8776/v3/4dba5907e44941e0b009c7d7dae857a4/os-quota-sets/8fe03385531d4689a2e414cc72eb11e9?usage=true
2026-09-11 19:04:42.094 7 INFO cinder.api.openstack.wsgi [None req-ca5b9817-e7f8-46ec-9204-a5147e4225d1 65cf3b2478684cf2b5f3543875430204 4dba5907e44941e0b009c7d7dae857a4 - - default default] http://cinder-api.openstack.svc.cluster.local:8776/v3/4dba5907e44941e0b009c7d7dae857a4/os-quota-sets/8fe03385531d4689a2e414cc72eb11e9?usage=true returned with HTTP 200 [pid: 7|app: 0|req: 567/1124] 10.0.0.13 () {28 vars in 735 bytes} [Fri Sep 11 19:04:42 2026] GET /v3/4dba5907e44941e0b009c7d7dae857a4/os-quota-sets/8fe03385531d4689a2e414cc72eb11e9?usage=true => generated 847 bytes in 43 msecs (HTTP/1.1 200) 7 headers in 285 bytes (1 switches on core 0)
2026-09-11 19:04:42.107 8 INFO cinder.api.openstack.wsgi [None req-e174eb65-4a96-4bab-9167-50e641269f32 65cf3b2478684cf2b5f3543875430204 4dba5907e44941e0b009c7d7dae857a4 - - default default] GET http://cinder-api.openstack.svc.cluster.local:8776/v3/4dba5907e44941e0b009c7d7dae857a4/os-quota-sets/ae84b745e9874e31a8a5c2bdb1075ff3?usage=true
2026-09-11 19:04:42.134 8 INFO cinder.api.openstack.wsgi [None req-e174eb65-4a96-4bab-9167-50e641269f32 65cf3b2478684cf2b5f3543875430204 4dba5907e44941e0b009c7d7dae857a4 - - default default] http://cinder-api.openstack.svc.cluster.local:8776/v3/4dba5907e44941e0b009c7d7dae857a4/os-quota-sets/ae84b745e9874e31a8a5c2bdb1075ff3?usage=true returned with HTTP 200 [pid: 8|app: 0|req: 558/1125] 10.0.0.13 () {28 vars in 735 bytes} [Fri Sep 11 19:04:42 2026] GET /v3/4dba5907e44941e0b009c7d7dae857a4/os-quota-sets/ae84b745e9874e31a8a5c2bdb1075ff3?usage=true => generated 847 bytes in 35 msecs (HTTP/1.1 200) 7 headers in 285 bytes (1 switches on core 0)
2026-09-11 19:04:42.149 7 INFO cinder.api.openstack.wsgi [None req-a0664b05-05d2-4e04-b362-253ec59c6786 65cf3b2478684cf2b5f3543875430204 4dba5907e44941e0b009c7d7dae857a4 - - default default] GET http://cinder-api.openstack.svc.cluster.local:8776/v3/4dba5907e44941e0b009c7d7dae857a4/os-quota-sets/bad47dedbd9a4f4695ac86e18cb5419d?usage=true
2026-09-11 19:04:42.183 7 INFO cinder.api.openstack.wsgi [None req-a0664b05-05d2-4e04-b362-253ec59c6786 65cf3b2478684cf2b5f3543875430204 4dba5907e44941e0b009c7d7dae857a4 - - default default] http://cinder-api.openstack.svc.cluster.local:8776/v3/4dba5907e44941e0b009c7d7dae857a4/os-quota-sets/bad47dedbd9a4f4695ac86e18cb5419d?usage=true returned with HTTP 200 [pid: 7|app: 0|req: 568/1126] 10.0.0.13 () {28 vars in 735 bytes} [Fri Sep 11 19:04:42 2026] GET /v3/4dba5907e44941e0b009c7d7dae857a4/os-quota-sets/bad47dedbd9a4f4695ac86e18cb5419d?usage=true => generated 847 bytes in 43 msecs (HTTP/1.1 200) 7 headers in 285 bytes (1 switches on core 0)
2026-09-11 19:04:42.197 8 INFO cinder.api.openstack.wsgi [None req-a50f7f22-a582-4cb5-b7ae-e4b02f3905ca 65cf3b2478684cf2b5f3543875430204 4dba5907e44941e0b009c7d7dae857a4 - - default default] GET http://cinder-api.openstack.svc.cluster.local:8776/v3/4dba5907e44941e0b009c7d7dae857a4/os-quota-sets/cafa6552502c4679873750fb00500c3a?usage=true
2026-09-11 19:04:42.221 8 INFO cinder.api.openstack.wsgi [None req-a50f7f22-a582-4cb5-b7ae-e4b02f3905ca 65cf3b2478684cf2b5f3543875430204 4dba5907e44941e0b009c7d7dae857a4 - - default default] http://cinder-api.openstack.svc.cluster.local:8776/v3/4dba5907e44941e0b009c7d7dae857a4/os-quota-sets/cafa6552502c4679873750fb00500c3a?usage=true returned with HTTP 200 [pid: 8|app: 0|req: 559/1127] 10.0.0.13 () {28 vars in 735 bytes} [Fri Sep 11 19:04:42 2026] GET /v3/4dba5907e44941e0b009c7d7dae857a4/os-quota-sets/cafa6552502c4679873750fb00500c3a?usage=true => generated 845 bytes in 33 msecs (HTTP/1.1 200) 7 headers in 285 bytes (1 switches on core 0)
2026-09-11 19:04:42.234 7 INFO cinder.api.openstack.wsgi [None req-1c0ef86e-1f0a-4e12-ad15-60e97a6ebf43 65cf3b2478684cf2b5f3543875430204 4dba5907e44941e0b009c7d7dae857a4 - - default default] GET http://cinder-api.openstack.svc.cluster.local:8776/v3/4dba5907e44941e0b009c7d7dae857a4/os-quota-sets/e4c3b2a872a842f0a874d9829ea3139f?usage=true
2026-09-11 19:04:42.264 7 INFO cinder.api.openstack.wsgi [None req-1c0ef86e-1f0a-4e12-ad15-60e97a6ebf43 65cf3b2478684cf2b5f3543875430204 4dba5907e44941e0b009c7d7dae857a4 - - default default] http://cinder-api.openstack.svc.cluster.local:8776/v3/4dba5907e44941e0b009c7d7dae857a4/os-quota-sets/e4c3b2a872a842f0a874d9829ea3139f?usage=true returned with HTTP 200 [pid: 7|app: 0|req: 569/1128] 10.0.0.13 () {28 vars in 735 bytes} [Fri Sep 11 19:04:42 2026] GET /v3/4dba5907e44941e0b009c7d7dae857a4/os-quota-sets/e4c3b2a872a842f0a874d9829ea3139f?usage=true => generated 847 bytes in 38 msecs (HTTP/1.1 200) 7 headers in 285 bytes (1 switches on core 0)
2026-09-11 19:04:42.279 8 INFO cinder.api.openstack.wsgi [None req-947a3e14-3104-4c57-8a93-a8970d729033 65cf3b2478684cf2b5f3543875430204 4dba5907e44941e0b009c7d7dae857a4 - - default default] GET http://cinder-api.openstack.svc.cluster.local:8776/v3/4dba5907e44941e0b009c7d7dae857a4/os-quota-sets/ef8ed95103904bdcbfeda1d18b71e069?usage=true
2026-09-11 19:04:42.313 8 INFO cinder.api.openstack.wsgi [None req-947a3e14-3104-4c57-8a93-a8970d729033 65cf3b2478684cf2b5f3543875430204 4dba5907e44941e0b009c7d7dae857a4 - - default default] http://cinder-api.openstack.svc.cluster.local:8776/v3/4dba5907e44941e0b009c7d7dae857a4/os-quota-sets/ef8ed95103904bdcbfeda1d18b71e069?usage=true returned with HTTP 200 [pid: 8|app: 0|req: 560/1129] 10.0.0.13 () {28 vars in 735 bytes} [Fri Sep 11 19:04:42 2026] GET /v3/4dba5907e44941e0b009c7d7dae857a4/os-quota-sets/ef8ed95103904bdcbfeda1d18b71e069?usage=true => generated 847 bytes in 45 msecs (HTTP/1.1 200) 7 headers in 285 bytes (1 switches on core 0)
2026-09-11 19:04:42.328 7 INFO cinder.api.openstack.wsgi [None req-0486d6e8-bf40-4373-8411-690fe436a49d 65cf3b2478684cf2b5f3543875430204 4dba5907e44941e0b009c7d7dae857a4 - - default default] GET http://cinder-api.openstack.svc.cluster.local:8776/v3/4dba5907e44941e0b009c7d7dae857a4/os-services
2026-09-11 19:04:42.336 7 INFO cinder.api.openstack.wsgi [None req-0486d6e8-bf40-4373-8411-690fe436a49d 65cf3b2478684cf2b5f3543875430204 4dba5907e44941e0b009c7d7dae857a4 - - default default] http://cinder-api.openstack.svc.cluster.local:8776/v3/4dba5907e44941e0b009c7d7dae857a4/os-services returned with HTTP 200 [pid: 7|app: 0|req: 570/1130] 10.0.0.13 () {28 vars in 644 bytes} [Fri Sep 11 19:04:42 2026] GET /v3/4dba5907e44941e0b009c7d7dae857a4/os-services => generated 646 bytes in 18 msecs (HTTP/1.1 200) 7 headers in 285 bytes (1 switches on core 0)
2026-09-11 19:04:42.350 8 INFO cinder.api.openstack.wsgi [None req-1ad86f4f-d0ae-4f76-a4fc-f2258d5171e9 65cf3b2478684cf2b5f3543875430204 4dba5907e44941e0b009c7d7dae857a4 - - default default] GET http://cinder-api.openstack.svc.cluster.local:8776/v3/4dba5907e44941e0b009c7d7dae857a4/snapshots?all_tenants=true
2026-09-11 19:04:42.359 8 INFO cinder.volume.api [None req-1ad86f4f-d0ae-4f76-a4fc-f2258d5171e9 65cf3b2478684cf2b5f3543875430204 4dba5907e44941e0b009c7d7dae857a4 - - default default] Get all snapshots completed successfully.
2026-09-11 19:04:42.360 8 INFO cinder.api.openstack.wsgi [None req-1ad86f4f-d0ae-4f76-a4fc-f2258d5171e9 65cf3b2478684cf2b5f3543875430204 4dba5907e44941e0b009c7d7dae857a4 - - default default] http://cinder-api.openstack.svc.cluster.local:8776/v3/4dba5907e44941e0b009c7d7dae857a4/snapshots?all_tenants=true returned with HTTP 200 [pid: 8|app: 0|req: 561/1131] 10.0.0.13 () {28 vars in 673 bytes} [Fri Sep 11 19:04:42 2026] GET /v3/4dba5907e44941e0b009c7d7dae857a4/snapshots?all_tenants=true => generated 17 bytes in 19 msecs (HTTP/1.1 200) 7 headers in 284 bytes (1 switches on core 0)
2026-09-11 19:04:42.373 7 INFO cinder.api.openstack.wsgi [None req-ce575205-ef8d-4328-a66a-3acee3be238e 65cf3b2478684cf2b5f3543875430204 4dba5907e44941e0b009c7d7dae857a4 - - default default] GET http://cinder-api.openstack.svc.cluster.local:8776/v3/4dba5907e44941e0b009c7d7dae857a4/scheduler-stats/get_pools?detail=true
2026-09-11 19:04:42.873 8 INFO cinder.api.openstack.wsgi [None req-1ad86f4f-d0ae-4f76-a4fc-f2258d5171e9 65cf3b2478684cf2b5f3543875430204 4dba5907e44941e0b009c7d7dae857a4 - - default default] GET http://10.0.0.243:8776/
2026-09-11 19:04:42.874 8 INFO cinder.api.openstack.wsgi [None req-1ad86f4f-d0ae-4f76-a4fc-f2258d5171e9 65cf3b2478684cf2b5f3543875430204 4dba5907e44941e0b009c7d7dae857a4 - - default default] http://10.0.0.243:8776/ returned with HTTP 300
2026-09-11 19:04:42.875 8 INFO cinder.api.openstack.wsgi [None req-1ad86f4f-d0ae-4f76-a4fc-f2258d5171e9 65cf3b2478684cf2b5f3543875430204 4dba5907e44941e0b009c7d7dae857a4 - - default default] GET http://10.0.0.243:8776/
2026-09-11 19:04:42.876 8 INFO cinder.api.openstack.wsgi [None req-1ad86f4f-d0ae-4f76-a4fc-f2258d5171e9 65cf3b2478684cf2b5f3543875430204 4dba5907e44941e0b009c7d7dae857a4 - - default default] http://10.0.0.243:8776/ returned with HTTP 300
2026-09-11 19:04:42.878 7 INFO cinder.api.openstack.wsgi [None req-ce575205-ef8d-4328-a66a-3acee3be238e 65cf3b2478684cf2b5f3543875430204 4dba5907e44941e0b009c7d7dae857a4 - - default default] http://cinder-api.openstack.svc.cluster.local:8776/v3/4dba5907e44941e0b009c7d7dae857a4/scheduler-stats/get_pools?detail=true returned with HTTP 200 [pid: 7|app: 0|req: 571/1134] 10.0.0.13 () {28 vars in 695 bytes} [Fri Sep 11 19:04:42 2026] GET /v3/4dba5907e44941e0b009c7d7dae857a4/scheduler-stats/get_pools?detail=true => generated 670 bytes in 514 msecs (HTTP/1.1 200) 7 headers in 285 bytes (1 switches on core 0)
2026-09-11 19:04:52.873 8 INFO cinder.api.openstack.wsgi [None req-1ad86f4f-d0ae-4f76-a4fc-f2258d5171e9 65cf3b2478684cf2b5f3543875430204 4dba5907e44941e0b009c7d7dae857a4 - - default default] GET http://10.0.0.243:8776/
2026-09-11 19:04:52.873 7 INFO cinder.api.openstack.wsgi [None req-ce575205-ef8d-4328-a66a-3acee3be238e 65cf3b2478684cf2b5f3543875430204 4dba5907e44941e0b009c7d7dae857a4 - - default default] GET http://10.0.0.243:8776/
2026-09-11 19:04:52.874 8 INFO cinder.api.openstack.wsgi [None req-1ad86f4f-d0ae-4f76-a4fc-f2258d5171e9 65cf3b2478684cf2b5f3543875430204 4dba5907e44941e0b009c7d7dae857a4 - - default default] http://10.0.0.243:8776/ returned with HTTP 300
2026-09-11 19:04:52.874 7 INFO cinder.api.openstack.wsgi [None req-ce575205-ef8d-4328-a66a-3acee3be238e 65cf3b2478684cf2b5f3543875430204 4dba5907e44941e0b009c7d7dae857a4 - - default default] http://10.0.0.243:8776/ returned with HTTP 300
2026-09-11 19:05:02.872 8 INFO cinder.api.openstack.wsgi [None req-1ad86f4f-d0ae-4f76-a4fc-f2258d5171e9 65cf3b2478684cf2b5f3543875430204 4dba5907e44941e0b009c7d7dae857a4 - - default default] GET http://10.0.0.243:8776/
2026-09-11 19:05:02.873 8 INFO cinder.api.openstack.wsgi [None req-1ad86f4f-d0ae-4f76-a4fc-f2258d5171e9 65cf3b2478684cf2b5f3543875430204 4dba5907e44941e0b009c7d7dae857a4 - - default default] http://10.0.0.243:8776/ returned with HTTP 300
2026-09-11 19:05:02.873 7 INFO cinder.api.openstack.wsgi [None req-ce575205-ef8d-4328-a66a-3acee3be238e 65cf3b2478684cf2b5f3543875430204 4dba5907e44941e0b009c7d7dae857a4 - - default default] GET http://10.0.0.243:8776/
2026-09-11 19:05:02.875 7 INFO cinder.api.openstack.wsgi [None req-ce575205-ef8d-4328-a66a-3acee3be238e 65cf3b2478684cf2b5f3543875430204 4dba5907e44941e0b009c7d7dae857a4 - - default default] http://10.0.0.243:8776/ returned with HTTP 300
2026-09-11 19:05:12.872 8 INFO cinder.api.openstack.wsgi [None req-1ad86f4f-d0ae-4f76-a4fc-f2258d5171e9 65cf3b2478684cf2b5f3543875430204 4dba5907e44941e0b009c7d7dae857a4 - - default default] GET http://10.0.0.243:8776/
2026-09-11 19:05:12.873 7 INFO cinder.api.openstack.wsgi [None req-ce575205-ef8d-4328-a66a-3acee3be238e 65cf3b2478684cf2b5f3543875430204 4dba5907e44941e0b009c7d7dae857a4 - - default default] GET http://10.0.0.243:8776/
2026-09-11 19:05:12.873 8 INFO cinder.api.openstack.wsgi [None req-1ad86f4f-d0ae-4f76-a4fc-f2258d5171e9 65cf3b2478684cf2b5f3543875430204 4dba5907e44941e0b009c7d7dae857a4 - - default default] http://10.0.0.243:8776/ returned with HTTP 300
2026-09-11 19:05:12.875 7 INFO cinder.api.openstack.wsgi [None req-ce575205-ef8d-4328-a66a-3acee3be238e 65cf3b2478684cf2b5f3543875430204 4dba5907e44941e0b009c7d7dae857a4 - - default default] http://10.0.0.243:8776/ returned with HTTP 300
2026-09-11 19:05:13.704 8 INFO cinder.api.openstack.wsgi [None req-b481a563-98d9-439d-8b73-5e425b7ae36d 65cf3b2478684cf2b5f3543875430204 4dba5907e44941e0b009c7d7dae857a4 - - default default] GET http://cinder-api.openstack.svc.cluster.local:8776/v3/4dba5907e44941e0b009c7d7dae857a4/snapshots
2026-09-11 19:05:13.728 8 INFO cinder.volume.api [None req-b481a563-98d9-439d-8b73-5e425b7ae36d 65cf3b2478684cf2b5f3543875430204 4dba5907e44941e0b009c7d7dae857a4 - - default default] Get all snapshots completed successfully.
2026-09-11 19:05:13.729 8 INFO cinder.api.openstack.wsgi [None req-b481a563-98d9-439d-8b73-5e425b7ae36d 65cf3b2478684cf2b5f3543875430204 4dba5907e44941e0b009c7d7dae857a4 - - default default] http://cinder-api.openstack.svc.cluster.local:8776/v3/4dba5907e44941e0b009c7d7dae857a4/snapshots returned with HTTP 200 [pid: 8|app: 0|req: 567/1141] 10.0.0.241 () {32 vars in 705 bytes} [Fri Sep 11 19:05:13 2026] GET /v3/4dba5907e44941e0b009c7d7dae857a4/snapshots => generated 17 bytes in 33 msecs (HTTP/1.1 200) 7 headers in 284 bytes (1 switches on core 0)
