2026-09-11 18:54:07.666 8 INFO neutron.db.ovn_revision_numbers_db [None req-06e5a390-663b-4451-ae03-993a59252ccd - - - - - -] Successfully bumped revision number for resource 4a9657d1-fde8-43e6-ac52-daef27a5cf1f (type: ports) to 2 [pid: 8|app: 0|req: 597/1150] 10.0.0.241 () {32 vars in 739 bytes} [Fri Sep 11 18:54:07 2026] DELETE /v2.0/security-groups/80a4139b-e7d8-4c1a-897b-1c0b4575326c => generated 0 bytes in 303 msecs (HTTP/1.1 204) 2 headers in 112 bytes (1 switches on core 0)
2026-09-11 18:54:07.855 8 INFO neutron.api.v2.resource [None req-a0294b82-21d0-435f-8171-1c0b177c80a3 b993a762bafd455b911197e60f46137a 5ced1b23d05c4ac69e67a4ae33fbe6a1 - - default default] show failed (client error): The resource could not be found. [pid: 8|app: 0|req: 598/1151] 10.0.0.241 () {32 vars in 736 bytes} [Fri Sep 11 18:54:07 2026] GET /v2.0/security-groups/80a4139b-e7d8-4c1a-897b-1c0b4575326c => generated 146 bytes in 32 msecs (HTTP/1.1 404) 4 headers in 164 bytes (1 switches on core 0)
2026-09-11 18:54:07.874 8 INFO neutron.db.ovn_revision_numbers_db [None req-170d3748-800c-46a7-9c74-b3d872f97510 - - - - - -] Successfully bumped revision number for resource 4a9657d1-fde8-43e6-ac52-daef27a5cf1f (type: router_ports) to 2
2026-09-11 18:54:08.025 8 INFO neutron_taas.services.taas.taas_plugin [None req-e1d76215-0393-485c-9752-96bf61b5cf3b b993a762bafd455b911197e60f46137a 5ced1b23d05c4ac69e67a4ae33fbe6a1 - - default default] TaaS: Handle Delete Port: 40ef3958-d409-4cb1-9929-f01ebc4e0880
2026-09-11 18:54:08.027 8 INFO neutron_taas.services.taas.tap_mirror_plugin [None req-e1d76215-0393-485c-9752-96bf61b5cf3b b993a762bafd455b911197e60f46137a 5ced1b23d05c4ac69e67a4ae33fbe6a1 - - default default] Tap Mirror: Handle Delete Port: 40ef3958-d409-4cb1-9929-f01ebc4e0880
2026-09-11 18:54:08.091 8 INFO neutron.plugins.ml2.drivers.ovn.mech_driver.mech_driver [None req-170d3748-800c-46a7-9c74-b3d872f97510 - - - - - -] OVN reports status down for port: 2b18e65b-8307-4812-bafb-746617cbd2fa
2026-09-11 18:54:08.111 7 INFO neutron.db.ovn_revision_numbers_db [None req-aacfaf12-9cc4-4b1b-80c8-b10c318208e4 1467914c938a4dfe96370ff2b8903afe 3a92a5638fc74db18afbd50cd7f01dcb - - default default] Successfully bumped revision number for resource 2b18e65b-8307-4812-bafb-746617cbd2fa (type: ports) to 1 [pid: 8|app: 0|req: 599/1152] 10.0.0.241 () {32 vars in 731 bytes} [Fri Sep 11 18:54:07 2026] DELETE /v2.0/floatingips/0e8bcdd0-1a04-422e-8a0e-fa088f1a3b03 => generated 0 bytes in 448 msecs (HTTP/1.1 204) 2 headers in 112 bytes (1 switches on core 0)
2026-09-11 18:54:08.603 8 INFO neutron.plugins.ml2.drivers.ovn.mech_driver.mech_driver [None req-170d3748-800c-46a7-9c74-b3d872f97510 - - - - - -] OVN reports status up for port: 2b18e65b-8307-4812-bafb-746617cbd2fa
2026-09-11 18:54:08.642 8 INFO neutron.plugins.ml2.plugin [None req-170d3748-800c-46a7-9c74-b3d872f97510 - - - - - -] Attempt 1 to provision port 2b18e65b-8307-4812-bafb-746617cbd2fa
2026-09-11 18:54:08.700 7 WARNING neutron.scheduler.dhcp_agent_scheduler [None req-aacfaf12-9cc4-4b1b-80c8-b10c318208e4 1467914c938a4dfe96370ff2b8903afe 3a92a5638fc74db18afbd50cd7f01dcb - - default default] No more DHCP agents
2026-09-11 18:54:08.702 7 WARNING neutron.api.rpc.agentnotifiers.dhcp_rpc_agent_api [None req-aacfaf12-9cc4-4b1b-80c8-b10c318208e4 1467914c938a4dfe96370ff2b8903afe 3a92a5638fc74db18afbd50cd7f01dcb - - default default] Unable to schedule network b919e6ba-8a3c-47fc-ac99-5551bc266871: no agents available; will retry on subsequent port and subnet creation events.
2026-09-11 18:54:08.815 8 INFO neutron_taas.services.taas.taas_plugin [None req-10ce0cf2-3119-4b5c-b4c2-115ce4abeebf 65cf3b2478684cf2b5f3543875430204 4dba5907e44941e0b009c7d7dae857a4 - - default default] TaaS: Handle Delete Port: 27bf53a4-0faa-44fa-82a1-8b9f6e8df3ca
2026-09-11 18:54:08.819 8 INFO neutron_taas.services.taas.tap_mirror_plugin [None req-10ce0cf2-3119-4b5c-b4c2-115ce4abeebf 65cf3b2478684cf2b5f3543875430204 4dba5907e44941e0b009c7d7dae857a4 - - default default] Tap Mirror: Handle Delete Port: 27bf53a4-0faa-44fa-82a1-8b9f6e8df3ca
2026-09-11 18:54:08.918 7 INFO neutron.db.ovn_revision_numbers_db [None req-aacfaf12-9cc4-4b1b-80c8-b10c318208e4 1467914c938a4dfe96370ff2b8903afe 3a92a5638fc74db18afbd50cd7f01dcb - - default default] Successfully bumped revision number for resource 2b18e65b-8307-4812-bafb-746617cbd2fa (type: router_ports) to 1 [pid: 7|app: 0|req: 554/1153] 10.0.0.241 () {34 vars in 782 bytes} [Fri Sep 11 18:54:07 2026] PUT /v2.0/routers/4b688ca1-0905-4514-9125-5d9e218628b5/add_router_interface => generated 309 bytes in 1723 msecs (HTTP/1.1 200) 4 headers in 157 bytes (1 switches on core 0) [pid: 7|app: 0|req: 555/1154] 10.0.0.241 () {32 vars in 716 bytes} [Fri Sep 11 18:54:08 2026] GET /v2.0/ports/2b18e65b-8307-4812-bafb-746617cbd2fa => generated 953 bytes in 94 msecs (HTTP/1.1 200) 4 headers in 157 bytes (1 switches on core 0) [pid: 7|app: 0|req: 556/1155] 10.0.0.241 () {32 vars in 716 bytes} [Fri Sep 11 18:54:09 2026] GET /v2.0/ports/2b18e65b-8307-4812-bafb-746617cbd2fa => generated 953 bytes in 28 msecs (HTTP/1.1 200) 4 headers in 157 bytes (1 switches on core 0)
2026-09-11 18:54:09.602 8 INFO neutron.db.ovn_revision_numbers_db [None req-170d3748-800c-46a7-9c74-b3d872f97510 - - - - - -] Successfully bumped revision number for resource 2b18e65b-8307-4812-bafb-746617cbd2fa (type: ports) to 2
2026-09-11 18:54:09.890 8 INFO neutron.db.ovn_revision_numbers_db [None req-c2481365-d8cd-47c7-bc43-a6f8ef061108 - - - - - -] Successfully bumped revision number for resource 2b18e65b-8307-4812-bafb-746617cbd2fa (type: router_ports) to 2 [pid: 7|app: 0|req: 557/1156] 10.0.0.241 () {32 vars in 716 bytes} [Fri Sep 11 18:54:10 2026] GET /v2.0/ports/2b18e65b-8307-4812-bafb-746617cbd2fa => generated 955 bytes in 55 msecs (HTTP/1.1 200) 4 headers in 157 bytes (1 switches on core 0) [pid: 8|app: 0|req: 600/1157] 10.0.0.241 () {34 vars in 788 bytes} [Fri Sep 11 18:54:08 2026] PUT /v2.0/routers/62ce9bdb-28de-4565-8e54-2bda5a9aa46f/remove_router_interface => generated 309 bytes in 1778 msecs (HTTP/1.1 200) 4 headers in 157 bytes (1 switches on core 0) /var/lib/openstack/lib/python3.12/site-packages/pycadf/identifier.py:70: UserWarning: Invalid uuid: neutron. To ensure interoperability, identifiers should be a valid uuid. warnings.warn(('Invalid uuid: %s. To ensure interoperability, '
2026-09-11 18:54:10.362 7 INFO neutron_taas.services.taas.taas_plugin [None req-93338e54-e616-481a-91a0-9e2136193642 1467914c938a4dfe96370ff2b8903afe 3a92a5638fc74db18afbd50cd7f01dcb - - default default] TaaS: Handle Delete Port: 2b18e65b-8307-4812-bafb-746617cbd2fa
2026-09-11 18:54:10.365 7 INFO neutron_taas.services.taas.tap_mirror_plugin [None req-93338e54-e616-481a-91a0-9e2136193642 1467914c938a4dfe96370ff2b8903afe 3a92a5638fc74db18afbd50cd7f01dcb - - default default] Tap Mirror: Handle Delete Port: 2b18e65b-8307-4812-bafb-746617cbd2fa
2026-09-11 18:54:10.508 8 INFO neutron_taas.services.taas.taas_plugin [None req-6e1f179d-cb25-489b-bf05-c209dce38f7d 65cf3b2478684cf2b5f3543875430204 4dba5907e44941e0b009c7d7dae857a4 - - default default] TaaS: Handle Delete Port: 11cd85ff-05d5-4389-a6f7-63b91cddc9e7
2026-09-11 18:54:10.511 8 INFO neutron_taas.services.taas.tap_mirror_plugin [None req-6e1f179d-cb25-489b-bf05-c209dce38f7d 65cf3b2478684cf2b5f3543875430204 4dba5907e44941e0b009c7d7dae857a4 - - default default] Tap Mirror: Handle Delete Port: 11cd85ff-05d5-4389-a6f7-63b91cddc9e7 [pid: 7|app: 0|req: 558/1158] 10.0.0.241 () {34 vars in 788 bytes} [Fri Sep 11 18:54:10 2026] PUT /v2.0/routers/4b688ca1-0905-4514-9125-5d9e218628b5/remove_router_interface => generated 309 bytes in 470 msecs (HTTP/1.1 200) 4 headers in 157 bytes (1 switches on core 0) /var/lib/openstack/lib/python3.12/site-packages/pycadf/identifier.py:70: UserWarning: Invalid uuid: neutron. To ensure interoperability, identifiers should be a valid uuid. warnings.warn(('Invalid uuid: %s. To ensure interoperability, ' [pid: 7|app: 0|req: 559/1159] 10.0.0.241 () {32 vars in 716 bytes} [Fri Sep 11 18:54:10 2026] GET /v2.0/ports/4a9657d1-fde8-43e6-ac52-daef27a5cf1f => generated 947 bytes in 79 msecs (HTTP/1.1 200) 4 headers in 157 bytes (1 switches on core 0)
2026-09-11 18:54:10.964 7 INFO neutron_taas.services.taas.taas_plugin [None req-3a32fd9b-3763-45cf-b27a-4eaf251fa58a 1467914c938a4dfe96370ff2b8903afe 3a92a5638fc74db18afbd50cd7f01dcb - - default default] TaaS: Handle Delete Port: 4a9657d1-fde8-43e6-ac52-daef27a5cf1f
2026-09-11 18:54:10.973 7 INFO neutron_taas.services.taas.tap_mirror_plugin [None req-3a32fd9b-3763-45cf-b27a-4eaf251fa58a 1467914c938a4dfe96370ff2b8903afe 3a92a5638fc74db18afbd50cd7f01dcb - - default default] Tap Mirror: Handle Delete Port: 4a9657d1-fde8-43e6-ac52-daef27a5cf1f [pid: 7|app: 0|req: 560/1160] 10.0.0.241 () {34 vars in 788 bytes} [Fri Sep 11 18:54:10 2026] PUT /v2.0/routers/4b688ca1-0905-4514-9125-5d9e218628b5/remove_router_interface => generated 309 bytes in 578 msecs (HTTP/1.1 200) 4 headers in 157 bytes (1 switches on core 0) [pid: 8|app: 0|req: 601/1161] 10.0.0.241 () {32 vars in 723 bytes} [Fri Sep 11 18:54:10 2026] DELETE /v2.0/routers/62ce9bdb-28de-4565-8e54-2bda5a9aa46f => generated 0 bytes in 1213 msecs (HTTP/1.1 204) 2 headers in 112 bytes (1 switches on core 0) [pid: 8|app: 0|req: 602/1162] 10.0.0.241 () {32 vars in 735 bytes} [Fri Sep 11 18:54:11 2026] GET /v2.0/ports?device_id=4b688ca1-0905-4514-9125-5d9e218628b5 => generated 12 bytes in 15 msecs (HTTP/1.1 200) 4 headers in 156 bytes (1 switches on core 0) /var/lib/openstack/lib/python3.12/site-packages/pycadf/identifier.py:70: UserWarning: Invalid uuid: neutron. To ensure interoperability, identifiers should be a valid uuid. warnings.warn(('Invalid uuid: %s. To ensure interoperability, ' [pid: 8|app: 0|req: 603/1163] 10.0.0.241 () {32 vars in 723 bytes} [Fri Sep 11 18:54:11 2026] DELETE /v2.0/subnets/f4820ee9-b690-4ac0-9aa1-ae1e15c83728 => generated 0 bytes in 118 msecs (HTTP/1.1 204) 3 headers in 131 bytes (1 switches on core 0)
2026-09-11 18:54:11.611 7 INFO neutron.db.ovn_revision_numbers_db [None req-d903cfb6-5657-401c-9b3e-e67f41dc1f21 65cf3b2478684cf2b5f3543875430204 4dba5907e44941e0b009c7d7dae857a4 - - default default] Successfully bumped revision number for resource e94d98ee-b590-488b-9bec-2c69b67e6fa7 (type: security_groups) to 1
2026-09-11 18:54:11.623 7 INFO neutron.db.ovn_revision_numbers_db [None req-d903cfb6-5657-401c-9b3e-e67f41dc1f21 65cf3b2478684cf2b5f3543875430204 4dba5907e44941e0b009c7d7dae857a4 - - default default] Successfully bumped revision number for resource 1ca08b2f-8ffa-4246-a75b-211a7a50a427 (type: security_group_rules) to 0
2026-09-11 18:54:11.634 7 INFO neutron.db.ovn_revision_numbers_db [None req-d903cfb6-5657-401c-9b3e-e67f41dc1f21 65cf3b2478684cf2b5f3543875430204 4dba5907e44941e0b009c7d7dae857a4 - - default default] Successfully bumped revision number for resource 5632376d-42c5-4568-bd61-de4c0d89dabf (type: security_group_rules) to 0
2026-09-11 18:54:11.646 7 INFO neutron.db.ovn_revision_numbers_db [None req-d903cfb6-5657-401c-9b3e-e67f41dc1f21 65cf3b2478684cf2b5f3543875430204 4dba5907e44941e0b009c7d7dae857a4 - - default default] Successfully bumped revision number for resource f020e911-e3b3-412a-8520-27423552eced (type: security_group_rules) to 0
2026-09-11 18:54:11.657 7 INFO neutron.db.ovn_revision_numbers_db [None req-d903cfb6-5657-401c-9b3e-e67f41dc1f21 65cf3b2478684cf2b5f3543875430204 4dba5907e44941e0b009c7d7dae857a4 - - default default] Successfully bumped revision number for resource fe011467-59c6-41a9-82f1-6a89ec17dddd (type: security_group_rules) to 0 [pid: 7|app: 0|req: 561/1164] 10.0.0.241 () {32 vars in 773 bytes} [Fri Sep 11 18:54:11 2026] GET /v2.0/security-groups?tenant_id=8faa99be3dbd489cbe0e5aacf87f99ef&name=default => generated 2925 bytes in 426 msecs (HTTP/1.1 200) 4 headers in 158 bytes (1 switches on core 0) [pid: 8|app: 0|req: 604/1165] 10.0.0.241 () {32 vars in 723 bytes} [Fri Sep 11 18:54:11 2026] DELETE /v2.0/routers/4b688ca1-0905-4514-9125-5d9e218628b5 => generated 0 bytes in 181 msecs (HTTP/1.1 204) 2 headers in 112 bytes (1 switches on core 0)
2026-09-11 18:54:11.877 7 INFO neutron_taas.services.taas.taas_plugin [None req-e6639928-756f-4701-a144-c3af2775eee1 65cf3b2478684cf2b5f3543875430204 4dba5907e44941e0b009c7d7dae857a4 - - default default] TaaS: Handle Delete Port: fedbd538-4136-4b1f-bc56-d373b741438d
2026-09-11 18:54:11.882 7 INFO neutron_taas.services.taas.tap_mirror_plugin [None req-e6639928-756f-4701-a144-c3af2775eee1 65cf3b2478684cf2b5f3543875430204 4dba5907e44941e0b009c7d7dae857a4 - - default default] Tap Mirror: Handle Delete Port: fedbd538-4136-4b1f-bc56-d373b741438d [pid: 8|app: 0|req: 605/1166] 10.0.0.241 () {32 vars in 739 bytes} [Fri Sep 11 18:54:11 2026] DELETE /v2.0/security-groups/e94d98ee-b590-488b-9bec-2c69b67e6fa7 => generated 0 bytes in 243 msecs (HTTP/1.1 204) 2 headers in 112 bytes (1 switches on core 0)
2026-09-11 18:54:12.114 7 INFO neutron.services.segments.plugin [-] Segment 23925ab7-ea70-44ac-ac55-376c391f7df8 resource provider aggregate not found
2026-09-11 18:54:12.118 7 INFO neutron.services.segments.plugin [-] Segment 23925ab7-ea70-44ac-ac55-376c391f7df8 resource provider aggregate not found
2026-09-11 18:54:12.138 7 INFO neutron.services.segments.plugin [-] Client error retrieving segment 23925ab7-ea70-44ac-ac55-376c391f7df8 resource provider; error: Placement Client Error (4xx): {"errors": [{"status": 404, "title": "Not Found", "detail": "The resource could not be found.\n\n No resource provider with uuid 23925ab7-ea70-44ac-ac55-376c391f7df8 found for delete ", "request_id": "req-532f6e09-703e-49fe-a0ce-4c7ffbc2c8d0"}]}
2026-09-11 18:54:12.140 7 INFO neutron.services.segments.plugin [-] Client error retrieving segment 23925ab7-ea70-44ac-ac55-376c391f7df8 resource provider; error: Placement Client Error (4xx): {"errors": [{"status": 404, "title": "Not Found", "detail": "The resource could not be found.\n\n No resource provider with uuid 23925ab7-ea70-44ac-ac55-376c391f7df8 found for delete ", "request_id": "req-efbefb68-3f50-4aa2-a7a0-3e528d25aa95"}]} [pid: 7|app: 0|req: 562/1167] 10.0.0.241 () {32 vars in 725 bytes} [Fri Sep 11 18:54:11 2026] DELETE /v2.0/networks/4032b333-a2fa-43b0-91b8-fbe58a844b1f => generated 0 bytes in 442 msecs (HTTP/1.1 204) 3 headers in 131 bytes (1 switches on core 0) [pid: 8|app: 0|req: 606/1168] 10.0.0.241 () {32 vars in 723 bytes} [Fri Sep 11 18:54:11 2026] DELETE /v2.0/subnets/56790911-466e-43c6-ae49-5ab7829eff7f => generated 0 bytes in 233 msecs (HTTP/1.1 204) 3 headers in 131 bytes (1 switches on core 0)
2026-09-11 18:54:12.286 7 INFO neutron.db.ovn_revision_numbers_db [None req-026740d9-8ef1-4244-a9eb-fb7abeb3261e 65cf3b2478684cf2b5f3543875430204 4dba5907e44941e0b009c7d7dae857a4 - - default default] Successfully bumped revision number for resource 2fae9907-96a3-414e-9f4e-87390961ad8b (type: security_groups) to 1
2026-09-11 18:54:12.301 7 INFO neutron.db.ovn_revision_numbers_db [None req-026740d9-8ef1-4244-a9eb-fb7abeb3261e 65cf3b2478684cf2b5f3543875430204 4dba5907e44941e0b009c7d7dae857a4 - - default default] Successfully bumped revision number for resource 2417c775-cc0d-42db-b5b6-16ef9eedc7f9 (type: security_group_rules) to 0
2026-09-11 18:54:12.318 7 INFO neutron.db.ovn_revision_numbers_db [None req-026740d9-8ef1-4244-a9eb-fb7abeb3261e 65cf3b2478684cf2b5f3543875430204 4dba5907e44941e0b009c7d7dae857a4 - - default default] Successfully bumped revision number for resource 2d64f567-7d13-47ae-934d-d820675c9b8a (type: security_group_rules) to 0
2026-09-11 18:54:12.335 7 INFO neutron.db.ovn_revision_numbers_db [None req-026740d9-8ef1-4244-a9eb-fb7abeb3261e 65cf3b2478684cf2b5f3543875430204 4dba5907e44941e0b009c7d7dae857a4 - - default default] Successfully bumped revision number for resource 316cbba7-adc9-4250-9e81-924da93de502 (type: security_group_rules) to 0
2026-09-11 18:54:12.354 7 INFO neutron.db.ovn_revision_numbers_db [None req-026740d9-8ef1-4244-a9eb-fb7abeb3261e 65cf3b2478684cf2b5f3543875430204 4dba5907e44941e0b009c7d7dae857a4 - - default default] Successfully bumped revision number for resource c09a52e3-b5dc-41d8-ba69-0f7929afef60 (type: security_group_rules) to 0 [pid: 8|app: 0|req: 607/1169] 10.0.0.241 () {32 vars in 723 bytes} [Fri Sep 11 18:54:12 2026] DELETE /v2.0/subnets/073e5968-0b03-472f-8e1e-fa671daf1eae => generated 0 bytes in 160 msecs (HTTP/1.1 204) 3 headers in 131 bytes (1 switches on core 0) [pid: 8|app: 0|req: 608/1170] 10.0.0.241 () {32 vars in 773 bytes} [Fri Sep 11 18:54:12 2026] GET /v2.0/security-groups?tenant_id=5ced1b23d05c4ac69e67a4ae33fbe6a1&name=default => generated 2925 bytes in 28 msecs (HTTP/1.1 200) 4 headers in 158 bytes (1 switches on core 0) [pid: 7|app: 0|req: 563/1171] 10.0.0.241 () {32 vars in 773 bytes} [Fri Sep 11 18:54:12 2026] GET /v2.0/security-groups?tenant_id=6cb46f740ce14f03865507a1fb696d27&name=default => generated 2925 bytes in 254 msecs (HTTP/1.1 200) 4 headers in 158 bytes (1 switches on core 0)
2026-09-11 18:54:12.465 8 INFO neutron_taas.services.taas.taas_plugin [None req-69d9f8d4-2206-4aca-9074-d750ac1af5e8 1467914c938a4dfe96370ff2b8903afe 3a92a5638fc74db18afbd50cd7f01dcb - - default default] TaaS: Handle Delete Port: 03e7c651-bbec-4d17-bf1b-a7426b1c7555
2026-09-11 18:54:12.467 8 INFO neutron_taas.services.taas.tap_mirror_plugin [None req-69d9f8d4-2206-4aca-9074-d750ac1af5e8 1467914c938a4dfe96370ff2b8903afe 3a92a5638fc74db18afbd50cd7f01dcb - - default default] Tap Mirror: Handle Delete Port: 03e7c651-bbec-4d17-bf1b-a7426b1c7555 [pid: 7|app: 0|req: 564/1172] 10.0.0.241 () {32 vars in 739 bytes} [Fri Sep 11 18:54:12 2026] DELETE /v2.0/security-groups/e712d4a8-a40f-4dc2-9115-c350e6e9d92d => generated 0 bytes in 260 msecs (HTTP/1.1 204) 2 headers in 112 bytes (1 switches on core 0)
2026-09-11 18:54:12.677 8 INFO neutron.services.segments.plugin [-] Segment c6265d43-1736-4795-9d14-d2baf3ad7076 resource provider aggregate not found
2026-09-11 18:54:12.684 8 INFO neutron.services.segments.plugin [-] Segment c6265d43-1736-4795-9d14-d2baf3ad7076 resource provider aggregate not found
2026-09-11 18:54:12.709 8 INFO neutron.services.segments.plugin [-] Client error retrieving segment c6265d43-1736-4795-9d14-d2baf3ad7076 resource provider; error: Placement Client Error (4xx): {"errors": [{"status": 404, "title": "Not Found", "detail": "The resource could not be found.\n\n No resource provider with uuid c6265d43-1736-4795-9d14-d2baf3ad7076 found for delete ", "request_id": "req-ccb323c6-b33e-4201-a2ff-a8a229949c86"}]}
2026-09-11 18:54:12.717 8 INFO neutron.services.segments.plugin [-] Client error retrieving segment c6265d43-1736-4795-9d14-d2baf3ad7076 resource provider; error: Placement Client Error (4xx): {"errors": [{"status": 404, "title": "Not Found", "detail": "The resource could not be found.\n\n No resource provider with uuid c6265d43-1736-4795-9d14-d2baf3ad7076 found for delete ", "request_id": "req-3a2704f2-9a80-4c61-bc24-38ee669146e0"}]} [pid: 8|app: 0|req: 609/1173] 10.0.0.241 () {32 vars in 725 bytes} [Fri Sep 11 18:54:12 2026] DELETE /v2.0/networks/b919e6ba-8a3c-47fc-ac99-5551bc266871 => generated 0 bytes in 345 msecs (HTTP/1.1 204) 3 headers in 131 bytes (1 switches on core 0) [pid: 7|app: 0|req: 565/1174] 10.0.0.241 () {32 vars in 739 bytes} [Fri Sep 11 18:54:12 2026] DELETE /v2.0/security-groups/2fae9907-96a3-414e-9f4e-87390961ad8b => generated 0 bytes in 221 msecs (HTTP/1.1 204) 2 headers in 112 bytes (1 switches on core 0)
2026-09-11 18:54:12.887 8 INFO neutron_taas.services.taas.taas_plugin [None req-3229eff2-64c3-4a60-96ab-31b4062aea99 1467914c938a4dfe96370ff2b8903afe 3a92a5638fc74db18afbd50cd7f01dcb - - default default] TaaS: Handle Delete Port: e4bdbd5c-3f66-4faf-8997-6dec18618bdc
2026-09-11 18:54:12.889 8 INFO neutron_taas.services.taas.tap_mirror_plugin [None req-3229eff2-64c3-4a60-96ab-31b4062aea99 1467914c938a4dfe96370ff2b8903afe 3a92a5638fc74db18afbd50cd7f01dcb - - default default] Tap Mirror: Handle Delete Port: e4bdbd5c-3f66-4faf-8997-6dec18618bdc [pid: 8|app: 0|req: 610/1175] 10.0.0.241 () {32 vars in 725 bytes} [Fri Sep 11 18:54:12 2026] DELETE /v2.0/networks/5735701d-eeed-4546-bd6a-831fbaec65b7 => generated 0 bytes in 409 msecs (HTTP/1.1 204) 3 headers in 131 bytes (1 switches on core 0)
2026-09-11 18:54:13.253 7 INFO neutron.db.segments_db [None req-02d3eec4-638d-43fe-ad28-be6231f5587d 1467914c938a4dfe96370ff2b8903afe 3a92a5638fc74db18afbd50cd7f01dcb - - default default] Added segment beba2339-35cd-4529-8a3a-f583290067a1 of type geneve for network cc20a1de-7090-4840-9716-c61160ab6816
2026-09-11 18:54:13.375 7 INFO neutron.db.ovn_revision_numbers_db [None req-02d3eec4-638d-43fe-ad28-be6231f5587d 1467914c938a4dfe96370ff2b8903afe 3a92a5638fc74db18afbd50cd7f01dcb - - default default] Successfully bumped revision number for resource cc20a1de-7090-4840-9716-c61160ab6816 (type: networks) to 1
2026-09-11 18:54:13.532 7 WARNING neutron.scheduler.dhcp_agent_scheduler [None req-02d3eec4-638d-43fe-ad28-be6231f5587d 1467914c938a4dfe96370ff2b8903afe 3a92a5638fc74db18afbd50cd7f01dcb - - default default] No more DHCP agents
2026-09-11 18:54:13.534 7 WARNING neutron.api.rpc.agentnotifiers.dhcp_rpc_agent_api [None req-02d3eec4-638d-43fe-ad28-be6231f5587d 1467914c938a4dfe96370ff2b8903afe 3a92a5638fc74db18afbd50cd7f01dcb - - default default] Unable to schedule network cc20a1de-7090-4840-9716-c61160ab6816: no agents available; will retry on subsequent port and subnet creation events.
2026-09-11 18:54:13.584 8 INFO neutron.plugins.ml2.drivers.ovn.mech_driver.mech_driver [None req-c2481365-d8cd-47c7-bc43-a6f8ef061108 - - - - - -] OVN reports status down for port: 4a74fc74-c8cf-4d9c-879f-5c485e520cac
2026-09-11 18:54:13.612 7 INFO neutron.db.ovn_revision_numbers_db [None req-02d3eec4-638d-43fe-ad28-be6231f5587d 1467914c938a4dfe96370ff2b8903afe 3a92a5638fc74db18afbd50cd7f01dcb - - default default] Successfully bumped revision number for resource 4a74fc74-c8cf-4d9c-879f-5c485e520cac (type: ports) to 1 [pid: 7|app: 0|req: 566/1176] 10.0.0.241 () {34 vars in 669 bytes} [Fri Sep 11 18:54:13 2026] POST /v2.0/networks => generated 634 bytes in 484 msecs (HTTP/1.1 201) 4 headers in 162 bytes (1 switches on core 0) [pid: 8|app: 0|req: 611/1177] 10.0.0.215 () {34 vars in 989 bytes} [Fri Sep 11 18:54:13 2026] GET /v2.0/ports?device_id=61397e7b-eacf-49ec-a18f-977fde3e4080 => generated 1209 bytes in 208 msecs (HTTP/1.1 200) 4 headers in 158 bytes (1 switches on core 0) [pid: 8|app: 0|req: 612/1178] 10.0.0.215 () {34 vars in 1039 bytes} [Fri Sep 11 18:54:13 2026] GET /v2.0/security-groups?id=f2c79172-d1b8-43a9-8297-767000b9ad2e&fields=id&fields=name => generated 114 bytes in 59 msecs (HTTP/1.1 200) 4 headers in 157 bytes (1 switches on core 0)
2026-09-11 18:54:13.850 7 WARNING neutron.scheduler.dhcp_agent_scheduler [None req-bd60f3c7-a016-40e8-81bc-6af7284e7edb 1467914c938a4dfe96370ff2b8903afe 3a92a5638fc74db18afbd50cd7f01dcb - - default default] No more DHCP agents
2026-09-11 18:54:13.853 7 WARNING neutron.api.rpc.agentnotifiers.dhcp_rpc_agent_api [None req-bd60f3c7-a016-40e8-81bc-6af7284e7edb 1467914c938a4dfe96370ff2b8903afe 3a92a5638fc74db18afbd50cd7f01dcb - - default default] Unable to schedule network cc20a1de-7090-4840-9716-c61160ab6816: no agents available; will retry on subsequent port and subnet creation events.
2026-09-11 18:54:13.890 7 INFO neutron.db.ovn_revision_numbers_db [None req-bd60f3c7-a016-40e8-81bc-6af7284e7edb 1467914c938a4dfe96370ff2b8903afe 3a92a5638fc74db18afbd50cd7f01dcb - - default default] Successfully bumped revision number for resource 3487baf1-6c1c-4a48-843b-20cd3480c1bb (type: subnets) to 0 [pid: 7|app: 0|req: 567/1179] 10.0.0.241 () {34 vars in 668 bytes} [Fri Sep 11 18:54:13 2026] POST /v2.0/subnets => generated 646 bytes in 265 msecs (HTTP/1.1 201) 4 headers in 162 bytes (1 switches on core 0)
2026-09-11 18:54:14.046 8 INFO neutron.db.ovn_revision_numbers_db [None req-a43d203d-223f-4bf9-9fcc-3acb13524b0e 1467914c938a4dfe96370ff2b8903afe 3a92a5638fc74db18afbd50cd7f01dcb - - default default] Successfully bumped revision number for resource 82bf67a3-bf62-4fe5-81a8-39b8c309fda5 (type: routers) to 1 [pid: 8|app: 0|req: 613/1180] 10.0.0.241 () {34 vars in 668 bytes} [Fri Sep 11 18:54:13 2026] POST /v2.0/routers => generated 606 bytes in 145 msecs (HTTP/1.1 201) 4 headers in 162 bytes (1 switches on core 0)
2026-09-11 18:54:14.358 7 WARNING neutron.scheduler.dhcp_agent_scheduler [None req-3fc93d48-5d48-4f3c-95d9-8bfd0b59619f 1467914c938a4dfe96370ff2b8903afe 3a92a5638fc74db18afbd50cd7f01dcb - - default default] No more DHCP agents
2026-09-11 18:54:14.359 7 WARNING neutron.api.rpc.agentnotifiers.dhcp_rpc_agent_api [None req-3fc93d48-5d48-4f3c-95d9-8bfd0b59619f 1467914c938a4dfe96370ff2b8903afe 3a92a5638fc74db18afbd50cd7f01dcb - - default default] Unable to schedule network cc20a1de-7090-4840-9716-c61160ab6816: no agents available; will retry on subsequent port and subnet creation events.
2026-09-11 18:54:14.434 7 INFO neutron.plugins.ml2.drivers.ovn.mech_driver.mech_driver [None req-4e713c88-2f62-4da1-8b4b-dba5fece7047 - - - - - -] OVN reports status down for port: 909cc12f-15c5-4684-b250-6d4edea5ae9a
2026-09-11 18:54:14.496 7 INFO neutron.db.ovn_revision_numbers_db [None req-3fc93d48-5d48-4f3c-95d9-8bfd0b59619f 1467914c938a4dfe96370ff2b8903afe 3a92a5638fc74db18afbd50cd7f01dcb - - default default] Successfully bumped revision number for resource 909cc12f-15c5-4684-b250-6d4edea5ae9a (type: ports) to 1 [pid: 7|app: 0|req: 568/1181] 10.0.0.241 () {34 vars in 664 bytes} [Fri Sep 11 18:54:14 2026] POST /v2.0/ports => generated 959 bytes in 467 msecs (HTTP/1.1 201) 4 headers in 162 bytes (1 switches on core 0)
2026-09-11 18:54:14.745 8 INFO neutron.services.segments.plugin [-] Segment c5a9e358-4264-43d9-a7d7-d0b41995a0d0 resource provider aggregate not found
2026-09-11 18:54:14.747 8 INFO neutron.services.segments.plugin [-] Segment c5a9e358-4264-43d9-a7d7-d0b41995a0d0 resource provider aggregate not found /var/lib/openstack/lib/python3.12/site-packages/pycadf/identifier.py:70: UserWarning: Invalid uuid: neutron. To ensure interoperability, identifiers should be a valid uuid. warnings.warn(('Invalid uuid: %s. To ensure interoperability, '
2026-09-11 18:54:14.767 8 INFO neutron.services.segments.plugin [-] Client error retrieving segment c5a9e358-4264-43d9-a7d7-d0b41995a0d0 resource provider; error: Placement Client Error (4xx): {"errors": [{"status": 404, "title": "Not Found", "detail": "The resource could not be found.\n\n No resource provider with uuid c5a9e358-4264-43d9-a7d7-d0b41995a0d0 found for delete ", "request_id": "req-f5c30de0-ee85-4ed6-8b3e-209aea0898aa"}]}
2026-09-11 18:54:14.769 8 INFO neutron.services.segments.plugin [-] Client error retrieving segment c5a9e358-4264-43d9-a7d7-d0b41995a0d0 resource provider; error: Placement Client Error (4xx): {"errors": [{"status": 404, "title": "Not Found", "detail": "The resource could not be found.\n\n No resource provider with uuid c5a9e358-4264-43d9-a7d7-d0b41995a0d0 found for delete ", "request_id": "req-4e923d14-8f75-4c71-84d4-3c32d56b0e91"}]}
2026-09-11 18:54:14.965 7 INFO neutron.db.ovn_revision_numbers_db [None req-cb0e490a-bbdc-4692-a1e7-bce480398b9b 65cf3b2478684cf2b5f3543875430204 4dba5907e44941e0b009c7d7dae857a4 - - default default] Successfully bumped revision number for resource f42e4b3c-65a3-4025-a54c-f739596810fc (type: security_groups) to 1
2026-09-11 18:54:14.977 7 INFO neutron.db.ovn_revision_numbers_db [None req-cb0e490a-bbdc-4692-a1e7-bce480398b9b 65cf3b2478684cf2b5f3543875430204 4dba5907e44941e0b009c7d7dae857a4 - - default default] Successfully bumped revision number for resource 18622834-576b-42e8-8393-c8d60f15388e (type: security_group_rules) to 0
2026-09-11 18:54:14.989 7 INFO neutron.db.ovn_revision_numbers_db [None req-cb0e490a-bbdc-4692-a1e7-bce480398b9b 65cf3b2478684cf2b5f3543875430204 4dba5907e44941e0b009c7d7dae857a4 - - default default] Successfully bumped revision number for resource 270ec8f5-d072-4120-a5c9-93b518dd803f (type: security_group_rules) to 0
2026-09-11 18:54:15.000 7 INFO neutron.db.ovn_revision_numbers_db [None req-cb0e490a-bbdc-4692-a1e7-bce480398b9b 65cf3b2478684cf2b5f3543875430204 4dba5907e44941e0b009c7d7dae857a4 - - default default] Successfully bumped revision number for resource 79e58283-2c0a-4e6e-866f-b086183ab723 (type: security_group_rules) to 0
2026-09-11 18:54:15.011 7 INFO neutron.db.ovn_revision_numbers_db [None req-cb0e490a-bbdc-4692-a1e7-bce480398b9b 65cf3b2478684cf2b5f3543875430204 4dba5907e44941e0b009c7d7dae857a4 - - default default] Successfully bumped revision number for resource b2bed8e8-950c-42b2-a3a4-d06dcd8fa5b0 (type: security_group_rules) to 0
2026-09-11 18:54:15.109 7 INFO neutron.db.segments_db [None req-cb0e490a-bbdc-4692-a1e7-bce480398b9b 65cf3b2478684cf2b5f3543875430204 4dba5907e44941e0b009c7d7dae857a4 - - default default] Added segment adcb657e-3469-43b1-b85f-1e6b23fca683 of type geneve for network e06faa0e-a67f-44e4-8a1f-822da3fe287c
2026-09-11 18:54:15.109 8 INFO neutron.db.ovn_revision_numbers_db [None req-05f20cd7-dce3-4c2d-b356-b0a7c905f1da 1467914c938a4dfe96370ff2b8903afe 3a92a5638fc74db18afbd50cd7f01dcb - - default default] Successfully bumped revision number for resource 909cc12f-15c5-4684-b250-6d4edea5ae9a (type: ports) to 2
2026-09-11 18:54:15.128 7 INFO neutron.plugins.ml2.drivers.ovn.mech_driver.mech_driver [None req-4e713c88-2f62-4da1-8b4b-dba5fece7047 - - - - - -] OVN reports status up for port: 909cc12f-15c5-4684-b250-6d4edea5ae9a
2026-09-11 18:54:15.158 7 INFO neutron.plugins.ml2.plugin [None req-4e713c88-2f62-4da1-8b4b-dba5fece7047 - - - - - -] Attempt 1 to provision port 909cc12f-15c5-4684-b250-6d4edea5ae9a
2026-09-11 18:54:15.328 7 INFO neutron.db.ovn_revision_numbers_db [None req-cb0e490a-bbdc-4692-a1e7-bce480398b9b 65cf3b2478684cf2b5f3543875430204 4dba5907e44941e0b009c7d7dae857a4 - - default default] Successfully bumped revision number for resource e06faa0e-a67f-44e4-8a1f-822da3fe287c (type: networks) to 1
2026-09-11 18:54:15.723 7 WARNING neutron.scheduler.dhcp_agent_scheduler [None req-cb0e490a-bbdc-4692-a1e7-bce480398b9b 65cf3b2478684cf2b5f3543875430204 4dba5907e44941e0b009c7d7dae857a4 - - default default] No more DHCP agents
2026-09-11 18:54:15.735 7 WARNING neutron.api.rpc.agentnotifiers.dhcp_rpc_agent_api [None req-cb0e490a-bbdc-4692-a1e7-bce480398b9b 65cf3b2478684cf2b5f3543875430204 4dba5907e44941e0b009c7d7dae857a4 - - default default] Unable to schedule network e06faa0e-a67f-44e4-8a1f-822da3fe287c: no agents available; will retry on subsequent port and subnet creation events.
2026-09-11 18:54:15.931 7 INFO neutron.db.ovn_revision_numbers_db [None req-4e713c88-2f62-4da1-8b4b-dba5fece7047 - - - - - -] Successfully bumped revision number for resource 909cc12f-15c5-4684-b250-6d4edea5ae9a (type: ports) to 3
2026-09-11 18:54:15.995 7 INFO neutron.db.ovn_revision_numbers_db [None req-cb0e490a-bbdc-4692-a1e7-bce480398b9b 65cf3b2478684cf2b5f3543875430204 4dba5907e44941e0b009c7d7dae857a4 - - default default] Successfully bumped revision number for resource b13ad305-9e77-4182-96bc-62f8ac4357f1 (type: ports) to 1
2026-09-11 18:54:16.001 7 INFO neutron.plugins.ml2.drivers.ovn.mech_driver.mech_driver [None req-e1025fe0-3a91-4510-95b9-92dc3c192e86 - - - - - -] OVN reports status down for port: b13ad305-9e77-4182-96bc-62f8ac4357f1 [pid: 7|app: 0|req: 569/1182] 10.0.0.241 () {34 vars in 670 bytes} [Fri Sep 11 18:54:14 2026] POST /v2.0/networks => generated 751 bytes in 1469 msecs (HTTP/1.1 201) 4 headers in 162 bytes (1 switches on core 0) /var/lib/openstack/lib/python3.12/site-packages/pycadf/identifier.py:70: UserWarning: Invalid uuid: neutron. To ensure interoperability, identifiers should be a valid uuid. warnings.warn(('Invalid uuid: %s. To ensure interoperability, '
2026-09-11 18:54:16.248 7 WARNING neutron.scheduler.dhcp_agent_scheduler [None req-36d0a21b-328e-4765-8ae3-c83fb919b3d0 65cf3b2478684cf2b5f3543875430204 4dba5907e44941e0b009c7d7dae857a4 - - default default] No more DHCP agents
2026-09-11 18:54:16.249 7 WARNING neutron.api.rpc.agentnotifiers.dhcp_rpc_agent_api [None req-36d0a21b-328e-4765-8ae3-c83fb919b3d0 65cf3b2478684cf2b5f3543875430204 4dba5907e44941e0b009c7d7dae857a4 - - default default] Unable to schedule network e06faa0e-a67f-44e4-8a1f-822da3fe287c: no agents available; will retry on subsequent port and subnet creation events.
2026-09-11 18:54:16.372 8 WARNING neutron.scheduler.dhcp_agent_scheduler [None req-05f20cd7-dce3-4c2d-b356-b0a7c905f1da 1467914c938a4dfe96370ff2b8903afe 3a92a5638fc74db18afbd50cd7f01dcb - - default default] No more DHCP agents
2026-09-11 18:54:16.374 8 WARNING neutron.api.rpc.agentnotifiers.dhcp_rpc_agent_api [None req-05f20cd7-dce3-4c2d-b356-b0a7c905f1da 1467914c938a4dfe96370ff2b8903afe 3a92a5638fc74db18afbd50cd7f01dcb - - default default] Unable to schedule network cc20a1de-7090-4840-9716-c61160ab6816: no agents available; will retry on subsequent port and subnet creation events.
2026-09-11 18:54:16.512 8 INFO neutron.db.ovn_revision_numbers_db [None req-05f20cd7-dce3-4c2d-b356-b0a7c905f1da 1467914c938a4dfe96370ff2b8903afe 3a92a5638fc74db18afbd50cd7f01dcb - - default default] Successfully bumped revision number for resource 909cc12f-15c5-4684-b250-6d4edea5ae9a (type: router_ports) to 3 [pid: 8|app: 0|req: 614/1183] 10.0.0.241 () {34 vars in 782 bytes} [Fri Sep 11 18:54:14 2026] PUT /v2.0/routers/82bf67a3-bf62-4fe5-81a8-39b8c309fda5/add_router_interface => generated 309 bytes in 1981 msecs (HTTP/1.1 200) 4 headers in 157 bytes (1 switches on core 0) /var/lib/openstack/lib/python3.12/site-packages/pycadf/identifier.py:70: UserWarning: Invalid uuid: neutron. To ensure interoperability, identifiers should be a valid uuid. warnings.warn(('Invalid uuid: %s. To ensure interoperability, ' [pid: 8|app: 0|req: 615/1184] 10.0.0.241 () {32 vars in 716 bytes} [Fri Sep 11 18:54:16 2026] GET /v2.0/ports/909cc12f-15c5-4684-b250-6d4edea5ae9a => generated 1021 bytes in 54 msecs (HTTP/1.1 200) 4 headers in 158 bytes (1 switches on core 0)
2026-09-11 18:54:16.798 7 INFO neutron.db.ovn_revision_numbers_db [None req-a12f2414-b5d5-40a9-9f21-e3a591486a7c - - - - - -] Successfully bumped revision number for resource b13ad305-9e77-4182-96bc-62f8ac4357f1 (type: ports) to 2
2026-09-11 18:54:16.854 7 INFO neutron.db.ovn_revision_numbers_db [None req-a12f2414-b5d5-40a9-9f21-e3a591486a7c - - - - - -] Successfully bumped revision number for resource 5816ca14-0dbe-404e-ab5e-02d005e0b70d (type: subnets) to 0 [pid: 7|app: 0|req: 570/1185] 10.0.0.241 () {34 vars in 668 bytes} [Fri Sep 11 18:54:16 2026] POST /v2.0/subnets => generated 695 bytes in 828 msecs (HTTP/1.1 201) 4 headers in 162 bytes (1 switches on core 0)
2026-09-11 18:54:16.971 8 INFO neutron_taas.services.taas.taas_plugin [None req-0bbf1f0c-67ae-4647-acd1-96b2df5efb4c 1467914c938a4dfe96370ff2b8903afe 3a92a5638fc74db18afbd50cd7f01dcb - - default default] TaaS: Handle Delete Port: 909cc12f-15c5-4684-b250-6d4edea5ae9a
2026-09-11 18:54:16.974 8 INFO neutron_taas.services.taas.tap_mirror_plugin [None req-0bbf1f0c-67ae-4647-acd1-96b2df5efb4c 1467914c938a4dfe96370ff2b8903afe 3a92a5638fc74db18afbd50cd7f01dcb - - default default] Tap Mirror: Handle Delete Port: 909cc12f-15c5-4684-b250-6d4edea5ae9a [pid: 8|app: 0|req: 616/1186] 10.0.0.241 () {34 vars in 788 bytes} [Fri Sep 11 18:54:16 2026] PUT /v2.0/routers/82bf67a3-bf62-4fe5-81a8-39b8c309fda5/remove_router_interface => generated 309 bytes in 661 msecs (HTTP/1.1 200) 4 headers in 157 bytes (1 switches on core 0) /var/lib/openstack/lib/python3.12/site-packages/pycadf/identifier.py:70: UserWarning: Invalid uuid: neutron. To ensure interoperability, identifiers should be a valid uuid. warnings.warn(('Invalid uuid: %s. To ensure interoperability, '
2026-09-11 18:54:17.296 8 INFO neutron.api.v2.resource [None req-fdc09c5a-f24c-4994-a5bc-7d8096a8e8d0 1467914c938a4dfe96370ff2b8903afe 3a92a5638fc74db18afbd50cd7f01dcb - - default default] remove_router_interface failed (client error): The resource could not be found. [pid: 8|app: 0|req: 617/1187] 10.0.0.241 () {34 vars in 788 bytes} [Fri Sep 11 18:54:17 2026] PUT /v2.0/routers/82bf67a3-bf62-4fe5-81a8-39b8c309fda5/remove_router_interface => generated 197 bytes in 53 msecs (HTTP/1.1 404) 4 headers in 164 bytes (1 switches on core 0) [pid: 8|app: 0|req: 618/1188] 10.0.0.241 () {32 vars in 735 bytes} [Fri Sep 11 18:54:17 2026] GET /v2.0/ports?device_id=82bf67a3-bf62-4fe5-81a8-39b8c309fda5 => generated 12 bytes in 11 msecs (HTTP/1.1 200) 4 headers in 156 bytes (1 switches on core 0)
2026-09-11 18:54:17.317 7 WARNING neutron.scheduler.dhcp_agent_scheduler [None req-271455b0-0694-415d-8f46-e88bbbd3f719 65cf3b2478684cf2b5f3543875430204 4dba5907e44941e0b009c7d7dae857a4 - - default default] No more DHCP agents
2026-09-11 18:54:17.318 7 WARNING neutron.api.rpc.agentnotifiers.dhcp_rpc_agent_api [None req-271455b0-0694-415d-8f46-e88bbbd3f719 65cf3b2478684cf2b5f3543875430204 4dba5907e44941e0b009c7d7dae857a4 - - default default] Unable to schedule network dec41303-a87d-46e5-a921-f63f6be640ce: no agents available; will retry on subsequent port and subnet creation events.
2026-09-11 18:54:17.440 7 INFO neutron.db.ovn_revision_numbers_db [None req-271455b0-0694-415d-8f46-e88bbbd3f719 65cf3b2478684cf2b5f3543875430204 4dba5907e44941e0b009c7d7dae857a4 - - default default] Successfully bumped revision number for resource b34d0f34-68f5-48f0-912f-7ade9c6d37ad (type: ports) to 1
2026-09-11 18:54:17.440 8 INFO neutron.plugins.ml2.drivers.ovn.mech_driver.mech_driver [None req-c2481365-d8cd-47c7-bc43-a6f8ef061108 - - - - - -] OVN reports status down for port: b34d0f34-68f5-48f0-912f-7ade9c6d37ad [pid: 8|app: 0|req: 619/1189] 10.0.0.241 () {32 vars in 723 bytes} [Fri Sep 11 18:54:17 2026] DELETE /v2.0/routers/82bf67a3-bf62-4fe5-81a8-39b8c309fda5 => generated 0 bytes in 209 msecs (HTTP/1.1 204) 2 headers in 112 bytes (1 switches on core 0)
2026-09-11 18:54:17.980 7 INFO neutron.plugins.ml2.drivers.ovn.mech_driver.ovsdb.commands [None req-ee69c6e2-08d4-4465-96d1-13132112ca77 - - - - - -] Schedule LRP lrp-b34d0f34-68f5-48f0-912f-7ade9c6d37ad on gateway bb005c78-bf8e-4d8d-a7ca-b8bc70726efa with priority 1
2026-09-11 18:54:18.072 8 WARNING neutron.plugins.ml2.drivers.ovn.mech_driver.ovsdb.ovn_client [None req-c2481365-d8cd-47c7-bc43-a6f8ef061108 - - - - - -] Logical_Switch_Port b34d0f34-68f5-48f0-912f-7ade9c6d37ad host information not removed, the port state is up
2026-09-11 18:54:18.073 8 INFO neutron.plugins.ml2.drivers.ovn.mech_driver.mech_driver [None req-c2481365-d8cd-47c7-bc43-a6f8ef061108 - - - - - -] OVN reports status up for port: b34d0f34-68f5-48f0-912f-7ade9c6d37ad
2026-09-11 18:54:18.081 7 INFO neutron.plugins.ml2.drivers.ovn.mech_driver.ovsdb.ovsdb_monitor [None req-bfb5d648-a9c7-48a5-b647-1ae9e962be90 - - - - - -] Router 6705723f-ded6-4a90-abd0-7a705b20c85d is bound to host instance
2026-09-11 18:54:18.099 8 INFO neutron.plugins.ml2.plugin [None req-c2481365-d8cd-47c7-bc43-a6f8ef061108 - - - - - -] Attempt 1 to provision port b34d0f34-68f5-48f0-912f-7ade9c6d37ad
2026-09-11 18:54:18.120 7 INFO neutron.db.ovn_revision_numbers_db [None req-271455b0-0694-415d-8f46-e88bbbd3f719 65cf3b2478684cf2b5f3543875430204 4dba5907e44941e0b009c7d7dae857a4 - - default default] Successfully bumped revision number for resource b34d0f34-68f5-48f0-912f-7ade9c6d37ad (type: router_ports) to 1 [pid: 8|app: 0|req: 622/1192] 10.0.0.241 () {32 vars in 723 bytes} [Fri Sep 11 18:54:17 2026] DELETE /v2.0/subnets/3487baf1-6c1c-4a48-843b-20cd3480c1bb => generated 0 bytes in 685 msecs (HTTP/1.1 204) 3 headers in 131 bytes (1 switches on core 0)
2026-09-11 18:54:18.263 7 INFO neutron.db.ovn_revision_numbers_db [None req-271455b0-0694-415d-8f46-e88bbbd3f719 65cf3b2478684cf2b5f3543875430204 4dba5907e44941e0b009c7d7dae857a4 - - default default] Successfully bumped revision number for resource 6705723f-ded6-4a90-abd0-7a705b20c85d (type: routers) to 2 [pid: 7|app: 0|req: 571/1193] 10.0.0.241 () {34 vars in 668 bytes} [Fri Sep 11 18:54:16 2026] POST /v2.0/routers => generated 973 bytes in 1428 msecs (HTTP/1.1 201) 4 headers in 162 bytes (1 switches on core 0)
2026-09-11 18:54:18.380 8 INFO neutron_taas.services.taas.taas_plugin [None req-48da1d06-04e7-447e-92c0-16699965995f 1467914c938a4dfe96370ff2b8903afe 3a92a5638fc74db18afbd50cd7f01dcb - - default default] TaaS: Handle Delete Port: 4a74fc74-c8cf-4d9c-879f-5c485e520cac
2026-09-11 18:54:18.383 8 INFO neutron_taas.services.taas.tap_mirror_plugin [None req-48da1d06-04e7-447e-92c0-16699965995f 1467914c938a4dfe96370ff2b8903afe 3a92a5638fc74db18afbd50cd7f01dcb - - default default] Tap Mirror: Handle Delete Port: 4a74fc74-c8cf-4d9c-879f-5c485e520cac
2026-09-11 18:54:18.582 8 INFO neutron.services.segments.plugin [-] Segment beba2339-35cd-4529-8a3a-f583290067a1 resource provider aggregate not found
2026-09-11 18:54:18.591 8 INFO neutron.services.segments.plugin [-] Segment beba2339-35cd-4529-8a3a-f583290067a1 resource provider aggregate not found
2026-09-11 18:54:18.605 8 INFO neutron.services.segments.plugin [-] Client error retrieving segment beba2339-35cd-4529-8a3a-f583290067a1 resource provider; error: Placement Client Error (4xx): {"errors": [{"status": 404, "title": "Not Found", "detail": "The resource could not be found.\n\n No resource provider with uuid beba2339-35cd-4529-8a3a-f583290067a1 found for delete ", "request_id": "req-bdde390c-577c-461d-bb86-9fa2600b0576"}]}
2026-09-11 18:54:18.614 8 INFO neutron.services.segments.plugin [-] Client error retrieving segment beba2339-35cd-4529-8a3a-f583290067a1 resource provider; error: Placement Client Error (4xx): {"errors": [{"status": 404, "title": "Not Found", "detail": "The resource could not be found.\n\n No resource provider with uuid beba2339-35cd-4529-8a3a-f583290067a1 found for delete ", "request_id": "req-c6d8444a-088f-4198-ae78-4b3eace1c591"}]} [pid: 8|app: 0|req: 623/1194] 10.0.0.241 () {32 vars in 725 bytes} [Fri Sep 11 18:54:18 2026] DELETE /v2.0/networks/cc20a1de-7090-4840-9716-c61160ab6816 => generated 0 bytes in 421 msecs (HTTP/1.1 204) 3 headers in 131 bytes (1 switches on core 0)
2026-09-11 18:54:18.805 8 INFO neutron.db.segments_db [None req-d0337e14-3a56-426c-851e-21133b181000 1467914c938a4dfe96370ff2b8903afe 3a92a5638fc74db18afbd50cd7f01dcb - - default default] Added segment 842527fa-f7d1-47aa-981b-b4ccbf4a3266 of type geneve for network 0b8c007a-205e-460d-9a5b-9ff7b298a17d
2026-09-11 18:54:19.007 8 INFO neutron.db.ovn_revision_numbers_db [None req-d0337e14-3a56-426c-851e-21133b181000 1467914c938a4dfe96370ff2b8903afe 3a92a5638fc74db18afbd50cd7f01dcb - - default default] Successfully bumped revision number for resource 0b8c007a-205e-460d-9a5b-9ff7b298a17d (type: networks) to 1
2026-09-11 18:54:19.190 8 WARNING neutron.scheduler.dhcp_agent_scheduler [None req-d0337e14-3a56-426c-851e-21133b181000 1467914c938a4dfe96370ff2b8903afe 3a92a5638fc74db18afbd50cd7f01dcb - - default default] No more DHCP agents
2026-09-11 18:54:19.191 8 WARNING neutron.api.rpc.agentnotifiers.dhcp_rpc_agent_api [None req-d0337e14-3a56-426c-851e-21133b181000 1467914c938a4dfe96370ff2b8903afe 3a92a5638fc74db18afbd50cd7f01dcb - - default default] Unable to schedule network 0b8c007a-205e-460d-9a5b-9ff7b298a17d: no agents available; will retry on subsequent port and subnet creation events.
2026-09-11 18:54:19.292 8 INFO neutron.db.ovn_revision_numbers_db [None req-d0337e14-3a56-426c-851e-21133b181000 1467914c938a4dfe96370ff2b8903afe 3a92a5638fc74db18afbd50cd7f01dcb - - default default] Successfully bumped revision number for resource 3be0d1df-dfe7-493b-a43b-2144946dbf48 (type: ports) to 1 [pid: 8|app: 0|req: 624/1195] 10.0.0.241 () {34 vars in 669 bytes} [Fri Sep 11 18:54:18 2026] POST /v2.0/networks => generated 634 bytes in 664 msecs (HTTP/1.1 201) 4 headers in 162 bytes (1 switches on core 0)
2026-09-11 18:54:19.351 7 WARNING neutron.scheduler.dhcp_agent_scheduler [None req-eae1963d-95ad-4c37-ad5e-dac5dbf5be73 65cf3b2478684cf2b5f3543875430204 4dba5907e44941e0b009c7d7dae857a4 - - default default] No more DHCP agents
2026-09-11 18:54:19.352 7 WARNING neutron.api.rpc.agentnotifiers.dhcp_rpc_agent_api [None req-eae1963d-95ad-4c37-ad5e-dac5dbf5be73 65cf3b2478684cf2b5f3543875430204 4dba5907e44941e0b009c7d7dae857a4 - - default default] Unable to schedule network e06faa0e-a67f-44e4-8a1f-822da3fe287c: no agents available; will retry on subsequent port and subnet creation events.
2026-09-11 18:54:19.567 7 INFO neutron.db.ovn_revision_numbers_db [None req-eae1963d-95ad-4c37-ad5e-dac5dbf5be73 65cf3b2478684cf2b5f3543875430204 4dba5907e44941e0b009c7d7dae857a4 - - default default] Successfully bumped revision number for resource d2c4c492-c817-4bf2-ad58-305807f9ccbd (type: ports) to 1
2026-09-11 18:54:19.587 8 WARNING neutron.scheduler.dhcp_agent_scheduler [None req-449eb4a5-d092-4a77-a7bf-49d105110e33 1467914c938a4dfe96370ff2b8903afe 3a92a5638fc74db18afbd50cd7f01dcb - - default default] No more DHCP agents
2026-09-11 18:54:19.589 8 WARNING neutron.api.rpc.agentnotifiers.dhcp_rpc_agent_api [None req-449eb4a5-d092-4a77-a7bf-49d105110e33 1467914c938a4dfe96370ff2b8903afe 3a92a5638fc74db18afbd50cd7f01dcb - - default default] Unable to schedule network 0b8c007a-205e-460d-9a5b-9ff7b298a17d: no agents available; will retry on subsequent port and subnet creation events.
2026-09-11 18:54:19.624 8 INFO neutron.db.ovn_revision_numbers_db [None req-449eb4a5-d092-4a77-a7bf-49d105110e33 1467914c938a4dfe96370ff2b8903afe 3a92a5638fc74db18afbd50cd7f01dcb - - default default] Successfully bumped revision number for resource d5f2cd09-d8dc-4bad-9f2d-8460ae0a297a (type: subnets) to 0 [pid: 8|app: 0|req: 625/1196] 10.0.0.241 () {34 vars in 668 bytes} [Fri Sep 11 18:54:19 2026] POST /v2.0/subnets => generated 646 bytes in 324 msecs (HTTP/1.1 201) 4 headers in 162 bytes (1 switches on core 0)
2026-09-11 18:54:19.857 7 INFO neutron.db.ovn_revision_numbers_db [None req-6068fd3a-1a88-4f55-a3f9-340cc907d063 - - - - - -] Successfully bumped revision number for resource b34d0f34-68f5-48f0-912f-7ade9c6d37ad (type: ports) to 4
2026-09-11 18:54:20.000 8 INFO neutron.db.ovn_revision_numbers_db [None req-96801e09-e9f3-4fff-8dea-c517ab70be18 65cf3b2478684cf2b5f3543875430204 4dba5907e44941e0b009c7d7dae857a4 - - default default] Successfully bumped revision number for resource cc0df4b6-f6fc-43ef-9673-844529ac8989 (type: security_groups) to 1
2026-09-11 18:54:20.019 8 INFO neutron.db.ovn_revision_numbers_db [None req-96801e09-e9f3-4fff-8dea-c517ab70be18 65cf3b2478684cf2b5f3543875430204 4dba5907e44941e0b009c7d7dae857a4 - - default default] Successfully bumped revision number for resource 4c71045c-6394-4820-a7cd-393395af9538 (type: security_group_rules) to 0
2026-09-11 18:54:20.034 8 INFO neutron.db.ovn_revision_numbers_db [None req-96801e09-e9f3-4fff-8dea-c517ab70be18 65cf3b2478684cf2b5f3543875430204 4dba5907e44941e0b009c7d7dae857a4 - - default default] Successfully bumped revision number for resource 60dd5d26-1acc-4552-b7fb-d475929092ba (type: security_group_rules) to 0
2026-09-11 18:54:20.054 8 INFO neutron.db.ovn_revision_numbers_db [None req-96801e09-e9f3-4fff-8dea-c517ab70be18 65cf3b2478684cf2b5f3543875430204 4dba5907e44941e0b009c7d7dae857a4 - - default default] Successfully bumped revision number for resource aa15b13e-de2b-480a-b2f9-9263597458bb (type: security_group_rules) to 0
2026-09-11 18:54:20.076 8 INFO neutron.db.ovn_revision_numbers_db [None req-96801e09-e9f3-4fff-8dea-c517ab70be18 65cf3b2478684cf2b5f3543875430204 4dba5907e44941e0b009c7d7dae857a4 - - default default] Successfully bumped revision number for resource fe656495-89dc-4182-af99-31c28a2376b5 (type: security_group_rules) to 0 [pid: 8|app: 0|req: 626/1197] 10.0.0.241 () {32 vars in 773 bytes} [Fri Sep 11 18:54:19 2026] GET /v2.0/security-groups?tenant_id=c13d9c7b254e4f91a62818595779b532&name=default => generated 2925 bytes in 480 msecs (HTTP/1.1 200) 4 headers in 158 bytes (1 switches on core 0)
2026-09-11 18:54:20.277 8 INFO neutron.db.ovn_revision_numbers_db [None req-23800915-2062-43f6-8f50-fe7d621705f6 1467914c938a4dfe96370ff2b8903afe 3a92a5638fc74db18afbd50cd7f01dcb - - default default] Successfully bumped revision number for resource 1567081e-3c40-44ad-bfcd-8fae6456e82d (type: routers) to 1 [pid: 8|app: 0|req: 627/1198] 10.0.0.241 () {34 vars in 668 bytes} [Fri Sep 11 18:54:20 2026] POST /v2.0/routers => generated 606 bytes in 165 msecs (HTTP/1.1 201) 4 headers in 162 bytes (1 switches on core 0) [pid: 8|app: 0|req: 628/1199] 10.0.0.241 () {32 vars in 739 bytes} [Fri Sep 11 18:54:20 2026] DELETE /v2.0/security-groups/cc0df4b6-f6fc-43ef-9673-844529ac8989 => generated 0 bytes in 184 msecs (HTTP/1.1 204) 2 headers in 112 bytes (1 switches on core 0) [pid: 8|app: 0|req: 629/1200] 10.0.0.171 () {34 vars in 989 bytes} [Fri Sep 11 18:54:20 2026] GET /v2.0/ports?device_id=61397e7b-eacf-49ec-a18f-977fde3e4080 => generated 971 bytes in 61 msecs (HTTP/1.1 200) 4 headers in 157 bytes (1 switches on core 0)
2026-09-11 18:54:20.716 7 INFO neutron.db.ovn_revision_numbers_db [None req-6068fd3a-1a88-4f55-a3f9-340cc907d063 - - - - - -] Successfully bumped revision number for resource b34d0f34-68f5-48f0-912f-7ade9c6d37ad (type: ports) to 5
2026-09-11 18:54:20.771 8 INFO neutron.plugins.ml2.drivers.ovn.mech_driver.mech_driver [None req-c2481365-d8cd-47c7-bc43-a6f8ef061108 - - - - - -] OVN reports status down for port: 3be0d1df-dfe7-493b-a43b-2144946dbf48
2026-09-11 18:54:20.958 8 INFO neutron.plugins.ml2.drivers.ovn.mech_driver.mech_driver [None req-c2481365-d8cd-47c7-bc43-a6f8ef061108 - - - - - -] OVN reports status down for port: d2c4c492-c817-4bf2-ad58-305807f9ccbd
2026-09-11 18:54:21.048 8 WARNING neutron.scheduler.dhcp_agent_scheduler [None req-2cadfaeb-317b-43dd-997d-b6e2ffd687a9 1467914c938a4dfe96370ff2b8903afe 3a92a5638fc74db18afbd50cd7f01dcb - - default default] No more DHCP agents
