2026-09-11 18:59:52.752 7 INFO neutron.services.segments.plugin [-] Client error retrieving segment 766aca32-da74-42a1-873b-b2bf92d03404 resource provider; error: Placement Client Error (4xx): {"errors": [{"status": 404, "title": "Not Found", "detail": "The resource could not be found.\n\n No resource provider with uuid 766aca32-da74-42a1-873b-b2bf92d03404 found for delete ", "request_id": "req-2ec6f503-ce6b-400a-bf91-1821d114b25d"}]} [pid: 7|app: 0|req: 1483/2949] 10.0.0.241 () {32 vars in 739 bytes} [Fri Sep 11 18:59:50 2026] DELETE /v2.0/vpn/vpnservices/fecda31b-72c7-4af3-867f-58285ec9e60f => generated 0 bytes in 2199 msecs (HTTP/1.1 204) 2 headers in 112 bytes (1 switches on core 0) [pid: 8|app: 0|req: 1467/2950] 10.0.0.241 () {32 vars in 720 bytes} [Fri Sep 11 18:59:52 2026] GET /v2.0/routers/ed243215-8edf-4e08-9073-f978de92e265 => generated 942 bytes in 99 msecs (HTTP/1.1 200) 4 headers in 157 bytes (1 switches on core 0) /var/lib/openstack/lib/python3.12/site-packages/pycadf/identifier.py:70: UserWarning: Invalid uuid: neutron. To ensure interoperability, identifiers should be a valid uuid. warnings.warn(('Invalid uuid: %s. To ensure interoperability, '
2026-09-11 18:59:53.512 7 INFO neutron.db.ovn_revision_numbers_db [None req-8b1bd0cd-cc62-43e1-a8df-687ff415e8a1 01016e2b8eeb43dfb2e863c2b7450c9d 13a65d166d73433fa8daa956236611ed - - default default] Successfully bumped revision number for resource ed243215-8edf-4e08-9073-f978de92e265 (type: routers) to 11 [pid: 7|app: 0|req: 1484/2951] 10.0.0.241 () {34 vars in 741 bytes} [Fri Sep 11 18:59:52 2026] PUT /v2.0/routers/ed243215-8edf-4e08-9073-f978de92e265 => generated 942 bytes in 618 msecs (HTTP/1.1 200) 4 headers in 157 bytes (1 switches on core 0) [pid: 8|app: 0|req: 1468/2952] 10.0.0.241 () {32 vars in 735 bytes} [Fri Sep 11 18:59:53 2026] GET /v2.0/ports?device_id=ed243215-8edf-4e08-9073-f978de92e265 => generated 946 bytes in 117 msecs (HTTP/1.1 200) 4 headers in 157 bytes (1 switches on core 0)
2026-09-11 18:59:54.008 7 INFO neutron_taas.services.taas.taas_plugin [None req-7ac74c1a-2455-402a-b055-35024e1a32f3 01016e2b8eeb43dfb2e863c2b7450c9d 13a65d166d73433fa8daa956236611ed - - default default] TaaS: Handle Delete Port: 4183b416-4b98-4e1d-be00-60f2db92887a
2026-09-11 18:59:54.012 7 INFO neutron_taas.services.taas.tap_mirror_plugin [None req-7ac74c1a-2455-402a-b055-35024e1a32f3 01016e2b8eeb43dfb2e863c2b7450c9d 13a65d166d73433fa8daa956236611ed - - default default] Tap Mirror: Handle Delete Port: 4183b416-4b98-4e1d-be00-60f2db92887a [pid: 7|app: 0|req: 1485/2953] 10.0.0.241 () {34 vars in 788 bytes} [Fri Sep 11 18:59:53 2026] PUT /v2.0/routers/ed243215-8edf-4e08-9073-f978de92e265/remove_router_interface => generated 309 bytes in 959 msecs (HTTP/1.1 200) 4 headers in 157 bytes (1 switches on core 0)
2026-09-11 18:59:55.033 8 INFO neutron_taas.services.taas.taas_plugin [None req-95d72c0d-7e61-4ced-a85b-22302c62d0e4 01016e2b8eeb43dfb2e863c2b7450c9d 13a65d166d73433fa8daa956236611ed - - default default] TaaS: Handle Delete Port: 15b89e85-9edc-408b-a966-284efea8d3d6
2026-09-11 18:59:55.036 8 INFO neutron_taas.services.taas.tap_mirror_plugin [None req-95d72c0d-7e61-4ced-a85b-22302c62d0e4 01016e2b8eeb43dfb2e863c2b7450c9d 13a65d166d73433fa8daa956236611ed - - default default] Tap Mirror: Handle Delete Port: 15b89e85-9edc-408b-a966-284efea8d3d6 [pid: 8|app: 0|req: 1469/2954] 10.0.0.241 () {32 vars in 723 bytes} [Fri Sep 11 18:59:54 2026] DELETE /v2.0/routers/ed243215-8edf-4e08-9073-f978de92e265 => generated 0 bytes in 1424 msecs (HTTP/1.1 204) 2 headers in 112 bytes (1 switches on core 0) /var/lib/openstack/lib/python3.12/site-packages/pycadf/identifier.py:70: UserWarning: Invalid uuid: neutron. To ensure interoperability, identifiers should be a valid uuid. warnings.warn(('Invalid uuid: %s. To ensure interoperability, ' [pid: 7|app: 0|req: 1486/2955] 10.0.0.241 () {32 vars in 720 bytes} [Fri Sep 11 18:59:56 2026] GET /v2.0/routers/14c7d72f-2ddf-40b6-8398-4c664615c2e8 => generated 942 bytes in 554 msecs (HTTP/1.1 200) 4 headers in 157 bytes (1 switches on core 0)
2026-09-11 18:59:57.306 8 INFO neutron.db.ovn_revision_numbers_db [None req-8e3dd0b4-c875-4d32-a13e-22f55bcbbb31 01016e2b8eeb43dfb2e863c2b7450c9d 13a65d166d73433fa8daa956236611ed - - default default] Successfully bumped revision number for resource 14c7d72f-2ddf-40b6-8398-4c664615c2e8 (type: routers) to 5 [pid: 8|app: 0|req: 1470/2956] 10.0.0.241 () {34 vars in 741 bytes} [Fri Sep 11 18:59:56 2026] PUT /v2.0/routers/14c7d72f-2ddf-40b6-8398-4c664615c2e8 => generated 942 bytes in 707 msecs (HTTP/1.1 200) 4 headers in 157 bytes (1 switches on core 0) [pid: 7|app: 0|req: 1487/2957] 10.0.0.241 () {32 vars in 735 bytes} [Fri Sep 11 18:59:57 2026] GET /v2.0/ports?device_id=14c7d72f-2ddf-40b6-8398-4c664615c2e8 => generated 950 bytes in 104 msecs (HTTP/1.1 200) 4 headers in 157 bytes (1 switches on core 0)
2026-09-11 18:59:57.797 8 INFO neutron_taas.services.taas.taas_plugin [None req-e8908a2c-78c5-48e4-b7ea-7b04df794022 01016e2b8eeb43dfb2e863c2b7450c9d 13a65d166d73433fa8daa956236611ed - - default default] TaaS: Handle Delete Port: bbc025d7-99de-4775-ac3d-b8490075f64e
2026-09-11 18:59:57.801 8 INFO neutron_taas.services.taas.tap_mirror_plugin [None req-e8908a2c-78c5-48e4-b7ea-7b04df794022 01016e2b8eeb43dfb2e863c2b7450c9d 13a65d166d73433fa8daa956236611ed - - default default] Tap Mirror: Handle Delete Port: bbc025d7-99de-4775-ac3d-b8490075f64e [pid: 8|app: 0|req: 1471/2958] 10.0.0.241 () {34 vars in 788 bytes} [Fri Sep 11 18:59:57 2026] PUT /v2.0/routers/14c7d72f-2ddf-40b6-8398-4c664615c2e8/remove_router_interface => generated 309 bytes in 962 msecs (HTTP/1.1 200) 4 headers in 157 bytes (1 switches on core 0)
2026-09-11 18:59:58.766 7 INFO neutron_taas.services.taas.taas_plugin [None req-47a7415f-00ab-4816-b586-2eef839b57b4 01016e2b8eeb43dfb2e863c2b7450c9d 13a65d166d73433fa8daa956236611ed - - default default] TaaS: Handle Delete Port: 67daf0fa-b67f-4fa3-b242-971a9283da14
2026-09-11 18:59:58.770 7 INFO neutron_taas.services.taas.tap_mirror_plugin [None req-47a7415f-00ab-4816-b586-2eef839b57b4 01016e2b8eeb43dfb2e863c2b7450c9d 13a65d166d73433fa8daa956236611ed - - default default] Tap Mirror: Handle Delete Port: 67daf0fa-b67f-4fa3-b242-971a9283da14 [pid: 7|app: 0|req: 1488/2959] 10.0.0.241 () {32 vars in 723 bytes} [Fri Sep 11 18:59:58 2026] DELETE /v2.0/routers/14c7d72f-2ddf-40b6-8398-4c664615c2e8 => generated 0 bytes in 1450 msecs (HTTP/1.1 204) 2 headers in 112 bytes (1 switches on core 0) /var/lib/openstack/lib/python3.12/site-packages/pycadf/identifier.py:70: UserWarning: Invalid uuid: neutron. To ensure interoperability, identifiers should be a valid uuid. warnings.warn(('Invalid uuid: %s. To ensure interoperability, ' [pid: 8|app: 0|req: 1472/2960] 10.0.0.241 () {32 vars in 720 bytes} [Fri Sep 11 18:59:59 2026] GET /v2.0/routers/73b4221b-a73d-4710-bc10-fe52f97938f2 => generated 942 bytes in 129 msecs (HTTP/1.1 200) 4 headers in 157 bytes (1 switches on core 0)
2026-09-11 19:00:00.684 7 INFO neutron.db.ovn_revision_numbers_db [None req-757a52c3-daf1-4129-b3e5-bf134decb3de 01016e2b8eeb43dfb2e863c2b7450c9d 13a65d166d73433fa8daa956236611ed - - default default] Successfully bumped revision number for resource 73b4221b-a73d-4710-bc10-fe52f97938f2 (type: routers) to 5 [pid: 7|app: 0|req: 1489/2961] 10.0.0.241 () {34 vars in 741 bytes} [Fri Sep 11 18:59:59 2026] PUT /v2.0/routers/73b4221b-a73d-4710-bc10-fe52f97938f2 => generated 942 bytes in 707 msecs (HTTP/1.1 200) 4 headers in 157 bytes (1 switches on core 0) [pid: 8|app: 0|req: 1473/2962] 10.0.0.241 () {32 vars in 735 bytes} [Fri Sep 11 19:00:00 2026] GET /v2.0/ports?device_id=73b4221b-a73d-4710-bc10-fe52f97938f2 => generated 950 bytes in 81 msecs (HTTP/1.1 200) 4 headers in 157 bytes (1 switches on core 0)
2026-09-11 19:00:01.046 7 INFO neutron_taas.services.taas.taas_plugin [None req-64aee03d-9617-4337-8f20-d456411e94ee 01016e2b8eeb43dfb2e863c2b7450c9d 13a65d166d73433fa8daa956236611ed - - default default] TaaS: Handle Delete Port: 297dc893-3e77-4f63-9e9c-0d8b044fb017
2026-09-11 19:00:01.049 7 INFO neutron_taas.services.taas.tap_mirror_plugin [None req-64aee03d-9617-4337-8f20-d456411e94ee 01016e2b8eeb43dfb2e863c2b7450c9d 13a65d166d73433fa8daa956236611ed - - default default] Tap Mirror: Handle Delete Port: 297dc893-3e77-4f63-9e9c-0d8b044fb017 [pid: 7|app: 0|req: 1490/2963] 10.0.0.241 () {34 vars in 788 bytes} [Fri Sep 11 19:00:00 2026] PUT /v2.0/routers/73b4221b-a73d-4710-bc10-fe52f97938f2/remove_router_interface => generated 309 bytes in 720 msecs (HTTP/1.1 200) 4 headers in 157 bytes (1 switches on core 0)
2026-09-11 19:00:01.912 8 INFO neutron_taas.services.taas.taas_plugin [None req-956dc80d-8078-4bf4-b3e3-4b1208f5187c 01016e2b8eeb43dfb2e863c2b7450c9d 13a65d166d73433fa8daa956236611ed - - default default] TaaS: Handle Delete Port: 533b02a6-0514-478b-ae7c-a60ec1835778
2026-09-11 19:00:01.915 8 INFO neutron_taas.services.taas.tap_mirror_plugin [None req-956dc80d-8078-4bf4-b3e3-4b1208f5187c 01016e2b8eeb43dfb2e863c2b7450c9d 13a65d166d73433fa8daa956236611ed - - default default] Tap Mirror: Handle Delete Port: 533b02a6-0514-478b-ae7c-a60ec1835778 [pid: 8|app: 0|req: 1474/2966] 10.0.0.241 () {32 vars in 723 bytes} [Fri Sep 11 19:00:01 2026] DELETE /v2.0/routers/73b4221b-a73d-4710-bc10-fe52f97938f2 => generated 0 bytes in 1410 msecs (HTTP/1.1 204) 2 headers in 112 bytes (1 switches on core 0) /var/lib/openstack/lib/python3.12/site-packages/pycadf/identifier.py:70: UserWarning: Invalid uuid: neutron. To ensure interoperability, identifiers should be a valid uuid. warnings.warn(('Invalid uuid: %s. To ensure interoperability, '
2026-09-11 19:00:02.952 7 INFO neutron.api.v2.resource [None req-81c35142-0203-4cda-8563-480815eb8c67 01016e2b8eeb43dfb2e863c2b7450c9d 13a65d166d73433fa8daa956236611ed - - default default] show failed (client error): The resource could not be found. [pid: 7|app: 0|req: 1493/2967] 10.0.0.241 () {32 vars in 720 bytes} [Fri Sep 11 19:00:02 2026] GET /v2.0/routers/cdfa3872-aaa1-4dc2-834f-f192202e782d => generated 135 bytes in 29 msecs (HTTP/1.1 404) 4 headers in 164 bytes (1 switches on core 0) [pid: 8|app: 0|req: 1475/2968] 10.0.0.241 () {32 vars in 723 bytes} [Fri Sep 11 19:00:02 2026] DELETE /v2.0/subnets/20f86977-7724-4e51-a683-542aad5846e9 => generated 0 bytes in 176 msecs (HTTP/1.1 204) 3 headers in 131 bytes (1 switches on core 0) [pid: 7|app: 0|req: 1494/2969] 10.0.0.241 () {32 vars in 723 bytes} [Fri Sep 11 19:00:03 2026] DELETE /v2.0/subnets/967c2e2e-aa72-460d-91b1-56218fa69e00 => generated 0 bytes in 181 msecs (HTTP/1.1 204) 3 headers in 131 bytes (1 switches on core 0) [pid: 8|app: 0|req: 1476/2970] 10.0.0.241 () {32 vars in 723 bytes} [Fri Sep 11 19:00:03 2026] DELETE /v2.0/subnets/b7432386-6df7-4bd2-983b-060e50158629 => generated 0 bytes in 185 msecs (HTTP/1.1 204) 3 headers in 131 bytes (1 switches on core 0)
2026-09-11 19:00:03.526 7 INFO neutron.pecan_wsgi.hooks.translation [None req-58f6c338-f14b-4102-b632-d93eb883130d 01016e2b8eeb43dfb2e863c2b7450c9d 13a65d166d73433fa8daa956236611ed - - default default] DELETE failed (client error): The resource could not be found. [pid: 7|app: 0|req: 1495/2971] 10.0.0.241 () {32 vars in 723 bytes} [Fri Sep 11 19:00:03 2026] DELETE /v2.0/subnets/2f2e5acd-ce55-472f-928b-affde38b6b01 => generated 136 bytes in 16 msecs (HTTP/1.1 404) 4 headers in 164 bytes (1 switches on core 0)
2026-09-11 19:00:03.679 8 INFO neutron_taas.services.taas.taas_plugin [None req-13452580-5bea-423c-8bdb-05b3644bf8c7 01016e2b8eeb43dfb2e863c2b7450c9d 13a65d166d73433fa8daa956236611ed - - default default] TaaS: Handle Delete Port: 65210d49-cb18-41c0-a4cf-bb82a5c6a740
2026-09-11 19:00:03.682 8 INFO neutron_taas.services.taas.tap_mirror_plugin [None req-13452580-5bea-423c-8bdb-05b3644bf8c7 01016e2b8eeb43dfb2e863c2b7450c9d 13a65d166d73433fa8daa956236611ed - - default default] Tap Mirror: Handle Delete Port: 65210d49-cb18-41c0-a4cf-bb82a5c6a740
2026-09-11 19:00:03.852 8 INFO neutron.services.segments.plugin [-] Segment 9c975a13-3c1f-4e52-9830-ef7e58aad281 resource provider aggregate not found
2026-09-11 19:00:03.859 8 INFO neutron.services.segments.plugin [-] Segment 9c975a13-3c1f-4e52-9830-ef7e58aad281 resource provider aggregate not found
2026-09-11 19:00:03.877 8 INFO neutron.services.segments.plugin [-] Client error retrieving segment 9c975a13-3c1f-4e52-9830-ef7e58aad281 resource provider; error: Placement Client Error (4xx): {"errors": [{"status": 404, "title": "Not Found", "detail": "The resource could not be found.\n\n No resource provider with uuid 9c975a13-3c1f-4e52-9830-ef7e58aad281 found for delete ", "request_id": "req-574822a1-802c-40c7-af99-655024b09323"}]}
2026-09-11 19:00:03.889 8 INFO neutron.services.segments.plugin [-] Client error retrieving segment 9c975a13-3c1f-4e52-9830-ef7e58aad281 resource provider; error: Placement Client Error (4xx): {"errors": [{"status": 404, "title": "Not Found", "detail": "The resource could not be found.\n\n No resource provider with uuid 9c975a13-3c1f-4e52-9830-ef7e58aad281 found for delete ", "request_id": "req-f3fd3354-b264-442e-8d49-270e9aeaf6ef"}]} [pid: 8|app: 0|req: 1477/2972] 10.0.0.241 () {32 vars in 725 bytes} [Fri Sep 11 19:00:03 2026] DELETE /v2.0/networks/4d4fdffe-5f9a-4778-a180-e5d5a166ecf6 => generated 0 bytes in 383 msecs (HTTP/1.1 204) 3 headers in 131 bytes (1 switches on core 0)
2026-09-11 19:00:04.061 7 INFO neutron_taas.services.taas.taas_plugin [None req-313b4381-9384-4e2a-9182-dc7e0fbf1ce0 01016e2b8eeb43dfb2e863c2b7450c9d 13a65d166d73433fa8daa956236611ed - - default default] TaaS: Handle Delete Port: 7a7310f7-6ded-4b89-93fb-5ba9703340e7
2026-09-11 19:00:04.064 7 INFO neutron_taas.services.taas.tap_mirror_plugin [None req-313b4381-9384-4e2a-9182-dc7e0fbf1ce0 01016e2b8eeb43dfb2e863c2b7450c9d 13a65d166d73433fa8daa956236611ed - - default default] Tap Mirror: Handle Delete Port: 7a7310f7-6ded-4b89-93fb-5ba9703340e7
2026-09-11 19:00:04.282 7 INFO neutron.services.segments.plugin [-] Segment 72e03d62-4358-4166-af48-b075c5114c91 resource provider aggregate not found
2026-09-11 19:00:04.283 7 INFO neutron.services.segments.plugin [-] Segment 72e03d62-4358-4166-af48-b075c5114c91 resource provider aggregate not found
2026-09-11 19:00:04.309 7 INFO neutron.services.segments.plugin [-] Client error retrieving segment 72e03d62-4358-4166-af48-b075c5114c91 resource provider; error: Placement Client Error (4xx): {"errors": [{"status": 404, "title": "Not Found", "detail": "The resource could not be found.\n\n No resource provider with uuid 72e03d62-4358-4166-af48-b075c5114c91 found for delete ", "request_id": "req-f25ff3a1-b441-4e02-84a5-e095fec80bfb"}]}
2026-09-11 19:00:04.310 7 INFO neutron.services.segments.plugin [-] Client error retrieving segment 72e03d62-4358-4166-af48-b075c5114c91 resource provider; error: Placement Client Error (4xx): {"errors": [{"status": 404, "title": "Not Found", "detail": "The resource could not be found.\n\n No resource provider with uuid 72e03d62-4358-4166-af48-b075c5114c91 found for delete ", "request_id": "req-3ce13a22-3a92-4884-bdfa-f992215f04df"}]} [pid: 7|app: 0|req: 1496/2973] 10.0.0.241 () {32 vars in 725 bytes} [Fri Sep 11 19:00:03 2026] DELETE /v2.0/networks/9c20a965-8516-49ca-b523-ecea6f663b1b => generated 0 bytes in 399 msecs (HTTP/1.1 204) 3 headers in 131 bytes (1 switches on core 0)
2026-09-11 19:00:04.440 8 INFO neutron_taas.services.taas.taas_plugin [None req-36b30891-d04d-4068-86be-1f6fc671090a 01016e2b8eeb43dfb2e863c2b7450c9d 13a65d166d73433fa8daa956236611ed - - default default] TaaS: Handle Delete Port: 76592059-49cc-4038-86c7-70c9e83e5f17
2026-09-11 19:00:04.443 8 INFO neutron_taas.services.taas.tap_mirror_plugin [None req-36b30891-d04d-4068-86be-1f6fc671090a 01016e2b8eeb43dfb2e863c2b7450c9d 13a65d166d73433fa8daa956236611ed - - default default] Tap Mirror: Handle Delete Port: 76592059-49cc-4038-86c7-70c9e83e5f17 [pid: 8|app: 0|req: 1478/2974] 10.0.0.241 () {32 vars in 725 bytes} [Fri Sep 11 19:00:04 2026] DELETE /v2.0/networks/2717ca7e-d893-4094-a2ce-7f0cebbaaac9 => generated 0 bytes in 321 msecs (HTTP/1.1 204) 3 headers in 131 bytes (1 switches on core 0)
2026-09-11 19:00:04.665 7 INFO neutron.pecan_wsgi.hooks.translation [None req-10c45d75-571b-4259-b270-04588e8ec428 01016e2b8eeb43dfb2e863c2b7450c9d 13a65d166d73433fa8daa956236611ed - - default default] DELETE failed (client error): The resource could not be found. [pid: 7|app: 0|req: 1497/2975] 10.0.0.241 () {32 vars in 725 bytes} [Fri Sep 11 19:00:04 2026] DELETE /v2.0/networks/19cb3264-5796-4ffa-8fe1-43d9d68fd594 => generated 138 bytes in 14 msecs (HTTP/1.1 404) 4 headers in 164 bytes (1 switches on core 0) [pid: 8|app: 0|req: 1479/2976] 10.0.0.241 () {32 vars in 773 bytes} [Fri Sep 11 19:00:05 2026] GET /v2.0/security-groups?tenant_id=13a65d166d73433fa8daa956236611ed&name=default => generated 2929 bytes in 170 msecs (HTTP/1.1 200) 4 headers in 158 bytes (1 switches on core 0) [pid: 7|app: 0|req: 1498/2977] 10.0.0.241 () {32 vars in 739 bytes} [Fri Sep 11 19:00:05 2026] DELETE /v2.0/security-groups/9c08a290-0208-4fb0-b4ca-5f876b1bbae9 => generated 0 bytes in 250 msecs (HTTP/1.1 204) 2 headers in 112 bytes (1 switches on core 0)
2026-09-11 19:00:05.908 8 INFO neutron.services.segments.plugin [-] Segment be7a34b8-fd16-49f1-a0ac-2bf6352abb18 resource provider aggregate not found
2026-09-11 19:00:05.918 8 INFO neutron.services.segments.plugin [-] Segment be7a34b8-fd16-49f1-a0ac-2bf6352abb18 resource provider aggregate not found
2026-09-11 19:00:05.932 8 INFO neutron.services.segments.plugin [-] Client error retrieving segment be7a34b8-fd16-49f1-a0ac-2bf6352abb18 resource provider; error: Placement Client Error (4xx): {"errors": [{"status": 404, "title": "Not Found", "detail": "The resource could not be found.\n\n No resource provider with uuid be7a34b8-fd16-49f1-a0ac-2bf6352abb18 found for delete ", "request_id": "req-3096f3a2-5bc6-44ef-a9d0-5267838669d7"}]}
2026-09-11 19:00:05.943 8 INFO neutron.services.segments.plugin [-] Client error retrieving segment be7a34b8-fd16-49f1-a0ac-2bf6352abb18 resource provider; error: Placement Client Error (4xx): {"errors": [{"status": 404, "title": "Not Found", "detail": "The resource could not be found.\n\n No resource provider with uuid be7a34b8-fd16-49f1-a0ac-2bf6352abb18 found for delete ", "request_id": "req-2262c376-08ef-4b5c-9357-d6eb00bf5055"}]}
2026-09-11 19:00:06.115 8 INFO neutron.db.ovn_revision_numbers_db [None req-d494dfb6-f66e-4f4b-a696-f0f9eab63629 65cf3b2478684cf2b5f3543875430204 4dba5907e44941e0b009c7d7dae857a4 - - default default] Successfully bumped revision number for resource 16d71dd9-0d43-4049-aeef-3642a39ed218 (type: security_groups) to 1
2026-09-11 19:00:06.127 8 INFO neutron.db.ovn_revision_numbers_db [None req-d494dfb6-f66e-4f4b-a696-f0f9eab63629 65cf3b2478684cf2b5f3543875430204 4dba5907e44941e0b009c7d7dae857a4 - - default default] Successfully bumped revision number for resource 78e3d9b4-6d4d-4231-b53c-684c4e80ca63 (type: security_group_rules) to 0
2026-09-11 19:00:06.139 8 INFO neutron.db.ovn_revision_numbers_db [None req-d494dfb6-f66e-4f4b-a696-f0f9eab63629 65cf3b2478684cf2b5f3543875430204 4dba5907e44941e0b009c7d7dae857a4 - - default default] Successfully bumped revision number for resource 85e7dbb4-d7a7-4843-b637-db18c511fc2f (type: security_group_rules) to 0
2026-09-11 19:00:06.151 8 INFO neutron.db.ovn_revision_numbers_db [None req-d494dfb6-f66e-4f4b-a696-f0f9eab63629 65cf3b2478684cf2b5f3543875430204 4dba5907e44941e0b009c7d7dae857a4 - - default default] Successfully bumped revision number for resource f6273074-549e-4389-9a56-8c3c50590a39 (type: security_group_rules) to 0
2026-09-11 19:00:06.163 8 INFO neutron.db.ovn_revision_numbers_db [None req-d494dfb6-f66e-4f4b-a696-f0f9eab63629 65cf3b2478684cf2b5f3543875430204 4dba5907e44941e0b009c7d7dae857a4 - - default default] Successfully bumped revision number for resource fe238c88-8776-46a4-82d4-64a3e0ec2894 (type: security_group_rules) to 0 [pid: 8|app: 0|req: 1480/2978] 10.0.0.241 () {32 vars in 773 bytes} [Fri Sep 11 19:00:05 2026] GET /v2.0/security-groups?tenant_id=c51a5fe7fc2e4dbb9f93cd07b3c6a934&name=default => generated 2929 bytes in 221 msecs (HTTP/1.1 200) 4 headers in 158 bytes (1 switches on core 0) [pid: 7|app: 0|req: 1499/2979] 10.0.0.241 () {32 vars in 739 bytes} [Fri Sep 11 19:00:06 2026] DELETE /v2.0/security-groups/16d71dd9-0d43-4049-aeef-3642a39ed218 => generated 0 bytes in 240 msecs (HTTP/1.1 204) 2 headers in 112 bytes (1 switches on core 0)
2026-09-11 19:00:17.807 7 INFO neutron.db.ovn_revision_numbers_db [None req-5debf1bb-2f45-4c99-bbb6-a4768819dfb2 0856000a60dd427e9f6db251c997d620 8fe03385531d4689a2e414cc72eb11e9 - - default default] Successfully bumped revision number for resource 2fcc6561-4560-44af-805f-840775c00010 (type: security_groups) to 1
2026-09-11 19:00:17.825 7 INFO neutron.db.ovn_revision_numbers_db [None req-5debf1bb-2f45-4c99-bbb6-a4768819dfb2 0856000a60dd427e9f6db251c997d620 8fe03385531d4689a2e414cc72eb11e9 - - default default] Successfully bumped revision number for resource 342d3da6-8200-4179-805e-f29f5995ba53 (type: security_group_rules) to 0
2026-09-11 19:00:17.840 7 INFO neutron.db.ovn_revision_numbers_db [None req-5debf1bb-2f45-4c99-bbb6-a4768819dfb2 0856000a60dd427e9f6db251c997d620 8fe03385531d4689a2e414cc72eb11e9 - - default default] Successfully bumped revision number for resource 8377d9b2-d177-476f-8312-49bcab42c2a7 (type: security_group_rules) to 0
2026-09-11 19:00:17.855 7 INFO neutron.db.ovn_revision_numbers_db [None req-5debf1bb-2f45-4c99-bbb6-a4768819dfb2 0856000a60dd427e9f6db251c997d620 8fe03385531d4689a2e414cc72eb11e9 - - default default] Successfully bumped revision number for resource 8a796799-ff5b-48da-815a-97b18883d356 (type: security_group_rules) to 0
2026-09-11 19:00:17.875 7 INFO neutron.db.ovn_revision_numbers_db [None req-5debf1bb-2f45-4c99-bbb6-a4768819dfb2 0856000a60dd427e9f6db251c997d620 8fe03385531d4689a2e414cc72eb11e9 - - default default] Successfully bumped revision number for resource d9adf828-70bf-4e0b-8971-8affd4551a8d (type: security_group_rules) to 0
2026-09-11 19:00:17.983 7 INFO neutron.db.segments_db [None req-5debf1bb-2f45-4c99-bbb6-a4768819dfb2 0856000a60dd427e9f6db251c997d620 8fe03385531d4689a2e414cc72eb11e9 - - default default] Added segment 7d1727d5-7287-4459-bfbd-23b89069dc88 of type geneve for network bfe0e024-0d4e-4e09-aa7a-099aceebb862
2026-09-11 19:00:18.131 7 INFO neutron.db.ovn_revision_numbers_db [None req-5debf1bb-2f45-4c99-bbb6-a4768819dfb2 0856000a60dd427e9f6db251c997d620 8fe03385531d4689a2e414cc72eb11e9 - - default default] Successfully bumped revision number for resource bfe0e024-0d4e-4e09-aa7a-099aceebb862 (type: networks) to 1
2026-09-11 19:00:18.344 7 WARNING neutron.scheduler.dhcp_agent_scheduler [None req-5debf1bb-2f45-4c99-bbb6-a4768819dfb2 0856000a60dd427e9f6db251c997d620 8fe03385531d4689a2e414cc72eb11e9 - - default default] No more DHCP agents
2026-09-11 19:00:18.345 7 WARNING neutron.api.rpc.agentnotifiers.dhcp_rpc_agent_api [None req-5debf1bb-2f45-4c99-bbb6-a4768819dfb2 0856000a60dd427e9f6db251c997d620 8fe03385531d4689a2e414cc72eb11e9 - - default default] Unable to schedule network bfe0e024-0d4e-4e09-aa7a-099aceebb862: no agents available; will retry on subsequent port and subnet creation events.
2026-09-11 19:00:18.391 7 INFO neutron.plugins.ml2.drivers.ovn.mech_driver.mech_driver [None req-380cd5b1-14d1-459e-b93e-d46a2ed5f3e9 - - - - - -] OVN reports status down for port: 4ba8933a-cd97-4806-ada6-e99f8e7166af
2026-09-11 19:00:18.444 7 INFO neutron.db.ovn_revision_numbers_db [None req-5debf1bb-2f45-4c99-bbb6-a4768819dfb2 0856000a60dd427e9f6db251c997d620 8fe03385531d4689a2e414cc72eb11e9 - - default default] Successfully bumped revision number for resource 4ba8933a-cd97-4806-ada6-e99f8e7166af (type: ports) to 1 [pid: 7|app: 0|req: 1501/2982] 10.0.0.241 () {34 vars in 669 bytes} [Fri Sep 11 19:00:17 2026] POST /v2.0/networks => generated 640 bytes in 1012 msecs (HTTP/1.1 201) 4 headers in 162 bytes (1 switches on core 0)
2026-09-11 19:00:18.696 8 WARNING neutron.scheduler.dhcp_agent_scheduler [None req-cb7a6c79-b780-42d0-a570-10ad57ecbbf5 0856000a60dd427e9f6db251c997d620 8fe03385531d4689a2e414cc72eb11e9 - - default default] No more DHCP agents
2026-09-11 19:00:18.698 8 WARNING neutron.api.rpc.agentnotifiers.dhcp_rpc_agent_api [None req-cb7a6c79-b780-42d0-a570-10ad57ecbbf5 0856000a60dd427e9f6db251c997d620 8fe03385531d4689a2e414cc72eb11e9 - - default default] Unable to schedule network bfe0e024-0d4e-4e09-aa7a-099aceebb862: no agents available; will retry on subsequent port and subnet creation events.
2026-09-11 19:00:19.153 8 INFO neutron.db.ovn_revision_numbers_db [None req-6bbc9bac-633e-4ed8-b6ca-27024c6f8e3d - - - - - -] Successfully bumped revision number for resource 4ba8933a-cd97-4806-ada6-e99f8e7166af (type: ports) to 2
2026-09-11 19:00:19.191 8 INFO neutron.db.ovn_revision_numbers_db [None req-6bbc9bac-633e-4ed8-b6ca-27024c6f8e3d - - - - - -] Successfully bumped revision number for resource 7c477f97-4fce-4658-b3f1-91a78ddd5dbf (type: subnets) to 0 [pid: 8|app: 0|req: 1482/2983] 10.0.0.241 () {34 vars in 668 bytes} [Fri Sep 11 19:00:18 2026] POST /v2.0/subnets => generated 657 bytes in 739 msecs (HTTP/1.1 201) 4 headers in 162 bytes (1 switches on core 0) [pid: 7|app: 0|req: 1502/2984] 10.0.0.241 () {32 vars in 721 bytes} [Fri Sep 11 19:00:19 2026] GET /v2.0/subnetpools?name=shared-default-subnetpool-v6 => generated 19 bytes in 63 msecs (HTTP/1.1 200) 4 headers in 156 bytes (1 switches on core 0)
2026-09-11 19:00:19.557 8 WARNING neutron.scheduler.dhcp_agent_scheduler [None req-0a9b6ce9-3cf3-433d-8cfe-317dd4f6a224 0856000a60dd427e9f6db251c997d620 8fe03385531d4689a2e414cc72eb11e9 - - default default] No more DHCP agents
2026-09-11 19:00:19.559 8 WARNING neutron.api.rpc.agentnotifiers.dhcp_rpc_agent_api [None req-0a9b6ce9-3cf3-433d-8cfe-317dd4f6a224 0856000a60dd427e9f6db251c997d620 8fe03385531d4689a2e414cc72eb11e9 - - default default] Unable to schedule network bfe0e024-0d4e-4e09-aa7a-099aceebb862: no agents available; will retry on subsequent port and subnet creation events.
2026-09-11 19:00:19.590 8 INFO neutron.db.ovn_revision_numbers_db [None req-0a9b6ce9-3cf3-433d-8cfe-317dd4f6a224 0856000a60dd427e9f6db251c997d620 8fe03385531d4689a2e414cc72eb11e9 - - default default] Successfully bumped revision number for resource 78708f88-aded-40d8-9d47-970d2204bdcd (type: subnets) to 0 [pid: 8|app: 0|req: 1483/2985] 10.0.0.241 () {34 vars in 668 bytes} [Fri Sep 11 19:00:19 2026] POST /v2.0/subnets => generated 731 bytes in 320 msecs (HTTP/1.1 201) 4 headers in 162 bytes (1 switches on core 0)
2026-09-11 19:00:19.739 7 INFO neutron.db.segments_db [None req-acaa7ced-fb0e-44d3-9105-34a73ee53a56 0856000a60dd427e9f6db251c997d620 8fe03385531d4689a2e414cc72eb11e9 - - default default] Added segment be0fcc8b-baa7-4196-a768-ba9ec4f30ebe of type geneve for network fbe08104-2df2-4b8c-be92-01e976b592b8
2026-09-11 19:00:19.905 7 INFO neutron.db.ovn_revision_numbers_db [None req-acaa7ced-fb0e-44d3-9105-34a73ee53a56 0856000a60dd427e9f6db251c997d620 8fe03385531d4689a2e414cc72eb11e9 - - default default] Successfully bumped revision number for resource fbe08104-2df2-4b8c-be92-01e976b592b8 (type: networks) to 1
2026-09-11 19:00:20.063 7 WARNING neutron.scheduler.dhcp_agent_scheduler [None req-acaa7ced-fb0e-44d3-9105-34a73ee53a56 0856000a60dd427e9f6db251c997d620 8fe03385531d4689a2e414cc72eb11e9 - - default default] No more DHCP agents
2026-09-11 19:00:20.064 7 WARNING neutron.api.rpc.agentnotifiers.dhcp_rpc_agent_api [None req-acaa7ced-fb0e-44d3-9105-34a73ee53a56 0856000a60dd427e9f6db251c997d620 8fe03385531d4689a2e414cc72eb11e9 - - default default] Unable to schedule network fbe08104-2df2-4b8c-be92-01e976b592b8: no agents available; will retry on subsequent port and subnet creation events.
2026-09-11 19:00:20.121 8 INFO neutron.plugins.ml2.drivers.ovn.mech_driver.mech_driver [None req-f7a4c29e-8e6a-48f3-9fc9-3a6b56da1bb0 - - - - - -] OVN reports status down for port: d7131e7f-d0a4-4a06-8ce0-54e3416088f6
2026-09-11 19:00:20.132 7 INFO neutron.db.ovn_revision_numbers_db [None req-acaa7ced-fb0e-44d3-9105-34a73ee53a56 0856000a60dd427e9f6db251c997d620 8fe03385531d4689a2e414cc72eb11e9 - - default default] Successfully bumped revision number for resource d7131e7f-d0a4-4a06-8ce0-54e3416088f6 (type: ports) to 1 [pid: 7|app: 0|req: 1503/2986] 10.0.0.241 () {34 vars in 669 bytes} [Fri Sep 11 19:00:19 2026] POST /v2.0/networks => generated 638 bytes in 536 msecs (HTTP/1.1 201) 4 headers in 162 bytes (1 switches on core 0)
2026-09-11 19:00:20.473 8 WARNING neutron.scheduler.dhcp_agent_scheduler [None req-97235fbe-d2c4-436f-a2f8-55c1e618916c 0856000a60dd427e9f6db251c997d620 8fe03385531d4689a2e414cc72eb11e9 - - default default] No more DHCP agents
2026-09-11 19:00:20.474 8 WARNING neutron.api.rpc.agentnotifiers.dhcp_rpc_agent_api [None req-97235fbe-d2c4-436f-a2f8-55c1e618916c 0856000a60dd427e9f6db251c997d620 8fe03385531d4689a2e414cc72eb11e9 - - default default] Unable to schedule network fbe08104-2df2-4b8c-be92-01e976b592b8: no agents available; will retry on subsequent port and subnet creation events.
2026-09-11 19:00:20.945 8 INFO neutron.db.ovn_revision_numbers_db [None req-3ebb39a4-8515-41f0-824a-dfd9eafd05de - - - - - -] Successfully bumped revision number for resource d7131e7f-d0a4-4a06-8ce0-54e3416088f6 (type: ports) to 2
2026-09-11 19:00:20.983 8 INFO neutron.db.ovn_revision_numbers_db [None req-3ebb39a4-8515-41f0-824a-dfd9eafd05de - - - - - -] Successfully bumped revision number for resource 83d2343d-86cb-47bb-aa2d-5ff845a08116 (type: subnets) to 0 [pid: 8|app: 0|req: 1484/2987] 10.0.0.241 () {34 vars in 668 bytes} [Fri Sep 11 19:00:20 2026] POST /v2.0/subnets => generated 656 bytes in 837 msecs (HTTP/1.1 201) 4 headers in 162 bytes (1 switches on core 0)
2026-09-11 19:00:21.258 7 WARNING neutron.scheduler.dhcp_agent_scheduler [None req-3a4386d3-7db4-4d54-8596-8fb5a94a8af1 0856000a60dd427e9f6db251c997d620 8fe03385531d4689a2e414cc72eb11e9 - - default default] No more DHCP agents
2026-09-11 19:00:21.259 7 WARNING neutron.api.rpc.agentnotifiers.dhcp_rpc_agent_api [None req-3a4386d3-7db4-4d54-8596-8fb5a94a8af1 0856000a60dd427e9f6db251c997d620 8fe03385531d4689a2e414cc72eb11e9 - - default default] Unable to schedule network fbe08104-2df2-4b8c-be92-01e976b592b8: no agents available; will retry on subsequent port and subnet creation events.
2026-09-11 19:00:21.298 7 INFO neutron.db.ovn_revision_numbers_db [None req-3a4386d3-7db4-4d54-8596-8fb5a94a8af1 0856000a60dd427e9f6db251c997d620 8fe03385531d4689a2e414cc72eb11e9 - - default default] Successfully bumped revision number for resource bd7eff3b-16b7-43a1-98f4-ecb52e375d67 (type: subnets) to 0 [pid: 7|app: 0|req: 1504/2988] 10.0.0.241 () {34 vars in 668 bytes} [Fri Sep 11 19:00:21 2026] POST /v2.0/subnets => generated 726 bytes in 312 msecs (HTTP/1.1 201) 4 headers in 162 bytes (1 switches on core 0)
2026-09-11 19:00:21.394 8 INFO neutron.db.segments_db [None req-1af2ded7-8abd-4246-bcb8-f0a4adfe843d 0856000a60dd427e9f6db251c997d620 8fe03385531d4689a2e414cc72eb11e9 - - default default] Added segment b0794272-e71a-453d-a1eb-452dc5c782f3 of type geneve for network aa90762d-a9e1-4f42-90e0-2a5016790b52
2026-09-11 19:00:21.493 8 INFO neutron.db.ovn_revision_numbers_db [None req-1af2ded7-8abd-4246-bcb8-f0a4adfe843d 0856000a60dd427e9f6db251c997d620 8fe03385531d4689a2e414cc72eb11e9 - - default default] Successfully bumped revision number for resource aa90762d-a9e1-4f42-90e0-2a5016790b52 (type: networks) to 1
2026-09-11 19:00:21.664 8 WARNING neutron.scheduler.dhcp_agent_scheduler [None req-1af2ded7-8abd-4246-bcb8-f0a4adfe843d 0856000a60dd427e9f6db251c997d620 8fe03385531d4689a2e414cc72eb11e9 - - default default] No more DHCP agents
2026-09-11 19:00:21.665 8 WARNING neutron.api.rpc.agentnotifiers.dhcp_rpc_agent_api [None req-1af2ded7-8abd-4246-bcb8-f0a4adfe843d 0856000a60dd427e9f6db251c997d620 8fe03385531d4689a2e414cc72eb11e9 - - default default] Unable to schedule network aa90762d-a9e1-4f42-90e0-2a5016790b52: no agents available; will retry on subsequent port and subnet creation events.
2026-09-11 19:00:21.715 7 INFO neutron.plugins.ml2.drivers.ovn.mech_driver.mech_driver [None req-380cd5b1-14d1-459e-b93e-d46a2ed5f3e9 - - - - - -] OVN reports status down for port: f1d17eac-9932-4c24-b2b9-1f1d5199441f
2026-09-11 19:00:21.737 8 INFO neutron.db.ovn_revision_numbers_db [None req-1af2ded7-8abd-4246-bcb8-f0a4adfe843d 0856000a60dd427e9f6db251c997d620 8fe03385531d4689a2e414cc72eb11e9 - - default default] Successfully bumped revision number for resource f1d17eac-9932-4c24-b2b9-1f1d5199441f (type: ports) to 1 [pid: 8|app: 0|req: 1485/2989] 10.0.0.241 () {34 vars in 669 bytes} [Fri Sep 11 19:00:21 2026] POST /v2.0/networks => generated 638 bytes in 443 msecs (HTTP/1.1 201) 4 headers in 162 bytes (1 switches on core 0)
2026-09-11 19:00:22.059 7 WARNING neutron.scheduler.dhcp_agent_scheduler [None req-3624c33a-671d-4a40-83c9-53ae0dd080e6 0856000a60dd427e9f6db251c997d620 8fe03385531d4689a2e414cc72eb11e9 - - default default] No more DHCP agents
2026-09-11 19:00:22.061 7 WARNING neutron.api.rpc.agentnotifiers.dhcp_rpc_agent_api [None req-3624c33a-671d-4a40-83c9-53ae0dd080e6 0856000a60dd427e9f6db251c997d620 8fe03385531d4689a2e414cc72eb11e9 - - default default] Unable to schedule network aa90762d-a9e1-4f42-90e0-2a5016790b52: no agents available; will retry on subsequent port and subnet creation events.
2026-09-11 19:00:22.572 7 INFO neutron.db.ovn_revision_numbers_db [None req-1fc3da16-29b1-4c7b-9937-2b8ace7436e5 - - - - - -] Successfully bumped revision number for resource f1d17eac-9932-4c24-b2b9-1f1d5199441f (type: ports) to 2
2026-09-11 19:00:22.604 7 INFO neutron.db.ovn_revision_numbers_db [None req-1fc3da16-29b1-4c7b-9937-2b8ace7436e5 - - - - - -] Successfully bumped revision number for resource 7b3f2106-023d-4189-a71c-a2e0d549645e (type: subnets) to 0 [pid: 7|app: 0|req: 1505/2990] 10.0.0.241 () {34 vars in 668 bytes} [Fri Sep 11 19:00:21 2026] POST /v2.0/subnets => generated 655 bytes in 852 msecs (HTTP/1.1 201) 4 headers in 162 bytes (1 switches on core 0)
2026-09-11 19:00:22.979 8 WARNING neutron.scheduler.dhcp_agent_scheduler [None req-c835ba50-dcde-4277-ac10-7d2e5cc64f22 0856000a60dd427e9f6db251c997d620 8fe03385531d4689a2e414cc72eb11e9 - - default default] No more DHCP agents
2026-09-11 19:00:22.980 8 WARNING neutron.api.rpc.agentnotifiers.dhcp_rpc_agent_api [None req-c835ba50-dcde-4277-ac10-7d2e5cc64f22 0856000a60dd427e9f6db251c997d620 8fe03385531d4689a2e414cc72eb11e9 - - default default] Unable to schedule network aa90762d-a9e1-4f42-90e0-2a5016790b52: no agents available; will retry on subsequent port and subnet creation events.
2026-09-11 19:00:23.004 8 INFO neutron.db.ovn_revision_numbers_db [None req-c835ba50-dcde-4277-ac10-7d2e5cc64f22 0856000a60dd427e9f6db251c997d620 8fe03385531d4689a2e414cc72eb11e9 - - default default] Successfully bumped revision number for resource e3471c53-e4b8-4362-b220-66f2f963bc95 (type: subnets) to 0 [pid: 8|app: 0|req: 1486/2991] 10.0.0.241 () {34 vars in 668 bytes} [Fri Sep 11 19:00:22 2026] POST /v2.0/subnets => generated 730 bytes in 398 msecs (HTTP/1.1 201) 4 headers in 162 bytes (1 switches on core 0)
2026-09-11 19:00:23.506 7 WARNING neutron.scheduler.dhcp_agent_scheduler [None req-40fb6bc1-36f9-4757-9f37-4806dc63d565 0856000a60dd427e9f6db251c997d620 8fe03385531d4689a2e414cc72eb11e9 - - default default] No more DHCP agents
2026-09-11 19:00:23.508 7 WARNING neutron.api.rpc.agentnotifiers.dhcp_rpc_agent_api [None req-40fb6bc1-36f9-4757-9f37-4806dc63d565 0856000a60dd427e9f6db251c997d620 8fe03385531d4689a2e414cc72eb11e9 - - default default] Unable to schedule network dec41303-a87d-46e5-a921-f63f6be640ce: no agents available; will retry on subsequent port and subnet creation events.
2026-09-11 19:00:23.599 7 INFO neutron.plugins.ml2.drivers.ovn.mech_driver.mech_driver [None req-380cd5b1-14d1-459e-b93e-d46a2ed5f3e9 - - - - - -] OVN reports status down for port: 5127a1e6-d477-48fd-9497-d93bd3612ca0
2026-09-11 19:00:23.657 7 INFO neutron.db.ovn_revision_numbers_db [None req-40fb6bc1-36f9-4757-9f37-4806dc63d565 0856000a60dd427e9f6db251c997d620 8fe03385531d4689a2e414cc72eb11e9 - - default default] Successfully bumped revision number for resource 5127a1e6-d477-48fd-9497-d93bd3612ca0 (type: ports) to 1
2026-09-11 19:00:24.324 7 INFO neutron.plugins.ml2.drivers.ovn.mech_driver.ovsdb.commands [None req-ee69c6e2-08d4-4465-96d1-13132112ca77 - - - - - -] Schedule LRP lrp-5127a1e6-d477-48fd-9497-d93bd3612ca0 on gateway bb005c78-bf8e-4d8d-a7ca-b8bc70726efa with priority 1
2026-09-11 19:00:24.379 8 INFO neutron.plugins.ml2.drivers.ovn.mech_driver.ovsdb.ovsdb_monitor [None req-141522f6-c61d-484b-953f-df9ff0e2b28d - - - - - -] Router cc3023e1-b10d-42df-8c5a-be54cd629de8 is bound to host instance
2026-09-11 19:00:24.388 7 INFO neutron.plugins.ml2.drivers.ovn.mech_driver.mech_driver [None req-380cd5b1-14d1-459e-b93e-d46a2ed5f3e9 - - - - - -] OVN reports status up for port: 5127a1e6-d477-48fd-9497-d93bd3612ca0
2026-09-11 19:00:24.415 7 INFO neutron.plugins.ml2.plugin [None req-380cd5b1-14d1-459e-b93e-d46a2ed5f3e9 - - - - - -] Attempt 1 to provision port 5127a1e6-d477-48fd-9497-d93bd3612ca0
2026-09-11 19:00:24.452 7 INFO neutron.db.ovn_revision_numbers_db [None req-40fb6bc1-36f9-4757-9f37-4806dc63d565 0856000a60dd427e9f6db251c997d620 8fe03385531d4689a2e414cc72eb11e9 - - default default] Successfully bumped revision number for resource 5127a1e6-d477-48fd-9497-d93bd3612ca0 (type: router_ports) to 1
2026-09-11 19:00:24.554 7 INFO neutron.db.ovn_revision_numbers_db [None req-40fb6bc1-36f9-4757-9f37-4806dc63d565 0856000a60dd427e9f6db251c997d620 8fe03385531d4689a2e414cc72eb11e9 - - default default] Successfully bumped revision number for resource cc3023e1-b10d-42df-8c5a-be54cd629de8 (type: routers) to 2 [pid: 7|app: 0|req: 1506/2992] 10.0.0.241 () {34 vars in 668 bytes} [Fri Sep 11 19:00:23 2026] POST /v2.0/routers => generated 945 bytes in 1552 msecs (HTTP/1.1 201) 4 headers in 162 bytes (1 switches on core 0)
2026-09-11 19:00:25.653 8 WARNING neutron.scheduler.dhcp_agent_scheduler [None req-4e8fb3b6-6ebb-48ad-a1fc-40372474335a 0856000a60dd427e9f6db251c997d620 8fe03385531d4689a2e414cc72eb11e9 - - default default] No more DHCP agents
2026-09-11 19:00:25.655 8 WARNING neutron.api.rpc.agentnotifiers.dhcp_rpc_agent_api [None req-4e8fb3b6-6ebb-48ad-a1fc-40372474335a 0856000a60dd427e9f6db251c997d620 8fe03385531d4689a2e414cc72eb11e9 - - default default] Unable to schedule network bfe0e024-0d4e-4e09-aa7a-099aceebb862: no agents available; will retry on subsequent port and subnet creation events.
2026-09-11 19:00:25.871 8 INFO neutron.plugins.ml2.drivers.ovn.mech_driver.mech_driver [None req-f7a4c29e-8e6a-48f3-9fc9-3a6b56da1bb0 - - - - - -] OVN reports status down for port: 65c66124-1b5f-48b6-8ead-65fe45fa75d3
2026-09-11 19:00:25.994 8 INFO neutron.db.ovn_revision_numbers_db [None req-4e8fb3b6-6ebb-48ad-a1fc-40372474335a 0856000a60dd427e9f6db251c997d620 8fe03385531d4689a2e414cc72eb11e9 - - default default] Successfully bumped revision number for resource 65c66124-1b5f-48b6-8ead-65fe45fa75d3 (type: ports) to 1
2026-09-11 19:00:26.174 8 INFO neutron.db.ovn_revision_numbers_db [None req-11f867b6-950e-426f-96ee-f686c0664277 - - - - - -] Successfully bumped revision number for resource 5127a1e6-d477-48fd-9497-d93bd3612ca0 (type: ports) to 4
2026-09-11 19:00:26.934 8 INFO neutron.db.ovn_revision_numbers_db [None req-11f867b6-950e-426f-96ee-f686c0664277 - - - - - -] Successfully bumped revision number for resource 5127a1e6-d477-48fd-9497-d93bd3612ca0 (type: ports) to 5
2026-09-11 19:00:27.721 8 INFO neutron.plugins.ml2.drivers.ovn.mech_driver.mech_driver [None req-f7a4c29e-8e6a-48f3-9fc9-3a6b56da1bb0 - - - - - -] OVN reports status up for port: 65c66124-1b5f-48b6-8ead-65fe45fa75d3
2026-09-11 19:00:27.746 8 INFO neutron.plugins.ml2.plugin [None req-f7a4c29e-8e6a-48f3-9fc9-3a6b56da1bb0 - - - - - -] Attempt 1 to provision port 65c66124-1b5f-48b6-8ead-65fe45fa75d3
2026-09-11 19:00:27.880 8 WARNING neutron.scheduler.dhcp_agent_scheduler [None req-4e8fb3b6-6ebb-48ad-a1fc-40372474335a 0856000a60dd427e9f6db251c997d620 8fe03385531d4689a2e414cc72eb11e9 - - default default] No more DHCP agents
2026-09-11 19:00:27.885 8 WARNING neutron.api.rpc.agentnotifiers.dhcp_rpc_agent_api [None req-4e8fb3b6-6ebb-48ad-a1fc-40372474335a 0856000a60dd427e9f6db251c997d620 8fe03385531d4689a2e414cc72eb11e9 - - default default] Unable to schedule network bfe0e024-0d4e-4e09-aa7a-099aceebb862: no agents available; will retry on subsequent port and subnet creation events.
2026-09-11 19:00:28.574 8 INFO neutron.db.ovn_revision_numbers_db [None req-f7a4c29e-8e6a-48f3-9fc9-3a6b56da1bb0 - - - - - -] Successfully bumped revision number for resource 65c66124-1b5f-48b6-8ead-65fe45fa75d3 (type: ports) to 2
2026-09-11 19:00:28.780 8 INFO neutron.db.ovn_revision_numbers_db [None req-4e8fb3b6-6ebb-48ad-a1fc-40372474335a 0856000a60dd427e9f6db251c997d620 8fe03385531d4689a2e414cc72eb11e9 - - default default] Successfully bumped revision number for resource 65c66124-1b5f-48b6-8ead-65fe45fa75d3 (type: router_ports) to 1 [pid: 8|app: 0|req: 1487/2993] 10.0.0.241 () {34 vars in 782 bytes} [Fri Sep 11 19:00:24 2026] PUT /v2.0/routers/cc3023e1-b10d-42df-8c5a-be54cd629de8/add_router_interface => generated 309 bytes in 4210 msecs (HTTP/1.1 200) 4 headers in 157 bytes (1 switches on core 0)
2026-09-11 19:00:28.872 8 INFO neutron.db.ovn_revision_numbers_db [None req-1ad3a21d-8943-40fc-8365-1074d9386d99 - - - - - -] Successfully bumped revision number for resource 65c66124-1b5f-48b6-8ead-65fe45fa75d3 (type: router_ports) to 2
2026-09-11 19:00:29.427 7 WARNING neutron.scheduler.dhcp_agent_scheduler [None req-21d41042-79ee-452f-b069-295f5923c29a 0856000a60dd427e9f6db251c997d620 8fe03385531d4689a2e414cc72eb11e9 - - default default] No more DHCP agents
2026-09-11 19:00:29.428 7 WARNING neutron.api.rpc.agentnotifiers.dhcp_rpc_agent_api [None req-21d41042-79ee-452f-b069-295f5923c29a 0856000a60dd427e9f6db251c997d620 8fe03385531d4689a2e414cc72eb11e9 - - default default] Unable to schedule network fbe08104-2df2-4b8c-be92-01e976b592b8: no agents available; will retry on subsequent port and subnet creation events.
2026-09-11 19:00:29.526 8 INFO neutron.plugins.ml2.drivers.ovn.mech_driver.mech_driver [None req-1ad3a21d-8943-40fc-8365-1074d9386d99 - - - - - -] OVN reports status down for port: 74b5e811-55d0-4dfe-9895-410e1e490870
2026-09-11 19:00:29.532 7 INFO neutron.db.ovn_revision_numbers_db [None req-21d41042-79ee-452f-b069-295f5923c29a 0856000a60dd427e9f6db251c997d620 8fe03385531d4689a2e414cc72eb11e9 - - default default] Successfully bumped revision number for resource 74b5e811-55d0-4dfe-9895-410e1e490870 (type: ports) to 1
2026-09-11 19:00:30.317 8 INFO neutron.plugins.ml2.drivers.ovn.mech_driver.mech_driver [None req-1ad3a21d-8943-40fc-8365-1074d9386d99 - - - - - -] OVN reports status up for port: 74b5e811-55d0-4dfe-9895-410e1e490870
2026-09-11 19:00:30.331 8 INFO neutron.plugins.ml2.plugin [None req-1ad3a21d-8943-40fc-8365-1074d9386d99 - - - - - -] Attempt 1 to provision port 74b5e811-55d0-4dfe-9895-410e1e490870
2026-09-11 19:00:30.416 7 WARNING neutron.scheduler.dhcp_agent_scheduler [None req-21d41042-79ee-452f-b069-295f5923c29a 0856000a60dd427e9f6db251c997d620 8fe03385531d4689a2e414cc72eb11e9 - - default default] No more DHCP agents
2026-09-11 19:00:30.417 7 WARNING neutron.api.rpc.agentnotifiers.dhcp_rpc_agent_api [None req-21d41042-79ee-452f-b069-295f5923c29a 0856000a60dd427e9f6db251c997d620 8fe03385531d4689a2e414cc72eb11e9 - - default default] Unable to schedule network fbe08104-2df2-4b8c-be92-01e976b592b8: no agents available; will retry on subsequent port and subnet creation events.
2026-09-11 19:00:30.696 7 INFO neutron.db.ovn_revision_numbers_db [None req-21d41042-79ee-452f-b069-295f5923c29a 0856000a60dd427e9f6db251c997d620 8fe03385531d4689a2e414cc72eb11e9 - - default default] Successfully bumped revision number for resource 74b5e811-55d0-4dfe-9895-410e1e490870 (type: router_ports) to 1 [pid: 7|app: 0|req: 1507/2994] 10.0.0.241 () {34 vars in 782 bytes} [Fri Sep 11 19:00:28 2026] PUT /v2.0/routers/cc3023e1-b10d-42df-8c5a-be54cd629de8/add_router_interface => generated 309 bytes in 1900 msecs (HTTP/1.1 200) 4 headers in 157 bytes (1 switches on core 0)
2026-09-11 19:00:31.050 8 INFO neutron.db.ovn_revision_numbers_db [None req-1ad3a21d-8943-40fc-8365-1074d9386d99 - - - - - -] Successfully bumped revision number for resource 74b5e811-55d0-4dfe-9895-410e1e490870 (type: ports) to 2
2026-09-11 19:00:31.377 8 INFO neutron.db.ovn_revision_numbers_db [None req-052f9d71-3c3b-45f1-a703-681f5b241a31 - - - - - -] Successfully bumped revision number for resource 74b5e811-55d0-4dfe-9895-410e1e490870 (type: router_ports) to 2
2026-09-11 19:00:31.726 8 WARNING neutron.scheduler.dhcp_agent_scheduler [None req-3119faff-d506-45ef-a419-2e4608fa7c39 0856000a60dd427e9f6db251c997d620 8fe03385531d4689a2e414cc72eb11e9 - - default default] No more DHCP agents
2026-09-11 19:00:31.728 8 WARNING neutron.api.rpc.agentnotifiers.dhcp_rpc_agent_api [None req-3119faff-d506-45ef-a419-2e4608fa7c39 0856000a60dd427e9f6db251c997d620 8fe03385531d4689a2e414cc72eb11e9 - - default default] Unable to schedule network aa90762d-a9e1-4f42-90e0-2a5016790b52: no agents available; will retry on subsequent port and subnet creation events.
2026-09-11 19:00:31.855 7 INFO neutron.plugins.ml2.drivers.ovn.mech_driver.mech_driver [None req-380cd5b1-14d1-459e-b93e-d46a2ed5f3e9 - - - - - -] OVN reports status down for port: 9cc478bd-a88b-450a-a17f-67499d256537
2026-09-11 19:00:31.862 8 INFO neutron.db.ovn_revision_numbers_db [None req-3119faff-d506-45ef-a419-2e4608fa7c39 0856000a60dd427e9f6db251c997d620 8fe03385531d4689a2e414cc72eb11e9 - - default default] Successfully bumped revision number for resource 9cc478bd-a88b-450a-a17f-67499d256537 (type: ports) to 1
2026-09-11 19:00:32.685 7 INFO neutron.plugins.ml2.drivers.ovn.mech_driver.mech_driver [None req-380cd5b1-14d1-459e-b93e-d46a2ed5f3e9 - - - - - -] OVN reports status up for port: 9cc478bd-a88b-450a-a17f-67499d256537
2026-09-11 19:00:32.707 7 INFO neutron.plugins.ml2.plugin [None req-380cd5b1-14d1-459e-b93e-d46a2ed5f3e9 - - - - - -] Attempt 1 to provision port 9cc478bd-a88b-450a-a17f-67499d256537
2026-09-11 19:00:32.745 8 WARNING neutron.scheduler.dhcp_agent_scheduler [None req-3119faff-d506-45ef-a419-2e4608fa7c39 0856000a60dd427e9f6db251c997d620 8fe03385531d4689a2e414cc72eb11e9 - - default default] No more DHCP agents
2026-09-11 19:00:32.746 8 WARNING neutron.api.rpc.agentnotifiers.dhcp_rpc_agent_api [None req-3119faff-d506-45ef-a419-2e4608fa7c39 0856000a60dd427e9f6db251c997d620 8fe03385531d4689a2e414cc72eb11e9 - - default default] Unable to schedule network aa90762d-a9e1-4f42-90e0-2a5016790b52: no agents available; will retry on subsequent port and subnet creation events.
2026-09-11 19:00:33.066 8 INFO neutron.db.ovn_revision_numbers_db [None req-3119faff-d506-45ef-a419-2e4608fa7c39 0856000a60dd427e9f6db251c997d620 8fe03385531d4689a2e414cc72eb11e9 - - default default] Successfully bumped revision number for resource 9cc478bd-a88b-450a-a17f-67499d256537 (type: router_ports) to 1 [pid: 8|app: 0|req: 1488/2997] 10.0.0.241 () {34 vars in 782 bytes} [Fri Sep 11 19:00:30 2026] PUT /v2.0/routers/cc3023e1-b10d-42df-8c5a-be54cd629de8/add_router_interface => generated 309 bytes in 2364 msecs (HTTP/1.1 200) 4 headers in 157 bytes (1 switches on core 0)
2026-09-11 19:00:33.339 7 INFO neutron.db.ovn_revision_numbers_db [None req-380cd5b1-14d1-459e-b93e-d46a2ed5f3e9 - - - - - -] Successfully bumped revision number for resource 9cc478bd-a88b-450a-a17f-67499d256537 (type: ports) to 2
2026-09-11 19:00:33.342 7 INFO neutron.db.ovn_revision_numbers_db [None req-b64a572e-bcbd-438f-bdcb-28ad7256bca9 0856000a60dd427e9f6db251c997d620 8fe03385531d4689a2e414cc72eb11e9 - - default default] Successfully bumped revision number for resource 7645314c-8235-4147-a217-64960a1b3dfa (type: security_groups) to 1
2026-09-11 19:00:33.362 7 INFO neutron.db.ovn_revision_numbers_db [None req-b64a572e-bcbd-438f-bdcb-28ad7256bca9 0856000a60dd427e9f6db251c997d620 8fe03385531d4689a2e414cc72eb11e9 - - default default] Successfully bumped revision number for resource 8fb06b4d-a7da-4cc2-a026-009b0305e705 (type: security_group_rules) to 0
2026-09-11 19:00:33.378 7 INFO neutron.db.ovn_revision_numbers_db [None req-b64a572e-bcbd-438f-bdcb-28ad7256bca9 0856000a60dd427e9f6db251c997d620 8fe03385531d4689a2e414cc72eb11e9 - - default default] Successfully bumped revision number for resource d79ff93a-b124-4abf-a14b-472f71042740 (type: security_group_rules) to 0 [pid: 7|app: 0|req: 1510/2998] 10.0.0.241 () {34 vars in 683 bytes} [Fri Sep 11 19:00:33 2026] POST /v2.0/security-groups => generated 1630 bytes in 324 msecs (HTTP/1.1 201) 4 headers in 163 bytes (1 switches on core 0)
2026-09-11 19:00:33.551 7 INFO neutron.db.ovn_revision_numbers_db [None req-6986f12f-92c4-45d3-befd-be5d56adc424 - - - - - -] Successfully bumped revision number for resource 9cc478bd-a88b-450a-a17f-67499d256537 (type: router_ports) to 2
2026-09-11 19:00:33.625 8 INFO neutron.db.ovn_revision_numbers_db [None req-0327dd6f-712f-464a-8e8d-97c23492c956 0856000a60dd427e9f6db251c997d620 8fe03385531d4689a2e414cc72eb11e9 - - default default] Successfully bumped revision number for resource e48a1d11-c5f7-4206-93af-17c2e889e70e (type: security_group_rules) to 0 [pid: 8|app: 0|req: 1489/2999] 10.0.0.241 () {34 vars in 694 bytes} [Fri Sep 11 19:00:33 2026] POST /v2.0/security-group-rules => generated 597 bytes in 221 msecs (HTTP/1.1 201) 4 headers in 162 bytes (1 switches on core 0)
