2026-09-07 19:33:03.253 10 INFO neutron.db.ovn_revision_numbers_db [req-7d03ecae-a167-40dd-bf18-7b24b7e457dc req-384470de-5595-41ab-92c4-4b4b574ccf76 0f47584ff7cb41ec84d9c8581de8a986 068823c40cfe49f5bb2b13e11b618067 - - default default] Successfully bumped revision number for resource 33b04cca-773f-413a-bb14-4e8e1f058679 (type: security_group_rules) to 0
2026-09-07 19:33:03.296 10 INFO neutron.wsgi [req-7d03ecae-a167-40dd-bf18-7b24b7e457dc req-384470de-5595-41ab-92c4-4b4b574ccf76 0f47584ff7cb41ec84d9c8581de8a986 068823c40cfe49f5bb2b13e11b618067 - - default default] 10.0.0.1 "POST /v2.0/security-groups HTTP/1.1" status: 201 len: 1822 time: 0.4483759
2026-09-07 19:33:03.442 10 INFO neutron.db.ovn_revision_numbers_db [None req-f9070b68-23b0-41f8-bf80-edfe70a9405c - - - - - -] Successfully bumped revision number for resource 1be864d3-6e4a-4445-8647-bafa4309e94c (type: ports) to 2
2026-09-07 19:33:03.525 10 INFO neutron.db.ovn_revision_numbers_db [req-d5d9b2c6-57b8-45f6-94a6-8ce00204b47f req-6aec804d-9058-478d-8566-41a80f318a50 0f47584ff7cb41ec84d9c8581de8a986 068823c40cfe49f5bb2b13e11b618067 - - default default] Successfully bumped revision number for resource caf433d8-c436-4fb4-b9f3-3bb1eb31b373 (type: security_groups) to 1
2026-09-07 19:33:03.561 10 INFO neutron.db.ovn_revision_numbers_db [req-d5d9b2c6-57b8-45f6-94a6-8ce00204b47f req-6aec804d-9058-478d-8566-41a80f318a50 0f47584ff7cb41ec84d9c8581de8a986 068823c40cfe49f5bb2b13e11b618067 - - default default] Successfully bumped revision number for resource 690ab7d2-c28c-41ad-bb5a-2265cc04c9af (type: security_group_rules) to 0
2026-09-07 19:33:03.589 10 INFO neutron.wsgi [req-3c5b81c6-d232-4011-beb1-11a6fccf0ba0 req-e10c9539-fa54-4080-87fe-64ecc0cd95c8 7d811d46b06048dc8b551f9127a1f3f9 31a9140917a44ab8aea403ca45ecd12e - - 25d29ca8d90e466ca464a71debf3088a 25d29ca8d90e466ca464a71debf3088a] 10.0.0.1 "GET /v2.0/extensions HTTP/1.1" status: 200 len: 16525 time: 0.0763149
2026-09-07 19:33:03.609 10 INFO neutron.db.ovn_revision_numbers_db [req-d5d9b2c6-57b8-45f6-94a6-8ce00204b47f req-6aec804d-9058-478d-8566-41a80f318a50 0f47584ff7cb41ec84d9c8581de8a986 068823c40cfe49f5bb2b13e11b618067 - - default default] Successfully bumped revision number for resource 7d2523b3-b1ec-4ffe-ad53-d0d1d699daa1 (type: security_group_rules) to 0
2026-09-07 19:33:03.830 10 INFO neutron.wsgi [req-d5d9b2c6-57b8-45f6-94a6-8ce00204b47f req-6aec804d-9058-478d-8566-41a80f318a50 0f47584ff7cb41ec84d9c8581de8a986 068823c40cfe49f5bb2b13e11b618067 - - default default] 10.0.0.1 "POST /v2.0/security-groups HTTP/1.1" status: 201 len: 1823 time: 0.5053408
2026-09-07 19:33:03.833 10 INFO neutron.db.ovn_revision_numbers_db [None req-f9070b68-23b0-41f8-bf80-edfe70a9405c - - - - - -] Successfully bumped revision number for resource 1be864d3-6e4a-4445-8647-bafa4309e94c (type: router_ports) to 2
2026-09-07 19:33:03.886 10 INFO neutron.wsgi [req-3c5b81c6-d232-4011-beb1-11a6fccf0ba0 req-6cfee6c7-7c84-447f-9b9b-58878af23c53 7d811d46b06048dc8b551f9127a1f3f9 31a9140917a44ab8aea403ca45ecd12e - - 25d29ca8d90e466ca464a71debf3088a 25d29ca8d90e466ca464a71debf3088a] 10.0.0.1 "GET /v2.0/networks/726965a0-3b61-455d-8361-265fc62d5086?fields=segments HTTP/1.1" status: 200 len: 212 time: 0.2869835
2026-09-07 19:33:03.979 10 INFO neutron.wsgi [req-3c5b81c6-d232-4011-beb1-11a6fccf0ba0 req-b596b9a4-1603-4224-974a-f4c476a6fb46 7d811d46b06048dc8b551f9127a1f3f9 31a9140917a44ab8aea403ca45ecd12e - - 25d29ca8d90e466ca464a71debf3088a 25d29ca8d90e466ca464a71debf3088a] 10.0.0.1 "GET /v2.0/networks/726965a0-3b61-455d-8361-265fc62d5086?fields=provider%3Aphysical_network&fields=provider%3Anetwork_type HTTP/1.1" status: 200 len: 277 time: 0.0820777
2026-09-07 19:33:04.060 10 INFO neutron.db.ovn_revision_numbers_db [req-d7e1fcc1-91c9-4306-8401-5b2f4b2912a7 req-84771bd2-6526-410d-8a77-7be773f5792e 0f47584ff7cb41ec84d9c8581de8a986 068823c40cfe49f5bb2b13e11b618067 - - default default] Successfully bumped revision number for resource edaa0fc6-17ae-4600-84dc-1cbe58ff1a02 (type: security_groups) to 1
2026-09-07 19:33:04.081 10 INFO neutron.db.ovn_revision_numbers_db [req-d7e1fcc1-91c9-4306-8401-5b2f4b2912a7 req-84771bd2-6526-410d-8a77-7be773f5792e 0f47584ff7cb41ec84d9c8581de8a986 068823c40cfe49f5bb2b13e11b618067 - - default default] Successfully bumped revision number for resource 558af3e3-12f1-4b67-a116-4455b5134a1e (type: security_group_rules) to 0
2026-09-07 19:33:04.103 10 INFO neutron.db.ovn_revision_numbers_db [req-d7e1fcc1-91c9-4306-8401-5b2f4b2912a7 req-84771bd2-6526-410d-8a77-7be773f5792e 0f47584ff7cb41ec84d9c8581de8a986 068823c40cfe49f5bb2b13e11b618067 - - default default] Successfully bumped revision number for resource ea27be2b-df3d-4032-8ede-f2fa0c72e116 (type: security_group_rules) to 0
2026-09-07 19:33:04.130 10 INFO neutron.wsgi [req-d7e1fcc1-91c9-4306-8401-5b2f4b2912a7 req-84771bd2-6526-410d-8a77-7be773f5792e 0f47584ff7cb41ec84d9c8581de8a986 068823c40cfe49f5bb2b13e11b618067 - - default default] 10.0.0.1 "POST /v2.0/security-groups HTTP/1.1" status: 201 len: 1823 time: 0.2720048
2026-09-07 19:33:04.251 9 WARNING neutron.plugins.ml2.drivers.ovn.mech_driver.ovsdb.ovn_client [None req-a1a9e32f-5372-41c5-847d-33ef8807686b - - - - - -] No port found with ID 280e0e33-f3ad-4b17-b55c-c0f7c44e46cd: RuntimeError: No port found with ID 280e0e33-f3ad-4b17-b55c-c0f7c44e46cd
2026-09-07 19:33:04.251 9 INFO neutron.plugins.ml2.drivers.ovn.mech_driver.mech_driver [None req-a1a9e32f-5372-41c5-847d-33ef8807686b - - - - - -] OVN reports status up for port: 8cc5cec4-ea8b-42a9-b206-0d0889e168d1
2026-09-07 19:33:04.256 10 INFO neutron.wsgi [req-da985de3-64fe-479d-a8fc-eaca1f04a301 req-eb48c532-eb5c-436e-82c7-9f7800f3ced8 0f47584ff7cb41ec84d9c8581de8a986 068823c40cfe49f5bb2b13e11b618067 - - default default] 10.0.0.1 "GET /v2.0/security-groups?tenant_id=068823c40cfe49f5bb2b13e11b618067 HTTP/1.1" status: 200 len: 7796 time: 0.0941794
2026-09-07 19:33:04.258 10 INFO neutron.wsgi [req-52a542b9-fef3-4c9c-a490-e2fa64bd9472 req-fd6d0613-3653-4d4e-90b4-0ac138b8f849 d0573fa83e3c4236ac027025d469bcb9 cf7b41e437514dd7b04cfc8894536b54 - - default default] 10.0.0.1 "GET /v2.0/ports?device_id=57a842dd-63a8-4d69-9b97-3c8abb8c6721 HTTP/1.1" status: 200 len: 210 time: 0.0442216
2026-09-07 19:33:04.264 9 INFO neutron.plugins.ml2.plugin [None req-a1a9e32f-5372-41c5-847d-33ef8807686b - - - - - -] Attempt 1 to provision port 8cc5cec4-ea8b-42a9-b206-0d0889e168d1
2026-09-07 19:33:04.307 10 INFO neutron.wsgi [req-da985de3-64fe-479d-a8fc-eaca1f04a301 req-a96d6911-12f1-46be-b241-6372e0acd72c 0f47584ff7cb41ec84d9c8581de8a986 068823c40cfe49f5bb2b13e11b618067 - - default default] 10.0.0.1 "GET /v2.0/security-groups/1e523366-6e44-4ee8-bd0a-527f2cceeec5 HTTP/1.1" status: 200 len: 2994 time: 0.0412405
2026-09-07 19:33:04.355 10 INFO neutron.wsgi [req-da985de3-64fe-479d-a8fc-eaca1f04a301 req-78f6c23f-2be3-4c40-82a3-9d49241c7b6e 0f47584ff7cb41ec84d9c8581de8a986 068823c40cfe49f5bb2b13e11b618067 - - default default] 10.0.0.1 "GET /v2.0/security-groups/1e523366-6e44-4ee8-bd0a-527f2cceeec5 HTTP/1.1" status: 200 len: 2994 time: 0.0381343
2026-09-07 19:33:04.439 10 INFO neutron.wsgi [req-2efbf392-3fed-4a3a-a71c-1cc710554298 req-a408eb18-e61d-4c49-9eb5-4d4305eb8107 0f47584ff7cb41ec84d9c8581de8a986 068823c40cfe49f5bb2b13e11b618067 - - default default] 10.0.0.1 "GET /v2.0/security-groups/422b8fd2-fa23-4117-a678-b8b46ca20314 HTTP/1.1" status: 200 len: 1817 time: 0.0526478
2026-09-07 19:33:04.582 9 INFO neutron.db.ovn_revision_numbers_db [None req-a1a9e32f-5372-41c5-847d-33ef8807686b - - - - - -] Successfully bumped revision number for resource 8cc5cec4-ea8b-42a9-b206-0d0889e168d1 (type: ports) to 2
2026-09-07 19:33:04.618 10 INFO neutron.wsgi [None req-d1395f99-3b60-4dd1-9e32-db7d081df179 abd2d3e2a7644e85af965d63bd0868a6 b5a920c831ab477e8569fcfb39c1e131 - - default default] 10.0.0.35 "PUT /v2.0/routers/00a9fe73-a737-4b0d-8654-8bae0e766e38/remove_router_interface HTTP/1.1" status: 200 len: 503 time: 2.0953703 /var/lib/openstack/lib/python3.10/site-packages/pycadf/identifier.py:71: UserWarning: Invalid uuid: neutron. To ensure interoperability, identifiers should be a valid uuid. warnings.warn(('Invalid uuid: %s. To ensure interoperability, '
2026-09-07 19:33:04.656 10 INFO neutron.wsgi [req-2efbf392-3fed-4a3a-a71c-1cc710554298 req-9ac28ba7-3096-4bf0-afc9-6f5cd1f7033d 0f47584ff7cb41ec84d9c8581de8a986 068823c40cfe49f5bb2b13e11b618067 - - default default] 10.0.0.1 "DELETE /v2.0/security-groups/422b8fd2-fa23-4117-a678-b8b46ca20314 HTTP/1.1" status: 204 len: 173 time: 0.2019584
2026-09-07 19:33:04.710 10 INFO neutron.api.v2.resource [req-9454545b-0211-44df-b50f-2c8811912a8c req-62b3b397-81e9-42db-8162-ddac518bd9b6 0f47584ff7cb41ec84d9c8581de8a986 068823c40cfe49f5bb2b13e11b618067 - - default default] show failed (client error): The resource could not be found.
2026-09-07 19:33:04.714 10 INFO neutron.wsgi [req-9454545b-0211-44df-b50f-2c8811912a8c req-62b3b397-81e9-42db-8162-ddac518bd9b6 0f47584ff7cb41ec84d9c8581de8a986 068823c40cfe49f5bb2b13e11b618067 - - default default] 10.0.0.1 "GET /v2.0/security-groups/422b8fd2-fa23-4117-a678-b8b46ca20314 HTTP/1.1" status: 404 len: 352 time: 0.0237563
2026-09-07 19:33:04.798 10 INFO neutron.wsgi [req-1aa27146-8a84-44cb-bd34-8606df31bb33 req-7d631c94-0e6c-488b-b656-5296a09c0f72 0f47584ff7cb41ec84d9c8581de8a986 068823c40cfe49f5bb2b13e11b618067 - - default default] 10.0.0.1 "GET /v2.0/security-groups/caf433d8-c436-4fb4-b9f3-3bb1eb31b373 HTTP/1.1" status: 200 len: 1818 time: 0.0490220
2026-09-07 19:33:04.888 9 INFO neutron.db.ovn_revision_numbers_db [None req-a1a9e32f-5372-41c5-847d-33ef8807686b - - - - - -] Successfully bumped revision number for resource 8cc5cec4-ea8b-42a9-b206-0d0889e168d1 (type: router_ports) to 2
2026-09-07 19:33:05.149 10 INFO neutron.wsgi [req-1aa27146-8a84-44cb-bd34-8606df31bb33 req-aebab3d3-f5f2-49b0-98ce-9d84d88f9fd2 0f47584ff7cb41ec84d9c8581de8a986 068823c40cfe49f5bb2b13e11b618067 - - default default] 10.0.0.1 "DELETE /v2.0/security-groups/caf433d8-c436-4fb4-b9f3-3bb1eb31b373 HTTP/1.1" status: 204 len: 173 time: 0.3443794
2026-09-07 19:33:05.200 10 INFO neutron.api.v2.resource [req-7632a1af-ba3e-4a17-9051-6ddc7e089bc8 req-ef856e70-36af-45ed-bf2b-60abb9a8e6fe 0f47584ff7cb41ec84d9c8581de8a986 068823c40cfe49f5bb2b13e11b618067 - - default default] show failed (client error): The resource could not be found.
2026-09-07 19:33:05.202 10 INFO neutron.wsgi [req-7632a1af-ba3e-4a17-9051-6ddc7e089bc8 req-ef856e70-36af-45ed-bf2b-60abb9a8e6fe 0f47584ff7cb41ec84d9c8581de8a986 068823c40cfe49f5bb2b13e11b618067 - - default default] 10.0.0.1 "GET /v2.0/security-groups/caf433d8-c436-4fb4-b9f3-3bb1eb31b373 HTTP/1.1" status: 404 len: 352 time: 0.0287571
2026-09-07 19:33:05.265 10 INFO neutron.wsgi [req-ef401093-119b-438b-8a5f-155e76884894 req-95ea3cb2-85ed-4e7f-913a-ba3aaada1ad7 0f47584ff7cb41ec84d9c8581de8a986 068823c40cfe49f5bb2b13e11b618067 - - default default] 10.0.0.1 "GET /v2.0/security-groups/edaa0fc6-17ae-4600-84dc-1cbe58ff1a02 HTTP/1.1" status: 200 len: 1818 time: 0.0406585
2026-09-07 19:33:05.395 10 INFO neutron.wsgi [req-3b224a4f-5f00-4c56-9355-5495c5758bfb req-93d687e1-8ec5-4511-be31-b5a963ddfefc d0573fa83e3c4236ac027025d469bcb9 cf7b41e437514dd7b04cfc8894536b54 - - default default] 10.0.0.1 "GET /v2.0/ports?device_id=57a842dd-63a8-4d69-9b97-3c8abb8c6721 HTTP/1.1" status: 200 len: 210 time: 0.0208218
2026-09-07 19:33:05.479 10 INFO neutron.wsgi [req-ef401093-119b-438b-8a5f-155e76884894 req-209dd103-9928-4ff9-9acf-8926326bdc18 0f47584ff7cb41ec84d9c8581de8a986 068823c40cfe49f5bb2b13e11b618067 - - default default] 10.0.0.1 "DELETE /v2.0/security-groups/edaa0fc6-17ae-4600-84dc-1cbe58ff1a02 HTTP/1.1" status: 204 len: 173 time: 0.2058997
2026-09-07 19:33:05.500 10 INFO neutron.wsgi [None req-0c48e2e8-6f27-4092-9f48-28f396515328 abd2d3e2a7644e85af965d63bd0868a6 b5a920c831ab477e8569fcfb39c1e131 - - default default] 10.0.0.35 "DELETE /v2.0/routers/00a9fe73-a737-4b0d-8654-8bae0e766e38 HTTP/1.1" status: 204 len: 168 time: 0.8719215
2026-09-07 19:33:05.517 10 INFO neutron.api.v2.resource [req-194a79c7-0edd-48fa-8d86-e68525081f57 req-1346d768-7b80-48dd-a307-72d652b9df7c 0f47584ff7cb41ec84d9c8581de8a986 068823c40cfe49f5bb2b13e11b618067 - - default default] show failed (client error): The resource could not be found.
2026-09-07 19:33:05.519 10 INFO neutron.wsgi [req-194a79c7-0edd-48fa-8d86-e68525081f57 req-1346d768-7b80-48dd-a307-72d652b9df7c 0f47584ff7cb41ec84d9c8581de8a986 068823c40cfe49f5bb2b13e11b618067 - - default default] 10.0.0.1 "GET /v2.0/security-groups/edaa0fc6-17ae-4600-84dc-1cbe58ff1a02 HTTP/1.1" status: 404 len: 352 time: 0.0135098
2026-09-07 19:33:05.595 10 INFO neutron.wsgi [req-e0ccbe89-069c-4b23-8dee-03dbc24ba026 req-eed5db41-eb5d-4584-93ad-bd9beaff572c 0f47584ff7cb41ec84d9c8581de8a986 068823c40cfe49f5bb2b13e11b618067 - - default default] 10.0.0.1 "GET /v2.0/security-groups?tenant_id=068823c40cfe49f5bb2b13e11b618067 HTTP/1.1" status: 200 len: 2997 time: 0.0410240
2026-09-07 19:33:05.665 10 INFO neutron.wsgi [req-e0ccbe89-069c-4b23-8dee-03dbc24ba026 req-d1819d84-f9c6-4302-ad74-b1450b79c03c 0f47584ff7cb41ec84d9c8581de8a986 068823c40cfe49f5bb2b13e11b618067 - - default default] 10.0.0.1 "GET /v2.0/security-groups/1e523366-6e44-4ee8-bd0a-527f2cceeec5 HTTP/1.1" status: 200 len: 2994 time: 0.0625770
2026-09-07 19:33:05.724 10 INFO neutron.wsgi [req-e0ccbe89-069c-4b23-8dee-03dbc24ba026 req-ff4523c1-d5fd-4b6a-bb1f-a6bbca848297 0f47584ff7cb41ec84d9c8581de8a986 068823c40cfe49f5bb2b13e11b618067 - - default default] 10.0.0.1 "GET /v2.0/security-groups/1e523366-6e44-4ee8-bd0a-527f2cceeec5 HTTP/1.1" status: 200 len: 2994 time: 0.0502036
2026-09-07 19:33:05.761 9 INFO neutron.wsgi [None req-e828a84b-87ec-4c08-ab28-b5bad553a0ac abd2d3e2a7644e85af965d63bd0868a6 b5a920c831ab477e8569fcfb39c1e131 - - default default] 10.0.0.35 "DELETE /v2.0/subnets/804599b1-3d3a-4c6e-b312-d6dae510680b HTTP/1.1" status: 204 len: 168 time: 0.2543812
2026-09-07 19:33:05.768 10 INFO neutron.api.v2.resource [req-e1597d75-b3da-4771-921f-a1948624c8c8 req-f8cc9918-8295-498a-9d85-36add8bfedbd 0f47584ff7cb41ec84d9c8581de8a986 068823c40cfe49f5bb2b13e11b618067 - - default default] show failed (client error): The resource could not be found.
2026-09-07 19:33:05.769 10 INFO neutron.wsgi [req-e1597d75-b3da-4771-921f-a1948624c8c8 req-f8cc9918-8295-498a-9d85-36add8bfedbd 0f47584ff7cb41ec84d9c8581de8a986 068823c40cfe49f5bb2b13e11b618067 - - default default] 10.0.0.1 "GET /v2.0/security-groups/edaa0fc6-17ae-4600-84dc-1cbe58ff1a02 HTTP/1.1" status: 404 len: 352 time: 0.0164168
2026-09-07 19:33:05.811 10 INFO neutron.api.v2.resource [req-74d5e150-334b-4869-aa43-fc9a2dab3b4e req-84261450-42b9-4332-8774-b300b65d16e3 0f47584ff7cb41ec84d9c8581de8a986 068823c40cfe49f5bb2b13e11b618067 - - default default] show failed (client error): The resource could not be found.
2026-09-07 19:33:05.812 10 INFO neutron.wsgi [req-74d5e150-334b-4869-aa43-fc9a2dab3b4e req-84261450-42b9-4332-8774-b300b65d16e3 0f47584ff7cb41ec84d9c8581de8a986 068823c40cfe49f5bb2b13e11b618067 - - default default] 10.0.0.1 "GET /v2.0/security-groups/caf433d8-c436-4fb4-b9f3-3bb1eb31b373 HTTP/1.1" status: 404 len: 352 time: 0.0125313
2026-09-07 19:33:05.852 10 INFO neutron.api.v2.resource [req-c0cc26a3-85ce-45a1-81e5-6a82c19a118e req-667be059-35d9-4de7-9728-34bc864e0067 0f47584ff7cb41ec84d9c8581de8a986 068823c40cfe49f5bb2b13e11b618067 - - default default] show failed (client error): The resource could not be found.
2026-09-07 19:33:05.854 10 INFO neutron.wsgi [req-c0cc26a3-85ce-45a1-81e5-6a82c19a118e req-667be059-35d9-4de7-9728-34bc864e0067 0f47584ff7cb41ec84d9c8581de8a986 068823c40cfe49f5bb2b13e11b618067 - - default default] 10.0.0.1 "GET /v2.0/security-groups/422b8fd2-fa23-4117-a678-b8b46ca20314 HTTP/1.1" status: 404 len: 352 time: 0.0134847
2026-09-07 19:33:06.001 10 INFO neutron.wsgi [req-3c5b81c6-d232-4011-beb1-11a6fccf0ba0 req-5f9f8ce7-4a01-4326-a492-dbb19bbfc052 d0573fa83e3c4236ac027025d469bcb9 cf7b41e437514dd7b04cfc8894536b54 - - default default] 162.253.55.34 "GET /v2.0/networks?id=726965a0-3b61-455d-8361-265fc62d5086 HTTP/1.1" status: 200 len: 869 time: 0.1320059
2026-09-07 19:33:06.098 10 INFO neutron.wsgi [req-3c5b81c6-d232-4011-beb1-11a6fccf0ba0 req-528d9711-98b2-4949-9b72-0d9c5f81fffc d0573fa83e3c4236ac027025d469bcb9 cf7b41e437514dd7b04cfc8894536b54 - - default default] 162.253.55.34 "GET /v2.0/security-groups?fields=id&fields=name&tenant_id=cf7b41e437514dd7b04cfc8894536b54 HTTP/1.1" status: 200 len: 380 time: 0.0667403
2026-09-07 19:33:06.122 10 INFO neutron.wsgi [req-0f1bf4a0-678a-4746-b3e9-8457cdf1ae38 req-b5a26db8-362e-45be-9bfa-6e9838db3861 0121c0e5c66042ac963033dc7df1e44c a90a0868c90a485ea9c8fa4b2c064272 - - default default] 10.0.0.1 "GET /v2.0/security-groups?name=tempest-securitygroup--1396492739&fields=id&tenant_id=a90a0868c90a485ea9c8fa4b2c064272 HTTP/1.1" status: 200 len: 267 time: 0.0568833
2026-09-07 19:33:06.244 10 INFO neutron.wsgi [req-0f1bf4a0-678a-4746-b3e9-8457cdf1ae38 req-8cbbb77d-4785-461c-87a8-2e4873bbdcb2 0121c0e5c66042ac963033dc7df1e44c a90a0868c90a485ea9c8fa4b2c064272 - - default default] 10.0.0.1 "GET /v2.0/networks?id=362be5db-7e91-46a4-a00d-f695d7830fad HTTP/1.1" status: 200 len: 878 time: 0.1075540
2026-09-07 19:33:06.285 9 INFO neutron.wsgi [None req-b7ca8f9b-b128-4478-ad13-1c4e81c67ede abd2d3e2a7644e85af965d63bd0868a6 b5a920c831ab477e8569fcfb39c1e131 - - default default] 10.0.0.35 "DELETE /v2.0/networks/c2bdc262-1a38-4b7c-8270-211dd9cce990 HTTP/1.1" status: 204 len: 168 time: 0.5190597
2026-09-07 19:33:06.292 10 INFO neutron.wsgi [req-0f1bf4a0-678a-4746-b3e9-8457cdf1ae38 req-985c61ce-0743-4d40-8702-d937ac847fe3 0121c0e5c66042ac963033dc7df1e44c a90a0868c90a485ea9c8fa4b2c064272 - - default default] 10.0.0.1 "GET /v2.0/quotas/a90a0868c90a485ea9c8fa4b2c064272 HTTP/1.1" status: 200 len: 386 time: 0.0346956
2026-09-07 19:33:06.547 9 INFO neutron.wsgi [None req-e5ceb59d-1a7d-4f2c-966c-fa61d8c06244 abd2d3e2a7644e85af965d63bd0868a6 b5a920c831ab477e8569fcfb39c1e131 - - default default] 10.0.0.35 "GET /v2.0/security-groups?tenant_id=ee6da9e1adf745978962adf9b1267bae&name=default HTTP/1.1" status: 200 len: 2992 time: 0.1036241
2026-09-07 19:33:06.673 10 INFO neutron.wsgi [req-0f1bf4a0-678a-4746-b3e9-8457cdf1ae38 req-0328aa5f-1b60-4ef9-aa80-f72f9926ea61 0121c0e5c66042ac963033dc7df1e44c a90a0868c90a485ea9c8fa4b2c064272 - - default default] 10.0.0.1 "GET /v2.0/ports?tenant_id=a90a0868c90a485ea9c8fa4b2c064272&fields=id HTTP/1.1" status: 200 len: 302 time: 0.3709955
2026-09-07 19:33:06.705 10 INFO neutron.wsgi [req-0f816b77-3903-48db-aa3c-41cffb028fd5 req-e6f4bb6d-57b8-41e4-bd0e-87b11ada3132 d0573fa83e3c4236ac027025d469bcb9 cf7b41e437514dd7b04cfc8894536b54 - - default default] 10.0.0.1 "GET /v2.0/ports?device_id=57a842dd-63a8-4d69-9b97-3c8abb8c6721 HTTP/1.1" status: 200 len: 210 time: 0.0336218
2026-09-07 19:33:06.794 9 INFO neutron.services.segments.plugin [-] Segment 2a2e89e0-3bbe-4b18-96e0-b69512e133dc resource provider aggregate not found
2026-09-07 19:33:06.812 9 INFO neutron.services.segments.plugin [-] Segment 2a2e89e0-3bbe-4b18-96e0-b69512e133dc resource provider not found; error: Placement Client Error (4xx): {"errors": [{"status": 404, "title": "Not Found", "detail": "The resource could not be found.\n\n No resource provider with uuid 2a2e89e0-3bbe-4b18-96e0-b69512e133dc found for delete ", "request_id": "req-51ecb431-af00-4d1a-bc50-b3dce0554696"}]}
2026-09-07 19:33:06.814 9 INFO neutron.wsgi [None req-2eef6fb2-dbc3-4e31-9606-68585d3bceb7 abd2d3e2a7644e85af965d63bd0868a6 b5a920c831ab477e8569fcfb39c1e131 - - default default] 10.0.0.35 "DELETE /v2.0/security-groups/cf6ba945-d412-47e4-96a4-0441a6249b3b HTTP/1.1" status: 204 len: 168 time: 0.2634547
2026-09-07 19:33:06.829 9 INFO neutron.services.segments.plugin [-] Segment 2a2e89e0-3bbe-4b18-96e0-b69512e133dc resource provider aggregate not found
2026-09-07 19:33:06.851 9 INFO neutron.services.segments.plugin [-] Segment 2a2e89e0-3bbe-4b18-96e0-b69512e133dc resource provider not found; error: Placement Client Error (4xx): {"errors": [{"status": 404, "title": "Not Found", "detail": "The resource could not be found.\n\n No resource provider with uuid 2a2e89e0-3bbe-4b18-96e0-b69512e133dc found for delete ", "request_id": "req-f1fed8da-3c61-4efb-9e49-4d230104f90a"}]}
2026-09-07 19:33:06.901 10 WARNING neutron.scheduler.dhcp_agent_scheduler [req-3c5b81c6-d232-4011-beb1-11a6fccf0ba0 req-5063214e-b447-45c8-bc4d-365a236daf6a d0573fa83e3c4236ac027025d469bcb9 cf7b41e437514dd7b04cfc8894536b54 - - default default] No more DHCP agents
2026-09-07 19:33:06.904 10 WARNING neutron.api.rpc.agentnotifiers.dhcp_rpc_agent_api [req-3c5b81c6-d232-4011-beb1-11a6fccf0ba0 req-5063214e-b447-45c8-bc4d-365a236daf6a d0573fa83e3c4236ac027025d469bcb9 cf7b41e437514dd7b04cfc8894536b54 - - default default] Unable to schedule network 726965a0-3b61-455d-8361-265fc62d5086: no agents available; will retry on subsequent port and subnet creation events.
2026-09-07 19:33:07.072 10 INFO neutron.db.ovn_revision_numbers_db [req-3c5b81c6-d232-4011-beb1-11a6fccf0ba0 req-5063214e-b447-45c8-bc4d-365a236daf6a d0573fa83e3c4236ac027025d469bcb9 cf7b41e437514dd7b04cfc8894536b54 - - default default] Successfully bumped revision number for resource fe69d8cb-73d1-4d62-9b48-ec5efbdac1ac (type: ports) to 1
2026-09-07 19:33:07.104 10 INFO neutron.wsgi [req-3c5b81c6-d232-4011-beb1-11a6fccf0ba0 req-5063214e-b447-45c8-bc4d-365a236daf6a d0573fa83e3c4236ac027025d469bcb9 cf7b41e437514dd7b04cfc8894536b54 - - default default] 162.253.55.34 "POST /v2.0/ports HTTP/1.1" status: 201 len: 1158 time: 0.9986515 /var/lib/openstack/lib/python3.10/site-packages/pycadf/identifier.py:71: UserWarning: Invalid uuid: neutron. To ensure interoperability, identifiers should be a valid uuid. warnings.warn(('Invalid uuid: %s. To ensure interoperability, '
2026-09-07 19:33:07.128 10 INFO neutron.wsgi [req-3c5b81c6-d232-4011-beb1-11a6fccf0ba0 req-4e376743-bb78-42c3-bff0-21784aba2a0e d0573fa83e3c4236ac027025d469bcb9 cf7b41e437514dd7b04cfc8894536b54 - - default default] 162.253.55.34 "GET /v2.0/extensions HTTP/1.1" status: 200 len: 16525 time: 0.0111792
2026-09-07 19:33:07.232 10 INFO neutron.wsgi [req-0f1bf4a0-678a-4746-b3e9-8457cdf1ae38 req-09d5641b-981f-4d0e-acf3-28332f633702 7d811d46b06048dc8b551f9127a1f3f9 31a9140917a44ab8aea403ca45ecd12e - - 25d29ca8d90e466ca464a71debf3088a 25d29ca8d90e466ca464a71debf3088a] 10.0.0.1 "GET /v2.0/extensions HTTP/1.1" status: 200 len: 16525 time: 0.1148343
2026-09-07 19:33:07.325 10 INFO neutron.wsgi [req-0f1bf4a0-678a-4746-b3e9-8457cdf1ae38 req-a17da740-dcaa-41be-9aef-bc25135a8f86 7d811d46b06048dc8b551f9127a1f3f9 31a9140917a44ab8aea403ca45ecd12e - - 25d29ca8d90e466ca464a71debf3088a 25d29ca8d90e466ca464a71debf3088a] 10.0.0.1 "GET /v2.0/networks/362be5db-7e91-46a4-a00d-f695d7830fad?fields=segments HTTP/1.1" status: 200 len: 212 time: 0.0846779
2026-09-07 19:33:07.403 10 INFO neutron.wsgi [req-0f1bf4a0-678a-4746-b3e9-8457cdf1ae38 req-ce4d8ca1-d107-421e-aec5-4ba7b19ab062 7d811d46b06048dc8b551f9127a1f3f9 31a9140917a44ab8aea403ca45ecd12e - - 25d29ca8d90e466ca464a71debf3088a 25d29ca8d90e466ca464a71debf3088a] 10.0.0.1 "GET /v2.0/networks/362be5db-7e91-46a4-a00d-f695d7830fad?fields=provider%3Aphysical_network&fields=provider%3Anetwork_type HTTP/1.1" status: 200 len: 277 time: 0.0705504
2026-09-07 19:33:07.509 10 INFO neutron.wsgi [None req-b46f4825-ee6e-4f24-bca6-922c2dded64b abd2d3e2a7644e85af965d63bd0868a6 b5a920c831ab477e8569fcfb39c1e131 - - default default] 10.0.0.35 "PUT /v2.0/routers/a32b6c3a-a179-409d-a331-707aeb2b7dd1/remove_router_interface HTTP/1.1" status: 200 len: 503 time: 1.6448135 /var/lib/openstack/lib/python3.10/site-packages/pycadf/identifier.py:71: UserWarning: Invalid uuid: neutron. To ensure interoperability, identifiers should be a valid uuid. warnings.warn(('Invalid uuid: %s. To ensure interoperability, '
2026-09-07 19:33:07.942 10 INFO neutron.wsgi [req-f6db74b9-ce9c-446d-a361-db387152ee02 req-3c211910-1a96-4c8f-b756-4ba6912e86f6 0121c0e5c66042ac963033dc7df1e44c a90a0868c90a485ea9c8fa4b2c064272 - - default default] 10.0.0.1 "GET /v2.0/ports?device_id=840e4966-5e16-479b-9c06-f1836dd3f792 HTTP/1.1" status: 200 len: 210 time: 0.0273995
2026-09-07 19:33:08.010 10 INFO neutron.wsgi [req-491af0b3-8a89-4211-92ba-a2187efc59c7 req-0f8ab640-f852-4f34-8690-bc98f17446a0 d0573fa83e3c4236ac027025d469bcb9 cf7b41e437514dd7b04cfc8894536b54 - - default default] 10.0.0.1 "GET /v2.0/ports?device_id=57a842dd-63a8-4d69-9b97-3c8abb8c6721 HTTP/1.1" status: 200 len: 1156 time: 0.0528781
2026-09-07 19:33:08.091 10 INFO neutron.wsgi [req-491af0b3-8a89-4211-92ba-a2187efc59c7 req-3a6bdb0c-b13f-43ab-9582-22da7d52c7d5 d0573fa83e3c4236ac027025d469bcb9 cf7b41e437514dd7b04cfc8894536b54 - - default default] 10.0.0.1 "GET /v2.0/security-groups?id=f1d9f6e7-ce9c-4112-80aa-ae4b4f06ecab&fields=id&fields=name HTTP/1.1" status: 200 len: 313 time: 0.0697105
2026-09-07 19:33:08.264 10 INFO neutron.db.ovn_revision_numbers_db [req-3c5b81c6-d232-4011-beb1-11a6fccf0ba0 req-242629d5-641c-4980-ac80-cc2460070d6b 7d811d46b06048dc8b551f9127a1f3f9 31a9140917a44ab8aea403ca45ecd12e - - 25d29ca8d90e466ca464a71debf3088a 25d29ca8d90e466ca464a71debf3088a] Successfully bumped revision number for resource fe69d8cb-73d1-4d62-9b48-ec5efbdac1ac (type: ports) to 2
2026-09-07 19:33:08.648 10 INFO neutron.db.ovn_revision_numbers_db [req-3c5b81c6-d232-4011-beb1-11a6fccf0ba0 req-242629d5-641c-4980-ac80-cc2460070d6b 7d811d46b06048dc8b551f9127a1f3f9 31a9140917a44ab8aea403ca45ecd12e - - 25d29ca8d90e466ca464a71debf3088a 25d29ca8d90e466ca464a71debf3088a] Successfully bumped revision number for resource fe69d8cb-73d1-4d62-9b48-ec5efbdac1ac (type: ports) to 2
2026-09-07 19:33:08.659 10 INFO neutron.wsgi [None req-e9c48cf6-8272-46ad-b33f-1ea2501f0814 abd2d3e2a7644e85af965d63bd0868a6 b5a920c831ab477e8569fcfb39c1e131 - - default default] 10.0.0.35 "DELETE /v2.0/routers/a32b6c3a-a179-409d-a331-707aeb2b7dd1 HTTP/1.1" status: 204 len: 168 time: 1.1360786
2026-09-07 19:33:08.687 10 INFO neutron.wsgi [req-3c5b81c6-d232-4011-beb1-11a6fccf0ba0 req-242629d5-641c-4980-ac80-cc2460070d6b 7d811d46b06048dc8b551f9127a1f3f9 31a9140917a44ab8aea403ca45ecd12e - - 25d29ca8d90e466ca464a71debf3088a 25d29ca8d90e466ca464a71debf3088a] 162.253.55.34 "PUT /v2.0/ports/fe69d8cb-73d1-4d62-9b48-ec5efbdac1ac HTTP/1.1" status: 200 len: 1376 time: 1.1709669 /var/lib/openstack/lib/python3.10/site-packages/pycadf/identifier.py:71: UserWarning: Invalid uuid: neutron. To ensure interoperability, identifiers should be a valid uuid. warnings.warn(('Invalid uuid: %s. To ensure interoperability, '
2026-09-07 19:33:08.842 10 INFO neutron.wsgi [req-3c5b81c6-d232-4011-beb1-11a6fccf0ba0 req-9192ddd2-9652-4fc4-81e0-3aeb6ce7f19a 7d811d46b06048dc8b551f9127a1f3f9 31a9140917a44ab8aea403ca45ecd12e - - 25d29ca8d90e466ca464a71debf3088a 25d29ca8d90e466ca464a71debf3088a] 162.253.55.34 "GET /v2.0/ports?tenant_id=cf7b41e437514dd7b04cfc8894536b54&device_id=57a842dd-63a8-4d69-9b97-3c8abb8c6721 HTTP/1.1" status: 200 len: 1407 time: 0.0896337
2026-09-07 19:33:08.856 10 WARNING neutron.plugins.ml2.drivers.ovn.mech_driver.ovsdb.ovn_client [None req-f9070b68-23b0-41f8-bf80-edfe70a9405c - - - - - -] No port found with ID 1be864d3-6e4a-4445-8647-bafa4309e94c: RuntimeError: No port found with ID 1be864d3-6e4a-4445-8647-bafa4309e94c
2026-09-07 19:33:08.874 9 INFO neutron.wsgi [None req-97aab0da-60ab-442a-9e21-f2e394aa9b84 abd2d3e2a7644e85af965d63bd0868a6 b5a920c831ab477e8569fcfb39c1e131 - - default default] 10.0.0.35 "DELETE /v2.0/subnets/e2943d0e-4c25-4449-a8de-2ea5a81c851d HTTP/1.1" status: 204 len: 168 time: 0.2052062
2026-09-07 19:33:08.878 10 INFO neutron.wsgi [req-3c5b81c6-d232-4011-beb1-11a6fccf0ba0 req-0ac76242-661c-4ef1-86e4-1b5edbe6b901 7d811d46b06048dc8b551f9127a1f3f9 31a9140917a44ab8aea403ca45ecd12e - - 25d29ca8d90e466ca464a71debf3088a 25d29ca8d90e466ca464a71debf3088a] 162.253.55.34 "GET /v2.0/floatingips?fixed_ip_address=10.100.0.4&port_id=fe69d8cb-73d1-4d62-9b48-ec5efbdac1ac HTTP/1.1" status: 200 len: 217 time: 0.0285068
2026-09-07 19:33:08.966 10 INFO neutron.wsgi [req-3c5b81c6-d232-4011-beb1-11a6fccf0ba0 req-5c03e661-7328-4658-b035-9fd66bf91748 7d811d46b06048dc8b551f9127a1f3f9 31a9140917a44ab8aea403ca45ecd12e - - 25d29ca8d90e466ca464a71debf3088a 25d29ca8d90e466ca464a71debf3088a] 162.253.55.34 "GET /v2.0/subnets?id=34c53a96-c40e-4a81-9d1a-301ba6f7dc12 HTTP/1.1" status: 200 len: 863 time: 0.0595455
2026-09-07 19:33:08.993 10 INFO neutron.wsgi [req-0f1bf4a0-678a-4746-b3e9-8457cdf1ae38 req-d6c8e120-3ba8-47d1-9491-db898bbfdd44 0121c0e5c66042ac963033dc7df1e44c a90a0868c90a485ea9c8fa4b2c064272 - - default default] 162.253.55.34 "GET /v2.0/networks?id=362be5db-7e91-46a4-a00d-f695d7830fad HTTP/1.1" status: 200 len: 878 time: 0.0877478
2026-09-07 19:33:09.027 10 INFO neutron.wsgi [req-3c5b81c6-d232-4011-beb1-11a6fccf0ba0 req-9ebd1102-6aa1-4542-b617-58a433883436 7d811d46b06048dc8b551f9127a1f3f9 31a9140917a44ab8aea403ca45ecd12e - - 25d29ca8d90e466ca464a71debf3088a 25d29ca8d90e466ca464a71debf3088a] 162.253.55.34 "GET /v2.0/ports?network_id=726965a0-3b61-455d-8361-265fc62d5086&device_owner=network%3Adhcp HTTP/1.1" status: 200 len: 210 time: 0.0331228
2026-09-07 19:33:09.104 10 INFO neutron.wsgi [req-32e4f8c6-eaa7-4e53-b1f4-4ee81c0d6b17 req-0b8155b7-30d9-47ac-a54c-e29c0cd8046a 0121c0e5c66042ac963033dc7df1e44c a90a0868c90a485ea9c8fa4b2c064272 - - default default] 10.0.0.1 "GET /v2.0/ports?device_id=840e4966-5e16-479b-9c06-f1836dd3f792 HTTP/1.1" status: 200 len: 210 time: 0.0453701
2026-09-07 19:33:09.113 10 INFO neutron.wsgi [req-0f1bf4a0-678a-4746-b3e9-8457cdf1ae38 req-8bcf371c-225e-4dc0-9288-fdaf30983645 0121c0e5c66042ac963033dc7df1e44c a90a0868c90a485ea9c8fa4b2c064272 - - default default] 162.253.55.34 "GET /v2.0/security-groups?fields=id&fields=name&tenant_id=a90a0868c90a485ea9c8fa4b2c064272 HTTP/1.1" status: 200 len: 380 time: 0.1150000
2026-09-07 19:33:09.159 10 INFO neutron.wsgi [req-3c5b81c6-d232-4011-beb1-11a6fccf0ba0 req-47f77f7c-be7e-46e8-8d7d-112d6f5314c3 7d811d46b06048dc8b551f9127a1f3f9 31a9140917a44ab8aea403ca45ecd12e - - 25d29ca8d90e466ca464a71debf3088a 25d29ca8d90e466ca464a71debf3088a] 162.253.55.34 "GET /v2.0/networks/726965a0-3b61-455d-8361-265fc62d5086?fields=segments HTTP/1.1" status: 200 len: 212 time: 0.1184270
2026-09-07 19:33:09.203 9 WARNING neutron.plugins.ml2.drivers.ovn.mech_driver.ovsdb.ovn_client [None req-a1a9e32f-5372-41c5-847d-33ef8807686b - - - - - -] No hosting information found for port 8cc5cec4-ea8b-42a9-b206-0d0889e168d1: RuntimeError: No hosting information found for port 8cc5cec4-ea8b-42a9-b206-0d0889e168d1
2026-09-07 19:33:09.239 9 INFO neutron.services.segments.plugin [-] Segment 6c077c14-83bd-49d3-a917-19433ed1e437 resource provider aggregate not found
2026-09-07 19:33:09.247 9 INFO neutron.services.segments.plugin [-] Segment 6c077c14-83bd-49d3-a917-19433ed1e437 resource provider aggregate not found
2026-09-07 19:33:09.284 9 INFO neutron.services.segments.plugin [-] Segment 6c077c14-83bd-49d3-a917-19433ed1e437 resource provider not found; error: Placement Client Error (4xx): {"errors": [{"status": 404, "title": "Not Found", "detail": "The resource could not be found.\n\n No resource provider with uuid 6c077c14-83bd-49d3-a917-19433ed1e437 found for delete ", "request_id": "req-3709ae20-2a4f-49cb-879b-22f5bb77a602"}]}
2026-09-07 19:33:09.292 9 INFO neutron.services.segments.plugin [-] Segment 6c077c14-83bd-49d3-a917-19433ed1e437 resource provider not found; error: Placement Client Error (4xx): {"errors": [{"status": 404, "title": "Not Found", "detail": "The resource could not be found.\n\n No resource provider with uuid 6c077c14-83bd-49d3-a917-19433ed1e437 found for delete ", "request_id": "req-91040ef4-335a-42e7-a537-9408609133fe"}]}
2026-09-07 19:33:09.302 9 INFO neutron.wsgi [None req-842eb361-39b6-4f33-9f4a-ce123c5f4d4e abd2d3e2a7644e85af965d63bd0868a6 b5a920c831ab477e8569fcfb39c1e131 - - default default] 10.0.0.35 "DELETE /v2.0/networks/bbe8c363-eb65-4664-9311-379cd78f1280 HTTP/1.1" status: 204 len: 168 time: 0.4132044
2026-09-07 19:33:09.343 10 INFO neutron.wsgi [req-3c5b81c6-d232-4011-beb1-11a6fccf0ba0 req-ddd13606-a24f-4e7d-99ef-4a4a7bcefc48 7d811d46b06048dc8b551f9127a1f3f9 31a9140917a44ab8aea403ca45ecd12e - - 25d29ca8d90e466ca464a71debf3088a 25d29ca8d90e466ca464a71debf3088a] 162.253.55.34 "GET /v2.0/networks/726965a0-3b61-455d-8361-265fc62d5086?fields=provider%3Aphysical_network&fields=provider%3Anetwork_type HTTP/1.1" status: 200 len: 277 time: 0.1708837
2026-09-07 19:33:09.348 10 INFO neutron.notifiers.nova [-] Nova event matching ['req-e0dd2243-b28d-485a-81b9-a54da7b4e78a'] response: {'name': 'network-changed', 'server_uuid': '57a842dd-63a8-4d69-9b97-3c8abb8c6721', 'tag': 'fe69d8cb-73d1-4d62-9b48-ec5efbdac1ac', 'status': 'completed', 'code': 200}
2026-09-07 19:33:09.372 10 INFO neutron.wsgi [req-70ce3be9-d645-4f81-8025-8920f1f031dc req-9893cf2e-df1c-4052-ad6e-a1f70012267e d0573fa83e3c4236ac027025d469bcb9 cf7b41e437514dd7b04cfc8894536b54 - - default default] 10.0.0.1 "GET /v2.0/ports?device_id=57a842dd-63a8-4d69-9b97-3c8abb8c6721 HTTP/1.1" status: 200 len: 1168 time: 0.1902111
2026-09-07 19:33:09.473 10 INFO neutron.wsgi [req-70ce3be9-d645-4f81-8025-8920f1f031dc req-9882a365-2064-4c42-bb68-18c73b38aed9 d0573fa83e3c4236ac027025d469bcb9 cf7b41e437514dd7b04cfc8894536b54 - - default default] 10.0.0.1 "GET /v2.0/security-groups?id=f1d9f6e7-ce9c-4112-80aa-ae4b4f06ecab&fields=id&fields=name HTTP/1.1" status: 200 len: 313 time: 0.0883229
2026-09-07 19:33:09.476 10 INFO neutron.wsgi [req-22a2285b-32e6-4479-8cba-49a769f33ef4 req-ac150bb1-a605-4939-9658-be53ac303856 7d811d46b06048dc8b551f9127a1f3f9 31a9140917a44ab8aea403ca45ecd12e - - 25d29ca8d90e466ca464a71debf3088a 25d29ca8d90e466ca464a71debf3088a] 162.253.55.34 "GET /v2.0/ports?tenant_id=cf7b41e437514dd7b04cfc8894536b54&device_id=57a842dd-63a8-4d69-9b97-3c8abb8c6721 HTTP/1.1" status: 200 len: 1407 time: 0.0576713
2026-09-07 19:33:09.501 9 INFO neutron.wsgi [None req-208d83f4-07f1-43be-99e2-b1b37bbd4f75 abd2d3e2a7644e85af965d63bd0868a6 b5a920c831ab477e8569fcfb39c1e131 - - default default] 10.0.0.35 "GET /v2.0/security-groups?tenant_id=068823c40cfe49f5bb2b13e11b618067&name=default HTTP/1.1" status: 200 len: 2992 time: 0.0530598
2026-09-07 19:33:09.650 10 INFO neutron.wsgi [req-22a2285b-32e6-4479-8cba-49a769f33ef4 req-f8204f62-2358-43b7-8ad7-78dd8ea754e2 7d811d46b06048dc8b551f9127a1f3f9 31a9140917a44ab8aea403ca45ecd12e - - 25d29ca8d90e466ca464a71debf3088a 25d29ca8d90e466ca464a71debf3088a] 162.253.55.34 "GET /v2.0/networks?id=726965a0-3b61-455d-8361-265fc62d5086 HTTP/1.1" status: 200 len: 968 time: 0.1029477
2026-09-07 19:33:09.661 10 WARNING neutron.scheduler.dhcp_agent_scheduler [req-0f1bf4a0-678a-4746-b3e9-8457cdf1ae38 req-9594d63c-38b9-4544-9051-31c46b1d22d4 0121c0e5c66042ac963033dc7df1e44c a90a0868c90a485ea9c8fa4b2c064272 - - default default] No more DHCP agents /var/lib/openstack/lib/python3.10/site-packages/pycadf/identifier.py:71: UserWarning: Invalid uuid: neutron. To ensure interoperability, identifiers should be a valid uuid. warnings.warn(('Invalid uuid: %s. To ensure interoperability, '
2026-09-07 19:33:09.668 10 WARNING neutron.api.rpc.agentnotifiers.dhcp_rpc_agent_api [req-0f1bf4a0-678a-4746-b3e9-8457cdf1ae38 req-9594d63c-38b9-4544-9051-31c46b1d22d4 0121c0e5c66042ac963033dc7df1e44c a90a0868c90a485ea9c8fa4b2c064272 - - default default] Unable to schedule network 362be5db-7e91-46a4-a00d-f695d7830fad: no agents available; will retry on subsequent port and subnet creation events.
2026-09-07 19:33:09.703 10 INFO neutron.wsgi [req-22a2285b-32e6-4479-8cba-49a769f33ef4 req-a626fdbc-b160-4358-a49f-3762ab6d8782 7d811d46b06048dc8b551f9127a1f3f9 31a9140917a44ab8aea403ca45ecd12e - - 25d29ca8d90e466ca464a71debf3088a 25d29ca8d90e466ca464a71debf3088a] 162.253.55.34 "GET /v2.0/floatingips?fixed_ip_address=10.100.0.4&port_id=fe69d8cb-73d1-4d62-9b48-ec5efbdac1ac HTTP/1.1" status: 200 len: 217 time: 0.0449362 /var/lib/openstack/lib/python3.10/site-packages/pycadf/identifier.py:71: UserWarning: Invalid uuid: neutron. To ensure interoperability, identifiers should be a valid uuid. warnings.warn(('Invalid uuid: %s. To ensure interoperability, '
2026-09-07 19:33:09.766 9 INFO neutron.wsgi [None req-1193abb0-9ae0-4905-8fda-23ea949525b3 abd2d3e2a7644e85af965d63bd0868a6 b5a920c831ab477e8569fcfb39c1e131 - - default default] 10.0.0.35 "DELETE /v2.0/security-groups/1e523366-6e44-4ee8-bd0a-527f2cceeec5 HTTP/1.1" status: 204 len: 168 time: 0.2581866
2026-09-07 19:33:10.012 10 INFO neutron.wsgi [req-22a2285b-32e6-4479-8cba-49a769f33ef4 req-be0e75fe-a7d9-4430-bfb7-c22c309875dc 7d811d46b06048dc8b551f9127a1f3f9 31a9140917a44ab8aea403ca45ecd12e - - 25d29ca8d90e466ca464a71debf3088a 25d29ca8d90e466ca464a71debf3088a] 162.253.55.34 "GET /v2.0/subnets?id=34c53a96-c40e-4a81-9d1a-301ba6f7dc12 HTTP/1.1" status: 200 len: 863 time: 0.3027360
2026-09-07 19:33:10.044 10 INFO neutron.wsgi [req-22a2285b-32e6-4479-8cba-49a769f33ef4 req-a5cd55ae-eec2-4348-91de-a8ed84f5a269 7d811d46b06048dc8b551f9127a1f3f9 31a9140917a44ab8aea403ca45ecd12e - - 25d29ca8d90e466ca464a71debf3088a 25d29ca8d90e466ca464a71debf3088a] 162.253.55.34 "GET /v2.0/ports?network_id=726965a0-3b61-455d-8361-265fc62d5086&device_owner=network%3Adhcp HTTP/1.1" status: 200 len: 210 time: 0.0258970
2026-09-07 19:33:10.119 10 INFO neutron.wsgi [req-22a2285b-32e6-4479-8cba-49a769f33ef4 req-a4feb365-7a75-4638-a9c1-cba05d5f5d9b 7d811d46b06048dc8b551f9127a1f3f9 31a9140917a44ab8aea403ca45ecd12e - - 25d29ca8d90e466ca464a71debf3088a 25d29ca8d90e466ca464a71debf3088a] 162.253.55.34 "GET /v2.0/networks/726965a0-3b61-455d-8361-265fc62d5086?fields=segments HTTP/1.1" status: 200 len: 212 time: 0.0678787
2026-09-07 19:33:10.130 10 INFO neutron.db.ovn_revision_numbers_db [req-0f1bf4a0-678a-4746-b3e9-8457cdf1ae38 req-9594d63c-38b9-4544-9051-31c46b1d22d4 0121c0e5c66042ac963033dc7df1e44c a90a0868c90a485ea9c8fa4b2c064272 - - default default] Successfully bumped revision number for resource 1f45697c-9a52-4626-ac83-a1877259028a (type: ports) to 1
2026-09-07 19:33:10.161 10 INFO neutron.wsgi [req-0f1bf4a0-678a-4746-b3e9-8457cdf1ae38 req-9594d63c-38b9-4544-9051-31c46b1d22d4 0121c0e5c66042ac963033dc7df1e44c a90a0868c90a485ea9c8fa4b2c064272 - - default default] 162.253.55.34 "POST /v2.0/ports HTTP/1.1" status: 201 len: 1158 time: 1.0415673
2026-09-07 19:33:10.223 10 INFO neutron.wsgi [req-22a2285b-32e6-4479-8cba-49a769f33ef4 req-c6b24350-3aa4-4834-94f3-b2b23cab822b 7d811d46b06048dc8b551f9127a1f3f9 31a9140917a44ab8aea403ca45ecd12e - - 25d29ca8d90e466ca464a71debf3088a 25d29ca8d90e466ca464a71debf3088a] 162.253.55.34 "GET /v2.0/networks/726965a0-3b61-455d-8361-265fc62d5086?fields=provider%3Aphysical_network&fields=provider%3Anetwork_type HTTP/1.1" status: 200 len: 277 time: 0.0978034
2026-09-07 19:33:10.250 10 INFO neutron.wsgi [req-80ecb75d-f20c-4f48-9b8c-593c6b99e83e req-651bf8e1-4696-40d9-bf71-8f759a47ca19 0121c0e5c66042ac963033dc7df1e44c a90a0868c90a485ea9c8fa4b2c064272 - - default default] 10.0.0.1 "GET /v2.0/ports?device_id=840e4966-5e16-479b-9c06-f1836dd3f792 HTTP/1.1" status: 200 len: 1156 time: 0.0372529
2026-09-07 19:33:10.301 10 INFO neutron.wsgi [req-80ecb75d-f20c-4f48-9b8c-593c6b99e83e req-63789ea6-6591-4c69-8b05-612dfeb74d57 0121c0e5c66042ac963033dc7df1e44c a90a0868c90a485ea9c8fa4b2c064272 - - default default] 10.0.0.1 "GET /v2.0/security-groups?id=9122c7b4-b306-4798-965a-ac36c5ce6113&fields=id&fields=name HTTP/1.1" status: 200 len: 313 time: 0.0431826
2026-09-07 19:33:10.560 10 INFO neutron.db.ovn_revision_numbers_db [req-0f1bf4a0-678a-4746-b3e9-8457cdf1ae38 req-7435182f-f043-4548-8e48-392a44fa46b2 7d811d46b06048dc8b551f9127a1f3f9 31a9140917a44ab8aea403ca45ecd12e - - 25d29ca8d90e466ca464a71debf3088a 25d29ca8d90e466ca464a71debf3088a] Successfully bumped revision number for resource 1f45697c-9a52-4626-ac83-a1877259028a (type: ports) to 2 /var/lib/openstack/lib/python3.10/site-packages/pycadf/identifier.py:71: UserWarning: Invalid uuid: neutron. To ensure interoperability, identifiers should be a valid uuid. warnings.warn(('Invalid uuid: %s. To ensure interoperability, '
2026-09-07 19:33:10.593 10 INFO neutron.wsgi [req-c83f3f3b-6f1f-40b9-9c77-c193d9ffaa03 req-8c770474-6980-40e9-8675-f257bf99825b d0573fa83e3c4236ac027025d469bcb9 cf7b41e437514dd7b04cfc8894536b54 - - default default] 10.0.0.1 "GET /v2.0/ports?device_id=57a842dd-63a8-4d69-9b97-3c8abb8c6721 HTTP/1.1" status: 200 len: 1168 time: 0.0320804
2026-09-07 19:33:10.644 10 INFO neutron.wsgi [req-c83f3f3b-6f1f-40b9-9c77-c193d9ffaa03 req-ebd6f0f8-6e4f-485b-bf7a-eb44a066cd3b d0573fa83e3c4236ac027025d469bcb9 cf7b41e437514dd7b04cfc8894536b54 - - default default] 10.0.0.1 "GET /v2.0/security-groups?id=f1d9f6e7-ce9c-4112-80aa-ae4b4f06ecab&fields=id&fields=name HTTP/1.1" status: 200 len: 313 time: 0.0419972
2026-09-07 19:33:10.847 10 INFO neutron.db.ovn_revision_numbers_db [req-0f1bf4a0-678a-4746-b3e9-8457cdf1ae38 req-7435182f-f043-4548-8e48-392a44fa46b2 7d811d46b06048dc8b551f9127a1f3f9 31a9140917a44ab8aea403ca45ecd12e - - 25d29ca8d90e466ca464a71debf3088a 25d29ca8d90e466ca464a71debf3088a] Successfully bumped revision number for resource 1f45697c-9a52-4626-ac83-a1877259028a (type: ports) to 2
2026-09-07 19:33:10.861 10 INFO neutron.wsgi [req-0f1bf4a0-678a-4746-b3e9-8457cdf1ae38 req-7435182f-f043-4548-8e48-392a44fa46b2 7d811d46b06048dc8b551f9127a1f3f9 31a9140917a44ab8aea403ca45ecd12e - - 25d29ca8d90e466ca464a71debf3088a 25d29ca8d90e466ca464a71debf3088a] 162.253.55.34 "PUT /v2.0/ports/1f45697c-9a52-4626-ac83-a1877259028a HTTP/1.1" status: 200 len: 1376 time: 0.6897128 /var/lib/openstack/lib/python3.10/site-packages/pycadf/identifier.py:71: UserWarning: Invalid uuid: neutron. To ensure interoperability, identifiers should be a valid uuid. warnings.warn(('Invalid uuid: %s. To ensure interoperability, '
2026-09-07 19:33:10.927 10 INFO neutron.wsgi [req-0f1bf4a0-678a-4746-b3e9-8457cdf1ae38 req-55dc6d4c-71ef-44ac-8f9d-5911bfc05512 7d811d46b06048dc8b551f9127a1f3f9 31a9140917a44ab8aea403ca45ecd12e - - 25d29ca8d90e466ca464a71debf3088a 25d29ca8d90e466ca464a71debf3088a] 162.253.55.34 "GET /v2.0/ports?tenant_id=a90a0868c90a485ea9c8fa4b2c064272&device_id=840e4966-5e16-479b-9c06-f1836dd3f792 HTTP/1.1" status: 200 len: 1407 time: 0.0282507
2026-09-07 19:33:10.960 10 INFO neutron.wsgi [req-0f1bf4a0-678a-4746-b3e9-8457cdf1ae38 req-dcd97160-1a12-4b31-8a7a-5645cee5342b 7d811d46b06048dc8b551f9127a1f3f9 31a9140917a44ab8aea403ca45ecd12e - - 25d29ca8d90e466ca464a71debf3088a 25d29ca8d90e466ca464a71debf3088a] 162.253.55.34 "GET /v2.0/floatingips?fixed_ip_address=10.100.0.4&port_id=1f45697c-9a52-4626-ac83-a1877259028a HTTP/1.1" status: 200 len: 217 time: 0.0210900
2026-09-07 19:33:11.004 10 INFO neutron.wsgi [req-0f1bf4a0-678a-4746-b3e9-8457cdf1ae38 req-dd002dc0-4fb1-4194-8754-741a8fe0ab46 7d811d46b06048dc8b551f9127a1f3f9 31a9140917a44ab8aea403ca45ecd12e - - 25d29ca8d90e466ca464a71debf3088a 25d29ca8d90e466ca464a71debf3088a] 162.253.55.34 "GET /v2.0/subnets?id=a19572de-593a-435a-b529-69f23b3f9b29 HTTP/1.1" status: 200 len: 872 time: 0.0376401
2026-09-07 19:33:11.035 10 INFO neutron.wsgi [req-0f1bf4a0-678a-4746-b3e9-8457cdf1ae38 req-3069989e-6827-4382-b3c2-e9f97d5dcd25 7d811d46b06048dc8b551f9127a1f3f9 31a9140917a44ab8aea403ca45ecd12e - - 25d29ca8d90e466ca464a71debf3088a 25d29ca8d90e466ca464a71debf3088a] 162.253.55.34 "GET /v2.0/ports?network_id=362be5db-7e91-46a4-a00d-f695d7830fad&device_owner=network%3Adhcp HTTP/1.1" status: 200 len: 210 time: 0.0237539
2026-09-07 19:33:11.112 10 INFO neutron.wsgi [req-0f1bf4a0-678a-4746-b3e9-8457cdf1ae38 req-279650fd-3f03-4b3e-a637-090def54a32d 7d811d46b06048dc8b551f9127a1f3f9 31a9140917a44ab8aea403ca45ecd12e - - 25d29ca8d90e466ca464a71debf3088a 25d29ca8d90e466ca464a71debf3088a] 162.253.55.34 "GET /v2.0/networks/362be5db-7e91-46a4-a00d-f695d7830fad?fields=segments HTTP/1.1" status: 200 len: 212 time: 0.0686207
2026-09-07 19:33:11.230 10 INFO neutron.wsgi [req-0f1bf4a0-678a-4746-b3e9-8457cdf1ae38 req-ee5123be-5fde-44e0-bdff-f4a4a9b2f296 7d811d46b06048dc8b551f9127a1f3f9 31a9140917a44ab8aea403ca45ecd12e - - 25d29ca8d90e466ca464a71debf3088a 25d29ca8d90e466ca464a71debf3088a] 162.253.55.34 "GET /v2.0/networks/362be5db-7e91-46a4-a00d-f695d7830fad?fields=provider%3Aphysical_network&fields=provider%3Anetwork_type HTTP/1.1" status: 200 len: 277 time: 0.0951314
2026-09-07 19:33:11.444 10 INFO neutron.wsgi [req-f27cb9c2-7c4b-4494-b043-3b213d6f2dca req-5d64d03f-684f-4e41-9a08-fc70452e7508 0121c0e5c66042ac963033dc7df1e44c a90a0868c90a485ea9c8fa4b2c064272 - - default default] 10.0.0.1 "GET /v2.0/ports?device_id=840e4966-5e16-479b-9c06-f1836dd3f792 HTTP/1.1" status: 200 len: 1168 time: 0.0507870
2026-09-07 19:33:11.480 10 INFO neutron.notifiers.nova [-] Nova event matching ['req-b9dbbced-b102-45b9-a60d-8c30a85e7ba2'] response: {'name': 'network-changed', 'server_uuid': '840e4966-5e16-479b-9c06-f1836dd3f792', 'tag': '1f45697c-9a52-4626-ac83-a1877259028a', 'status': 'completed', 'code': 200}
2026-09-07 19:33:11.500 10 INFO neutron.wsgi [req-f27cb9c2-7c4b-4494-b043-3b213d6f2dca req-d7a3b93b-78e8-44f3-a644-f1aa9effb768 0121c0e5c66042ac963033dc7df1e44c a90a0868c90a485ea9c8fa4b2c064272 - - default default] 10.0.0.1 "GET /v2.0/security-groups?id=9122c7b4-b306-4798-965a-ac36c5ce6113&fields=id&fields=name HTTP/1.1" status: 200 len: 313 time: 0.0469434
2026-09-07 19:33:11.534 10 INFO neutron.wsgi [req-d7fe1b9e-622b-4ec0-95fb-45549afc1e2e req-a8ed503b-3258-483b-9d62-0f2dc431cd77 7d811d46b06048dc8b551f9127a1f3f9 31a9140917a44ab8aea403ca45ecd12e - - 25d29ca8d90e466ca464a71debf3088a 25d29ca8d90e466ca464a71debf3088a] 162.253.55.34 "GET /v2.0/ports?tenant_id=a90a0868c90a485ea9c8fa4b2c064272&device_id=840e4966-5e16-479b-9c06-f1836dd3f792 HTTP/1.1" status: 200 len: 1407 time: 0.0330207
2026-09-07 19:33:11.593 10 INFO neutron.wsgi [req-d7fe1b9e-622b-4ec0-95fb-45549afc1e2e req-dfaee2cf-e882-413d-bc69-c40144ca5ed2 7d811d46b06048dc8b551f9127a1f3f9 31a9140917a44ab8aea403ca45ecd12e - - 25d29ca8d90e466ca464a71debf3088a 25d29ca8d90e466ca464a71debf3088a] 162.253.55.34 "GET /v2.0/networks?id=362be5db-7e91-46a4-a00d-f695d7830fad HTTP/1.1" status: 200 len: 977 time: 0.0564375
2026-09-07 19:33:11.615 10 INFO neutron.wsgi [req-d7fe1b9e-622b-4ec0-95fb-45549afc1e2e req-daebfedc-1894-4a7a-8297-50f8e554f40c 7d811d46b06048dc8b551f9127a1f3f9 31a9140917a44ab8aea403ca45ecd12e - - 25d29ca8d90e466ca464a71debf3088a 25d29ca8d90e466ca464a71debf3088a] 162.253.55.34 "GET /v2.0/floatingips?fixed_ip_address=10.100.0.4&port_id=1f45697c-9a52-4626-ac83-a1877259028a HTTP/1.1" status: 200 len: 217 time: 0.0178182
2026-09-07 19:33:11.645 10 INFO neutron.wsgi [req-d7fe1b9e-622b-4ec0-95fb-45549afc1e2e req-06ba7f54-7762-4e60-b19c-1025fb5dd060 7d811d46b06048dc8b551f9127a1f3f9 31a9140917a44ab8aea403ca45ecd12e - - 25d29ca8d90e466ca464a71debf3088a 25d29ca8d90e466ca464a71debf3088a] 162.253.55.34 "GET /v2.0/subnets?id=a19572de-593a-435a-b529-69f23b3f9b29 HTTP/1.1" status: 200 len: 872 time: 0.0267284
2026-09-07 19:33:11.667 10 INFO neutron.wsgi [req-d7fe1b9e-622b-4ec0-95fb-45549afc1e2e req-a6e9b234-a96f-4ad5-aa10-4fb09c201357 7d811d46b06048dc8b551f9127a1f3f9 31a9140917a44ab8aea403ca45ecd12e - - 25d29ca8d90e466ca464a71debf3088a 25d29ca8d90e466ca464a71debf3088a] 162.253.55.34 "GET /v2.0/ports?network_id=362be5db-7e91-46a4-a00d-f695d7830fad&device_owner=network%3Adhcp HTTP/1.1" status: 200 len: 210 time: 0.0185397
2026-09-07 19:33:11.766 10 INFO neutron.wsgi [req-d7fe1b9e-622b-4ec0-95fb-45549afc1e2e req-73fef18e-8878-481f-9adb-bbda8a0ab0bf 7d811d46b06048dc8b551f9127a1f3f9 31a9140917a44ab8aea403ca45ecd12e - - 25d29ca8d90e466ca464a71debf3088a 25d29ca8d90e466ca464a71debf3088a] 162.253.55.34 "GET /v2.0/networks/362be5db-7e91-46a4-a00d-f695d7830fad?fields=segments HTTP/1.1" status: 200 len: 212 time: 0.0951433
2026-09-07 19:33:11.825 10 INFO neutron.wsgi [req-d3de0d16-a424-483d-a437-cc7d2affb1a3 req-11f232b7-b72b-45b7-8ed9-1649e1f19a74 d0573fa83e3c4236ac027025d469bcb9 cf7b41e437514dd7b04cfc8894536b54 - - default default] 10.0.0.1 "GET /v2.0/ports?device_id=57a842dd-63a8-4d69-9b97-3c8abb8c6721 HTTP/1.1" status: 200 len: 1168 time: 0.0583687
2026-09-07 19:33:11.861 10 INFO neutron.wsgi [req-d7fe1b9e-622b-4ec0-95fb-45549afc1e2e req-1bc0c2fd-a39d-4150-b6db-2e3579cc8310 7d811d46b06048dc8b551f9127a1f3f9 31a9140917a44ab8aea403ca45ecd12e - - 25d29ca8d90e466ca464a71debf3088a 25d29ca8d90e466ca464a71debf3088a] 162.253.55.34 "GET /v2.0/networks/362be5db-7e91-46a4-a00d-f695d7830fad?fields=provider%3Aphysical_network&fields=provider%3Anetwork_type HTTP/1.1" status: 200 len: 277 time: 0.0872927
2026-09-07 19:33:11.871 10 INFO neutron.wsgi [req-d3de0d16-a424-483d-a437-cc7d2affb1a3 req-23b03bf2-64e4-442e-94f1-377518adbab6 d0573fa83e3c4236ac027025d469bcb9 cf7b41e437514dd7b04cfc8894536b54 - - default default] 10.0.0.1 "GET /v2.0/security-groups?id=f1d9f6e7-ce9c-4112-80aa-ae4b4f06ecab&fields=id&fields=name HTTP/1.1" status: 200 len: 313 time: 0.0401697
2026-09-07 19:33:12.075 10 INFO neutron.plugins.ml2.drivers.ovn.mech_driver.mech_driver [None req-f9070b68-23b0-41f8-bf80-edfe70a9405c - - - - - -] OVN reports status up for port: fe69d8cb-73d1-4d62-9b48-ec5efbdac1ac
2026-09-07 19:33:12.092 10 INFO neutron.plugins.ml2.plugin [None req-f9070b68-23b0-41f8-bf80-edfe70a9405c - - - - - -] Attempt 1 to provision port fe69d8cb-73d1-4d62-9b48-ec5efbdac1ac
2026-09-07 19:33:12.205 9 WARNING keystonemiddleware.audit [None req-86521df8-74f3-4817-a2dc-325f44bd073f - - - - - -] Skipping service tempest-service-1009056272 as it have no endpoints.
2026-09-07 19:33:12.339 10 INFO neutron.db.ovn_revision_numbers_db [None req-f9070b68-23b0-41f8-bf80-edfe70a9405c - - - - - -] Successfully bumped revision number for resource fe69d8cb-73d1-4d62-9b48-ec5efbdac1ac (type: ports) to 4
2026-09-07 19:33:12.386 10 INFO neutron.plugins.ml2.drivers.ovn.mech_driver.mech_driver [None req-f9070b68-23b0-41f8-bf80-edfe70a9405c - - - - - -] OVN reports status up for port: 1f45697c-9a52-4626-ac83-a1877259028a
