2026-09-07 19:33:22.476 10 INFO neutron.wsgi [req-2aec4a8f-6ec7-45c6-95e7-f50c7d716625 req-325d40e9-5a0a-410b-9116-0c5d3316eb71 59aabf33d07b473aabdbf688419e7bba 5070c3a8ffb24128acca712e16659b18 - - default default] 10.0.0.1 "GET /v2.0/security-groups?name=tempest-securitygroup--2092994012&fields=id&tenant_id=5070c3a8ffb24128acca712e16659b18 HTTP/1.1" status: 200 len: 267 time: 0.0762146
2026-09-07 19:33:22.573 10 INFO neutron.wsgi [req-2aec4a8f-6ec7-45c6-95e7-f50c7d716625 req-02f47dbe-978f-4710-9d82-df1c7ce8cdc2 59aabf33d07b473aabdbf688419e7bba 5070c3a8ffb24128acca712e16659b18 - - default default] 10.0.0.1 "GET /v2.0/networks?id=17f8acd4-14bb-4927-aab5-6faac622529b HTTP/1.1" status: 200 len: 883 time: 0.0856464
2026-09-07 19:33:22.600 10 INFO neutron.wsgi [req-2aec4a8f-6ec7-45c6-95e7-f50c7d716625 req-2e6bc00c-8f90-458a-8592-ce48c1a41dca 59aabf33d07b473aabdbf688419e7bba 5070c3a8ffb24128acca712e16659b18 - - default default] 10.0.0.1 "GET /v2.0/quotas/5070c3a8ffb24128acca712e16659b18 HTTP/1.1" status: 200 len: 386 time: 0.0182478
2026-09-07 19:33:22.638 10 INFO neutron.wsgi [None req-43189afe-c75d-4345-9e45-44cbbc964f3a abd2d3e2a7644e85af965d63bd0868a6 b5a920c831ab477e8569fcfb39c1e131 - - default default] 10.0.0.35 "GET /v2.0/security-groups?tenant_id=a90a0868c90a485ea9c8fa4b2c064272&name=default HTTP/1.1" status: 200 len: 2992 time: 0.0475271
2026-09-07 19:33:22.710 9 INFO neutron.db.ovn_revision_numbers_db [None req-530b5ee6-3426-4c3d-b8e1-7671900a56a2 abd2d3e2a7644e85af965d63bd0868a6 b5a920c831ab477e8569fcfb39c1e131 - - default default] Successfully bumped revision number for resource 35faa803-c315-4278-b9bc-eecf005b51ee (type: security_groups) to 1
2026-09-07 19:33:22.739 9 INFO neutron.db.ovn_revision_numbers_db [None req-530b5ee6-3426-4c3d-b8e1-7671900a56a2 abd2d3e2a7644e85af965d63bd0868a6 b5a920c831ab477e8569fcfb39c1e131 - - default default] Successfully bumped revision number for resource 0a5558f2-4309-4e04-b815-f9ec03907584 (type: security_group_rules) to 0
2026-09-07 19:33:22.783 9 INFO neutron.db.ovn_revision_numbers_db [None req-530b5ee6-3426-4c3d-b8e1-7671900a56a2 abd2d3e2a7644e85af965d63bd0868a6 b5a920c831ab477e8569fcfb39c1e131 - - default default] Successfully bumped revision number for resource 0cd0f9f5-a217-4688-9607-00315f0b121f (type: security_group_rules) to 0
2026-09-07 19:33:22.838 9 INFO neutron.db.ovn_revision_numbers_db [None req-530b5ee6-3426-4c3d-b8e1-7671900a56a2 abd2d3e2a7644e85af965d63bd0868a6 b5a920c831ab477e8569fcfb39c1e131 - - default default] Successfully bumped revision number for resource 18e6b2df-5d44-4ddd-b24d-af2001e36491 (type: security_group_rules) to 0
2026-09-07 19:33:22.857 9 INFO neutron.db.ovn_revision_numbers_db [None req-530b5ee6-3426-4c3d-b8e1-7671900a56a2 abd2d3e2a7644e85af965d63bd0868a6 b5a920c831ab477e8569fcfb39c1e131 - - default default] Successfully bumped revision number for resource 8bab69a6-4cef-4c2a-a3bf-142e32200507 (type: security_group_rules) to 0
2026-09-07 19:33:22.862 9 INFO neutron.wsgi [None req-04f44569-926e-4da1-aa52-640ae39e5814 abd2d3e2a7644e85af965d63bd0868a6 b5a920c831ab477e8569fcfb39c1e131 - - default default] 10.0.0.35 "DELETE /v2.0/routers/b635d5b5-76f5-4b04-9c8e-e23a381406a6 HTTP/1.1" status: 204 len: 168 time: 0.7191832
2026-09-07 19:33:22.879 9 INFO neutron.wsgi [None req-530b5ee6-3426-4c3d-b8e1-7671900a56a2 abd2d3e2a7644e85af965d63bd0868a6 b5a920c831ab477e8569fcfb39c1e131 - - default default] 10.0.0.35 "GET /v2.0/security-groups?tenant_id=5ac94760289a4196a2b64dd63b506f37&name=default HTTP/1.1" status: 200 len: 2996 time: 0.6159549
2026-09-07 19:33:23.049 10 INFO neutron.wsgi [req-2aec4a8f-6ec7-45c6-95e7-f50c7d716625 req-a764a017-34f1-4bfd-a520-372ed33e01f8 59aabf33d07b473aabdbf688419e7bba 5070c3a8ffb24128acca712e16659b18 - - default default] 10.0.0.1 "GET /v2.0/ports?tenant_id=5070c3a8ffb24128acca712e16659b18&fields=id HTTP/1.1" status: 200 len: 302 time: 0.4389181
2026-09-07 19:33:23.115 9 INFO neutron.wsgi [None req-b5278034-fb65-41cb-aa40-2b4d663eb5d9 abd2d3e2a7644e85af965d63bd0868a6 b5a920c831ab477e8569fcfb39c1e131 - - default default] 10.0.0.35 "DELETE /v2.0/subnets/34c53a96-c40e-4a81-9d1a-301ba6f7dc12 HTTP/1.1" status: 204 len: 168 time: 0.2328701
2026-09-07 19:33:23.124 10 INFO neutron.services.segments.plugin [-] Segment 7a84304c-6e6a-4388-b042-01a69a8aa942 resource provider aggregate not found
2026-09-07 19:33:23.138 10 INFO neutron.wsgi [req-2aec4a8f-6ec7-45c6-95e7-f50c7d716625 req-52bf3f0f-1026-4f3d-a1b3-87f66c7ad7d8 7d811d46b06048dc8b551f9127a1f3f9 31a9140917a44ab8aea403ca45ecd12e - - 25d29ca8d90e466ca464a71debf3088a 25d29ca8d90e466ca464a71debf3088a] 10.0.0.1 "GET /v2.0/networks/17f8acd4-14bb-4927-aab5-6faac622529b?fields=segments HTTP/1.1" status: 200 len: 212 time: 0.0740664
2026-09-07 19:33:23.139 10 INFO neutron.services.segments.plugin [-] Segment 7a84304c-6e6a-4388-b042-01a69a8aa942 resource provider not found; error: Placement Client Error (4xx): {"errors": [{"status": 404, "title": "Not Found", "detail": "The resource could not be found.\n\n No resource provider with uuid 7a84304c-6e6a-4388-b042-01a69a8aa942 found for delete ", "request_id": "req-27cdd226-6dd9-4738-ae0f-b6d906e477ae"}]}
2026-09-07 19:33:23.148 10 INFO neutron.services.segments.plugin [-] Segment 7a84304c-6e6a-4388-b042-01a69a8aa942 resource provider aggregate not found
2026-09-07 19:33:23.161 10 INFO neutron.services.segments.plugin [-] Segment 7a84304c-6e6a-4388-b042-01a69a8aa942 resource provider not found; error: Placement Client Error (4xx): {"errors": [{"status": 404, "title": "Not Found", "detail": "The resource could not be found.\n\n No resource provider with uuid 7a84304c-6e6a-4388-b042-01a69a8aa942 found for delete ", "request_id": "req-b408218e-3a81-4af0-8a08-a82df4461bf8"}]}
2026-09-07 19:33:23.170 9 INFO neutron.wsgi [None req-a6d31cf6-d6bc-41ab-a23a-87fbd18f5f50 abd2d3e2a7644e85af965d63bd0868a6 b5a920c831ab477e8569fcfb39c1e131 - - default default] 10.0.0.35 "DELETE /v2.0/security-groups/35faa803-c315-4278-b9bc-eecf005b51ee HTTP/1.1" status: 204 len: 168 time: 0.2781188
2026-09-07 19:33:23.216 10 INFO neutron.wsgi [req-2aec4a8f-6ec7-45c6-95e7-f50c7d716625 req-e03ef04c-4aae-4b94-955c-ca0712e2e62d 7d811d46b06048dc8b551f9127a1f3f9 31a9140917a44ab8aea403ca45ecd12e - - 25d29ca8d90e466ca464a71debf3088a 25d29ca8d90e466ca464a71debf3088a] 10.0.0.1 "GET /v2.0/networks/17f8acd4-14bb-4927-aab5-6faac622529b?fields=provider%3Aphysical_network&fields=provider%3Anetwork_type HTTP/1.1" status: 200 len: 277 time: 0.0696118
2026-09-07 19:33:23.272 10 INFO neutron.wsgi [None req-948b68a1-fd23-4270-ad92-35668ada246d abd2d3e2a7644e85af965d63bd0868a6 b5a920c831ab477e8569fcfb39c1e131 - - default default] 10.0.0.35 "DELETE /v2.0/security-groups/f618d126-b238-474e-9a70-a7996984f823 HTTP/1.1" status: 204 len: 168 time: 0.6275032
2026-09-07 19:33:23.396 10 INFO neutron.wsgi [req-40c4ae8d-29f9-4023-b285-4cbf1a2ef19d req-ec4c6509-52f2-4fa3-ac7e-5122ccc14959 59aabf33d07b473aabdbf688419e7bba 5070c3a8ffb24128acca712e16659b18 - - default default] 10.0.0.1 "GET /v2.0/ports?device_id=3142d076-8512-48bd-b3ae-5ae6deab1327 HTTP/1.1" status: 200 len: 210 time: 0.0332756
2026-09-07 19:33:23.442 9 INFO neutron.services.segments.plugin [-] Segment 0086d8ec-37d1-4fc6-8ee7-91e947b5a1b7 resource provider aggregate not found
2026-09-07 19:33:23.447 9 INFO neutron.services.segments.plugin [-] Segment 0086d8ec-37d1-4fc6-8ee7-91e947b5a1b7 resource provider aggregate not found
2026-09-07 19:33:23.455 9 INFO neutron.services.segments.plugin [-] Segment 0086d8ec-37d1-4fc6-8ee7-91e947b5a1b7 resource provider not found; error: Placement Client Error (4xx): {"errors": [{"status": 404, "title": "Not Found", "detail": "The resource could not be found.\n\n No resource provider with uuid 0086d8ec-37d1-4fc6-8ee7-91e947b5a1b7 found for delete ", "request_id": "req-f7cff62f-cb77-4abc-8d6a-ac5f3c228a27"}]}
2026-09-07 19:33:23.462 9 INFO neutron.services.segments.plugin [-] Segment 0086d8ec-37d1-4fc6-8ee7-91e947b5a1b7 resource provider not found; error: Placement Client Error (4xx): {"errors": [{"status": 404, "title": "Not Found", "detail": "The resource could not be found.\n\n No resource provider with uuid 0086d8ec-37d1-4fc6-8ee7-91e947b5a1b7 found for delete ", "request_id": "req-2f75f353-e4a3-469a-bece-d6d3a1f80a1f"}]}
2026-09-07 19:33:23.489 9 INFO neutron.wsgi [None req-83254eeb-2d87-4e35-9fc9-12c42fbc3412 abd2d3e2a7644e85af965d63bd0868a6 b5a920c831ab477e8569fcfb39c1e131 - - default default] 10.0.0.35 "DELETE /v2.0/networks/726965a0-3b61-455d-8361-265fc62d5086 HTTP/1.1" status: 204 len: 168 time: 0.3680499
2026-09-07 19:33:23.530 9 INFO neutron.db.ovn_revision_numbers_db [None req-9d70a618-05bf-498a-a7f8-228a97dbf09d abd2d3e2a7644e85af965d63bd0868a6 b5a920c831ab477e8569fcfb39c1e131 - - default default] Successfully bumped revision number for resource 051d92b7-1a64-4c28-ad5e-7787feb594ca (type: security_groups) to 1
2026-09-07 19:33:23.543 9 INFO neutron.db.ovn_revision_numbers_db [None req-9d70a618-05bf-498a-a7f8-228a97dbf09d abd2d3e2a7644e85af965d63bd0868a6 b5a920c831ab477e8569fcfb39c1e131 - - default default] Successfully bumped revision number for resource 1dac9929-a5e2-46b1-a8ac-d52730a252e6 (type: security_group_rules) to 0
2026-09-07 19:33:23.552 9 INFO neutron.db.ovn_revision_numbers_db [None req-9d70a618-05bf-498a-a7f8-228a97dbf09d abd2d3e2a7644e85af965d63bd0868a6 b5a920c831ab477e8569fcfb39c1e131 - - default default] Successfully bumped revision number for resource 22cbf9f2-d0cb-4134-b3a9-f90b438d002e (type: security_group_rules) to 0
2026-09-07 19:33:23.570 9 INFO neutron.db.ovn_revision_numbers_db [None req-9d70a618-05bf-498a-a7f8-228a97dbf09d abd2d3e2a7644e85af965d63bd0868a6 b5a920c831ab477e8569fcfb39c1e131 - - default default] Successfully bumped revision number for resource 25c51e3e-ce96-435f-8c57-1e1e98f8f7be (type: security_group_rules) to 0
2026-09-07 19:33:23.583 9 INFO neutron.db.ovn_revision_numbers_db [None req-9d70a618-05bf-498a-a7f8-228a97dbf09d abd2d3e2a7644e85af965d63bd0868a6 b5a920c831ab477e8569fcfb39c1e131 - - default default] Successfully bumped revision number for resource b67e30fa-8a39-46e6-ac1c-364e91473b11 (type: security_group_rules) to 0
2026-09-07 19:33:23.601 9 INFO neutron.wsgi [None req-9d70a618-05bf-498a-a7f8-228a97dbf09d abd2d3e2a7644e85af965d63bd0868a6 b5a920c831ab477e8569fcfb39c1e131 - - default default] 10.0.0.35 "GET /v2.0/security-groups?tenant_id=c8dadd30444f43d2be587993694bc4ea&name=default HTTP/1.1" status: 200 len: 2996 time: 0.2223535
2026-09-07 19:33:23.658 9 INFO neutron.wsgi [None req-e94683f3-a69f-4ebe-a45c-9c9a0e565a3d abd2d3e2a7644e85af965d63bd0868a6 b5a920c831ab477e8569fcfb39c1e131 - - default default] 10.0.0.35 "GET /v2.0/security-groups?tenant_id=cf7b41e437514dd7b04cfc8894536b54&name=default HTTP/1.1" status: 200 len: 2992 time: 0.0327964
2026-09-07 19:33:23.853 9 INFO neutron.wsgi [None req-796c1883-300c-48b6-919e-2b3760fd7fff abd2d3e2a7644e85af965d63bd0868a6 b5a920c831ab477e8569fcfb39c1e131 - - default default] 10.0.0.35 "DELETE /v2.0/security-groups/051d92b7-1a64-4c28-ad5e-7787feb594ca HTTP/1.1" status: 204 len: 168 time: 0.2455194
2026-09-07 19:33:23.968 10 INFO neutron.wsgi [None req-e1032c5b-eee1-4fb5-b39c-c374008c7e5e abd2d3e2a7644e85af965d63bd0868a6 b5a920c831ab477e8569fcfb39c1e131 - - default default] 10.0.0.35 "DELETE /v2.0/security-groups/00664e26-ebac-460e-840c-c5611523928d HTTP/1.1" status: 204 len: 168 time: 0.3022423
2026-09-07 19:33:24.218 10 INFO neutron.wsgi [req-2aec4a8f-6ec7-45c6-95e7-f50c7d716625 req-799a482c-aa5c-4573-bb56-0f4a5e1138c7 59aabf33d07b473aabdbf688419e7bba 5070c3a8ffb24128acca712e16659b18 - - default default] 162.253.55.34 "GET /v2.0/networks?id=17f8acd4-14bb-4927-aab5-6faac622529b HTTP/1.1" status: 200 len: 883 time: 0.0857198
2026-09-07 19:33:24.266 10 INFO neutron.wsgi [req-2aec4a8f-6ec7-45c6-95e7-f50c7d716625 req-b36a1023-65dc-4666-bdfa-21bbdfecac91 59aabf33d07b473aabdbf688419e7bba 5070c3a8ffb24128acca712e16659b18 - - default default] 162.253.55.34 "GET /v2.0/security-groups?fields=id&fields=name&tenant_id=5070c3a8ffb24128acca712e16659b18 HTTP/1.1" status: 200 len: 380 time: 0.0417905
2026-09-07 19:33:24.505 10 INFO neutron.wsgi [req-0fa77aef-b820-49d4-bd87-6b8d59dfbee8 req-285ef9c7-5938-4e94-926a-a99318ceff43 59aabf33d07b473aabdbf688419e7bba 5070c3a8ffb24128acca712e16659b18 - - default default] 10.0.0.1 "GET /v2.0/ports?device_id=3142d076-8512-48bd-b3ae-5ae6deab1327 HTTP/1.1" status: 200 len: 210 time: 0.0387926
2026-09-07 19:33:24.802 10 WARNING neutron.scheduler.dhcp_agent_scheduler [req-2aec4a8f-6ec7-45c6-95e7-f50c7d716625 req-20a855c2-2c2d-4fd4-a590-8eee59793ae3 59aabf33d07b473aabdbf688419e7bba 5070c3a8ffb24128acca712e16659b18 - - default default] No more DHCP agents
2026-09-07 19:33:24.804 10 WARNING neutron.api.rpc.agentnotifiers.dhcp_rpc_agent_api [req-2aec4a8f-6ec7-45c6-95e7-f50c7d716625 req-20a855c2-2c2d-4fd4-a590-8eee59793ae3 59aabf33d07b473aabdbf688419e7bba 5070c3a8ffb24128acca712e16659b18 - - default default] Unable to schedule network 17f8acd4-14bb-4927-aab5-6faac622529b: no agents available; will retry on subsequent port and subnet creation events.
2026-09-07 19:33:24.949 10 INFO neutron.db.ovn_revision_numbers_db [req-2aec4a8f-6ec7-45c6-95e7-f50c7d716625 req-20a855c2-2c2d-4fd4-a590-8eee59793ae3 59aabf33d07b473aabdbf688419e7bba 5070c3a8ffb24128acca712e16659b18 - - default default] Successfully bumped revision number for resource 3e658654-3ee9-45b8-bc7e-36958e72ef3c (type: ports) to 1
2026-09-07 19:33:24.968 10 INFO neutron.wsgi [req-2aec4a8f-6ec7-45c6-95e7-f50c7d716625 req-20a855c2-2c2d-4fd4-a590-8eee59793ae3 59aabf33d07b473aabdbf688419e7bba 5070c3a8ffb24128acca712e16659b18 - - default default] 162.253.55.34 "POST /v2.0/ports HTTP/1.1" status: 201 len: 1162 time: 0.4873285 /var/lib/openstack/lib/python3.10/site-packages/pycadf/identifier.py:71: UserWarning: Invalid uuid: neutron. To ensure interoperability, identifiers should be a valid uuid. warnings.warn(('Invalid uuid: %s. To ensure interoperability, '
2026-09-07 19:33:25.336 10 INFO neutron.db.ovn_revision_numbers_db [req-2aec4a8f-6ec7-45c6-95e7-f50c7d716625 req-26db8404-cb85-4977-858c-bd6e1db829a9 7d811d46b06048dc8b551f9127a1f3f9 31a9140917a44ab8aea403ca45ecd12e - - 25d29ca8d90e466ca464a71debf3088a 25d29ca8d90e466ca464a71debf3088a] Successfully bumped revision number for resource 3e658654-3ee9-45b8-bc7e-36958e72ef3c (type: ports) to 2
2026-09-07 19:33:25.431 9 WARNING neutron.plugins.ml2.drivers.ovn.mech_driver.ovsdb.ovn_client [None req-a1a9e32f-5372-41c5-847d-33ef8807686b - - - - - -] No hosting information found for port 1e744b3a-27fd-4910-9002-d6d250aa3b83: RuntimeError: No hosting information found for port 1e744b3a-27fd-4910-9002-d6d250aa3b83 /var/lib/openstack/lib/python3.10/site-packages/pycadf/identifier.py:71: UserWarning: Invalid uuid: neutron. To ensure interoperability, identifiers should be a valid uuid. warnings.warn(('Invalid uuid: %s. To ensure interoperability, '
2026-09-07 19:33:25.521 10 INFO neutron.db.ovn_revision_numbers_db [req-2aec4a8f-6ec7-45c6-95e7-f50c7d716625 req-26db8404-cb85-4977-858c-bd6e1db829a9 7d811d46b06048dc8b551f9127a1f3f9 31a9140917a44ab8aea403ca45ecd12e - - 25d29ca8d90e466ca464a71debf3088a 25d29ca8d90e466ca464a71debf3088a] Successfully bumped revision number for resource 3e658654-3ee9-45b8-bc7e-36958e72ef3c (type: ports) to 2
2026-09-07 19:33:25.539 10 INFO neutron.wsgi [req-2aec4a8f-6ec7-45c6-95e7-f50c7d716625 req-26db8404-cb85-4977-858c-bd6e1db829a9 7d811d46b06048dc8b551f9127a1f3f9 31a9140917a44ab8aea403ca45ecd12e - - 25d29ca8d90e466ca464a71debf3088a 25d29ca8d90e466ca464a71debf3088a] 162.253.55.34 "PUT /v2.0/ports/3e658654-3ee9-45b8-bc7e-36958e72ef3c HTTP/1.1" status: 200 len: 1380 time: 0.5630033
2026-09-07 19:33:25.587 10 INFO neutron.notifiers.nova [-] Nova event matching ['req-6939ac99-68fc-439e-93fb-354669fc4004'] response: {'name': 'network-changed', 'server_uuid': '3142d076-8512-48bd-b3ae-5ae6deab1327', 'tag': '3e658654-3ee9-45b8-bc7e-36958e72ef3c', 'status': 'completed', 'code': 200} /var/lib/openstack/lib/python3.10/site-packages/pycadf/identifier.py:71: UserWarning: Invalid uuid: neutron. To ensure interoperability, identifiers should be a valid uuid. warnings.warn(('Invalid uuid: %s. To ensure interoperability, '
2026-09-07 19:33:25.639 10 INFO neutron.wsgi [req-9ffe342d-9276-46be-9c9c-97b2c0dc22db req-1708486c-e9b0-409b-94a6-fa749bd6df71 59aabf33d07b473aabdbf688419e7bba 5070c3a8ffb24128acca712e16659b18 - - default default] 10.0.0.1 "GET /v2.0/ports?device_id=3142d076-8512-48bd-b3ae-5ae6deab1327 HTTP/1.1" status: 200 len: 1172 time: 0.0449131
2026-09-07 19:33:25.651 10 INFO neutron.wsgi [req-2aec4a8f-6ec7-45c6-95e7-f50c7d716625 req-2d1cb341-473b-4db7-a10e-c256dfc59905 7d811d46b06048dc8b551f9127a1f3f9 31a9140917a44ab8aea403ca45ecd12e - - 25d29ca8d90e466ca464a71debf3088a 25d29ca8d90e466ca464a71debf3088a] 162.253.55.34 "GET /v2.0/ports?tenant_id=5070c3a8ffb24128acca712e16659b18&device_id=3142d076-8512-48bd-b3ae-5ae6deab1327 HTTP/1.1" status: 200 len: 1411 time: 0.0542896
2026-09-07 19:33:25.683 10 INFO neutron.db.ovn_revision_numbers_db [None req-913eb883-4e24-4f1d-b4c7-0b81bf6f3b58 abd2d3e2a7644e85af965d63bd0868a6 b5a920c831ab477e8569fcfb39c1e131 - - default default] Successfully bumped revision number for resource b4c1a85a-653b-475e-9e81-fb7e90c56d11 (type: security_groups) to 1
2026-09-07 19:33:25.686 10 INFO neutron.wsgi [req-2aec4a8f-6ec7-45c6-95e7-f50c7d716625 req-5e0551b1-f3ca-412f-9f20-606ad055b068 7d811d46b06048dc8b551f9127a1f3f9 31a9140917a44ab8aea403ca45ecd12e - - 25d29ca8d90e466ca464a71debf3088a 25d29ca8d90e466ca464a71debf3088a] 162.253.55.34 "GET /v2.0/floatingips?fixed_ip_address=10.100.0.11&port_id=3e658654-3ee9-45b8-bc7e-36958e72ef3c HTTP/1.1" status: 200 len: 217 time: 0.0254960
2026-09-07 19:33:25.745 10 INFO neutron.wsgi [req-9ffe342d-9276-46be-9c9c-97b2c0dc22db req-1a06cbb5-72a4-4142-9e9a-a67419694c45 59aabf33d07b473aabdbf688419e7bba 5070c3a8ffb24128acca712e16659b18 - - default default] 10.0.0.1 "GET /v2.0/security-groups?id=ba6a73b9-929e-466d-9285-dac8c4a2abc4&fields=id&fields=name HTTP/1.1" status: 200 len: 313 time: 0.0976312
2026-09-07 19:33:25.747 10 INFO neutron.db.ovn_revision_numbers_db [None req-913eb883-4e24-4f1d-b4c7-0b81bf6f3b58 abd2d3e2a7644e85af965d63bd0868a6 b5a920c831ab477e8569fcfb39c1e131 - - default default] Successfully bumped revision number for resource 11290e3d-f321-4055-9857-070545549d68 (type: security_group_rules) to 0
2026-09-07 19:33:25.767 10 INFO neutron.wsgi [req-2aec4a8f-6ec7-45c6-95e7-f50c7d716625 req-08e88706-1bb2-4d6a-8aae-c915edecd5d0 7d811d46b06048dc8b551f9127a1f3f9 31a9140917a44ab8aea403ca45ecd12e - - 25d29ca8d90e466ca464a71debf3088a 25d29ca8d90e466ca464a71debf3088a] 162.253.55.34 "GET /v2.0/subnets?id=42225bd6-86f3-443d-9338-55e89b192260 HTTP/1.1" status: 200 len: 877 time: 0.0728183
2026-09-07 19:33:25.776 10 INFO neutron.db.ovn_revision_numbers_db [None req-913eb883-4e24-4f1d-b4c7-0b81bf6f3b58 abd2d3e2a7644e85af965d63bd0868a6 b5a920c831ab477e8569fcfb39c1e131 - - default default] Successfully bumped revision number for resource 34d3cb40-8076-4952-8aa8-5f62c8e5bd85 (type: security_group_rules) to 0
2026-09-07 19:33:25.804 10 INFO neutron.wsgi [req-2aec4a8f-6ec7-45c6-95e7-f50c7d716625 req-28100cac-ad93-4474-a672-48405e260f74 7d811d46b06048dc8b551f9127a1f3f9 31a9140917a44ab8aea403ca45ecd12e - - 25d29ca8d90e466ca464a71debf3088a 25d29ca8d90e466ca464a71debf3088a] 162.253.55.34 "GET /v2.0/ports?network_id=17f8acd4-14bb-4927-aab5-6faac622529b&device_owner=network%3Adhcp HTTP/1.1" status: 200 len: 210 time: 0.0290856
2026-09-07 19:33:25.811 10 INFO neutron.db.ovn_revision_numbers_db [None req-913eb883-4e24-4f1d-b4c7-0b81bf6f3b58 abd2d3e2a7644e85af965d63bd0868a6 b5a920c831ab477e8569fcfb39c1e131 - - default default] Successfully bumped revision number for resource 3e69f821-8549-4aa7-bf69-931a80f0eebc (type: security_group_rules) to 0
2026-09-07 19:33:25.855 10 INFO neutron.db.ovn_revision_numbers_db [None req-913eb883-4e24-4f1d-b4c7-0b81bf6f3b58 abd2d3e2a7644e85af965d63bd0868a6 b5a920c831ab477e8569fcfb39c1e131 - - default default] Successfully bumped revision number for resource ef8aa5b9-69f8-4da2-a854-84ce9756c8e0 (type: security_group_rules) to 0
2026-09-07 19:33:25.888 10 INFO neutron.wsgi [req-2aec4a8f-6ec7-45c6-95e7-f50c7d716625 req-ce3848d8-4efe-4bc5-9af5-c1ddd5413f51 7d811d46b06048dc8b551f9127a1f3f9 31a9140917a44ab8aea403ca45ecd12e - - 25d29ca8d90e466ca464a71debf3088a 25d29ca8d90e466ca464a71debf3088a] 162.253.55.34 "GET /v2.0/networks/17f8acd4-14bb-4927-aab5-6faac622529b?fields=segments HTTP/1.1" status: 200 len: 212 time: 0.0609131
2026-09-07 19:33:25.919 10 INFO neutron.db.segments_db [None req-913eb883-4e24-4f1d-b4c7-0b81bf6f3b58 abd2d3e2a7644e85af965d63bd0868a6 b5a920c831ab477e8569fcfb39c1e131 - - default default] Added segment 94a10366-1a32-49cd-b92e-9994152a1077 of type geneve for network 06a370f6-1e60-44cc-a6b1-a7b48a973652
2026-09-07 19:33:25.956 10 INFO neutron.wsgi [req-2aec4a8f-6ec7-45c6-95e7-f50c7d716625 req-ea1857d0-e39a-44dd-9c36-5600393f7a6d 7d811d46b06048dc8b551f9127a1f3f9 31a9140917a44ab8aea403ca45ecd12e - - 25d29ca8d90e466ca464a71debf3088a 25d29ca8d90e466ca464a71debf3088a] 162.253.55.34 "GET /v2.0/networks/17f8acd4-14bb-4927-aab5-6faac622529b?fields=provider%3Aphysical_network&fields=provider%3Anetwork_type HTTP/1.1" status: 200 len: 277 time: 0.0633585
2026-09-07 19:33:26.091 10 INFO neutron.db.ovn_revision_numbers_db [None req-913eb883-4e24-4f1d-b4c7-0b81bf6f3b58 abd2d3e2a7644e85af965d63bd0868a6 b5a920c831ab477e8569fcfb39c1e131 - - default default] Successfully bumped revision number for resource 06a370f6-1e60-44cc-a6b1-a7b48a973652 (type: networks) to 1
2026-09-07 19:33:26.096 10 INFO neutron.wsgi [req-68020f82-3134-4780-ae7c-985f64488061 req-60663467-44f1-4fed-a5de-e1d535a4eaa3 7d811d46b06048dc8b551f9127a1f3f9 31a9140917a44ab8aea403ca45ecd12e - - 25d29ca8d90e466ca464a71debf3088a 25d29ca8d90e466ca464a71debf3088a] 162.253.55.34 "GET /v2.0/ports?tenant_id=5070c3a8ffb24128acca712e16659b18&device_id=3142d076-8512-48bd-b3ae-5ae6deab1327 HTTP/1.1" status: 200 len: 1411 time: 0.0790503
2026-09-07 19:33:26.186 9 INFO neutron.plugins.ml2.drivers.ovn.mech_driver.mech_driver [None req-a1a9e32f-5372-41c5-847d-33ef8807686b - - - - - -] OVN reports status up for port: 3e658654-3ee9-45b8-bc7e-36958e72ef3c
2026-09-07 19:33:26.198 10 INFO neutron.wsgi [req-68020f82-3134-4780-ae7c-985f64488061 req-ecdd61dd-c19c-43e8-a91e-9bcf3a28208d 7d811d46b06048dc8b551f9127a1f3f9 31a9140917a44ab8aea403ca45ecd12e - - 25d29ca8d90e466ca464a71debf3088a 25d29ca8d90e466ca464a71debf3088a] 162.253.55.34 "GET /v2.0/networks?id=17f8acd4-14bb-4927-aab5-6faac622529b HTTP/1.1" status: 200 len: 982 time: 0.0930195
2026-09-07 19:33:26.207 9 INFO neutron.plugins.ml2.plugin [None req-a1a9e32f-5372-41c5-847d-33ef8807686b - - - - - -] Attempt 1 to provision port 3e658654-3ee9-45b8-bc7e-36958e72ef3c /var/lib/openstack/lib/python3.10/site-packages/pycadf/identifier.py:71: UserWarning: Invalid uuid: neutron. To ensure interoperability, identifiers should be a valid uuid. warnings.warn(('Invalid uuid: %s. To ensure interoperability, '
2026-09-07 19:33:26.234 10 INFO neutron.wsgi [req-68020f82-3134-4780-ae7c-985f64488061 req-67030299-df72-4a76-86d4-5e485fb78b6d 7d811d46b06048dc8b551f9127a1f3f9 31a9140917a44ab8aea403ca45ecd12e - - 25d29ca8d90e466ca464a71debf3088a 25d29ca8d90e466ca464a71debf3088a] 162.253.55.34 "GET /v2.0/floatingips?fixed_ip_address=10.100.0.11&port_id=3e658654-3ee9-45b8-bc7e-36958e72ef3c HTTP/1.1" status: 200 len: 217 time: 0.0292933
2026-09-07 19:33:26.291 10 INFO neutron.wsgi [req-68020f82-3134-4780-ae7c-985f64488061 req-98a868cc-a779-4896-bde1-81aeac2e919a 7d811d46b06048dc8b551f9127a1f3f9 31a9140917a44ab8aea403ca45ecd12e - - 25d29ca8d90e466ca464a71debf3088a 25d29ca8d90e466ca464a71debf3088a] 162.253.55.34 "GET /v2.0/subnets?id=42225bd6-86f3-443d-9338-55e89b192260 HTTP/1.1" status: 200 len: 877 time: 0.0508947
2026-09-07 19:33:26.325 10 INFO neutron.wsgi [req-68020f82-3134-4780-ae7c-985f64488061 req-e2745acd-e532-4094-8079-86e96f9ede14 7d811d46b06048dc8b551f9127a1f3f9 31a9140917a44ab8aea403ca45ecd12e - - 25d29ca8d90e466ca464a71debf3088a 25d29ca8d90e466ca464a71debf3088a] 162.253.55.34 "GET /v2.0/ports?network_id=17f8acd4-14bb-4927-aab5-6faac622529b&device_owner=network%3Adhcp HTTP/1.1" status: 200 len: 210 time: 0.0212348
2026-09-07 19:33:26.359 10 WARNING neutron.scheduler.dhcp_agent_scheduler [None req-913eb883-4e24-4f1d-b4c7-0b81bf6f3b58 abd2d3e2a7644e85af965d63bd0868a6 b5a920c831ab477e8569fcfb39c1e131 - - default default] No more DHCP agents
2026-09-07 19:33:26.379 10 WARNING neutron.api.rpc.agentnotifiers.dhcp_rpc_agent_api [None req-913eb883-4e24-4f1d-b4c7-0b81bf6f3b58 abd2d3e2a7644e85af965d63bd0868a6 b5a920c831ab477e8569fcfb39c1e131 - - default default] Unable to schedule network 06a370f6-1e60-44cc-a6b1-a7b48a973652: no agents available; will retry on subsequent port and subnet creation events.
2026-09-07 19:33:26.383 9 INFO neutron.notifiers.nova [-] Nova event matching ['req-518f6c98-72f5-400f-adaf-509215459c1d'] response: {'server_uuid': '3142d076-8512-48bd-b3ae-5ae6deab1327', 'name': 'network-vif-plugged', 'status': 'completed', 'tag': '3e658654-3ee9-45b8-bc7e-36958e72ef3c', 'code': 200}
2026-09-07 19:33:26.417 9 INFO neutron.db.ovn_revision_numbers_db [None req-33c3c7fe-2760-44c6-a88d-9a42d3d9c5ab abd2d3e2a7644e85af965d63bd0868a6 b5a920c831ab477e8569fcfb39c1e131 - - default default] Successfully bumped revision number for resource 0788a370-f4fa-4fed-bf92-e3336ab99120 (type: security_groups) to 1
2026-09-07 19:33:26.435 10 INFO neutron.wsgi [req-68020f82-3134-4780-ae7c-985f64488061 req-f0be6405-4db4-4e2e-9103-453ff8df4a79 7d811d46b06048dc8b551f9127a1f3f9 31a9140917a44ab8aea403ca45ecd12e - - 25d29ca8d90e466ca464a71debf3088a 25d29ca8d90e466ca464a71debf3088a] 162.253.55.34 "GET /v2.0/networks/17f8acd4-14bb-4927-aab5-6faac622529b?fields=segments HTTP/1.1" status: 200 len: 212 time: 0.1048670
2026-09-07 19:33:26.447 9 INFO neutron.db.ovn_revision_numbers_db [None req-33c3c7fe-2760-44c6-a88d-9a42d3d9c5ab abd2d3e2a7644e85af965d63bd0868a6 b5a920c831ab477e8569fcfb39c1e131 - - default default] Successfully bumped revision number for resource 8b259896-9c8e-4311-8ce7-cbcafe23b69b (type: security_group_rules) to 0
2026-09-07 19:33:26.464 9 INFO neutron.db.ovn_revision_numbers_db [None req-33c3c7fe-2760-44c6-a88d-9a42d3d9c5ab abd2d3e2a7644e85af965d63bd0868a6 b5a920c831ab477e8569fcfb39c1e131 - - default default] Successfully bumped revision number for resource a647d0db-d355-41fc-89f9-47e43d23536e (type: security_group_rules) to 0
2026-09-07 19:33:26.488 9 INFO neutron.db.ovn_revision_numbers_db [None req-33c3c7fe-2760-44c6-a88d-9a42d3d9c5ab abd2d3e2a7644e85af965d63bd0868a6 b5a920c831ab477e8569fcfb39c1e131 - - default default] Successfully bumped revision number for resource bb125144-99c5-4e8e-bf75-eb678cdfabf2 (type: security_group_rules) to 0
2026-09-07 19:33:26.503 9 INFO neutron.db.ovn_revision_numbers_db [None req-33c3c7fe-2760-44c6-a88d-9a42d3d9c5ab abd2d3e2a7644e85af965d63bd0868a6 b5a920c831ab477e8569fcfb39c1e131 - - default default] Successfully bumped revision number for resource bd269bc7-79da-4567-9f6f-675ab22fcb61 (type: security_group_rules) to 0
2026-09-07 19:33:26.507 10 INFO neutron.db.ovn_revision_numbers_db [None req-913eb883-4e24-4f1d-b4c7-0b81bf6f3b58 abd2d3e2a7644e85af965d63bd0868a6 b5a920c831ab477e8569fcfb39c1e131 - - default default] Successfully bumped revision number for resource f0d75ee4-9ffa-4d24-b9c8-cb5de5f0f13e (type: ports) to 1
2026-09-07 19:33:26.525 10 INFO neutron.wsgi [req-68020f82-3134-4780-ae7c-985f64488061 req-4aaf8db7-fff6-479b-adf5-a1faf75e15cb 7d811d46b06048dc8b551f9127a1f3f9 31a9140917a44ab8aea403ca45ecd12e - - 25d29ca8d90e466ca464a71debf3088a 25d29ca8d90e466ca464a71debf3088a] 162.253.55.34 "GET /v2.0/networks/17f8acd4-14bb-4927-aab5-6faac622529b?fields=provider%3Aphysical_network&fields=provider%3Anetwork_type HTTP/1.1" status: 200 len: 277 time: 0.0850122
2026-09-07 19:33:26.543 10 INFO neutron.wsgi [None req-913eb883-4e24-4f1d-b4c7-0b81bf6f3b58 abd2d3e2a7644e85af965d63bd0868a6 b5a920c831ab477e8569fcfb39c1e131 - - default default] 10.0.0.35 "POST /v2.0/networks HTTP/1.1" status: 201 len: 943 time: 1.3032107
2026-09-07 19:33:26.549 10 INFO neutron.db.ovn_revision_numbers_db [None req-9b115b5d-2eb5-4b7c-9062-248007fb78f5 abd2d3e2a7644e85af965d63bd0868a6 b5a920c831ab477e8569fcfb39c1e131 - - default default] Successfully bumped revision number for resource 6a7eac7c-3e6f-4210-8a89-8c5752c16317 (type: security_groups) to 1
2026-09-07 19:33:26.553 9 INFO neutron.db.ovn_revision_numbers_db [None req-a1a9e32f-5372-41c5-847d-33ef8807686b - - - - - -] Successfully bumped revision number for resource 3e658654-3ee9-45b8-bc7e-36958e72ef3c (type: ports) to 4
2026-09-07 19:33:26.570 10 INFO neutron.db.ovn_revision_numbers_db [None req-9b115b5d-2eb5-4b7c-9062-248007fb78f5 abd2d3e2a7644e85af965d63bd0868a6 b5a920c831ab477e8569fcfb39c1e131 - - default default] Successfully bumped revision number for resource 1872f007-058f-43b4-9427-37e75d3b9731 (type: security_group_rules) to 0
2026-09-07 19:33:26.580 9 INFO neutron.db.segments_db [None req-33c3c7fe-2760-44c6-a88d-9a42d3d9c5ab abd2d3e2a7644e85af965d63bd0868a6 b5a920c831ab477e8569fcfb39c1e131 - - default default] Added segment 3c025ba1-0e4f-4e2f-94fc-37fd8751727e of type geneve for network ae77f2d8-fcc8-4498-ab90-f768b99976ad
2026-09-07 19:33:26.594 10 INFO neutron.db.ovn_revision_numbers_db [None req-9b115b5d-2eb5-4b7c-9062-248007fb78f5 abd2d3e2a7644e85af965d63bd0868a6 b5a920c831ab477e8569fcfb39c1e131 - - default default] Successfully bumped revision number for resource 6817b44c-7dca-47fc-9773-4c2cf3e8bb1b (type: security_group_rules) to 0
2026-09-07 19:33:26.610 10 INFO neutron.db.ovn_revision_numbers_db [None req-9b115b5d-2eb5-4b7c-9062-248007fb78f5 abd2d3e2a7644e85af965d63bd0868a6 b5a920c831ab477e8569fcfb39c1e131 - - default default] Successfully bumped revision number for resource c4c5116d-528f-46ec-894f-654275047ee5 (type: security_group_rules) to 0
2026-09-07 19:33:26.633 10 INFO neutron.db.ovn_revision_numbers_db [None req-9b115b5d-2eb5-4b7c-9062-248007fb78f5 abd2d3e2a7644e85af965d63bd0868a6 b5a920c831ab477e8569fcfb39c1e131 - - default default] Successfully bumped revision number for resource e58b42fa-2509-477a-9017-c958947c9a5d (type: security_group_rules) to 0
2026-09-07 19:33:26.655 10 INFO neutron.wsgi [None req-9b115b5d-2eb5-4b7c-9062-248007fb78f5 abd2d3e2a7644e85af965d63bd0868a6 b5a920c831ab477e8569fcfb39c1e131 - - default default] 10.0.0.35 "GET /v2.0/security-groups?tenant_id=7faf3aa36faf438c90321323448a894d&name=default HTTP/1.1" status: 200 len: 2996 time: 0.3434107
2026-09-07 19:33:26.704 10 WARNING neutron.scheduler.dhcp_agent_scheduler [None req-33bee10c-55ef-4f91-8041-99c57618fed9 abd2d3e2a7644e85af965d63bd0868a6 b5a920c831ab477e8569fcfb39c1e131 - - default default] No more DHCP agents
2026-09-07 19:33:26.707 10 WARNING neutron.api.rpc.agentnotifiers.dhcp_rpc_agent_api [None req-33bee10c-55ef-4f91-8041-99c57618fed9 abd2d3e2a7644e85af965d63bd0868a6 b5a920c831ab477e8569fcfb39c1e131 - - default default] Unable to schedule network 06a370f6-1e60-44cc-a6b1-a7b48a973652: no agents available; will retry on subsequent port and subnet creation events.
2026-09-07 19:33:26.774 9 INFO neutron.db.ovn_revision_numbers_db [None req-33c3c7fe-2760-44c6-a88d-9a42d3d9c5ab abd2d3e2a7644e85af965d63bd0868a6 b5a920c831ab477e8569fcfb39c1e131 - - default default] Successfully bumped revision number for resource ae77f2d8-fcc8-4498-ab90-f768b99976ad (type: networks) to 1
2026-09-07 19:33:26.910 10 INFO neutron.wsgi [req-ff07f225-dfa1-4554-9c87-86f6c42bc2b8 req-8636ab93-5e7f-4cdc-a9c1-a0b84bf04398 59aabf33d07b473aabdbf688419e7bba 5070c3a8ffb24128acca712e16659b18 - - default default] 10.0.0.1 "GET /v2.0/ports?device_id=3142d076-8512-48bd-b3ae-5ae6deab1327 HTTP/1.1" status: 200 len: 1174 time: 0.0705068
2026-09-07 19:33:26.915 9 WARNING neutron.scheduler.dhcp_agent_scheduler [None req-33c3c7fe-2760-44c6-a88d-9a42d3d9c5ab abd2d3e2a7644e85af965d63bd0868a6 b5a920c831ab477e8569fcfb39c1e131 - - default default] No more DHCP agents
2026-09-07 19:33:26.917 9 WARNING neutron.api.rpc.agentnotifiers.dhcp_rpc_agent_api [None req-33c3c7fe-2760-44c6-a88d-9a42d3d9c5ab abd2d3e2a7644e85af965d63bd0868a6 b5a920c831ab477e8569fcfb39c1e131 - - default default] Unable to schedule network ae77f2d8-fcc8-4498-ab90-f768b99976ad: no agents available; will retry on subsequent port and subnet creation events.
2026-09-07 19:33:26.992 10 INFO neutron.wsgi [req-ff07f225-dfa1-4554-9c87-86f6c42bc2b8 req-98c139e3-d9fd-4788-a1d3-60f9d29c8ed4 59aabf33d07b473aabdbf688419e7bba 5070c3a8ffb24128acca712e16659b18 - - default default] 10.0.0.1 "GET /v2.0/security-groups?id=ba6a73b9-929e-466d-9285-dac8c4a2abc4&fields=id&fields=name HTTP/1.1" status: 200 len: 313 time: 0.0753222
2026-09-07 19:33:26.996 9 INFO neutron.db.ovn_revision_numbers_db [None req-33c3c7fe-2760-44c6-a88d-9a42d3d9c5ab abd2d3e2a7644e85af965d63bd0868a6 b5a920c831ab477e8569fcfb39c1e131 - - default default] Successfully bumped revision number for resource 2eabb587-85fe-4670-8597-52430c5523d3 (type: ports) to 1
2026-09-07 19:33:27.011 9 INFO neutron.wsgi [None req-33c3c7fe-2760-44c6-a88d-9a42d3d9c5ab abd2d3e2a7644e85af965d63bd0868a6 b5a920c831ab477e8569fcfb39c1e131 - - default default] 10.0.0.35 "POST /v2.0/networks HTTP/1.1" status: 201 len: 945 time: 1.1115911 /var/lib/openstack/lib/python3.10/site-packages/pycadf/identifier.py:71: UserWarning: Invalid uuid: neutron. To ensure interoperability, identifiers should be a valid uuid. warnings.warn(('Invalid uuid: %s. To ensure interoperability, '
2026-09-07 19:33:27.073 10 INFO neutron.wsgi [None req-d5f225ea-2511-4802-bfd0-dc6859c62b55 abd2d3e2a7644e85af965d63bd0868a6 b5a920c831ab477e8569fcfb39c1e131 - - default default] 10.0.0.35 "DELETE /v2.0/security-groups/6a7eac7c-3e6f-4210-8a89-8c5752c16317 HTTP/1.1" status: 204 len: 168 time: 0.4064288
2026-09-07 19:33:27.178 9 WARNING neutron.scheduler.dhcp_agent_scheduler [None req-6016b721-d241-4c87-8d88-1cdc2d2ef663 abd2d3e2a7644e85af965d63bd0868a6 b5a920c831ab477e8569fcfb39c1e131 - - default default] No more DHCP agents
2026-09-07 19:33:27.180 9 WARNING neutron.api.rpc.agentnotifiers.dhcp_rpc_agent_api [None req-6016b721-d241-4c87-8d88-1cdc2d2ef663 abd2d3e2a7644e85af965d63bd0868a6 b5a920c831ab477e8569fcfb39c1e131 - - default default] Unable to schedule network ae77f2d8-fcc8-4498-ab90-f768b99976ad: no agents available; will retry on subsequent port and subnet creation events.
2026-09-07 19:33:27.568 10 INFO neutron.db.ovn_revision_numbers_db [None req-33bee10c-55ef-4f91-8041-99c57618fed9 abd2d3e2a7644e85af965d63bd0868a6 b5a920c831ab477e8569fcfb39c1e131 - - default default] Successfully bumped revision number for resource f0d75ee4-9ffa-4d24-b9c8-cb5de5f0f13e (type: ports) to 2
2026-09-07 19:33:27.605 9 INFO neutron.db.ovn_revision_numbers_db [None req-6016b721-d241-4c87-8d88-1cdc2d2ef663 abd2d3e2a7644e85af965d63bd0868a6 b5a920c831ab477e8569fcfb39c1e131 - - default default] Successfully bumped revision number for resource 2eabb587-85fe-4670-8597-52430c5523d3 (type: ports) to 2
2026-09-07 19:33:27.627 10 INFO neutron.db.ovn_revision_numbers_db [None req-33bee10c-55ef-4f91-8041-99c57618fed9 abd2d3e2a7644e85af965d63bd0868a6 b5a920c831ab477e8569fcfb39c1e131 - - default default] Successfully bumped revision number for resource ff926fab-de0f-40ac-9371-110a55efdc91 (type: subnets) to 0
2026-09-07 19:33:27.644 10 INFO neutron.wsgi [None req-33bee10c-55ef-4f91-8041-99c57618fed9 abd2d3e2a7644e85af965d63bd0868a6 b5a920c831ab477e8569fcfb39c1e131 - - default default] 10.0.0.35 "POST /v2.0/subnets HTTP/1.1" status: 201 len: 864 time: 1.0929401
2026-09-07 19:33:27.801 9 INFO neutron.db.ovn_revision_numbers_db [None req-6016b721-d241-4c87-8d88-1cdc2d2ef663 abd2d3e2a7644e85af965d63bd0868a6 b5a920c831ab477e8569fcfb39c1e131 - - default default] Successfully bumped revision number for resource 05747a86-a166-463e-a1de-c9294c20d834 (type: subnets) to 0
2026-09-07 19:33:27.813 9 INFO neutron.wsgi [None req-6016b721-d241-4c87-8d88-1cdc2d2ef663 abd2d3e2a7644e85af965d63bd0868a6 b5a920c831ab477e8569fcfb39c1e131 - - default default] 10.0.0.35 "POST /v2.0/subnets HTTP/1.1" status: 201 len: 865 time: 0.7965326
2026-09-07 19:33:27.837 10 INFO neutron.wsgi [None req-69f5dc77-f0be-4725-bef0-15b020ac3f5a abd2d3e2a7644e85af965d63bd0868a6 b5a920c831ab477e8569fcfb39c1e131 - - default default] 10.0.0.213 "GET /v2.0/subnets HTTP/1.1" status: 200 len: 3413 time: 0.2144623
2026-09-07 19:33:27.868 10 INFO neutron.wsgi [None req-c04ee1c8-64ab-48ca-933e-ef6f60255cf4 abd2d3e2a7644e85af965d63bd0868a6 b5a920c831ab477e8569fcfb39c1e131 - - default default] 10.0.0.213 "GET /v2.0/agents HTTP/1.1" status: 200 len: 997 time: 0.0279891
2026-09-07 19:33:27.943 10 INFO neutron.wsgi [None req-1a71407f-7f40-41e7-a8c9-b7e827f16cda abd2d3e2a7644e85af965d63bd0868a6 b5a920c831ab477e8569fcfb39c1e131 - - default default] 10.0.0.213 "GET /v2.0/security-groups HTTP/1.1" status: 200 len: 27881 time: 0.0724177
2026-09-07 19:33:27.998 10 INFO neutron.wsgi [None req-8d2b52dc-322e-459b-bf28-e49ddf8845cf abd2d3e2a7644e85af965d63bd0868a6 b5a920c831ab477e8569fcfb39c1e131 - - default default] 10.0.0.213 "GET /v2.0/ports HTTP/1.1" status: 200 len: 12869 time: 0.0429125
2026-09-07 19:33:28.020 10 INFO neutron.wsgi [None req-b27f1115-c952-4f05-83ff-8ac2dfa1f97b abd2d3e2a7644e85af965d63bd0868a6 b5a920c831ab477e8569fcfb39c1e131 - - default default] 10.0.0.213 "GET /v2.0/network-ip-availabilities HTTP/1.1" status: 200 len: 2724 time: 0.0129533
2026-09-07 19:33:28.106 10 INFO neutron.wsgi [None req-3840d675-4efe-442a-9729-01f7c5834bd4 abd2d3e2a7644e85af965d63bd0868a6 b5a920c831ab477e8569fcfb39c1e131 - - default default] 10.0.0.213 "GET /v2.0/networks HTTP/1.1" status: 200 len: 4637 time: 0.0805223
2026-09-07 19:33:28.222 9 WARNING neutron.scheduler.dhcp_agent_scheduler [None req-3e9bb783-9cc8-4423-809b-fcc54542b4c1 abd2d3e2a7644e85af965d63bd0868a6 b5a920c831ab477e8569fcfb39c1e131 - - default default] No more DHCP agents
2026-09-07 19:33:28.223 9 WARNING neutron.api.rpc.agentnotifiers.dhcp_rpc_agent_api [None req-3e9bb783-9cc8-4423-809b-fcc54542b4c1 abd2d3e2a7644e85af965d63bd0868a6 b5a920c831ab477e8569fcfb39c1e131 - - default default] Unable to schedule network b7e8518a-af92-4e11-a6f0-cf6a114a5a59: no agents available; will retry on subsequent port and subnet creation events.
2026-09-07 19:33:28.250 10 INFO neutron.wsgi [req-b17da556-9762-4ea6-8383-fe5a58634919 req-7ffa4585-ae84-44c5-8a88-ccd9aa57b5c7 59aabf33d07b473aabdbf688419e7bba 5070c3a8ffb24128acca712e16659b18 - - default default] 10.0.0.1 "GET /v2.0/ports?device_id=3142d076-8512-48bd-b3ae-5ae6deab1327 HTTP/1.1" status: 200 len: 1174 time: 0.1567216
2026-09-07 19:33:28.253 10 INFO neutron.wsgi [None req-c9f44eda-c34f-40fd-9285-aa190b1f1675 abd2d3e2a7644e85af965d63bd0868a6 b5a920c831ab477e8569fcfb39c1e131 - - default default] 10.0.0.213 "GET /v2.0/routers HTTP/1.1" status: 200 len: 1842 time: 0.1407983
2026-09-07 19:33:28.279 10 INFO neutron.wsgi [None req-d0098cf1-ecd8-4471-875b-f1c5b6be62f9 abd2d3e2a7644e85af965d63bd0868a6 b5a920c831ab477e8569fcfb39c1e131 - - default default] 10.0.0.213 "GET /v2.0/agents?binary=ovn-controller HTTP/1.1" status: 200 len: 591 time: 0.0238724
2026-09-07 19:33:28.321 10 INFO neutron.wsgi [None req-ea63a5a8-0bc3-4b25-aeb6-023afb6c61a5 abd2d3e2a7644e85af965d63bd0868a6 b5a920c831ab477e8569fcfb39c1e131 - - default default] 10.0.0.213 "GET /v2.0/floatingips HTTP/1.1" status: 200 len: 730 time: 0.0371892
2026-09-07 19:33:28.345 10 INFO neutron.wsgi [req-b17da556-9762-4ea6-8383-fe5a58634919 req-6a1e4bff-4203-45d2-8350-efe439d9bc71 59aabf33d07b473aabdbf688419e7bba 5070c3a8ffb24128acca712e16659b18 - - default default] 10.0.0.1 "GET /v2.0/security-groups?id=ba6a73b9-929e-466d-9285-dac8c4a2abc4&fields=id&fields=name HTTP/1.1" status: 200 len: 313 time: 0.0821209
2026-09-07 19:33:28.378 10 WARNING neutron.scheduler.dhcp_agent_scheduler [None req-10333401-67c9-4f3d-9781-cc013fdb4c27 abd2d3e2a7644e85af965d63bd0868a6 b5a920c831ab477e8569fcfb39c1e131 - - default default] No more DHCP agents
2026-09-07 19:33:28.382 10 INFO neutron.wsgi [None req-7def57b1-c877-4ab5-ae9e-67450bd962ec abd2d3e2a7644e85af965d63bd0868a6 b5a920c831ab477e8569fcfb39c1e131 - - default default] 10.0.0.213 "GET /v2.0/subnets HTTP/1.1" status: 200 len: 3413 time: 0.0593283
2026-09-07 19:33:28.385 10 WARNING neutron.api.rpc.agentnotifiers.dhcp_rpc_agent_api [None req-10333401-67c9-4f3d-9781-cc013fdb4c27 abd2d3e2a7644e85af965d63bd0868a6 b5a920c831ab477e8569fcfb39c1e131 - - default default] Unable to schedule network b7e8518a-af92-4e11-a6f0-cf6a114a5a59: no agents available; will retry on subsequent port and subnet creation events.
2026-09-07 19:33:28.402 9 INFO neutron.db.ovn_revision_numbers_db [None req-3e9bb783-9cc8-4423-809b-fcc54542b4c1 abd2d3e2a7644e85af965d63bd0868a6 b5a920c831ab477e8569fcfb39c1e131 - - default default] Successfully bumped revision number for resource f37a16a1-69eb-4ed5-8ccf-4c8ce11f722c (type: ports) to 1
2026-09-07 19:33:28.408 10 INFO neutron.wsgi [None req-53cadeed-399d-4280-9158-7f17c754c045 abd2d3e2a7644e85af965d63bd0868a6 b5a920c831ab477e8569fcfb39c1e131 - - default default] 10.0.0.213 "GET /v2.0/subnetpools HTTP/1.1" status: 200 len: 193 time: 0.0243945
2026-09-07 19:33:28.437 9 INFO neutron.notifiers.nova [-] Nova event matching ['req-0bc86f3d-4394-4760-97b4-30ef37ed8d3b'] response: {'server_uuid': '3142d076-8512-48bd-b3ae-5ae6deab1327', 'name': 'network-vif-plugged', 'status': 'completed', 'tag': '3e658654-3ee9-45b8-bc7e-36958e72ef3c', 'code': 200}
2026-09-07 19:33:28.487 10 INFO neutron.wsgi [req-d18485be-123e-4a78-a253-984c9c984c98 req-6d96bae0-c59d-4350-b0f6-6337992752a5 59aabf33d07b473aabdbf688419e7bba 5070c3a8ffb24128acca712e16659b18 - - default default] 10.0.0.1 "GET /v2.0/ports?device_id=3142d076-8512-48bd-b3ae-5ae6deab1327 HTTP/1.1" status: 200 len: 1174 time: 0.0336919
2026-09-07 19:33:28.616 10 INFO neutron.db.ovn_revision_numbers_db [None req-10333401-67c9-4f3d-9781-cc013fdb4c27 abd2d3e2a7644e85af965d63bd0868a6 b5a920c831ab477e8569fcfb39c1e131 - - default default] Successfully bumped revision number for resource e1a592cd-0178-46ef-b431-016e48fca6ce (type: ports) to 1
2026-09-07 19:33:28.780 10 INFO neutron.db.l3_db [None req-38c1bce6-505c-4e18-aa98-a8b1cd379114 59aabf33d07b473aabdbf688419e7bba 5070c3a8ffb24128acca712e16659b18 - - default default] Floating IP 4c932502-edc8-44f4-8d1e-9abb2333989e associated. External IP: 10.96.250.209, port: 3e658654-3ee9-45b8-bc7e-36958e72ef3c.
2026-09-07 19:33:28.994 9 INFO neutron.plugins.ml2.drivers.ovn.mech_driver.ovsdb.ovsdb_monitor [None req-3caa1c06-d200-492a-ae27-b882f1263891 - - - - - -] Router 99d0abb6-fc02-4ecd-8e53-31ddd053c7d5 is bound to host instance
2026-09-07 19:33:29.049 9 INFO neutron.db.ovn_revision_numbers_db [None req-3e9bb783-9cc8-4423-809b-fcc54542b4c1 abd2d3e2a7644e85af965d63bd0868a6 b5a920c831ab477e8569fcfb39c1e131 - - default default] Successfully bumped revision number for resource f37a16a1-69eb-4ed5-8ccf-4c8ce11f722c (type: router_ports) to 1
2026-09-07 19:33:29.090 10 INFO neutron.plugins.ml2.drivers.ovn.mech_driver.mech_driver [None req-f9070b68-23b0-41f8-bf80-edfe70a9405c - - - - - -] OVN reports status up for port: f37a16a1-69eb-4ed5-8ccf-4c8ce11f722c
2026-09-07 19:33:29.104 10 INFO neutron.plugins.ml2.plugin [None req-f9070b68-23b0-41f8-bf80-edfe70a9405c - - - - - -] Attempt 1 to provision port f37a16a1-69eb-4ed5-8ccf-4c8ce11f722c
2026-09-07 19:33:29.149 9 INFO neutron.db.ovn_revision_numbers_db [None req-3e9bb783-9cc8-4423-809b-fcc54542b4c1 abd2d3e2a7644e85af965d63bd0868a6 b5a920c831ab477e8569fcfb39c1e131 - - default default] Successfully bumped revision number for resource 99d0abb6-fc02-4ecd-8e53-31ddd053c7d5 (type: routers) to 2
2026-09-07 19:33:29.167 9 INFO neutron.wsgi [None req-3e9bb783-9cc8-4423-809b-fcc54542b4c1 abd2d3e2a7644e85af965d63bd0868a6 b5a920c831ab477e8569fcfb39c1e131 - - default default] 10.0.0.35 "POST /v2.0/routers HTTP/1.1" status: 201 len: 876 time: 1.3492410
2026-09-07 19:33:29.293 10 INFO neutron.db.ovn_revision_numbers_db [None req-38c1bce6-505c-4e18-aa98-a8b1cd379114 59aabf33d07b473aabdbf688419e7bba 5070c3a8ffb24128acca712e16659b18 - - default default] Successfully bumped revision number for resource 4c932502-edc8-44f4-8d1e-9abb2333989e (type: floatingips) to 1
2026-09-07 19:33:29.418 10 INFO neutron.db.ovn_revision_numbers_db [None req-38c1bce6-505c-4e18-aa98-a8b1cd379114 59aabf33d07b473aabdbf688419e7bba 5070c3a8ffb24128acca712e16659b18 - - default default] Successfully bumped revision number for resource 4c932502-edc8-44f4-8d1e-9abb2333989e (type: floatingips) to 2
2026-09-07 19:33:29.448 10 INFO neutron.wsgi [None req-38c1bce6-505c-4e18-aa98-a8b1cd379114 59aabf33d07b473aabdbf688419e7bba 5070c3a8ffb24128acca712e16659b18 - - default default] 10.0.0.35 "PUT /v2.0/floatingips/4c932502-edc8-44f4-8d1e-9abb2333989e HTTP/1.1" status: 200 len: 1050 time: 0.9477060
2026-09-07 19:33:29.502 10 INFO neutron.notifiers.nova [-] Nova event matching ['req-d9a968f8-64fa-4c90-ad53-d2b1d49fae6f'] response: {'name': 'network-changed', 'server_uuid': '3142d076-8512-48bd-b3ae-5ae6deab1327', 'tag': '3e658654-3ee9-45b8-bc7e-36958e72ef3c', 'status': 'completed', 'code': 200}
2026-09-07 19:33:29.550 9 INFO neutron.db.ovn_revision_numbers_db [None req-2c1b3c14-49fd-4844-b050-0ee625440559 87ab43ca316349e48bc1eeddd0d99070 9745c877e0704fb0a919130e01486889 - - default default] Successfully bumped revision number for resource fa38c431-1b9f-4d13-b495-4a3a1e979472 (type: security_groups) to 1
2026-09-07 19:33:29.567 10 INFO neutron.wsgi [req-91f06dac-c4f9-4706-ae00-0f811f5d29c5 req-42f695f8-6e54-429f-80a9-5169e0a22e30 59aabf33d07b473aabdbf688419e7bba 5070c3a8ffb24128acca712e16659b18 - - default default] 10.0.0.1 "GET /v2.0/ports?device_id=3142d076-8512-48bd-b3ae-5ae6deab1327 HTTP/1.1" status: 200 len: 1174 time: 0.0499511
2026-09-07 19:33:29.571 10 INFO neutron.wsgi [req-042f8caf-7be7-414a-8382-5d2ca7324365 req-8b39f4f0-6270-467f-8155-311c978ff48f 7d811d46b06048dc8b551f9127a1f3f9 31a9140917a44ab8aea403ca45ecd12e - - 25d29ca8d90e466ca464a71debf3088a 25d29ca8d90e466ca464a71debf3088a] 162.253.55.34 "GET /v2.0/ports?tenant_id=5070c3a8ffb24128acca712e16659b18&device_id=3142d076-8512-48bd-b3ae-5ae6deab1327 HTTP/1.1" status: 200 len: 1413 time: 0.0451651
2026-09-07 19:33:29.583 9 INFO neutron.db.ovn_revision_numbers_db [None req-2c1b3c14-49fd-4844-b050-0ee625440559 87ab43ca316349e48bc1eeddd0d99070 9745c877e0704fb0a919130e01486889 - - default default] Successfully bumped revision number for resource 14d0d053-6234-4d5a-b923-80336056e9cd (type: security_group_rules) to 0
2026-09-07 19:33:29.611 10 INFO neutron.plugins.ml2.drivers.ovn.mech_driver.ovsdb.ovsdb_monitor [None req-7757a105-c4f1-4388-897b-8fd6ee6b9d28 - - - - - -] Router ad72ae26-4c60-45b9-a0a4-95d5a365e9b5 is bound to host instance
2026-09-07 19:33:29.618 9 INFO neutron.db.ovn_revision_numbers_db [None req-2c1b3c14-49fd-4844-b050-0ee625440559 87ab43ca316349e48bc1eeddd0d99070 9745c877e0704fb0a919130e01486889 - - default default] Successfully bumped revision number for resource 44943692-03cb-4628-b5d0-7e673cc063f3 (type: security_group_rules) to 0
2026-09-07 19:33:29.674 10 INFO neutron.wsgi [req-91f06dac-c4f9-4706-ae00-0f811f5d29c5 req-832f0c9d-edd1-4eae-877e-a1869dece0a2 59aabf33d07b473aabdbf688419e7bba 5070c3a8ffb24128acca712e16659b18 - - default default] 10.0.0.1 "GET /v2.0/security-groups?id=ba6a73b9-929e-466d-9285-dac8c4a2abc4&fields=id&fields=name HTTP/1.1" status: 200 len: 313 time: 0.1005900
2026-09-07 19:33:29.688 10 INFO neutron.db.ovn_revision_numbers_db [None req-10333401-67c9-4f3d-9781-cc013fdb4c27 abd2d3e2a7644e85af965d63bd0868a6 b5a920c831ab477e8569fcfb39c1e131 - - default default] Successfully bumped revision number for resource e1a592cd-0178-46ef-b431-016e48fca6ce (type: router_ports) to 1
2026-09-07 19:33:29.709 10 INFO neutron.wsgi [req-042f8caf-7be7-414a-8382-5d2ca7324365 req-f2e925d8-6565-4c8a-8ef9-a9dd9b4d2d8c 7d811d46b06048dc8b551f9127a1f3f9 31a9140917a44ab8aea403ca45ecd12e - - 25d29ca8d90e466ca464a71debf3088a 25d29ca8d90e466ca464a71debf3088a] 162.253.55.34 "GET /v2.0/networks?id=17f8acd4-14bb-4927-aab5-6faac622529b HTTP/1.1" status: 200 len: 982 time: 0.1288650
2026-09-07 19:33:29.803 10 INFO neutron.wsgi [req-042f8caf-7be7-414a-8382-5d2ca7324365 req-e074ee03-d748-411c-a47e-7a4dbb1d4576 7d811d46b06048dc8b551f9127a1f3f9 31a9140917a44ab8aea403ca45ecd12e - - 25d29ca8d90e466ca464a71debf3088a 25d29ca8d90e466ca464a71debf3088a] 162.253.55.34 "GET /v2.0/floatingips?fixed_ip_address=10.100.0.11&port_id=3e658654-3ee9-45b8-bc7e-36958e72ef3c HTTP/1.1" status: 200 len: 1060 time: 0.0724347
2026-09-07 19:33:29.805 10 INFO neutron.db.ovn_revision_numbers_db [None req-10333401-67c9-4f3d-9781-cc013fdb4c27 abd2d3e2a7644e85af965d63bd0868a6 b5a920c831ab477e8569fcfb39c1e131 - - default default] Successfully bumped revision number for resource ad72ae26-4c60-45b9-a0a4-95d5a365e9b5 (type: routers) to 2
2026-09-07 19:33:29.845 10 INFO neutron.wsgi [None req-10333401-67c9-4f3d-9781-cc013fdb4c27 abd2d3e2a7644e85af965d63bd0868a6 b5a920c831ab477e8569fcfb39c1e131 - - default default] 10.0.0.35 "POST /v2.0/routers HTTP/1.1" status: 201 len: 875 time: 2.1955135
2026-09-07 19:33:29.877 9 INFO neutron.db.ovn_revision_numbers_db [None req-2c1b3c14-49fd-4844-b050-0ee625440559 87ab43ca316349e48bc1eeddd0d99070 9745c877e0704fb0a919130e01486889 - - default default] Successfully bumped revision number for resource 796d6961-6bc8-4fc0-b3e4-a91ea2dee73c (type: security_group_rules) to 0
