2026-09-07 19:34:37.829 10 INFO neutron.db.ovn_revision_numbers_db [None req-ad128351-1fc3-4037-99bd-beef16605e63 abd2d3e2a7644e85af965d63bd0868a6 b5a920c831ab477e8569fcfb39c1e131 - - default default] Successfully bumped revision number for resource bc0cfffd-eee0-4337-9d25-0d4c00b5db24 (type: security_group_rules) to 0
2026-09-07 19:34:37.839 10 INFO neutron.db.ovn_revision_numbers_db [None req-00e91a29-b53c-4783-b991-3ab370000104 abd2d3e2a7644e85af965d63bd0868a6 b5a920c831ab477e8569fcfb39c1e131 - - default default] Successfully bumped revision number for resource f4c4c89c-c676-4f87-832c-d63b868fb857 (type: security_group_rules) to 0
2026-09-07 19:34:37.851 10 INFO neutron.db.ovn_revision_numbers_db [None req-ad128351-1fc3-4037-99bd-beef16605e63 abd2d3e2a7644e85af965d63bd0868a6 b5a920c831ab477e8569fcfb39c1e131 - - default default] Successfully bumped revision number for resource d6951342-f2b9-4932-acf3-45040874c5c3 (type: security_group_rules) to 0
2026-09-07 19:34:37.870 10 INFO neutron.wsgi [None req-00e91a29-b53c-4783-b991-3ab370000104 abd2d3e2a7644e85af965d63bd0868a6 b5a920c831ab477e8569fcfb39c1e131 - - default default] 10.0.0.35 "GET /v2.0/security-groups?tenant_id=47aa44b4638e40908f0526705169c6cb&name=default HTTP/1.1" status: 200 len: 2996 time: 0.6322212
2026-09-07 19:34:37.875 10 INFO neutron.wsgi [None req-ad128351-1fc3-4037-99bd-beef16605e63 abd2d3e2a7644e85af965d63bd0868a6 b5a920c831ab477e8569fcfb39c1e131 - - default default] 10.0.0.35 "GET /v2.0/security-groups?tenant_id=8b08c427943a432fab157f8e690dc955&name=default HTTP/1.1" status: 200 len: 2996 time: 0.5586696
2026-09-07 19:34:37.906 9 INFO neutron.wsgi [None req-463ea7c1-1b9d-4690-ab83-8fede25831c8 f90ef0929cc843c5a6660934d5ac58dc 1fd7f2bbe79743ab90f4ba692cca6f20 - - default default] 10.0.0.35 "GET /v2.0/networks?router%3Aexternal=True HTTP/1.1" status: 200 len: 845 time: 0.1247721
2026-09-07 19:34:37.944 9 INFO neutron.wsgi [None req-09cf34f6-e316-4178-886e-630603a1e68a 11c3c0da5783416e957e4d6b9a5a3e5e 47be075f45fc45b099d15253cfd2bc82 - - default default] 10.0.0.35 "DELETE /v2.0/routers/f1095d0a-f1b2-4630-9f1c-a1f5e96116e9 HTTP/1.1" status: 204 len: 168 time: 0.2563894
2026-09-07 19:34:37.956 10 INFO neutron.wsgi [None req-bf4814a9-e6e4-41e7-99eb-8c0d1a65ae4a f90ef0929cc843c5a6660934d5ac58dc 1fd7f2bbe79743ab90f4ba692cca6f20 - - default default] 10.0.0.35 "GET /v2.0/subnets?network_id=b7e8518a-af92-4e11-a6f0-cf6a114a5a59 HTTP/1.1" status: 200 len: 820 time: 0.0411444
2026-09-07 19:34:37.966 9 INFO neutron.wsgi [None req-2d879dc5-857a-4402-a9ee-b9ed54cf7478 f90ef0929cc843c5a6660934d5ac58dc 1fd7f2bbe79743ab90f4ba692cca6f20 - - default default] 10.0.0.35 "GET /v2.0/extensions HTTP/1.1" status: 200 len: 16520 time: 0.0054297
2026-09-07 19:34:38.143 10 INFO neutron.wsgi [None req-4ad588b0-9d29-40ac-8d60-3663336f8ece f90ef0929cc843c5a6660934d5ac58dc 1fd7f2bbe79743ab90f4ba692cca6f20 - - default default] 10.0.0.35 "GET /v2.0/networks HTTP/1.1" status: 200 len: 1507 time: 0.1651075
2026-09-07 19:34:38.206 10 WARNING neutron.plugins.ml2.drivers.ovn.mech_driver.ovsdb.ovn_client [None req-f9070b68-23b0-41f8-bf80-edfe70a9405c - - - - - -] No port found with ID 46195d14-224c-4965-b2af-23f6a5c989fb: RuntimeError: No port found with ID 46195d14-224c-4965-b2af-23f6a5c989fb
2026-09-07 19:34:38.229 9 INFO neutron.wsgi [None req-d57ccaae-4506-4cf2-95a6-42a2811f0016 11c3c0da5783416e957e4d6b9a5a3e5e 47be075f45fc45b099d15253cfd2bc82 - - default default] 10.0.0.35 "DELETE /v2.0/subnets/770bc20d-2cdf-4be8-91a7-7a33268b341b HTTP/1.1" status: 204 len: 168 time: 0.2815378
2026-09-07 19:34:38.242 10 INFO neutron.wsgi [None req-2d57fa7f-be65-4b8f-8ecb-1635a263899f f90ef0929cc843c5a6660934d5ac58dc 1fd7f2bbe79743ab90f4ba692cca6f20 - - default default] 10.0.0.35 "GET /v2.0/subnets HTTP/1.1" status: 200 len: 1460 time: 0.0868948
2026-09-07 19:34:38.613 9 INFO neutron.wsgi [None req-521224b7-54b5-4570-88c9-2b702bfe4adb 11c3c0da5783416e957e4d6b9a5a3e5e 47be075f45fc45b099d15253cfd2bc82 - - default default] 10.0.0.35 "DELETE /v2.0/subnets/75ecf80e-164b-4c19-9bce-297377b837c4 HTTP/1.1" status: 204 len: 168 time: 0.3780720
2026-09-07 19:34:38.647 10 INFO neutron.wsgi [None req-65777dcb-4c8a-4b0e-8824-df09b699cb02 f90ef0929cc843c5a6660934d5ac58dc 1fd7f2bbe79743ab90f4ba692cca6f20 - - default default] 10.0.0.35 "GET /v2.0/networks/0b54b985-69f4-4f5e-8baa-06b58a345278 HTTP/1.1" status: 200 len: 866 time: 0.3896384
2026-09-07 19:34:38.685 10 INFO neutron.wsgi [None req-ab35b459-b107-49ff-b374-471449713055 abd2d3e2a7644e85af965d63bd0868a6 b5a920c831ab477e8569fcfb39c1e131 - - default default] 10.0.0.35 "DELETE /v2.0/security-groups/fea5495c-653b-4f25-aa5e-4136801d2c37 HTTP/1.1" status: 204 len: 168 time: 0.8070309
2026-09-07 19:34:38.688 10 INFO neutron.wsgi [None req-ca0c6232-23bc-47b0-b264-b93d73b8ad60 abd2d3e2a7644e85af965d63bd0868a6 b5a920c831ab477e8569fcfb39c1e131 - - default default] 10.0.0.35 "DELETE /v2.0/security-groups/b708b8c9-bc61-4621-8861-0ce572215804 HTTP/1.1" status: 204 len: 168 time: 0.8074000
2026-09-07 19:34:38.701 10 INFO neutron.wsgi [None req-627ab4c7-5e5c-4a18-a9b3-d5164ffc5c14 f90ef0929cc843c5a6660934d5ac58dc 1fd7f2bbe79743ab90f4ba692cca6f20 - - default default] 10.0.0.35 "GET /v2.0/subnets/0c48d366-7005-450f-afa4-92cef076e62e HTTP/1.1" status: 200 len: 843 time: 0.0457513
2026-09-07 19:34:38.725 10 INFO neutron.pecan_wsgi.hooks.translation [None req-e6fd38bb-fb4c-4c1c-8ea0-163a29442592 f90ef0929cc843c5a6660934d5ac58dc 1fd7f2bbe79743ab90f4ba692cca6f20 - - default default] DELETE failed (client error): The resource could not be found.
2026-09-07 19:34:38.729 10 INFO neutron.wsgi [None req-e6fd38bb-fb4c-4c1c-8ea0-163a29442592 f90ef0929cc843c5a6660934d5ac58dc 1fd7f2bbe79743ab90f4ba692cca6f20 - - default default] 10.0.0.35 "DELETE /v2.0/subnets/87cf18e5-8b03-4556-9314-e519893df000 HTTP/1.1" status: 404 len: 337 time: 0.0180056
2026-09-07 19:34:38.758 9 INFO neutron.pecan_wsgi.hooks.translation [None req-d42b36e3-968f-4abf-8a72-0d709c120b54 f90ef0929cc843c5a6660934d5ac58dc 1fd7f2bbe79743ab90f4ba692cca6f20 - - default default] DELETE failed (client error): The resource could not be found.
2026-09-07 19:34:38.760 9 INFO neutron.wsgi [None req-d42b36e3-968f-4abf-8a72-0d709c120b54 f90ef0929cc843c5a6660934d5ac58dc 1fd7f2bbe79743ab90f4ba692cca6f20 - - default default] 10.0.0.35 "DELETE /v2.0/networks/423a5f89-c3b6-4687-be1b-3fc9d2c7ffc1 HTTP/1.1" status: 404 len: 339 time: 0.0247135
2026-09-07 19:34:38.966 9 INFO neutron.db.ovn_revision_numbers_db [None req-d78cd1ab-9b95-4c6c-b2d9-906726c9a6f8 abd2d3e2a7644e85af965d63bd0868a6 b5a920c831ab477e8569fcfb39c1e131 - - default default] Successfully bumped revision number for resource 08a9d5bc-4699-4e7c-b10f-49c51b61007e (type: security_groups) to 1
2026-09-07 19:34:38.991 9 INFO neutron.db.ovn_revision_numbers_db [None req-d78cd1ab-9b95-4c6c-b2d9-906726c9a6f8 abd2d3e2a7644e85af965d63bd0868a6 b5a920c831ab477e8569fcfb39c1e131 - - default default] Successfully bumped revision number for resource 44b998d5-cab3-4bc6-81a5-370d6d56ef8b (type: security_group_rules) to 0
2026-09-07 19:34:38.992 10 INFO neutron.wsgi [None req-b7ffc170-4ffd-439f-89d6-8c5fa8ea3a91 f90ef0929cc843c5a6660934d5ac58dc 1fd7f2bbe79743ab90f4ba692cca6f20 - - default default] 10.0.0.35 "DELETE /v2.0/subnets/0c48d366-7005-450f-afa4-92cef076e62e HTTP/1.1" status: 204 len: 168 time: 0.2242777
2026-09-07 19:34:39.018 9 INFO neutron.wsgi [None req-4055631c-edba-4a13-8fbb-d55b5220d228 11c3c0da5783416e957e4d6b9a5a3e5e 47be075f45fc45b099d15253cfd2bc82 - - default default] 10.0.0.35 "DELETE /v2.0/networks/50fbef37-36f5-4c9b-8c08-8adaacab3ac9 HTTP/1.1" status: 204 len: 168 time: 0.3984210
2026-09-07 19:34:39.029 9 INFO neutron.db.ovn_revision_numbers_db [None req-d78cd1ab-9b95-4c6c-b2d9-906726c9a6f8 abd2d3e2a7644e85af965d63bd0868a6 b5a920c831ab477e8569fcfb39c1e131 - - default default] Successfully bumped revision number for resource 48dfada2-6247-49fa-bc2f-879e23bb3ef6 (type: security_group_rules) to 0
2026-09-07 19:34:39.047 9 INFO neutron.db.ovn_revision_numbers_db [None req-d78cd1ab-9b95-4c6c-b2d9-906726c9a6f8 abd2d3e2a7644e85af965d63bd0868a6 b5a920c831ab477e8569fcfb39c1e131 - - default default] Successfully bumped revision number for resource b6a53bd2-fc99-4bbf-a150-430fa26ca294 (type: security_group_rules) to 0
2026-09-07 19:34:39.064 9 INFO neutron.db.ovn_revision_numbers_db [None req-d78cd1ab-9b95-4c6c-b2d9-906726c9a6f8 abd2d3e2a7644e85af965d63bd0868a6 b5a920c831ab477e8569fcfb39c1e131 - - default default] Successfully bumped revision number for resource d882cecd-1d6e-4dd3-af22-19b849910279 (type: security_group_rules) to 0
2026-09-07 19:34:39.091 9 INFO neutron.wsgi [None req-d78cd1ab-9b95-4c6c-b2d9-906726c9a6f8 abd2d3e2a7644e85af965d63bd0868a6 b5a920c831ab477e8569fcfb39c1e131 - - default default] 10.0.0.35 "GET /v2.0/security-groups?tenant_id=4d8945baa54a491a9a1d21153b2c96a5&name=default HTTP/1.1" status: 200 len: 2996 time: 0.2837789
2026-09-07 19:34:39.285 9 INFO neutron.wsgi [None req-bbaede13-206d-4a8f-a91d-f989b54f0454 abd2d3e2a7644e85af965d63bd0868a6 b5a920c831ab477e8569fcfb39c1e131 - - default default] 10.0.0.35 "DELETE /v2.0/security-groups/08a9d5bc-4699-4e7c-b10f-49c51b61007e HTTP/1.1" status: 204 len: 168 time: 0.1881826
2026-09-07 19:34:39.480 10 INFO neutron.services.segments.plugin [-] Segment 485eeff9-db26-4866-ac1c-033cc569e379 resource provider aggregate not found
2026-09-07 19:34:39.485 10 INFO neutron.services.segments.plugin [-] Segment 485eeff9-db26-4866-ac1c-033cc569e379 resource provider aggregate not found
2026-09-07 19:34:39.504 10 INFO neutron.services.segments.plugin [-] Segment 485eeff9-db26-4866-ac1c-033cc569e379 resource provider not found; error: Placement Client Error (4xx): {"errors": [{"status": 404, "title": "Not Found", "detail": "The resource could not be found.\n\n No resource provider with uuid 485eeff9-db26-4866-ac1c-033cc569e379 found for delete ", "request_id": "req-ddeb81ab-a51c-42f9-93c5-e7041588e13b"}]}
2026-09-07 19:34:39.507 10 INFO neutron.services.segments.plugin [-] Segment 485eeff9-db26-4866-ac1c-033cc569e379 resource provider not found; error: Placement Client Error (4xx): {"errors": [{"status": 404, "title": "Not Found", "detail": "The resource could not be found.\n\n No resource provider with uuid 485eeff9-db26-4866-ac1c-033cc569e379 found for delete ", "request_id": "req-213b7de7-ca3a-4869-8443-146919e780e2"}]}
2026-09-07 19:34:39.533 10 INFO neutron.wsgi [None req-9d74a1f6-208b-47fe-ab1d-85a9272d8254 11c3c0da5783416e957e4d6b9a5a3e5e 47be075f45fc45b099d15253cfd2bc82 - - default default] 10.0.0.35 "DELETE /v2.0/networks/18aa8fd8-d6c0-4aa4-81f2-f57db49b17e1 HTTP/1.1" status: 204 len: 168 time: 0.5069778
2026-09-07 19:34:39.537 10 INFO neutron.wsgi [None req-7ce6ed00-160b-49df-bf14-357c5e361a52 f90ef0929cc843c5a6660934d5ac58dc 1fd7f2bbe79743ab90f4ba692cca6f20 - - default default] 10.0.0.35 "DELETE /v2.0/networks/0b54b985-69f4-4f5e-8baa-06b58a345278 HTTP/1.1" status: 204 len: 168 time: 0.5399139
2026-09-07 19:34:39.643 9 INFO neutron.db.segments_db [None req-6dc70d32-1693-49d6-8922-19a72a06ea0c 11c3c0da5783416e957e4d6b9a5a3e5e 47be075f45fc45b099d15253cfd2bc82 - - default default] Added segment 29af0757-85eb-46b9-a667-b1bbd07a263b of type geneve for network a0aa42e9-676f-424e-996f-1c9e1d0fde26
2026-09-07 19:34:39.691 9 INFO neutron.services.segments.plugin [-] Segment 8f801ec7-03ae-4f72-adfa-68ce10588bc8 resource provider aggregate not found
2026-09-07 19:34:39.704 9 INFO neutron.services.segments.plugin [-] Segment 8f801ec7-03ae-4f72-adfa-68ce10588bc8 resource provider aggregate not found
2026-09-07 19:34:39.728 9 INFO neutron.services.segments.plugin [-] Segment 8f801ec7-03ae-4f72-adfa-68ce10588bc8 resource provider not found; error: Placement Client Error (4xx): {"errors": [{"status": 404, "title": "Not Found", "detail": "The resource could not be found.\n\n No resource provider with uuid 8f801ec7-03ae-4f72-adfa-68ce10588bc8 found for delete ", "request_id": "req-5c67b6d2-b1a4-4a42-b0cf-44f480465e07"}]}
2026-09-07 19:34:39.740 9 INFO neutron.services.segments.plugin [-] Segment 8f801ec7-03ae-4f72-adfa-68ce10588bc8 resource provider not found; error: Placement Client Error (4xx): {"errors": [{"status": 404, "title": "Not Found", "detail": "The resource could not be found.\n\n No resource provider with uuid 8f801ec7-03ae-4f72-adfa-68ce10588bc8 found for delete ", "request_id": "req-a0a3b51e-e4a9-4c58-b588-7d1c99f215f9"}]}
2026-09-07 19:34:39.845 9 INFO neutron.db.ovn_revision_numbers_db [None req-6dc70d32-1693-49d6-8922-19a72a06ea0c 11c3c0da5783416e957e4d6b9a5a3e5e 47be075f45fc45b099d15253cfd2bc82 - - default default] Successfully bumped revision number for resource a0aa42e9-676f-424e-996f-1c9e1d0fde26 (type: networks) to 1
2026-09-07 19:34:40.031 9 WARNING neutron.scheduler.dhcp_agent_scheduler [None req-6dc70d32-1693-49d6-8922-19a72a06ea0c 11c3c0da5783416e957e4d6b9a5a3e5e 47be075f45fc45b099d15253cfd2bc82 - - default default] No more DHCP agents
2026-09-07 19:34:40.034 9 WARNING neutron.api.rpc.agentnotifiers.dhcp_rpc_agent_api [None req-6dc70d32-1693-49d6-8922-19a72a06ea0c 11c3c0da5783416e957e4d6b9a5a3e5e 47be075f45fc45b099d15253cfd2bc82 - - default default] Unable to schedule network a0aa42e9-676f-424e-996f-1c9e1d0fde26: no agents available; will retry on subsequent port and subnet creation events.
2026-09-07 19:34:40.110 9 INFO neutron.db.ovn_revision_numbers_db [None req-6dc70d32-1693-49d6-8922-19a72a06ea0c 11c3c0da5783416e957e4d6b9a5a3e5e 47be075f45fc45b099d15253cfd2bc82 - - default default] Successfully bumped revision number for resource c9c9f766-45a1-4fae-a7da-5e6c9c6614b8 (type: ports) to 1
2026-09-07 19:34:40.128 9 INFO neutron.wsgi [None req-6dc70d32-1693-49d6-8922-19a72a06ea0c 11c3c0da5783416e957e4d6b9a5a3e5e 47be075f45fc45b099d15253cfd2bc82 - - default default] 10.0.0.35 "POST /v2.0/networks HTTP/1.1" status: 201 len: 833 time: 0.5840771
2026-09-07 19:34:40.311 9 WARNING neutron.plugins.ml2.drivers.ovn.mech_driver.ovsdb.ovn_client [None req-a1a9e32f-5372-41c5-847d-33ef8807686b - - - - - -] No port found with ID 8b05f1aa-9737-46e7-9a03-7d52f5135d05: RuntimeError: No port found with ID 8b05f1aa-9737-46e7-9a03-7d52f5135d05
2026-09-07 19:34:40.393 10 INFO neutron.wsgi [None req-96f7c1c3-20f4-4295-b02b-a19792b7b012 abd2d3e2a7644e85af965d63bd0868a6 b5a920c831ab477e8569fcfb39c1e131 - - default default] 10.0.0.35 "GET /v2.0/security-groups?tenant_id=1fd7f2bbe79743ab90f4ba692cca6f20&name=default HTTP/1.1" status: 200 len: 2996 time: 0.2444305
2026-09-07 19:34:40.412 10 WARNING neutron.scheduler.dhcp_agent_scheduler [None req-3c362797-2b3c-409b-b2ab-7db20039bfa3 11c3c0da5783416e957e4d6b9a5a3e5e 47be075f45fc45b099d15253cfd2bc82 - - default default] No more DHCP agents
2026-09-07 19:34:40.416 10 WARNING neutron.api.rpc.agentnotifiers.dhcp_rpc_agent_api [None req-3c362797-2b3c-409b-b2ab-7db20039bfa3 11c3c0da5783416e957e4d6b9a5a3e5e 47be075f45fc45b099d15253cfd2bc82 - - default default] Unable to schedule network a0aa42e9-676f-424e-996f-1c9e1d0fde26: no agents available; will retry on subsequent port and subnet creation events.
2026-09-07 19:34:40.442 10 INFO neutron.db.ovn_revision_numbers_db [None req-3c362797-2b3c-409b-b2ab-7db20039bfa3 11c3c0da5783416e957e4d6b9a5a3e5e 47be075f45fc45b099d15253cfd2bc82 - - default default] Successfully bumped revision number for resource 6dd24f1c-3bd7-4513-a127-699fc696294c (type: subnets) to 0
2026-09-07 19:34:40.459 10 INFO neutron.wsgi [None req-3c362797-2b3c-409b-b2ab-7db20039bfa3 11c3c0da5783416e957e4d6b9a5a3e5e 47be075f45fc45b099d15253cfd2bc82 - - default default] 10.0.0.35 "POST /v2.0/subnets HTTP/1.1" status: 201 len: 821 time: 0.3224440
2026-09-07 19:34:40.605 10 INFO neutron.db.ovn_revision_numbers_db [None req-4c8c8e12-0d53-4eaa-a1e6-895c8eafbb56 11c3c0da5783416e957e4d6b9a5a3e5e 47be075f45fc45b099d15253cfd2bc82 - - default default] Successfully bumped revision number for resource ed996b5e-5993-455d-9e47-5668cab5219e (type: routers) to 1
2026-09-07 19:34:40.605 9 INFO neutron.wsgi [None req-82a08570-9837-48f8-8753-7bdf5c5c8bec abd2d3e2a7644e85af965d63bd0868a6 b5a920c831ab477e8569fcfb39c1e131 - - default default] 10.0.0.35 "DELETE /v2.0/security-groups/8564ec50-f0c0-4543-bfc6-3cbe3b2c6f0d HTTP/1.1" status: 204 len: 168 time: 0.2064593
2026-09-07 19:34:40.619 10 INFO neutron.wsgi [None req-4c8c8e12-0d53-4eaa-a1e6-895c8eafbb56 11c3c0da5783416e957e4d6b9a5a3e5e 47be075f45fc45b099d15253cfd2bc82 - - default default] 10.0.0.35 "POST /v2.0/routers HTTP/1.1" status: 201 len: 690 time: 0.1558375
2026-09-07 19:34:40.950 10 WARNING neutron.scheduler.dhcp_agent_scheduler [None req-7943abfb-39c8-4e98-a47d-23676661f6a8 11c3c0da5783416e957e4d6b9a5a3e5e 47be075f45fc45b099d15253cfd2bc82 - - default default] No more DHCP agents
2026-09-07 19:34:40.953 10 WARNING neutron.api.rpc.agentnotifiers.dhcp_rpc_agent_api [None req-7943abfb-39c8-4e98-a47d-23676661f6a8 11c3c0da5783416e957e4d6b9a5a3e5e 47be075f45fc45b099d15253cfd2bc82 - - default default] Unable to schedule network a0aa42e9-676f-424e-996f-1c9e1d0fde26: no agents available; will retry on subsequent port and subnet creation events.
2026-09-07 19:34:41.048 10 INFO neutron.db.ovn_revision_numbers_db [None req-7943abfb-39c8-4e98-a47d-23676661f6a8 11c3c0da5783416e957e4d6b9a5a3e5e 47be075f45fc45b099d15253cfd2bc82 - - default default] Successfully bumped revision number for resource 7ab83d87-2646-4c8a-a7cc-1337fb635bc2 (type: ports) to 1
2026-09-07 19:34:41.064 10 INFO neutron.wsgi [None req-7943abfb-39c8-4e98-a47d-23676661f6a8 11c3c0da5783416e957e4d6b9a5a3e5e 47be075f45fc45b099d15253cfd2bc82 - - default default] 10.0.0.35 "POST /v2.0/ports HTTP/1.1" status: 201 len: 1154 time: 0.4395781 /var/lib/openstack/lib/python3.10/site-packages/pycadf/identifier.py:71: UserWarning: Invalid uuid: neutron. To ensure interoperability, identifiers should be a valid uuid. warnings.warn(('Invalid uuid: %s. To ensure interoperability, '
2026-09-07 19:34:41.526 10 INFO neutron.services.segments.plugin [-] Segment 6220299d-7837-4c62-9e19-0ac902cbfaef resource provider aggregate not found
2026-09-07 19:34:41.533 9 INFO neutron.plugins.ml2.drivers.ovn.mech_driver.mech_driver [None req-a1a9e32f-5372-41c5-847d-33ef8807686b - - - - - -] OVN reports status up for port: 7ab83d87-2646-4c8a-a7cc-1337fb635bc2
2026-09-07 19:34:41.546 10 INFO neutron.services.segments.plugin [-] Segment 6220299d-7837-4c62-9e19-0ac902cbfaef resource provider not found; error: Placement Client Error (4xx): {"errors": [{"status": 404, "title": "Not Found", "detail": "The resource could not be found.\n\n No resource provider with uuid 6220299d-7837-4c62-9e19-0ac902cbfaef found for delete ", "request_id": "req-bc269f71-24d2-40d7-a6b3-ede3535f7d37"}]}
2026-09-07 19:34:41.549 10 INFO neutron.services.segments.plugin [-] Segment 6220299d-7837-4c62-9e19-0ac902cbfaef resource provider aggregate not found
2026-09-07 19:34:41.565 9 INFO neutron.plugins.ml2.plugin [None req-a1a9e32f-5372-41c5-847d-33ef8807686b - - - - - -] Attempt 1 to provision port 7ab83d87-2646-4c8a-a7cc-1337fb635bc2
2026-09-07 19:34:41.572 10 INFO neutron.services.segments.plugin [-] Segment 6220299d-7837-4c62-9e19-0ac902cbfaef resource provider not found; error: Placement Client Error (4xx): {"errors": [{"status": 404, "title": "Not Found", "detail": "The resource could not be found.\n\n No resource provider with uuid 6220299d-7837-4c62-9e19-0ac902cbfaef found for delete ", "request_id": "req-7514fd36-3ce9-4cde-9ca2-6fd9da9c5a54"}]}
2026-09-07 19:34:41.586 10 INFO neutron.db.ovn_revision_numbers_db [None req-567a8c4d-dfb0-48f5-82a7-f0180b5cdcf2 11c3c0da5783416e957e4d6b9a5a3e5e 47be075f45fc45b099d15253cfd2bc82 - - default default] Successfully bumped revision number for resource 7ab83d87-2646-4c8a-a7cc-1337fb635bc2 (type: router_ports) to 2
2026-09-07 19:34:41.779 10 INFO neutron.db.ovn_revision_numbers_db [None req-567a8c4d-dfb0-48f5-82a7-f0180b5cdcf2 11c3c0da5783416e957e4d6b9a5a3e5e 47be075f45fc45b099d15253cfd2bc82 - - default default] Successfully bumped revision number for resource 7ab83d87-2646-4c8a-a7cc-1337fb635bc2 (type: ports) to 2
2026-09-07 19:34:41.882 9 INFO neutron.db.ovn_revision_numbers_db [None req-a1a9e32f-5372-41c5-847d-33ef8807686b - - - - - -] Successfully bumped revision number for resource 7ab83d87-2646-4c8a-a7cc-1337fb635bc2 (type: ports) to 3 /var/lib/openstack/lib/python3.10/site-packages/pycadf/identifier.py:71: UserWarning: Invalid uuid: neutron. To ensure interoperability, identifiers should be a valid uuid. warnings.warn(('Invalid uuid: %s. To ensure interoperability, '
2026-09-07 19:34:41.994 9 INFO neutron.db.ovn_revision_numbers_db [None req-a1a9e32f-5372-41c5-847d-33ef8807686b - - - - - -] Successfully bumped revision number for resource 7ab83d87-2646-4c8a-a7cc-1337fb635bc2 (type: router_ports) to 3
2026-09-07 19:34:42.044 9 INFO neutron.db.ovn_revision_numbers_db [None req-f63649a6-a585-4217-b91a-138feb187d72 abd2d3e2a7644e85af965d63bd0868a6 b5a920c831ab477e8569fcfb39c1e131 - - default default] Successfully bumped revision number for resource 57d374fc-0586-4da1-b65c-3b4924d62f1a (type: security_groups) to 1
2026-09-07 19:34:42.054 9 INFO neutron.db.ovn_revision_numbers_db [None req-f63649a6-a585-4217-b91a-138feb187d72 abd2d3e2a7644e85af965d63bd0868a6 b5a920c831ab477e8569fcfb39c1e131 - - default default] Successfully bumped revision number for resource 14b4e16b-553a-4378-a42a-2a886c032d11 (type: security_group_rules) to 0
2026-09-07 19:34:42.068 9 INFO neutron.db.ovn_revision_numbers_db [None req-f63649a6-a585-4217-b91a-138feb187d72 abd2d3e2a7644e85af965d63bd0868a6 b5a920c831ab477e8569fcfb39c1e131 - - default default] Successfully bumped revision number for resource 69fcc469-279b-434e-b2ed-e015cfbb7c84 (type: security_group_rules) to 0
2026-09-07 19:34:42.083 9 INFO neutron.db.ovn_revision_numbers_db [None req-f63649a6-a585-4217-b91a-138feb187d72 abd2d3e2a7644e85af965d63bd0868a6 b5a920c831ab477e8569fcfb39c1e131 - - default default] Successfully bumped revision number for resource 6bd56302-8795-48f3-a53b-7342fab07988 (type: security_group_rules) to 0
2026-09-07 19:34:42.096 9 INFO neutron.db.ovn_revision_numbers_db [None req-f63649a6-a585-4217-b91a-138feb187d72 abd2d3e2a7644e85af965d63bd0868a6 b5a920c831ab477e8569fcfb39c1e131 - - default default] Successfully bumped revision number for resource e3a5cad9-b168-4a49-9621-2938e31a4efa (type: security_group_rules) to 0
2026-09-07 19:34:42.115 9 INFO neutron.wsgi [None req-f63649a6-a585-4217-b91a-138feb187d72 abd2d3e2a7644e85af965d63bd0868a6 b5a920c831ab477e8569fcfb39c1e131 - - default default] 10.0.0.35 "GET /v2.0/security-groups?tenant_id=430b109f060e4d8c84e77bf2227cd3e3&name=default HTTP/1.1" status: 200 len: 2996 time: 0.3615582 /var/lib/openstack/lib/python3.10/site-packages/pycadf/identifier.py:71: UserWarning: Invalid uuid: neutron. To ensure interoperability, identifiers should be a valid uuid. warnings.warn(('Invalid uuid: %s. To ensure interoperability, '
2026-09-07 19:34:42.286 10 INFO neutron.db.ovn_revision_numbers_db [None req-567a8c4d-dfb0-48f5-82a7-f0180b5cdcf2 11c3c0da5783416e957e4d6b9a5a3e5e 47be075f45fc45b099d15253cfd2bc82 - - default default] Successfully bumped revision number for resource 7ab83d87-2646-4c8a-a7cc-1337fb635bc2 (type: ports) to 3
2026-09-07 19:34:42.348 10 WARNING neutron.scheduler.dhcp_agent_scheduler [None req-567a8c4d-dfb0-48f5-82a7-f0180b5cdcf2 11c3c0da5783416e957e4d6b9a5a3e5e 47be075f45fc45b099d15253cfd2bc82 - - default default] No more DHCP agents
2026-09-07 19:34:42.350 10 WARNING neutron.api.rpc.agentnotifiers.dhcp_rpc_agent_api [None req-567a8c4d-dfb0-48f5-82a7-f0180b5cdcf2 11c3c0da5783416e957e4d6b9a5a3e5e 47be075f45fc45b099d15253cfd2bc82 - - default default] Unable to schedule network a0aa42e9-676f-424e-996f-1c9e1d0fde26: no agents available; will retry on subsequent port and subnet creation events.
2026-09-07 19:34:42.399 10 INFO neutron.wsgi [None req-4d7923f7-00e6-483a-887f-cfec4e17be11 abd2d3e2a7644e85af965d63bd0868a6 b5a920c831ab477e8569fcfb39c1e131 - - default default] 10.0.0.35 "DELETE /v2.0/security-groups/57d374fc-0586-4da1-b65c-3b4924d62f1a HTTP/1.1" status: 204 len: 168 time: 0.2778888
2026-09-07 19:34:42.490 10 INFO neutron.db.ovn_revision_numbers_db [None req-567a8c4d-dfb0-48f5-82a7-f0180b5cdcf2 11c3c0da5783416e957e4d6b9a5a3e5e 47be075f45fc45b099d15253cfd2bc82 - - default default] Successfully bumped revision number for resource 7ab83d87-2646-4c8a-a7cc-1337fb635bc2 (type: router_ports) to 3
2026-09-07 19:34:42.492 10 INFO neutron.wsgi [None req-567a8c4d-dfb0-48f5-82a7-f0180b5cdcf2 11c3c0da5783416e957e4d6b9a5a3e5e 47be075f45fc45b099d15253cfd2bc82 - - default default] 10.0.0.35 "PUT /v2.0/routers/ed996b5e-5993-455d-9e47-5668cab5219e/add_router_interface HTTP/1.1" status: 200 len: 503 time: 1.4194753
2026-09-07 19:34:42.573 9 INFO neutron.wsgi [None req-9fca1748-970a-4f70-b480-51bb665bd008 11c3c0da5783416e957e4d6b9a5a3e5e 47be075f45fc45b099d15253cfd2bc82 - - default default] 10.0.0.35 "GET /v2.0/ports/7ab83d87-2646-4c8a-a7cc-1337fb635bc2 HTTP/1.1" status: 200 len: 1212 time: 0.0769558
2026-09-07 19:34:43.127 10 INFO neutron.db.ovn_revision_numbers_db [None req-cf83ede3-e9c8-4c9b-8068-e24d2ab95d88 65fe2d889d8043609cac5f167a88acae 446b849771c04e088a7994f669ace1a6 - - default default] Successfully bumped revision number for resource 4902e88e-2a83-4ad6-bbff-d48ce65ffc80 (type: security_groups) to 1
2026-09-07 19:34:43.143 10 INFO neutron.db.ovn_revision_numbers_db [None req-cf83ede3-e9c8-4c9b-8068-e24d2ab95d88 65fe2d889d8043609cac5f167a88acae 446b849771c04e088a7994f669ace1a6 - - default default] Successfully bumped revision number for resource 201fba10-934b-490b-b612-f19c0afdae88 (type: security_group_rules) to 0
2026-09-07 19:34:43.150 9 INFO neutron.wsgi [None req-e68c7fd7-f850-40db-991e-c4a636ee2c59 11c3c0da5783416e957e4d6b9a5a3e5e 47be075f45fc45b099d15253cfd2bc82 - - default default] 10.0.0.35 "PUT /v2.0/routers/ed996b5e-5993-455d-9e47-5668cab5219e/remove_router_interface HTTP/1.1" status: 200 len: 503 time: 0.5657437
2026-09-07 19:34:43.159 10 INFO neutron.db.ovn_revision_numbers_db [None req-cf83ede3-e9c8-4c9b-8068-e24d2ab95d88 65fe2d889d8043609cac5f167a88acae 446b849771c04e088a7994f669ace1a6 - - default default] Successfully bumped revision number for resource 4ce08ef7-8135-4058-8c66-58dfd3a5926e (type: security_group_rules) to 0 /var/lib/openstack/lib/python3.10/site-packages/pycadf/identifier.py:71: UserWarning: Invalid uuid: neutron. To ensure interoperability, identifiers should be a valid uuid. warnings.warn(('Invalid uuid: %s. To ensure interoperability, '
2026-09-07 19:34:43.175 10 INFO neutron.db.ovn_revision_numbers_db [None req-cf83ede3-e9c8-4c9b-8068-e24d2ab95d88 65fe2d889d8043609cac5f167a88acae 446b849771c04e088a7994f669ace1a6 - - default default] Successfully bumped revision number for resource 7dad808c-eeb2-4e37-ad45-2d62306fd12a (type: security_group_rules) to 0
2026-09-07 19:34:43.192 10 INFO neutron.db.ovn_revision_numbers_db [None req-cf83ede3-e9c8-4c9b-8068-e24d2ab95d88 65fe2d889d8043609cac5f167a88acae 446b849771c04e088a7994f669ace1a6 - - default default] Successfully bumped revision number for resource 9e3ee367-7d7a-4744-bc77-563845dd761a (type: security_group_rules) to 0
2026-09-07 19:34:43.217 9 INFO neutron.api.v2.resource [None req-244391be-743e-47fa-a5b9-012ebef85d1f 11c3c0da5783416e957e4d6b9a5a3e5e 47be075f45fc45b099d15253cfd2bc82 - - default default] remove_router_interface failed (client error): The resource could not be found.
2026-09-07 19:34:43.219 9 INFO neutron.wsgi [None req-244391be-743e-47fa-a5b9-012ebef85d1f 11c3c0da5783416e957e4d6b9a5a3e5e 47be075f45fc45b099d15253cfd2bc82 - - default default] 10.0.0.35 "PUT /v2.0/routers/ed996b5e-5993-455d-9e47-5668cab5219e/remove_router_interface HTTP/1.1" status: 404 len: 398 time: 0.0620730
2026-09-07 19:34:43.251 9 INFO neutron.wsgi [None req-829116a3-6d01-4df0-8246-a15c9876d3dc 11c3c0da5783416e957e4d6b9a5a3e5e 47be075f45fc45b099d15253cfd2bc82 - - default default] 10.0.0.35 "GET /v2.0/ports?device_id=ed996b5e-5993-455d-9e47-5668cab5219e HTTP/1.1" status: 200 len: 205 time: 0.0264337
2026-09-07 19:34:43.268 10 INFO neutron.db.segments_db [None req-cf83ede3-e9c8-4c9b-8068-e24d2ab95d88 65fe2d889d8043609cac5f167a88acae 446b849771c04e088a7994f669ace1a6 - - default default] Added segment 05a2ce2b-d232-4abc-b07d-8a7a574b530e of type geneve for network c7abf4a0-72fe-430b-9ea8-fb22391b5ace
2026-09-07 19:34:43.427 10 INFO neutron.db.ovn_revision_numbers_db [None req-cf83ede3-e9c8-4c9b-8068-e24d2ab95d88 65fe2d889d8043609cac5f167a88acae 446b849771c04e088a7994f669ace1a6 - - default default] Successfully bumped revision number for resource c7abf4a0-72fe-430b-9ea8-fb22391b5ace (type: networks) to 1
2026-09-07 19:34:43.474 9 INFO neutron.wsgi [None req-131d3ba9-0c2d-41f3-ab2d-a5a91095d1d0 11c3c0da5783416e957e4d6b9a5a3e5e 47be075f45fc45b099d15253cfd2bc82 - - default default] 10.0.0.35 "DELETE /v2.0/routers/ed996b5e-5993-455d-9e47-5668cab5219e HTTP/1.1" status: 204 len: 168 time: 0.2111297
2026-09-07 19:34:43.583 10 WARNING neutron.scheduler.dhcp_agent_scheduler [None req-cf83ede3-e9c8-4c9b-8068-e24d2ab95d88 65fe2d889d8043609cac5f167a88acae 446b849771c04e088a7994f669ace1a6 - - default default] No more DHCP agents
2026-09-07 19:34:43.585 10 WARNING neutron.api.rpc.agentnotifiers.dhcp_rpc_agent_api [None req-cf83ede3-e9c8-4c9b-8068-e24d2ab95d88 65fe2d889d8043609cac5f167a88acae 446b849771c04e088a7994f669ace1a6 - - default default] Unable to schedule network c7abf4a0-72fe-430b-9ea8-fb22391b5ace: no agents available; will retry on subsequent port and subnet creation events.
2026-09-07 19:34:43.641 9 INFO neutron.wsgi [None req-a743e3d6-a106-40f3-a4dd-3ed642789a22 11c3c0da5783416e957e4d6b9a5a3e5e 47be075f45fc45b099d15253cfd2bc82 - - default default] 10.0.0.35 "DELETE /v2.0/subnets/6dd24f1c-3bd7-4513-a127-699fc696294c HTTP/1.1" status: 204 len: 168 time: 0.1622536
2026-09-07 19:34:43.671 10 INFO neutron.db.ovn_revision_numbers_db [None req-cf83ede3-e9c8-4c9b-8068-e24d2ab95d88 65fe2d889d8043609cac5f167a88acae 446b849771c04e088a7994f669ace1a6 - - default default] Successfully bumped revision number for resource 580802a9-54b0-45dd-b45a-4749e1040e8f (type: ports) to 1
2026-09-07 19:34:43.695 10 INFO neutron.wsgi [None req-cf83ede3-e9c8-4c9b-8068-e24d2ab95d88 65fe2d889d8043609cac5f167a88acae 446b849771c04e088a7994f669ace1a6 - - default default] 10.0.0.35 "POST /v2.0/networks HTTP/1.1" status: 201 len: 848 time: 0.9424331
2026-09-07 19:34:44.011 10 WARNING neutron.scheduler.dhcp_agent_scheduler [None req-0af57240-e7c9-4af1-9a92-2d7e397d0b04 65fe2d889d8043609cac5f167a88acae 446b849771c04e088a7994f669ace1a6 - - default default] No more DHCP agents
2026-09-07 19:34:44.013 10 WARNING neutron.api.rpc.agentnotifiers.dhcp_rpc_agent_api [None req-0af57240-e7c9-4af1-9a92-2d7e397d0b04 65fe2d889d8043609cac5f167a88acae 446b849771c04e088a7994f669ace1a6 - - default default] Unable to schedule network c7abf4a0-72fe-430b-9ea8-fb22391b5ace: no agents available; will retry on subsequent port and subnet creation events.
2026-09-07 19:34:44.094 10 INFO neutron.db.ovn_revision_numbers_db [None req-0af57240-e7c9-4af1-9a92-2d7e397d0b04 65fe2d889d8043609cac5f167a88acae 446b849771c04e088a7994f669ace1a6 - - default default] Successfully bumped revision number for resource 2d700dc9-2e49-413a-afe7-ed1f96625159 (type: ports) to 1
2026-09-07 19:34:44.114 10 INFO neutron.wsgi [None req-0af57240-e7c9-4af1-9a92-2d7e397d0b04 65fe2d889d8043609cac5f167a88acae 446b849771c04e088a7994f669ace1a6 - - default default] 10.0.0.35 "POST /v2.0/ports HTTP/1.1" status: 201 len: 977 time: 0.4115767 /var/lib/openstack/lib/python3.10/site-packages/pycadf/identifier.py:71: UserWarning: Invalid uuid: neutron. To ensure interoperability, identifiers should be a valid uuid. warnings.warn(('Invalid uuid: %s. To ensure interoperability, '
2026-09-07 19:34:44.142 9 INFO neutron.services.segments.plugin [-] Segment 29af0757-85eb-46b9-a667-b1bbd07a263b resource provider aggregate not found
2026-09-07 19:34:44.148 9 INFO neutron.services.segments.plugin [-] Segment 29af0757-85eb-46b9-a667-b1bbd07a263b resource provider aggregate not found
2026-09-07 19:34:44.163 9 INFO neutron.services.segments.plugin [-] Segment 29af0757-85eb-46b9-a667-b1bbd07a263b resource provider not found; error: Placement Client Error (4xx): {"errors": [{"status": 404, "title": "Not Found", "detail": "The resource could not be found.\n\n No resource provider with uuid 29af0757-85eb-46b9-a667-b1bbd07a263b found for delete ", "request_id": "req-2812c5e5-867a-43c0-a40a-4721754298ea"}]}
2026-09-07 19:34:44.166 9 INFO neutron.services.segments.plugin [-] Segment 29af0757-85eb-46b9-a667-b1bbd07a263b resource provider not found; error: Placement Client Error (4xx): {"errors": [{"status": 404, "title": "Not Found", "detail": "The resource could not be found.\n\n No resource provider with uuid 29af0757-85eb-46b9-a667-b1bbd07a263b found for delete ", "request_id": "req-0ba920e3-7c87-4580-bf56-e998bbb399cc"}]}
2026-09-07 19:34:44.206 9 INFO neutron.wsgi [None req-b6cbf341-4d48-4e5a-9d0c-abb63b1ec542 11c3c0da5783416e957e4d6b9a5a3e5e 47be075f45fc45b099d15253cfd2bc82 - - default default] 10.0.0.35 "DELETE /v2.0/networks/a0aa42e9-676f-424e-996f-1c9e1d0fde26 HTTP/1.1" status: 204 len: 168 time: 0.5576744
2026-09-07 19:34:44.210 10 INFO neutron.db.segments_db [None req-5c6b122c-fa47-4231-a563-79b72bafffbb 65fe2d889d8043609cac5f167a88acae 446b849771c04e088a7994f669ace1a6 - - default default] Added segment 98aa7151-1a8f-4df8-a581-56b62c94381d of type geneve for network 9d3e2e9d-4c68-4647-ac46-d9e8f7d36a12
2026-09-07 19:34:44.326 9 WARNING neutron.scheduler.dhcp_agent_scheduler [None req-8f20f172-fb8f-49c7-841d-795a39e472f2 ffdba923e97f4732bac5371e6338b1c1 fff1237230d74eda807b7ec6ad05b32f - - default default] No more DHCP agents
2026-09-07 19:34:44.329 9 WARNING neutron.api.rpc.agentnotifiers.dhcp_rpc_agent_api [None req-8f20f172-fb8f-49c7-841d-795a39e472f2 ffdba923e97f4732bac5371e6338b1c1 fff1237230d74eda807b7ec6ad05b32f - - default default] Unable to schedule network b7e8518a-af92-4e11-a6f0-cf6a114a5a59: no agents available; will retry on subsequent port and subnet creation events.
2026-09-07 19:34:44.347 10 INFO neutron.db.segments_db [None req-88cabe17-7472-4232-b26d-7a0cc2bdbf74 11c3c0da5783416e957e4d6b9a5a3e5e 47be075f45fc45b099d15253cfd2bc82 - - default default] Added segment 5d5f8efc-1f57-40f4-8107-24f4fecfc022 of type geneve for network d6f7dfe3-b02e-43c3-af48-11b6a4cf060b
2026-09-07 19:34:44.352 10 INFO neutron.db.ovn_revision_numbers_db [None req-5c6b122c-fa47-4231-a563-79b72bafffbb 65fe2d889d8043609cac5f167a88acae 446b849771c04e088a7994f669ace1a6 - - default default] Successfully bumped revision number for resource 9d3e2e9d-4c68-4647-ac46-d9e8f7d36a12 (type: networks) to 1
2026-09-07 19:34:44.598 9 INFO neutron.db.ovn_revision_numbers_db [None req-8f20f172-fb8f-49c7-841d-795a39e472f2 ffdba923e97f4732bac5371e6338b1c1 fff1237230d74eda807b7ec6ad05b32f - - default default] Successfully bumped revision number for resource 05af2e77-e70c-4540-859b-aad38c471806 (type: floatingips) to 0
2026-09-07 19:34:44.611 9 INFO neutron.wsgi [None req-8f20f172-fb8f-49c7-841d-795a39e472f2 ffdba923e97f4732bac5371e6338b1c1 fff1237230d74eda807b7ec6ad05b32f - - default default] 10.0.0.35 "POST /v2.0/floatingips HTTP/1.1" status: 201 len: 751 time: 0.9077985
2026-09-07 19:34:44.843 10 INFO neutron.db.ovn_revision_numbers_db [None req-88cabe17-7472-4232-b26d-7a0cc2bdbf74 11c3c0da5783416e957e4d6b9a5a3e5e 47be075f45fc45b099d15253cfd2bc82 - - default default] Successfully bumped revision number for resource d6f7dfe3-b02e-43c3-af48-11b6a4cf060b (type: networks) to 1
2026-09-07 19:34:44.879 10 WARNING neutron.scheduler.dhcp_agent_scheduler [None req-5c6b122c-fa47-4231-a563-79b72bafffbb 65fe2d889d8043609cac5f167a88acae 446b849771c04e088a7994f669ace1a6 - - default default] No more DHCP agents
2026-09-07 19:34:44.882 10 WARNING neutron.api.rpc.agentnotifiers.dhcp_rpc_agent_api [None req-5c6b122c-fa47-4231-a563-79b72bafffbb 65fe2d889d8043609cac5f167a88acae 446b849771c04e088a7994f669ace1a6 - - default default] Unable to schedule network 9d3e2e9d-4c68-4647-ac46-d9e8f7d36a12: no agents available; will retry on subsequent port and subnet creation events.
2026-09-07 19:34:44.980 9 WARNING neutron.scheduler.dhcp_agent_scheduler [None req-3b2535dd-0e2f-488d-837b-bf92ba8b3336 ffdba923e97f4732bac5371e6338b1c1 fff1237230d74eda807b7ec6ad05b32f - - default default] No more DHCP agents
2026-09-07 19:34:44.984 9 WARNING neutron.api.rpc.agentnotifiers.dhcp_rpc_agent_api [None req-3b2535dd-0e2f-488d-837b-bf92ba8b3336 ffdba923e97f4732bac5371e6338b1c1 fff1237230d74eda807b7ec6ad05b32f - - default default] Unable to schedule network b7e8518a-af92-4e11-a6f0-cf6a114a5a59: no agents available; will retry on subsequent port and subnet creation events.
2026-09-07 19:34:44.985 10 INFO neutron.db.ovn_revision_numbers_db [None req-5c6b122c-fa47-4231-a563-79b72bafffbb 65fe2d889d8043609cac5f167a88acae 446b849771c04e088a7994f669ace1a6 - - default default] Successfully bumped revision number for resource 5b4adb7c-f716-4301-a1f0-bee7f8c26bba (type: ports) to 1
2026-09-07 19:34:45.011 10 INFO neutron.wsgi [None req-5c6b122c-fa47-4231-a563-79b72bafffbb 65fe2d889d8043609cac5f167a88acae 446b849771c04e088a7994f669ace1a6 - - default default] 10.0.0.35 "POST /v2.0/networks HTTP/1.1" status: 201 len: 834 time: 0.8895907
2026-09-07 19:34:45.049 10 WARNING neutron.scheduler.dhcp_agent_scheduler [None req-88cabe17-7472-4232-b26d-7a0cc2bdbf74 11c3c0da5783416e957e4d6b9a5a3e5e 47be075f45fc45b099d15253cfd2bc82 - - default default] No more DHCP agents
2026-09-07 19:34:45.053 10 WARNING neutron.api.rpc.agentnotifiers.dhcp_rpc_agent_api [None req-88cabe17-7472-4232-b26d-7a0cc2bdbf74 11c3c0da5783416e957e4d6b9a5a3e5e 47be075f45fc45b099d15253cfd2bc82 - - default default] Unable to schedule network d6f7dfe3-b02e-43c3-af48-11b6a4cf060b: no agents available; will retry on subsequent port and subnet creation events.
2026-09-07 19:34:45.150 10 INFO neutron.db.ovn_revision_numbers_db [None req-88cabe17-7472-4232-b26d-7a0cc2bdbf74 11c3c0da5783416e957e4d6b9a5a3e5e 47be075f45fc45b099d15253cfd2bc82 - - default default] Successfully bumped revision number for resource 49dff8fc-f9be-4670-9c1e-fd4e5d147a29 (type: ports) to 1
2026-09-07 19:34:45.182 10 INFO neutron.wsgi [None req-88cabe17-7472-4232-b26d-7a0cc2bdbf74 11c3c0da5783416e957e4d6b9a5a3e5e 47be075f45fc45b099d15253cfd2bc82 - - default default] 10.0.0.35 "POST /v2.0/networks HTTP/1.1" status: 201 len: 832 time: 0.9674382
2026-09-07 19:34:45.316 9 INFO neutron.db.ovn_revision_numbers_db [None req-3b2535dd-0e2f-488d-837b-bf92ba8b3336 ffdba923e97f4732bac5371e6338b1c1 fff1237230d74eda807b7ec6ad05b32f - - default default] Successfully bumped revision number for resource 78551c9e-9c0e-4616-bae6-04ff84a2c89d (type: floatingips) to 0
2026-09-07 19:34:45.321 10 WARNING neutron.scheduler.dhcp_agent_scheduler [None req-ecef1321-8981-480f-8624-a82ce8dbb7b6 65fe2d889d8043609cac5f167a88acae 446b849771c04e088a7994f669ace1a6 - - default default] No more DHCP agents
2026-09-07 19:34:45.325 10 WARNING neutron.api.rpc.agentnotifiers.dhcp_rpc_agent_api [None req-ecef1321-8981-480f-8624-a82ce8dbb7b6 65fe2d889d8043609cac5f167a88acae 446b849771c04e088a7994f669ace1a6 - - default default] Unable to schedule network 9d3e2e9d-4c68-4647-ac46-d9e8f7d36a12: no agents available; will retry on subsequent port and subnet creation events.
2026-09-07 19:34:45.336 9 INFO neutron.wsgi [None req-3b2535dd-0e2f-488d-837b-bf92ba8b3336 ffdba923e97f4732bac5371e6338b1c1 fff1237230d74eda807b7ec6ad05b32f - - default default] 10.0.0.35 "POST /v2.0/floatingips HTTP/1.1" status: 201 len: 751 time: 0.7193277
2026-09-07 19:34:45.406 10 INFO neutron.db.ovn_revision_numbers_db [None req-ecef1321-8981-480f-8624-a82ce8dbb7b6 65fe2d889d8043609cac5f167a88acae 446b849771c04e088a7994f669ace1a6 - - default default] Successfully bumped revision number for resource 0b011e63-ccb6-43dc-8dcf-2fc1d8e9450a (type: subnets) to 0
2026-09-07 19:34:45.426 10 INFO neutron.wsgi [None req-ecef1321-8981-480f-8624-a82ce8dbb7b6 65fe2d889d8043609cac5f167a88acae 446b849771c04e088a7994f669ace1a6 - - default default] 10.0.0.35 "POST /v2.0/subnets HTTP/1.1" status: 201 len: 821 time: 0.4063053
2026-09-07 19:34:45.548 10 WARNING neutron.scheduler.dhcp_agent_scheduler [None req-c1bfca6b-919e-4866-90b3-0ddef3d9a412 11c3c0da5783416e957e4d6b9a5a3e5e 47be075f45fc45b099d15253cfd2bc82 - - default default] No more DHCP agents
2026-09-07 19:34:45.552 10 WARNING neutron.api.rpc.agentnotifiers.dhcp_rpc_agent_api [None req-c1bfca6b-919e-4866-90b3-0ddef3d9a412 11c3c0da5783416e957e4d6b9a5a3e5e 47be075f45fc45b099d15253cfd2bc82 - - default default] Unable to schedule network d6f7dfe3-b02e-43c3-af48-11b6a4cf060b: no agents available; will retry on subsequent port and subnet creation events.
2026-09-07 19:34:45.591 9 WARNING neutron.scheduler.dhcp_agent_scheduler [None req-40972f74-4f04-4160-a2e2-ded8ac55b01a ffdba923e97f4732bac5371e6338b1c1 fff1237230d74eda807b7ec6ad05b32f - - default default] No more DHCP agents
2026-09-07 19:34:45.594 9 WARNING neutron.api.rpc.agentnotifiers.dhcp_rpc_agent_api [None req-40972f74-4f04-4160-a2e2-ded8ac55b01a ffdba923e97f4732bac5371e6338b1c1 fff1237230d74eda807b7ec6ad05b32f - - default default] Unable to schedule network b7e8518a-af92-4e11-a6f0-cf6a114a5a59: no agents available; will retry on subsequent port and subnet creation events.
2026-09-07 19:34:45.611 10 INFO neutron.db.ovn_revision_numbers_db [None req-c1bfca6b-919e-4866-90b3-0ddef3d9a412 11c3c0da5783416e957e4d6b9a5a3e5e 47be075f45fc45b099d15253cfd2bc82 - - default default] Successfully bumped revision number for resource 35f50cf3-0537-4b7d-ae48-d4fc1521cc47 (type: subnets) to 0
2026-09-07 19:34:45.627 10 INFO neutron.wsgi [None req-c1bfca6b-919e-4866-90b3-0ddef3d9a412 11c3c0da5783416e957e4d6b9a5a3e5e 47be075f45fc45b099d15253cfd2bc82 - - default default] 10.0.0.35 "POST /v2.0/subnets HTTP/1.1" status: 201 len: 821 time: 0.4375701
2026-09-07 19:34:45.869 10 INFO neutron.db.ovn_revision_numbers_db [None req-c38bf1ee-ad7e-4045-b7a2-8a6de0db1dfe 11c3c0da5783416e957e4d6b9a5a3e5e 47be075f45fc45b099d15253cfd2bc82 - - default default] Successfully bumped revision number for resource 1431a160-7b7f-4ba5-88c0-15b02e8fe3aa (type: routers) to 1
2026-09-07 19:34:45.899 10 WARNING neutron.scheduler.dhcp_agent_scheduler [None req-7fbb9597-6907-4d78-b43a-7a7e92a3867a 65fe2d889d8043609cac5f167a88acae 446b849771c04e088a7994f669ace1a6 - - default default] No more DHCP agents
2026-09-07 19:34:45.903 10 WARNING neutron.api.rpc.agentnotifiers.dhcp_rpc_agent_api [None req-7fbb9597-6907-4d78-b43a-7a7e92a3867a 65fe2d889d8043609cac5f167a88acae 446b849771c04e088a7994f669ace1a6 - - default default] Unable to schedule network 9d3e2e9d-4c68-4647-ac46-d9e8f7d36a12: no agents available; will retry on subsequent port and subnet creation events.
2026-09-07 19:34:45.907 10 INFO neutron.wsgi [None req-c38bf1ee-ad7e-4045-b7a2-8a6de0db1dfe 11c3c0da5783416e957e4d6b9a5a3e5e 47be075f45fc45b099d15253cfd2bc82 - - default default] 10.0.0.35 "POST /v2.0/routers HTTP/1.1" status: 201 len: 691 time: 0.2733898 /var/lib/openstack/lib/python3.10/site-packages/pycadf/identifier.py:71: UserWarning: Invalid uuid: neutron. To ensure interoperability, identifiers should be a valid uuid. warnings.warn(('Invalid uuid: %s. To ensure interoperability, '
2026-09-07 19:34:45.987 9 INFO neutron.db.ovn_revision_numbers_db [None req-40972f74-4f04-4160-a2e2-ded8ac55b01a ffdba923e97f4732bac5371e6338b1c1 fff1237230d74eda807b7ec6ad05b32f - - default default] Successfully bumped revision number for resource e721afc3-d3a4-41d7-a35d-524875d987f5 (type: floatingips) to 0
2026-09-07 19:34:46.001 9 INFO neutron.wsgi [None req-40972f74-4f04-4160-a2e2-ded8ac55b01a ffdba923e97f4732bac5371e6338b1c1 fff1237230d74eda807b7ec6ad05b32f - - default default] 10.0.0.35 "POST /v2.0/floatingips HTTP/1.1" status: 201 len: 751 time: 0.6528349
2026-09-07 19:34:46.079 10 INFO neutron.db.ovn_revision_numbers_db [None req-7fbb9597-6907-4d78-b43a-7a7e92a3867a 65fe2d889d8043609cac5f167a88acae 446b849771c04e088a7994f669ace1a6 - - default default] Successfully bumped revision number for resource 56c44cd2-a727-405e-b3de-64385b682048 (type: ports) to 1
2026-09-07 19:34:46.123 10 INFO neutron.wsgi [None req-7fbb9597-6907-4d78-b43a-7a7e92a3867a 65fe2d889d8043609cac5f167a88acae 446b849771c04e088a7994f669ace1a6 - - default default] 10.0.0.35 "POST /v2.0/ports HTTP/1.1" status: 201 len: 1164 time: 0.6909230
2026-09-07 19:34:46.416 10 WARNING neutron.scheduler.dhcp_agent_scheduler [None req-5a3bb01c-cfa8-4754-88e9-c17b2baa3603 11c3c0da5783416e957e4d6b9a5a3e5e 47be075f45fc45b099d15253cfd2bc82 - - default default] No more DHCP agents
2026-09-07 19:34:46.419 10 WARNING neutron.api.rpc.agentnotifiers.dhcp_rpc_agent_api [None req-5a3bb01c-cfa8-4754-88e9-c17b2baa3603 11c3c0da5783416e957e4d6b9a5a3e5e 47be075f45fc45b099d15253cfd2bc82 - - default default] Unable to schedule network d6f7dfe3-b02e-43c3-af48-11b6a4cf060b: no agents available; will retry on subsequent port and subnet creation events.
2026-09-07 19:34:46.531 10 INFO neutron.wsgi [None req-f40cac76-6887-486e-b554-c51ca088aaeb 65fe2d889d8043609cac5f167a88acae 446b849771c04e088a7994f669ace1a6 - - default default] 10.0.0.35 "DELETE /v2.0/ports/56c44cd2-a727-405e-b3de-64385b682048 HTTP/1.1" status: 204 len: 168 time: 0.3982351
2026-09-07 19:34:46.542 9 WARNING neutron.scheduler.dhcp_agent_scheduler [None req-31a2b2b1-fe90-40ea-b73f-2fde6fdf85e6 ffdba923e97f4732bac5371e6338b1c1 fff1237230d74eda807b7ec6ad05b32f - - default default] No more DHCP agents
2026-09-07 19:34:46.552 9 WARNING neutron.api.rpc.agentnotifiers.dhcp_rpc_agent_api [None req-31a2b2b1-fe90-40ea-b73f-2fde6fdf85e6 ffdba923e97f4732bac5371e6338b1c1 fff1237230d74eda807b7ec6ad05b32f - - default default] Unable to schedule network b7e8518a-af92-4e11-a6f0-cf6a114a5a59: no agents available; will retry on subsequent port and subnet creation events.
2026-09-07 19:34:46.565 10 INFO neutron.db.ovn_revision_numbers_db [None req-5a3bb01c-cfa8-4754-88e9-c17b2baa3603 11c3c0da5783416e957e4d6b9a5a3e5e 47be075f45fc45b099d15253cfd2bc82 - - default default] Successfully bumped revision number for resource 6ff1b3de-db60-4996-9a3e-770544677ed2 (type: ports) to 1
2026-09-07 19:34:46.573 9 INFO neutron.pecan_wsgi.hooks.translation [None req-0ec48391-2101-467e-988c-1a4516917dea 65fe2d889d8043609cac5f167a88acae 446b849771c04e088a7994f669ace1a6 - - default default] DELETE failed (client error): The resource could not be found.
2026-09-07 19:34:46.576 9 INFO neutron.wsgi [None req-0ec48391-2101-467e-988c-1a4516917dea 65fe2d889d8043609cac5f167a88acae 446b849771c04e088a7994f669ace1a6 - - default default] 10.0.0.35 "DELETE /v2.0/ports/56c44cd2-a727-405e-b3de-64385b682048 HTTP/1.1" status: 404 len: 333 time: 0.0322506
2026-09-07 19:34:46.600 9 INFO neutron.pecan_wsgi.hooks.translation [None req-6ec8cf9a-1af5-46db-ba86-07cecd0f0f15 65fe2d889d8043609cac5f167a88acae 446b849771c04e088a7994f669ace1a6 - - default default] GET failed (client error): The resource could not be found.
2026-09-07 19:34:46.602 9 INFO neutron.wsgi [None req-6ec8cf9a-1af5-46db-ba86-07cecd0f0f15 65fe2d889d8043609cac5f167a88acae 446b849771c04e088a7994f669ace1a6 - - default default] 10.0.0.35 "GET /v2.0/ports/56c44cd2-a727-405e-b3de-64385b682048 HTTP/1.1" status: 404 len: 333 time: 0.0196655
2026-09-07 19:34:46.883 10 INFO neutron.wsgi [None req-05d62a13-7b24-4d85-ad64-f60bc77b270c 65fe2d889d8043609cac5f167a88acae 446b849771c04e088a7994f669ace1a6 - - default default] 10.0.0.35 "DELETE /v2.0/subnets/0b011e63-ccb6-43dc-8dcf-2fc1d8e9450a HTTP/1.1" status: 204 len: 168 time: 0.2746415
2026-09-07 19:34:46.893 9 INFO neutron.db.ovn_revision_numbers_db [None req-31a2b2b1-fe90-40ea-b73f-2fde6fdf85e6 ffdba923e97f4732bac5371e6338b1c1 fff1237230d74eda807b7ec6ad05b32f - - default default] Successfully bumped revision number for resource f5807d72-4908-4c79-808c-3d9e68a98840 (type: floatingips) to 0
2026-09-07 19:34:46.909 9 INFO neutron.wsgi [None req-31a2b2b1-fe90-40ea-b73f-2fde6fdf85e6 ffdba923e97f4732bac5371e6338b1c1 fff1237230d74eda807b7ec6ad05b32f - - default default] 10.0.0.35 "POST /v2.0/floatingips HTTP/1.1" status: 201 len: 751 time: 0.9028525
2026-09-07 19:34:46.956 9 WARNING neutron.plugins.ml2.drivers.ovn.mech_driver.ovsdb.ovn_client [None req-a1a9e32f-5372-41c5-847d-33ef8807686b - - - - - -] No port found with ID 7ab83d87-2646-4c8a-a7cc-1337fb635bc2: RuntimeError: No port found with ID 7ab83d87-2646-4c8a-a7cc-1337fb635bc2
2026-09-07 19:34:47.065 9 INFO neutron.plugins.ml2.drivers.ovn.mech_driver.mech_driver [None req-a1a9e32f-5372-41c5-847d-33ef8807686b - - - - - -] OVN reports status up for port: 6ff1b3de-db60-4996-9a3e-770544677ed2
2026-09-07 19:34:47.077 9 INFO neutron.plugins.ml2.plugin [None req-a1a9e32f-5372-41c5-847d-33ef8807686b - - - - - -] Attempt 1 to provision port 6ff1b3de-db60-4996-9a3e-770544677ed2
2026-09-07 19:34:47.115 10 INFO neutron.db.ovn_revision_numbers_db [None req-5a3bb01c-cfa8-4754-88e9-c17b2baa3603 11c3c0da5783416e957e4d6b9a5a3e5e 47be075f45fc45b099d15253cfd2bc82 - - default default] Successfully bumped revision number for resource 6ff1b3de-db60-4996-9a3e-770544677ed2 (type: router_ports) to 1
2026-09-07 19:34:47.175 9 INFO neutron.wsgi [-] 10.0.0.225 "GET / HTTP/1.1" status: 200 len: 247 time: 0.0012071
2026-09-07 19:34:47.179 9 INFO neutron.wsgi [-] 10.0.0.225 "GET / HTTP/1.1" status: 200 len: 247 time: 0.0036864
2026-09-07 19:34:47.225 9 WARNING neutron.scheduler.dhcp_agent_scheduler [None req-7c56ffe3-423f-4f1f-8439-796aab9a193e ffdba923e97f4732bac5371e6338b1c1 fff1237230d74eda807b7ec6ad05b32f - - default default] No more DHCP agents
