2026-09-07 19:27:27.832 10 INFO neutron.wsgi [None req-4b1fbc68-9740-46e6-bf34-dd795d502817 abd2d3e2a7644e85af965d63bd0868a6 b5a920c831ab477e8569fcfb39c1e131 - - default default] 10.0.0.213 "GET /v2.0/subnets HTTP/1.1" status: 200 len: 1437 time: 0.0369451
2026-09-07 19:27:27.877 10 INFO neutron.wsgi [None req-4bf32cbe-cddb-48e1-afb3-bde921f7a0e8 abd2d3e2a7644e85af965d63bd0868a6 b5a920c831ab477e8569fcfb39c1e131 - - default default] 10.0.0.213 "GET /v2.0/ports HTTP/1.1" status: 200 len: 5345 time: 0.0438335
2026-09-07 19:27:27.912 10 INFO neutron.wsgi [None req-c97dec5f-8285-417c-a174-4fa5665046ce abd2d3e2a7644e85af965d63bd0868a6 b5a920c831ab477e8569fcfb39c1e131 - - default default] 10.0.0.213 "GET /v2.0/subnets HTTP/1.1" status: 200 len: 1437 time: 0.0312958
2026-09-07 19:27:27.922 10 INFO neutron.wsgi [None req-28af6aa9-70ec-4b94-89c4-2680a4baf9e3 abd2d3e2a7644e85af965d63bd0868a6 b5a920c831ab477e8569fcfb39c1e131 - - default default] 10.0.0.213 "GET /v2.0/subnetpools HTTP/1.1" status: 200 len: 193 time: 0.0090196
2026-09-07 19:27:27.970 10 INFO neutron.wsgi [None req-bdf9c692-ac74-452c-acf4-9816427d58ce abd2d3e2a7644e85af965d63bd0868a6 b5a920c831ab477e8569fcfb39c1e131 - - default default] 10.0.0.213 "GET /v2.0/networks HTTP/1.1" status: 200 len: 2350 time: 0.0466762
2026-09-07 19:27:27.991 10 INFO neutron.wsgi [None req-68dbe008-4fe0-4a53-8109-89aae1a20c8d abd2d3e2a7644e85af965d63bd0868a6 b5a920c831ab477e8569fcfb39c1e131 - - default default] 10.0.0.213 "GET /v2.0/routers HTTP/1.1" status: 200 len: 189 time: 0.0170202
2026-09-07 19:27:27.998 10 INFO neutron.wsgi [None req-53519b4b-589e-40f5-b630-1cd68c3923f3 abd2d3e2a7644e85af965d63bd0868a6 b5a920c831ab477e8569fcfb39c1e131 - - default default] 10.0.0.213 "GET /v2.0/agents?binary=ovn-controller HTTP/1.1" status: 200 len: 591 time: 0.0062439
2026-09-07 19:27:28.007 10 INFO neutron.wsgi [None req-406a795d-a1ca-479c-86df-4812d6fe2d97 abd2d3e2a7644e85af965d63bd0868a6 b5a920c831ab477e8569fcfb39c1e131 - - default default] 10.0.0.213 "GET /v2.0/network-ip-availabilities HTTP/1.1" status: 200 len: 1280 time: 0.0086100
2026-09-07 19:27:32.175 10 INFO neutron.wsgi [-] 10.0.0.225 "GET / HTTP/1.1" status: 200 len: 247 time: 0.0026360
2026-09-07 19:27:32.184 9 INFO neutron.wsgi [-] 10.0.0.225 "GET / HTTP/1.1" status: 200 len: 247 time: 0.0114629
2026-09-07 19:27:47.176 9 INFO neutron.wsgi [-] 10.0.0.225 "GET / HTTP/1.1" status: 200 len: 247 time: 0.0018163
2026-09-07 19:27:47.177 10 INFO neutron.wsgi [-] 10.0.0.225 "GET / HTTP/1.1" status: 200 len: 247 time: 0.0031691
2026-09-07 19:28:02.176 10 INFO neutron.wsgi [-] 10.0.0.225 "GET / HTTP/1.1" status: 200 len: 247 time: 0.0028157
2026-09-07 19:28:02.176 9 INFO neutron.wsgi [-] 10.0.0.225 "GET / HTTP/1.1" status: 200 len: 247 time: 0.0027130
2026-09-07 19:28:17.176 9 INFO neutron.wsgi [-] 10.0.0.225 "GET / HTTP/1.1" status: 200 len: 247 time: 0.0025983
2026-09-07 19:28:17.177 10 INFO neutron.wsgi [-] 10.0.0.225 "GET / HTTP/1.1" status: 200 len: 247 time: 0.0029612
2026-09-07 19:28:27.716 10 INFO neutron.wsgi [None req-a35f5185-60d0-45c9-99cb-aa59470c1f85 abd2d3e2a7644e85af965d63bd0868a6 b5a920c831ab477e8569fcfb39c1e131 - - default default] 10.0.0.213 "GET /v2.0/security-groups HTTP/1.1" status: 200 len: 16799 time: 0.2047288
2026-09-07 19:28:27.763 10 INFO neutron.wsgi [None req-45e9cc59-9587-4da9-977c-0a4c1071a15c abd2d3e2a7644e85af965d63bd0868a6 b5a920c831ab477e8569fcfb39c1e131 - - default default] 10.0.0.213 "GET /v2.0/subnets HTTP/1.1" status: 200 len: 1437 time: 0.0427587
2026-09-07 19:28:27.797 10 INFO neutron.wsgi [None req-655d9357-f669-4aab-b4b3-cb25e65b49c3 abd2d3e2a7644e85af965d63bd0868a6 b5a920c831ab477e8569fcfb39c1e131 - - default default] 10.0.0.213 "GET /v2.0/ports HTTP/1.1" status: 200 len: 5345 time: 0.0312874
2026-09-07 19:28:27.822 10 INFO neutron.wsgi [None req-72f1a867-d4f7-45eb-b5d7-666076ca1434 abd2d3e2a7644e85af965d63bd0868a6 b5a920c831ab477e8569fcfb39c1e131 - - default default] 10.0.0.213 "GET /v2.0/routers HTTP/1.1" status: 200 len: 189 time: 0.0215197
2026-09-07 19:28:27.849 10 INFO neutron.wsgi [None req-16304cc5-8543-4c42-bd3f-cd63f348b21a abd2d3e2a7644e85af965d63bd0868a6 b5a920c831ab477e8569fcfb39c1e131 - - default default] 10.0.0.213 "GET /v2.0/agents?binary=ovn-controller HTTP/1.1" status: 200 len: 591 time: 0.0268543
2026-09-07 19:28:27.901 10 INFO neutron.wsgi [None req-9c4f84ac-3bbd-4268-9fbb-d5de7cde325f abd2d3e2a7644e85af965d63bd0868a6 b5a920c831ab477e8569fcfb39c1e131 - - default default] 10.0.0.213 "GET /v2.0/networks HTTP/1.1" status: 200 len: 2350 time: 0.0475645
2026-09-07 19:28:27.920 10 INFO neutron.wsgi [None req-5ededd23-8541-4007-baa9-349d12a028c8 abd2d3e2a7644e85af965d63bd0868a6 b5a920c831ab477e8569fcfb39c1e131 - - default default] 10.0.0.213 "GET /v2.0/floatingips HTTP/1.1" status: 200 len: 193 time: 0.0171738
2026-09-07 19:28:27.930 10 INFO neutron.wsgi [None req-2cf31d2e-a92c-45a7-930b-1d8554771817 abd2d3e2a7644e85af965d63bd0868a6 b5a920c831ab477e8569fcfb39c1e131 - - default default] 10.0.0.213 "GET /v2.0/agents HTTP/1.1" status: 200 len: 997 time: 0.0089605
2026-09-07 19:28:27.939 10 INFO neutron.wsgi [None req-d25ee878-6b8d-480f-bbc4-7fb5875b394f abd2d3e2a7644e85af965d63bd0868a6 b5a920c831ab477e8569fcfb39c1e131 - - default default] 10.0.0.213 "GET /v2.0/network-ip-availabilities HTTP/1.1" status: 200 len: 1280 time: 0.0077431
2026-09-07 19:28:27.969 10 INFO neutron.wsgi [None req-4438c6c9-7684-42e8-82cc-4494772eaad5 abd2d3e2a7644e85af965d63bd0868a6 b5a920c831ab477e8569fcfb39c1e131 - - default default] 10.0.0.213 "GET /v2.0/subnets HTTP/1.1" status: 200 len: 1437 time: 0.0297928
2026-09-07 19:28:27.981 10 INFO neutron.wsgi [None req-1073306d-f00c-44df-951a-258d4b0914aa abd2d3e2a7644e85af965d63bd0868a6 b5a920c831ab477e8569fcfb39c1e131 - - default default] 10.0.0.213 "GET /v2.0/subnetpools HTTP/1.1" status: 200 len: 193 time: 0.0103135
2026-09-07 19:28:32.176 10 INFO neutron.wsgi [-] 10.0.0.225 "GET / HTTP/1.1" status: 200 len: 247 time: 0.0028090
2026-09-07 19:28:32.179 10 INFO neutron.wsgi [-] 10.0.0.225 "GET / HTTP/1.1" status: 200 len: 247 time: 0.0019581
2026-09-07 19:28:36.343 10 INFO neutron.wsgi [None req-dbda5801-b5a4-4322-8ea0-af7e99639b7e abd2d3e2a7644e85af965d63bd0868a6 b5a920c831ab477e8569fcfb39c1e131 - - default default] 162.253.55.34,10.0.0.225 "GET /v2.0/networks HTTP/1.1" status: 200 len: 2350 time: 0.1313307
2026-09-07 19:28:37.463 10 INFO neutron.wsgi [None req-192d5141-cb59-4236-99b1-1cfa39434e04 abd2d3e2a7644e85af965d63bd0868a6 b5a920c831ab477e8569fcfb39c1e131 - - default default] 162.253.55.34,10.0.0.225 "GET /v2.0/subnets HTTP/1.1" status: 200 len: 1437 time: 0.0947793
2026-09-07 19:28:37.554 10 INFO neutron.wsgi [None req-7d663283-b2b2-459c-ae31-8c31ddbc7187 abd2d3e2a7644e85af965d63bd0868a6 b5a920c831ab477e8569fcfb39c1e131 - - default default] 162.253.55.34,10.0.0.225 "GET /v2.0/networks HTTP/1.1" status: 200 len: 2350 time: 0.0846610
2026-09-07 19:28:47.174 9 INFO neutron.wsgi [-] 10.0.0.225 "GET / HTTP/1.1" status: 200 len: 247 time: 0.0016918
2026-09-07 19:28:47.176 9 INFO neutron.wsgi [-] 10.0.0.225 "GET / HTTP/1.1" status: 200 len: 247 time: 0.0011592
2026-09-07 19:29:02.175 9 INFO neutron.wsgi [-] 10.0.0.225 "GET / HTTP/1.1" status: 200 len: 247 time: 0.0020301
2026-09-07 19:29:02.178 9 INFO neutron.wsgi [-] 10.0.0.225 "GET / HTTP/1.1" status: 200 len: 247 time: 0.0013697
2026-09-07 19:29:17.175 9 INFO neutron.wsgi [-] 10.0.0.225 "GET / HTTP/1.1" status: 200 len: 247 time: 0.0021319
2026-09-07 19:29:17.176 10 INFO neutron.wsgi [-] 10.0.0.225 "GET / HTTP/1.1" status: 200 len: 247 time: 0.0024173
2026-09-07 19:29:18.320 10 INFO neutron.wsgi [None req-ec124b28-a1ce-47bc-a898-a0017ce25a9b abd2d3e2a7644e85af965d63bd0868a6 b5a920c831ab477e8569fcfb39c1e131 - - default default] 162.253.55.34,10.0.0.225 "GET /v2.0/networks HTTP/1.1" status: 200 len: 2350 time: 0.1332877
2026-09-07 19:29:19.481 10 INFO neutron.wsgi [None req-224dc8b4-3213-456f-90b9-4a2c688b6b12 abd2d3e2a7644e85af965d63bd0868a6 b5a920c831ab477e8569fcfb39c1e131 - - default default] 162.253.55.34,10.0.0.225 "GET /v2.0/subnets HTTP/1.1" status: 200 len: 1437 time: 0.1531303
2026-09-07 19:29:19.566 10 INFO neutron.wsgi [None req-a5cb275e-8425-4956-9926-483666a16782 abd2d3e2a7644e85af965d63bd0868a6 b5a920c831ab477e8569fcfb39c1e131 - - default default] 162.253.55.34,10.0.0.225 "GET /v2.0/networks HTTP/1.1" status: 200 len: 2350 time: 0.0786841
2026-09-07 19:29:20.856 10 INFO neutron.wsgi [None req-7b66044f-667a-460a-a5ce-009619cfa906 abd2d3e2a7644e85af965d63bd0868a6 b5a920c831ab477e8569fcfb39c1e131 - - default default] 162.253.55.34,10.0.0.225 "GET /v2.0/security-groups?tenant_id=b5a920c831ab477e8569fcfb39c1e131 HTTP/1.1" status: 200 len: 10157 time: 0.0976214
2026-09-07 19:29:22.250 10 INFO neutron.wsgi [None req-79daa564-5a81-4be7-9d9f-60610f8335b2 abd2d3e2a7644e85af965d63bd0868a6 b5a920c831ab477e8569fcfb39c1e131 - - default default] 162.253.55.34,10.0.0.225 "GET /v2.0/security-groups?tenant_id=b5a920c831ab477e8569fcfb39c1e131 HTTP/1.1" status: 200 len: 10157 time: 0.1424642
2026-09-07 19:29:23.249 10 INFO neutron.wsgi [None req-c4f0fcac-083a-4309-911a-1e9f94b81da2 abd2d3e2a7644e85af965d63bd0868a6 b5a920c831ab477e8569fcfb39c1e131 - - default default] 162.253.55.34,10.0.0.225 "GET /v2.0/security-groups?tenant_id=b5a920c831ab477e8569fcfb39c1e131 HTTP/1.1" status: 200 len: 10157 time: 0.1230478
2026-09-07 19:29:24.230 10 INFO neutron.wsgi [None req-7e1cccda-8e70-40b2-a410-c50b28350503 abd2d3e2a7644e85af965d63bd0868a6 b5a920c831ab477e8569fcfb39c1e131 - - default default] 162.253.55.34,10.0.0.225 "GET /v2.0/security-groups?tenant_id=b5a920c831ab477e8569fcfb39c1e131 HTTP/1.1" status: 200 len: 10157 time: 0.1233721
2026-09-07 19:29:25.116 10 INFO neutron.wsgi [None req-c6369999-7938-49af-8b0c-6d3dcb137e72 abd2d3e2a7644e85af965d63bd0868a6 b5a920c831ab477e8569fcfb39c1e131 - - default default] 162.253.55.34,10.0.0.225 "GET /v2.0/security-groups?tenant_id=b5a920c831ab477e8569fcfb39c1e131 HTTP/1.1" status: 200 len: 10157 time: 0.0742741
2026-09-07 19:29:26.085 10 INFO neutron.wsgi [None req-3d011563-47e1-4da8-abe1-5167a714090d abd2d3e2a7644e85af965d63bd0868a6 b5a920c831ab477e8569fcfb39c1e131 - - default default] 162.253.55.34,10.0.0.225 "GET /v2.0/security-groups?tenant_id=b5a920c831ab477e8569fcfb39c1e131 HTTP/1.1" status: 200 len: 10157 time: 0.0885401
2026-09-07 19:29:27.551 10 INFO neutron.wsgi [None req-af511046-b4f4-435d-a98b-1827cc949e24 abd2d3e2a7644e85af965d63bd0868a6 b5a920c831ab477e8569fcfb39c1e131 - - default default] 162.253.55.34,10.0.0.225 "GET /v2.0/security-groups HTTP/1.1" status: 200 len: 16799 time: 0.1318631
2026-09-07 19:29:27.557 10 INFO neutron.wsgi [None req-65745ccb-a30e-4f91-8a2c-8a1b298ea41c abd2d3e2a7644e85af965d63bd0868a6 b5a920c831ab477e8569fcfb39c1e131 - - default default] 10.0.0.213 "GET /v2.0/subnets HTTP/1.1" status: 200 len: 1437 time: 0.1048281
2026-09-07 19:29:27.579 10 INFO neutron.wsgi [None req-7954c272-88b0-4679-acba-6c8bfff19951 abd2d3e2a7644e85af965d63bd0868a6 b5a920c831ab477e8569fcfb39c1e131 - - default default] 10.0.0.213 "GET /v2.0/routers HTTP/1.1" status: 200 len: 189 time: 0.0208797
2026-09-07 19:29:27.614 10 INFO neutron.wsgi [None req-278ffa2e-a0f9-460c-8abe-abc76b1a5be4 abd2d3e2a7644e85af965d63bd0868a6 b5a920c831ab477e8569fcfb39c1e131 - - default default] 162.253.55.34,10.0.0.225 "GET /v2.0/ports HTTP/1.1" status: 200 len: 5345 time: 0.0405512
2026-09-07 19:29:27.632 10 INFO neutron.wsgi [None req-6caea87f-bc13-4892-9e74-460ba9b6ae23 abd2d3e2a7644e85af965d63bd0868a6 b5a920c831ab477e8569fcfb39c1e131 - - default default] 10.0.0.213 "GET /v2.0/agents?binary=ovn-controller HTTP/1.1" status: 200 len: 591 time: 0.0521567
2026-09-07 19:29:27.644 10 INFO neutron.wsgi [None req-cccda3d4-6c57-4327-93b5-9eed7d3e14d5 abd2d3e2a7644e85af965d63bd0868a6 b5a920c831ab477e8569fcfb39c1e131 - - default default] 10.0.0.213 "GET /v2.0/agents HTTP/1.1" status: 200 len: 997 time: 0.0097196
2026-09-07 19:29:27.659 10 INFO neutron.wsgi [None req-95fc72ec-2220-4168-bebb-1367acd74140 abd2d3e2a7644e85af965d63bd0868a6 b5a920c831ab477e8569fcfb39c1e131 - - default default] 10.0.0.213 "GET /v2.0/network-ip-availabilities HTTP/1.1" status: 200 len: 1280 time: 0.0138133
2026-09-07 19:29:27.725 10 INFO neutron.wsgi [None req-c16db95b-7e86-457f-83e7-0e41977c6460 abd2d3e2a7644e85af965d63bd0868a6 b5a920c831ab477e8569fcfb39c1e131 - - default default] 10.0.0.213 "GET /v2.0/networks HTTP/1.1" status: 200 len: 2350 time: 0.0648744
2026-09-07 19:29:27.804 10 INFO neutron.wsgi [None req-dd3be937-0d46-4a31-ac72-0f297284f1d3 abd2d3e2a7644e85af965d63bd0868a6 b5a920c831ab477e8569fcfb39c1e131 - - default default] 10.0.0.213 "GET /v2.0/security-groups HTTP/1.1" status: 200 len: 16799 time: 0.0739825
2026-09-07 19:29:27.842 10 INFO neutron.wsgi [None req-21fe218d-d269-45d6-92e0-e82909eed503 abd2d3e2a7644e85af965d63bd0868a6 b5a920c831ab477e8569fcfb39c1e131 - - default default] 10.0.0.213 "GET /v2.0/ports HTTP/1.1" status: 200 len: 5345 time: 0.0343282
2026-09-07 19:29:27.870 10 INFO neutron.wsgi [None req-33d87bbb-d19b-47e6-ae44-82f9ba87ab91 abd2d3e2a7644e85af965d63bd0868a6 b5a920c831ab477e8569fcfb39c1e131 - - default default] 10.0.0.213 "GET /v2.0/floatingips HTTP/1.1" status: 200 len: 193 time: 0.0255756
2026-09-07 19:29:27.902 10 INFO neutron.wsgi [None req-4c4481fe-cb49-41d1-bea4-5ebc0e3598ed abd2d3e2a7644e85af965d63bd0868a6 b5a920c831ab477e8569fcfb39c1e131 - - default default] 10.0.0.213 "GET /v2.0/subnets HTTP/1.1" status: 200 len: 1437 time: 0.0310099
2026-09-07 19:29:27.913 10 INFO neutron.wsgi [None req-d11f16a0-df1d-4dcf-88a8-9365418bad6e abd2d3e2a7644e85af965d63bd0868a6 b5a920c831ab477e8569fcfb39c1e131 - - default default] 10.0.0.213 "GET /v2.0/subnetpools HTTP/1.1" status: 200 len: 193 time: 0.0098867
2026-09-07 19:29:32.176 10 INFO neutron.wsgi [-] 10.0.0.225 "GET / HTTP/1.1" status: 200 len: 247 time: 0.0024946
2026-09-07 19:29:32.179 10 INFO neutron.wsgi [-] 10.0.0.225 "GET / HTTP/1.1" status: 200 len: 247 time: 0.0023229
2026-09-07 19:29:34.667 10 INFO neutron.pecan_wsgi.hooks.translation [None req-bcb3e422-2786-455f-8860-dccb5f44fb35 abd2d3e2a7644e85af965d63bd0868a6 b5a920c831ab477e8569fcfb39c1e131 - - default default] GET failed (client error): The resource could not be found.
2026-09-07 19:29:34.670 10 INFO neutron.wsgi [None req-bcb3e422-2786-455f-8860-dccb5f44fb35 abd2d3e2a7644e85af965d63bd0868a6 b5a920c831ab477e8569fcfb39c1e131 - - default default] 162.253.55.34,10.0.0.225 "GET /v2.0/ports/octavia-health-manager-port-instance HTTP/1.1" status: 404 len: 314 time: 0.0881126
2026-09-07 19:29:34.735 10 INFO neutron.wsgi [None req-7a82830f-cd32-4165-921a-96354f370700 abd2d3e2a7644e85af965d63bd0868a6 b5a920c831ab477e8569fcfb39c1e131 - - default default] 162.253.55.34,10.0.0.225 "GET /v2.0/ports?name=octavia-health-manager-port-instance HTTP/1.1" status: 200 len: 1393 time: 0.0588160
2026-09-07 19:29:36.202 10 INFO neutron.wsgi [None req-1549064a-7c59-4add-94b0-4fc3da91beb9 abd2d3e2a7644e85af965d63bd0868a6 b5a920c831ab477e8569fcfb39c1e131 - - default default] 162.253.55.34,10.0.0.225 "GET /v2.0/ports HTTP/1.1" status: 200 len: 5345 time: 0.0679536
2026-09-07 19:29:37.246 10 INFO neutron.wsgi [None req-bbffce29-5cd9-4db6-bb82-62893c93fdac abd2d3e2a7644e85af965d63bd0868a6 b5a920c831ab477e8569fcfb39c1e131 - - default default] 162.253.55.34,10.0.0.225 "GET /v2.0/security-groups?tenant_id=b5a920c831ab477e8569fcfb39c1e131 HTTP/1.1" status: 200 len: 10157 time: 0.0756054
2026-09-07 19:29:38.359 10 INFO neutron.wsgi [None req-80504a94-15f1-4ac8-9de1-0d62689c3054 abd2d3e2a7644e85af965d63bd0868a6 b5a920c831ab477e8569fcfb39c1e131 - - default default] 162.253.55.34,10.0.0.225 "GET /v2.0/security-groups?tenant_id=b5a920c831ab477e8569fcfb39c1e131 HTTP/1.1" status: 200 len: 10157 time: 0.1131799
2026-09-07 19:29:39.298 10 INFO neutron.wsgi [None req-c308aff2-fe7e-4e94-86ea-3ec181826083 abd2d3e2a7644e85af965d63bd0868a6 b5a920c831ab477e8569fcfb39c1e131 - - default default] 162.253.55.34,10.0.0.225 "GET /v2.0/security-groups?tenant_id=b5a920c831ab477e8569fcfb39c1e131 HTTP/1.1" status: 200 len: 10157 time: 0.1042738
2026-09-07 19:29:47.175 10 INFO neutron.wsgi [-] 10.0.0.225 "GET / HTTP/1.1" status: 200 len: 247 time: 0.0021751
2026-09-07 19:29:47.176 9 INFO neutron.wsgi [-] 10.0.0.225 "GET / HTTP/1.1" status: 200 len: 247 time: 0.0027800
2026-09-07 19:29:51.531 10 INFO neutron.wsgi [None req-22a8c7bb-6361-47d8-a129-0ebdf31022b8 abd2d3e2a7644e85af965d63bd0868a6 b5a920c831ab477e8569fcfb39c1e131 - - default default] 162.253.55.34,10.0.0.225 "GET /v2.0/quotas/b5a920c831ab477e8569fcfb39c1e131 HTTP/1.1" status: 200 len: 361 time: 0.0133178
2026-09-07 19:30:02.175 9 INFO neutron.wsgi [-] 10.0.0.225 "GET / HTTP/1.1" status: 200 len: 247 time: 0.0015571
2026-09-07 19:30:02.176 10 INFO neutron.wsgi [-] 10.0.0.225 "GET / HTTP/1.1" status: 200 len: 247 time: 0.0022960
2026-09-07 19:30:17.176 9 INFO neutron.wsgi [-] 10.0.0.225 "GET / HTTP/1.1" status: 200 len: 247 time: 0.0032032
2026-09-07 19:30:17.177 10 INFO neutron.wsgi [-] 10.0.0.225 "GET / HTTP/1.1" status: 200 len: 247 time: 0.0042157
2026-09-07 19:30:27.564 10 INFO neutron.wsgi [None req-22dad6eb-8c16-48e4-9227-1cc5053737f1 abd2d3e2a7644e85af965d63bd0868a6 b5a920c831ab477e8569fcfb39c1e131 - - default default] 10.0.0.213 "GET /v2.0/floatingips HTTP/1.1" status: 200 len: 193 time: 0.0834913
2026-09-07 19:30:27.622 10 INFO neutron.wsgi [None req-f80c8f09-9d7b-41bf-9d2a-f3adb14e86d0 abd2d3e2a7644e85af965d63bd0868a6 b5a920c831ab477e8569fcfb39c1e131 - - default default] 10.0.0.213 "GET /v2.0/networks HTTP/1.1" status: 200 len: 2350 time: 0.0572348
2026-09-07 19:30:27.662 10 INFO neutron.wsgi [None req-9d18efc5-3fca-4e68-b5f6-397b9b1c8dec abd2d3e2a7644e85af965d63bd0868a6 b5a920c831ab477e8569fcfb39c1e131 - - default default] 10.0.0.213 "GET /v2.0/subnets HTTP/1.1" status: 200 len: 1437 time: 0.0329809
2026-09-07 19:30:27.674 10 INFO neutron.wsgi [None req-4c7d20a4-7e61-4c65-8e64-d488847dca1b abd2d3e2a7644e85af965d63bd0868a6 b5a920c831ab477e8569fcfb39c1e131 - - default default] 10.0.0.213 "GET /v2.0/network-ip-availabilities HTTP/1.1" status: 200 len: 1280 time: 0.0104246
2026-09-07 19:30:27.720 10 INFO neutron.wsgi [None req-c386b615-00c5-4df3-9a62-15179c2234e7 abd2d3e2a7644e85af965d63bd0868a6 b5a920c831ab477e8569fcfb39c1e131 - - default default] 10.0.0.213 "GET /v2.0/security-groups HTTP/1.1" status: 200 len: 16799 time: 0.0443425
2026-09-07 19:30:27.758 10 INFO neutron.wsgi [None req-b63df80c-1c5f-4973-806f-30bd59f8b85c abd2d3e2a7644e85af965d63bd0868a6 b5a920c831ab477e8569fcfb39c1e131 - - default default] 10.0.0.213 "GET /v2.0/ports HTTP/1.1" status: 200 len: 5345 time: 0.0307271
2026-09-07 19:30:27.784 10 INFO neutron.wsgi [None req-c2f4d794-5df9-44e8-8f12-450a46f59a52 abd2d3e2a7644e85af965d63bd0868a6 b5a920c831ab477e8569fcfb39c1e131 - - default default] 10.0.0.213 "GET /v2.0/routers HTTP/1.1" status: 200 len: 189 time: 0.0218716
2026-09-07 19:30:27.839 10 INFO neutron.wsgi [None req-5d005106-6704-4695-a632-f167ebed1636 abd2d3e2a7644e85af965d63bd0868a6 b5a920c831ab477e8569fcfb39c1e131 - - default default] 10.0.0.213 "GET /v2.0/agents?binary=ovn-controller HTTP/1.1" status: 200 len: 591 time: 0.0546870
2026-09-07 19:30:27.857 10 INFO neutron.wsgi [None req-df00f300-f529-4782-82c3-cd190dc84939 abd2d3e2a7644e85af965d63bd0868a6 b5a920c831ab477e8569fcfb39c1e131 - - default default] 10.0.0.213 "GET /v2.0/agents HTTP/1.1" status: 200 len: 997 time: 0.0171309
2026-09-07 19:30:27.898 10 INFO neutron.wsgi [None req-6b669de4-6b03-43a4-8c59-89c87330dc5a abd2d3e2a7644e85af965d63bd0868a6 b5a920c831ab477e8569fcfb39c1e131 - - default default] 10.0.0.213 "GET /v2.0/subnets HTTP/1.1" status: 200 len: 1437 time: 0.0390804
2026-09-07 19:30:27.911 10 INFO neutron.wsgi [None req-502f1f20-4e02-4e15-be59-37d898a3cc40 abd2d3e2a7644e85af965d63bd0868a6 b5a920c831ab477e8569fcfb39c1e131 - - default default] 10.0.0.213 "GET /v2.0/subnetpools HTTP/1.1" status: 200 len: 193 time: 0.0114679
2026-09-07 19:30:32.176 9 INFO neutron.wsgi [-] 10.0.0.225 "GET / HTTP/1.1" status: 200 len: 247 time: 0.0025291
2026-09-07 19:30:32.176 10 INFO neutron.wsgi [-] 10.0.0.225 "GET / HTTP/1.1" status: 200 len: 247 time: 0.0026042
2026-09-07 19:30:45.931 10 INFO neutron.wsgi [None req-0a7ff4fc-1369-4ed1-a927-5cb1dd396276 abd2d3e2a7644e85af965d63bd0868a6 b5a920c831ab477e8569fcfb39c1e131 - - default default] 162.253.55.34,10.0.0.225 "GET /v2.0/security-groups?tenant_id=31a9140917a44ab8aea403ca45ecd12e HTTP/1.1" status: 200 len: 6838 time: 0.0966420
2026-09-07 19:30:46.928 10 INFO neutron.wsgi [None req-abb763ea-d2a8-400e-8e41-5f8f7e38d235 abd2d3e2a7644e85af965d63bd0868a6 b5a920c831ab477e8569fcfb39c1e131 - - default default] 162.253.55.34,10.0.0.225 "GET /v2.0/security-groups?tenant_id=31a9140917a44ab8aea403ca45ecd12e HTTP/1.1" status: 200 len: 6838 time: 0.0601354
2026-09-07 19:30:47.175 10 INFO neutron.wsgi [-] 10.0.0.225 "GET / HTTP/1.1" status: 200 len: 247 time: 0.0022898
2026-09-07 19:30:47.176 9 INFO neutron.wsgi [-] 10.0.0.225 "GET / HTTP/1.1" status: 200 len: 247 time: 0.0029194
2026-09-07 19:30:47.923 9 INFO neutron.wsgi [None req-0affe6ee-4f56-49bd-bdd6-de5ec17f429d abd2d3e2a7644e85af965d63bd0868a6 b5a920c831ab477e8569fcfb39c1e131 - - default default] 162.253.55.34,10.0.0.225 "GET /v2.0/security-groups?tenant_id=31a9140917a44ab8aea403ca45ecd12e HTTP/1.1" status: 200 len: 6838 time: 0.1191540
2026-09-07 19:30:48.827 9 INFO neutron.wsgi [None req-21cb4e88-a84d-46b7-b7c0-7c575c8b4cf9 abd2d3e2a7644e85af965d63bd0868a6 b5a920c831ab477e8569fcfb39c1e131 - - default default] 162.253.55.34,10.0.0.225 "GET /v2.0/security-groups?tenant_id=31a9140917a44ab8aea403ca45ecd12e HTTP/1.1" status: 200 len: 6838 time: 0.0932503
2026-09-07 19:30:49.913 9 INFO neutron.wsgi [None req-2d1a286d-1496-480b-bd38-0d775ba4f820 abd2d3e2a7644e85af965d63bd0868a6 b5a920c831ab477e8569fcfb39c1e131 - - default default] 162.253.55.34,10.0.0.225 "GET /v2.0/security-groups?tenant_id=31a9140917a44ab8aea403ca45ecd12e HTTP/1.1" status: 200 len: 6838 time: 0.1201425
2026-09-07 19:30:58.364 9 INFO neutron.wsgi [None req-6d8dc677-c794-4b24-add6-9843ac4c9385 abd2d3e2a7644e85af965d63bd0868a6 b5a920c831ab477e8569fcfb39c1e131 - - default default] 162.253.55.34,10.0.0.225 "GET /v2.0/quotas/31a9140917a44ab8aea403ca45ecd12e HTTP/1.1" status: 200 len: 361 time: 0.0098665
2026-09-07 19:31:02.175 9 INFO neutron.wsgi [-] 10.0.0.225 "GET / HTTP/1.1" status: 200 len: 247 time: 0.0021625
2026-09-07 19:31:02.177 10 INFO neutron.wsgi [-] 10.0.0.225 "GET / HTTP/1.1" status: 200 len: 247 time: 0.0033710
2026-09-07 19:31:17.179 10 INFO neutron.wsgi [-] 10.0.0.225 "GET / HTTP/1.1" status: 200 len: 247 time: 0.0060802
2026-09-07 19:31:17.184 10 INFO neutron.wsgi [-] 10.0.0.225 "GET / HTTP/1.1" status: 200 len: 247 time: 0.0034344
2026-09-07 19:31:27.574 10 INFO neutron.wsgi [None req-1409e848-42b4-4ccf-837d-70ef9fb89329 abd2d3e2a7644e85af965d63bd0868a6 b5a920c831ab477e8569fcfb39c1e131 - - default default] 10.0.0.213 "GET /v2.0/routers HTTP/1.1" status: 200 len: 189 time: 0.0943065
2026-09-07 19:31:27.636 10 INFO neutron.wsgi [None req-c77e84b1-998a-4080-b72e-43425525cbc1 abd2d3e2a7644e85af965d63bd0868a6 b5a920c831ab477e8569fcfb39c1e131 - - default default] 10.0.0.213 "GET /v2.0/agents?binary=ovn-controller HTTP/1.1" status: 200 len: 591 time: 0.0597880
2026-09-07 19:31:27.658 10 INFO neutron.wsgi [None req-1bd82551-ed6d-4662-8d5f-83a9837c3099 abd2d3e2a7644e85af965d63bd0868a6 b5a920c831ab477e8569fcfb39c1e131 - - default default] 10.0.0.213 "GET /v2.0/agents HTTP/1.1" status: 200 len: 997 time: 0.0209625
2026-09-07 19:31:27.682 10 INFO neutron.wsgi [None req-361121fe-a646-452f-9d47-f141d208b99d abd2d3e2a7644e85af965d63bd0868a6 b5a920c831ab477e8569fcfb39c1e131 - - default default] 10.0.0.213 "GET /v2.0/floatingips HTTP/1.1" status: 200 len: 193 time: 0.0230427
2026-09-07 19:31:27.721 10 INFO neutron.wsgi [None req-c40c534d-254c-496b-bd2e-0a23bc291127 abd2d3e2a7644e85af965d63bd0868a6 b5a920c831ab477e8569fcfb39c1e131 - - default default] 10.0.0.213 "GET /v2.0/subnets HTTP/1.1" status: 200 len: 1437 time: 0.0386195
2026-09-07 19:31:27.735 10 INFO neutron.wsgi [None req-09729a2b-bceb-46ef-816e-5525f75894a0 abd2d3e2a7644e85af965d63bd0868a6 b5a920c831ab477e8569fcfb39c1e131 - - default default] 10.0.0.213 "GET /v2.0/subnetpools HTTP/1.1" status: 200 len: 193 time: 0.0125570
2026-09-07 19:31:27.815 10 INFO neutron.wsgi [None req-9aab0331-5d40-4733-9023-b21b61b5f702 abd2d3e2a7644e85af965d63bd0868a6 b5a920c831ab477e8569fcfb39c1e131 - - default default] 10.0.0.213 "GET /v2.0/networks HTTP/1.1" status: 200 len: 2350 time: 0.0787463
2026-09-07 19:31:27.827 10 INFO neutron.wsgi [None req-8f63a4e1-d778-42b6-9155-75d8545df653 abd2d3e2a7644e85af965d63bd0868a6 b5a920c831ab477e8569fcfb39c1e131 - - default default] 10.0.0.213 "GET /v2.0/network-ip-availabilities HTTP/1.1" status: 200 len: 1280 time: 0.0093746
2026-09-07 19:31:27.856 10 INFO neutron.wsgi [None req-d86f421b-66dd-4528-b046-3b2b15e573e8 abd2d3e2a7644e85af965d63bd0868a6 b5a920c831ab477e8569fcfb39c1e131 - - default default] 10.0.0.213 "GET /v2.0/subnets HTTP/1.1" status: 200 len: 1437 time: 0.0276647
2026-09-07 19:31:27.883 10 INFO neutron.wsgi [None req-c94ff97d-dcfd-45bb-a685-be9d5623d58b abd2d3e2a7644e85af965d63bd0868a6 b5a920c831ab477e8569fcfb39c1e131 - - default default] 10.0.0.213 "GET /v2.0/ports HTTP/1.1" status: 200 len: 5345 time: 0.0265992
2026-09-07 19:31:27.918 10 INFO neutron.wsgi [None req-bfb34d88-f492-4f75-af99-46ccb9b0c3b2 abd2d3e2a7644e85af965d63bd0868a6 b5a920c831ab477e8569fcfb39c1e131 - - default default] 10.0.0.213 "GET /v2.0/security-groups HTTP/1.1" status: 200 len: 16799 time: 0.0311902
2026-09-07 19:31:32.175 10 INFO neutron.wsgi [-] 10.0.0.225 "GET / HTTP/1.1" status: 200 len: 247 time: 0.0022943
2026-09-07 19:31:32.175 9 INFO neutron.wsgi [-] 10.0.0.225 "GET / HTTP/1.1" status: 200 len: 247 time: 0.0022974
2026-09-07 19:31:47.175 9 INFO neutron.wsgi [-] 10.0.0.225 "GET / HTTP/1.1" status: 200 len: 247 time: 0.0015240
2026-09-07 19:31:47.176 10 INFO neutron.wsgi [-] 10.0.0.225 "GET / HTTP/1.1" status: 200 len: 247 time: 0.0025487
2026-09-07 19:31:56.233 10 INFO neutron.wsgi [None req-896f1aef-7560-4783-a68d-b14fdc9bc478 abd2d3e2a7644e85af965d63bd0868a6 b5a920c831ab477e8569fcfb39c1e131 - - default default] 162.253.55.34,10.0.0.225 "GET /v2.0/networks HTTP/1.1" status: 200 len: 2350 time: 0.1383834
2026-09-07 19:32:02.174 9 INFO neutron.wsgi [-] 10.0.0.225 "GET / HTTP/1.1" status: 200 len: 247 time: 0.0014491
2026-09-07 19:32:02.177 10 INFO neutron.wsgi [-] 10.0.0.225 "GET / HTTP/1.1" status: 200 len: 247 time: 0.0036423
2026-09-07 19:32:17.175 10 INFO neutron.wsgi [-] 10.0.0.225 "GET / HTTP/1.1" status: 200 len: 247 time: 0.0022438
2026-09-07 19:32:17.178 10 INFO neutron.wsgi [-] 10.0.0.225 "GET / HTTP/1.1" status: 200 len: 247 time: 0.0020201
2026-09-07 19:32:27.762 10 INFO neutron.wsgi [None req-9f8dde1d-6891-4cb4-aeba-99339d235bbb abd2d3e2a7644e85af965d63bd0868a6 b5a920c831ab477e8569fcfb39c1e131 - - default default] 10.0.0.213 "GET /v2.0/routers HTTP/1.1" status: 200 len: 189 time: 0.2138486
2026-09-07 19:32:27.829 10 INFO neutron.wsgi [None req-a15dd39f-1c23-4bad-aa36-ecf004c5d4a9 abd2d3e2a7644e85af965d63bd0868a6 b5a920c831ab477e8569fcfb39c1e131 - - default default] 10.0.0.213 "GET /v2.0/agents?binary=ovn-controller HTTP/1.1" status: 200 len: 591 time: 0.0660579
2026-09-07 19:32:27.877 10 INFO neutron.wsgi [None req-b505e0b6-a5f5-4a2b-be67-27801f18289e abd2d3e2a7644e85af965d63bd0868a6 b5a920c831ab477e8569fcfb39c1e131 - - default default] 10.0.0.213 "GET /v2.0/ports HTTP/1.1" status: 200 len: 5345 time: 0.0463347
2026-09-07 19:32:27.892 10 INFO neutron.wsgi [None req-062717b5-c6a2-48de-8bf2-ee21f2ef47e2 abd2d3e2a7644e85af965d63bd0868a6 b5a920c831ab477e8569fcfb39c1e131 - - default default] 10.0.0.213 "GET /v2.0/network-ip-availabilities HTTP/1.1" status: 200 len: 1280 time: 0.0120392
2026-09-07 19:32:27.919 10 INFO neutron.wsgi [None req-bef92299-dea2-4584-a8e9-aebafbe67a40 abd2d3e2a7644e85af965d63bd0868a6 b5a920c831ab477e8569fcfb39c1e131 - - default default] 10.0.0.213 "GET /v2.0/subnets HTTP/1.1" status: 200 len: 1437 time: 0.0255616
2026-09-07 19:32:27.926 10 INFO neutron.wsgi [None req-ab73bf84-c1f9-4a94-aa25-307b18463085 abd2d3e2a7644e85af965d63bd0868a6 b5a920c831ab477e8569fcfb39c1e131 - - default default] 10.0.0.213 "GET /v2.0/subnetpools HTTP/1.1" status: 200 len: 193 time: 0.0067375
2026-09-07 19:32:27.942 10 INFO neutron.wsgi [None req-1effc082-c2de-444d-8a94-ac20503fd983 abd2d3e2a7644e85af965d63bd0868a6 b5a920c831ab477e8569fcfb39c1e131 - - default default] 10.0.0.213 "GET /v2.0/floatingips HTTP/1.1" status: 200 len: 193 time: 0.0154521
2026-09-07 19:32:27.987 10 INFO neutron.wsgi [None req-f98ff5f1-af94-475a-bf88-8661eebc2e7a abd2d3e2a7644e85af965d63bd0868a6 b5a920c831ab477e8569fcfb39c1e131 - - default default] 10.0.0.213 "GET /v2.0/networks HTTP/1.1" status: 200 len: 2350 time: 0.0441971
2026-09-07 19:32:27.998 10 INFO neutron.wsgi [None req-119397ba-7fa5-41ca-87b4-8d0683ba31ae abd2d3e2a7644e85af965d63bd0868a6 b5a920c831ab477e8569fcfb39c1e131 - - default default] 10.0.0.213 "GET /v2.0/agents HTTP/1.1" status: 200 len: 997 time: 0.0080266
2026-09-07 19:32:28.036 10 INFO neutron.wsgi [None req-e9626d34-4e7e-4aab-9b39-eb1c8826c19b abd2d3e2a7644e85af965d63bd0868a6 b5a920c831ab477e8569fcfb39c1e131 - - default default] 10.0.0.213 "GET /v2.0/security-groups HTTP/1.1" status: 200 len: 16799 time: 0.0366583
2026-09-07 19:32:28.068 10 INFO neutron.wsgi [None req-7806cd25-fc6c-460d-b805-37f43765ba62 abd2d3e2a7644e85af965d63bd0868a6 b5a920c831ab477e8569fcfb39c1e131 - - default default] 10.0.0.213 "GET /v2.0/subnets HTTP/1.1" status: 200 len: 1437 time: 0.0244191
2026-09-07 19:32:32.175 10 INFO neutron.wsgi [-] 10.0.0.225 "GET / HTTP/1.1" status: 200 len: 247 time: 0.0021830
2026-09-07 19:32:32.178 10 INFO neutron.wsgi [-] 10.0.0.225 "GET / HTTP/1.1" status: 200 len: 247 time: 0.0016894
2026-09-07 19:32:37.929 10 INFO neutron.wsgi [None req-050d5685-9515-4c21-82f9-426f4695cfe5 abd2d3e2a7644e85af965d63bd0868a6 b5a920c831ab477e8569fcfb39c1e131 - - default default] 10.0.0.35 "GET /v2.0/networks HTTP/1.1" status: 200 len: 2369 time: 0.0998628 /var/lib/openstack/lib/python3.10/site-packages/pycadf/identifier.py:71: UserWarning: Invalid uuid: neutron. To ensure interoperability, identifiers should be a valid uuid. warnings.warn(('Invalid uuid: %s. To ensure interoperability, '
2026-09-07 19:32:39.310 9 INFO neutron.wsgi [None req-535eea56-76f4-4364-81da-cbb0e4c77b85 abd2d3e2a7644e85af965d63bd0868a6 b5a920c831ab477e8569fcfb39c1e131 - - default default] 10.0.0.35 "GET /v2.0/floatingips HTTP/1.1" status: 200 len: 212 time: 0.0582664
2026-09-07 19:32:39.342 10 INFO neutron.wsgi [None req-1b1fc616-588a-47e1-94cc-a92fc56e89ff abd2d3e2a7644e85af965d63bd0868a6 b5a920c831ab477e8569fcfb39c1e131 - - default default] 10.0.0.35 "GET /v2.0/routers HTTP/1.1" status: 200 len: 208 time: 0.0255721
2026-09-07 19:32:39.433 10 INFO neutron.wsgi [None req-4e688f72-8805-45d7-8ef8-8075024a35b3 abd2d3e2a7644e85af965d63bd0868a6 b5a920c831ab477e8569fcfb39c1e131 - - default default] 10.0.0.35 "GET /v2.0/ports HTTP/1.1" status: 200 len: 5364 time: 0.0858712
2026-09-07 19:32:39.464 10 INFO neutron.wsgi [None req-8c323ae6-d6f0-4aad-bf61-c94f0222e55e abd2d3e2a7644e85af965d63bd0868a6 b5a920c831ab477e8569fcfb39c1e131 - - default default] 10.0.0.35 "GET /v2.0/subnets HTTP/1.1" status: 200 len: 1456 time: 0.0255463
2026-09-07 19:32:39.516 10 INFO neutron.wsgi [None req-cb52ed2f-b2d4-4192-9bb6-882f00abbf86 abd2d3e2a7644e85af965d63bd0868a6 b5a920c831ab477e8569fcfb39c1e131 - - default default] 10.0.0.35 "GET /v2.0/networks HTTP/1.1" status: 200 len: 2369 time: 0.0479445
2026-09-07 19:32:39.555 10 INFO neutron.wsgi [None req-2e33e3b6-e1a4-4435-99a9-c4bb95d44767 abd2d3e2a7644e85af965d63bd0868a6 b5a920c831ab477e8569fcfb39c1e131 - - default default] 10.0.0.35 "GET /v2.0/security-groups HTTP/1.1" status: 200 len: 16818 time: 0.0333507
2026-09-07 19:32:39.567 10 INFO neutron.wsgi [None req-57066c84-8e3c-4c22-bafb-2b656ae3f598 abd2d3e2a7644e85af965d63bd0868a6 b5a920c831ab477e8569fcfb39c1e131 - - default default] 10.0.0.35 "GET /v2.0/subnetpools HTTP/1.1" status: 200 len: 212 time: 0.0076003
2026-09-07 19:32:47.176 10 INFO neutron.wsgi [-] 10.0.0.225 "GET / HTTP/1.1" status: 200 len: 247 time: 0.0017464
2026-09-07 19:32:47.178 10 INFO neutron.wsgi [-] 10.0.0.225 "GET / HTTP/1.1" status: 200 len: 247 time: 0.0011668
2026-09-07 19:32:50.913 9 INFO neutron.db.ovn_revision_numbers_db [None req-0a4a7119-bbd4-4f8e-a669-8f0f680f8716 abd2d3e2a7644e85af965d63bd0868a6 b5a920c831ab477e8569fcfb39c1e131 - - default default] Successfully bumped revision number for resource cf6ba945-d412-47e4-96a4-0441a6249b3b (type: security_groups) to 1
2026-09-07 19:32:50.927 9 INFO neutron.db.ovn_revision_numbers_db [None req-0a4a7119-bbd4-4f8e-a669-8f0f680f8716 abd2d3e2a7644e85af965d63bd0868a6 b5a920c831ab477e8569fcfb39c1e131 - - default default] Successfully bumped revision number for resource a7c37712-6cef-48dc-b48e-fe0fe889dad8 (type: security_group_rules) to 0
2026-09-07 19:32:50.940 9 INFO neutron.db.ovn_revision_numbers_db [None req-0a4a7119-bbd4-4f8e-a669-8f0f680f8716 abd2d3e2a7644e85af965d63bd0868a6 b5a920c831ab477e8569fcfb39c1e131 - - default default] Successfully bumped revision number for resource b9829707-d59e-4930-a8ee-aa0090aafd52 (type: security_group_rules) to 0
2026-09-07 19:32:50.954 9 INFO neutron.db.ovn_revision_numbers_db [None req-0a4a7119-bbd4-4f8e-a669-8f0f680f8716 abd2d3e2a7644e85af965d63bd0868a6 b5a920c831ab477e8569fcfb39c1e131 - - default default] Successfully bumped revision number for resource ce683b30-0564-4452-9180-9b958663c161 (type: security_group_rules) to 0
2026-09-07 19:32:50.972 9 INFO neutron.db.ovn_revision_numbers_db [None req-0a4a7119-bbd4-4f8e-a669-8f0f680f8716 abd2d3e2a7644e85af965d63bd0868a6 b5a920c831ab477e8569fcfb39c1e131 - - default default] Successfully bumped revision number for resource df4ef234-b0ed-49f7-9857-fdea6943f2a3 (type: security_group_rules) to 0
2026-09-07 19:32:51.001 10 INFO neutron.db.ovn_revision_numbers_db [None req-08b4b6b6-a565-4d17-9114-249f5f7e319e abd2d3e2a7644e85af965d63bd0868a6 b5a920c831ab477e8569fcfb39c1e131 - - default default] Successfully bumped revision number for resource f618d126-b238-474e-9a70-a7996984f823 (type: security_groups) to 1
2026-09-07 19:32:51.003 10 INFO neutron.db.ovn_revision_numbers_db [None req-53c87984-7fe7-40df-9dee-e2740b6eb16e abd2d3e2a7644e85af965d63bd0868a6 b5a920c831ab477e8569fcfb39c1e131 - - default default] Successfully bumped revision number for resource 00664e26-ebac-460e-840c-c5611523928d (type: security_groups) to 1
2026-09-07 19:32:51.015 10 INFO neutron.db.ovn_revision_numbers_db [None req-08b4b6b6-a565-4d17-9114-249f5f7e319e abd2d3e2a7644e85af965d63bd0868a6 b5a920c831ab477e8569fcfb39c1e131 - - default default] Successfully bumped revision number for resource 86d8af01-24d5-4d26-adc6-fcc2afe88c41 (type: security_group_rules) to 0
2026-09-07 19:32:51.018 10 INFO neutron.db.ovn_revision_numbers_db [None req-53c87984-7fe7-40df-9dee-e2740b6eb16e abd2d3e2a7644e85af965d63bd0868a6 b5a920c831ab477e8569fcfb39c1e131 - - default default] Successfully bumped revision number for resource 5d7778e6-bed4-44e3-9232-e4aea3dc4198 (type: security_group_rules) to 0
2026-09-07 19:32:51.030 10 INFO neutron.db.ovn_revision_numbers_db [None req-08b4b6b6-a565-4d17-9114-249f5f7e319e abd2d3e2a7644e85af965d63bd0868a6 b5a920c831ab477e8569fcfb39c1e131 - - default default] Successfully bumped revision number for resource 92af0ee9-7dc5-4452-bd33-91e8fb2b4435 (type: security_group_rules) to 0
2026-09-07 19:32:51.031 10 INFO neutron.db.ovn_revision_numbers_db [None req-53c87984-7fe7-40df-9dee-e2740b6eb16e abd2d3e2a7644e85af965d63bd0868a6 b5a920c831ab477e8569fcfb39c1e131 - - default default] Successfully bumped revision number for resource 790f936f-f670-4b4f-833e-021caa4397f3 (type: security_group_rules) to 0
2026-09-07 19:32:51.042 10 INFO neutron.db.ovn_revision_numbers_db [None req-08b4b6b6-a565-4d17-9114-249f5f7e319e abd2d3e2a7644e85af965d63bd0868a6 b5a920c831ab477e8569fcfb39c1e131 - - default default] Successfully bumped revision number for resource dac64613-4b13-4834-b200-38ab2f5fbe82 (type: security_group_rules) to 0
2026-09-07 19:32:51.047 10 INFO neutron.db.ovn_revision_numbers_db [None req-53c87984-7fe7-40df-9dee-e2740b6eb16e abd2d3e2a7644e85af965d63bd0868a6 b5a920c831ab477e8569fcfb39c1e131 - - default default] Successfully bumped revision number for resource 85f9cd59-16f4-4bff-9b5f-7e7305b3b57d (type: security_group_rules) to 0
2026-09-07 19:32:51.053 9 INFO neutron.db.segments_db [None req-0a4a7119-bbd4-4f8e-a669-8f0f680f8716 abd2d3e2a7644e85af965d63bd0868a6 b5a920c831ab477e8569fcfb39c1e131 - - default default] Added segment 2a2e89e0-3bbe-4b18-96e0-b69512e133dc of type geneve for network c2bdc262-1a38-4b7c-8270-211dd9cce990
2026-09-07 19:32:51.055 10 INFO neutron.db.ovn_revision_numbers_db [None req-08b4b6b6-a565-4d17-9114-249f5f7e319e abd2d3e2a7644e85af965d63bd0868a6 b5a920c831ab477e8569fcfb39c1e131 - - default default] Successfully bumped revision number for resource fa3de1f7-bc36-4c6a-b78c-d00e289ea307 (type: security_group_rules) to 0
2026-09-07 19:32:51.062 10 INFO neutron.db.ovn_revision_numbers_db [None req-53c87984-7fe7-40df-9dee-e2740b6eb16e abd2d3e2a7644e85af965d63bd0868a6 b5a920c831ab477e8569fcfb39c1e131 - - default default] Successfully bumped revision number for resource 95311eac-347a-45cf-b44d-378b937e4eb4 (type: security_group_rules) to 0
2026-09-07 19:32:51.146 10 INFO neutron.db.segments_db [None req-08b4b6b6-a565-4d17-9114-249f5f7e319e abd2d3e2a7644e85af965d63bd0868a6 b5a920c831ab477e8569fcfb39c1e131 - - default default] Added segment 7a84304c-6e6a-4388-b042-01a69a8aa942 of type geneve for network 362be5db-7e91-46a4-a00d-f695d7830fad
2026-09-07 19:32:51.158 10 INFO neutron.db.segments_db [None req-53c87984-7fe7-40df-9dee-e2740b6eb16e abd2d3e2a7644e85af965d63bd0868a6 b5a920c831ab477e8569fcfb39c1e131 - - default default] Added segment 0086d8ec-37d1-4fc6-8ee7-91e947b5a1b7 of type geneve for network 726965a0-3b61-455d-8361-265fc62d5086
2026-09-07 19:32:51.269 9 INFO neutron.db.ovn_revision_numbers_db [None req-0a4a7119-bbd4-4f8e-a669-8f0f680f8716 abd2d3e2a7644e85af965d63bd0868a6 b5a920c831ab477e8569fcfb39c1e131 - - default default] Successfully bumped revision number for resource c2bdc262-1a38-4b7c-8270-211dd9cce990 (type: networks) to 1
2026-09-07 19:32:51.429 10 INFO neutron.db.ovn_revision_numbers_db [None req-53c87984-7fe7-40df-9dee-e2740b6eb16e abd2d3e2a7644e85af965d63bd0868a6 b5a920c831ab477e8569fcfb39c1e131 - - default default] Successfully bumped revision number for resource 726965a0-3b61-455d-8361-265fc62d5086 (type: networks) to 1
2026-09-07 19:32:51.433 9 WARNING neutron.scheduler.dhcp_agent_scheduler [None req-0a4a7119-bbd4-4f8e-a669-8f0f680f8716 abd2d3e2a7644e85af965d63bd0868a6 b5a920c831ab477e8569fcfb39c1e131 - - default default] No more DHCP agents
2026-09-07 19:32:51.436 9 WARNING neutron.api.rpc.agentnotifiers.dhcp_rpc_agent_api [None req-0a4a7119-bbd4-4f8e-a669-8f0f680f8716 abd2d3e2a7644e85af965d63bd0868a6 b5a920c831ab477e8569fcfb39c1e131 - - default default] Unable to schedule network c2bdc262-1a38-4b7c-8270-211dd9cce990: no agents available; will retry on subsequent port and subnet creation events.
2026-09-07 19:32:51.457 10 INFO neutron.db.ovn_revision_numbers_db [None req-08b4b6b6-a565-4d17-9114-249f5f7e319e abd2d3e2a7644e85af965d63bd0868a6 b5a920c831ab477e8569fcfb39c1e131 - - default default] Successfully bumped revision number for resource 362be5db-7e91-46a4-a00d-f695d7830fad (type: networks) to 1
2026-09-07 19:32:51.507 9 INFO neutron.db.ovn_revision_numbers_db [None req-0a4a7119-bbd4-4f8e-a669-8f0f680f8716 abd2d3e2a7644e85af965d63bd0868a6 b5a920c831ab477e8569fcfb39c1e131 - - default default] Successfully bumped revision number for resource 1ef1dd45-09e8-4743-854d-b0efb22f9179 (type: ports) to 1
2026-09-07 19:32:51.526 9 INFO neutron.wsgi [None req-0a4a7119-bbd4-4f8e-a669-8f0f680f8716 abd2d3e2a7644e85af965d63bd0868a6 b5a920c831ab477e8569fcfb39c1e131 - - default default] 10.0.0.35 "POST /v2.0/networks HTTP/1.1" status: 201 len: 951 time: 0.8830473
2026-09-07 19:32:51.673 9 WARNING neutron.scheduler.dhcp_agent_scheduler [None req-fdbb22c7-da52-4e47-a375-8b3a7267af15 abd2d3e2a7644e85af965d63bd0868a6 b5a920c831ab477e8569fcfb39c1e131 - - default default] No more DHCP agents
2026-09-07 19:32:51.675 9 WARNING neutron.api.rpc.agentnotifiers.dhcp_rpc_agent_api [None req-fdbb22c7-da52-4e47-a375-8b3a7267af15 abd2d3e2a7644e85af965d63bd0868a6 b5a920c831ab477e8569fcfb39c1e131 - - default default] Unable to schedule network c2bdc262-1a38-4b7c-8270-211dd9cce990: no agents available; will retry on subsequent port and subnet creation events.
2026-09-07 19:32:51.686 10 WARNING neutron.scheduler.dhcp_agent_scheduler [None req-53c87984-7fe7-40df-9dee-e2740b6eb16e abd2d3e2a7644e85af965d63bd0868a6 b5a920c831ab477e8569fcfb39c1e131 - - default default] No more DHCP agents
2026-09-07 19:32:51.690 10 WARNING neutron.api.rpc.agentnotifiers.dhcp_rpc_agent_api [None req-53c87984-7fe7-40df-9dee-e2740b6eb16e abd2d3e2a7644e85af965d63bd0868a6 b5a920c831ab477e8569fcfb39c1e131 - - default default] Unable to schedule network 726965a0-3b61-455d-8361-265fc62d5086: no agents available; will retry on subsequent port and subnet creation events.
2026-09-07 19:32:51.718 10 WARNING neutron.scheduler.dhcp_agent_scheduler [None req-08b4b6b6-a565-4d17-9114-249f5f7e319e abd2d3e2a7644e85af965d63bd0868a6 b5a920c831ab477e8569fcfb39c1e131 - - default default] No more DHCP agents
2026-09-07 19:32:51.721 10 WARNING neutron.api.rpc.agentnotifiers.dhcp_rpc_agent_api [None req-08b4b6b6-a565-4d17-9114-249f5f7e319e abd2d3e2a7644e85af965d63bd0868a6 b5a920c831ab477e8569fcfb39c1e131 - - default default] Unable to schedule network 362be5db-7e91-46a4-a00d-f695d7830fad: no agents available; will retry on subsequent port and subnet creation events.
2026-09-07 19:32:51.817 10 INFO neutron.db.ovn_revision_numbers_db [None req-53c87984-7fe7-40df-9dee-e2740b6eb16e abd2d3e2a7644e85af965d63bd0868a6 b5a920c831ab477e8569fcfb39c1e131 - - default default] Successfully bumped revision number for resource 73d4c523-301e-4ed2-b45b-08843b984ece (type: ports) to 1
2026-09-07 19:32:51.833 10 INFO neutron.db.ovn_revision_numbers_db [None req-08b4b6b6-a565-4d17-9114-249f5f7e319e abd2d3e2a7644e85af965d63bd0868a6 b5a920c831ab477e8569fcfb39c1e131 - - default default] Successfully bumped revision number for resource 78d946d8-de0f-408d-ac12-8d5907d896b0 (type: ports) to 1
2026-09-07 19:32:51.846 10 INFO neutron.wsgi [None req-53c87984-7fe7-40df-9dee-e2740b6eb16e abd2d3e2a7644e85af965d63bd0868a6 b5a920c831ab477e8569fcfb39c1e131 - - default default] 10.0.0.35 "POST /v2.0/networks HTTP/1.1" status: 201 len: 940 time: 1.0405390
2026-09-07 19:32:51.857 10 INFO neutron.wsgi [None req-08b4b6b6-a565-4d17-9114-249f5f7e319e abd2d3e2a7644e85af965d63bd0868a6 b5a920c831ab477e8569fcfb39c1e131 - - default default] 10.0.0.35 "POST /v2.0/networks HTTP/1.1" status: 201 len: 949 time: 1.0369012
2026-09-07 19:32:51.949 10 INFO neutron.db.ovn_revision_numbers_db [None req-ac56bfb6-b08f-421e-a80d-8cd6eb1523b3 abd2d3e2a7644e85af965d63bd0868a6 b5a920c831ab477e8569fcfb39c1e131 - - default default] Successfully bumped revision number for resource d7d7a685-6434-4718-b428-95a7917073c4 (type: security_groups) to 1
2026-09-07 19:32:51.971 10 INFO neutron.db.ovn_revision_numbers_db [None req-ac56bfb6-b08f-421e-a80d-8cd6eb1523b3 abd2d3e2a7644e85af965d63bd0868a6 b5a920c831ab477e8569fcfb39c1e131 - - default default] Successfully bumped revision number for resource 21c64631-62d0-426e-affa-b3af3225e3d0 (type: security_group_rules) to 0
2026-09-07 19:32:51.985 10 INFO neutron.db.ovn_revision_numbers_db [None req-ac56bfb6-b08f-421e-a80d-8cd6eb1523b3 abd2d3e2a7644e85af965d63bd0868a6 b5a920c831ab477e8569fcfb39c1e131 - - default default] Successfully bumped revision number for resource 3659ed9e-6711-49b8-9fbe-41fd75cdf039 (type: security_group_rules) to 0
2026-09-07 19:32:52.005 10 INFO neutron.db.ovn_revision_numbers_db [None req-ac56bfb6-b08f-421e-a80d-8cd6eb1523b3 abd2d3e2a7644e85af965d63bd0868a6 b5a920c831ab477e8569fcfb39c1e131 - - default default] Successfully bumped revision number for resource 84c015fa-5f78-4020-943a-4085fb5e74f6 (type: security_group_rules) to 0
2026-09-07 19:32:52.008 10 WARNING neutron.scheduler.dhcp_agent_scheduler [None req-3a4fcd78-9710-44cb-bbf3-8f76f95a72be abd2d3e2a7644e85af965d63bd0868a6 b5a920c831ab477e8569fcfb39c1e131 - - default default] No more DHCP agents
2026-09-07 19:32:52.014 10 WARNING neutron.api.rpc.agentnotifiers.dhcp_rpc_agent_api [None req-3a4fcd78-9710-44cb-bbf3-8f76f95a72be abd2d3e2a7644e85af965d63bd0868a6 b5a920c831ab477e8569fcfb39c1e131 - - default default] Unable to schedule network 726965a0-3b61-455d-8361-265fc62d5086: no agents available; will retry on subsequent port and subnet creation events.
2026-09-07 19:32:52.025 10 INFO neutron.db.ovn_revision_numbers_db [None req-ac56bfb6-b08f-421e-a80d-8cd6eb1523b3 abd2d3e2a7644e85af965d63bd0868a6 b5a920c831ab477e8569fcfb39c1e131 - - default default] Successfully bumped revision number for resource fcb2d53d-765f-4c02-b1eb-6a9cb8246900 (type: security_group_rules) to 0
2026-09-07 19:32:52.050 10 INFO neutron.wsgi [None req-ac56bfb6-b08f-421e-a80d-8cd6eb1523b3 abd2d3e2a7644e85af965d63bd0868a6 b5a920c831ab477e8569fcfb39c1e131 - - default default] 10.0.0.35 "GET /v2.0/security-groups?tenant_id=7957badce9ea437e908790df30741f86&name=default HTTP/1.1" status: 200 len: 2992 time: 0.4271500
2026-09-07 19:32:52.107 9 WARNING neutron.scheduler.dhcp_agent_scheduler [None req-951361c8-3c5a-4212-90d6-29469ef5ee7a abd2d3e2a7644e85af965d63bd0868a6 b5a920c831ab477e8569fcfb39c1e131 - - default default] No more DHCP agents
2026-09-07 19:32:52.112 9 WARNING neutron.api.rpc.agentnotifiers.dhcp_rpc_agent_api [None req-951361c8-3c5a-4212-90d6-29469ef5ee7a abd2d3e2a7644e85af965d63bd0868a6 b5a920c831ab477e8569fcfb39c1e131 - - default default] Unable to schedule network 362be5db-7e91-46a4-a00d-f695d7830fad: no agents available; will retry on subsequent port and subnet creation events.
2026-09-07 19:32:52.343 9 INFO neutron.db.ovn_revision_numbers_db [None req-fdbb22c7-da52-4e47-a375-8b3a7267af15 abd2d3e2a7644e85af965d63bd0868a6 b5a920c831ab477e8569fcfb39c1e131 - - default default] Successfully bumped revision number for resource 1ef1dd45-09e8-4743-854d-b0efb22f9179 (type: ports) to 2
2026-09-07 19:32:52.392 9 INFO neutron.db.ovn_revision_numbers_db [None req-fdbb22c7-da52-4e47-a375-8b3a7267af15 abd2d3e2a7644e85af965d63bd0868a6 b5a920c831ab477e8569fcfb39c1e131 - - default default] Successfully bumped revision number for resource 804599b1-3d3a-4c6e-b312-d6dae510680b (type: subnets) to 0
2026-09-07 19:32:52.408 9 INFO neutron.wsgi [None req-fdbb22c7-da52-4e47-a375-8b3a7267af15 abd2d3e2a7644e85af965d63bd0868a6 b5a920c831ab477e8569fcfb39c1e131 - - default default] 10.0.0.35 "POST /v2.0/subnets HTTP/1.1" status: 201 len: 871 time: 0.8756540
2026-09-07 19:32:52.452 10 INFO neutron.wsgi [None req-738d07bf-6524-4181-b757-cda1161f4f2a abd2d3e2a7644e85af965d63bd0868a6 b5a920c831ab477e8569fcfb39c1e131 - - default default] 10.0.0.35 "DELETE /v2.0/security-groups/d7d7a685-6434-4718-b428-95a7917073c4 HTTP/1.1" status: 204 len: 168 time: 0.3946049
2026-09-07 19:32:52.537 9 INFO neutron.db.ovn_revision_numbers_db [None req-951361c8-3c5a-4212-90d6-29469ef5ee7a abd2d3e2a7644e85af965d63bd0868a6 b5a920c831ab477e8569fcfb39c1e131 - - default default] Successfully bumped revision number for resource 78d946d8-de0f-408d-ac12-8d5907d896b0 (type: ports) to 2
2026-09-07 19:32:52.567 9 INFO neutron.db.ovn_revision_numbers_db [None req-951361c8-3c5a-4212-90d6-29469ef5ee7a abd2d3e2a7644e85af965d63bd0868a6 b5a920c831ab477e8569fcfb39c1e131 - - default default] Successfully bumped revision number for resource a19572de-593a-435a-b529-69f23b3f9b29 (type: subnets) to 0
2026-09-07 19:32:52.579 9 INFO neutron.wsgi [None req-951361c8-3c5a-4212-90d6-29469ef5ee7a abd2d3e2a7644e85af965d63bd0868a6 b5a920c831ab477e8569fcfb39c1e131 - - default default] 10.0.0.35 "POST /v2.0/subnets HTTP/1.1" status: 201 len: 869 time: 0.7172508
2026-09-07 19:32:52.753 10 INFO neutron.db.ovn_revision_numbers_db [None req-3a4fcd78-9710-44cb-bbf3-8f76f95a72be abd2d3e2a7644e85af965d63bd0868a6 b5a920c831ab477e8569fcfb39c1e131 - - default default] Successfully bumped revision number for resource 73d4c523-301e-4ed2-b45b-08843b984ece (type: ports) to 2
2026-09-07 19:32:52.855 10 INFO neutron.db.ovn_revision_numbers_db [None req-3a4fcd78-9710-44cb-bbf3-8f76f95a72be abd2d3e2a7644e85af965d63bd0868a6 b5a920c831ab477e8569fcfb39c1e131 - - default default] Successfully bumped revision number for resource 34c53a96-c40e-4a81-9d1a-301ba6f7dc12 (type: subnets) to 0
2026-09-07 19:32:52.881 10 INFO neutron.wsgi [None req-3a4fcd78-9710-44cb-bbf3-8f76f95a72be abd2d3e2a7644e85af965d63bd0868a6 b5a920c831ab477e8569fcfb39c1e131 - - default default] 10.0.0.35 "POST /v2.0/subnets HTTP/1.1" status: 201 len: 860 time: 1.0266457
2026-09-07 19:32:53.156 9 WARNING neutron.scheduler.dhcp_agent_scheduler [None req-c3d4ab87-062b-49af-998c-a0ec25c944c9 abd2d3e2a7644e85af965d63bd0868a6 b5a920c831ab477e8569fcfb39c1e131 - - default default] No more DHCP agents
2026-09-07 19:32:53.158 9 WARNING neutron.api.rpc.agentnotifiers.dhcp_rpc_agent_api [None req-c3d4ab87-062b-49af-998c-a0ec25c944c9 abd2d3e2a7644e85af965d63bd0868a6 b5a920c831ab477e8569fcfb39c1e131 - - default default] Unable to schedule network b7e8518a-af92-4e11-a6f0-cf6a114a5a59: no agents available; will retry on subsequent port and subnet creation events.
2026-09-07 19:32:53.242 10 WARNING neutron.scheduler.dhcp_agent_scheduler [None req-7b1e195a-46ad-4c1e-b45b-7ac5bc6fa94b abd2d3e2a7644e85af965d63bd0868a6 b5a920c831ab477e8569fcfb39c1e131 - - default default] No more DHCP agents
