2026-09-07 19:33:57.539 10 WARNING neutron.scheduler.dhcp_agent_scheduler [None req-e876c743-c27f-4a61-96ba-d7bce0b30a49 e490c20c965248f890b9a166a327eda5 c5f9a505725d449f86696a75708d6975 - - default default] No more DHCP agents
2026-09-07 19:33:57.541 10 WARNING neutron.api.rpc.agentnotifiers.dhcp_rpc_agent_api [None req-e876c743-c27f-4a61-96ba-d7bce0b30a49 e490c20c965248f890b9a166a327eda5 c5f9a505725d449f86696a75708d6975 - - default default] Unable to schedule network aa17f947-07a7-4d71-9df1-371e6a0c2a86: no agents available; will retry on subsequent port and subnet creation events.
2026-09-07 19:33:57.628 10 INFO neutron.db.ovn_revision_numbers_db [None req-e876c743-c27f-4a61-96ba-d7bce0b30a49 e490c20c965248f890b9a166a327eda5 c5f9a505725d449f86696a75708d6975 - - default default] Successfully bumped revision number for resource 40b1f9ff-79b6-4dc9-a563-c3a19356b23a (type: ports) to 1
2026-09-07 19:33:57.669 10 INFO neutron.wsgi [None req-e876c743-c27f-4a61-96ba-d7bce0b30a49 e490c20c965248f890b9a166a327eda5 c5f9a505725d449f86696a75708d6975 - - default default] 10.0.0.35 "POST /v2.0/ports HTTP/1.1" status: 201 len: 1706 time: 0.8393369 /var/lib/openstack/lib/python3.10/site-packages/pycadf/identifier.py:71: UserWarning: Invalid uuid: neutron. To ensure interoperability, identifiers should be a valid uuid. warnings.warn(('Invalid uuid: %s. To ensure interoperability, '
2026-09-07 19:33:57.853 9 INFO neutron.db.ovn_revision_numbers_db [None req-b60202f0-85de-4a81-b0d6-18eaad648a18 abd2d3e2a7644e85af965d63bd0868a6 b5a920c831ab477e8569fcfb39c1e131 - - default default] Successfully bumped revision number for resource eaeb3a8e-e642-44f6-9778-e20454e1d715 (type: router_ports) to 2
2026-09-07 19:33:57.855 9 INFO neutron.wsgi [None req-b60202f0-85de-4a81-b0d6-18eaad648a18 abd2d3e2a7644e85af965d63bd0868a6 b5a920c831ab477e8569fcfb39c1e131 - - default default] 10.0.0.35 "PUT /v2.0/routers/7529fa01-e64a-42b2-879e-a1ca93047da0/add_router_interface HTTP/1.1" status: 200 len: 503 time: 2.7594881
2026-09-07 19:33:57.869 10 INFO neutron.wsgi [None req-92f60663-ee24-4a47-8fa7-c4ba403825af e490c20c965248f890b9a166a327eda5 c5f9a505725d449f86696a75708d6975 - - default default] 10.0.0.35 "GET /v2.0/ports HTTP/1.1" status: 200 len: 3213 time: 0.1900163
2026-09-07 19:33:58.099 10 INFO neutron.wsgi [None req-4e0c94f5-c9f6-4dc4-a328-5f85f058fa71 e490c20c965248f890b9a166a327eda5 c5f9a505725d449f86696a75708d6975 - - default default] 10.0.0.35 "DELETE /v2.0/ports/01f1bd3c-5c4d-431d-806d-8fbe59853bd6 HTTP/1.1" status: 204 len: 168 time: 0.2247849
2026-09-07 19:33:58.351 10 INFO neutron.wsgi [None req-f4e32b8e-8d2b-4b61-85e7-689ab6fd814a e490c20c965248f890b9a166a327eda5 c5f9a505725d449f86696a75708d6975 - - default default] 10.0.0.35 "DELETE /v2.0/ports/40b1f9ff-79b6-4dc9-a563-c3a19356b23a HTTP/1.1" status: 204 len: 168 time: 0.2379014
2026-09-07 19:33:58.393 10 INFO neutron.wsgi [None req-224622d5-a35c-4ff2-a70c-279ddfbe2cf3 e490c20c965248f890b9a166a327eda5 c5f9a505725d449f86696a75708d6975 - - default default] 10.0.0.35 "GET /v2.0/ports HTTP/1.1" status: 200 len: 1718 time: 0.0367785
2026-09-07 19:33:58.497 10 INFO neutron.db.segments_db [None req-cd9ea22e-aa15-475d-9661-599ec66ad082 e490c20c965248f890b9a166a327eda5 c5f9a505725d449f86696a75708d6975 - - default default] Added segment 21997cfc-3fd0-42a9-8713-cf8f9c3bb03d of type geneve for network 62554ff3-2106-40c3-882f-a9a52a189c42
2026-09-07 19:33:59.049 10 INFO neutron.db.ovn_revision_numbers_db [None req-cd9ea22e-aa15-475d-9661-599ec66ad082 e490c20c965248f890b9a166a327eda5 c5f9a505725d449f86696a75708d6975 - - default default] Successfully bumped revision number for resource 62554ff3-2106-40c3-882f-a9a52a189c42 (type: networks) to 1
2026-09-07 19:33:59.062 10 INFO neutron.wsgi [req-c210a659-8ab2-41bf-af33-39d02270134c req-72775e40-9511-43d4-97d4-758703f27352 2577475f7715407a8a29671fc3f28f8f 643a6e7331c841b59c3ce40e497d4906 - - default default] 10.0.0.1 "GET /v2.0/networks?id=21b01d38-57db-49af-a061-ff51f1284722 HTTP/1.1" status: 200 len: 876 time: 0.0892994
2026-09-07 19:33:59.084 10 INFO neutron.wsgi [req-c210a659-8ab2-41bf-af33-39d02270134c req-846fcb8f-2f13-4479-9d7c-e4fcb72a03f7 2577475f7715407a8a29671fc3f28f8f 643a6e7331c841b59c3ce40e497d4906 - - default default] 10.0.0.1 "GET /v2.0/quotas/643a6e7331c841b59c3ce40e497d4906 HTTP/1.1" status: 200 len: 386 time: 0.0118251
2026-09-07 19:33:59.221 10 INFO neutron.wsgi [req-c210a659-8ab2-41bf-af33-39d02270134c req-e2451fc8-22db-4148-994d-2da2cbc0f5be 2577475f7715407a8a29671fc3f28f8f 643a6e7331c841b59c3ce40e497d4906 - - default default] 10.0.0.1 "GET /v2.0/ports?tenant_id=643a6e7331c841b59c3ce40e497d4906&fields=id HTTP/1.1" status: 200 len: 302 time: 0.1294882
2026-09-07 19:33:59.291 10 WARNING neutron.scheduler.dhcp_agent_scheduler [None req-cd9ea22e-aa15-475d-9661-599ec66ad082 e490c20c965248f890b9a166a327eda5 c5f9a505725d449f86696a75708d6975 - - default default] No more DHCP agents
2026-09-07 19:33:59.296 10 WARNING neutron.api.rpc.agentnotifiers.dhcp_rpc_agent_api [None req-cd9ea22e-aa15-475d-9661-599ec66ad082 e490c20c965248f890b9a166a327eda5 c5f9a505725d449f86696a75708d6975 - - default default] Unable to schedule network 62554ff3-2106-40c3-882f-a9a52a189c42: no agents available; will retry on subsequent port and subnet creation events.
2026-09-07 19:33:59.317 10 INFO neutron.wsgi [req-c210a659-8ab2-41bf-af33-39d02270134c req-e62ac870-25c7-4393-9c79-55c4a0a9a6a2 7d811d46b06048dc8b551f9127a1f3f9 31a9140917a44ab8aea403ca45ecd12e - - 25d29ca8d90e466ca464a71debf3088a 25d29ca8d90e466ca464a71debf3088a] 10.0.0.1 "GET /v2.0/networks/21b01d38-57db-49af-a061-ff51f1284722?fields=segments HTTP/1.1" status: 200 len: 212 time: 0.0864537
2026-09-07 19:33:59.421 10 INFO neutron.wsgi [req-c210a659-8ab2-41bf-af33-39d02270134c req-9dcaba94-bbdb-4602-afbe-ff2b070eb30e 7d811d46b06048dc8b551f9127a1f3f9 31a9140917a44ab8aea403ca45ecd12e - - 25d29ca8d90e466ca464a71debf3088a 25d29ca8d90e466ca464a71debf3088a] 10.0.0.1 "GET /v2.0/networks/21b01d38-57db-49af-a061-ff51f1284722?fields=provider%3Aphysical_network&fields=provider%3Anetwork_type HTTP/1.1" status: 200 len: 277 time: 0.0962498
2026-09-07 19:33:59.426 10 INFO neutron.db.ovn_revision_numbers_db [None req-cd9ea22e-aa15-475d-9661-599ec66ad082 e490c20c965248f890b9a166a327eda5 c5f9a505725d449f86696a75708d6975 - - default default] Successfully bumped revision number for resource db50f4ee-9762-49b7-a64a-ef27f9efca8c (type: ports) to 1
2026-09-07 19:33:59.446 10 INFO neutron.wsgi [None req-cd9ea22e-aa15-475d-9661-599ec66ad082 e490c20c965248f890b9a166a327eda5 c5f9a505725d449f86696a75708d6975 - - default default] 10.0.0.35 "POST /v2.0/networks HTTP/1.1" status: 201 len: 848 time: 1.0443566
2026-09-07 19:33:59.560 10 INFO neutron.wsgi [req-95d52eaa-9533-4d45-8437-584237a3677f req-b41f61aa-b483-4ea6-a3ad-28b460dbb9ba 2577475f7715407a8a29671fc3f28f8f 643a6e7331c841b59c3ce40e497d4906 - - default default] 10.0.0.1 "GET /v2.0/ports?device_id=4ef025f6-a2de-43a0-8e62-ab76a36f5fde HTTP/1.1" status: 200 len: 210 time: 0.0350170
2026-09-07 19:33:59.561 9 INFO neutron.db.segments_db [None req-99567383-018d-493a-978d-87c61c51ae70 e490c20c965248f890b9a166a327eda5 c5f9a505725d449f86696a75708d6975 - - default default] Added segment bac5b59b-9ad2-4f19-b7bb-b13319a0f4d6 of type geneve for network 45f57548-fcdc-47f9-9788-e3d8b29a250f
2026-09-07 19:33:59.752 9 INFO neutron.db.ovn_revision_numbers_db [None req-99567383-018d-493a-978d-87c61c51ae70 e490c20c965248f890b9a166a327eda5 c5f9a505725d449f86696a75708d6975 - - default default] Successfully bumped revision number for resource 45f57548-fcdc-47f9-9788-e3d8b29a250f (type: networks) to 1
2026-09-07 19:33:59.942 9 WARNING neutron.scheduler.dhcp_agent_scheduler [None req-99567383-018d-493a-978d-87c61c51ae70 e490c20c965248f890b9a166a327eda5 c5f9a505725d449f86696a75708d6975 - - default default] No more DHCP agents
2026-09-07 19:33:59.944 9 WARNING neutron.api.rpc.agentnotifiers.dhcp_rpc_agent_api [None req-99567383-018d-493a-978d-87c61c51ae70 e490c20c965248f890b9a166a327eda5 c5f9a505725d449f86696a75708d6975 - - default default] Unable to schedule network 45f57548-fcdc-47f9-9788-e3d8b29a250f: no agents available; will retry on subsequent port and subnet creation events.
2026-09-07 19:34:00.020 9 INFO neutron.db.ovn_revision_numbers_db [None req-99567383-018d-493a-978d-87c61c51ae70 e490c20c965248f890b9a166a327eda5 c5f9a505725d449f86696a75708d6975 - - default default] Successfully bumped revision number for resource 00b0fa56-9cbc-4743-b465-f5142c8eca00 (type: ports) to 1
2026-09-07 19:34:00.037 9 INFO neutron.wsgi [None req-99567383-018d-493a-978d-87c61c51ae70 e490c20c965248f890b9a166a327eda5 c5f9a505725d449f86696a75708d6975 - - default default] 10.0.0.35 "POST /v2.0/networks HTTP/1.1" status: 201 len: 848 time: 0.5855384
2026-09-07 19:34:00.323 10 INFO neutron.wsgi [req-c210a659-8ab2-41bf-af33-39d02270134c req-17d4bde3-ee18-4fdf-8b03-6d5ac8940beb 2577475f7715407a8a29671fc3f28f8f 643a6e7331c841b59c3ce40e497d4906 - - default default] 162.253.55.34 "GET /v2.0/networks?id=21b01d38-57db-49af-a061-ff51f1284722 HTTP/1.1" status: 200 len: 876 time: 0.0752940 /var/lib/openstack/lib/python3.10/site-packages/pycadf/identifier.py:71: UserWarning: Invalid uuid: neutron. To ensure interoperability, identifiers should be a valid uuid. warnings.warn(('Invalid uuid: %s. To ensure interoperability, '
2026-09-07 19:34:00.655 9 WARNING neutron.scheduler.dhcp_agent_scheduler [None req-a88f6db5-d29e-40e0-9d3c-078eb812d861 e490c20c965248f890b9a166a327eda5 c5f9a505725d449f86696a75708d6975 - - default default] No more DHCP agents
2026-09-07 19:34:00.657 9 WARNING neutron.api.rpc.agentnotifiers.dhcp_rpc_agent_api [None req-a88f6db5-d29e-40e0-9d3c-078eb812d861 e490c20c965248f890b9a166a327eda5 c5f9a505725d449f86696a75708d6975 - - default default] Unable to schedule network 62554ff3-2106-40c3-882f-a9a52a189c42: no agents available; will retry on subsequent port and subnet creation events.
2026-09-07 19:34:00.697 10 WARNING neutron.scheduler.dhcp_agent_scheduler [req-c210a659-8ab2-41bf-af33-39d02270134c req-952a8573-581d-4354-9f2c-f0942480b87c 2577475f7715407a8a29671fc3f28f8f 643a6e7331c841b59c3ce40e497d4906 - - default default] No more DHCP agents
2026-09-07 19:34:00.703 10 INFO neutron.wsgi [req-42230938-2bed-4d5d-9fe6-99e51bbb9152 req-d1eb6f0c-5b01-4118-ba5f-3a601ad9edba 2577475f7715407a8a29671fc3f28f8f 643a6e7331c841b59c3ce40e497d4906 - - default default] 10.0.0.1 "GET /v2.0/ports?device_id=4ef025f6-a2de-43a0-8e62-ab76a36f5fde HTTP/1.1" status: 200 len: 1160 time: 0.0577152
2026-09-07 19:34:00.705 10 WARNING neutron.api.rpc.agentnotifiers.dhcp_rpc_agent_api [req-c210a659-8ab2-41bf-af33-39d02270134c req-952a8573-581d-4354-9f2c-f0942480b87c 2577475f7715407a8a29671fc3f28f8f 643a6e7331c841b59c3ce40e497d4906 - - default default] Unable to schedule network 21b01d38-57db-49af-a061-ff51f1284722: no agents available; will retry on subsequent port and subnet creation events. /var/lib/openstack/lib/python3.10/site-packages/pycadf/identifier.py:71: UserWarning: Invalid uuid: neutron. To ensure interoperability, identifiers should be a valid uuid. warnings.warn(('Invalid uuid: %s. To ensure interoperability, '
2026-09-07 19:34:00.774 10 INFO neutron.wsgi [req-42230938-2bed-4d5d-9fe6-99e51bbb9152 req-42be4ae0-84b7-48fc-8149-93e70df4857e 2577475f7715407a8a29671fc3f28f8f 643a6e7331c841b59c3ce40e497d4906 - - default default] 10.0.0.1 "GET /v2.0/security-groups?id=584f30a3-44b9-40a8-a3d8-801c5e2410a7&fields=id&fields=name HTTP/1.1" status: 200 len: 286 time: 0.0496016
2026-09-07 19:34:00.896 10 INFO neutron.db.ovn_revision_numbers_db [req-c210a659-8ab2-41bf-af33-39d02270134c req-952a8573-581d-4354-9f2c-f0942480b87c 2577475f7715407a8a29671fc3f28f8f 643a6e7331c841b59c3ce40e497d4906 - - default default] Successfully bumped revision number for resource 6083ac48-518e-45a2-9450-b06043405f2d (type: ports) to 1
2026-09-07 19:34:00.920 10 INFO neutron.wsgi [req-c210a659-8ab2-41bf-af33-39d02270134c req-952a8573-581d-4354-9f2c-f0942480b87c 2577475f7715407a8a29671fc3f28f8f 643a6e7331c841b59c3ce40e497d4906 - - default default] 162.253.55.34 "POST /v2.0/ports HTTP/1.1" status: 201 len: 1162 time: 0.5854225
2026-09-07 19:34:01.150 10 INFO neutron.db.ovn_revision_numbers_db [None req-038b3ac1-764c-441f-8b30-5dc5a848f30a abd2d3e2a7644e85af965d63bd0868a6 b5a920c831ab477e8569fcfb39c1e131 - - default default] Successfully bumped revision number for resource 178b344e-653b-4004-a0cd-9d1e4464a34e (type: security_groups) to 1
2026-09-07 19:34:01.175 10 INFO neutron.db.ovn_revision_numbers_db [None req-038b3ac1-764c-441f-8b30-5dc5a848f30a abd2d3e2a7644e85af965d63bd0868a6 b5a920c831ab477e8569fcfb39c1e131 - - default default] Successfully bumped revision number for resource 260b62b1-a9d5-4738-b6ae-4ff29eea6640 (type: security_group_rules) to 0
2026-09-07 19:34:01.197 10 INFO neutron.db.ovn_revision_numbers_db [None req-038b3ac1-764c-441f-8b30-5dc5a848f30a abd2d3e2a7644e85af965d63bd0868a6 b5a920c831ab477e8569fcfb39c1e131 - - default default] Successfully bumped revision number for resource 65d05172-a959-4f78-8ca3-480b603c2733 (type: security_group_rules) to 0
2026-09-07 19:34:01.211 9 INFO neutron.db.ovn_revision_numbers_db [None req-a88f6db5-d29e-40e0-9d3c-078eb812d861 e490c20c965248f890b9a166a327eda5 c5f9a505725d449f86696a75708d6975 - - default default] Successfully bumped revision number for resource db50f4ee-9762-49b7-a64a-ef27f9efca8c (type: ports) to 2
2026-09-07 19:34:01.234 10 INFO neutron.db.ovn_revision_numbers_db [None req-038b3ac1-764c-441f-8b30-5dc5a848f30a abd2d3e2a7644e85af965d63bd0868a6 b5a920c831ab477e8569fcfb39c1e131 - - default default] Successfully bumped revision number for resource 707bc722-32d9-4553-a4ff-83dfbc38623a (type: security_group_rules) to 0
2026-09-07 19:34:01.271 10 INFO neutron.db.ovn_revision_numbers_db [None req-038b3ac1-764c-441f-8b30-5dc5a848f30a abd2d3e2a7644e85af965d63bd0868a6 b5a920c831ab477e8569fcfb39c1e131 - - default default] Successfully bumped revision number for resource aaca89d0-1fc6-4ecf-bcd7-c68d396741b1 (type: security_group_rules) to 0
2026-09-07 19:34:01.292 9 INFO neutron.db.ovn_revision_numbers_db [None req-a88f6db5-d29e-40e0-9d3c-078eb812d861 e490c20c965248f890b9a166a327eda5 c5f9a505725d449f86696a75708d6975 - - default default] Successfully bumped revision number for resource 9366d966-d989-4c9a-a53a-4f0a36550a8b (type: subnets) to 0
2026-09-07 19:34:01.313 10 INFO neutron.wsgi [None req-038b3ac1-764c-441f-8b30-5dc5a848f30a abd2d3e2a7644e85af965d63bd0868a6 b5a920c831ab477e8569fcfb39c1e131 - - default default] 10.0.0.35 "GET /v2.0/security-groups?tenant_id=2774543314544de4860513f0aee33c59&name=default HTTP/1.1" status: 200 len: 2996 time: 0.5525262
2026-09-07 19:34:01.338 9 WARNING neutron.scheduler.dhcp_agent_scheduler [None req-a88f6db5-d29e-40e0-9d3c-078eb812d861 e490c20c965248f890b9a166a327eda5 c5f9a505725d449f86696a75708d6975 - - default default] No more DHCP agents
2026-09-07 19:34:01.342 9 WARNING neutron.api.rpc.agentnotifiers.dhcp_rpc_agent_api [None req-a88f6db5-d29e-40e0-9d3c-078eb812d861 e490c20c965248f890b9a166a327eda5 c5f9a505725d449f86696a75708d6975 - - default default] Unable to schedule network 45f57548-fcdc-47f9-9788-e3d8b29a250f: no agents available; will retry on subsequent port and subnet creation events.
2026-09-07 19:34:01.437 10 INFO neutron.db.ovn_revision_numbers_db [req-c210a659-8ab2-41bf-af33-39d02270134c req-63b15be7-b2ed-4383-8ec9-75e100faadcd 7d811d46b06048dc8b551f9127a1f3f9 31a9140917a44ab8aea403ca45ecd12e - - 25d29ca8d90e466ca464a71debf3088a 25d29ca8d90e466ca464a71debf3088a] Successfully bumped revision number for resource 6083ac48-518e-45a2-9450-b06043405f2d (type: ports) to 2 /var/lib/openstack/lib/python3.10/site-packages/pycadf/identifier.py:71: UserWarning: Invalid uuid: neutron. To ensure interoperability, identifiers should be a valid uuid. warnings.warn(('Invalid uuid: %s. To ensure interoperability, '
2026-09-07 19:34:01.594 10 INFO neutron.wsgi [req-6cc37a16-bbb6-409e-93a1-52f80cfcc2fc req-289f5e39-8a27-4262-a9bb-76425166b6a0 2d7e3f95d2284650a40950bbff7f2994 e0afda8232b74fa597e36532eb60d362 - - default default] 10.0.0.1 "GET /v2.0/ports?device_id=aaa1bc62-6b0e-4c7a-a6ff-71768fe05146 HTTP/1.1" status: 200 len: 1170 time: 0.1225538
2026-09-07 19:34:01.604 9 INFO neutron.wsgi [None req-9cb9d489-fee9-4d0f-ba3e-20ea88b91994 abd2d3e2a7644e85af965d63bd0868a6 b5a920c831ab477e8569fcfb39c1e131 - - default default] 10.0.0.35 "DELETE /v2.0/security-groups/178b344e-653b-4004-a0cd-9d1e4464a34e HTTP/1.1" status: 204 len: 168 time: 0.2833838
2026-09-07 19:34:01.664 10 INFO neutron.wsgi [req-6cc37a16-bbb6-409e-93a1-52f80cfcc2fc req-7dd25d40-967b-4e4d-a166-8c4f63334f58 2d7e3f95d2284650a40950bbff7f2994 e0afda8232b74fa597e36532eb60d362 - - default default] 10.0.0.1 "GET /v2.0/security-groups?id=7af57a8c-f35b-4434-9da0-0c1418b716f1&fields=id&fields=name HTTP/1.1" status: 200 len: 313 time: 0.0603468
2026-09-07 19:34:01.707 10 INFO neutron.db.ovn_revision_numbers_db [req-c210a659-8ab2-41bf-af33-39d02270134c req-63b15be7-b2ed-4383-8ec9-75e100faadcd 7d811d46b06048dc8b551f9127a1f3f9 31a9140917a44ab8aea403ca45ecd12e - - 25d29ca8d90e466ca464a71debf3088a 25d29ca8d90e466ca464a71debf3088a] Successfully bumped revision number for resource 6083ac48-518e-45a2-9450-b06043405f2d (type: ports) to 2
2026-09-07 19:34:01.734 10 INFO neutron.wsgi [req-c210a659-8ab2-41bf-af33-39d02270134c req-63b15be7-b2ed-4383-8ec9-75e100faadcd 7d811d46b06048dc8b551f9127a1f3f9 31a9140917a44ab8aea403ca45ecd12e - - 25d29ca8d90e466ca464a71debf3088a 25d29ca8d90e466ca464a71debf3088a] 162.253.55.34 "PUT /v2.0/ports/6083ac48-518e-45a2-9450-b06043405f2d HTTP/1.1" status: 200 len: 1380 time: 0.7989695 /var/lib/openstack/lib/python3.10/site-packages/pycadf/identifier.py:71: UserWarning: Invalid uuid: neutron. To ensure interoperability, identifiers should be a valid uuid. warnings.warn(('Invalid uuid: %s. To ensure interoperability, '
2026-09-07 19:34:01.785 10 INFO neutron.wsgi [req-856dbb19-d2df-4298-beca-1c00c8fb5a06 req-04ebfaa7-ae65-4996-abd7-b3c67ea1c65b 2d7e3f95d2284650a40950bbff7f2994 e0afda8232b74fa597e36532eb60d362 - - default default] 10.0.0.1 "GET /v2.0/ports?device_id=aaa1bc62-6b0e-4c7a-a6ff-71768fe05146 HTTP/1.1" status: 200 len: 1170 time: 0.0426898
2026-09-07 19:34:01.810 10 INFO neutron.notifiers.nova [-] Nova event matching ['req-490055af-040d-42a8-b4f1-6651f705869c'] response: {'name': 'network-changed', 'server_uuid': '4ef025f6-a2de-43a0-8e62-ab76a36f5fde', 'tag': '6083ac48-518e-45a2-9450-b06043405f2d', 'status': 'completed', 'code': 200}
2026-09-07 19:34:01.826 10 INFO neutron.wsgi [req-c210a659-8ab2-41bf-af33-39d02270134c req-096d0bb9-1243-4f82-bee1-d2fa589b241a 7d811d46b06048dc8b551f9127a1f3f9 31a9140917a44ab8aea403ca45ecd12e - - 25d29ca8d90e466ca464a71debf3088a 25d29ca8d90e466ca464a71debf3088a] 162.253.55.34 "GET /v2.0/ports?tenant_id=643a6e7331c841b59c3ce40e497d4906&device_id=4ef025f6-a2de-43a0-8e62-ab76a36f5fde HTTP/1.1" status: 200 len: 1411 time: 0.0382013
2026-09-07 19:34:01.838 10 INFO neutron.wsgi [req-856dbb19-d2df-4298-beca-1c00c8fb5a06 req-34bf7992-4e7d-4f5b-86fe-b44a625422bc 2d7e3f95d2284650a40950bbff7f2994 e0afda8232b74fa597e36532eb60d362 - - default default] 10.0.0.1 "GET /v2.0/security-groups?id=7af57a8c-f35b-4434-9da0-0c1418b716f1&fields=id&fields=name HTTP/1.1" status: 200 len: 313 time: 0.0433280
2026-09-07 19:34:01.858 10 INFO neutron.wsgi [req-c210a659-8ab2-41bf-af33-39d02270134c req-e6fddfc4-037e-465f-aa52-274a072244f6 7d811d46b06048dc8b551f9127a1f3f9 31a9140917a44ab8aea403ca45ecd12e - - 25d29ca8d90e466ca464a71debf3088a 25d29ca8d90e466ca464a71debf3088a] 162.253.55.34 "GET /v2.0/floatingips?fixed_ip_address=10.100.0.13&port_id=6083ac48-518e-45a2-9450-b06043405f2d HTTP/1.1" status: 200 len: 217 time: 0.0264857
2026-09-07 19:34:01.907 10 INFO neutron.wsgi [req-4d7f1c79-49ea-449b-a96d-136d66b48a52 req-5aacef3c-e52c-4883-ae56-68d10aa8c06d 2577475f7715407a8a29671fc3f28f8f 643a6e7331c841b59c3ce40e497d4906 - - default default] 10.0.0.1 "GET /v2.0/ports?device_id=4ef025f6-a2de-43a0-8e62-ab76a36f5fde HTTP/1.1" status: 200 len: 1172 time: 0.0531840
2026-09-07 19:34:01.910 10 INFO neutron.wsgi [req-c210a659-8ab2-41bf-af33-39d02270134c req-dea05210-ffe9-45bf-ac46-42133dfd6823 7d811d46b06048dc8b551f9127a1f3f9 31a9140917a44ab8aea403ca45ecd12e - - 25d29ca8d90e466ca464a71debf3088a 25d29ca8d90e466ca464a71debf3088a] 162.253.55.34 "GET /v2.0/subnets?id=959451dd-5e43-484f-9a9f-2c4461d1f4b5 HTTP/1.1" status: 200 len: 870 time: 0.0402994
2026-09-07 19:34:01.939 9 INFO neutron.db.ovn_revision_numbers_db [None req-a88f6db5-d29e-40e0-9d3c-078eb812d861 e490c20c965248f890b9a166a327eda5 c5f9a505725d449f86696a75708d6975 - - default default] Successfully bumped revision number for resource 00b0fa56-9cbc-4743-b465-f5142c8eca00 (type: ports) to 2
2026-09-07 19:34:01.943 9 INFO neutron.db.ovn_revision_numbers_db [None req-922e9d8c-f399-405e-8b26-9d5c7c7b7d18 abd2d3e2a7644e85af965d63bd0868a6 b5a920c831ab477e8569fcfb39c1e131 - - default default] Successfully bumped revision number for resource c83d4792-b202-4116-844f-64041128a885 (type: security_groups) to 1
2026-09-07 19:34:01.951 10 INFO neutron.wsgi [req-c210a659-8ab2-41bf-af33-39d02270134c req-354a8137-843d-4a3d-a085-6e88d5cb46d9 7d811d46b06048dc8b551f9127a1f3f9 31a9140917a44ab8aea403ca45ecd12e - - 25d29ca8d90e466ca464a71debf3088a 25d29ca8d90e466ca464a71debf3088a] 162.253.55.34 "GET /v2.0/ports?network_id=21b01d38-57db-49af-a061-ff51f1284722&device_owner=network%3Adhcp HTTP/1.1" status: 200 len: 210 time: 0.0326545
2026-09-07 19:34:01.956 10 INFO neutron.wsgi [req-4d7f1c79-49ea-449b-a96d-136d66b48a52 req-b496c883-e7e1-4a95-9cd7-108dcf412c7d 2577475f7715407a8a29671fc3f28f8f 643a6e7331c841b59c3ce40e497d4906 - - default default] 10.0.0.1 "GET /v2.0/security-groups?id=584f30a3-44b9-40a8-a3d8-801c5e2410a7&fields=id&fields=name HTTP/1.1" status: 200 len: 286 time: 0.0437865
2026-09-07 19:34:01.973 9 INFO neutron.db.ovn_revision_numbers_db [None req-922e9d8c-f399-405e-8b26-9d5c7c7b7d18 abd2d3e2a7644e85af965d63bd0868a6 b5a920c831ab477e8569fcfb39c1e131 - - default default] Successfully bumped revision number for resource 17be6428-26a6-4eba-a922-d3e094f2978e (type: security_group_rules) to 0
2026-09-07 19:34:01.988 9 INFO neutron.db.ovn_revision_numbers_db [None req-a88f6db5-d29e-40e0-9d3c-078eb812d861 e490c20c965248f890b9a166a327eda5 c5f9a505725d449f86696a75708d6975 - - default default] Successfully bumped revision number for resource 084dbbb1-f11c-479f-b5e4-d2f8d6448693 (type: subnets) to 0
2026-09-07 19:34:01.995 9 INFO neutron.db.ovn_revision_numbers_db [None req-922e9d8c-f399-405e-8b26-9d5c7c7b7d18 abd2d3e2a7644e85af965d63bd0868a6 b5a920c831ab477e8569fcfb39c1e131 - - default default] Successfully bumped revision number for resource 279bd450-230f-4326-8b04-92d218daf44e (type: security_group_rules) to 0
2026-09-07 19:34:02.005 10 INFO neutron.wsgi [req-c210a659-8ab2-41bf-af33-39d02270134c req-344ec61c-0b34-4fda-b11c-a67026af72e5 7d811d46b06048dc8b551f9127a1f3f9 31a9140917a44ab8aea403ca45ecd12e - - 25d29ca8d90e466ca464a71debf3088a 25d29ca8d90e466ca464a71debf3088a] 162.253.55.34 "GET /v2.0/networks/21b01d38-57db-49af-a061-ff51f1284722?fields=segments HTTP/1.1" status: 200 len: 212 time: 0.0470598
2026-09-07 19:34:02.008 9 INFO neutron.wsgi [None req-a88f6db5-d29e-40e0-9d3c-078eb812d861 e490c20c965248f890b9a166a327eda5 c5f9a505725d449f86696a75708d6975 - - default default] 10.0.0.35 "POST /v2.0/subnets HTTP/1.1" status: 201 len: 1426 time: 1.9250300
2026-09-07 19:34:02.014 9 INFO neutron.db.ovn_revision_numbers_db [None req-922e9d8c-f399-405e-8b26-9d5c7c7b7d18 abd2d3e2a7644e85af965d63bd0868a6 b5a920c831ab477e8569fcfb39c1e131 - - default default] Successfully bumped revision number for resource 2fb4aa62-4437-4992-a793-6531f5469c6f (type: security_group_rules) to 0
2026-09-07 19:34:02.063 10 INFO neutron.wsgi [req-c210a659-8ab2-41bf-af33-39d02270134c req-d4d8a575-987a-4169-891c-60be7842a902 7d811d46b06048dc8b551f9127a1f3f9 31a9140917a44ab8aea403ca45ecd12e - - 25d29ca8d90e466ca464a71debf3088a 25d29ca8d90e466ca464a71debf3088a] 162.253.55.34 "GET /v2.0/networks/21b01d38-57db-49af-a061-ff51f1284722?fields=provider%3Aphysical_network&fields=provider%3Anetwork_type HTTP/1.1" status: 200 len: 277 time: 0.0505843
2026-09-07 19:34:02.073 9 INFO neutron.db.ovn_revision_numbers_db [None req-922e9d8c-f399-405e-8b26-9d5c7c7b7d18 abd2d3e2a7644e85af965d63bd0868a6 b5a920c831ab477e8569fcfb39c1e131 - - default default] Successfully bumped revision number for resource f023fc9d-46aa-42e4-ae60-de5d27fb22a9 (type: security_group_rules) to 0
2026-09-07 19:34:02.101 9 INFO neutron.wsgi [None req-5e2067fc-8665-4b59-b518-f799a9e75b47 e490c20c965248f890b9a166a327eda5 c5f9a505725d449f86696a75708d6975 - - default default] 10.0.0.35 "GET /v2.0/subnets HTTP/1.1" status: 200 len: 2034 time: 0.0845833
2026-09-07 19:34:02.115 9 INFO neutron.wsgi [None req-922e9d8c-f399-405e-8b26-9d5c7c7b7d18 abd2d3e2a7644e85af965d63bd0868a6 b5a920c831ab477e8569fcfb39c1e131 - - default default] 10.0.0.35 "GET /v2.0/security-groups?tenant_id=dccce29b1bd047119618ca23be57dc39&name=default HTTP/1.1" status: 200 len: 2996 time: 0.3639655
2026-09-07 19:34:02.175 9 INFO neutron.wsgi [-] 10.0.0.225 "GET / HTTP/1.1" status: 200 len: 247 time: 0.0017562
2026-09-07 19:34:02.177 9 INFO neutron.wsgi [-] 10.0.0.225 "GET / HTTP/1.1" status: 200 len: 247 time: 0.0012155
2026-09-07 19:34:02.196 10 INFO neutron.wsgi [req-8f2c3f46-2135-4c4d-a326-ea9f601d5cac req-f90a6961-e8fe-4df3-9a19-ffc77bdd0343 7d811d46b06048dc8b551f9127a1f3f9 31a9140917a44ab8aea403ca45ecd12e - - 25d29ca8d90e466ca464a71debf3088a 25d29ca8d90e466ca464a71debf3088a] 162.253.55.34 "GET /v2.0/ports?tenant_id=643a6e7331c841b59c3ce40e497d4906&device_id=4ef025f6-a2de-43a0-8e62-ab76a36f5fde HTTP/1.1" status: 200 len: 1411 time: 0.0667233
2026-09-07 19:34:02.232 10 INFO neutron.wsgi [req-7d4c0e55-4202-4e69-8193-4cf5977b0bd3 req-54f0c459-1248-41ef-96ef-5bbde6b6a13e 7d811d46b06048dc8b551f9127a1f3f9 31a9140917a44ab8aea403ca45ecd12e - - 25d29ca8d90e466ca464a71debf3088a 25d29ca8d90e466ca464a71debf3088a] 162.253.55.34 "GET /v2.0/ports?tenant_id=e0afda8232b74fa597e36532eb60d362&device_id=aaa1bc62-6b0e-4c7a-a6ff-71768fe05146 HTTP/1.1" status: 200 len: 1409 time: 0.0694449
2026-09-07 19:34:02.238 10 INFO neutron.wsgi [req-08fd17cc-2c70-481d-9eba-8d47abd6b0fc req-a05a9a27-6b37-4f99-9d13-206854c10669 2d7e3f95d2284650a40950bbff7f2994 e0afda8232b74fa597e36532eb60d362 - - default default] 10.0.0.1 "GET /v2.0/ports?device_id=aaa1bc62-6b0e-4c7a-a6ff-71768fe05146 HTTP/1.1" status: 200 len: 1170 time: 0.0774779
2026-09-07 19:34:02.325 9 INFO neutron.plugins.ml2.drivers.ovn.mech_driver.mech_driver [None req-a1a9e32f-5372-41c5-847d-33ef8807686b - - - - - -] OVN reports status up for port: 6083ac48-518e-45a2-9450-b06043405f2d
2026-09-07 19:34:02.334 10 INFO neutron.wsgi [req-08fd17cc-2c70-481d-9eba-8d47abd6b0fc req-9e21a96d-7406-41a8-9d85-431ca95f6c39 2d7e3f95d2284650a40950bbff7f2994 e0afda8232b74fa597e36532eb60d362 - - default default] 10.0.0.1 "GET /v2.0/security-groups?id=7af57a8c-f35b-4434-9da0-0c1418b716f1&fields=id&fields=name HTTP/1.1" status: 200 len: 313 time: 0.0763998
2026-09-07 19:34:02.343 9 INFO neutron.plugins.ml2.plugin [None req-a1a9e32f-5372-41c5-847d-33ef8807686b - - - - - -] Attempt 1 to provision port 6083ac48-518e-45a2-9450-b06043405f2d
2026-09-07 19:34:02.352 10 INFO neutron.wsgi [req-7d4c0e55-4202-4e69-8193-4cf5977b0bd3 req-c548162a-dce5-4c3e-8b45-e5f2c4cafaaa 7d811d46b06048dc8b551f9127a1f3f9 31a9140917a44ab8aea403ca45ecd12e - - 25d29ca8d90e466ca464a71debf3088a 25d29ca8d90e466ca464a71debf3088a] 162.253.55.34 "GET /v2.0/networks?id=06a370f6-1e60-44cc-a6b1-a7b48a973652 HTTP/1.1" status: 200 len: 971 time: 0.1121640
2026-09-07 19:34:02.361 10 INFO neutron.wsgi [req-8f2c3f46-2135-4c4d-a326-ea9f601d5cac req-b30477a0-9e56-4435-a9e1-7e70e9d4569d 7d811d46b06048dc8b551f9127a1f3f9 31a9140917a44ab8aea403ca45ecd12e - - 25d29ca8d90e466ca464a71debf3088a 25d29ca8d90e466ca464a71debf3088a] 162.253.55.34 "GET /v2.0/networks?id=21b01d38-57db-49af-a061-ff51f1284722 HTTP/1.1" status: 200 len: 974 time: 0.1579950
2026-09-07 19:34:02.395 9 INFO neutron.wsgi [None req-52cac579-face-4e0a-aec1-275454cf5e16 abd2d3e2a7644e85af965d63bd0868a6 b5a920c831ab477e8569fcfb39c1e131 - - default default] 10.0.0.35 "DELETE /v2.0/security-groups/c83d4792-b202-4116-844f-64041128a885 HTTP/1.1" status: 204 len: 168 time: 0.2738581
2026-09-07 19:34:02.399 10 INFO neutron.wsgi [req-8f2c3f46-2135-4c4d-a326-ea9f601d5cac req-933d553c-a0a0-4d42-81fb-4e6e7d0523df 7d811d46b06048dc8b551f9127a1f3f9 31a9140917a44ab8aea403ca45ecd12e - - 25d29ca8d90e466ca464a71debf3088a 25d29ca8d90e466ca464a71debf3088a] 162.253.55.34 "GET /v2.0/floatingips?fixed_ip_address=10.100.0.13&port_id=6083ac48-518e-45a2-9450-b06043405f2d HTTP/1.1" status: 200 len: 217 time: 0.0308580
2026-09-07 19:34:02.429 10 INFO neutron.wsgi [req-7d4c0e55-4202-4e69-8193-4cf5977b0bd3 req-9832d898-d4e7-4260-949f-bf92121a6f5d 7d811d46b06048dc8b551f9127a1f3f9 31a9140917a44ab8aea403ca45ecd12e - - 25d29ca8d90e466ca464a71debf3088a 25d29ca8d90e466ca464a71debf3088a] 162.253.55.34 "GET /v2.0/floatingips?fixed_ip_address=10.100.0.8&port_id=52eedee0-cba3-4719-80db-42672e360096 HTTP/1.1" status: 200 len: 1059 time: 0.0703189
2026-09-07 19:34:02.452 10 INFO neutron.wsgi [req-8f2c3f46-2135-4c4d-a326-ea9f601d5cac req-566a793b-f3fc-454d-bd3c-e6a21c663c29 7d811d46b06048dc8b551f9127a1f3f9 31a9140917a44ab8aea403ca45ecd12e - - 25d29ca8d90e466ca464a71debf3088a 25d29ca8d90e466ca464a71debf3088a] 162.253.55.34 "GET /v2.0/subnets?id=959451dd-5e43-484f-9a9f-2c4461d1f4b5 HTTP/1.1" status: 200 len: 870 time: 0.0464692
2026-09-07 19:34:02.484 10 INFO neutron.wsgi [req-7d4c0e55-4202-4e69-8193-4cf5977b0bd3 req-5dba3f72-abd6-464c-bb77-88939fa83b41 7d811d46b06048dc8b551f9127a1f3f9 31a9140917a44ab8aea403ca45ecd12e - - 25d29ca8d90e466ca464a71debf3088a 25d29ca8d90e466ca464a71debf3088a] 162.253.55.34 "GET /v2.0/subnets?id=ff926fab-de0f-40ac-9371-110a55efdc91 HTTP/1.1" status: 200 len: 867 time: 0.0504854
2026-09-07 19:34:02.486 10 INFO neutron.wsgi [req-8f2c3f46-2135-4c4d-a326-ea9f601d5cac req-4e80032b-11ac-400d-9ef5-b6c468a0771d 7d811d46b06048dc8b551f9127a1f3f9 31a9140917a44ab8aea403ca45ecd12e - - 25d29ca8d90e466ca464a71debf3088a 25d29ca8d90e466ca464a71debf3088a] 162.253.55.34 "GET /v2.0/ports?network_id=21b01d38-57db-49af-a061-ff51f1284722&device_owner=network%3Adhcp HTTP/1.1" status: 200 len: 210 time: 0.0262971
2026-09-07 19:34:02.487 10 WARNING neutron.plugins.ml2.drivers.ovn.mech_driver.ovsdb.ovn_client [None req-f9070b68-23b0-41f8-bf80-edfe70a9405c - - - - - -] No hosting information found for port eaeb3a8e-e642-44f6-9778-e20454e1d715: RuntimeError: No hosting information found for port eaeb3a8e-e642-44f6-9778-e20454e1d715
2026-09-07 19:34:02.506 10 INFO neutron.wsgi [None req-30828e17-8812-45cf-95d3-95850a95ffe2 e490c20c965248f890b9a166a327eda5 c5f9a505725d449f86696a75708d6975 - - default default] 10.0.0.35 "DELETE /v2.0/subnets/9366d966-d989-4c9a-a53a-4f0a36550a8b HTTP/1.1" status: 204 len: 168 time: 0.3978388
2026-09-07 19:34:02.523 10 INFO neutron.wsgi [req-7d4c0e55-4202-4e69-8193-4cf5977b0bd3 req-9f215ad4-9c40-4ebe-8401-e7c0af9479a9 7d811d46b06048dc8b551f9127a1f3f9 31a9140917a44ab8aea403ca45ecd12e - - 25d29ca8d90e466ca464a71debf3088a 25d29ca8d90e466ca464a71debf3088a] 162.253.55.34 "GET /v2.0/ports?network_id=06a370f6-1e60-44cc-a6b1-a7b48a973652&device_owner=network%3Adhcp HTTP/1.1" status: 200 len: 210 time: 0.0290692
2026-09-07 19:34:02.527 9 INFO neutron.notifiers.nova [-] Nova event matching ['req-25f55bbd-05af-423f-b67f-89bb91bdfcdc'] response: {'server_uuid': '4ef025f6-a2de-43a0-8e62-ab76a36f5fde', 'name': 'network-vif-plugged', 'status': 'completed', 'tag': '6083ac48-518e-45a2-9450-b06043405f2d', 'code': 200}
2026-09-07 19:34:02.569 10 INFO neutron.wsgi [req-8f2c3f46-2135-4c4d-a326-ea9f601d5cac req-1e1f9dd0-42f3-4974-b810-45207c2d31f3 7d811d46b06048dc8b551f9127a1f3f9 31a9140917a44ab8aea403ca45ecd12e - - 25d29ca8d90e466ca464a71debf3088a 25d29ca8d90e466ca464a71debf3088a] 162.253.55.34 "GET /v2.0/networks/21b01d38-57db-49af-a061-ff51f1284722?fields=segments HTTP/1.1" status: 200 len: 212 time: 0.0701280
2026-09-07 19:34:02.584 10 INFO neutron.wsgi [req-7d4c0e55-4202-4e69-8193-4cf5977b0bd3 req-5f5e8adb-0586-4bad-8073-837ed6933173 7d811d46b06048dc8b551f9127a1f3f9 31a9140917a44ab8aea403ca45ecd12e - - 25d29ca8d90e466ca464a71debf3088a 25d29ca8d90e466ca464a71debf3088a] 162.253.55.34 "GET /v2.0/networks/06a370f6-1e60-44cc-a6b1-a7b48a973652?fields=segments HTTP/1.1" status: 200 len: 212 time: 0.0510981
2026-09-07 19:34:02.637 10 INFO neutron.wsgi [req-8f2c3f46-2135-4c4d-a326-ea9f601d5cac req-61bbb05c-26c6-4bb2-9674-871930314ad3 7d811d46b06048dc8b551f9127a1f3f9 31a9140917a44ab8aea403ca45ecd12e - - 25d29ca8d90e466ca464a71debf3088a 25d29ca8d90e466ca464a71debf3088a] 162.253.55.34 "GET /v2.0/networks/21b01d38-57db-49af-a061-ff51f1284722?fields=provider%3Aphysical_network&fields=provider%3Anetwork_type HTTP/1.1" status: 200 len: 277 time: 0.0623915
2026-09-07 19:34:02.662 10 INFO neutron.wsgi [req-7d4c0e55-4202-4e69-8193-4cf5977b0bd3 req-be1a3552-3ddc-472a-9707-b64d3a2aeebf 7d811d46b06048dc8b551f9127a1f3f9 31a9140917a44ab8aea403ca45ecd12e - - 25d29ca8d90e466ca464a71debf3088a 25d29ca8d90e466ca464a71debf3088a] 162.253.55.34 "GET /v2.0/networks/06a370f6-1e60-44cc-a6b1-a7b48a973652?fields=provider%3Aphysical_network&fields=provider%3Anetwork_type HTTP/1.1" status: 200 len: 277 time: 0.0733039
2026-09-07 19:34:02.779 9 INFO neutron.db.ovn_revision_numbers_db [None req-a1a9e32f-5372-41c5-847d-33ef8807686b - - - - - -] Successfully bumped revision number for resource 6083ac48-518e-45a2-9450-b06043405f2d (type: ports) to 4
2026-09-07 19:34:02.860 9 INFO neutron.wsgi [None req-46ae431c-0250-46f5-b1f2-ed05b39e397e e490c20c965248f890b9a166a327eda5 c5f9a505725d449f86696a75708d6975 - - default default] 10.0.0.35 "DELETE /v2.0/subnets/084dbbb1-f11c-479f-b5e4-d2f8d6448693 HTTP/1.1" status: 204 len: 168 time: 0.3465676 /var/lib/openstack/lib/python3.10/site-packages/pycadf/identifier.py:71: UserWarning: Invalid uuid: neutron. To ensure interoperability, identifiers should be a valid uuid. warnings.warn(('Invalid uuid: %s. To ensure interoperability, '
2026-09-07 19:34:02.885 9 INFO neutron.plugins.ml2.drivers.ovn.mech_driver.mech_driver [None req-a1a9e32f-5372-41c5-847d-33ef8807686b - - - - - -] OVN reports status down for port: 52eedee0-cba3-4719-80db-42672e360096
2026-09-07 19:34:02.912 9 INFO neutron.wsgi [None req-0c569888-5382-4283-a667-f0076a15a945 e490c20c965248f890b9a166a327eda5 c5f9a505725d449f86696a75708d6975 - - default default] 10.0.0.35 "GET /v2.0/subnets HTTP/1.1" status: 200 len: 820 time: 0.0456517
2026-09-07 19:34:03.089 10 INFO neutron.wsgi [req-8745d5dc-2efd-45ee-b4bc-73eff810305b req-5b3daa3a-abc5-499c-8aa3-a80ef5177c1f 2577475f7715407a8a29671fc3f28f8f 643a6e7331c841b59c3ce40e497d4906 - - default default] 10.0.0.1 "GET /v2.0/ports?device_id=4ef025f6-a2de-43a0-8e62-ab76a36f5fde HTTP/1.1" status: 200 len: 1174 time: 0.0549202
2026-09-07 19:34:03.134 10 INFO neutron.wsgi [req-8745d5dc-2efd-45ee-b4bc-73eff810305b req-7bedec5b-3eb5-4e7d-bd7c-5214593ca2e7 2577475f7715407a8a29671fc3f28f8f 643a6e7331c841b59c3ce40e497d4906 - - default default] 10.0.0.1 "GET /v2.0/security-groups?id=584f30a3-44b9-40a8-a3d8-801c5e2410a7&fields=id&fields=name HTTP/1.1" status: 200 len: 286 time: 0.0383005
2026-09-07 19:34:03.474 10 INFO neutron.wsgi [req-82d78a4e-d3aa-4f2b-b588-b62c59c71629 req-a0bd1c13-ff2f-4848-8f43-cc0f994ae144 2d7e3f95d2284650a40950bbff7f2994 e0afda8232b74fa597e36532eb60d362 - - default default] 10.0.0.1 "GET /v2.0/ports?device_id=aaa1bc62-6b0e-4c7a-a6ff-71768fe05146 HTTP/1.1" status: 200 len: 1168 time: 0.0499628
2026-09-07 19:34:03.531 10 INFO neutron.wsgi [req-82d78a4e-d3aa-4f2b-b588-b62c59c71629 req-f3b4cd22-782f-4d4b-900a-10427ad33b26 2d7e3f95d2284650a40950bbff7f2994 e0afda8232b74fa597e36532eb60d362 - - default default] 10.0.0.1 "GET /v2.0/security-groups?id=7af57a8c-f35b-4434-9da0-0c1418b716f1&fields=id&fields=name HTTP/1.1" status: 200 len: 313 time: 0.0478091
2026-09-07 19:34:03.547 9 INFO neutron.db.ovn_revision_numbers_db [None req-a1a9e32f-5372-41c5-847d-33ef8807686b - - - - - -] Successfully bumped revision number for resource 52eedee0-cba3-4719-80db-42672e360096 (type: ports) to 5
2026-09-07 19:34:03.577 9 WARNING neutron.plugins.ml2.drivers.ovn.mech_driver.ovsdb.ovn_client [None req-a1a9e32f-5372-41c5-847d-33ef8807686b - - - - - -] Logical_Switch_Port %s host information not removed, the port state is up
2026-09-07 19:34:03.578 9 INFO neutron.plugins.ml2.drivers.ovn.mech_driver.mech_driver [None req-a1a9e32f-5372-41c5-847d-33ef8807686b - - - - - -] OVN reports status up for port: 52eedee0-cba3-4719-80db-42672e360096
2026-09-07 19:34:03.618 9 INFO neutron.services.segments.plugin [-] Segment bac5b59b-9ad2-4f19-b7bb-b13319a0f4d6 resource provider aggregate not found
2026-09-07 19:34:03.626 9 INFO neutron.services.segments.plugin [-] Segment bac5b59b-9ad2-4f19-b7bb-b13319a0f4d6 resource provider aggregate not found
2026-09-07 19:34:03.635 9 INFO neutron.plugins.ml2.plugin [None req-a1a9e32f-5372-41c5-847d-33ef8807686b - - - - - -] Attempt 1 to provision port 52eedee0-cba3-4719-80db-42672e360096
2026-09-07 19:34:03.637 9 INFO neutron.services.segments.plugin [-] Segment bac5b59b-9ad2-4f19-b7bb-b13319a0f4d6 resource provider not found; error: Placement Client Error (4xx): {"errors": [{"status": 404, "title": "Not Found", "detail": "The resource could not be found.\n\n No resource provider with uuid bac5b59b-9ad2-4f19-b7bb-b13319a0f4d6 found for delete ", "request_id": "req-4c457ae4-7ac4-4d7e-9744-e7fc8541a217"}]}
2026-09-07 19:34:03.647 9 INFO neutron.services.segments.plugin [-] Segment bac5b59b-9ad2-4f19-b7bb-b13319a0f4d6 resource provider not found; error: Placement Client Error (4xx): {"errors": [{"status": 404, "title": "Not Found", "detail": "The resource could not be found.\n\n No resource provider with uuid bac5b59b-9ad2-4f19-b7bb-b13319a0f4d6 found for delete ", "request_id": "req-92c087bd-357e-4066-bdbf-3f70e03875f0"}]}
2026-09-07 19:34:03.678 9 INFO neutron.wsgi [None req-0f00617b-1196-4be9-85ef-599805bf2e8b e490c20c965248f890b9a166a327eda5 c5f9a505725d449f86696a75708d6975 - - default default] 10.0.0.35 "DELETE /v2.0/networks/45f57548-fcdc-47f9-9788-e3d8b29a250f HTTP/1.1" status: 204 len: 168 time: 0.7576499
2026-09-07 19:34:04.018 9 INFO neutron.db.ovn_revision_numbers_db [None req-a1a9e32f-5372-41c5-847d-33ef8807686b - - - - - -] Successfully bumped revision number for resource 52eedee0-cba3-4719-80db-42672e360096 (type: ports) to 6
2026-09-07 19:34:04.022 10 INFO neutron.services.segments.plugin [-] Segment 21997cfc-3fd0-42a9-8713-cf8f9c3bb03d resource provider aggregate not found
2026-09-07 19:34:04.028 10 INFO neutron.services.segments.plugin [-] Segment 21997cfc-3fd0-42a9-8713-cf8f9c3bb03d resource provider aggregate not found
2026-09-07 19:34:04.042 10 INFO neutron.services.segments.plugin [-] Segment 21997cfc-3fd0-42a9-8713-cf8f9c3bb03d resource provider not found; error: Placement Client Error (4xx): {"errors": [{"status": 404, "title": "Not Found", "detail": "The resource could not be found.\n\n No resource provider with uuid 21997cfc-3fd0-42a9-8713-cf8f9c3bb03d found for delete ", "request_id": "req-b1329cdb-fefe-4986-afc6-cd008f02f111"}]}
2026-09-07 19:34:04.058 10 INFO neutron.services.segments.plugin [-] Segment 21997cfc-3fd0-42a9-8713-cf8f9c3bb03d resource provider not found; error: Placement Client Error (4xx): {"errors": [{"status": 404, "title": "Not Found", "detail": "The resource could not be found.\n\n No resource provider with uuid 21997cfc-3fd0-42a9-8713-cf8f9c3bb03d found for delete ", "request_id": "req-fc73b97c-d36d-46b5-b353-acc6cf89c6e3"}]}
2026-09-07 19:34:04.091 10 INFO neutron.wsgi [None req-2d938c7d-4d6e-4c7c-8dde-6075e33d7ae4 e490c20c965248f890b9a166a327eda5 c5f9a505725d449f86696a75708d6975 - - default default] 10.0.0.35 "DELETE /v2.0/networks/62554ff3-2106-40c3-882f-a9a52a189c42 HTTP/1.1" status: 204 len: 168 time: 0.4074130
2026-09-07 19:34:04.607 9 INFO neutron.notifiers.nova [-] Nova event matching ['req-bb5d8f8e-3055-4723-8465-ff6455ee88bc'] response: {'server_uuid': '4ef025f6-a2de-43a0-8e62-ab76a36f5fde', 'name': 'network-vif-plugged', 'status': 'completed', 'tag': '6083ac48-518e-45a2-9450-b06043405f2d', 'code': 200}
2026-09-07 19:34:04.608 9 INFO neutron.notifiers.nova [-] Nova event matching ['req-bb5d8f8e-3055-4723-8465-ff6455ee88bc'] response: {'server_uuid': 'aaa1bc62-6b0e-4c7a-a6ff-71768fe05146', 'name': 'network-vif-unplugged', 'status': 'completed', 'tag': '52eedee0-cba3-4719-80db-42672e360096', 'code': 200}
2026-09-07 19:34:04.608 9 INFO neutron.notifiers.nova [-] Nova event matching ['req-bb5d8f8e-3055-4723-8465-ff6455ee88bc'] response: {'server_uuid': 'aaa1bc62-6b0e-4c7a-a6ff-71768fe05146', 'name': 'network-vif-plugged', 'status': 'completed', 'tag': '52eedee0-cba3-4719-80db-42672e360096', 'code': 200}
2026-09-07 19:34:04.608 9 INFO neutron.notifiers.nova [-] Nova event matching ['req-bb5d8f8e-3055-4723-8465-ff6455ee88bc'] response: {'server_uuid': 'aaa1bc62-6b0e-4c7a-a6ff-71768fe05146', 'name': 'network-vif-plugged', 'status': 'completed', 'tag': '52eedee0-cba3-4719-80db-42672e360096', 'code': 200}
2026-09-07 19:34:04.608 9 INFO neutron.notifiers.nova [-] Nova event matching ['req-bb5d8f8e-3055-4723-8465-ff6455ee88bc'] response: {'server_uuid': 'aaa1bc62-6b0e-4c7a-a6ff-71768fe05146', 'name': 'network-vif-plugged', 'status': 'completed', 'tag': '52eedee0-cba3-4719-80db-42672e360096', 'code': 200}
2026-09-07 19:34:04.724 10 INFO neutron.wsgi [req-c3aa1c7f-a9d9-4429-9f84-483271ab81cc req-f15570e0-6c49-4ea1-af0c-d67822197354 2577475f7715407a8a29671fc3f28f8f 643a6e7331c841b59c3ce40e497d4906 - - default default] 10.0.0.1 "GET /v2.0/ports?device_id=4ef025f6-a2de-43a0-8e62-ab76a36f5fde HTTP/1.1" status: 200 len: 1174 time: 0.5000899
2026-09-07 19:34:04.740 10 INFO neutron.wsgi [req-476c8f77-d5e0-4dfc-a68c-c0f8b469872d req-1920ad5a-2f44-4f41-b58e-e7634f2bd90d 2d7e3f95d2284650a40950bbff7f2994 e0afda8232b74fa597e36532eb60d362 - - default default] 10.0.0.1 "GET /v2.0/ports?device_id=aaa1bc62-6b0e-4c7a-a6ff-71768fe05146 HTTP/1.1" status: 200 len: 1170 time: 0.0539622
2026-09-07 19:34:04.814 10 INFO neutron.wsgi [req-c3aa1c7f-a9d9-4429-9f84-483271ab81cc req-5ffa993b-e6bf-492e-94c2-5d15440242a2 2577475f7715407a8a29671fc3f28f8f 643a6e7331c841b59c3ce40e497d4906 - - default default] 10.0.0.1 "GET /v2.0/security-groups?id=584f30a3-44b9-40a8-a3d8-801c5e2410a7&fields=id&fields=name HTTP/1.1" status: 200 len: 286 time: 0.0795002
2026-09-07 19:34:04.836 10 INFO neutron.wsgi [req-476c8f77-d5e0-4dfc-a68c-c0f8b469872d req-cc5ef921-8ca0-4428-b207-5ab8daff6d91 2d7e3f95d2284650a40950bbff7f2994 e0afda8232b74fa597e36532eb60d362 - - default default] 10.0.0.1 "GET /v2.0/security-groups?id=7af57a8c-f35b-4434-9da0-0c1418b716f1&fields=id&fields=name HTTP/1.1" status: 200 len: 313 time: 0.0825319
2026-09-07 19:34:04.971 10 INFO neutron.wsgi [None req-3f28f536-95b3-4561-8e98-72a55ed19cce e490c20c965248f890b9a166a327eda5 c5f9a505725d449f86696a75708d6975 - - default default] 10.0.0.35 "DELETE /v2.0/networks/aa17f947-07a7-4d71-9df1-371e6a0c2a86 HTTP/1.1" status: 204 len: 168 time: 0.8735478
2026-09-07 19:34:05.309 9 INFO neutron.plugins.ml2.drivers.ovn.mech_driver.mech_driver [None req-a1a9e32f-5372-41c5-847d-33ef8807686b - - - - - -] OVN reports status down for port: 6083ac48-518e-45a2-9450-b06043405f2d
2026-09-07 19:34:05.333 10 INFO neutron.wsgi [req-08e3a12a-595d-4694-9f6f-8d0fc9f27ade req-1d555d61-9ecf-4b24-ad7d-c6337776d3b1 2577475f7715407a8a29671fc3f28f8f 643a6e7331c841b59c3ce40e497d4906 - - default default] 10.0.0.1 "GET /v2.0/ports?device_id=4ef025f6-a2de-43a0-8e62-ab76a36f5fde HTTP/1.1" status: 200 len: 1174 time: 0.0825803
2026-09-07 19:34:05.387 10 INFO neutron.wsgi [None req-df0c3c87-c212-41bb-9bba-6c365212eff2 e490c20c965248f890b9a166a327eda5 c5f9a505725d449f86696a75708d6975 - - default default] 10.0.0.35 "DELETE /v2.0/networks/d0a3e6ae-5a44-4607-bf00-58fd87f49562 HTTP/1.1" status: 204 len: 168 time: 0.4059310
2026-09-07 19:34:05.437 10 INFO neutron.wsgi [req-08e3a12a-595d-4694-9f6f-8d0fc9f27ade req-22c1541c-6604-45c0-a625-1980108de94d 2577475f7715407a8a29671fc3f28f8f 643a6e7331c841b59c3ce40e497d4906 - - default default] 10.0.0.1 "GET /v2.0/security-groups?id=584f30a3-44b9-40a8-a3d8-801c5e2410a7&fields=id&fields=name HTTP/1.1" status: 200 len: 286 time: 0.0965059
2026-09-07 19:34:05.597 10 INFO neutron.wsgi [req-08a1c429-5195-4880-8ef8-9cd519664966 req-ebc2aee7-357d-4a17-aa94-a61c9de370ed 2577475f7715407a8a29671fc3f28f8f 643a6e7331c841b59c3ce40e497d4906 - - default default] 162.253.55.34 "GET /v2.0/ports?device_id=4ef025f6-a2de-43a0-8e62-ab76a36f5fde HTTP/1.1" status: 200 len: 1172 time: 0.0332103
2026-09-07 19:34:05.813 9 INFO neutron.db.ovn_revision_numbers_db [None req-a1a9e32f-5372-41c5-847d-33ef8807686b - - - - - -] Successfully bumped revision number for resource 6083ac48-518e-45a2-9450-b06043405f2d (type: ports) to 5
2026-09-07 19:34:05.876 10 INFO neutron.wsgi [req-08a1c429-5195-4880-8ef8-9cd519664966 req-155d5fc4-f68e-4b3e-9e58-c7a50c9f8b4d 2577475f7715407a8a29671fc3f28f8f 643a6e7331c841b59c3ce40e497d4906 - - default default] 162.253.55.34 "DELETE /v2.0/ports/6083ac48-518e-45a2-9450-b06043405f2d HTTP/1.1" status: 204 len: 173 time: 0.2758160
2026-09-07 19:34:05.911 10 INFO neutron.notifiers.nova [-] Nova event matching ['req-de5c285a-165e-47bf-b573-c169dc6e134d'] response: {'server_uuid': '4ef025f6-a2de-43a0-8e62-ab76a36f5fde', 'name': 'network-vif-deleted', 'tag': '6083ac48-518e-45a2-9450-b06043405f2d', 'status': 'completed', 'code': 200}
2026-09-07 19:34:06.076 10 INFO neutron.services.segments.plugin [-] Segment 761e8227-e297-4b96-a889-34e83d1ddc6d resource provider aggregate not found
2026-09-07 19:34:06.084 10 INFO neutron.services.segments.plugin [-] Segment 761e8227-e297-4b96-a889-34e83d1ddc6d resource provider aggregate not found
2026-09-07 19:34:06.102 10 INFO neutron.services.segments.plugin [-] Segment 761e8227-e297-4b96-a889-34e83d1ddc6d resource provider not found; error: Placement Client Error (4xx): {"errors": [{"status": 404, "title": "Not Found", "detail": "The resource could not be found.\n\n No resource provider with uuid 761e8227-e297-4b96-a889-34e83d1ddc6d found for delete ", "request_id": "req-7fd049f2-8a2e-4c08-be05-2b563274a231"}]}
2026-09-07 19:34:06.108 10 INFO neutron.services.segments.plugin [-] Segment 761e8227-e297-4b96-a889-34e83d1ddc6d resource provider not found; error: Placement Client Error (4xx): {"errors": [{"status": 404, "title": "Not Found", "detail": "The resource could not be found.\n\n No resource provider with uuid 761e8227-e297-4b96-a889-34e83d1ddc6d found for delete ", "request_id": "req-693c6066-af83-4b6c-8ac8-4c6646026761"}]}
2026-09-07 19:34:06.138 10 INFO neutron.services.segments.plugin [-] Segment 5be10ed5-4946-4635-a13c-ff8ee7e1583b resource provider aggregate not found
2026-09-07 19:34:06.148 10 INFO neutron.services.segments.plugin [-] Segment 5be10ed5-4946-4635-a13c-ff8ee7e1583b resource provider aggregate not found
2026-09-07 19:34:06.158 10 INFO neutron.services.segments.plugin [-] Segment 5be10ed5-4946-4635-a13c-ff8ee7e1583b resource provider not found; error: Placement Client Error (4xx): {"errors": [{"status": 404, "title": "Not Found", "detail": "The resource could not be found.\n\n No resource provider with uuid 5be10ed5-4946-4635-a13c-ff8ee7e1583b found for delete ", "request_id": "req-0a16f792-bf3d-4890-8622-a1d7d442190e"}]}
2026-09-07 19:34:06.165 10 INFO neutron.services.segments.plugin [-] Segment 5be10ed5-4946-4635-a13c-ff8ee7e1583b resource provider not found; error: Placement Client Error (4xx): {"errors": [{"status": 404, "title": "Not Found", "detail": "The resource could not be found.\n\n No resource provider with uuid 5be10ed5-4946-4635-a13c-ff8ee7e1583b found for delete ", "request_id": "req-0a27c103-3b86-4463-a825-071b3a487d81"}]}
2026-09-07 19:34:06.235 10 INFO neutron.wsgi [None req-b6ed4e3b-649f-420c-aeac-cfaee659b4c2 abd2d3e2a7644e85af965d63bd0868a6 b5a920c831ab477e8569fcfb39c1e131 - - default default] 10.0.0.35 "GET /v2.0/security-groups?tenant_id=c5f9a505725d449f86696a75708d6975&name=default HTTP/1.1" status: 200 len: 2996 time: 0.2514760
2026-09-07 19:34:06.485 10 INFO neutron.wsgi [None req-8832b431-d38c-45d1-83f1-982ca8cce8de abd2d3e2a7644e85af965d63bd0868a6 b5a920c831ab477e8569fcfb39c1e131 - - default default] 10.0.0.35 "DELETE /v2.0/security-groups/c17d9fa2-32f9-4d34-b609-dd5feac48064 HTTP/1.1" status: 204 len: 168 time: 0.2445416
2026-09-07 19:34:06.673 9 INFO neutron.notifiers.nova [-] Nova event matching ['req-7f766793-fadd-4934-bc0d-d25abf9dfa91'] response: {'server_uuid': '4ef025f6-a2de-43a0-8e62-ab76a36f5fde', 'name': 'network-vif-unplugged', 'status': 'completed', 'tag': '6083ac48-518e-45a2-9450-b06043405f2d', 'code': 200}
2026-09-07 19:34:06.673 9 INFO neutron.notifiers.nova [-] Nova event matching ['req-7f766793-fadd-4934-bc0d-d25abf9dfa91'] response: {'server_uuid': '4ef025f6-a2de-43a0-8e62-ab76a36f5fde', 'name': 'network-vif-plugged', 'status': 'completed', 'tag': '6083ac48-518e-45a2-9450-b06043405f2d', 'code': 200}
2026-09-07 19:34:07.633 10 INFO neutron.wsgi [None req-84912135-5527-4b33-add8-bd716cba77f6 abd2d3e2a7644e85af965d63bd0868a6 b5a920c831ab477e8569fcfb39c1e131 - - default default] 10.0.0.35 "PUT /v2.0/routers/7529fa01-e64a-42b2-879e-a1ca93047da0/remove_router_interface HTTP/1.1" status: 200 len: 503 time: 1.0924125 /var/lib/openstack/lib/python3.10/site-packages/pycadf/identifier.py:71: UserWarning: Invalid uuid: neutron. To ensure interoperability, identifiers should be a valid uuid. warnings.warn(('Invalid uuid: %s. To ensure interoperability, '
