2026-09-07 19:35:26.165 10 INFO neutron.db.ovn_revision_numbers_db [None req-a9d35f4c-4593-4cb1-a3d2-80fd7f59e045 b9b7c43a25ed4fe4aba682f435285b8d fe52563e5026488081b8a7a0e25003d9 - - default default] Successfully bumped revision number for resource aee532b9-1210-4881-a31b-1d00c8dab61e (type: ports) to 2
2026-09-07 19:35:26.186 10 INFO neutron.db.ovn_revision_numbers_db [None req-e6919543-992e-48fe-9bb0-ac92ee3d90a5 abd2d3e2a7644e85af965d63bd0868a6 b5a920c831ab477e8569fcfb39c1e131 - - default default] Successfully bumped revision number for resource 9ef67039-1038-404f-80af-97c623a1ab52 (type: subnets) to 0
2026-09-07 19:35:26.193 10 INFO neutron.db.segments_db [None req-7a6a575d-d9c2-4619-b63d-aea6a640e0c7 0b70fdb3e0e3476d8c7166074e85354e 20e9eac79942446691c1c4dbb5a9c8b5 - - default default] Added segment 1c7f8ff8-3420-414a-849d-4676d7a4fdb8 of type geneve for network c1e36b5b-d48d-46b7-9c31-f33745e61fd1
2026-09-07 19:35:26.226 10 INFO neutron.wsgi [None req-e6919543-992e-48fe-9bb0-ac92ee3d90a5 abd2d3e2a7644e85af965d63bd0868a6 b5a920c831ab477e8569fcfb39c1e131 - - default default] 10.0.0.35 "POST /v2.0/subnets HTTP/1.1" status: 201 len: 863 time: 1.4411035
2026-09-07 19:35:26.241 10 INFO neutron.db.ovn_revision_numbers_db [None req-a9d35f4c-4593-4cb1-a3d2-80fd7f59e045 b9b7c43a25ed4fe4aba682f435285b8d fe52563e5026488081b8a7a0e25003d9 - - default default] Successfully bumped revision number for resource 5c6aa680-c4dd-4241-a8cd-791d5dd58b03 (type: subnets) to 0
2026-09-07 19:35:26.269 10 INFO neutron.wsgi [None req-a9d35f4c-4593-4cb1-a3d2-80fd7f59e045 b9b7c43a25ed4fe4aba682f435285b8d fe52563e5026488081b8a7a0e25003d9 - - default default] 10.0.0.35 "POST /v2.0/subnets HTTP/1.1" status: 201 len: 832 time: 1.5511837
2026-09-07 19:35:26.370 10 INFO neutron.db.ovn_revision_numbers_db [None req-7a6a575d-d9c2-4619-b63d-aea6a640e0c7 0b70fdb3e0e3476d8c7166074e85354e 20e9eac79942446691c1c4dbb5a9c8b5 - - default default] Successfully bumped revision number for resource c1e36b5b-d48d-46b7-9c31-f33745e61fd1 (type: networks) to 1
2026-09-07 19:35:26.496 10 INFO neutron.services.segments.plugin [-] Segment 7400326c-3542-452f-aa52-1d5f2051664e resource provider aggregate not found
2026-09-07 19:35:26.503 10 INFO neutron.services.segments.plugin [-] Segment 7400326c-3542-452f-aa52-1d5f2051664e resource provider aggregate not found
2026-09-07 19:35:26.520 10 INFO neutron.services.segments.plugin [-] Segment 7400326c-3542-452f-aa52-1d5f2051664e resource provider not found; error: Placement Client Error (4xx): {"errors": [{"status": 404, "title": "Not Found", "detail": "The resource could not be found.\n\n No resource provider with uuid 7400326c-3542-452f-aa52-1d5f2051664e found for delete ", "request_id": "req-fbb238b2-431c-4e1f-bcdf-0775d0ca61ce"}]}
2026-09-07 19:35:26.527 10 INFO neutron.services.segments.plugin [-] Segment 7400326c-3542-452f-aa52-1d5f2051664e resource provider not found; error: Placement Client Error (4xx): {"errors": [{"status": 404, "title": "Not Found", "detail": "The resource could not be found.\n\n No resource provider with uuid 7400326c-3542-452f-aa52-1d5f2051664e found for delete ", "request_id": "req-c0de4e30-f716-4dbf-af49-5f830b26f70e"}]}
2026-09-07 19:35:26.544 10 INFO neutron.wsgi [None req-07aa203c-0c46-4b42-bdd0-e6ade7053410 0f5d85b76f1a4dff84dfaa4f8ca58338 d7476fe359a24980a06373a874426731 - - default default] 10.0.0.35 "DELETE /v2.0/networks/886394a6-6e14-4154-8176-0742a0f6dfc8 HTTP/1.1" status: 204 len: 168 time: 0.6099546
2026-09-07 19:35:26.568 10 WARNING neutron.scheduler.dhcp_agent_scheduler [None req-7a6a575d-d9c2-4619-b63d-aea6a640e0c7 0b70fdb3e0e3476d8c7166074e85354e 20e9eac79942446691c1c4dbb5a9c8b5 - - default default] No more DHCP agents
2026-09-07 19:35:26.570 10 WARNING neutron.api.rpc.agentnotifiers.dhcp_rpc_agent_api [None req-7a6a575d-d9c2-4619-b63d-aea6a640e0c7 0b70fdb3e0e3476d8c7166074e85354e 20e9eac79942446691c1c4dbb5a9c8b5 - - default default] Unable to schedule network c1e36b5b-d48d-46b7-9c31-f33745e61fd1: no agents available; will retry on subsequent port and subnet creation events.
2026-09-07 19:35:26.635 10 INFO neutron.db.ovn_revision_numbers_db [None req-7a6a575d-d9c2-4619-b63d-aea6a640e0c7 0b70fdb3e0e3476d8c7166074e85354e 20e9eac79942446691c1c4dbb5a9c8b5 - - default default] Successfully bumped revision number for resource c7ac1abf-c700-46b5-a78f-2257561b9243 (type: ports) to 1
2026-09-07 19:35:26.650 10 INFO neutron.wsgi [None req-7a6a575d-d9c2-4619-b63d-aea6a640e0c7 0b70fdb3e0e3476d8c7166074e85354e 20e9eac79942446691c1c4dbb5a9c8b5 - - default default] 10.0.0.35 "POST /v2.0/networks HTTP/1.1" status: 201 len: 828 time: 0.6082029
2026-09-07 19:35:26.863 10 WARNING neutron.scheduler.dhcp_agent_scheduler [None req-f9f700ae-bd8f-4a94-8ca8-ad82964eef06 0b70fdb3e0e3476d8c7166074e85354e 20e9eac79942446691c1c4dbb5a9c8b5 - - default default] No more DHCP agents
2026-09-07 19:35:26.865 10 WARNING neutron.api.rpc.agentnotifiers.dhcp_rpc_agent_api [None req-f9f700ae-bd8f-4a94-8ca8-ad82964eef06 0b70fdb3e0e3476d8c7166074e85354e 20e9eac79942446691c1c4dbb5a9c8b5 - - default default] Unable to schedule network c1e36b5b-d48d-46b7-9c31-f33745e61fd1: no agents available; will retry on subsequent port and subnet creation events.
2026-09-07 19:35:27.177 9 WARNING neutron.scheduler.dhcp_agent_scheduler [None req-e8b6a944-0683-4050-873d-b60b74faaef0 abd2d3e2a7644e85af965d63bd0868a6 b5a920c831ab477e8569fcfb39c1e131 - - default default] No more DHCP agents
2026-09-07 19:35:27.182 9 WARNING neutron.api.rpc.agentnotifiers.dhcp_rpc_agent_api [None req-e8b6a944-0683-4050-873d-b60b74faaef0 abd2d3e2a7644e85af965d63bd0868a6 b5a920c831ab477e8569fcfb39c1e131 - - default default] Unable to schedule network b7e8518a-af92-4e11-a6f0-cf6a114a5a59: no agents available; will retry on subsequent port and subnet creation events.
2026-09-07 19:35:27.287 9 WARNING neutron.scheduler.dhcp_agent_scheduler [None req-e016c897-5aa2-4425-a320-43856b71fc1f b9b7c43a25ed4fe4aba682f435285b8d fe52563e5026488081b8a7a0e25003d9 - - default default] No more DHCP agents
2026-09-07 19:35:27.291 9 WARNING neutron.api.rpc.agentnotifiers.dhcp_rpc_agent_api [None req-e016c897-5aa2-4425-a320-43856b71fc1f b9b7c43a25ed4fe4aba682f435285b8d fe52563e5026488081b8a7a0e25003d9 - - default default] Unable to schedule network d41286b4-cc59-40ec-80d2-33bd4fed7740: no agents available; will retry on subsequent port and subnet creation events.
2026-09-07 19:35:27.393 9 INFO neutron.wsgi [None req-8c33faff-2ceb-4261-b684-686774145dbe abd2d3e2a7644e85af965d63bd0868a6 b5a920c831ab477e8569fcfb39c1e131 - - default default] 10.0.0.35 "GET /v2.0/security-groups?tenant_id=d7476fe359a24980a06373a874426731&name=default HTTP/1.1" status: 200 len: 2996 time: 0.1790874
2026-09-07 19:35:27.440 9 INFO neutron.db.ovn_revision_numbers_db [None req-e8b6a944-0683-4050-873d-b60b74faaef0 abd2d3e2a7644e85af965d63bd0868a6 b5a920c831ab477e8569fcfb39c1e131 - - default default] Successfully bumped revision number for resource 7afdce80-c9c3-4818-b68d-c00246a92754 (type: ports) to 1
2026-09-07 19:35:27.546 9 INFO neutron.db.ovn_revision_numbers_db [None req-e016c897-5aa2-4425-a320-43856b71fc1f b9b7c43a25ed4fe4aba682f435285b8d fe52563e5026488081b8a7a0e25003d9 - - default default] Successfully bumped revision number for resource 458e0385-4e68-4fbb-bd95-4c50266fe4b9 (type: ports) to 1
2026-09-07 19:35:27.555 10 WARNING neutron.plugins.ml2.drivers.ovn.mech_driver.ovsdb.ovn_client [None req-f9070b68-23b0-41f8-bf80-edfe70a9405c - - - - - -] No port found with ID 6904b187-6e0d-4962-94f2-5c3d67a29333: RuntimeError: No port found with ID 6904b187-6e0d-4962-94f2-5c3d67a29333
2026-09-07 19:35:27.556 10 INFO neutron.plugins.ml2.drivers.ovn.mech_driver.mech_driver [None req-f9070b68-23b0-41f8-bf80-edfe70a9405c - - - - - -] OVN reports status up for port: 965a1d69-5291-4aa1-a4c7-88e2d68a546a
2026-09-07 19:35:27.576 10 INFO neutron.plugins.ml2.plugin [None req-f9070b68-23b0-41f8-bf80-edfe70a9405c - - - - - -] Attempt 1 to provision port 965a1d69-5291-4aa1-a4c7-88e2d68a546a
2026-09-07 19:35:27.631 10 INFO neutron.wsgi [None req-57a00631-5b0d-4a39-a1b5-5b26692f1b8e abd2d3e2a7644e85af965d63bd0868a6 b5a920c831ab477e8569fcfb39c1e131 - - default default] 10.0.0.213 "GET /v2.0/network-ip-availabilities HTTP/1.1" status: 200 len: 2610 time: 0.1096725
2026-09-07 19:35:27.705 10 INFO neutron.db.ovn_revision_numbers_db [None req-f9f700ae-bd8f-4a94-8ca8-ad82964eef06 0b70fdb3e0e3476d8c7166074e85354e 20e9eac79942446691c1c4dbb5a9c8b5 - - default default] Successfully bumped revision number for resource c7ac1abf-c700-46b5-a78f-2257561b9243 (type: ports) to 2
2026-09-07 19:35:27.798 10 INFO neutron.wsgi [None req-c7ae2ba4-da6e-410b-b581-f91b428db7b4 abd2d3e2a7644e85af965d63bd0868a6 b5a920c831ab477e8569fcfb39c1e131 - - default default] 10.0.0.213 "GET /v2.0/routers HTTP/1.1" status: 200 len: 1526 time: 0.1626544
2026-09-07 19:35:27.811 10 INFO neutron.db.ovn_revision_numbers_db [None req-f9f700ae-bd8f-4a94-8ca8-ad82964eef06 0b70fdb3e0e3476d8c7166074e85354e 20e9eac79942446691c1c4dbb5a9c8b5 - - default default] Successfully bumped revision number for resource 23af342d-a420-4cd4-aec4-8b3b8206e001 (type: subnets) to 0
2026-09-07 19:35:27.826 10 INFO neutron.wsgi [None req-33c9430f-d5e3-44f1-b224-0dccb1c7db14 abd2d3e2a7644e85af965d63bd0868a6 b5a920c831ab477e8569fcfb39c1e131 - - default default] 10.0.0.213 "GET /v2.0/agents?binary=ovn-controller HTTP/1.1" status: 200 len: 591 time: 0.0246024
2026-09-07 19:35:27.835 10 INFO neutron.wsgi [None req-f9f700ae-bd8f-4a94-8ca8-ad82964eef06 0b70fdb3e0e3476d8c7166074e85354e 20e9eac79942446691c1c4dbb5a9c8b5 - - default default] 10.0.0.35 "POST /v2.0/subnets HTTP/1.1" status: 201 len: 801 time: 1.1798897
2026-09-07 19:35:27.839 10 INFO neutron.wsgi [None req-1ba68770-8dcc-4c14-aa6b-6b1522ff884d abd2d3e2a7644e85af965d63bd0868a6 b5a920c831ab477e8569fcfb39c1e131 - - default default] 10.0.0.213 "GET /v2.0/agents HTTP/1.1" status: 200 len: 997 time: 0.0109038
2026-09-07 19:35:27.863 10 INFO neutron.wsgi [None req-0818e8a7-8675-42d8-8d00-cdd760e42b61 abd2d3e2a7644e85af965d63bd0868a6 b5a920c831ab477e8569fcfb39c1e131 - - default default] 10.0.0.213 "GET /v2.0/floatingips HTTP/1.1" status: 200 len: 193 time: 0.0176525
2026-09-07 19:35:27.950 10 INFO neutron.wsgi [None req-cf464a57-1e3b-42d8-8ae1-79669c443988 abd2d3e2a7644e85af965d63bd0868a6 b5a920c831ab477e8569fcfb39c1e131 - - default default] 10.0.0.35 "DELETE /v2.0/security-groups/ee6a26e7-cc2c-48cc-96e4-6e1856866e2e HTTP/1.1" status: 204 len: 168 time: 0.5516584
2026-09-07 19:35:27.974 10 INFO neutron.wsgi [None req-77d7095c-6ddc-404d-b386-71a01901e05e abd2d3e2a7644e85af965d63bd0868a6 b5a920c831ab477e8569fcfb39c1e131 - - default default] 10.0.0.213 "GET /v2.0/networks HTTP/1.1" status: 200 len: 4595 time: 0.1090202
2026-09-07 19:35:28.054 10 INFO neutron.db.ovn_revision_numbers_db [None req-67b96f5b-56d8-4439-8d85-4c9aba688954 0b70fdb3e0e3476d8c7166074e85354e 20e9eac79942446691c1c4dbb5a9c8b5 - - default default] Successfully bumped revision number for resource 8a89c937-5405-4f54-ab47-c40290bc4da5 (type: routers) to 1
2026-09-07 19:35:28.061 10 INFO neutron.wsgi [None req-1e041d7e-61df-4fc2-a741-492eb52d1d83 abd2d3e2a7644e85af965d63bd0868a6 b5a920c831ab477e8569fcfb39c1e131 - - default default] 10.0.0.213 "GET /v2.0/security-groups HTTP/1.1" status: 200 len: 25139 time: 0.0738678
2026-09-07 19:35:28.073 10 INFO neutron.wsgi [None req-67b96f5b-56d8-4439-8d85-4c9aba688954 0b70fdb3e0e3476d8c7166074e85354e 20e9eac79942446691c1c4dbb5a9c8b5 - - default default] 10.0.0.35 "POST /v2.0/routers HTTP/1.1" status: 201 len: 686 time: 0.2329304
2026-09-07 19:35:28.120 10 INFO neutron.wsgi [None req-24521b9f-55f3-4681-b2e1-3bbf3dc4e4ce abd2d3e2a7644e85af965d63bd0868a6 b5a920c831ab477e8569fcfb39c1e131 - - default default] 10.0.0.213 "GET /v2.0/ports HTTP/1.1" status: 200 len: 11670 time: 0.0464790
2026-09-07 19:35:28.169 10 INFO neutron.wsgi [None req-e81a89b3-3f36-45fb-90c4-f563f9c88f64 abd2d3e2a7644e85af965d63bd0868a6 b5a920c831ab477e8569fcfb39c1e131 - - default default] 10.0.0.213 "GET /v2.0/subnets HTTP/1.1" status: 200 len: 3342 time: 0.0415428
2026-09-07 19:35:28.186 10 INFO neutron.wsgi [None req-41fa8ab3-afce-46ff-b628-2832a2677806 abd2d3e2a7644e85af965d63bd0868a6 b5a920c831ab477e8569fcfb39c1e131 - - default default] 10.0.0.213 "GET /v2.0/subnetpools HTTP/1.1" status: 200 len: 193 time: 0.0158067
2026-09-07 19:35:28.227 10 INFO neutron.wsgi [None req-3a4f2ea8-fba5-455a-a86e-f70ebb2fa1a1 abd2d3e2a7644e85af965d63bd0868a6 b5a920c831ab477e8569fcfb39c1e131 - - default default] 10.0.0.213 "GET /v2.0/subnets HTTP/1.1" status: 200 len: 3342 time: 0.0384641
2026-09-07 19:35:28.261 10 INFO neutron.db.ovn_revision_numbers_db [None req-6537691b-6eab-4758-ac28-a10136639c2f abd2d3e2a7644e85af965d63bd0868a6 b5a920c831ab477e8569fcfb39c1e131 - - default default] Successfully bumped revision number for resource 314a043b-9420-4473-b87b-8bc43f7b06e2 (type: security_groups) to 1
2026-09-07 19:35:28.277 9 INFO neutron.plugins.ml2.drivers.ovn.mech_driver.mech_driver [None req-a1a9e32f-5372-41c5-847d-33ef8807686b - - - - - -] OVN reports status up for port: 7afdce80-c9c3-4818-b68d-c00246a92754
2026-09-07 19:35:28.285 10 INFO neutron.db.ovn_revision_numbers_db [None req-6537691b-6eab-4758-ac28-a10136639c2f abd2d3e2a7644e85af965d63bd0868a6 b5a920c831ab477e8569fcfb39c1e131 - - default default] Successfully bumped revision number for resource 4df9cb35-a3f6-4eb0-89fc-34cd1be592a9 (type: security_group_rules) to 0
2026-09-07 19:35:28.287 9 INFO neutron.plugins.ml2.drivers.ovn.mech_driver.ovsdb.ovsdb_monitor [None req-3caa1c06-d200-492a-ae27-b882f1263891 - - - - - -] Router 43b4a33d-7116-4de0-b88a-6921902b79cc is bound to host instance
2026-09-07 19:35:28.300 10 INFO neutron.db.ovn_revision_numbers_db [None req-6537691b-6eab-4758-ac28-a10136639c2f abd2d3e2a7644e85af965d63bd0868a6 b5a920c831ab477e8569fcfb39c1e131 - - default default] Successfully bumped revision number for resource 5bda6af2-f157-43ca-9b12-11bd5c07c512 (type: security_group_rules) to 0
2026-09-07 19:35:28.313 10 INFO neutron.db.ovn_revision_numbers_db [None req-6537691b-6eab-4758-ac28-a10136639c2f abd2d3e2a7644e85af965d63bd0868a6 b5a920c831ab477e8569fcfb39c1e131 - - default default] Successfully bumped revision number for resource e36f7ac4-3dc2-4e2a-95a0-86d86d8abcd1 (type: security_group_rules) to 0
2026-09-07 19:35:28.326 10 INFO neutron.db.ovn_revision_numbers_db [None req-6537691b-6eab-4758-ac28-a10136639c2f abd2d3e2a7644e85af965d63bd0868a6 b5a920c831ab477e8569fcfb39c1e131 - - default default] Successfully bumped revision number for resource fad80c47-dea9-4bf2-9418-d49d584eb27e (type: security_group_rules) to 0
2026-09-07 19:35:28.346 10 INFO neutron.wsgi [None req-6537691b-6eab-4758-ac28-a10136639c2f abd2d3e2a7644e85af965d63bd0868a6 b5a920c831ab477e8569fcfb39c1e131 - - default default] 10.0.0.35 "GET /v2.0/security-groups?tenant_id=fab3f933a3e442a2b8d400ad3906b412&name=default HTTP/1.1" status: 200 len: 2996 time: 0.2533100
2026-09-07 19:35:28.367 15 INFO neutron.plugins.ml2.drivers.ovn.mech_driver.ovsdb.maintenance [None req-ee99d971-1e0d-45c4-a49d-41b788b59198 - - - - - -] Maintenance task: Synchronization finished (took 1.26 seconds)
2026-09-07 19:35:28.494 10 INFO neutron.wsgi [None req-6ce9165a-41e7-4175-9f6c-0a94b6f47c2f abd2d3e2a7644e85af965d63bd0868a6 b5a920c831ab477e8569fcfb39c1e131 - - default default] 10.0.0.35 "DELETE /v2.0/security-groups/314a043b-9420-4473-b87b-8bc43f7b06e2 HTTP/1.1" status: 204 len: 168 time: 0.1426446
2026-09-07 19:35:28.634 9 INFO neutron.plugins.ml2.plugin [None req-a1a9e32f-5372-41c5-847d-33ef8807686b - - - - - -] Attempt 1 to provision port 7afdce80-c9c3-4818-b68d-c00246a92754
2026-09-07 19:35:28.677 9 INFO neutron.db.ovn_revision_numbers_db [None req-e8b6a944-0683-4050-873d-b60b74faaef0 abd2d3e2a7644e85af965d63bd0868a6 b5a920c831ab477e8569fcfb39c1e131 - - default default] Successfully bumped revision number for resource 7afdce80-c9c3-4818-b68d-c00246a92754 (type: router_ports) to 1
2026-09-07 19:35:28.860 9 INFO neutron.db.ovn_revision_numbers_db [None req-e016c897-5aa2-4425-a320-43856b71fc1f b9b7c43a25ed4fe4aba682f435285b8d fe52563e5026488081b8a7a0e25003d9 - - default default] Successfully bumped revision number for resource 458e0385-4e68-4fbb-bd95-4c50266fe4b9 (type: router_ports) to 1
2026-09-07 19:35:28.892 9 INFO neutron.db.ovn_revision_numbers_db [None req-e8b6a944-0683-4050-873d-b60b74faaef0 abd2d3e2a7644e85af965d63bd0868a6 b5a920c831ab477e8569fcfb39c1e131 - - default default] Successfully bumped revision number for resource 43b4a33d-7116-4de0-b88a-6921902b79cc (type: routers) to 2
2026-09-07 19:35:28.922 9 INFO neutron.wsgi [None req-e8b6a944-0683-4050-873d-b60b74faaef0 abd2d3e2a7644e85af965d63bd0868a6 b5a920c831ab477e8569fcfb39c1e131 - - default default] 10.0.0.35 "POST /v2.0/routers HTTP/1.1" status: 201 len: 874 time: 2.6882877
2026-09-07 19:35:29.110 9 WARNING neutron.scheduler.dhcp_agent_scheduler [None req-cd2f2535-c0e2-4ad8-8fcd-8739c564c360 0b70fdb3e0e3476d8c7166074e85354e 20e9eac79942446691c1c4dbb5a9c8b5 - - default default] No more DHCP agents
2026-09-07 19:35:29.130 9 WARNING neutron.api.rpc.agentnotifiers.dhcp_rpc_agent_api [None req-cd2f2535-c0e2-4ad8-8fcd-8739c564c360 0b70fdb3e0e3476d8c7166074e85354e 20e9eac79942446691c1c4dbb5a9c8b5 - - default default] Unable to schedule network c1e36b5b-d48d-46b7-9c31-f33745e61fd1: no agents available; will retry on subsequent port and subnet creation events.
2026-09-07 19:35:29.172 9 INFO neutron.db.ovn_revision_numbers_db [None req-e016c897-5aa2-4425-a320-43856b71fc1f b9b7c43a25ed4fe4aba682f435285b8d fe52563e5026488081b8a7a0e25003d9 - - default default] Successfully bumped revision number for resource 458e0385-4e68-4fbb-bd95-4c50266fe4b9 (type: ports) to 1
2026-09-07 19:35:29.330 9 WARNING neutron.scheduler.dhcp_agent_scheduler [None req-e016c897-5aa2-4425-a320-43856b71fc1f b9b7c43a25ed4fe4aba682f435285b8d fe52563e5026488081b8a7a0e25003d9 - - default default] No more DHCP agents
2026-09-07 19:35:29.333 9 WARNING neutron.api.rpc.agentnotifiers.dhcp_rpc_agent_api [None req-e016c897-5aa2-4425-a320-43856b71fc1f b9b7c43a25ed4fe4aba682f435285b8d fe52563e5026488081b8a7a0e25003d9 - - default default] Unable to schedule network d41286b4-cc59-40ec-80d2-33bd4fed7740: no agents available; will retry on subsequent port and subnet creation events.
2026-09-07 19:35:29.355 10 WARNING neutron.scheduler.dhcp_agent_scheduler [None req-4c0d7627-9c92-4c25-996c-306db5878d77 abd2d3e2a7644e85af965d63bd0868a6 b5a920c831ab477e8569fcfb39c1e131 - - default default] No more DHCP agents
2026-09-07 19:35:29.362 10 WARNING neutron.api.rpc.agentnotifiers.dhcp_rpc_agent_api [None req-4c0d7627-9c92-4c25-996c-306db5878d77 abd2d3e2a7644e85af965d63bd0868a6 b5a920c831ab477e8569fcfb39c1e131 - - default default] Unable to schedule network 5faa21ff-e7e6-4f43-8f68-c4924242fb91: no agents available; will retry on subsequent port and subnet creation events.
2026-09-07 19:35:29.505 9 INFO neutron.db.ovn_revision_numbers_db [None req-cd2f2535-c0e2-4ad8-8fcd-8739c564c360 0b70fdb3e0e3476d8c7166074e85354e 20e9eac79942446691c1c4dbb5a9c8b5 - - default default] Successfully bumped revision number for resource f61dabf9-714d-462c-924a-12d250694fca (type: ports) to 1
2026-09-07 19:35:29.552 10 INFO neutron.db.ovn_revision_numbers_db [None req-4c0d7627-9c92-4c25-996c-306db5878d77 abd2d3e2a7644e85af965d63bd0868a6 b5a920c831ab477e8569fcfb39c1e131 - - default default] Successfully bumped revision number for resource 62d6c33f-6dff-43fc-9fd9-d32fc4f2d44c (type: ports) to 1
2026-09-07 19:35:29.660 9 INFO neutron.db.ovn_revision_numbers_db [None req-3caa1c06-d200-492a-ae27-b882f1263891 - - - - - -] Successfully bumped revision number for resource 7afdce80-c9c3-4818-b68d-c00246a92754 (type: ports) to 1
2026-09-07 19:35:29.983 10 INFO neutron.db.ovn_revision_numbers_db [None req-4c0d7627-9c92-4c25-996c-306db5878d77 abd2d3e2a7644e85af965d63bd0868a6 b5a920c831ab477e8569fcfb39c1e131 - - default default] Successfully bumped revision number for resource 62d6c33f-6dff-43fc-9fd9-d32fc4f2d44c (type: router_ports) to 1
2026-09-07 19:35:30.099 10 INFO neutron.db.ovn_revision_numbers_db [None req-4c0d7627-9c92-4c25-996c-306db5878d77 abd2d3e2a7644e85af965d63bd0868a6 b5a920c831ab477e8569fcfb39c1e131 - - default default] Successfully bumped revision number for resource 62d6c33f-6dff-43fc-9fd9-d32fc4f2d44c (type: ports) to 1
2026-09-07 19:35:30.148 10 WARNING neutron.scheduler.dhcp_agent_scheduler [None req-4c0d7627-9c92-4c25-996c-306db5878d77 abd2d3e2a7644e85af965d63bd0868a6 b5a920c831ab477e8569fcfb39c1e131 - - default default] No more DHCP agents
2026-09-07 19:35:30.149 10 WARNING neutron.api.rpc.agentnotifiers.dhcp_rpc_agent_api [None req-4c0d7627-9c92-4c25-996c-306db5878d77 abd2d3e2a7644e85af965d63bd0868a6 b5a920c831ab477e8569fcfb39c1e131 - - default default] Unable to schedule network 5faa21ff-e7e6-4f43-8f68-c4924242fb91: no agents available; will retry on subsequent port and subnet creation events.
2026-09-07 19:35:30.161 9 INFO neutron.db.ovn_revision_numbers_db [None req-e016c897-5aa2-4425-a320-43856b71fc1f b9b7c43a25ed4fe4aba682f435285b8d fe52563e5026488081b8a7a0e25003d9 - - default default] Successfully bumped revision number for resource 458e0385-4e68-4fbb-bd95-4c50266fe4b9 (type: router_ports) to 1
2026-09-07 19:35:30.163 9 INFO neutron.wsgi [None req-e016c897-5aa2-4425-a320-43856b71fc1f b9b7c43a25ed4fe4aba682f435285b8d fe52563e5026488081b8a7a0e25003d9 - - default default] 10.0.0.35 "PUT /v2.0/routers/6f4f0195-a0e3-4d1d-94b2-d2ba5dfdbf96/add_router_interface HTTP/1.1" status: 200 len: 503 time: 3.8871057
2026-09-07 19:35:30.377 9 INFO neutron.db.ovn_revision_numbers_db [None req-3caa1c06-d200-492a-ae27-b882f1263891 - - - - - -] Successfully bumped revision number for resource 7afdce80-c9c3-4818-b68d-c00246a92754 (type: router_ports) to 3
2026-09-07 19:35:30.379 9 INFO neutron.db.ovn_revision_numbers_db [None req-cd2f2535-c0e2-4ad8-8fcd-8739c564c360 0b70fdb3e0e3476d8c7166074e85354e 20e9eac79942446691c1c4dbb5a9c8b5 - - default default] Successfully bumped revision number for resource f61dabf9-714d-462c-924a-12d250694fca (type: router_ports) to 1
2026-09-07 19:35:30.499 10 INFO neutron.wsgi [None req-62ea5863-b58e-446f-bee4-091f9146ed0d 0cf0075a196b4b5680cb5a70656b2fe7 157a40494ff74f0ea88038ccb27be40f - - default default] 10.0.0.35 "GET /v2.0/networks HTTP/1.1" status: 200 len: 4614 time: 0.3289778
2026-09-07 19:35:30.545 10 INFO neutron.wsgi [None req-558bf796-a1e2-4f58-9df4-a06b2a637737 0cf0075a196b4b5680cb5a70656b2fe7 157a40494ff74f0ea88038ccb27be40f - - default default] 10.0.0.35 "GET /v2.0/subnets HTTP/1.1" status: 200 len: 3361 time: 0.0392449
2026-09-07 19:35:30.551 9 INFO neutron.db.ovn_revision_numbers_db [None req-cd2f2535-c0e2-4ad8-8fcd-8739c564c360 0b70fdb3e0e3476d8c7166074e85354e 20e9eac79942446691c1c4dbb5a9c8b5 - - default default] Successfully bumped revision number for resource f61dabf9-714d-462c-924a-12d250694fca (type: ports) to 1
2026-09-07 19:35:30.579 9 INFO neutron.db.ovn_revision_numbers_db [None req-3caa1c06-d200-492a-ae27-b882f1263891 - - - - - -] Successfully bumped revision number for resource 7afdce80-c9c3-4818-b68d-c00246a92754 (type: ports) to 2
2026-09-07 19:35:30.675 9 INFO neutron.wsgi [None req-9a848193-9292-4c7c-9c70-fa7d6dab982c 0cf0075a196b4b5680cb5a70656b2fe7 157a40494ff74f0ea88038ccb27be40f - - default default] 10.0.0.35 "GET /v2.0/routers HTTP/1.1" status: 200 len: 2034 time: 0.1221912
2026-09-07 19:35:30.679 9 WARNING neutron.scheduler.dhcp_agent_scheduler [None req-cd2f2535-c0e2-4ad8-8fcd-8739c564c360 0b70fdb3e0e3476d8c7166074e85354e 20e9eac79942446691c1c4dbb5a9c8b5 - - default default] No more DHCP agents
2026-09-07 19:35:30.681 9 WARNING neutron.api.rpc.agentnotifiers.dhcp_rpc_agent_api [None req-cd2f2535-c0e2-4ad8-8fcd-8739c564c360 0b70fdb3e0e3476d8c7166074e85354e 20e9eac79942446691c1c4dbb5a9c8b5 - - default default] Unable to schedule network c1e36b5b-d48d-46b7-9c31-f33745e61fd1: no agents available; will retry on subsequent port and subnet creation events.
2026-09-07 19:35:30.949 9 INFO neutron.db.ovn_revision_numbers_db [None req-cd2f2535-c0e2-4ad8-8fcd-8739c564c360 0b70fdb3e0e3476d8c7166074e85354e 20e9eac79942446691c1c4dbb5a9c8b5 - - default default] Successfully bumped revision number for resource f61dabf9-714d-462c-924a-12d250694fca (type: router_ports) to 1
2026-09-07 19:35:30.951 9 INFO neutron.wsgi [None req-cd2f2535-c0e2-4ad8-8fcd-8739c564c360 0b70fdb3e0e3476d8c7166074e85354e 20e9eac79942446691c1c4dbb5a9c8b5 - - default default] 10.0.0.35 "PUT /v2.0/routers/8a89c937-5405-4f54-ab47-c40290bc4da5/add_router_interface HTTP/1.1" status: 200 len: 503 time: 2.8720169
2026-09-07 19:35:30.974 9 INFO neutron.db.ovn_revision_numbers_db [None req-36b5d218-4044-4e0b-adaa-e4ea7c1afd2e b9b7c43a25ed4fe4aba682f435285b8d fe52563e5026488081b8a7a0e25003d9 - - default default] Successfully bumped revision number for resource d423e2df-1487-4f4f-a3f0-a28d46b0889e (type: security_groups) to 1
2026-09-07 19:35:30.982 9 INFO neutron.db.ovn_revision_numbers_db [None req-3caa1c06-d200-492a-ae27-b882f1263891 - - - - - -] Successfully bumped revision number for resource 7afdce80-c9c3-4818-b68d-c00246a92754 (type: ports) to 4
2026-09-07 19:35:30.992 9 INFO neutron.db.ovn_revision_numbers_db [None req-36b5d218-4044-4e0b-adaa-e4ea7c1afd2e b9b7c43a25ed4fe4aba682f435285b8d fe52563e5026488081b8a7a0e25003d9 - - default default] Successfully bumped revision number for resource 20b56603-3ceb-4d71-8c0d-a1db2a402e10 (type: security_group_rules) to 0
2026-09-07 19:35:30.997 10 INFO neutron.db.ovn_revision_numbers_db [None req-4c0d7627-9c92-4c25-996c-306db5878d77 abd2d3e2a7644e85af965d63bd0868a6 b5a920c831ab477e8569fcfb39c1e131 - - default default] Successfully bumped revision number for resource 62d6c33f-6dff-43fc-9fd9-d32fc4f2d44c (type: router_ports) to 1
2026-09-07 19:35:30.999 10 INFO neutron.wsgi [None req-4c0d7627-9c92-4c25-996c-306db5878d77 abd2d3e2a7644e85af965d63bd0868a6 b5a920c831ab477e8569fcfb39c1e131 - - default default] 10.0.0.35 "PUT /v2.0/routers/43b4a33d-7116-4de0-b88a-6921902b79cc/add_router_interface HTTP/1.1" status: 200 len: 503 time: 2.0711584
2026-09-07 19:35:31.008 10 INFO neutron.wsgi [None req-e6408246-9e1a-44df-8ac1-c0257e5a1a07 0b70fdb3e0e3476d8c7166074e85354e 20e9eac79942446691c1c4dbb5a9c8b5 - - default default] 10.0.0.35 "GET /v2.0/ports/f61dabf9-714d-462c-924a-12d250694fca HTTP/1.1" status: 200 len: 1135 time: 0.0530777
2026-09-07 19:35:31.020 9 INFO neutron.db.ovn_revision_numbers_db [None req-36b5d218-4044-4e0b-adaa-e4ea7c1afd2e b9b7c43a25ed4fe4aba682f435285b8d fe52563e5026488081b8a7a0e25003d9 - - default default] Successfully bumped revision number for resource bf5b504c-e905-4dcd-abc5-55dff9355554 (type: security_group_rules) to 0
2026-09-07 19:35:31.038 10 INFO neutron.wsgi [None req-58dc1c63-2886-4507-9672-f2bdf92e5c97 0b70fdb3e0e3476d8c7166074e85354e 20e9eac79942446691c1c4dbb5a9c8b5 - - default default] 10.0.0.35 "GET /v2.0/ports/f61dabf9-714d-462c-924a-12d250694fca HTTP/1.1" status: 200 len: 1135 time: 0.0255935
2026-09-07 19:35:31.049 9 INFO neutron.wsgi [None req-36b5d218-4044-4e0b-adaa-e4ea7c1afd2e b9b7c43a25ed4fe4aba682f435285b8d fe52563e5026488081b8a7a0e25003d9 - - default default] 10.0.0.35 "POST /v2.0/security-groups HTTP/1.1" status: 201 len: 1811 time: 0.2567692
2026-09-07 19:35:31.143 10 INFO neutron.db.ovn_revision_numbers_db [None req-c09a268a-4452-47fc-b0b5-575b3791fea8 b9b7c43a25ed4fe4aba682f435285b8d fe52563e5026488081b8a7a0e25003d9 - - default default] Successfully bumped revision number for resource 59f91a49-48f2-4c5a-9c78-6ea7bffe3009 (type: security_group_rules) to 0
2026-09-07 19:35:31.165 10 INFO neutron.wsgi [None req-c09a268a-4452-47fc-b0b5-575b3791fea8 b9b7c43a25ed4fe4aba682f435285b8d fe52563e5026488081b8a7a0e25003d9 - - default default] 10.0.0.35 "POST /v2.0/security-group-rules HTTP/1.1" status: 201 len: 764 time: 0.1106529
2026-09-07 19:35:31.223 9 INFO neutron.db.ovn_revision_numbers_db [None req-3caa1c06-d200-492a-ae27-b882f1263891 - - - - - -] Successfully bumped revision number for resource 7afdce80-c9c3-4818-b68d-c00246a92754 (type: router_ports) to 4
2026-09-07 19:35:31.289 10 INFO neutron.db.ovn_revision_numbers_db [None req-d6050089-c5d0-4c8a-9ded-95950d7c3330 b9b7c43a25ed4fe4aba682f435285b8d fe52563e5026488081b8a7a0e25003d9 - - default default] Successfully bumped revision number for resource 27dee47a-1b85-4034-bf00-db6f1a38647d (type: security_group_rules) to 0
2026-09-07 19:35:31.323 10 INFO neutron.wsgi [None req-d6050089-c5d0-4c8a-9ded-95950d7c3330 b9b7c43a25ed4fe4aba682f435285b8d fe52563e5026488081b8a7a0e25003d9 - - default default] 10.0.0.35 "POST /v2.0/security-group-rules HTTP/1.1" status: 201 len: 763 time: 0.1526115
2026-09-07 19:35:31.441 10 INFO neutron.db.ovn_revision_numbers_db [None req-7e509fe0-0a20-41df-be78-e1773417db12 b9b7c43a25ed4fe4aba682f435285b8d fe52563e5026488081b8a7a0e25003d9 - - default default] Successfully bumped revision number for resource abfe82e4-ddf3-4b3f-9f01-217009ae6cec (type: security_group_rules) to 0
2026-09-07 19:35:31.463 10 INFO neutron.wsgi [None req-7e509fe0-0a20-41df-be78-e1773417db12 b9b7c43a25ed4fe4aba682f435285b8d fe52563e5026488081b8a7a0e25003d9 - - default default] 10.0.0.35 "POST /v2.0/security-group-rules HTTP/1.1" status: 201 len: 769 time: 0.1340232
2026-09-07 19:35:31.560 9 INFO neutron.plugins.ml2.drivers.ovn.mech_driver.mech_driver [None req-a1a9e32f-5372-41c5-847d-33ef8807686b - - - - - -] OVN reports status up for port: 458e0385-4e68-4fbb-bd95-4c50266fe4b9
2026-09-07 19:35:31.574 9 INFO neutron.plugins.ml2.plugin [None req-a1a9e32f-5372-41c5-847d-33ef8807686b - - - - - -] Attempt 1 to provision port 458e0385-4e68-4fbb-bd95-4c50266fe4b9
2026-09-07 19:35:31.654 9 INFO neutron.db.ovn_revision_numbers_db [None req-36a86d01-769c-46cf-9187-5a994d51387c b9b7c43a25ed4fe4aba682f435285b8d fe52563e5026488081b8a7a0e25003d9 - - default default] Successfully bumped revision number for resource dd2ead52-eea1-4554-9593-12c7ad9a1a1b (type: security_group_rules) to 0
2026-09-07 19:35:31.681 9 INFO neutron.wsgi [None req-36a86d01-769c-46cf-9187-5a994d51387c b9b7c43a25ed4fe4aba682f435285b8d fe52563e5026488081b8a7a0e25003d9 - - default default] 10.0.0.35 "POST /v2.0/security-group-rules HTTP/1.1" status: 201 len: 768 time: 0.2079587
2026-09-07 19:35:31.721 9 INFO neutron.db.securitygroups_db [None req-e891bd1a-2dee-4bc3-8722-6aae4d754f9d b9b7c43a25ed4fe4aba682f435285b8d fe52563e5026488081b8a7a0e25003d9 - - default default] Project fe52563e5026488081b8a7a0e25003d9 added a security group rule with legacy IPv6 ICMP protocol name icmp, ipv6-icmp should be used instead. It was automatically converted.
2026-09-07 19:35:31.868 9 INFO neutron.db.ovn_revision_numbers_db [None req-e891bd1a-2dee-4bc3-8722-6aae4d754f9d b9b7c43a25ed4fe4aba682f435285b8d fe52563e5026488081b8a7a0e25003d9 - - default default] Successfully bumped revision number for resource ffdfb53e-aa86-4582-a05f-064f7eee19b6 (type: security_group_rules) to 0
2026-09-07 19:35:31.875 9 INFO neutron.db.ovn_revision_numbers_db [None req-a1a9e32f-5372-41c5-847d-33ef8807686b - - - - - -] Successfully bumped revision number for resource 458e0385-4e68-4fbb-bd95-4c50266fe4b9 (type: ports) to 2
2026-09-07 19:35:31.913 9 INFO neutron.wsgi [None req-e891bd1a-2dee-4bc3-8722-6aae4d754f9d b9b7c43a25ed4fe4aba682f435285b8d fe52563e5026488081b8a7a0e25003d9 - - default default] 10.0.0.35 "POST /v2.0/security-group-rules HTTP/1.1" status: 201 len: 774 time: 0.2194343
2026-09-07 19:35:31.946 9 INFO neutron.db.securitygroups_db [None req-638e4d59-a602-4059-a2d4-fc9fb6af3403 b9b7c43a25ed4fe4aba682f435285b8d fe52563e5026488081b8a7a0e25003d9 - - default default] Project fe52563e5026488081b8a7a0e25003d9 added a security group rule with legacy IPv6 ICMP protocol name icmp, ipv6-icmp should be used instead. It was automatically converted.
2026-09-07 19:35:32.018 9 INFO neutron.db.ovn_revision_numbers_db [None req-a1a9e32f-5372-41c5-847d-33ef8807686b - - - - - -] Successfully bumped revision number for resource 458e0385-4e68-4fbb-bd95-4c50266fe4b9 (type: router_ports) to 2
2026-09-07 19:35:32.107 9 INFO neutron.db.ovn_revision_numbers_db [None req-638e4d59-a602-4059-a2d4-fc9fb6af3403 b9b7c43a25ed4fe4aba682f435285b8d fe52563e5026488081b8a7a0e25003d9 - - default default] Successfully bumped revision number for resource 9ad83cb7-4631-45ea-99c9-5df3ef73adb6 (type: security_group_rules) to 0
2026-09-07 19:35:32.122 10 INFO neutron.wsgi [None req-49364ca7-7623-45a1-acff-fb3b016e6e0e 0b70fdb3e0e3476d8c7166074e85354e 20e9eac79942446691c1c4dbb5a9c8b5 - - default default] 10.0.0.35 "GET /v2.0/ports/f61dabf9-714d-462c-924a-12d250694fca HTTP/1.1" status: 200 len: 1135 time: 0.0766385
2026-09-07 19:35:32.135 9 INFO neutron.wsgi [None req-638e4d59-a602-4059-a2d4-fc9fb6af3403 b9b7c43a25ed4fe4aba682f435285b8d fe52563e5026488081b8a7a0e25003d9 - - default default] 10.0.0.35 "POST /v2.0/security-group-rules HTTP/1.1" status: 201 len: 773 time: 0.2165542
2026-09-07 19:35:32.178 9 INFO neutron.wsgi [-] 10.0.0.225 "GET / HTTP/1.1" status: 200 len: 247 time: 0.0042024
2026-09-07 19:35:32.181 9 INFO neutron.wsgi [-] 10.0.0.225 "GET / HTTP/1.1" status: 200 len: 247 time: 0.0020669
2026-09-07 19:35:32.427 9 INFO neutron.db.ovn_revision_numbers_db [None req-ea9490d7-38d8-4c26-ac6f-d3977e4e3eed abd2d3e2a7644e85af965d63bd0868a6 b5a920c831ab477e8569fcfb39c1e131 - - default default] Successfully bumped revision number for resource 7b7d1787-39b2-40d0-ae40-2cc1b1cbf9db (type: security_groups) to 1
2026-09-07 19:35:32.454 9 INFO neutron.db.ovn_revision_numbers_db [None req-ea9490d7-38d8-4c26-ac6f-d3977e4e3eed abd2d3e2a7644e85af965d63bd0868a6 b5a920c831ab477e8569fcfb39c1e131 - - default default] Successfully bumped revision number for resource 4494eb55-700a-4148-ba18-6f82db9ca5b3 (type: security_group_rules) to 0
2026-09-07 19:35:32.471 9 INFO neutron.db.ovn_revision_numbers_db [None req-2785eb89-ddfc-4fd3-a867-b3ece05017b9 2da54395cd3e4e3186f9996ff10b7bda 9fac83a5e1e444b59cb8015111f37b87 - - default default] Successfully bumped revision number for resource 0506b625-7abe-4c6b-b911-53e98b75e640 (type: security_groups) to 1
2026-09-07 19:35:32.473 9 INFO neutron.db.ovn_revision_numbers_db [None req-ea9490d7-38d8-4c26-ac6f-d3977e4e3eed abd2d3e2a7644e85af965d63bd0868a6 b5a920c831ab477e8569fcfb39c1e131 - - default default] Successfully bumped revision number for resource 8f59aa96-b60a-4b1c-8ecb-d8fd54b8d76c (type: security_group_rules) to 0
2026-09-07 19:35:32.489 9 INFO neutron.db.ovn_revision_numbers_db [None req-2785eb89-ddfc-4fd3-a867-b3ece05017b9 2da54395cd3e4e3186f9996ff10b7bda 9fac83a5e1e444b59cb8015111f37b87 - - default default] Successfully bumped revision number for resource 31c19ad9-6cc7-44ea-a215-fd6aa1cb5db9 (type: security_group_rules) to 0
2026-09-07 19:35:32.491 9 INFO neutron.db.ovn_revision_numbers_db [None req-ea9490d7-38d8-4c26-ac6f-d3977e4e3eed abd2d3e2a7644e85af965d63bd0868a6 b5a920c831ab477e8569fcfb39c1e131 - - default default] Successfully bumped revision number for resource b7d2e238-5354-447d-995b-e6c71855e5a1 (type: security_group_rules) to 0
2026-09-07 19:35:32.507 9 INFO neutron.db.ovn_revision_numbers_db [None req-2785eb89-ddfc-4fd3-a867-b3ece05017b9 2da54395cd3e4e3186f9996ff10b7bda 9fac83a5e1e444b59cb8015111f37b87 - - default default] Successfully bumped revision number for resource 6d5b972a-4f80-416a-bcc5-56b2ca96e969 (type: security_group_rules) to 0
2026-09-07 19:35:32.511 9 INFO neutron.db.ovn_revision_numbers_db [None req-ea9490d7-38d8-4c26-ac6f-d3977e4e3eed abd2d3e2a7644e85af965d63bd0868a6 b5a920c831ab477e8569fcfb39c1e131 - - default default] Successfully bumped revision number for resource f00a3e24-1e83-438d-8e4b-e90a7be02c24 (type: security_group_rules) to 0
2026-09-07 19:35:32.538 9 INFO neutron.db.ovn_revision_numbers_db [None req-2785eb89-ddfc-4fd3-a867-b3ece05017b9 2da54395cd3e4e3186f9996ff10b7bda 9fac83a5e1e444b59cb8015111f37b87 - - default default] Successfully bumped revision number for resource 7ec4a871-ed85-45ff-b1d8-e1d49b7b0e63 (type: security_group_rules) to 0
2026-09-07 19:35:32.552 9 INFO neutron.db.ovn_revision_numbers_db [None req-2785eb89-ddfc-4fd3-a867-b3ece05017b9 2da54395cd3e4e3186f9996ff10b7bda 9fac83a5e1e444b59cb8015111f37b87 - - default default] Successfully bumped revision number for resource dce0ba77-e55a-483b-a4f1-63fe576ed4d5 (type: security_group_rules) to 0
2026-09-07 19:35:32.584 9 INFO neutron.db.segments_db [None req-ea9490d7-38d8-4c26-ac6f-d3977e4e3eed abd2d3e2a7644e85af965d63bd0868a6 b5a920c831ab477e8569fcfb39c1e131 - - default default] Added segment 156a01b9-12f5-4c05-ab37-3bae8ac5a7c4 of type geneve for network d8755687-8182-4714-988d-93ee4601b2c3
2026-09-07 19:35:32.610 9 INFO neutron.db.segments_db [None req-2785eb89-ddfc-4fd3-a867-b3ece05017b9 2da54395cd3e4e3186f9996ff10b7bda 9fac83a5e1e444b59cb8015111f37b87 - - default default] Added segment a7396340-2aff-4251-b4a3-9e69e192b2c3 of type geneve for network 7233c07b-94ad-43bf-b6e7-ec4e41ecfce7
2026-09-07 19:35:32.686 10 INFO neutron.wsgi [None req-4a223dd8-4a42-4217-8a2c-5b1eb8b43194 b9b7c43a25ed4fe4aba682f435285b8d fe52563e5026488081b8a7a0e25003d9 - - default default] 10.0.0.35 "GET /v2.0/networks HTTP/1.1" status: 200 len: 1492 time: 0.1834965
2026-09-07 19:35:32.827 9 INFO neutron.db.ovn_revision_numbers_db [None req-ea9490d7-38d8-4c26-ac6f-d3977e4e3eed abd2d3e2a7644e85af965d63bd0868a6 b5a920c831ab477e8569fcfb39c1e131 - - default default] Successfully bumped revision number for resource d8755687-8182-4714-988d-93ee4601b2c3 (type: networks) to 1
2026-09-07 19:35:32.846 9 INFO neutron.db.ovn_revision_numbers_db [None req-2785eb89-ddfc-4fd3-a867-b3ece05017b9 2da54395cd3e4e3186f9996ff10b7bda 9fac83a5e1e444b59cb8015111f37b87 - - default default] Successfully bumped revision number for resource 7233c07b-94ad-43bf-b6e7-ec4e41ecfce7 (type: networks) to 1
2026-09-07 19:35:32.873 10 INFO neutron.wsgi [req-8ec86725-e6e4-4ce8-a424-767f16c1fedc req-041546e7-bb40-4729-b562-aa41e8c8db49 b9b7c43a25ed4fe4aba682f435285b8d fe52563e5026488081b8a7a0e25003d9 - - default default] 10.0.0.1 "GET /v2.0/security-groups?name=tempest-secgroup-smoke-1913903669&fields=id&tenant_id=fe52563e5026488081b8a7a0e25003d9 HTTP/1.1" status: 200 len: 267 time: 0.0695808
2026-09-07 19:35:32.974 10 INFO neutron.wsgi [req-8ec86725-e6e4-4ce8-a424-767f16c1fedc req-e0fd882b-aa97-4cf4-995b-c404f420a291 b9b7c43a25ed4fe4aba682f435285b8d fe52563e5026488081b8a7a0e25003d9 - - default default] 10.0.0.1 "GET /v2.0/networks?id=d41286b4-cc59-40ec-80d2-33bd4fed7740 HTTP/1.1" status: 200 len: 859 time: 0.0922966
2026-09-07 19:35:32.989 10 INFO neutron.wsgi [req-8ec86725-e6e4-4ce8-a424-767f16c1fedc req-c7bc4334-9f9a-4d26-b811-f4edc8d9f2ee b9b7c43a25ed4fe4aba682f435285b8d fe52563e5026488081b8a7a0e25003d9 - - default default] 10.0.0.1 "GET /v2.0/quotas/fe52563e5026488081b8a7a0e25003d9 HTTP/1.1" status: 200 len: 386 time: 0.0078983
2026-09-07 19:35:33.047 9 WARNING neutron.scheduler.dhcp_agent_scheduler [None req-ea9490d7-38d8-4c26-ac6f-d3977e4e3eed abd2d3e2a7644e85af965d63bd0868a6 b5a920c831ab477e8569fcfb39c1e131 - - default default] No more DHCP agents
2026-09-07 19:35:33.051 9 WARNING neutron.api.rpc.agentnotifiers.dhcp_rpc_agent_api [None req-ea9490d7-38d8-4c26-ac6f-d3977e4e3eed abd2d3e2a7644e85af965d63bd0868a6 b5a920c831ab477e8569fcfb39c1e131 - - default default] Unable to schedule network d8755687-8182-4714-988d-93ee4601b2c3: no agents available; will retry on subsequent port and subnet creation events.
2026-09-07 19:35:33.069 9 WARNING neutron.scheduler.dhcp_agent_scheduler [None req-2785eb89-ddfc-4fd3-a867-b3ece05017b9 2da54395cd3e4e3186f9996ff10b7bda 9fac83a5e1e444b59cb8015111f37b87 - - default default] No more DHCP agents
2026-09-07 19:35:33.072 10 INFO neutron.wsgi [req-8ec86725-e6e4-4ce8-a424-767f16c1fedc req-013e17be-3166-45b2-aa0e-3f0104633420 b9b7c43a25ed4fe4aba682f435285b8d fe52563e5026488081b8a7a0e25003d9 - - default default] 10.0.0.1 "GET /v2.0/ports?tenant_id=fe52563e5026488081b8a7a0e25003d9&fields=id HTTP/1.1" status: 200 len: 302 time: 0.0753231
2026-09-07 19:35:33.074 9 WARNING neutron.api.rpc.agentnotifiers.dhcp_rpc_agent_api [None req-2785eb89-ddfc-4fd3-a867-b3ece05017b9 2da54395cd3e4e3186f9996ff10b7bda 9fac83a5e1e444b59cb8015111f37b87 - - default default] Unable to schedule network 7233c07b-94ad-43bf-b6e7-ec4e41ecfce7: no agents available; will retry on subsequent port and subnet creation events.
2026-09-07 19:35:33.165 10 INFO neutron.wsgi [None req-4e232205-b0af-4683-b67b-a210efad6cb2 0b70fdb3e0e3476d8c7166074e85354e 20e9eac79942446691c1c4dbb5a9c8b5 - - default default] 10.0.0.35 "GET /v2.0/ports/f61dabf9-714d-462c-924a-12d250694fca HTTP/1.1" status: 200 len: 1135 time: 0.0328462
2026-09-07 19:35:33.170 10 INFO neutron.wsgi [req-8ec86725-e6e4-4ce8-a424-767f16c1fedc req-ac88e2ca-af5e-4c6e-9b5f-49452f53c265 7d811d46b06048dc8b551f9127a1f3f9 31a9140917a44ab8aea403ca45ecd12e - - 25d29ca8d90e466ca464a71debf3088a 25d29ca8d90e466ca464a71debf3088a] 10.0.0.1 "GET /v2.0/networks/d41286b4-cc59-40ec-80d2-33bd4fed7740?fields=segments HTTP/1.1" status: 200 len: 212 time: 0.0842917
2026-09-07 19:35:33.229 10 INFO neutron.wsgi [req-8ec86725-e6e4-4ce8-a424-767f16c1fedc req-083cdb72-1b95-4365-8b0c-d626b0aee065 7d811d46b06048dc8b551f9127a1f3f9 31a9140917a44ab8aea403ca45ecd12e - - 25d29ca8d90e466ca464a71debf3088a 25d29ca8d90e466ca464a71debf3088a] 10.0.0.1 "GET /v2.0/networks/d41286b4-cc59-40ec-80d2-33bd4fed7740?fields=provider%3Aphysical_network&fields=provider%3Anetwork_type HTTP/1.1" status: 200 len: 277 time: 0.0507290
2026-09-07 19:35:33.407 10 INFO neutron.wsgi [req-837b7952-2be8-4ef1-bef2-39e8619d5842 req-1c14026f-fbee-49e1-8159-d3aaebd67bac b9b7c43a25ed4fe4aba682f435285b8d fe52563e5026488081b8a7a0e25003d9 - - default default] 10.0.0.1 "GET /v2.0/ports?device_id=e600a8d3-cfd3-498a-9eeb-9d596342713c HTTP/1.1" status: 200 len: 210 time: 0.0292816
2026-09-07 19:35:33.477 9 INFO neutron.db.ovn_revision_numbers_db [None req-ea9490d7-38d8-4c26-ac6f-d3977e4e3eed abd2d3e2a7644e85af965d63bd0868a6 b5a920c831ab477e8569fcfb39c1e131 - - default default] Successfully bumped revision number for resource 67a165d6-f893-4e7a-b564-807064beb872 (type: ports) to 1
2026-09-07 19:35:33.485 9 INFO neutron.db.ovn_revision_numbers_db [None req-2785eb89-ddfc-4fd3-a867-b3ece05017b9 2da54395cd3e4e3186f9996ff10b7bda 9fac83a5e1e444b59cb8015111f37b87 - - default default] Successfully bumped revision number for resource 62133285-b345-41f5-88ec-e14309dbe5ce (type: ports) to 1
2026-09-07 19:35:33.498 9 INFO neutron.wsgi [None req-ea9490d7-38d8-4c26-ac6f-d3977e4e3eed abd2d3e2a7644e85af965d63bd0868a6 b5a920c831ab477e8569fcfb39c1e131 - - default default] 10.0.0.35 "POST /v2.0/networks HTTP/1.1" status: 201 len: 943 time: 1.2709374
2026-09-07 19:35:33.509 9 INFO neutron.wsgi [None req-2785eb89-ddfc-4fd3-a867-b3ece05017b9 2da54395cd3e4e3186f9996ff10b7bda 9fac83a5e1e444b59cb8015111f37b87 - - default default] 10.0.0.35 "POST /v2.0/networks HTTP/1.1" status: 201 len: 831 time: 1.4280262
2026-09-07 19:35:33.657 9 WARNING neutron.scheduler.dhcp_agent_scheduler [None req-72070a05-434a-4ceb-8038-0f5097cb23a5 abd2d3e2a7644e85af965d63bd0868a6 b5a920c831ab477e8569fcfb39c1e131 - - default default] No more DHCP agents
2026-09-07 19:35:33.660 9 WARNING neutron.api.rpc.agentnotifiers.dhcp_rpc_agent_api [None req-72070a05-434a-4ceb-8038-0f5097cb23a5 abd2d3e2a7644e85af965d63bd0868a6 b5a920c831ab477e8569fcfb39c1e131 - - default default] Unable to schedule network d8755687-8182-4714-988d-93ee4601b2c3: no agents available; will retry on subsequent port and subnet creation events.
2026-09-07 19:35:33.765 10 WARNING neutron.scheduler.dhcp_agent_scheduler [None req-4e08a203-2d84-415f-90ae-4e8d9af613cd 2da54395cd3e4e3186f9996ff10b7bda 9fac83a5e1e444b59cb8015111f37b87 - - default default] No more DHCP agents
2026-09-07 19:35:33.769 10 WARNING neutron.api.rpc.agentnotifiers.dhcp_rpc_agent_api [None req-4e08a203-2d84-415f-90ae-4e8d9af613cd 2da54395cd3e4e3186f9996ff10b7bda 9fac83a5e1e444b59cb8015111f37b87 - - default default] Unable to schedule network 7233c07b-94ad-43bf-b6e7-ec4e41ecfce7: no agents available; will retry on subsequent port and subnet creation events.
2026-09-07 19:35:34.183 9 INFO neutron.db.ovn_revision_numbers_db [None req-72070a05-434a-4ceb-8038-0f5097cb23a5 abd2d3e2a7644e85af965d63bd0868a6 b5a920c831ab477e8569fcfb39c1e131 - - default default] Successfully bumped revision number for resource 67a165d6-f893-4e7a-b564-807064beb872 (type: ports) to 2
2026-09-07 19:35:34.243 10 INFO neutron.wsgi [req-8ec86725-e6e4-4ce8-a424-767f16c1fedc req-2a0971eb-6416-4d1f-9057-45f9df723879 b9b7c43a25ed4fe4aba682f435285b8d fe52563e5026488081b8a7a0e25003d9 - - default default] 162.253.55.34 "GET /v2.0/networks?id=d41286b4-cc59-40ec-80d2-33bd4fed7740 HTTP/1.1" status: 200 len: 859 time: 0.0740681
2026-09-07 19:35:34.248 9 INFO neutron.db.ovn_revision_numbers_db [None req-72070a05-434a-4ceb-8038-0f5097cb23a5 abd2d3e2a7644e85af965d63bd0868a6 b5a920c831ab477e8569fcfb39c1e131 - - default default] Successfully bumped revision number for resource 97a5e02d-4066-4172-a3fc-a8652af623ec (type: subnets) to 0
2026-09-07 19:35:34.265 9 INFO neutron.wsgi [None req-72070a05-434a-4ceb-8038-0f5097cb23a5 abd2d3e2a7644e85af965d63bd0868a6 b5a920c831ab477e8569fcfb39c1e131 - - default default] 10.0.0.35 "POST /v2.0/subnets HTTP/1.1" status: 201 len: 863 time: 0.7621355
2026-09-07 19:35:34.274 9 INFO neutron.wsgi [None req-1767612d-de4b-4610-b342-9ba3479353fa 0b70fdb3e0e3476d8c7166074e85354e 20e9eac79942446691c1c4dbb5a9c8b5 - - default default] 10.0.0.35 "GET /v2.0/ports/f61dabf9-714d-462c-924a-12d250694fca HTTP/1.1" status: 200 len: 1135 time: 0.1024199
2026-09-07 19:35:34.324 10 INFO neutron.wsgi [req-8ec86725-e6e4-4ce8-a424-767f16c1fedc req-95df6d10-0d2a-44e0-ad08-db2ffb94a122 b9b7c43a25ed4fe4aba682f435285b8d fe52563e5026488081b8a7a0e25003d9 - - default default] 162.253.55.34 "GET /v2.0/security-groups?fields=id&fields=name&tenant_id=fe52563e5026488081b8a7a0e25003d9 HTTP/1.1" status: 200 len: 380 time: 0.0674617
2026-09-07 19:35:34.339 10 INFO neutron.db.ovn_revision_numbers_db [None req-4e08a203-2d84-415f-90ae-4e8d9af613cd 2da54395cd3e4e3186f9996ff10b7bda 9fac83a5e1e444b59cb8015111f37b87 - - default default] Successfully bumped revision number for resource 62133285-b345-41f5-88ec-e14309dbe5ce (type: ports) to 2
2026-09-07 19:35:34.387 10 INFO neutron.db.ovn_revision_numbers_db [None req-4e08a203-2d84-415f-90ae-4e8d9af613cd 2da54395cd3e4e3186f9996ff10b7bda 9fac83a5e1e444b59cb8015111f37b87 - - default default] Successfully bumped revision number for resource 40e79d81-f99e-46b1-b7fd-4742038c7a67 (type: subnets) to 0
2026-09-07 19:35:34.403 10 INFO neutron.wsgi [None req-4e08a203-2d84-415f-90ae-4e8d9af613cd 2da54395cd3e4e3186f9996ff10b7bda 9fac83a5e1e444b59cb8015111f37b87 - - default default] 10.0.0.35 "POST /v2.0/subnets HTTP/1.1" status: 201 len: 801 time: 0.8891098
2026-09-07 19:35:34.471 10 INFO neutron.wsgi [None req-94398914-1e9e-4c21-9eb4-7649a1f672f1 2da54395cd3e4e3186f9996ff10b7bda 9fac83a5e1e444b59cb8015111f37b87 - - default default] 10.0.0.35 "PUT /v2.0/subnets/40e79d81-f99e-46b1-b7fd-4742038c7a67/tags HTTP/1.1" status: 200 len: 218 time: 0.0618434
2026-09-07 19:35:34.539 10 INFO neutron.wsgi [req-51f2a9ff-6613-4a41-a3e5-5f1a7828e0b5 req-58fe3882-a28d-483c-bf78-b39c6b991474 b9b7c43a25ed4fe4aba682f435285b8d fe52563e5026488081b8a7a0e25003d9 - - default default] 10.0.0.1 "GET /v2.0/ports?device_id=e600a8d3-cfd3-498a-9eeb-9d596342713c HTTP/1.1" status: 200 len: 210 time: 0.0485172
2026-09-07 19:35:34.560 10 INFO neutron.wsgi [None req-6d2d90fc-90b8-4850-9194-d43353cefbad 2da54395cd3e4e3186f9996ff10b7bda 9fac83a5e1e444b59cb8015111f37b87 - - default default] 10.0.0.35 "GET /v2.0/subnets/40e79d81-f99e-46b1-b7fd-4742038c7a67/tags HTTP/1.1" status: 200 len: 218 time: 0.0820286
2026-09-07 19:35:34.624 9 INFO neutron.wsgi [None req-ca2d6184-ac99-497b-a09f-5faf3e95ce7c 2da54395cd3e4e3186f9996ff10b7bda 9fac83a5e1e444b59cb8015111f37b87 - - default default] 10.0.0.35 "PUT /v2.0/subnets/40e79d81-f99e-46b1-b7fd-4742038c7a67/tags/green HTTP/1.1" status: 201 len: 201 time: 0.0595462
2026-09-07 19:35:34.662 9 INFO neutron.wsgi [None req-28ac5010-f2c9-45b4-a7ff-1bcaff0ff0e2 2da54395cd3e4e3186f9996ff10b7bda 9fac83a5e1e444b59cb8015111f37b87 - - default default] 10.0.0.35 "GET /v2.0/subnets/40e79d81-f99e-46b1-b7fd-4742038c7a67/tags HTTP/1.1" status: 200 len: 227 time: 0.0321209
2026-09-07 19:35:34.697 9 WARNING neutron.scheduler.dhcp_agent_scheduler [None req-7070d837-51b3-4568-a8a9-267f65af90a2 abd2d3e2a7644e85af965d63bd0868a6 b5a920c831ab477e8569fcfb39c1e131 - - default default] No more DHCP agents
2026-09-07 19:35:34.700 9 INFO neutron.wsgi [None req-a60d13ea-4df5-4fa6-a9fa-6563b918bbd7 2da54395cd3e4e3186f9996ff10b7bda 9fac83a5e1e444b59cb8015111f37b87 - - default default] 10.0.0.35 "PUT /v2.0/subnets/40e79d81-f99e-46b1-b7fd-4742038c7a67/tags/red HTTP/1.1" status: 201 len: 201 time: 0.0322449
2026-09-07 19:35:34.701 9 WARNING neutron.api.rpc.agentnotifiers.dhcp_rpc_agent_api [None req-7070d837-51b3-4568-a8a9-267f65af90a2 abd2d3e2a7644e85af965d63bd0868a6 b5a920c831ab477e8569fcfb39c1e131 - - default default] Unable to schedule network b7e8518a-af92-4e11-a6f0-cf6a114a5a59: no agents available; will retry on subsequent port and subnet creation events.
2026-09-07 19:35:34.777 9 INFO neutron.wsgi [None req-8977319d-e8b4-40bf-b043-2c67f10ed57a 2da54395cd3e4e3186f9996ff10b7bda 9fac83a5e1e444b59cb8015111f37b87 - - default default] 10.0.0.35 "GET /v2.0/subnets/40e79d81-f99e-46b1-b7fd-4742038c7a67/tags HTTP/1.1" status: 200 len: 227 time: 0.0648348
