2026-09-07 19:34:54.238 10 WARNING neutron.api.rpc.agentnotifiers.dhcp_rpc_agent_api [None req-0c168dca-5c12-4341-ae3f-d95d028dc04f 03d3df6c7b0c443f90534e9b7ea585aa 6f82f8458d9944228013caeadb6ea029 - - default default] Unable to schedule network c983c6b5-3b36-44c8-b2bd-481ccc1082d4: no agents available; will retry on subsequent port and subnet creation events.
2026-09-07 19:34:54.259 9 INFO neutron.wsgi [None req-31741ad6-91ab-4d8f-9c4e-b6a7904c5430 11c3c0da5783416e957e4d6b9a5a3e5e 47be075f45fc45b099d15253cfd2bc82 - - default default] 10.0.0.35 "GET /v2.0/ports?device_id=1431a160-7b7f-4ba5-88c0-15b02e8fe3aa HTTP/1.1" status: 200 len: 205 time: 0.0191495
2026-09-07 19:34:54.286 9 INFO neutron.api.v2.resource [None req-eb241e30-6eee-4b32-a50b-2ef3d4dcd789 11c3c0da5783416e957e4d6b9a5a3e5e 47be075f45fc45b099d15253cfd2bc82 - - default default] delete failed (client error): The resource could not be found.
2026-09-07 19:34:54.287 9 INFO neutron.wsgi [None req-eb241e30-6eee-4b32-a50b-2ef3d4dcd789 11c3c0da5783416e957e4d6b9a5a3e5e 47be075f45fc45b099d15253cfd2bc82 - - default default] 10.0.0.35 "DELETE /v2.0/routers/1431a160-7b7f-4ba5-88c0-15b02e8fe3aa HTTP/1.1" status: 404 len: 336 time: 0.0223892
2026-09-07 19:34:54.311 9 INFO neutron.pecan_wsgi.hooks.translation [None req-2e4914e3-5e06-4ea0-95d4-984e17ff36cf 11c3c0da5783416e957e4d6b9a5a3e5e 47be075f45fc45b099d15253cfd2bc82 - - default default] DELETE failed (client error): The resource could not be found.
2026-09-07 19:34:54.313 9 INFO neutron.wsgi [None req-2e4914e3-5e06-4ea0-95d4-984e17ff36cf 11c3c0da5783416e957e4d6b9a5a3e5e 47be075f45fc45b099d15253cfd2bc82 - - default default] 10.0.0.35 "DELETE /v2.0/subnets/35f50cf3-0537-4b7d-ae48-d4fc1521cc47 HTTP/1.1" status: 404 len: 337 time: 0.0224771
2026-09-07 19:34:54.341 9 INFO neutron.wsgi [None req-518ee408-8918-48cd-aea8-04924e2e9dc6 11c3c0da5783416e957e4d6b9a5a3e5e 47be075f45fc45b099d15253cfd2bc82 - - default default] 10.0.0.35 "GET /v2.0/ports?device_id=ed996b5e-5993-455d-9e47-5668cab5219e HTTP/1.1" status: 200 len: 205 time: 0.0224931
2026-09-07 19:34:54.370 10 INFO neutron.api.v2.resource [None req-0314a307-de4b-460d-a500-07350a9fade5 11c3c0da5783416e957e4d6b9a5a3e5e 47be075f45fc45b099d15253cfd2bc82 - - default default] delete failed (client error): The resource could not be found.
2026-09-07 19:34:54.372 10 INFO neutron.wsgi [None req-0314a307-de4b-460d-a500-07350a9fade5 11c3c0da5783416e957e4d6b9a5a3e5e 47be075f45fc45b099d15253cfd2bc82 - - default default] 10.0.0.35 "DELETE /v2.0/routers/ed996b5e-5993-455d-9e47-5668cab5219e HTTP/1.1" status: 404 len: 336 time: 0.0229216
2026-09-07 19:34:54.381 10 INFO neutron.db.ovn_revision_numbers_db [None req-0c168dca-5c12-4341-ae3f-d95d028dc04f 03d3df6c7b0c443f90534e9b7ea585aa 6f82f8458d9944228013caeadb6ea029 - - default default] Successfully bumped revision number for resource 5e0e08b5-39e0-4506-9af3-6fe7afaced1c (type: ports) to 1
2026-09-07 19:34:54.394 10 INFO neutron.pecan_wsgi.hooks.translation [None req-393b5d23-5910-45df-b06d-e305d4773736 11c3c0da5783416e957e4d6b9a5a3e5e 47be075f45fc45b099d15253cfd2bc82 - - default default] DELETE failed (client error): The resource could not be found.
2026-09-07 19:34:54.397 10 INFO neutron.wsgi [None req-393b5d23-5910-45df-b06d-e305d4773736 11c3c0da5783416e957e4d6b9a5a3e5e 47be075f45fc45b099d15253cfd2bc82 - - default default] 10.0.0.35 "DELETE /v2.0/subnets/6dd24f1c-3bd7-4513-a127-699fc696294c HTTP/1.1" status: 404 len: 337 time: 0.0210836
2026-09-07 19:34:54.417 10 INFO neutron.wsgi [None req-0c168dca-5c12-4341-ae3f-d95d028dc04f 03d3df6c7b0c443f90534e9b7ea585aa 6f82f8458d9944228013caeadb6ea029 - - default default] 10.0.0.35 "POST /v2.0/networks HTTP/1.1" status: 201 len: 853 time: 0.7791090
2026-09-07 19:34:54.419 10 INFO neutron.wsgi [None req-43e5d90d-4430-4753-a06b-6234ffb921e3 11c3c0da5783416e957e4d6b9a5a3e5e 47be075f45fc45b099d15253cfd2bc82 - - default default] 10.0.0.35 "GET /v2.0/ports?device_id=f1095d0a-f1b2-4630-9f1c-a1f5e96116e9 HTTP/1.1" status: 200 len: 205 time: 0.0172470
2026-09-07 19:34:54.444 9 INFO neutron.wsgi [None req-1a9b4938-b5dc-4be8-a908-e1253d32b79a abd2d3e2a7644e85af965d63bd0868a6 b5a920c831ab477e8569fcfb39c1e131 - - default default] 10.0.0.35 "DELETE /v2.0/security-groups/166f74fc-c434-48c3-be19-568f6bc415da HTTP/1.1" status: 204 len: 168 time: 0.2340858
2026-09-07 19:34:54.444 10 INFO neutron.api.v2.resource [None req-70d27ff2-87fd-462f-adb3-a2952e4eab23 11c3c0da5783416e957e4d6b9a5a3e5e 47be075f45fc45b099d15253cfd2bc82 - - default default] delete failed (client error): The resource could not be found.
2026-09-07 19:34:54.446 10 INFO neutron.wsgi [None req-70d27ff2-87fd-462f-adb3-a2952e4eab23 11c3c0da5783416e957e4d6b9a5a3e5e 47be075f45fc45b099d15253cfd2bc82 - - default default] 10.0.0.35 "DELETE /v2.0/routers/f1095d0a-f1b2-4630-9f1c-a1f5e96116e9 HTTP/1.1" status: 404 len: 336 time: 0.0201786
2026-09-07 19:34:54.478 10 INFO neutron.pecan_wsgi.hooks.translation [None req-6e4885a2-9d79-47c9-bf74-6b1d5a9211d9 11c3c0da5783416e957e4d6b9a5a3e5e 47be075f45fc45b099d15253cfd2bc82 - - default default] DELETE failed (client error): The resource could not be found.
2026-09-07 19:34:54.482 10 INFO neutron.wsgi [None req-6e4885a2-9d79-47c9-bf74-6b1d5a9211d9 11c3c0da5783416e957e4d6b9a5a3e5e 47be075f45fc45b099d15253cfd2bc82 - - default default] 10.0.0.35 "DELETE /v2.0/subnets/770bc20d-2cdf-4be8-91a7-7a33268b341b HTTP/1.1" status: 404 len: 337 time: 0.0309868
2026-09-07 19:34:54.512 10 INFO neutron.pecan_wsgi.hooks.translation [None req-c62c313f-540f-4701-b42d-875c62b7ef61 11c3c0da5783416e957e4d6b9a5a3e5e 47be075f45fc45b099d15253cfd2bc82 - - default default] DELETE failed (client error): The resource could not be found.
2026-09-07 19:34:54.514 9 INFO neutron.db.segments_db [None req-daea80b4-75e4-4f23-9eb8-97297e69b11c 03d3df6c7b0c443f90534e9b7ea585aa 6f82f8458d9944228013caeadb6ea029 - - default default] Added segment 4ca539d9-d606-4a4d-b8e8-7612e71f7666 of type geneve for network a62dae4a-2024-4c5d-80cc-e5119b59f584
2026-09-07 19:34:54.515 10 INFO neutron.wsgi [None req-c62c313f-540f-4701-b42d-875c62b7ef61 11c3c0da5783416e957e4d6b9a5a3e5e 47be075f45fc45b099d15253cfd2bc82 - - default default] 10.0.0.35 "DELETE /v2.0/subnets/75ecf80e-164b-4c19-9bce-297377b837c4 HTTP/1.1" status: 404 len: 337 time: 0.0263331
2026-09-07 19:34:54.543 10 INFO neutron.wsgi [None req-bde6eb72-09a5-4832-a6d4-af93d7f4e62d abd2d3e2a7644e85af965d63bd0868a6 b5a920c831ab477e8569fcfb39c1e131 - - default default] 10.0.0.35 "GET /v2.0/security-groups?tenant_id=446b849771c04e088a7994f669ace1a6&name=default HTTP/1.1" status: 200 len: 2996 time: 0.2168102
2026-09-07 19:34:54.552 9 INFO neutron.services.segments.plugin [-] Segment 05a2ce2b-d232-4abc-b07d-8a7a574b530e resource provider aggregate not found
2026-09-07 19:34:54.557 9 INFO neutron.services.segments.plugin [-] Segment 05a2ce2b-d232-4abc-b07d-8a7a574b530e resource provider aggregate not found
2026-09-07 19:34:54.569 9 INFO neutron.services.segments.plugin [-] Segment 05a2ce2b-d232-4abc-b07d-8a7a574b530e resource provider not found; error: Placement Client Error (4xx): {"errors": [{"status": 404, "title": "Not Found", "detail": "The resource could not be found.\n\n No resource provider with uuid 05a2ce2b-d232-4abc-b07d-8a7a574b530e found for delete ", "request_id": "req-a95188c9-c80f-47ed-a861-6bda8f208a6d"}]}
2026-09-07 19:34:54.583 9 INFO neutron.services.segments.plugin [-] Segment 05a2ce2b-d232-4abc-b07d-8a7a574b530e resource provider not found; error: Placement Client Error (4xx): {"errors": [{"status": 404, "title": "Not Found", "detail": "The resource could not be found.\n\n No resource provider with uuid 05a2ce2b-d232-4abc-b07d-8a7a574b530e found for delete ", "request_id": "req-a867ee58-94e7-40c3-b113-c5ab616a87f9"}]}
2026-09-07 19:34:54.665 9 INFO neutron.db.ovn_revision_numbers_db [None req-daea80b4-75e4-4f23-9eb8-97297e69b11c 03d3df6c7b0c443f90534e9b7ea585aa 6f82f8458d9944228013caeadb6ea029 - - default default] Successfully bumped revision number for resource a62dae4a-2024-4c5d-80cc-e5119b59f584 (type: networks) to 1
2026-09-07 19:34:54.804 10 INFO neutron.wsgi [None req-e52c6339-95f9-4391-854c-826129d5306a abd2d3e2a7644e85af965d63bd0868a6 b5a920c831ab477e8569fcfb39c1e131 - - default default] 10.0.0.35 "DELETE /v2.0/security-groups/4902e88e-2a83-4ad6-bbff-d48ce65ffc80 HTTP/1.1" status: 204 len: 168 time: 0.2540042
2026-09-07 19:34:54.839 9 WARNING neutron.scheduler.dhcp_agent_scheduler [None req-daea80b4-75e4-4f23-9eb8-97297e69b11c 03d3df6c7b0c443f90534e9b7ea585aa 6f82f8458d9944228013caeadb6ea029 - - default default] No more DHCP agents
2026-09-07 19:34:54.840 9 WARNING neutron.api.rpc.agentnotifiers.dhcp_rpc_agent_api [None req-daea80b4-75e4-4f23-9eb8-97297e69b11c 03d3df6c7b0c443f90534e9b7ea585aa 6f82f8458d9944228013caeadb6ea029 - - default default] Unable to schedule network a62dae4a-2024-4c5d-80cc-e5119b59f584: no agents available; will retry on subsequent port and subnet creation events.
2026-09-07 19:34:54.922 9 INFO neutron.db.ovn_revision_numbers_db [None req-daea80b4-75e4-4f23-9eb8-97297e69b11c 03d3df6c7b0c443f90534e9b7ea585aa 6f82f8458d9944228013caeadb6ea029 - - default default] Successfully bumped revision number for resource e82408f2-9d86-4bf9-8c71-85c57c5814d0 (type: ports) to 1
2026-09-07 19:34:54.938 9 INFO neutron.wsgi [None req-daea80b4-75e4-4f23-9eb8-97297e69b11c 03d3df6c7b0c443f90534e9b7ea585aa 6f82f8458d9944228013caeadb6ea029 - - default default] 10.0.0.35 "POST /v2.0/networks HTTP/1.1" status: 201 len: 852 time: 0.5146255
2026-09-07 19:34:55.323 10 INFO neutron.wsgi [None req-3d572200-830c-4f6c-b366-5d8e32193044 abd2d3e2a7644e85af965d63bd0868a6 b5a920c831ab477e8569fcfb39c1e131 - - default default] 10.0.0.35 "GET /v2.0/security-groups?tenant_id=47be075f45fc45b099d15253cfd2bc82&name=default HTTP/1.1" status: 200 len: 2996 time: 0.3059425
2026-09-07 19:34:55.401 9 WARNING neutron.scheduler.dhcp_agent_scheduler [None req-fe07ed7b-de67-4335-a398-15a3e93dbc5c 03d3df6c7b0c443f90534e9b7ea585aa 6f82f8458d9944228013caeadb6ea029 - - default default] No more DHCP agents
2026-09-07 19:34:55.405 9 WARNING neutron.api.rpc.agentnotifiers.dhcp_rpc_agent_api [None req-fe07ed7b-de67-4335-a398-15a3e93dbc5c 03d3df6c7b0c443f90534e9b7ea585aa 6f82f8458d9944228013caeadb6ea029 - - default default] Unable to schedule network c983c6b5-3b36-44c8-b2bd-481ccc1082d4: no agents available; will retry on subsequent port and subnet creation events.
2026-09-07 19:34:55.492 9 INFO neutron.db.ovn_revision_numbers_db [None req-fe07ed7b-de67-4335-a398-15a3e93dbc5c 03d3df6c7b0c443f90534e9b7ea585aa 6f82f8458d9944228013caeadb6ea029 - - default default] Successfully bumped revision number for resource c6f9fa57-b0c7-4379-ba12-4369f438ea09 (type: ports) to 1
2026-09-07 19:34:55.516 9 WARNING neutron.scheduler.dhcp_agent_scheduler [None req-fe07ed7b-de67-4335-a398-15a3e93dbc5c 03d3df6c7b0c443f90534e9b7ea585aa 6f82f8458d9944228013caeadb6ea029 - - default default] No more DHCP agents
2026-09-07 19:34:55.518 9 WARNING neutron.api.rpc.agentnotifiers.dhcp_rpc_agent_api [None req-fe07ed7b-de67-4335-a398-15a3e93dbc5c 03d3df6c7b0c443f90534e9b7ea585aa 6f82f8458d9944228013caeadb6ea029 - - default default] Unable to schedule network a62dae4a-2024-4c5d-80cc-e5119b59f584: no agents available; will retry on subsequent port and subnet creation events.
2026-09-07 19:34:55.557 10 INFO neutron.wsgi [None req-14334356-20a1-4f97-9530-812cc1215e0c abd2d3e2a7644e85af965d63bd0868a6 b5a920c831ab477e8569fcfb39c1e131 - - default default] 10.0.0.35 "DELETE /v2.0/security-groups/432af4ad-31eb-4d43-9082-2a082a596dd7 HTTP/1.1" status: 204 len: 168 time: 0.2283530
2026-09-07 19:34:55.604 9 INFO neutron.db.ovn_revision_numbers_db [None req-fe07ed7b-de67-4335-a398-15a3e93dbc5c 03d3df6c7b0c443f90534e9b7ea585aa 6f82f8458d9944228013caeadb6ea029 - - default default] Successfully bumped revision number for resource 7f48260b-bf00-48dd-bba5-97bb077e1213 (type: ports) to 1
2026-09-07 19:34:55.629 9 INFO neutron.wsgi [None req-fe07ed7b-de67-4335-a398-15a3e93dbc5c 03d3df6c7b0c443f90534e9b7ea585aa 6f82f8458d9944228013caeadb6ea029 - - default default] 10.0.0.35 "POST /v2.0/ports HTTP/1.1" status: 201 len: 1706 time: 0.6847689 /var/lib/openstack/lib/python3.10/site-packages/pycadf/identifier.py:71: UserWarning: Invalid uuid: neutron. To ensure interoperability, identifiers should be a valid uuid. warnings.warn(('Invalid uuid: %s. To ensure interoperability, '
2026-09-07 19:34:55.760 9 INFO neutron.wsgi [None req-e2c712ca-ad5e-4455-98ab-fa3c6df549ce 03d3df6c7b0c443f90534e9b7ea585aa 6f82f8458d9944228013caeadb6ea029 - - default default] 10.0.0.35 "GET /v2.0/ports HTTP/1.1" status: 200 len: 3213 time: 0.1257515
2026-09-07 19:34:56.107 9 INFO neutron.wsgi [None req-11b076c6-5215-43e4-97e7-cb991342e3c9 03d3df6c7b0c443f90534e9b7ea585aa 6f82f8458d9944228013caeadb6ea029 - - default default] 10.0.0.35 "DELETE /v2.0/ports/c6f9fa57-b0c7-4379-ba12-4369f438ea09 HTTP/1.1" status: 204 len: 168 time: 0.3415282
2026-09-07 19:34:56.301 9 INFO neutron.wsgi [None req-3e070915-f660-4dc1-86f5-6d0c1af9a05f 03d3df6c7b0c443f90534e9b7ea585aa 6f82f8458d9944228013caeadb6ea029 - - default default] 10.0.0.35 "DELETE /v2.0/ports/7f48260b-bf00-48dd-bba5-97bb077e1213 HTTP/1.1" status: 204 len: 168 time: 0.1892135
2026-09-07 19:34:56.335 9 INFO neutron.wsgi [None req-a3e9007b-fc88-4273-94e8-4cabc66f9572 03d3df6c7b0c443f90534e9b7ea585aa 6f82f8458d9944228013caeadb6ea029 - - default default] 10.0.0.35 "GET /v2.0/ports HTTP/1.1" status: 200 len: 1718 time: 0.0301447
2026-09-07 19:34:56.414 9 INFO neutron.db.segments_db [None req-a8ab082d-d4da-40a5-8c1e-4b564cf3238b 03d3df6c7b0c443f90534e9b7ea585aa 6f82f8458d9944228013caeadb6ea029 - - default default] Added segment a2cbdcd7-3f9a-495d-b58f-b873d64c41f3 of type geneve for network 128517e7-f43c-4073-a084-b88910980b7d
2026-09-07 19:34:56.577 9 INFO neutron.db.ovn_revision_numbers_db [None req-a8ab082d-d4da-40a5-8c1e-4b564cf3238b 03d3df6c7b0c443f90534e9b7ea585aa 6f82f8458d9944228013caeadb6ea029 - - default default] Successfully bumped revision number for resource 128517e7-f43c-4073-a084-b88910980b7d (type: networks) to 1
2026-09-07 19:34:56.744 9 WARNING neutron.scheduler.dhcp_agent_scheduler [None req-a8ab082d-d4da-40a5-8c1e-4b564cf3238b 03d3df6c7b0c443f90534e9b7ea585aa 6f82f8458d9944228013caeadb6ea029 - - default default] No more DHCP agents
2026-09-07 19:34:56.745 9 WARNING neutron.api.rpc.agentnotifiers.dhcp_rpc_agent_api [None req-a8ab082d-d4da-40a5-8c1e-4b564cf3238b 03d3df6c7b0c443f90534e9b7ea585aa 6f82f8458d9944228013caeadb6ea029 - - default default] Unable to schedule network 128517e7-f43c-4073-a084-b88910980b7d: no agents available; will retry on subsequent port and subnet creation events.
2026-09-07 19:34:56.821 9 INFO neutron.db.ovn_revision_numbers_db [None req-a8ab082d-d4da-40a5-8c1e-4b564cf3238b 03d3df6c7b0c443f90534e9b7ea585aa 6f82f8458d9944228013caeadb6ea029 - - default default] Successfully bumped revision number for resource 22d3c770-bb90-43f1-a22f-3fa03d3b1d94 (type: ports) to 1
2026-09-07 19:34:56.837 9 INFO neutron.wsgi [None req-a8ab082d-d4da-40a5-8c1e-4b564cf3238b 03d3df6c7b0c443f90534e9b7ea585aa 6f82f8458d9944228013caeadb6ea029 - - default default] 10.0.0.35 "POST /v2.0/networks HTTP/1.1" status: 201 len: 851 time: 0.4963374
2026-09-07 19:34:56.935 9 INFO neutron.db.segments_db [None req-23d3f26a-dc78-4393-bc42-21e7de3eb2c0 03d3df6c7b0c443f90534e9b7ea585aa 6f82f8458d9944228013caeadb6ea029 - - default default] Added segment f22adac2-a10a-431d-87a6-15b6333effa0 of type geneve for network 21878443-4b62-41ae-80e4-4163c0f94992
2026-09-07 19:34:57.129 9 INFO neutron.db.ovn_revision_numbers_db [None req-23d3f26a-dc78-4393-bc42-21e7de3eb2c0 03d3df6c7b0c443f90534e9b7ea585aa 6f82f8458d9944228013caeadb6ea029 - - default default] Successfully bumped revision number for resource 21878443-4b62-41ae-80e4-4163c0f94992 (type: networks) to 1
2026-09-07 19:34:57.329 9 WARNING neutron.scheduler.dhcp_agent_scheduler [None req-23d3f26a-dc78-4393-bc42-21e7de3eb2c0 03d3df6c7b0c443f90534e9b7ea585aa 6f82f8458d9944228013caeadb6ea029 - - default default] No more DHCP agents
2026-09-07 19:34:57.335 9 WARNING neutron.api.rpc.agentnotifiers.dhcp_rpc_agent_api [None req-23d3f26a-dc78-4393-bc42-21e7de3eb2c0 03d3df6c7b0c443f90534e9b7ea585aa 6f82f8458d9944228013caeadb6ea029 - - default default] Unable to schedule network 21878443-4b62-41ae-80e4-4163c0f94992: no agents available; will retry on subsequent port and subnet creation events.
2026-09-07 19:34:57.443 9 INFO neutron.db.ovn_revision_numbers_db [None req-23d3f26a-dc78-4393-bc42-21e7de3eb2c0 03d3df6c7b0c443f90534e9b7ea585aa 6f82f8458d9944228013caeadb6ea029 - - default default] Successfully bumped revision number for resource 9f1ca674-b894-4158-b6d5-e8624a3661f0 (type: ports) to 1
2026-09-07 19:34:57.465 9 INFO neutron.wsgi [None req-23d3f26a-dc78-4393-bc42-21e7de3eb2c0 03d3df6c7b0c443f90534e9b7ea585aa 6f82f8458d9944228013caeadb6ea029 - - default default] 10.0.0.35 "POST /v2.0/networks HTTP/1.1" status: 201 len: 852 time: 0.6226377
2026-09-07 19:34:57.563 10 WARNING neutron.plugins.ml2.drivers.ovn.mech_driver.ovsdb.ovn_client [None req-f9070b68-23b0-41f8-bf80-edfe70a9405c - - - - - -] No port found with ID d488d326-089c-4fdd-b4e4-3c783f12b270: RuntimeError: No port found with ID d488d326-089c-4fdd-b4e4-3c783f12b270
2026-09-07 19:34:57.756 10 INFO neutron.wsgi [None req-6feef3d3-7bf5-478f-93f8-411f067f5879 8ababa37282348538c17c81884ad666a cab0fc41855c4185bd6159730db13e18 - - default default] 10.0.0.35 "POST /v2.0/subnetpools HTTP/1.1" status: 201 len: 748 time: 0.2772744
2026-09-07 19:34:57.794 10 INFO neutron.wsgi [None req-59f3e62b-d1f3-42be-acde-ad32c6cd04bf 8ababa37282348538c17c81884ad666a cab0fc41855c4185bd6159730db13e18 - - default default] 10.0.0.35 "GET /v2.0/subnetpools/3f7405a1-f32c-4d53-b624-49152fa90d39 HTTP/1.1" status: 200 len: 743 time: 0.0330689
2026-09-07 19:34:57.867 10 INFO neutron.wsgi [None req-c9a50c10-349e-4127-9e6a-23b28980e28f 8ababa37282348538c17c81884ad666a cab0fc41855c4185bd6159730db13e18 - - default default] 10.0.0.35 "PUT /v2.0/subnetpools/3f7405a1-f32c-4d53-b624-49152fa90d39 HTTP/1.1" status: 200 len: 693 time: 0.0665832
2026-09-07 19:34:57.968 10 INFO neutron.wsgi [None req-8dd8c74f-c619-4fc1-8ba8-7ff8e750fe8a 8ababa37282348538c17c81884ad666a cab0fc41855c4185bd6159730db13e18 - - default default] 10.0.0.35 "DELETE /v2.0/subnetpools/3f7405a1-f32c-4d53-b624-49152fa90d39 HTTP/1.1" status: 204 len: 168 time: 0.0951538
2026-09-07 19:34:57.998 10 INFO neutron.api.v2.resource [None req-dc17f29d-7fd2-4826-94b4-0f3e1445a745 8ababa37282348538c17c81884ad666a cab0fc41855c4185bd6159730db13e18 - - default default] show failed (client error): The resource could not be found.
2026-09-07 19:34:57.999 10 INFO neutron.wsgi [None req-dc17f29d-7fd2-4826-94b4-0f3e1445a745 8ababa37282348538c17c81884ad666a cab0fc41855c4185bd6159730db13e18 - - default default] 10.0.0.35 "GET /v2.0/subnetpools/3f7405a1-f32c-4d53-b624-49152fa90d39 HTTP/1.1" status: 404 len: 346 time: 0.0262859
2026-09-07 19:34:58.025 10 INFO neutron.api.v2.resource [None req-17213fd3-760e-413e-82bc-234a88fd416a 8ababa37282348538c17c81884ad666a cab0fc41855c4185bd6159730db13e18 - - default default] delete failed (client error): The resource could not be found.
2026-09-07 19:34:58.026 10 INFO neutron.wsgi [None req-17213fd3-760e-413e-82bc-234a88fd416a 8ababa37282348538c17c81884ad666a cab0fc41855c4185bd6159730db13e18 - - default default] 10.0.0.35 "DELETE /v2.0/subnetpools/3f7405a1-f32c-4d53-b624-49152fa90d39 HTTP/1.1" status: 404 len: 346 time: 0.0212650
2026-09-07 19:34:58.451 10 WARNING neutron.scheduler.dhcp_agent_scheduler [None req-efd863c4-aa6d-46aa-9f23-289a51b1486c 03d3df6c7b0c443f90534e9b7ea585aa 6f82f8458d9944228013caeadb6ea029 - - default default] No more DHCP agents
2026-09-07 19:34:58.454 10 WARNING neutron.api.rpc.agentnotifiers.dhcp_rpc_agent_api [None req-efd863c4-aa6d-46aa-9f23-289a51b1486c 03d3df6c7b0c443f90534e9b7ea585aa 6f82f8458d9944228013caeadb6ea029 - - default default] Unable to schedule network 128517e7-f43c-4073-a084-b88910980b7d: no agents available; will retry on subsequent port and subnet creation events.
2026-09-07 19:34:58.482 10 INFO neutron.db.ovn_revision_numbers_db [None req-efd863c4-aa6d-46aa-9f23-289a51b1486c 03d3df6c7b0c443f90534e9b7ea585aa 6f82f8458d9944228013caeadb6ea029 - - default default] Successfully bumped revision number for resource 6c423795-64b0-4ed7-b645-2b465590b2e3 (type: subnets) to 0
2026-09-07 19:34:58.502 10 WARNING neutron.scheduler.dhcp_agent_scheduler [None req-efd863c4-aa6d-46aa-9f23-289a51b1486c 03d3df6c7b0c443f90534e9b7ea585aa 6f82f8458d9944228013caeadb6ea029 - - default default] No more DHCP agents
2026-09-07 19:34:58.510 10 WARNING neutron.api.rpc.agentnotifiers.dhcp_rpc_agent_api [None req-efd863c4-aa6d-46aa-9f23-289a51b1486c 03d3df6c7b0c443f90534e9b7ea585aa 6f82f8458d9944228013caeadb6ea029 - - default default] Unable to schedule network 21878443-4b62-41ae-80e4-4163c0f94992: no agents available; will retry on subsequent port and subnet creation events.
2026-09-07 19:34:58.556 10 INFO neutron.db.ovn_revision_numbers_db [None req-efd863c4-aa6d-46aa-9f23-289a51b1486c 03d3df6c7b0c443f90534e9b7ea585aa 6f82f8458d9944228013caeadb6ea029 - - default default] Successfully bumped revision number for resource 042cd068-b149-4935-a887-32d8fdef69af (type: subnets) to 0
2026-09-07 19:34:58.577 10 INFO neutron.wsgi [None req-efd863c4-aa6d-46aa-9f23-289a51b1486c 03d3df6c7b0c443f90534e9b7ea585aa 6f82f8458d9944228013caeadb6ea029 - - default default] 10.0.0.35 "POST /v2.0/subnets HTTP/1.1" status: 201 len: 1476 time: 0.5716999
2026-09-07 19:34:58.680 10 INFO neutron.wsgi [None req-39200497-8611-4a31-b926-82c7a999bb56 03d3df6c7b0c443f90534e9b7ea585aa 6f82f8458d9944228013caeadb6ea029 - - default default] 10.0.0.35 "GET /v2.0/subnets HTTP/1.1" status: 200 len: 2084 time: 0.0968518
2026-09-07 19:34:58.945 9 INFO neutron.wsgi [None req-d51af132-0025-426e-999d-ce157a6afe91 03d3df6c7b0c443f90534e9b7ea585aa 6f82f8458d9944228013caeadb6ea029 - - default default] 10.0.0.35 "DELETE /v2.0/subnets/6c423795-64b0-4ed7-b645-2b465590b2e3 HTTP/1.1" status: 204 len: 168 time: 0.2467499
2026-09-07 19:34:59.000 9 INFO neutron.db.ovn_revision_numbers_db [None req-6b419106-86bd-435b-bb60-b9acf3140ab9 abd2d3e2a7644e85af965d63bd0868a6 b5a920c831ab477e8569fcfb39c1e131 - - default default] Successfully bumped revision number for resource 20b34b0c-8bd0-43ad-be0b-2b28a433374f (type: security_groups) to 1
2026-09-07 19:34:59.015 9 INFO neutron.db.ovn_revision_numbers_db [None req-6b419106-86bd-435b-bb60-b9acf3140ab9 abd2d3e2a7644e85af965d63bd0868a6 b5a920c831ab477e8569fcfb39c1e131 - - default default] Successfully bumped revision number for resource 2af20594-3405-4c2a-805e-d155df22f8a3 (type: security_group_rules) to 0
2026-09-07 19:34:59.029 9 INFO neutron.db.ovn_revision_numbers_db [None req-6b419106-86bd-435b-bb60-b9acf3140ab9 abd2d3e2a7644e85af965d63bd0868a6 b5a920c831ab477e8569fcfb39c1e131 - - default default] Successfully bumped revision number for resource 37bfcf6e-2c1b-4b32-a614-72aff81c40db (type: security_group_rules) to 0
2026-09-07 19:34:59.044 9 INFO neutron.db.ovn_revision_numbers_db [None req-6b419106-86bd-435b-bb60-b9acf3140ab9 abd2d3e2a7644e85af965d63bd0868a6 b5a920c831ab477e8569fcfb39c1e131 - - default default] Successfully bumped revision number for resource b69bcd9c-b78c-4f1f-ab00-10d6afc84a13 (type: security_group_rules) to 0
2026-09-07 19:34:59.057 9 INFO neutron.db.ovn_revision_numbers_db [None req-6b419106-86bd-435b-bb60-b9acf3140ab9 abd2d3e2a7644e85af965d63bd0868a6 b5a920c831ab477e8569fcfb39c1e131 - - default default] Successfully bumped revision number for resource d4b198b2-7c20-4340-ae5a-a2343b990496 (type: security_group_rules) to 0
2026-09-07 19:34:59.078 9 INFO neutron.wsgi [None req-6b419106-86bd-435b-bb60-b9acf3140ab9 abd2d3e2a7644e85af965d63bd0868a6 b5a920c831ab477e8569fcfb39c1e131 - - default default] 10.0.0.35 "GET /v2.0/security-groups?tenant_id=cab0fc41855c4185bd6159730db13e18&name=default HTTP/1.1" status: 200 len: 2996 time: 0.5875845
2026-09-07 19:34:59.126 10 INFO neutron.wsgi [None req-5c14c0aa-90d2-40ae-8aac-079495b64c9b 03d3df6c7b0c443f90534e9b7ea585aa 6f82f8458d9944228013caeadb6ea029 - - default default] 10.0.0.35 "DELETE /v2.0/subnets/042cd068-b149-4935-a887-32d8fdef69af HTTP/1.1" status: 204 len: 168 time: 0.1746888
2026-09-07 19:34:59.158 10 INFO neutron.wsgi [None req-6bff1ac1-a455-4805-b669-da3d5aebf0d1 03d3df6c7b0c443f90534e9b7ea585aa 6f82f8458d9944228013caeadb6ea029 - - default default] 10.0.0.35 "GET /v2.0/subnets HTTP/1.1" status: 200 len: 820 time: 0.0272343
2026-09-07 19:34:59.318 9 INFO neutron.wsgi [None req-240f90e4-5094-43ec-96c0-e81b523541dc abd2d3e2a7644e85af965d63bd0868a6 b5a920c831ab477e8569fcfb39c1e131 - - default default] 10.0.0.35 "DELETE /v2.0/security-groups/20b34b0c-8bd0-43ad-be0b-2b28a433374f HTTP/1.1" status: 204 len: 168 time: 0.2339191
2026-09-07 19:34:59.398 10 INFO neutron.wsgi [None req-a7fbedc1-2f11-4773-926f-111e5487a887 6792f96e26754e8688346bcf6213ec0d 1e15f28e59c249e1aa5220c2d16cc8e9 - - default default] 10.0.0.35 "POST /v2.0/qos/policies HTTP/1.1" status: 201 len: 558 time: 0.1392143
2026-09-07 19:34:59.474 9 INFO neutron.wsgi [None req-f2a42815-4cbf-472b-97b7-c53c17d1e5af 6792f96e26754e8688346bcf6213ec0d 1e15f28e59c249e1aa5220c2d16cc8e9 - - default default] 10.0.0.35 "POST /v2.0/qos/policies HTTP/1.1" status: 201 len: 558 time: 0.0693178
2026-09-07 19:34:59.529 9 INFO neutron.wsgi [None req-93be2ac7-dbf4-4ef2-99cc-49f614a6db71 6792f96e26754e8688346bcf6213ec0d 1e15f28e59c249e1aa5220c2d16cc8e9 - - default default] 10.0.0.35 "POST /v2.0/qos/policies HTTP/1.1" status: 201 len: 558 time: 0.0489588
2026-09-07 19:34:59.573 9 INFO neutron.wsgi [None req-8cf359f8-3552-4208-a3e7-139642c0e02d 6792f96e26754e8688346bcf6213ec0d 1e15f28e59c249e1aa5220c2d16cc8e9 - - default default] 10.0.0.35 "POST /v2.0/qos/policies HTTP/1.1" status: 201 len: 558 time: 0.0378540
2026-09-07 19:34:59.602 10 INFO neutron.services.segments.plugin [-] Segment f22adac2-a10a-431d-87a6-15b6333effa0 resource provider aggregate not found
2026-09-07 19:34:59.608 10 INFO neutron.services.segments.plugin [-] Segment f22adac2-a10a-431d-87a6-15b6333effa0 resource provider aggregate not found
2026-09-07 19:34:59.620 10 INFO neutron.services.segments.plugin [-] Segment f22adac2-a10a-431d-87a6-15b6333effa0 resource provider not found; error: Placement Client Error (4xx): {"errors": [{"status": 404, "title": "Not Found", "detail": "The resource could not be found.\n\n No resource provider with uuid f22adac2-a10a-431d-87a6-15b6333effa0 found for delete ", "request_id": "req-4cba4e95-3e0c-4e97-acac-4970b83eb4fd"}]}
2026-09-07 19:34:59.631 10 INFO neutron.services.segments.plugin [-] Segment f22adac2-a10a-431d-87a6-15b6333effa0 resource provider not found; error: Placement Client Error (4xx): {"errors": [{"status": 404, "title": "Not Found", "detail": "The resource could not be found.\n\n No resource provider with uuid f22adac2-a10a-431d-87a6-15b6333effa0 found for delete ", "request_id": "req-3526e4c2-3e82-4c2b-8eff-c380d49b5dcf"}]}
2026-09-07 19:34:59.641 9 INFO neutron.wsgi [None req-e895dcc1-4db6-4b94-8550-ec8b9ef96b58 6792f96e26754e8688346bcf6213ec0d 1e15f28e59c249e1aa5220c2d16cc8e9 - - default default] 10.0.0.35 "POST /v2.0/qos/policies HTTP/1.1" status: 201 len: 558 time: 0.0626597
2026-09-07 19:34:59.645 10 INFO neutron.wsgi [None req-f1195964-c3c8-4584-8dfd-ae261ba08bb8 03d3df6c7b0c443f90534e9b7ea585aa 6f82f8458d9944228013caeadb6ea029 - - default default] 10.0.0.35 "DELETE /v2.0/networks/21878443-4b62-41ae-80e4-4163c0f94992 HTTP/1.1" status: 204 len: 168 time: 0.4790685
2026-09-07 19:34:59.672 9 INFO neutron.wsgi [None req-b76de4dd-5a4a-4907-87b8-cfc9c86a829c 6792f96e26754e8688346bcf6213ec0d 1e15f28e59c249e1aa5220c2d16cc8e9 - - default default] 10.0.0.35 "PUT /v2.0/policies/5bf5095b-ac50-4ed5-9a14-259035c8f5f3/tags HTTP/1.1" status: 200 len: 210 time: 0.0236232
2026-09-07 19:34:59.703 9 INFO neutron.wsgi [None req-d823fa89-6a16-431e-a65f-3e8bd2f8d769 6792f96e26754e8688346bcf6213ec0d 1e15f28e59c249e1aa5220c2d16cc8e9 - - default default] 10.0.0.35 "PUT /v2.0/policies/ca0ea6b4-a6bd-4944-ad3a-211a2628a8d0/tags HTTP/1.1" status: 200 len: 218 time: 0.0228045
2026-09-07 19:34:59.735 9 INFO neutron.wsgi [None req-a97414cc-ee96-452e-b3b9-1773eedbb48a 6792f96e26754e8688346bcf6213ec0d 1e15f28e59c249e1aa5220c2d16cc8e9 - - default default] 10.0.0.35 "PUT /v2.0/policies/50926797-b106-4eed-b129-79946d0669e8/tags HTTP/1.1" status: 200 len: 227 time: 0.0245745
2026-09-07 19:34:59.792 9 INFO neutron.wsgi [None req-5af6e19b-f7d3-4e90-a672-fa75daf27802 6792f96e26754e8688346bcf6213ec0d 1e15f28e59c249e1aa5220c2d16cc8e9 - - default default] 10.0.0.35 "PUT /v2.0/policies/32e2b45a-3ff3-4456-b6ca-eaf919062c7b/tags HTTP/1.1" status: 200 len: 212 time: 0.0461011
2026-09-07 19:34:59.986 10 INFO neutron.wsgi [None req-29ab2b9e-558a-47c8-a5f0-6abb6373693a 03d3df6c7b0c443f90534e9b7ea585aa 6f82f8458d9944228013caeadb6ea029 - - default default] 10.0.0.35 "DELETE /v2.0/networks/128517e7-f43c-4073-a084-b88910980b7d HTTP/1.1" status: 204 len: 168 time: 0.3368704
2026-09-07 19:35:00.432 10 INFO neutron.wsgi [None req-702a4c63-ea88-4c81-b298-55f784a01dbf 1a491793939d49708b210578d38750d8 48132b6cb5154162ad6b722ba07f8f7c - - default default] 10.0.0.35 "GET /v2.0/qos/policies?tags=red HTTP/1.1" status: 200 len: 1296 time: 0.2290514
2026-09-07 19:35:00.433 9 INFO neutron.services.segments.plugin [-] Segment 4ca539d9-d606-4a4d-b8e8-7612e71f7666 resource provider aggregate not found
2026-09-07 19:35:00.439 9 INFO neutron.services.segments.plugin [-] Segment 4ca539d9-d606-4a4d-b8e8-7612e71f7666 resource provider aggregate not found
2026-09-07 19:35:00.454 9 INFO neutron.services.segments.plugin [-] Segment 4ca539d9-d606-4a4d-b8e8-7612e71f7666 resource provider not found; error: Placement Client Error (4xx): {"errors": [{"status": 404, "title": "Not Found", "detail": "The resource could not be found.\n\n No resource provider with uuid 4ca539d9-d606-4a4d-b8e8-7612e71f7666 found for delete ", "request_id": "req-930a7c18-cb60-4a68-a840-6f57059323cb"}]}
2026-09-07 19:35:00.460 9 INFO neutron.services.segments.plugin [-] Segment 4ca539d9-d606-4a4d-b8e8-7612e71f7666 resource provider not found; error: Placement Client Error (4xx): {"errors": [{"status": 404, "title": "Not Found", "detail": "The resource could not be found.\n\n No resource provider with uuid 4ca539d9-d606-4a4d-b8e8-7612e71f7666 found for delete ", "request_id": "req-158b0f38-a1a1-4413-b3ed-ccd07dcdc9f4"}]}
2026-09-07 19:35:00.477 9 INFO neutron.wsgi [None req-e7c046b5-c8bc-49c6-8267-5ed661ef16ff 03d3df6c7b0c443f90534e9b7ea585aa 6f82f8458d9944228013caeadb6ea029 - - default default] 10.0.0.35 "DELETE /v2.0/networks/a62dae4a-2024-4c5d-80cc-e5119b59f584 HTTP/1.1" status: 204 len: 168 time: 0.4845309
2026-09-07 19:35:00.494 10 INFO neutron.wsgi [None req-6f43218f-7f35-4b54-a042-1f68c7e4b046 1a491793939d49708b210578d38750d8 48132b6cb5154162ad6b722ba07f8f7c - - default default] 10.0.0.35 "GET /v2.0/qos/policies?tags=red%2Cblue HTTP/1.1" status: 200 len: 941 time: 0.0557723
2026-09-07 19:35:00.601 9 INFO neutron.wsgi [None req-c8c4c18f-a3dd-4037-846e-0bb5500ec112 1a491793939d49708b210578d38750d8 48132b6cb5154162ad6b722ba07f8f7c - - default default] 10.0.0.35 "GET /v2.0/qos/policies?tags-any=blue HTTP/1.1" status: 200 len: 941 time: 0.0996151
2026-09-07 19:35:01.022 9 INFO neutron.wsgi [None req-a33e43f3-3095-4cba-999d-949205dc7ed9 1a491793939d49708b210578d38750d8 48132b6cb5154162ad6b722ba07f8f7c - - default default] 10.0.0.35 "GET /v2.0/qos/policies?tags-any=red%2Cblue HTTP/1.1" status: 200 len: 1296 time: 0.4137726
2026-09-07 19:35:01.130 9 INFO neutron.wsgi [None req-7feb8a24-fb80-4933-95c4-89e7a9bc2cb9 1a491793939d49708b210578d38750d8 48132b6cb5154162ad6b722ba07f8f7c - - default default] 10.0.0.35 "GET /v2.0/qos/policies?not-tags=red HTTP/1.1" status: 200 len: 913 time: 0.0959625
2026-09-07 19:35:01.189 9 INFO neutron.wsgi [None req-bd982d41-c3aa-442b-8494-d5f2adf31a7f 03d3df6c7b0c443f90534e9b7ea585aa 6f82f8458d9944228013caeadb6ea029 - - default default] 10.0.0.35 "DELETE /v2.0/networks/c983c6b5-3b36-44c8-b2bd-481ccc1082d4 HTTP/1.1" status: 204 len: 168 time: 0.7047024
2026-09-07 19:35:01.236 10 INFO neutron.wsgi [None req-2fde114e-373b-41a3-9503-8f624bf578bf 1a491793939d49708b210578d38750d8 48132b6cb5154162ad6b722ba07f8f7c - - default default] 10.0.0.35 "GET /v2.0/qos/policies?not-tags=red%2Cblue HTTP/1.1" status: 200 len: 1268 time: 0.0990288
2026-09-07 19:35:01.319 10 INFO neutron.wsgi [None req-95e62e38-f84b-4b9d-9492-ea5ec8441c51 1a491793939d49708b210578d38750d8 48132b6cb5154162ad6b722ba07f8f7c - - default default] 10.0.0.35 "GET /v2.0/qos/policies?not-tags-any=blue HTTP/1.1" status: 200 len: 1268 time: 0.0760982
2026-09-07 19:35:01.405 9 INFO neutron.wsgi [None req-f840238b-502d-4d6f-8d1c-9724f758a6da 1a491793939d49708b210578d38750d8 48132b6cb5154162ad6b722ba07f8f7c - - default default] 10.0.0.35 "GET /v2.0/qos/policies?not-tags-any=red%2Cblue HTTP/1.1" status: 200 len: 913 time: 0.0696661
2026-09-07 19:35:01.467 9 INFO neutron.wsgi [None req-f195aee9-0923-4400-b833-e58e3ad9408f 6792f96e26754e8688346bcf6213ec0d 1e15f28e59c249e1aa5220c2d16cc8e9 - - default default] 10.0.0.35 "DELETE /v2.0/qos/policies/5bf5095b-ac50-4ed5-9a14-259035c8f5f3 HTTP/1.1" status: 204 len: 168 time: 0.0542624
2026-09-07 19:35:01.550 9 INFO neutron.wsgi [None req-d88ad77c-d5c9-4f5b-8b78-d174b536bbcd 6792f96e26754e8688346bcf6213ec0d 1e15f28e59c249e1aa5220c2d16cc8e9 - - default default] 10.0.0.35 "DELETE /v2.0/qos/policies/ca0ea6b4-a6bd-4944-ad3a-211a2628a8d0 HTTP/1.1" status: 204 len: 168 time: 0.0786777
2026-09-07 19:35:01.616 9 INFO neutron.wsgi [None req-42d314fe-cabb-4808-88c1-379d909e13fe 6792f96e26754e8688346bcf6213ec0d 1e15f28e59c249e1aa5220c2d16cc8e9 - - default default] 10.0.0.35 "DELETE /v2.0/qos/policies/50926797-b106-4eed-b129-79946d0669e8 HTTP/1.1" status: 204 len: 168 time: 0.0614295
2026-09-07 19:35:01.661 10 INFO neutron.services.segments.plugin [-] Segment a2cbdcd7-3f9a-495d-b58f-b873d64c41f3 resource provider aggregate not found
2026-09-07 19:35:01.670 10 INFO neutron.services.segments.plugin [-] Segment a2cbdcd7-3f9a-495d-b58f-b873d64c41f3 resource provider aggregate not found
2026-09-07 19:35:01.687 10 INFO neutron.services.segments.plugin [-] Segment a2cbdcd7-3f9a-495d-b58f-b873d64c41f3 resource provider not found; error: Placement Client Error (4xx): {"errors": [{"status": 404, "title": "Not Found", "detail": "The resource could not be found.\n\n No resource provider with uuid a2cbdcd7-3f9a-495d-b58f-b873d64c41f3 found for delete ", "request_id": "req-cc668ee9-c173-4fe7-a7e8-01a0c800d3d1"}]}
2026-09-07 19:35:01.690 10 INFO neutron.services.segments.plugin [-] Segment a2cbdcd7-3f9a-495d-b58f-b873d64c41f3 resource provider not found; error: Placement Client Error (4xx): {"errors": [{"status": 404, "title": "Not Found", "detail": "The resource could not be found.\n\n No resource provider with uuid a2cbdcd7-3f9a-495d-b58f-b873d64c41f3 found for delete ", "request_id": "req-3fc77c9f-98c9-4302-bb8b-d62e72d205e1"}]}
2026-09-07 19:35:01.712 9 INFO neutron.wsgi [None req-41b4c703-8802-4455-97cd-88bf742384f3 6792f96e26754e8688346bcf6213ec0d 1e15f28e59c249e1aa5220c2d16cc8e9 - - default default] 10.0.0.35 "DELETE /v2.0/qos/policies/32e2b45a-3ff3-4456-b6ca-eaf919062c7b HTTP/1.1" status: 204 len: 168 time: 0.0884914
2026-09-07 19:35:01.793 10 INFO neutron.wsgi [None req-b2a76e12-44de-4b42-a825-72a8b999f7d5 6792f96e26754e8688346bcf6213ec0d 1e15f28e59c249e1aa5220c2d16cc8e9 - - default default] 10.0.0.35 "DELETE /v2.0/qos/policies/68818af9-61af-4c15-9b67-381ec6356bf6 HTTP/1.1" status: 204 len: 168 time: 0.0757632
2026-09-07 19:35:01.930 10 INFO neutron.wsgi [None req-bf1a3596-4d98-4ad7-9aa2-b14b06c183c9 abd2d3e2a7644e85af965d63bd0868a6 b5a920c831ab477e8569fcfb39c1e131 - - default default] 10.0.0.35 "GET /v2.0/security-groups?tenant_id=6f82f8458d9944228013caeadb6ea029&name=default HTTP/1.1" status: 200 len: 2996 time: 0.2445254
2026-09-07 19:35:02.133 10 INFO neutron.wsgi [None req-66a44ba4-33c7-452b-b8f8-a95e418bc842 abd2d3e2a7644e85af965d63bd0868a6 b5a920c831ab477e8569fcfb39c1e131 - - default default] 10.0.0.35 "DELETE /v2.0/security-groups/77c23e0d-6842-4b3d-bf04-d28f213d5ed9 HTTP/1.1" status: 204 len: 168 time: 0.1982577
2026-09-07 19:35:02.175 10 INFO neutron.wsgi [-] 10.0.0.225 "GET / HTTP/1.1" status: 200 len: 247 time: 0.0024095
2026-09-07 19:35:02.178 10 INFO neutron.wsgi [-] 10.0.0.225 "GET / HTTP/1.1" status: 200 len: 247 time: 0.0018146
2026-09-07 19:35:02.478 9 INFO neutron.services.segments.plugin [-] Segment a045d33b-5b16-4ede-b15b-ba9599e18242 resource provider aggregate not found
2026-09-07 19:35:02.485 9 INFO neutron.services.segments.plugin [-] Segment a045d33b-5b16-4ede-b15b-ba9599e18242 resource provider aggregate not found
2026-09-07 19:35:02.494 9 INFO neutron.services.segments.plugin [-] Segment a045d33b-5b16-4ede-b15b-ba9599e18242 resource provider not found; error: Placement Client Error (4xx): {"errors": [{"status": 404, "title": "Not Found", "detail": "The resource could not be found.\n\n No resource provider with uuid a045d33b-5b16-4ede-b15b-ba9599e18242 found for delete ", "request_id": "req-b6df743e-6381-4ae7-bcff-f78e3a4ac82c"}]}
2026-09-07 19:35:02.503 9 INFO neutron.services.segments.plugin [-] Segment a045d33b-5b16-4ede-b15b-ba9599e18242 resource provider not found; error: Placement Client Error (4xx): {"errors": [{"status": 404, "title": "Not Found", "detail": "The resource could not be found.\n\n No resource provider with uuid a045d33b-5b16-4ede-b15b-ba9599e18242 found for delete ", "request_id": "req-ff962038-f34e-41d7-8105-6d75f8a9e29b"}]}
2026-09-07 19:35:03.067 10 INFO neutron.db.ovn_revision_numbers_db [None req-4a341a2d-ee8c-4202-966b-c15ab5260c8c abd2d3e2a7644e85af965d63bd0868a6 b5a920c831ab477e8569fcfb39c1e131 - - default default] Successfully bumped revision number for resource 05693318-2c36-49d4-92b8-ce1bd0b351ac (type: security_groups) to 1
2026-09-07 19:35:03.090 10 INFO neutron.db.ovn_revision_numbers_db [None req-4a341a2d-ee8c-4202-966b-c15ab5260c8c abd2d3e2a7644e85af965d63bd0868a6 b5a920c831ab477e8569fcfb39c1e131 - - default default] Successfully bumped revision number for resource 0ccc1719-edc4-4d3b-bf14-c7d1f98cb7ad (type: security_group_rules) to 0
2026-09-07 19:35:03.109 10 INFO neutron.db.ovn_revision_numbers_db [None req-4a341a2d-ee8c-4202-966b-c15ab5260c8c abd2d3e2a7644e85af965d63bd0868a6 b5a920c831ab477e8569fcfb39c1e131 - - default default] Successfully bumped revision number for resource 2cc9fc06-4b88-48d1-beaa-221474279bc0 (type: security_group_rules) to 0
2026-09-07 19:35:03.129 10 INFO neutron.db.ovn_revision_numbers_db [None req-4a341a2d-ee8c-4202-966b-c15ab5260c8c abd2d3e2a7644e85af965d63bd0868a6 b5a920c831ab477e8569fcfb39c1e131 - - default default] Successfully bumped revision number for resource 736fdb49-1882-45c5-b096-1f0f57340810 (type: security_group_rules) to 0
2026-09-07 19:35:03.148 10 INFO neutron.db.ovn_revision_numbers_db [None req-4a341a2d-ee8c-4202-966b-c15ab5260c8c abd2d3e2a7644e85af965d63bd0868a6 b5a920c831ab477e8569fcfb39c1e131 - - default default] Successfully bumped revision number for resource 8fa45014-9afa-4689-8bf8-a434f81b9764 (type: security_group_rules) to 0
2026-09-07 19:35:03.176 10 INFO neutron.wsgi [None req-4a341a2d-ee8c-4202-966b-c15ab5260c8c abd2d3e2a7644e85af965d63bd0868a6 b5a920c831ab477e8569fcfb39c1e131 - - default default] 10.0.0.35 "GET /v2.0/security-groups?tenant_id=48132b6cb5154162ad6b722ba07f8f7c&name=default HTTP/1.1" status: 200 len: 2996 time: 0.5226133
2026-09-07 19:35:03.389 10 INFO neutron.wsgi [None req-72dd0200-b4ce-4b07-bd7e-6764732980e8 abd2d3e2a7644e85af965d63bd0868a6 b5a920c831ab477e8569fcfb39c1e131 - - default default] 10.0.0.35 "DELETE /v2.0/security-groups/05693318-2c36-49d4-92b8-ce1bd0b351ac HTTP/1.1" status: 204 len: 168 time: 0.2069535
2026-09-07 19:35:03.646 9 INFO neutron.db.ovn_revision_numbers_db [None req-f0855961-e5b8-4f70-8aab-bc4a898cd2d0 abd2d3e2a7644e85af965d63bd0868a6 b5a920c831ab477e8569fcfb39c1e131 - - default default] Successfully bumped revision number for resource d60f6428-67f8-426f-9e1c-ccea9abfaa49 (type: security_groups) to 1
2026-09-07 19:35:03.666 9 INFO neutron.db.ovn_revision_numbers_db [None req-f0855961-e5b8-4f70-8aab-bc4a898cd2d0 abd2d3e2a7644e85af965d63bd0868a6 b5a920c831ab477e8569fcfb39c1e131 - - default default] Successfully bumped revision number for resource 0bb4c069-b6fd-48f9-a50c-31244920c24f (type: security_group_rules) to 0
2026-09-07 19:35:03.688 9 INFO neutron.db.ovn_revision_numbers_db [None req-f0855961-e5b8-4f70-8aab-bc4a898cd2d0 abd2d3e2a7644e85af965d63bd0868a6 b5a920c831ab477e8569fcfb39c1e131 - - default default] Successfully bumped revision number for resource 7a2cef17-7a1b-4260-9ff4-da69a96c72ca (type: security_group_rules) to 0
2026-09-07 19:35:03.713 9 INFO neutron.db.ovn_revision_numbers_db [None req-f0855961-e5b8-4f70-8aab-bc4a898cd2d0 abd2d3e2a7644e85af965d63bd0868a6 b5a920c831ab477e8569fcfb39c1e131 - - default default] Successfully bumped revision number for resource 9b82d928-7963-4b2d-a0e7-5eb447c49689 (type: security_group_rules) to 0
2026-09-07 19:35:03.743 9 INFO neutron.db.ovn_revision_numbers_db [None req-f0855961-e5b8-4f70-8aab-bc4a898cd2d0 abd2d3e2a7644e85af965d63bd0868a6 b5a920c831ab477e8569fcfb39c1e131 - - default default] Successfully bumped revision number for resource e25213e8-7ae6-4ff2-8649-f4104ab22152 (type: security_group_rules) to 0
2026-09-07 19:35:03.784 9 INFO neutron.wsgi [None req-f0855961-e5b8-4f70-8aab-bc4a898cd2d0 abd2d3e2a7644e85af965d63bd0868a6 b5a920c831ab477e8569fcfb39c1e131 - - default default] 10.0.0.35 "GET /v2.0/security-groups?tenant_id=1e15f28e59c249e1aa5220c2d16cc8e9&name=default HTTP/1.1" status: 200 len: 2996 time: 0.2849655
2026-09-07 19:35:04.025 9 INFO neutron.wsgi [None req-41d6e4ec-e56d-4f50-ba1d-864c1c4a5958 abd2d3e2a7644e85af965d63bd0868a6 b5a920c831ab477e8569fcfb39c1e131 - - default default] 10.0.0.35 "DELETE /v2.0/security-groups/d60f6428-67f8-426f-9e1c-ccea9abfaa49 HTTP/1.1" status: 204 len: 168 time: 0.2342751
2026-09-07 19:35:04.340 10 INFO neutron.db.ovn_revision_numbers_db [None req-43341430-d530-4e3e-b7a8-1516102ef6b4 abd2d3e2a7644e85af965d63bd0868a6 b5a920c831ab477e8569fcfb39c1e131 - - default default] Successfully bumped revision number for resource 158f9a6d-3b79-47e6-b732-32f2bae50376 (type: security_groups) to 1
2026-09-07 19:35:04.358 10 INFO neutron.db.ovn_revision_numbers_db [None req-43341430-d530-4e3e-b7a8-1516102ef6b4 abd2d3e2a7644e85af965d63bd0868a6 b5a920c831ab477e8569fcfb39c1e131 - - default default] Successfully bumped revision number for resource 47b67134-f877-4822-8efe-25bae52ad659 (type: security_group_rules) to 0
2026-09-07 19:35:04.375 10 INFO neutron.db.ovn_revision_numbers_db [None req-43341430-d530-4e3e-b7a8-1516102ef6b4 abd2d3e2a7644e85af965d63bd0868a6 b5a920c831ab477e8569fcfb39c1e131 - - default default] Successfully bumped revision number for resource 8c5c5b6c-9b53-437e-9d43-e45d61a6bfc1 (type: security_group_rules) to 0
2026-09-07 19:35:04.393 10 INFO neutron.db.ovn_revision_numbers_db [None req-43341430-d530-4e3e-b7a8-1516102ef6b4 abd2d3e2a7644e85af965d63bd0868a6 b5a920c831ab477e8569fcfb39c1e131 - - default default] Successfully bumped revision number for resource 9e0f3c09-e69d-4d89-b053-2ac16eef031f (type: security_group_rules) to 0
2026-09-07 19:35:04.407 10 INFO neutron.db.ovn_revision_numbers_db [None req-43341430-d530-4e3e-b7a8-1516102ef6b4 abd2d3e2a7644e85af965d63bd0868a6 b5a920c831ab477e8569fcfb39c1e131 - - default default] Successfully bumped revision number for resource ca0b50b4-a303-422a-b489-5cdb32a98d54 (type: security_group_rules) to 0
2026-09-07 19:35:04.438 10 INFO neutron.wsgi [None req-43341430-d530-4e3e-b7a8-1516102ef6b4 abd2d3e2a7644e85af965d63bd0868a6 b5a920c831ab477e8569fcfb39c1e131 - - default default] 10.0.0.35 "GET /v2.0/security-groups?tenant_id=e4b95215ad6f4c4ebd54aa89a6f42924&name=default HTTP/1.1" status: 200 len: 2996 time: 0.2405965
2026-09-07 19:35:04.619 9 INFO neutron.db.ovn_revision_numbers_db [None req-af3778d2-baf6-4719-8a07-3e44e7ec230e 0b70fdb3e0e3476d8c7166074e85354e 20e9eac79942446691c1c4dbb5a9c8b5 - - default default] Successfully bumped revision number for resource 64932713-a3d4-47af-9d0d-a67a1f23e157 (type: security_groups) to 1
2026-09-07 19:35:04.644 9 INFO neutron.db.ovn_revision_numbers_db [None req-af3778d2-baf6-4719-8a07-3e44e7ec230e 0b70fdb3e0e3476d8c7166074e85354e 20e9eac79942446691c1c4dbb5a9c8b5 - - default default] Successfully bumped revision number for resource 05c0da97-1dde-4201-a50f-8b91d669fd2d (type: security_group_rules) to 0
2026-09-07 19:35:04.660 10 INFO neutron.wsgi [None req-d8d77621-30b8-4199-9921-764cda4832ec abd2d3e2a7644e85af965d63bd0868a6 b5a920c831ab477e8569fcfb39c1e131 - - default default] 10.0.0.35 "DELETE /v2.0/security-groups/158f9a6d-3b79-47e6-b732-32f2bae50376 HTTP/1.1" status: 204 len: 168 time: 0.2164366
2026-09-07 19:35:04.664 9 INFO neutron.db.ovn_revision_numbers_db [None req-af3778d2-baf6-4719-8a07-3e44e7ec230e 0b70fdb3e0e3476d8c7166074e85354e 20e9eac79942446691c1c4dbb5a9c8b5 - - default default] Successfully bumped revision number for resource 1436f807-4202-4ba4-804b-6e26df7a6c5e (type: security_group_rules) to 0
2026-09-07 19:35:04.696 9 INFO neutron.db.ovn_revision_numbers_db [None req-af3778d2-baf6-4719-8a07-3e44e7ec230e 0b70fdb3e0e3476d8c7166074e85354e 20e9eac79942446691c1c4dbb5a9c8b5 - - default default] Successfully bumped revision number for resource 56e17fbf-418c-4728-9c01-1ac20785aa64 (type: security_group_rules) to 0
2026-09-07 19:35:04.730 9 INFO neutron.db.ovn_revision_numbers_db [None req-af3778d2-baf6-4719-8a07-3e44e7ec230e 0b70fdb3e0e3476d8c7166074e85354e 20e9eac79942446691c1c4dbb5a9c8b5 - - default default] Successfully bumped revision number for resource b6b61e59-57fa-45ba-9cfc-d7107cf4e584 (type: security_group_rules) to 0
2026-09-07 19:35:04.812 9 INFO neutron.db.segments_db [None req-af3778d2-baf6-4719-8a07-3e44e7ec230e 0b70fdb3e0e3476d8c7166074e85354e 20e9eac79942446691c1c4dbb5a9c8b5 - - default default] Added segment e005521c-fe76-4155-9d54-96a5bccee568 of type geneve for network c462c2ce-7b95-428b-bb71-1017f008aa69
2026-09-07 19:35:04.970 9 INFO neutron.db.ovn_revision_numbers_db [None req-af3778d2-baf6-4719-8a07-3e44e7ec230e 0b70fdb3e0e3476d8c7166074e85354e 20e9eac79942446691c1c4dbb5a9c8b5 - - default default] Successfully bumped revision number for resource c462c2ce-7b95-428b-bb71-1017f008aa69 (type: networks) to 1
2026-09-07 19:35:05.153 9 WARNING neutron.scheduler.dhcp_agent_scheduler [None req-af3778d2-baf6-4719-8a07-3e44e7ec230e 0b70fdb3e0e3476d8c7166074e85354e 20e9eac79942446691c1c4dbb5a9c8b5 - - default default] No more DHCP agents
2026-09-07 19:35:05.155 9 WARNING neutron.api.rpc.agentnotifiers.dhcp_rpc_agent_api [None req-af3778d2-baf6-4719-8a07-3e44e7ec230e 0b70fdb3e0e3476d8c7166074e85354e 20e9eac79942446691c1c4dbb5a9c8b5 - - default default] Unable to schedule network c462c2ce-7b95-428b-bb71-1017f008aa69: no agents available; will retry on subsequent port and subnet creation events.
2026-09-07 19:35:05.270 9 INFO neutron.db.ovn_revision_numbers_db [None req-af3778d2-baf6-4719-8a07-3e44e7ec230e 0b70fdb3e0e3476d8c7166074e85354e 20e9eac79942446691c1c4dbb5a9c8b5 - - default default] Successfully bumped revision number for resource 85a84c0c-c007-4b7a-bf59-a64bbf1bda91 (type: ports) to 1
2026-09-07 19:35:05.312 9 INFO neutron.wsgi [None req-af3778d2-baf6-4719-8a07-3e44e7ec230e 0b70fdb3e0e3476d8c7166074e85354e 20e9eac79942446691c1c4dbb5a9c8b5 - - default default] 10.0.0.35 "POST /v2.0/networks HTTP/1.1" status: 201 len: 828 time: 1.1126516
2026-09-07 19:35:05.437 9 INFO neutron.db.segments_db [None req-caf3ec76-46b9-4bac-9098-fcb6b9127b65 0b70fdb3e0e3476d8c7166074e85354e 20e9eac79942446691c1c4dbb5a9c8b5 - - default default] Added segment 6d54ef35-ff34-4f59-8581-6c39e79fde8f of type geneve for network 2697222e-7602-49e3-90da-553fc3eb693c
2026-09-07 19:35:05.604 9 INFO neutron.db.ovn_revision_numbers_db [None req-caf3ec76-46b9-4bac-9098-fcb6b9127b65 0b70fdb3e0e3476d8c7166074e85354e 20e9eac79942446691c1c4dbb5a9c8b5 - - default default] Successfully bumped revision number for resource 2697222e-7602-49e3-90da-553fc3eb693c (type: networks) to 1
2026-09-07 19:35:05.607 10 INFO neutron.db.ovn_revision_numbers_db [None req-52e94979-dd26-40c4-8875-b17a121782e2 abd2d3e2a7644e85af965d63bd0868a6 b5a920c831ab477e8569fcfb39c1e131 - - default default] Successfully bumped revision number for resource 7054e5fb-d75a-40a4-a2ad-0adfb0c43cbb (type: security_groups) to 1
2026-09-07 19:35:05.623 10 INFO neutron.db.ovn_revision_numbers_db [None req-52e94979-dd26-40c4-8875-b17a121782e2 abd2d3e2a7644e85af965d63bd0868a6 b5a920c831ab477e8569fcfb39c1e131 - - default default] Successfully bumped revision number for resource 1c8b81c1-bda6-44b7-bed0-9336e9a73b3c (type: security_group_rules) to 0
2026-09-07 19:35:05.642 10 INFO neutron.db.ovn_revision_numbers_db [None req-52e94979-dd26-40c4-8875-b17a121782e2 abd2d3e2a7644e85af965d63bd0868a6 b5a920c831ab477e8569fcfb39c1e131 - - default default] Successfully bumped revision number for resource 34b7678a-4da5-4e41-afc8-a49e0c84a483 (type: security_group_rules) to 0
2026-09-07 19:35:05.664 10 INFO neutron.db.ovn_revision_numbers_db [None req-52e94979-dd26-40c4-8875-b17a121782e2 abd2d3e2a7644e85af965d63bd0868a6 b5a920c831ab477e8569fcfb39c1e131 - - default default] Successfully bumped revision number for resource 708be7a2-36c6-496c-9366-ad63401a17ce (type: security_group_rules) to 0
