2026-09-07 19:34:26.601 9 INFO neutron.wsgi [None req-37647b2d-9776-407c-b463-20c900c00ce0 abd2d3e2a7644e85af965d63bd0868a6 b5a920c831ab477e8569fcfb39c1e131 - - default default] 10.0.0.35 "DELETE /v2.0/security-groups/d4a5b2fe-7a38-4432-98c8-90254d837c97 HTTP/1.1" status: 204 len: 168 time: 0.2487607
2026-09-07 19:34:26.675 10 INFO neutron.wsgi [None req-dd739209-ee57-4705-ae43-1bf758e5cea8 88ebed7201fe4290a07a136750eeffa6 76f0d56b2a86476bb81a24f289674162 - - default default] 10.0.0.35 "DELETE /v2.0/ports/2b57f7bf-90df-4f64-a34d-75a6da1225ea HTTP/1.1" status: 204 len: 168 time: 0.2280602
2026-09-07 19:34:26.995 9 INFO neutron.db.ovn_revision_numbers_db [None req-84c9d192-4e7d-47ae-81f8-cec65f167e0b abd2d3e2a7644e85af965d63bd0868a6 b5a920c831ab477e8569fcfb39c1e131 - - default default] Successfully bumped revision number for resource 938f5510-dab4-48e6-9b92-95dc87388d29 (type: security_groups) to 1
2026-09-07 19:34:27.009 9 INFO neutron.db.ovn_revision_numbers_db [None req-84c9d192-4e7d-47ae-81f8-cec65f167e0b abd2d3e2a7644e85af965d63bd0868a6 b5a920c831ab477e8569fcfb39c1e131 - - default default] Successfully bumped revision number for resource 7e34612e-67c2-4ea6-b51c-0249fd69e221 (type: security_group_rules) to 0
2026-09-07 19:34:27.021 9 INFO neutron.db.ovn_revision_numbers_db [None req-84c9d192-4e7d-47ae-81f8-cec65f167e0b abd2d3e2a7644e85af965d63bd0868a6 b5a920c831ab477e8569fcfb39c1e131 - - default default] Successfully bumped revision number for resource 873eedaa-9d70-4bb3-8634-1cb49a7d4f73 (type: security_group_rules) to 0
2026-09-07 19:34:27.036 9 INFO neutron.db.ovn_revision_numbers_db [None req-84c9d192-4e7d-47ae-81f8-cec65f167e0b abd2d3e2a7644e85af965d63bd0868a6 b5a920c831ab477e8569fcfb39c1e131 - - default default] Successfully bumped revision number for resource bf2b23bf-ab8d-4524-b319-fab17205c033 (type: security_group_rules) to 0
2026-09-07 19:34:27.051 9 INFO neutron.db.ovn_revision_numbers_db [None req-84c9d192-4e7d-47ae-81f8-cec65f167e0b abd2d3e2a7644e85af965d63bd0868a6 b5a920c831ab477e8569fcfb39c1e131 - - default default] Successfully bumped revision number for resource f245cb74-f931-4aa6-9743-12797fe0c2a9 (type: security_group_rules) to 0
2026-09-07 19:34:27.074 9 INFO neutron.wsgi [None req-84c9d192-4e7d-47ae-81f8-cec65f167e0b abd2d3e2a7644e85af965d63bd0868a6 b5a920c831ab477e8569fcfb39c1e131 - - default default] 10.0.0.35 "GET /v2.0/security-groups?tenant_id=08fb233098c14c50afe655696658d0fa&name=default HTTP/1.1" status: 200 len: 2996 time: 0.2429404
2026-09-07 19:34:27.081 10 INFO neutron.services.segments.plugin [-] Segment ee389e5a-f617-4f00-b792-d34f71505ba0 resource provider aggregate not found
2026-09-07 19:34:27.087 10 INFO neutron.services.segments.plugin [-] Segment ee389e5a-f617-4f00-b792-d34f71505ba0 resource provider aggregate not found
2026-09-07 19:34:27.102 10 INFO neutron.services.segments.plugin [-] Segment ee389e5a-f617-4f00-b792-d34f71505ba0 resource provider not found; error: Placement Client Error (4xx): {"errors": [{"status": 404, "title": "Not Found", "detail": "The resource could not be found.\n\n No resource provider with uuid ee389e5a-f617-4f00-b792-d34f71505ba0 found for delete ", "request_id": "req-a2a9257c-3bee-4c32-b2eb-e889ac99a400"}]}
2026-09-07 19:34:27.108 10 INFO neutron.services.segments.plugin [-] Segment ee389e5a-f617-4f00-b792-d34f71505ba0 resource provider not found; error: Placement Client Error (4xx): {"errors": [{"status": 404, "title": "Not Found", "detail": "The resource could not be found.\n\n No resource provider with uuid ee389e5a-f617-4f00-b792-d34f71505ba0 found for delete ", "request_id": "req-e862979d-ddb6-420b-bade-501f5d8d8469"}]}
2026-09-07 19:34:27.132 10 INFO neutron.wsgi [None req-9aaec128-5114-4013-ab86-a8646d900344 88ebed7201fe4290a07a136750eeffa6 76f0d56b2a86476bb81a24f289674162 - - default default] 10.0.0.35 "DELETE /v2.0/networks/3788687e-068e-4d76-b553-85128ce1a927 HTTP/1.1" status: 204 len: 168 time: 0.4498370
2026-09-07 19:34:27.341 9 INFO neutron.wsgi [None req-43aeeb8e-41e3-403d-86b3-d31892e64351 abd2d3e2a7644e85af965d63bd0868a6 b5a920c831ab477e8569fcfb39c1e131 - - default default] 10.0.0.35 "DELETE /v2.0/security-groups/938f5510-dab4-48e6-9b92-95dc87388d29 HTTP/1.1" status: 204 len: 168 time: 0.2604311
2026-09-07 19:34:27.745 10 INFO neutron.wsgi [None req-9515583a-73d1-4481-9c19-7ca55480783f abd2d3e2a7644e85af965d63bd0868a6 b5a920c831ab477e8569fcfb39c1e131 - - default default] 10.0.0.213 "GET /v2.0/routers HTTP/1.1" status: 200 len: 189 time: 0.1869020
2026-09-07 19:34:27.761 10 INFO neutron.wsgi [None req-45b005aa-a571-4789-8bbf-71ed50c4f532 abd2d3e2a7644e85af965d63bd0868a6 b5a920c831ab477e8569fcfb39c1e131 - - default default] 10.0.0.213 "GET /v2.0/agents?binary=ovn-controller HTTP/1.1" status: 200 len: 591 time: 0.0151985
2026-09-07 19:34:27.782 10 INFO neutron.wsgi [None req-637d2052-04d2-45fd-8f72-9fc43f86d8b7 abd2d3e2a7644e85af965d63bd0868a6 b5a920c831ab477e8569fcfb39c1e131 - - default default] 10.0.0.213 "GET /v2.0/floatingips HTTP/1.1" status: 200 len: 193 time: 0.0191147
2026-09-07 19:34:27.797 9 INFO neutron.wsgi [None req-5789f8f6-e984-4983-858e-72e3bd840d7f abd2d3e2a7644e85af965d63bd0868a6 b5a920c831ab477e8569fcfb39c1e131 - - default default] 10.0.0.35 "GET /v2.0/security-groups?tenant_id=76f0d56b2a86476bb81a24f289674162&name=default HTTP/1.1" status: 200 len: 2996 time: 0.2412543
2026-09-07 19:34:27.810 10 INFO neutron.wsgi [None req-46f8e86d-a3bc-44c0-a3cd-cf1b7021e470 abd2d3e2a7644e85af965d63bd0868a6 b5a920c831ab477e8569fcfb39c1e131 - - default default] 10.0.0.213 "GET /v2.0/ports HTTP/1.1" status: 200 len: 5345 time: 0.0269835
2026-09-07 19:34:27.870 10 INFO neutron.wsgi [None req-b3b1be10-c7f9-413b-a82b-93c8367a0a38 abd2d3e2a7644e85af965d63bd0868a6 b5a920c831ab477e8569fcfb39c1e131 - - default default] 10.0.0.213 "GET /v2.0/security-groups HTTP/1.1" status: 200 len: 19579 time: 0.0573463
2026-09-07 19:34:27.944 9 INFO neutron.db.ovn_revision_numbers_db [None req-b28c4622-0cf6-4e8d-a543-1e798fac77fc abd2d3e2a7644e85af965d63bd0868a6 b5a920c831ab477e8569fcfb39c1e131 - - default default] Successfully bumped revision number for resource 381b76fc-d113-4958-8809-b3f686aa79d6 (type: security_groups) to 1
2026-09-07 19:34:27.953 10 INFO neutron.wsgi [None req-ed614485-9a60-49e3-91db-f33dd5f0b29d abd2d3e2a7644e85af965d63bd0868a6 b5a920c831ab477e8569fcfb39c1e131 - - default default] 10.0.0.213 "GET /v2.0/networks HTTP/1.1" status: 200 len: 2350 time: 0.0759087
2026-09-07 19:34:27.967 10 INFO neutron.wsgi [None req-7a0728cf-1795-4de0-8029-3556697b9a72 abd2d3e2a7644e85af965d63bd0868a6 b5a920c831ab477e8569fcfb39c1e131 - - default default] 10.0.0.213 "GET /v2.0/network-ip-availabilities HTTP/1.1" status: 200 len: 1280 time: 0.0126956
2026-09-07 19:34:27.969 9 INFO neutron.db.ovn_revision_numbers_db [None req-b28c4622-0cf6-4e8d-a543-1e798fac77fc abd2d3e2a7644e85af965d63bd0868a6 b5a920c831ab477e8569fcfb39c1e131 - - default default] Successfully bumped revision number for resource 3fe31759-dd1b-4258-928c-275026c9021d (type: security_group_rules) to 0
2026-09-07 19:34:27.992 9 INFO neutron.db.ovn_revision_numbers_db [None req-b28c4622-0cf6-4e8d-a543-1e798fac77fc abd2d3e2a7644e85af965d63bd0868a6 b5a920c831ab477e8569fcfb39c1e131 - - default default] Successfully bumped revision number for resource 5e1c00a0-3f53-429e-b9d1-4a90617a01ac (type: security_group_rules) to 0
2026-09-07 19:34:28.020 10 INFO neutron.wsgi [None req-69a53597-8afd-489f-bbb3-29552db9bfd8 abd2d3e2a7644e85af965d63bd0868a6 b5a920c831ab477e8569fcfb39c1e131 - - default default] 10.0.0.213 "GET /v2.0/subnets HTTP/1.1" status: 200 len: 1437 time: 0.0503488
2026-09-07 19:34:28.028 9 INFO neutron.db.ovn_revision_numbers_db [None req-b28c4622-0cf6-4e8d-a543-1e798fac77fc abd2d3e2a7644e85af965d63bd0868a6 b5a920c831ab477e8569fcfb39c1e131 - - default default] Successfully bumped revision number for resource bedaa3c2-095b-4618-a58f-452bb1ffed68 (type: security_group_rules) to 0
2026-09-07 19:34:28.034 10 INFO neutron.wsgi [None req-8a506f96-c08b-4c49-a2fd-b8d67d2b2162 abd2d3e2a7644e85af965d63bd0868a6 b5a920c831ab477e8569fcfb39c1e131 - - default default] 10.0.0.213 "GET /v2.0/agents HTTP/1.1" status: 200 len: 997 time: 0.0119574
2026-09-07 19:34:28.046 9 INFO neutron.db.ovn_revision_numbers_db [None req-b28c4622-0cf6-4e8d-a543-1e798fac77fc abd2d3e2a7644e85af965d63bd0868a6 b5a920c831ab477e8569fcfb39c1e131 - - default default] Successfully bumped revision number for resource dd339a59-074e-4559-bcb9-2815ea9c9ae2 (type: security_group_rules) to 0
2026-09-07 19:34:28.064 10 INFO neutron.wsgi [None req-440e1095-7a20-4447-a2ab-eddf289e736a abd2d3e2a7644e85af965d63bd0868a6 b5a920c831ab477e8569fcfb39c1e131 - - default default] 10.0.0.213 "GET /v2.0/subnets HTTP/1.1" status: 200 len: 1437 time: 0.0297904
2026-09-07 19:34:28.069 9 INFO neutron.wsgi [None req-b28c4622-0cf6-4e8d-a543-1e798fac77fc abd2d3e2a7644e85af965d63bd0868a6 b5a920c831ab477e8569fcfb39c1e131 - - default default] 10.0.0.35 "GET /v2.0/security-groups?tenant_id=20c78cab6de94c98b49bc702dc0ee89f&name=default HTTP/1.1" status: 200 len: 2996 time: 0.5047193
2026-09-07 19:34:28.074 10 INFO neutron.wsgi [None req-b84b371d-6201-4fd7-af9a-5d86dc4ddc7b abd2d3e2a7644e85af965d63bd0868a6 b5a920c831ab477e8569fcfb39c1e131 - - default default] 10.0.0.213 "GET /v2.0/subnetpools HTTP/1.1" status: 200 len: 193 time: 0.0085833
2026-09-07 19:34:28.126 9 INFO neutron.wsgi [None req-2696871d-85ad-40be-a065-a4953dc2fca7 abd2d3e2a7644e85af965d63bd0868a6 b5a920c831ab477e8569fcfb39c1e131 - - default default] 10.0.0.35 "DELETE /v2.0/security-groups/65cfea9f-bedd-4d72-9c6e-fec445c3d425 HTTP/1.1" status: 204 len: 168 time: 0.3216391
2026-09-07 19:34:28.242 10 INFO neutron.wsgi [None req-215ac675-42e4-4d5d-a898-dd3e0f66a1e7 abd2d3e2a7644e85af965d63bd0868a6 b5a920c831ab477e8569fcfb39c1e131 - - default default] 10.0.0.35 "DELETE /v2.0/security-groups/381b76fc-d113-4958-8809-b3f686aa79d6 HTTP/1.1" status: 204 len: 168 time: 0.1691387
2026-09-07 19:34:30.176 9 INFO neutron.db.ovn_revision_numbers_db [None req-67114bcd-33b7-48c6-8435-5c0d886bdd37 11c3c0da5783416e957e4d6b9a5a3e5e 47be075f45fc45b099d15253cfd2bc82 - - default default] Successfully bumped revision number for resource 432af4ad-31eb-4d43-9082-2a082a596dd7 (type: security_groups) to 1
2026-09-07 19:34:30.210 9 INFO neutron.db.ovn_revision_numbers_db [None req-67114bcd-33b7-48c6-8435-5c0d886bdd37 11c3c0da5783416e957e4d6b9a5a3e5e 47be075f45fc45b099d15253cfd2bc82 - - default default] Successfully bumped revision number for resource 3b23a700-ee31-4613-8f7f-577c1a2c5bc5 (type: security_group_rules) to 0
2026-09-07 19:34:30.229 9 INFO neutron.db.ovn_revision_numbers_db [None req-67114bcd-33b7-48c6-8435-5c0d886bdd37 11c3c0da5783416e957e4d6b9a5a3e5e 47be075f45fc45b099d15253cfd2bc82 - - default default] Successfully bumped revision number for resource 5d78bec5-4b2e-45bd-8fb7-917b3378a8e6 (type: security_group_rules) to 0
2026-09-07 19:34:30.248 9 INFO neutron.db.ovn_revision_numbers_db [None req-67114bcd-33b7-48c6-8435-5c0d886bdd37 11c3c0da5783416e957e4d6b9a5a3e5e 47be075f45fc45b099d15253cfd2bc82 - - default default] Successfully bumped revision number for resource 6e0d252d-d250-4b29-befe-09ca0b8040d2 (type: security_group_rules) to 0
2026-09-07 19:34:30.272 9 INFO neutron.db.ovn_revision_numbers_db [None req-67114bcd-33b7-48c6-8435-5c0d886bdd37 11c3c0da5783416e957e4d6b9a5a3e5e 47be075f45fc45b099d15253cfd2bc82 - - default default] Successfully bumped revision number for resource bac95a4b-8d61-4f00-ae4a-202a49191b09 (type: security_group_rules) to 0
2026-09-07 19:34:30.302 10 INFO neutron.db.ovn_revision_numbers_db [None req-f01804f6-32ae-4518-841e-1cdd30edc2e3 abd2d3e2a7644e85af965d63bd0868a6 b5a920c831ab477e8569fcfb39c1e131 - - default default] Successfully bumped revision number for resource 21bdf6c7-578a-4fbb-8c7d-7712a7912af3 (type: security_groups) to 1
2026-09-07 19:34:30.318 10 INFO neutron.db.ovn_revision_numbers_db [None req-f01804f6-32ae-4518-841e-1cdd30edc2e3 abd2d3e2a7644e85af965d63bd0868a6 b5a920c831ab477e8569fcfb39c1e131 - - default default] Successfully bumped revision number for resource 51ba61b9-e016-414d-82be-9760a9d9382f (type: security_group_rules) to 0
2026-09-07 19:34:30.338 10 INFO neutron.db.ovn_revision_numbers_db [None req-f01804f6-32ae-4518-841e-1cdd30edc2e3 abd2d3e2a7644e85af965d63bd0868a6 b5a920c831ab477e8569fcfb39c1e131 - - default default] Successfully bumped revision number for resource 87eb250c-2534-487f-855a-3efec2874823 (type: security_group_rules) to 0
2026-09-07 19:34:30.348 9 INFO neutron.db.segments_db [None req-67114bcd-33b7-48c6-8435-5c0d886bdd37 11c3c0da5783416e957e4d6b9a5a3e5e 47be075f45fc45b099d15253cfd2bc82 - - default default] Added segment 485eeff9-db26-4866-ac1c-033cc569e379 of type geneve for network 18aa8fd8-d6c0-4aa4-81f2-f57db49b17e1
2026-09-07 19:34:30.363 10 INFO neutron.db.ovn_revision_numbers_db [None req-f01804f6-32ae-4518-841e-1cdd30edc2e3 abd2d3e2a7644e85af965d63bd0868a6 b5a920c831ab477e8569fcfb39c1e131 - - default default] Successfully bumped revision number for resource af965cf5-37d0-4057-8629-d95afc0ee276 (type: security_group_rules) to 0
2026-09-07 19:34:30.382 10 INFO neutron.db.ovn_revision_numbers_db [None req-f01804f6-32ae-4518-841e-1cdd30edc2e3 abd2d3e2a7644e85af965d63bd0868a6 b5a920c831ab477e8569fcfb39c1e131 - - default default] Successfully bumped revision number for resource fa7a17b1-3e5c-488f-b594-6b8c328b3259 (type: security_group_rules) to 0
2026-09-07 19:34:30.411 10 INFO neutron.wsgi [None req-f01804f6-32ae-4518-841e-1cdd30edc2e3 abd2d3e2a7644e85af965d63bd0868a6 b5a920c831ab477e8569fcfb39c1e131 - - default default] 10.0.0.35 "GET /v2.0/security-groups?tenant_id=b3b8b6ad074e47c99cd2623a57f67372&name=default HTTP/1.1" status: 200 len: 2996 time: 0.3650560
2026-09-07 19:34:30.518 9 INFO neutron.db.ovn_revision_numbers_db [None req-67114bcd-33b7-48c6-8435-5c0d886bdd37 11c3c0da5783416e957e4d6b9a5a3e5e 47be075f45fc45b099d15253cfd2bc82 - - default default] Successfully bumped revision number for resource 18aa8fd8-d6c0-4aa4-81f2-f57db49b17e1 (type: networks) to 1
2026-09-07 19:34:30.589 10 INFO neutron.wsgi [None req-3e0f32c8-112e-4317-841f-88a98b150286 abd2d3e2a7644e85af965d63bd0868a6 b5a920c831ab477e8569fcfb39c1e131 - - default default] 10.0.0.35 "DELETE /v2.0/security-groups/21bdf6c7-578a-4fbb-8c7d-7712a7912af3 HTTP/1.1" status: 204 len: 168 time: 0.1734424
2026-09-07 19:34:30.653 9 WARNING neutron.scheduler.dhcp_agent_scheduler [None req-67114bcd-33b7-48c6-8435-5c0d886bdd37 11c3c0da5783416e957e4d6b9a5a3e5e 47be075f45fc45b099d15253cfd2bc82 - - default default] No more DHCP agents
2026-09-07 19:34:30.657 9 WARNING neutron.api.rpc.agentnotifiers.dhcp_rpc_agent_api [None req-67114bcd-33b7-48c6-8435-5c0d886bdd37 11c3c0da5783416e957e4d6b9a5a3e5e 47be075f45fc45b099d15253cfd2bc82 - - default default] Unable to schedule network 18aa8fd8-d6c0-4aa4-81f2-f57db49b17e1: no agents available; will retry on subsequent port and subnet creation events.
2026-09-07 19:34:30.809 9 INFO neutron.db.ovn_revision_numbers_db [None req-67114bcd-33b7-48c6-8435-5c0d886bdd37 11c3c0da5783416e957e4d6b9a5a3e5e 47be075f45fc45b099d15253cfd2bc82 - - default default] Successfully bumped revision number for resource db1af15a-c337-4e96-85d5-deb2fb7396d5 (type: ports) to 1
2026-09-07 19:34:30.838 9 INFO neutron.wsgi [None req-67114bcd-33b7-48c6-8435-5c0d886bdd37 11c3c0da5783416e957e4d6b9a5a3e5e 47be075f45fc45b099d15253cfd2bc82 - - default default] 10.0.0.35 "POST /v2.0/networks HTTP/1.1" status: 201 len: 833 time: 0.9747069
2026-09-07 19:34:30.929 9 INFO neutron.db.segments_db [None req-ef7c1adf-c25a-4dd1-a757-e701993affcf 11c3c0da5783416e957e4d6b9a5a3e5e 47be075f45fc45b099d15253cfd2bc82 - - default default] Added segment 8f801ec7-03ae-4f72-adfa-68ce10588bc8 of type geneve for network 50fbef37-36f5-4c9b-8c08-8adaacab3ac9
2026-09-07 19:34:31.132 9 INFO neutron.db.ovn_revision_numbers_db [None req-ef7c1adf-c25a-4dd1-a757-e701993affcf 11c3c0da5783416e957e4d6b9a5a3e5e 47be075f45fc45b099d15253cfd2bc82 - - default default] Successfully bumped revision number for resource 50fbef37-36f5-4c9b-8c08-8adaacab3ac9 (type: networks) to 1
2026-09-07 19:34:31.379 9 WARNING neutron.scheduler.dhcp_agent_scheduler [None req-ef7c1adf-c25a-4dd1-a757-e701993affcf 11c3c0da5783416e957e4d6b9a5a3e5e 47be075f45fc45b099d15253cfd2bc82 - - default default] No more DHCP agents
2026-09-07 19:34:31.380 9 WARNING neutron.api.rpc.agentnotifiers.dhcp_rpc_agent_api [None req-ef7c1adf-c25a-4dd1-a757-e701993affcf 11c3c0da5783416e957e4d6b9a5a3e5e 47be075f45fc45b099d15253cfd2bc82 - - default default] Unable to schedule network 50fbef37-36f5-4c9b-8c08-8adaacab3ac9: no agents available; will retry on subsequent port and subnet creation events.
2026-09-07 19:34:31.479 9 INFO neutron.db.ovn_revision_numbers_db [None req-ef7c1adf-c25a-4dd1-a757-e701993affcf 11c3c0da5783416e957e4d6b9a5a3e5e 47be075f45fc45b099d15253cfd2bc82 - - default default] Successfully bumped revision number for resource 5f44e0a2-0712-4956-a58e-267488dc8042 (type: ports) to 1
2026-09-07 19:34:31.528 9 INFO neutron.wsgi [None req-ef7c1adf-c25a-4dd1-a757-e701993affcf 11c3c0da5783416e957e4d6b9a5a3e5e 47be075f45fc45b099d15253cfd2bc82 - - default default] 10.0.0.35 "POST /v2.0/networks HTTP/1.1" status: 201 len: 832 time: 0.6850519
2026-09-07 19:34:31.548 10 INFO neutron.db.ovn_revision_numbers_db [None req-e38bd4f3-3e6a-41c7-926a-6d5c13b63fb2 abd2d3e2a7644e85af965d63bd0868a6 b5a920c831ab477e8569fcfb39c1e131 - - default default] Successfully bumped revision number for resource 23163d78-5b40-42a1-b9f6-6f2051587c2b (type: security_groups) to 1
2026-09-07 19:34:31.571 10 INFO neutron.db.ovn_revision_numbers_db [None req-e38bd4f3-3e6a-41c7-926a-6d5c13b63fb2 abd2d3e2a7644e85af965d63bd0868a6 b5a920c831ab477e8569fcfb39c1e131 - - default default] Successfully bumped revision number for resource 1caa1df3-a321-424a-8ea8-13e8b2c8720e (type: security_group_rules) to 0
2026-09-07 19:34:31.590 10 INFO neutron.db.ovn_revision_numbers_db [None req-e38bd4f3-3e6a-41c7-926a-6d5c13b63fb2 abd2d3e2a7644e85af965d63bd0868a6 b5a920c831ab477e8569fcfb39c1e131 - - default default] Successfully bumped revision number for resource 8f46ef77-a788-4543-815b-fa2b9a16df8e (type: security_group_rules) to 0
2026-09-07 19:34:31.606 10 INFO neutron.db.ovn_revision_numbers_db [None req-e38bd4f3-3e6a-41c7-926a-6d5c13b63fb2 abd2d3e2a7644e85af965d63bd0868a6 b5a920c831ab477e8569fcfb39c1e131 - - default default] Successfully bumped revision number for resource d1e6eb47-d9ef-4749-a75d-8442891d5f1c (type: security_group_rules) to 0
2026-09-07 19:34:31.629 10 INFO neutron.db.ovn_revision_numbers_db [None req-e38bd4f3-3e6a-41c7-926a-6d5c13b63fb2 abd2d3e2a7644e85af965d63bd0868a6 b5a920c831ab477e8569fcfb39c1e131 - - default default] Successfully bumped revision number for resource e82e0318-ef46-46f9-a1a0-b7641fc5b4ca (type: security_group_rules) to 0
2026-09-07 19:34:31.657 10 INFO neutron.wsgi [None req-e38bd4f3-3e6a-41c7-926a-6d5c13b63fb2 abd2d3e2a7644e85af965d63bd0868a6 b5a920c831ab477e8569fcfb39c1e131 - - default default] 10.0.0.35 "GET /v2.0/security-groups?tenant_id=f87682b6a8e8423c9fbbd7e538f18e5b&name=default HTTP/1.1" status: 200 len: 2996 time: 0.3699522
2026-09-07 19:34:31.841 10 WARNING neutron.scheduler.dhcp_agent_scheduler [None req-bc206508-c6af-4069-b8c3-5b1700cd77be 11c3c0da5783416e957e4d6b9a5a3e5e 47be075f45fc45b099d15253cfd2bc82 - - default default] No more DHCP agents
2026-09-07 19:34:31.843 10 WARNING neutron.api.rpc.agentnotifiers.dhcp_rpc_agent_api [None req-bc206508-c6af-4069-b8c3-5b1700cd77be 11c3c0da5783416e957e4d6b9a5a3e5e 47be075f45fc45b099d15253cfd2bc82 - - default default] Unable to schedule network 18aa8fd8-d6c0-4aa4-81f2-f57db49b17e1: no agents available; will retry on subsequent port and subnet creation events.
2026-09-07 19:34:31.877 10 INFO neutron.db.ovn_revision_numbers_db [None req-bc206508-c6af-4069-b8c3-5b1700cd77be 11c3c0da5783416e957e4d6b9a5a3e5e 47be075f45fc45b099d15253cfd2bc82 - - default default] Successfully bumped revision number for resource 75ecf80e-164b-4c19-9bce-297377b837c4 (type: subnets) to 0
2026-09-07 19:34:31.893 10 INFO neutron.wsgi [None req-bc206508-c6af-4069-b8c3-5b1700cd77be 11c3c0da5783416e957e4d6b9a5a3e5e 47be075f45fc45b099d15253cfd2bc82 - - default default] 10.0.0.35 "POST /v2.0/subnets HTTP/1.1" status: 201 len: 821 time: 0.3617091
2026-09-07 19:34:31.917 9 INFO neutron.wsgi [None req-a7dc22ea-c86f-455d-a32f-441e94afa22f c3d82890f0134175a8ae8fc08254a611 8b08c427943a432fab157f8e690dc955 - - default default] 10.0.0.146 "GET /v2.0/extensions HTTP/1.1" status: 200 len: 16525 time: 0.2608585
2026-09-07 19:34:31.963 10 INFO neutron.wsgi [None req-c10c6d4f-1d3c-4f8c-9317-ed9dda87a770 abd2d3e2a7644e85af965d63bd0868a6 b5a920c831ab477e8569fcfb39c1e131 - - default default] 10.0.0.35 "DELETE /v2.0/security-groups/23163d78-5b40-42a1-b9f6-6f2051587c2b HTTP/1.1" status: 204 len: 168 time: 0.2992573
2026-09-07 19:34:32.081 9 INFO neutron.wsgi [None req-99780f9d-1138-4328-984c-0a4cfa7dd1c2 c3d82890f0134175a8ae8fc08254a611 8b08c427943a432fab157f8e690dc955 - - default default] 10.0.0.146 "GET /v2.0/quotas/8b08c427943a432fab157f8e690dc955/details HTTP/1.1" status: 200 len: 756 time: 0.1362958
2026-09-07 19:34:32.167 10 WARNING neutron.scheduler.dhcp_agent_scheduler [None req-5ce57237-658b-47f9-b16a-be77aa29d609 11c3c0da5783416e957e4d6b9a5a3e5e 47be075f45fc45b099d15253cfd2bc82 - - default default] No more DHCP agents
2026-09-07 19:34:32.169 10 WARNING neutron.api.rpc.agentnotifiers.dhcp_rpc_agent_api [None req-5ce57237-658b-47f9-b16a-be77aa29d609 11c3c0da5783416e957e4d6b9a5a3e5e 47be075f45fc45b099d15253cfd2bc82 - - default default] Unable to schedule network 50fbef37-36f5-4c9b-8c08-8adaacab3ac9: no agents available; will retry on subsequent port and subnet creation events.
2026-09-07 19:34:32.176 10 INFO neutron.wsgi [-] 10.0.0.225 "GET / HTTP/1.1" status: 200 len: 247 time: 0.0017128
2026-09-07 19:34:32.178 10 INFO neutron.wsgi [-] 10.0.0.225 "GET / HTTP/1.1" status: 200 len: 247 time: 0.0013583
2026-09-07 19:34:32.212 10 INFO neutron.db.ovn_revision_numbers_db [None req-5ce57237-658b-47f9-b16a-be77aa29d609 11c3c0da5783416e957e4d6b9a5a3e5e 47be075f45fc45b099d15253cfd2bc82 - - default default] Successfully bumped revision number for resource 770bc20d-2cdf-4be8-91a7-7a33268b341b (type: subnets) to 0
2026-09-07 19:34:32.218 9 INFO neutron.db.ovn_revision_numbers_db [None req-de8b9f9e-fc7e-4b69-b655-bae7fa0db873 abd2d3e2a7644e85af965d63bd0868a6 b5a920c831ab477e8569fcfb39c1e131 - - default default] Successfully bumped revision number for resource 1115a22b-ec6f-4a55-82fb-c5040626a68e (type: security_groups) to 1
2026-09-07 19:34:32.228 10 INFO neutron.wsgi [None req-5ce57237-658b-47f9-b16a-be77aa29d609 11c3c0da5783416e957e4d6b9a5a3e5e 47be075f45fc45b099d15253cfd2bc82 - - default default] 10.0.0.35 "POST /v2.0/subnets HTTP/1.1" status: 201 len: 830 time: 0.3291492
2026-09-07 19:34:32.241 9 INFO neutron.db.ovn_revision_numbers_db [None req-de8b9f9e-fc7e-4b69-b655-bae7fa0db873 abd2d3e2a7644e85af965d63bd0868a6 b5a920c831ab477e8569fcfb39c1e131 - - default default] Successfully bumped revision number for resource 2ba306d9-27e1-47a7-b85e-df7c2caa2256 (type: security_group_rules) to 0
2026-09-07 19:34:32.258 9 INFO neutron.db.ovn_revision_numbers_db [None req-de8b9f9e-fc7e-4b69-b655-bae7fa0db873 abd2d3e2a7644e85af965d63bd0868a6 b5a920c831ab477e8569fcfb39c1e131 - - default default] Successfully bumped revision number for resource 5eec68d9-c3e4-4e82-8c20-0f8bba0ddad4 (type: security_group_rules) to 0
2026-09-07 19:34:32.286 9 INFO neutron.db.ovn_revision_numbers_db [None req-de8b9f9e-fc7e-4b69-b655-bae7fa0db873 abd2d3e2a7644e85af965d63bd0868a6 b5a920c831ab477e8569fcfb39c1e131 - - default default] Successfully bumped revision number for resource 8ac29a3e-ffd8-4169-9224-5ffdcc4897e5 (type: security_group_rules) to 0
2026-09-07 19:34:32.334 9 INFO neutron.db.ovn_revision_numbers_db [None req-de8b9f9e-fc7e-4b69-b655-bae7fa0db873 abd2d3e2a7644e85af965d63bd0868a6 b5a920c831ab477e8569fcfb39c1e131 - - default default] Successfully bumped revision number for resource faea51fc-bbf9-43f0-b79e-82d4a96aa48b (type: security_group_rules) to 0
2026-09-07 19:34:32.355 9 INFO neutron.wsgi [None req-de8b9f9e-fc7e-4b69-b655-bae7fa0db873 abd2d3e2a7644e85af965d63bd0868a6 b5a920c831ab477e8569fcfb39c1e131 - - default default] 10.0.0.35 "GET /v2.0/security-groups?tenant_id=e8cf759138624f3d9de68fc133f79a0e&name=default HTTP/1.1" status: 200 len: 2996 time: 0.2722037
2026-09-07 19:34:32.387 9 INFO neutron.db.ovn_revision_numbers_db [None req-2068a619-b287-42b2-8db5-f43ea5acb214 11c3c0da5783416e957e4d6b9a5a3e5e 47be075f45fc45b099d15253cfd2bc82 - - default default] Successfully bumped revision number for resource f1095d0a-f1b2-4630-9f1c-a1f5e96116e9 (type: routers) to 1
2026-09-07 19:34:32.399 9 INFO neutron.wsgi [None req-2068a619-b287-42b2-8db5-f43ea5acb214 11c3c0da5783416e957e4d6b9a5a3e5e 47be075f45fc45b099d15253cfd2bc82 - - default default] 10.0.0.35 "POST /v2.0/routers HTTP/1.1" status: 201 len: 691 time: 0.1667526
2026-09-07 19:34:32.607 10 INFO neutron.wsgi [None req-06eed5d7-fcfd-4e7d-8f3a-96d979390c83 abd2d3e2a7644e85af965d63bd0868a6 b5a920c831ab477e8569fcfb39c1e131 - - default default] 10.0.0.35 "DELETE /v2.0/security-groups/1115a22b-ec6f-4a55-82fb-c5040626a68e HTTP/1.1" status: 204 len: 168 time: 0.2468247
2026-09-07 19:34:32.746 9 WARNING neutron.scheduler.dhcp_agent_scheduler [None req-a5728c30-dd9b-445f-93cf-304c5ce10fc6 11c3c0da5783416e957e4d6b9a5a3e5e 47be075f45fc45b099d15253cfd2bc82 - - default default] No more DHCP agents
2026-09-07 19:34:32.748 9 WARNING neutron.api.rpc.agentnotifiers.dhcp_rpc_agent_api [None req-a5728c30-dd9b-445f-93cf-304c5ce10fc6 11c3c0da5783416e957e4d6b9a5a3e5e 47be075f45fc45b099d15253cfd2bc82 - - default default] Unable to schedule network 18aa8fd8-d6c0-4aa4-81f2-f57db49b17e1: no agents available; will retry on subsequent port and subnet creation events.
2026-09-07 19:34:32.863 9 INFO neutron.db.ovn_revision_numbers_db [None req-a5728c30-dd9b-445f-93cf-304c5ce10fc6 11c3c0da5783416e957e4d6b9a5a3e5e 47be075f45fc45b099d15253cfd2bc82 - - default default] Successfully bumped revision number for resource 46195d14-224c-4965-b2af-23f6a5c989fb (type: ports) to 1
2026-09-07 19:34:32.947 9 INFO neutron.db.ovn_revision_numbers_db [None req-9c55138d-4e17-4137-8249-8a26e204c417 f90ef0929cc843c5a6660934d5ac58dc 1fd7f2bbe79743ab90f4ba692cca6f20 - - default default] Successfully bumped revision number for resource 8564ec50-f0c0-4543-bfc6-3cbe3b2c6f0d (type: security_groups) to 1
2026-09-07 19:34:32.963 9 INFO neutron.db.ovn_revision_numbers_db [None req-9c55138d-4e17-4137-8249-8a26e204c417 f90ef0929cc843c5a6660934d5ac58dc 1fd7f2bbe79743ab90f4ba692cca6f20 - - default default] Successfully bumped revision number for resource 059ad223-b2ed-42a6-8d94-d83e979a6c0b (type: security_group_rules) to 0
2026-09-07 19:34:32.979 9 INFO neutron.db.ovn_revision_numbers_db [None req-9c55138d-4e17-4137-8249-8a26e204c417 f90ef0929cc843c5a6660934d5ac58dc 1fd7f2bbe79743ab90f4ba692cca6f20 - - default default] Successfully bumped revision number for resource 153776c8-a102-4993-a385-c7ed46f6f12d (type: security_group_rules) to 0
2026-09-07 19:34:33.001 9 INFO neutron.db.ovn_revision_numbers_db [None req-9c55138d-4e17-4137-8249-8a26e204c417 f90ef0929cc843c5a6660934d5ac58dc 1fd7f2bbe79743ab90f4ba692cca6f20 - - default default] Successfully bumped revision number for resource 363e8a94-9cf6-4159-ae4d-8d07b71b2544 (type: security_group_rules) to 0
2026-09-07 19:34:33.020 9 INFO neutron.db.ovn_revision_numbers_db [None req-9c55138d-4e17-4137-8249-8a26e204c417 f90ef0929cc843c5a6660934d5ac58dc 1fd7f2bbe79743ab90f4ba692cca6f20 - - default default] Successfully bumped revision number for resource d81ab2ee-f257-43cb-bafa-19e47b552976 (type: security_group_rules) to 0
2026-09-07 19:34:33.097 9 INFO neutron.db.segments_db [None req-9c55138d-4e17-4137-8249-8a26e204c417 f90ef0929cc843c5a6660934d5ac58dc 1fd7f2bbe79743ab90f4ba692cca6f20 - - default default] Added segment 6220299d-7837-4c62-9e19-0ac902cbfaef of type geneve for network 0b54b985-69f4-4f5e-8baa-06b58a345278
2026-09-07 19:34:33.256 10 INFO neutron.plugins.ml2.drivers.ovn.mech_driver.mech_driver [None req-f9070b68-23b0-41f8-bf80-edfe70a9405c - - - - - -] OVN reports status up for port: 46195d14-224c-4965-b2af-23f6a5c989fb
2026-09-07 19:34:33.267 9 INFO neutron.db.ovn_revision_numbers_db [None req-9c55138d-4e17-4137-8249-8a26e204c417 f90ef0929cc843c5a6660934d5ac58dc 1fd7f2bbe79743ab90f4ba692cca6f20 - - default default] Successfully bumped revision number for resource 0b54b985-69f4-4f5e-8baa-06b58a345278 (type: networks) to 1
2026-09-07 19:34:33.267 10 INFO neutron.plugins.ml2.plugin [None req-f9070b68-23b0-41f8-bf80-edfe70a9405c - - - - - -] Attempt 1 to provision port 46195d14-224c-4965-b2af-23f6a5c989fb
2026-09-07 19:34:33.277 9 INFO neutron.db.ovn_revision_numbers_db [None req-a5728c30-dd9b-445f-93cf-304c5ce10fc6 11c3c0da5783416e957e4d6b9a5a3e5e 47be075f45fc45b099d15253cfd2bc82 - - default default] Successfully bumped revision number for resource 46195d14-224c-4965-b2af-23f6a5c989fb (type: router_ports) to 1
2026-09-07 19:34:33.520 10 INFO neutron.db.ovn_revision_numbers_db [None req-f9070b68-23b0-41f8-bf80-edfe70a9405c - - - - - -] Successfully bumped revision number for resource 46195d14-224c-4965-b2af-23f6a5c989fb (type: ports) to 2
2026-09-07 19:34:33.564 9 ERROR ovsdbapp.backend.ovs_idl.transaction [None req-a5728c30-dd9b-445f-93cf-304c5ce10fc6 11c3c0da5783416e957e4d6b9a5a3e5e 47be075f45fc45b099d15253cfd2bc82 - - default default]
Traceback (most recent call last): File "/var/lib/openstack/lib/python3.10/site-packages/ovsdbapp/backend/ovs_idl/connection.py", line 118, in run txn.results.put(txn.do_commit())
File "/var/lib/openstack/lib/python3.10/site-packages/ovsdbapp/backend/ovs_idl/transaction.py", line 92, in do_commit command.run_idl(txn)
File "/var/lib/openstack/lib/python3.10/site-packages/neutron/plugins/ml2/drivers/ovn/mech_driver/ovsdb/commands.py", line 825, in run_idl raise ovn_exc.RevisionConflict( neutron.common.ovn.exceptions.RevisionConflict: OVN revision number for 46195d14-224c-4965-b2af-23f6a5c989fb (type: ports) is higher than the given resource. Skipping update 
2026-09-07 19:34:33.564 9 INFO neutron.plugins.ml2.drivers.ovn.mech_driver.ovsdb.impl_idl_ovn [None req-a5728c30-dd9b-445f-93cf-304c5ce10fc6 11c3c0da5783416e957e4d6b9a5a3e5e 47be075f45fc45b099d15253cfd2bc82 - - default default] Transaction aborted. Reason: OVN revision number for 46195d14-224c-4965-b2af-23f6a5c989fb (type: ports) is higher than the given resource. Skipping update
2026-09-07 19:34:33.620 10 INFO neutron.db.ovn_revision_numbers_db [None req-f9070b68-23b0-41f8-bf80-edfe70a9405c - - - - - -] Successfully bumped revision number for resource 46195d14-224c-4965-b2af-23f6a5c989fb (type: router_ports) to 2
2026-09-07 19:34:33.635 9 WARNING neutron.scheduler.dhcp_agent_scheduler [None req-9c55138d-4e17-4137-8249-8a26e204c417 f90ef0929cc843c5a6660934d5ac58dc 1fd7f2bbe79743ab90f4ba692cca6f20 - - default default] No more DHCP agents
2026-09-07 19:34:33.639 9 WARNING neutron.api.rpc.agentnotifiers.dhcp_rpc_agent_api [None req-9c55138d-4e17-4137-8249-8a26e204c417 f90ef0929cc843c5a6660934d5ac58dc 1fd7f2bbe79743ab90f4ba692cca6f20 - - default default] Unable to schedule network 0b54b985-69f4-4f5e-8baa-06b58a345278: no agents available; will retry on subsequent port and subnet creation events.
2026-09-07 19:34:33.648 9 WARNING neutron.scheduler.dhcp_agent_scheduler [None req-a5728c30-dd9b-445f-93cf-304c5ce10fc6 11c3c0da5783416e957e4d6b9a5a3e5e 47be075f45fc45b099d15253cfd2bc82 - - default default] No more DHCP agents
2026-09-07 19:34:33.649 9 WARNING neutron.api.rpc.agentnotifiers.dhcp_rpc_agent_api [None req-a5728c30-dd9b-445f-93cf-304c5ce10fc6 11c3c0da5783416e957e4d6b9a5a3e5e 47be075f45fc45b099d15253cfd2bc82 - - default default] Unable to schedule network 18aa8fd8-d6c0-4aa4-81f2-f57db49b17e1: no agents available; will retry on subsequent port and subnet creation events.
2026-09-07 19:34:33.768 9 INFO neutron.db.ovn_revision_numbers_db [None req-9c55138d-4e17-4137-8249-8a26e204c417 f90ef0929cc843c5a6660934d5ac58dc 1fd7f2bbe79743ab90f4ba692cca6f20 - - default default] Successfully bumped revision number for resource 835e4798-75de-4808-81a9-f1b63ea0adb4 (type: ports) to 1
2026-09-07 19:34:33.797 9 INFO neutron.wsgi [None req-9c55138d-4e17-4137-8249-8a26e204c417 f90ef0929cc843c5a6660934d5ac58dc 1fd7f2bbe79743ab90f4ba692cca6f20 - - default default] 10.0.0.35 "POST /v2.0/networks HTTP/1.1" status: 201 len: 846 time: 1.1731222
2026-09-07 19:34:33.877 9 INFO neutron.db.ovn_revision_numbers_db [None req-a5728c30-dd9b-445f-93cf-304c5ce10fc6 11c3c0da5783416e957e4d6b9a5a3e5e 47be075f45fc45b099d15253cfd2bc82 - - default default] Successfully bumped revision number for resource 46195d14-224c-4965-b2af-23f6a5c989fb (type: router_ports) to 2
2026-09-07 19:34:33.879 9 INFO neutron.wsgi [None req-a5728c30-dd9b-445f-93cf-304c5ce10fc6 11c3c0da5783416e957e4d6b9a5a3e5e 47be075f45fc45b099d15253cfd2bc82 - - default default] 10.0.0.35 "PUT /v2.0/routers/f1095d0a-f1b2-4630-9f1c-a1f5e96116e9/add_router_interface HTTP/1.1" status: 200 len: 503 time: 1.4743028
2026-09-07 19:34:33.972 9 INFO neutron.wsgi [None req-9323e1ab-1842-4879-9b01-c6c9a5802a05 11c3c0da5783416e957e4d6b9a5a3e5e 47be075f45fc45b099d15253cfd2bc82 - - default default] 10.0.0.35 "GET /v2.0/ports/46195d14-224c-4965-b2af-23f6a5c989fb HTTP/1.1" status: 200 len: 1141 time: 0.0826876
2026-09-07 19:34:34.367 9 WARNING neutron.scheduler.dhcp_agent_scheduler [None req-852dd991-cb19-40b3-a41d-8ed2dea3e4f4 11c3c0da5783416e957e4d6b9a5a3e5e 47be075f45fc45b099d15253cfd2bc82 - - default default] No more DHCP agents
2026-09-07 19:34:34.373 9 WARNING neutron.api.rpc.agentnotifiers.dhcp_rpc_agent_api [None req-852dd991-cb19-40b3-a41d-8ed2dea3e4f4 11c3c0da5783416e957e4d6b9a5a3e5e 47be075f45fc45b099d15253cfd2bc82 - - default default] Unable to schedule network 50fbef37-36f5-4c9b-8c08-8adaacab3ac9: no agents available; will retry on subsequent port and subnet creation events.
2026-09-07 19:34:34.496 9 INFO neutron.db.ovn_revision_numbers_db [None req-852dd991-cb19-40b3-a41d-8ed2dea3e4f4 11c3c0da5783416e957e4d6b9a5a3e5e 47be075f45fc45b099d15253cfd2bc82 - - default default] Successfully bumped revision number for resource 8b05f1aa-9737-46e7-9a03-7d52f5135d05 (type: ports) to 1
2026-09-07 19:34:34.582 9 WARNING neutron.scheduler.dhcp_agent_scheduler [None req-ffacab68-7fcb-4483-8a22-cd48564ec47a f90ef0929cc843c5a6660934d5ac58dc 1fd7f2bbe79743ab90f4ba692cca6f20 - - default default] No more DHCP agents
2026-09-07 19:34:34.585 9 WARNING neutron.api.rpc.agentnotifiers.dhcp_rpc_agent_api [None req-ffacab68-7fcb-4483-8a22-cd48564ec47a f90ef0929cc843c5a6660934d5ac58dc 1fd7f2bbe79743ab90f4ba692cca6f20 - - default default] Unable to schedule network 0b54b985-69f4-4f5e-8baa-06b58a345278: no agents available; will retry on subsequent port and subnet creation events.
2026-09-07 19:34:34.626 9 INFO neutron.db.ovn_revision_numbers_db [None req-ffacab68-7fcb-4483-8a22-cd48564ec47a f90ef0929cc843c5a6660934d5ac58dc 1fd7f2bbe79743ab90f4ba692cca6f20 - - default default] Successfully bumped revision number for resource 0c48d366-7005-450f-afa4-92cef076e62e (type: subnets) to 0
2026-09-07 19:34:34.644 9 INFO neutron.wsgi [None req-ffacab68-7fcb-4483-8a22-cd48564ec47a f90ef0929cc843c5a6660934d5ac58dc 1fd7f2bbe79743ab90f4ba692cca6f20 - - default default] 10.0.0.35 "POST /v2.0/subnets HTTP/1.1" status: 201 len: 848 time: 0.3545930
2026-09-07 19:34:34.757 10 INFO neutron.wsgi [None req-330ef6a6-75b6-4681-a4c4-aefda6e5bca0 c3d82890f0134175a8ae8fc08254a611 8b08c427943a432fab157f8e690dc955 - - default default] 10.0.0.146 "GET /v2.0/extensions HTTP/1.1" status: 200 len: 16525 time: 0.0096858
2026-09-07 19:34:34.764 9 INFO neutron.db.segments_db [None req-b1b8f896-2b18-419a-9920-d8c131ee9dd9 f90ef0929cc843c5a6660934d5ac58dc 1fd7f2bbe79743ab90f4ba692cca6f20 - - default default] Added segment fc261089-c0ea-4003-b0cc-347aa3d1287a of type geneve for network 423a5f89-c3b6-4687-be1b-3fc9d2c7ffc1
2026-09-07 19:34:34.979 9 INFO neutron.wsgi [None req-673696af-0c43-4185-b6fc-d52c49a96df7 c3d82890f0134175a8ae8fc08254a611 8b08c427943a432fab157f8e690dc955 - - default default] 10.0.0.146 "GET /v2.0/quotas/8b08c427943a432fab157f8e690dc955/details HTTP/1.1" status: 200 len: 756 time: 0.2004123
2026-09-07 19:34:34.981 9 INFO neutron.db.ovn_revision_numbers_db [None req-b1b8f896-2b18-419a-9920-d8c131ee9dd9 f90ef0929cc843c5a6660934d5ac58dc 1fd7f2bbe79743ab90f4ba692cca6f20 - - default default] Successfully bumped revision number for resource 423a5f89-c3b6-4687-be1b-3fc9d2c7ffc1 (type: networks) to 1
2026-09-07 19:34:34.991 9 INFO neutron.plugins.ml2.drivers.ovn.mech_driver.mech_driver [None req-a1a9e32f-5372-41c5-847d-33ef8807686b - - - - - -] OVN reports status up for port: 8b05f1aa-9737-46e7-9a03-7d52f5135d05
2026-09-07 19:34:35.013 9 INFO neutron.plugins.ml2.plugin [None req-a1a9e32f-5372-41c5-847d-33ef8807686b - - - - - -] Attempt 1 to provision port 8b05f1aa-9737-46e7-9a03-7d52f5135d05
2026-09-07 19:34:35.039 9 INFO neutron.db.ovn_revision_numbers_db [None req-852dd991-cb19-40b3-a41d-8ed2dea3e4f4 11c3c0da5783416e957e4d6b9a5a3e5e 47be075f45fc45b099d15253cfd2bc82 - - default default] Successfully bumped revision number for resource 8b05f1aa-9737-46e7-9a03-7d52f5135d05 (type: router_ports) to 1
2026-09-07 19:34:35.436 9 WARNING neutron.scheduler.dhcp_agent_scheduler [None req-b1b8f896-2b18-419a-9920-d8c131ee9dd9 f90ef0929cc843c5a6660934d5ac58dc 1fd7f2bbe79743ab90f4ba692cca6f20 - - default default] No more DHCP agents
2026-09-07 19:34:35.441 9 WARNING neutron.api.rpc.agentnotifiers.dhcp_rpc_agent_api [None req-b1b8f896-2b18-419a-9920-d8c131ee9dd9 f90ef0929cc843c5a6660934d5ac58dc 1fd7f2bbe79743ab90f4ba692cca6f20 - - default default] Unable to schedule network 423a5f89-c3b6-4687-be1b-3fc9d2c7ffc1: no agents available; will retry on subsequent port and subnet creation events.
2026-09-07 19:34:35.444 9 INFO neutron.db.ovn_revision_numbers_db [None req-852dd991-cb19-40b3-a41d-8ed2dea3e4f4 11c3c0da5783416e957e4d6b9a5a3e5e 47be075f45fc45b099d15253cfd2bc82 - - default default] Successfully bumped revision number for resource 8b05f1aa-9737-46e7-9a03-7d52f5135d05 (type: ports) to 1
2026-09-07 19:34:35.607 9 INFO neutron.db.ovn_revision_numbers_db [None req-b1b8f896-2b18-419a-9920-d8c131ee9dd9 f90ef0929cc843c5a6660934d5ac58dc 1fd7f2bbe79743ab90f4ba692cca6f20 - - default default] Successfully bumped revision number for resource 8da6bae7-bf46-463a-a05d-c3e6ce9a6d7a (type: ports) to 1
2026-09-07 19:34:35.628 9 WARNING neutron.scheduler.dhcp_agent_scheduler [None req-852dd991-cb19-40b3-a41d-8ed2dea3e4f4 11c3c0da5783416e957e4d6b9a5a3e5e 47be075f45fc45b099d15253cfd2bc82 - - default default] No more DHCP agents
2026-09-07 19:34:35.631 9 WARNING neutron.api.rpc.agentnotifiers.dhcp_rpc_agent_api [None req-852dd991-cb19-40b3-a41d-8ed2dea3e4f4 11c3c0da5783416e957e4d6b9a5a3e5e 47be075f45fc45b099d15253cfd2bc82 - - default default] Unable to schedule network 50fbef37-36f5-4c9b-8c08-8adaacab3ac9: no agents available; will retry on subsequent port and subnet creation events.
2026-09-07 19:34:35.638 9 INFO neutron.wsgi [None req-b1b8f896-2b18-419a-9920-d8c131ee9dd9 f90ef0929cc843c5a6660934d5ac58dc 1fd7f2bbe79743ab90f4ba692cca6f20 - - default default] 10.0.0.35 "POST /v2.0/networks HTTP/1.1" status: 201 len: 847 time: 0.9873753
2026-09-07 19:34:35.690 9 INFO neutron.db.ovn_revision_numbers_db [None req-a1a9e32f-5372-41c5-847d-33ef8807686b - - - - - -] Successfully bumped revision number for resource 8b05f1aa-9737-46e7-9a03-7d52f5135d05 (type: ports) to 2
2026-09-07 19:34:35.833 9 INFO neutron.db.ovn_revision_numbers_db [None req-a1a9e32f-5372-41c5-847d-33ef8807686b - - - - - -] Successfully bumped revision number for resource 8b05f1aa-9737-46e7-9a03-7d52f5135d05 (type: router_ports) to 2
2026-09-07 19:34:35.837 9 INFO neutron.db.ovn_revision_numbers_db [None req-852dd991-cb19-40b3-a41d-8ed2dea3e4f4 11c3c0da5783416e957e4d6b9a5a3e5e 47be075f45fc45b099d15253cfd2bc82 - - default default] Successfully bumped revision number for resource 8b05f1aa-9737-46e7-9a03-7d52f5135d05 (type: router_ports) to 2
2026-09-07 19:34:35.839 9 INFO neutron.wsgi [None req-852dd991-cb19-40b3-a41d-8ed2dea3e4f4 11c3c0da5783416e957e4d6b9a5a3e5e 47be075f45fc45b099d15253cfd2bc82 - - default default] 10.0.0.35 "PUT /v2.0/routers/f1095d0a-f1b2-4630-9f1c-a1f5e96116e9/add_router_interface HTTP/1.1" status: 200 len: 503 time: 1.8576884
2026-09-07 19:34:35.877 10 INFO neutron.db.ovn_revision_numbers_db [None req-45bf6a1c-9262-41a2-a76d-f20b7157bb47 f90ef0929cc843c5a6660934d5ac58dc 1fd7f2bbe79743ab90f4ba692cca6f20 - - default default] Successfully bumped revision number for resource 423a5f89-c3b6-4687-be1b-3fc9d2c7ffc1 (type: networks) to 2
2026-09-07 19:34:35.880 10 INFO neutron.wsgi [None req-45bf6a1c-9262-41a2-a76d-f20b7157bb47 f90ef0929cc843c5a6660934d5ac58dc 1fd7f2bbe79743ab90f4ba692cca6f20 - - default default] 10.0.0.35 "PUT /v2.0/networks/423a5f89-c3b6-4687-be1b-3fc9d2c7ffc1 HTTP/1.1" status: 200 len: 792 time: 0.2375677
2026-09-07 19:34:35.948 9 INFO neutron.wsgi [None req-8703231d-c87f-4916-8b1c-0be58257e535 11c3c0da5783416e957e4d6b9a5a3e5e 47be075f45fc45b099d15253cfd2bc82 - - default default] 10.0.0.35 "GET /v2.0/ports/8b05f1aa-9737-46e7-9a03-7d52f5135d05 HTTP/1.1" status: 200 len: 1149 time: 0.1027839
2026-09-07 19:34:35.995 9 INFO neutron.wsgi [None req-b38e7e87-3dda-49f8-9380-fc30c3f11318 11c3c0da5783416e957e4d6b9a5a3e5e 47be075f45fc45b099d15253cfd2bc82 - - default default] 10.0.0.35 "GET /v2.0/ports/8b05f1aa-9737-46e7-9a03-7d52f5135d05 HTTP/1.1" status: 200 len: 1149 time: 0.0399969
2026-09-07 19:34:36.220 10 WARNING neutron.scheduler.dhcp_agent_scheduler [None req-36c7f868-bdef-4dae-8473-4cf9fb045528 f90ef0929cc843c5a6660934d5ac58dc 1fd7f2bbe79743ab90f4ba692cca6f20 - - default default] No more DHCP agents
2026-09-07 19:34:36.222 10 WARNING neutron.api.rpc.agentnotifiers.dhcp_rpc_agent_api [None req-36c7f868-bdef-4dae-8473-4cf9fb045528 f90ef0929cc843c5a6660934d5ac58dc 1fd7f2bbe79743ab90f4ba692cca6f20 - - default default] Unable to schedule network 423a5f89-c3b6-4687-be1b-3fc9d2c7ffc1: no agents available; will retry on subsequent port and subnet creation events.
2026-09-07 19:34:36.277 10 INFO neutron.db.ovn_revision_numbers_db [None req-36c7f868-bdef-4dae-8473-4cf9fb045528 f90ef0929cc843c5a6660934d5ac58dc 1fd7f2bbe79743ab90f4ba692cca6f20 - - default default] Successfully bumped revision number for resource 87cf18e5-8b03-4556-9314-e519893df000 (type: subnets) to 0
2026-09-07 19:34:36.300 10 INFO neutron.wsgi [None req-36c7f868-bdef-4dae-8473-4cf9fb045528 f90ef0929cc843c5a6660934d5ac58dc 1fd7f2bbe79743ab90f4ba692cca6f20 - - default default] 10.0.0.35 "POST /v2.0/subnets HTTP/1.1" status: 201 len: 821 time: 0.4151583
2026-09-07 19:34:36.890 9 INFO neutron.wsgi [None req-86eaf1bc-6bc6-42b7-adca-06d40431a59f 11c3c0da5783416e957e4d6b9a5a3e5e 47be075f45fc45b099d15253cfd2bc82 - - default default] 10.0.0.35 "PUT /v2.0/routers/f1095d0a-f1b2-4630-9f1c-a1f5e96116e9/remove_router_interface HTTP/1.1" status: 200 len: 503 time: 0.8897910
2026-09-07 19:34:36.982 10 INFO neutron.wsgi [None req-75ad48b9-53e2-448b-9eb9-c98f4e3c0b0b 11c3c0da5783416e957e4d6b9a5a3e5e 47be075f45fc45b099d15253cfd2bc82 - - default default] 10.0.0.35 "GET /v2.0/ports/46195d14-224c-4965-b2af-23f6a5c989fb HTTP/1.1" status: 200 len: 1141 time: 0.0853133
2026-09-07 19:34:37.146 9 INFO neutron.db.ovn_revision_numbers_db [None req-430b4ae5-57f5-4799-8460-f7beadc41820 f90ef0929cc843c5a6660934d5ac58dc 1fd7f2bbe79743ab90f4ba692cca6f20 - - default default] Successfully bumped revision number for resource 8da6bae7-bf46-463a-a05d-c3e6ce9a6d7a (type: ports) to 2
2026-09-07 19:34:37.185 9 INFO neutron.db.ovn_revision_numbers_db [None req-430b4ae5-57f5-4799-8460-f7beadc41820 f90ef0929cc843c5a6660934d5ac58dc 1fd7f2bbe79743ab90f4ba692cca6f20 - - default default] Successfully bumped revision number for resource 87cf18e5-8b03-4556-9314-e519893df000 (type: subnets) to 1
2026-09-07 19:34:37.188 9 INFO neutron.wsgi [None req-430b4ae5-57f5-4799-8460-f7beadc41820 f90ef0929cc843c5a6660934d5ac58dc 1fd7f2bbe79743ab90f4ba692cca6f20 - - default default] 10.0.0.35 "PUT /v2.0/subnets/87cf18e5-8b03-4556-9314-e519893df000 HTTP/1.1" status: 200 len: 826 time: 0.8830912 /var/lib/openstack/lib/python3.10/site-packages/pycadf/identifier.py:71: UserWarning: Invalid uuid: neutron. To ensure interoperability, identifiers should be a valid uuid. warnings.warn(('Invalid uuid: %s. To ensure interoperability, '
2026-09-07 19:34:37.638 9 INFO neutron.services.segments.plugin [-] Segment fc261089-c0ea-4003-b0cc-347aa3d1287a resource provider aggregate not found
2026-09-07 19:34:37.643 9 INFO neutron.services.segments.plugin [-] Segment fc261089-c0ea-4003-b0cc-347aa3d1287a resource provider aggregate not found
2026-09-07 19:34:37.644 10 INFO neutron.wsgi [None req-a2fff24e-50c1-42e3-a13f-37606284e45d 11c3c0da5783416e957e4d6b9a5a3e5e 47be075f45fc45b099d15253cfd2bc82 - - default default] 10.0.0.35 "PUT /v2.0/routers/f1095d0a-f1b2-4630-9f1c-a1f5e96116e9/remove_router_interface HTTP/1.1" status: 200 len: 503 time: 0.6517425
2026-09-07 19:34:37.661 9 INFO neutron.services.segments.plugin [-] Segment fc261089-c0ea-4003-b0cc-347aa3d1287a resource provider not found; error: Placement Client Error (4xx): {"errors": [{"status": 404, "title": "Not Found", "detail": "The resource could not be found.\n\n No resource provider with uuid fc261089-c0ea-4003-b0cc-347aa3d1287a found for delete ", "request_id": "req-284324db-06f2-49af-ac73-ee688e245c86"}]}
2026-09-07 19:34:37.670 9 INFO neutron.services.segments.plugin [-] Segment fc261089-c0ea-4003-b0cc-347aa3d1287a resource provider not found; error: Placement Client Error (4xx): {"errors": [{"status": 404, "title": "Not Found", "detail": "The resource could not be found.\n\n No resource provider with uuid fc261089-c0ea-4003-b0cc-347aa3d1287a found for delete ", "request_id": "req-7545e093-8aa0-4445-81b5-da76957fb839"}]}
2026-09-07 19:34:37.680 9 INFO neutron.wsgi [None req-201acb40-ac09-48e0-aa67-49da4b5f0312 11c3c0da5783416e957e4d6b9a5a3e5e 47be075f45fc45b099d15253cfd2bc82 - - default default] 10.0.0.35 "GET /v2.0/ports?device_id=f1095d0a-f1b2-4630-9f1c-a1f5e96116e9 HTTP/1.1" status: 200 len: 205 time: 0.0306609
2026-09-07 19:34:37.727 10 INFO neutron.db.ovn_revision_numbers_db [None req-ad128351-1fc3-4037-99bd-beef16605e63 abd2d3e2a7644e85af965d63bd0868a6 b5a920c831ab477e8569fcfb39c1e131 - - default default] Successfully bumped revision number for resource b708b8c9-bc61-4621-8861-0ce572215804 (type: security_groups) to 1
2026-09-07 19:34:37.729 9 INFO neutron.wsgi [None req-827153c8-b2f8-4e69-81ba-921c74ac946f f90ef0929cc843c5a6660934d5ac58dc 1fd7f2bbe79743ab90f4ba692cca6f20 - - default default] 10.0.0.35 "DELETE /v2.0/networks/423a5f89-c3b6-4687-be1b-3fc9d2c7ffc1 HTTP/1.1" status: 204 len: 168 time: 0.5338480
2026-09-07 19:34:37.739 10 INFO neutron.db.ovn_revision_numbers_db [None req-00e91a29-b53c-4783-b991-3ab370000104 abd2d3e2a7644e85af965d63bd0868a6 b5a920c831ab477e8569fcfb39c1e131 - - default default] Successfully bumped revision number for resource fea5495c-653b-4f25-aa5e-4136801d2c37 (type: security_groups) to 1 /var/lib/openstack/lib/python3.10/site-packages/pycadf/identifier.py:71: UserWarning: Invalid uuid: neutron. To ensure interoperability, identifiers should be a valid uuid. warnings.warn(('Invalid uuid: %s. To ensure interoperability, '
2026-09-07 19:34:37.769 10 INFO neutron.pecan_wsgi.hooks.translation [None req-84cb111d-8c67-489c-bda3-c6b3026997a7 f90ef0929cc843c5a6660934d5ac58dc 1fd7f2bbe79743ab90f4ba692cca6f20 - - default default] DELETE failed (client error): The resource could not be found.
2026-09-07 19:34:37.771 10 INFO neutron.wsgi [None req-84cb111d-8c67-489c-bda3-c6b3026997a7 f90ef0929cc843c5a6660934d5ac58dc 1fd7f2bbe79743ab90f4ba692cca6f20 - - default default] 10.0.0.35 "DELETE /v2.0/networks/423a5f89-c3b6-4687-be1b-3fc9d2c7ffc1 HTTP/1.1" status: 404 len: 339 time: 0.0335538
2026-09-07 19:34:37.775 10 INFO neutron.db.ovn_revision_numbers_db [None req-ad128351-1fc3-4037-99bd-beef16605e63 abd2d3e2a7644e85af965d63bd0868a6 b5a920c831ab477e8569fcfb39c1e131 - - default default] Successfully bumped revision number for resource 165a9f98-a08b-4ff6-9e1e-11b17822bb1c (type: security_group_rules) to 0
2026-09-07 19:34:37.783 10 INFO neutron.db.ovn_revision_numbers_db [None req-00e91a29-b53c-4783-b991-3ab370000104 abd2d3e2a7644e85af965d63bd0868a6 b5a920c831ab477e8569fcfb39c1e131 - - default default] Successfully bumped revision number for resource 002a40d4-f2ec-4123-bd96-7b4ebfdd8455 (type: security_group_rules) to 0
2026-09-07 19:34:37.801 10 INFO neutron.db.ovn_revision_numbers_db [None req-ad128351-1fc3-4037-99bd-beef16605e63 abd2d3e2a7644e85af965d63bd0868a6 b5a920c831ab477e8569fcfb39c1e131 - - default default] Successfully bumped revision number for resource 98a2d614-2300-48db-9e33-bde46a56ca34 (type: security_group_rules) to 0
2026-09-07 19:34:37.810 10 INFO neutron.db.ovn_revision_numbers_db [None req-00e91a29-b53c-4783-b991-3ab370000104 abd2d3e2a7644e85af965d63bd0868a6 b5a920c831ab477e8569fcfb39c1e131 - - default default] Successfully bumped revision number for resource 8339c5ed-7f24-4c0b-a454-e12fe28738e3 (type: security_group_rules) to 0
2026-09-07 19:34:37.824 10 INFO neutron.db.ovn_revision_numbers_db [None req-00e91a29-b53c-4783-b991-3ab370000104 abd2d3e2a7644e85af965d63bd0868a6 b5a920c831ab477e8569fcfb39c1e131 - - default default] Successfully bumped revision number for resource b2606842-5043-4253-9db4-20d5c350593e (type: security_group_rules) to 0
