2026-09-07 19:35:53.032 9 INFO neutron.db.ovn_revision_numbers_db [None req-0e42c2f6-d366-4c2d-8856-b53a79746f68 4ca63b45d5c24a61bd8e3bcd9dd240c1 e2ff6eb7d2f64e00b34b07e88a60e8d1 - - default default] Successfully bumped revision number for resource a2e236fd-abc8-4035-ac32-cfae8e4e93db (type: security_groups) to 2
2026-09-07 19:35:53.036 9 INFO neutron.wsgi [None req-0e42c2f6-d366-4c2d-8856-b53a79746f68 4ca63b45d5c24a61bd8e3bcd9dd240c1 e2ff6eb7d2f64e00b34b07e88a60e8d1 - - default default] 10.0.0.35 "PUT /v2.0/security-groups/a2e236fd-abc8-4035-ac32-cfae8e4e93db HTTP/1.1" status: 200 len: 1793 time: 0.1111064
2026-09-07 19:35:53.088 10 INFO neutron.wsgi [None req-68383f6c-e3bd-412b-b0b8-65bd42c8bf11 4ca63b45d5c24a61bd8e3bcd9dd240c1 e2ff6eb7d2f64e00b34b07e88a60e8d1 - - default default] 10.0.0.35 "GET /v2.0/security-groups/a2e236fd-abc8-4035-ac32-cfae8e4e93db HTTP/1.1" status: 200 len: 1793 time: 0.0465202
2026-09-07 19:35:53.226 10 INFO neutron.wsgi [req-6ea3b53d-dd7d-4b07-b68c-97ef63c24d1a req-24cf30f9-05a2-4a7f-9b29-d5847e0d6205 ce5cbf8d5667481fa90934307a470958 a43a94b106fd43a98c86839f571b9488 - - default default] 10.0.0.1 "GET /v2.0/ports?device_id=e76f3dfe-0fa9-4d1c-b529-99a2bab64363 HTTP/1.1" status: 200 len: 1208 time: 0.0402515
2026-09-07 19:35:53.254 10 INFO neutron.wsgi [None req-0b92262b-40d1-46cf-9feb-ccc76f079eeb 4ca63b45d5c24a61bd8e3bcd9dd240c1 e2ff6eb7d2f64e00b34b07e88a60e8d1 - - default default] 10.0.0.35 "DELETE /v2.0/security-groups/a2e236fd-abc8-4035-ac32-cfae8e4e93db HTTP/1.1" status: 204 len: 168 time: 0.1618760
2026-09-07 19:35:53.286 10 INFO neutron.wsgi [req-6ea3b53d-dd7d-4b07-b68c-97ef63c24d1a req-fc88e567-4750-4a7f-93d6-44954688e3c9 ce5cbf8d5667481fa90934307a470958 a43a94b106fd43a98c86839f571b9488 - - default default] 10.0.0.1 "GET /v2.0/security-groups?id=9e2acab0-31cf-40a1-8c26-5ceaf3a4ecd2&id=7236af1c-bfc8-43be-9fe3-591cc5d4eff5&fields=id&fields=name HTTP/1.1" status: 200 len: 405 time: 0.0518816
2026-09-07 19:35:53.317 9 INFO neutron.wsgi [None req-7aca7ca0-6d4f-4c9b-bc4b-eadaffd33f6a 4ca63b45d5c24a61bd8e3bcd9dd240c1 e2ff6eb7d2f64e00b34b07e88a60e8d1 - - default default] 10.0.0.35 "GET /v2.0/security-groups HTTP/1.1" status: 200 len: 2996 time: 0.0568912
2026-09-07 19:35:53.341 10 INFO neutron.api.v2.resource [None req-f8c8c209-abaa-4910-8cf5-8b055bd1f387 4ca63b45d5c24a61bd8e3bcd9dd240c1 e2ff6eb7d2f64e00b34b07e88a60e8d1 - - default default] delete failed (client error): The resource could not be found.
2026-09-07 19:35:53.342 10 INFO neutron.wsgi [None req-f8c8c209-abaa-4910-8cf5-8b055bd1f387 4ca63b45d5c24a61bd8e3bcd9dd240c1 e2ff6eb7d2f64e00b34b07e88a60e8d1 - - default default] 10.0.0.35 "DELETE /v2.0/security-groups/a2e236fd-abc8-4035-ac32-cfae8e4e93db HTTP/1.1" status: 404 len: 347 time: 0.0140624
2026-09-07 19:35:53.411 9 WARNING neutron.plugins.ml2.drivers.ovn.mech_driver.ovsdb.ovn_client [None req-a1a9e32f-5372-41c5-847d-33ef8807686b - - - - - -] No hosting information found for port b48ec02e-9e0e-48fd-b389-447ba7dc82b6: RuntimeError: No hosting information found for port b48ec02e-9e0e-48fd-b389-447ba7dc82b6
2026-09-07 19:35:53.412 9 INFO neutron.plugins.ml2.drivers.ovn.mech_driver.mech_driver [None req-a1a9e32f-5372-41c5-847d-33ef8807686b - - - - - -] OVN reports status up for port: be02dbef-2369-4e04-b489-165bfab6bf35
2026-09-07 19:35:53.428 9 INFO neutron.plugins.ml2.plugin [None req-a1a9e32f-5372-41c5-847d-33ef8807686b - - - - - -] Attempt 1 to provision port be02dbef-2369-4e04-b489-165bfab6bf35
2026-09-07 19:35:53.462 10 INFO neutron.db.ovn_revision_numbers_db [None req-78f5be42-4279-4021-ac38-ae10cac54c50 4ca63b45d5c24a61bd8e3bcd9dd240c1 e2ff6eb7d2f64e00b34b07e88a60e8d1 - - default default] Successfully bumped revision number for resource 2f503935-c983-4e12-a474-f29297de12e0 (type: security_groups) to 1
2026-09-07 19:35:53.479 10 INFO neutron.db.ovn_revision_numbers_db [None req-78f5be42-4279-4021-ac38-ae10cac54c50 4ca63b45d5c24a61bd8e3bcd9dd240c1 e2ff6eb7d2f64e00b34b07e88a60e8d1 - - default default] Successfully bumped revision number for resource 81f03186-22c6-441d-bed1-69095e5ce55b (type: security_group_rules) to 0
2026-09-07 19:35:53.491 10 INFO neutron.db.ovn_revision_numbers_db [None req-78f5be42-4279-4021-ac38-ae10cac54c50 4ca63b45d5c24a61bd8e3bcd9dd240c1 e2ff6eb7d2f64e00b34b07e88a60e8d1 - - default default] Successfully bumped revision number for resource 91b7d343-6c66-4cf4-ba57-92d9349681e8 (type: security_group_rules) to 0
2026-09-07 19:35:53.511 10 INFO neutron.wsgi [None req-78f5be42-4279-4021-ac38-ae10cac54c50 4ca63b45d5c24a61bd8e3bcd9dd240c1 e2ff6eb7d2f64e00b34b07e88a60e8d1 - - default default] 10.0.0.35 "POST /v2.0/security-groups HTTP/1.1" status: 201 len: 1760 time: 0.1612451
2026-09-07 19:35:53.568 9 INFO neutron.notifiers.nova [-] Nova event matching ['req-f6b8806c-4060-48b4-bf94-25175fd6a388'] response: {'server_uuid': 'e76f3dfe-0fa9-4d1c-b529-99a2bab64363', 'name': 'network-vif-plugged', 'status': 'completed', 'tag': 'be02dbef-2369-4e04-b489-165bfab6bf35', 'code': 200}
2026-09-07 19:35:53.681 10 INFO neutron.db.ovn_revision_numbers_db [None req-18751ccd-e8e4-4e1b-9e5f-acb7875bd089 4ca63b45d5c24a61bd8e3bcd9dd240c1 e2ff6eb7d2f64e00b34b07e88a60e8d1 - - default default] Successfully bumped revision number for resource b4ce5919-b6e7-4d0c-bccb-17786368dee2 (type: security_group_rules) to 0
2026-09-07 19:35:53.728 10 INFO neutron.wsgi [None req-18751ccd-e8e4-4e1b-9e5f-acb7875bd089 4ca63b45d5c24a61bd8e3bcd9dd240c1 e2ff6eb7d2f64e00b34b07e88a60e8d1 - - default default] 10.0.0.35 "POST /v2.0/security-group-rules HTTP/1.1" status: 201 len: 768 time: 0.2099552
2026-09-07 19:35:53.743 9 INFO neutron.db.ovn_revision_numbers_db [None req-231a56ed-7a88-4720-9465-959b174db3f4 abd2d3e2a7644e85af965d63bd0868a6 b5a920c831ab477e8569fcfb39c1e131 - - default default] Successfully bumped revision number for resource 9a417dc3-f2e9-49a1-a1f0-3c6470f3a757 (type: security_groups) to 1
2026-09-07 19:35:53.755 10 INFO neutron.wsgi [None req-dab15d03-9b9d-42bd-8a33-61f167cc66ab 4ca63b45d5c24a61bd8e3bcd9dd240c1 e2ff6eb7d2f64e00b34b07e88a60e8d1 - - default default] 10.0.0.35 "GET /v2.0/security-group-rules/b4ce5919-b6e7-4d0c-bccb-17786368dee2 HTTP/1.1" status: 200 len: 763 time: 0.0194070
2026-09-07 19:35:53.782 9 INFO neutron.db.ovn_revision_numbers_db [None req-231a56ed-7a88-4720-9465-959b174db3f4 abd2d3e2a7644e85af965d63bd0868a6 b5a920c831ab477e8569fcfb39c1e131 - - default default] Successfully bumped revision number for resource 0274d705-9e03-4c99-b12f-4ca7809bd8ba (type: security_group_rules) to 0
2026-09-07 19:35:53.797 9 INFO neutron.db.ovn_revision_numbers_db [None req-a1a9e32f-5372-41c5-847d-33ef8807686b - - - - - -] Successfully bumped revision number for resource be02dbef-2369-4e04-b489-165bfab6bf35 (type: ports) to 4
2026-09-07 19:35:53.800 9 INFO neutron.db.ovn_revision_numbers_db [None req-231a56ed-7a88-4720-9465-959b174db3f4 abd2d3e2a7644e85af965d63bd0868a6 b5a920c831ab477e8569fcfb39c1e131 - - default default] Successfully bumped revision number for resource 122f4045-41b1-49fb-aca2-10571d775741 (type: security_group_rules) to 0
2026-09-07 19:35:53.821 10 INFO neutron.wsgi [None req-567a5dee-e9ba-4331-97aa-5cfa79739d5c 4ca63b45d5c24a61bd8e3bcd9dd240c1 e2ff6eb7d2f64e00b34b07e88a60e8d1 - - default default] 10.0.0.35 "GET /v2.0/security-group-rules HTTP/1.1" status: 200 len: 4113 time: 0.0593667
2026-09-07 19:35:53.829 9 INFO neutron.db.ovn_revision_numbers_db [None req-231a56ed-7a88-4720-9465-959b174db3f4 abd2d3e2a7644e85af965d63bd0868a6 b5a920c831ab477e8569fcfb39c1e131 - - default default] Successfully bumped revision number for resource 6cf1b991-430d-4d6f-a8b7-192a0d3c8f42 (type: security_group_rules) to 0
2026-09-07 19:35:53.854 9 INFO neutron.db.ovn_revision_numbers_db [None req-231a56ed-7a88-4720-9465-959b174db3f4 abd2d3e2a7644e85af965d63bd0868a6 b5a920c831ab477e8569fcfb39c1e131 - - default default] Successfully bumped revision number for resource b54a14f3-e048-4c9a-b355-3993676eb682 (type: security_group_rules) to 0
2026-09-07 19:35:53.888 9 INFO neutron.wsgi [None req-231a56ed-7a88-4720-9465-959b174db3f4 abd2d3e2a7644e85af965d63bd0868a6 b5a920c831ab477e8569fcfb39c1e131 - - default default] 10.0.0.35 "GET /v2.0/security-groups?tenant_id=aaf89a5fbc844927a8de4cdf8ff325cf&name=default HTTP/1.1" status: 200 len: 2996 time: 0.4998446 /var/lib/openstack/lib/python3.10/site-packages/pycadf/identifier.py:71: UserWarning: Invalid uuid: neutron. To ensure interoperability, identifiers should be a valid uuid. warnings.warn(('Invalid uuid: %s. To ensure interoperability, '
2026-09-07 19:35:53.957 10 INFO neutron.wsgi [None req-44005c86-2f74-414d-9264-15c2980081a4 4ca63b45d5c24a61bd8e3bcd9dd240c1 e2ff6eb7d2f64e00b34b07e88a60e8d1 - - default default] 10.0.0.35 "DELETE /v2.0/security-group-rules/b4ce5919-b6e7-4d0c-bccb-17786368dee2 HTTP/1.1" status: 204 len: 168 time: 0.1307902
2026-09-07 19:35:54.009 9 INFO neutron.wsgi [None req-58afac71-676d-49df-b68e-c13fef3dc8f6 4ca63b45d5c24a61bd8e3bcd9dd240c1 e2ff6eb7d2f64e00b34b07e88a60e8d1 - - default default] 10.0.0.35 "GET /v2.0/security-group-rules HTTP/1.1" status: 200 len: 3567 time: 0.0459390
2026-09-07 19:35:54.066 9 INFO neutron.wsgi [None req-67723b90-eac4-4e15-a350-9f135297d927 abd2d3e2a7644e85af965d63bd0868a6 b5a920c831ab477e8569fcfb39c1e131 - - default default] 10.0.0.35 "DELETE /v2.0/security-groups/9a417dc3-f2e9-49a1-a1f0-3c6470f3a757 HTTP/1.1" status: 204 len: 168 time: 0.1712801
2026-09-07 19:35:54.149 10 INFO neutron.db.ovn_revision_numbers_db [None req-5ade8a3e-8728-4e19-afce-37145024c07e 4ca63b45d5c24a61bd8e3bcd9dd240c1 e2ff6eb7d2f64e00b34b07e88a60e8d1 - - default default] Successfully bumped revision number for resource d66e3dec-e830-4989-a22d-f20b9eff0d2c (type: security_group_rules) to 0
2026-09-07 19:35:54.174 10 INFO neutron.wsgi [None req-5ade8a3e-8728-4e19-afce-37145024c07e 4ca63b45d5c24a61bd8e3bcd9dd240c1 e2ff6eb7d2f64e00b34b07e88a60e8d1 - - default default] 10.0.0.35 "POST /v2.0/security-group-rules HTTP/1.1" status: 201 len: 768 time: 0.1567552
2026-09-07 19:35:54.195 10 INFO neutron.wsgi [None req-bd4e65c0-c38c-4bf3-80bc-a7c436e85db9 4ca63b45d5c24a61bd8e3bcd9dd240c1 e2ff6eb7d2f64e00b34b07e88a60e8d1 - - default default] 10.0.0.35 "GET /v2.0/security-group-rules/d66e3dec-e830-4989-a22d-f20b9eff0d2c HTTP/1.1" status: 200 len: 763 time: 0.0144532
2026-09-07 19:35:54.250 9 INFO neutron.wsgi [None req-e90cc673-2b3b-4c7f-b14b-6e28c52e8d9c 4ca63b45d5c24a61bd8e3bcd9dd240c1 e2ff6eb7d2f64e00b34b07e88a60e8d1 - - default default] 10.0.0.35 "GET /v2.0/security-group-rules HTTP/1.1" status: 200 len: 4113 time: 0.0491605
2026-09-07 19:35:54.303 10 INFO neutron.db.ovn_revision_numbers_db [None req-eef977e2-a4b6-4a17-9e78-ef8146d839a1 abd2d3e2a7644e85af965d63bd0868a6 b5a920c831ab477e8569fcfb39c1e131 - - default default] Successfully bumped revision number for resource 68cf583a-1f06-4a71-b893-587bea84317d (type: security_groups) to 1
2026-09-07 19:35:54.318 10 INFO neutron.db.ovn_revision_numbers_db [None req-eef977e2-a4b6-4a17-9e78-ef8146d839a1 abd2d3e2a7644e85af965d63bd0868a6 b5a920c831ab477e8569fcfb39c1e131 - - default default] Successfully bumped revision number for resource 28ab9a16-8015-49a0-b567-2687c6fe8f52 (type: security_group_rules) to 0
2026-09-07 19:35:54.367 10 INFO neutron.db.ovn_revision_numbers_db [None req-eef977e2-a4b6-4a17-9e78-ef8146d839a1 abd2d3e2a7644e85af965d63bd0868a6 b5a920c831ab477e8569fcfb39c1e131 - - default default] Successfully bumped revision number for resource 7059f508-c65a-40aa-9db1-fedbf18f4af8 (type: security_group_rules) to 0
2026-09-07 19:35:54.389 10 INFO neutron.wsgi [None req-bbc5d956-6299-413d-bf4a-ba93e3c5bf67 4ca63b45d5c24a61bd8e3bcd9dd240c1 e2ff6eb7d2f64e00b34b07e88a60e8d1 - - default default] 10.0.0.35 "DELETE /v2.0/security-group-rules/d66e3dec-e830-4989-a22d-f20b9eff0d2c HTTP/1.1" status: 204 len: 168 time: 0.1307340
2026-09-07 19:35:54.395 10 INFO neutron.db.ovn_revision_numbers_db [None req-eef977e2-a4b6-4a17-9e78-ef8146d839a1 abd2d3e2a7644e85af965d63bd0868a6 b5a920c831ab477e8569fcfb39c1e131 - - default default] Successfully bumped revision number for resource c46be87f-2c90-45e9-866d-f3a5d8d4e0fe (type: security_group_rules) to 0
2026-09-07 19:35:54.419 10 INFO neutron.wsgi [req-aeb62e1d-28c6-45e6-9e7b-74615278e4fc req-deb824f4-30da-43c1-9a20-96fbeb86ee25 ce5cbf8d5667481fa90934307a470958 a43a94b106fd43a98c86839f571b9488 - - default default] 10.0.0.1 "GET /v2.0/ports?device_id=e76f3dfe-0fa9-4d1c-b529-99a2bab64363 HTTP/1.1" status: 200 len: 1210 time: 0.0450416
2026-09-07 19:35:54.420 10 INFO neutron.db.ovn_revision_numbers_db [None req-eef977e2-a4b6-4a17-9e78-ef8146d839a1 abd2d3e2a7644e85af965d63bd0868a6 b5a920c831ab477e8569fcfb39c1e131 - - default default] Successfully bumped revision number for resource ea5ea027-9dbc-4b5b-9cc7-652660d2092b (type: security_group_rules) to 0
2026-09-07 19:35:54.432 9 INFO neutron.wsgi [None req-bed00798-1267-4055-b8b9-24bfef8d3d08 4ca63b45d5c24a61bd8e3bcd9dd240c1 e2ff6eb7d2f64e00b34b07e88a60e8d1 - - default default] 10.0.0.35 "GET /v2.0/security-group-rules HTTP/1.1" status: 200 len: 3567 time: 0.0370531
2026-09-07 19:35:54.446 10 INFO neutron.wsgi [None req-eef977e2-a4b6-4a17-9e78-ef8146d839a1 abd2d3e2a7644e85af965d63bd0868a6 b5a920c831ab477e8569fcfb39c1e131 - - default default] 10.0.0.35 "GET /v2.0/security-groups?tenant_id=8437fcbb195f4dd097f827871737874f&name=default HTTP/1.1" status: 200 len: 2996 time: 0.2479994
2026-09-07 19:35:54.463 9 INFO neutron.db.securitygroups_db [None req-589a21c9-1d8f-4360-b87d-0e917661d2b9 4ca63b45d5c24a61bd8e3bcd9dd240c1 e2ff6eb7d2f64e00b34b07e88a60e8d1 - - default default] Project e2ff6eb7d2f64e00b34b07e88a60e8d1 added a security group rule with legacy IPv6 ICMP protocol name icmp, ipv6-icmp should be used instead. It was automatically converted.
2026-09-07 19:35:54.491 10 INFO neutron.wsgi [req-aeb62e1d-28c6-45e6-9e7b-74615278e4fc req-19503285-ce30-402b-a3e4-8ef347c506f3 ce5cbf8d5667481fa90934307a470958 a43a94b106fd43a98c86839f571b9488 - - default default] 10.0.0.1 "GET /v2.0/security-groups?id=9e2acab0-31cf-40a1-8c26-5ceaf3a4ecd2&id=7236af1c-bfc8-43be-9fe3-591cc5d4eff5&fields=id&fields=name HTTP/1.1" status: 200 len: 405 time: 0.0623891
2026-09-07 19:35:54.565 9 INFO neutron.db.ovn_revision_numbers_db [None req-589a21c9-1d8f-4360-b87d-0e917661d2b9 4ca63b45d5c24a61bd8e3bcd9dd240c1 e2ff6eb7d2f64e00b34b07e88a60e8d1 - - default default] Successfully bumped revision number for resource 14e67693-002e-45e9-9db9-bb8790bb5c5b (type: security_group_rules) to 0
2026-09-07 19:35:54.592 9 INFO neutron.wsgi [None req-589a21c9-1d8f-4360-b87d-0e917661d2b9 4ca63b45d5c24a61bd8e3bcd9dd240c1 e2ff6eb7d2f64e00b34b07e88a60e8d1 - - default default] 10.0.0.35 "POST /v2.0/security-group-rules HTTP/1.1" status: 201 len: 774 time: 0.1528935
2026-09-07 19:35:54.611 9 INFO neutron.wsgi [None req-d7fa87ab-6fde-4684-8774-7ca9fb5afb21 4ca63b45d5c24a61bd8e3bcd9dd240c1 e2ff6eb7d2f64e00b34b07e88a60e8d1 - - default default] 10.0.0.35 "GET /v2.0/security-group-rules/14e67693-002e-45e9-9db9-bb8790bb5c5b HTTP/1.1" status: 200 len: 769 time: 0.0123231
2026-09-07 19:35:54.676 9 INFO neutron.wsgi [None req-04b050d5-4d87-4e55-a7d2-841959146735 4ca63b45d5c24a61bd8e3bcd9dd240c1 e2ff6eb7d2f64e00b34b07e88a60e8d1 - - default default] 10.0.0.35 "GET /v2.0/security-group-rules HTTP/1.1" status: 200 len: 4119 time: 0.0553644
2026-09-07 19:35:54.730 10 INFO neutron.wsgi [req-d1a61d02-1a21-403e-938b-f65e790378f8 req-125b735b-5b76-482a-80fb-51bd99405224 ce5cbf8d5667481fa90934307a470958 a43a94b106fd43a98c86839f571b9488 - - default default] 10.0.0.1 "GET /v2.0/ports?device_id=e76f3dfe-0fa9-4d1c-b529-99a2bab64363 HTTP/1.1" status: 200 len: 1210 time: 0.1352546
2026-09-07 19:35:54.753 10 INFO neutron.wsgi [None req-3744e9c4-71e5-43c3-8b1d-f5eb4de63462 abd2d3e2a7644e85af965d63bd0868a6 b5a920c831ab477e8569fcfb39c1e131 - - default default] 10.0.0.35 "DELETE /v2.0/security-groups/68cf583a-1f06-4a71-b893-587bea84317d HTTP/1.1" status: 204 len: 168 time: 0.2995791
2026-09-07 19:35:54.812 9 INFO neutron.wsgi [None req-ed0041dc-f3ab-4af6-8572-c15290427e84 4ca63b45d5c24a61bd8e3bcd9dd240c1 e2ff6eb7d2f64e00b34b07e88a60e8d1 - - default default] 10.0.0.35 "DELETE /v2.0/security-group-rules/14e67693-002e-45e9-9db9-bb8790bb5c5b HTTP/1.1" status: 204 len: 168 time: 0.1294818
2026-09-07 19:35:54.865 9 INFO neutron.wsgi [None req-5fa7e212-fd11-42f1-98a4-972b8fda3ecf 4ca63b45d5c24a61bd8e3bcd9dd240c1 e2ff6eb7d2f64e00b34b07e88a60e8d1 - - default default] 10.0.0.35 "GET /v2.0/security-group-rules HTTP/1.1" status: 200 len: 3567 time: 0.0461516
2026-09-07 19:35:55.493 10 INFO neutron.db.l3_db [None req-a6f59136-b4ec-40e6-a705-559d7b5a85f6 ce5cbf8d5667481fa90934307a470958 a43a94b106fd43a98c86839f571b9488 - - default default] Floating IP 80b17f4e-97bf-40c9-a0c4-45222277c168 associated. External IP: 10.96.250.201, port: be02dbef-2369-4e04-b489-165bfab6bf35.
2026-09-07 19:35:55.566 10 INFO neutron.wsgi [None req-6b2d42ec-cf20-49b4-908e-0e9ccd454ac4 4ca63b45d5c24a61bd8e3bcd9dd240c1 e2ff6eb7d2f64e00b34b07e88a60e8d1 - - default default] 10.0.0.35 "DELETE /v2.0/security-groups/2f503935-c983-4e12-a474-f29297de12e0 HTTP/1.1" status: 204 len: 168 time: 0.6890616
2026-09-07 19:35:55.628 9 INFO neutron.notifiers.nova [-] Nova event matching ['req-51e4bdc5-150e-4eb9-816d-8554d827f853'] response: {'server_uuid': 'e76f3dfe-0fa9-4d1c-b529-99a2bab64363', 'name': 'network-vif-plugged', 'status': 'completed', 'tag': 'be02dbef-2369-4e04-b489-165bfab6bf35', 'code': 200}
2026-09-07 19:35:55.646 10 INFO neutron.wsgi [None req-15114f48-8fbc-4c50-a307-fe47d0033b76 4ca63b45d5c24a61bd8e3bcd9dd240c1 e2ff6eb7d2f64e00b34b07e88a60e8d1 - - default default] 10.0.0.35 "GET /v2.0/security-groups HTTP/1.1" status: 200 len: 2996 time: 0.0676117
2026-09-07 19:35:55.738 9 INFO neutron.wsgi [None req-112ee5a6-b758-430e-8a6f-c2e448f0ef8b 4ca63b45d5c24a61bd8e3bcd9dd240c1 e2ff6eb7d2f64e00b34b07e88a60e8d1 - - default default] 10.0.0.35 "GET /v2.0/security-groups HTTP/1.1" status: 200 len: 2996 time: 0.0716913
2026-09-07 19:35:55.813 10 INFO neutron.db.ovn_revision_numbers_db [None req-a6f59136-b4ec-40e6-a705-559d7b5a85f6 ce5cbf8d5667481fa90934307a470958 a43a94b106fd43a98c86839f571b9488 - - default default] Successfully bumped revision number for resource 80b17f4e-97bf-40c9-a0c4-45222277c168 (type: floatingips) to 1
2026-09-07 19:35:55.882 9 INFO neutron.wsgi [None req-e201415c-b375-43e0-b8c7-d08b698da71f 0cf0075a196b4b5680cb5a70656b2fe7 157a40494ff74f0ea88038ccb27be40f - - default default] 10.0.0.35 "GET /v2.0/ports?project_id=fe52563e5026488081b8a7a0e25003d9&network_id=d41286b4-cc59-40ec-80d2-33bd4fed7740 HTTP/1.1" status: 200 len: 3514 time: 0.0887785
2026-09-07 19:35:55.951 10 INFO neutron.db.ovn_revision_numbers_db [None req-a6f59136-b4ec-40e6-a705-559d7b5a85f6 ce5cbf8d5667481fa90934307a470958 a43a94b106fd43a98c86839f571b9488 - - default default] Successfully bumped revision number for resource 80b17f4e-97bf-40c9-a0c4-45222277c168 (type: floatingips) to 2
2026-09-07 19:35:55.977 10 INFO neutron.wsgi [None req-a6f59136-b4ec-40e6-a705-559d7b5a85f6 ce5cbf8d5667481fa90934307a470958 a43a94b106fd43a98c86839f571b9488 - - default default] 10.0.0.35 "PUT /v2.0/floatingips/80b17f4e-97bf-40c9-a0c4-45222277c168 HTTP/1.1" status: 200 len: 1049 time: 1.2368722
2026-09-07 19:35:56.016 10 INFO neutron.notifiers.nova [-] Nova event matching ['req-8293492b-a524-4de2-b4af-67fe04699a27'] response: {'name': 'network-changed', 'server_uuid': 'e76f3dfe-0fa9-4d1c-b529-99a2bab64363', 'tag': 'be02dbef-2369-4e04-b489-165bfab6bf35', 'status': 'completed', 'code': 200} /var/lib/openstack/lib/python3.10/site-packages/pycadf/identifier.py:71: UserWarning: Invalid uuid: neutron. To ensure interoperability, identifiers should be a valid uuid. warnings.warn(('Invalid uuid: %s. To ensure interoperability, '
2026-09-07 19:35:56.070 10 INFO neutron.wsgi [req-e6e2414d-060b-4ae3-9b8c-97d183c92f79 req-e971eb73-8408-4db9-8d7e-c2c15d460878 7d811d46b06048dc8b551f9127a1f3f9 31a9140917a44ab8aea403ca45ecd12e - - 25d29ca8d90e466ca464a71debf3088a 25d29ca8d90e466ca464a71debf3088a] 162.253.55.34 "GET /v2.0/ports?tenant_id=a43a94b106fd43a98c86839f571b9488&device_id=e76f3dfe-0fa9-4d1c-b529-99a2bab64363 HTTP/1.1" status: 200 len: 1448 time: 0.0301778
2026-09-07 19:35:56.142 10 INFO neutron.wsgi [None req-93b14a08-c7e8-47da-8700-6d49044f6956 0cf0075a196b4b5680cb5a70656b2fe7 157a40494ff74f0ea88038ccb27be40f - - default default] 10.0.0.35 "GET /v2.0/subnets?network_id=b7e8518a-af92-4e11-a6f0-cf6a114a5a59 HTTP/1.1" status: 200 len: 838 time: 0.0505748
2026-09-07 19:35:56.184 10 INFO neutron.wsgi [req-e6e2414d-060b-4ae3-9b8c-97d183c92f79 req-b3920af0-87a3-4cb2-b6de-dda5f7de8b4d 7d811d46b06048dc8b551f9127a1f3f9 31a9140917a44ab8aea403ca45ecd12e - - 25d29ca8d90e466ca464a71debf3088a 25d29ca8d90e466ca464a71debf3088a] 162.253.55.34 "GET /v2.0/networks?id=5faa21ff-e7e6-4f43-8f68-c4924242fb91 HTTP/1.1" status: 200 len: 971 time: 0.1062186
2026-09-07 19:35:56.223 10 INFO neutron.wsgi [req-e6e2414d-060b-4ae3-9b8c-97d183c92f79 req-5332359a-3aa4-4482-a7e1-9ab1afe7ed35 7d811d46b06048dc8b551f9127a1f3f9 31a9140917a44ab8aea403ca45ecd12e - - 25d29ca8d90e466ca464a71debf3088a 25d29ca8d90e466ca464a71debf3088a] 162.253.55.34 "GET /v2.0/floatingips?fixed_ip_address=10.100.0.8&port_id=be02dbef-2369-4e04-b489-165bfab6bf35 HTTP/1.1" status: 200 len: 1059 time: 0.0354025
2026-09-07 19:35:56.252 10 INFO neutron.wsgi [req-e6e2414d-060b-4ae3-9b8c-97d183c92f79 req-332f48e8-cf18-4722-ac5a-130210e7c5dd 7d811d46b06048dc8b551f9127a1f3f9 31a9140917a44ab8aea403ca45ecd12e - - 25d29ca8d90e466ca464a71debf3088a 25d29ca8d90e466ca464a71debf3088a] 162.253.55.34 "GET /v2.0/subnets?id=9ef67039-1038-404f-80af-97c623a1ab52 HTTP/1.1" status: 200 len: 866 time: 0.0236108
2026-09-07 19:35:56.283 10 INFO neutron.wsgi [req-e6e2414d-060b-4ae3-9b8c-97d183c92f79 req-200c6f46-cfdf-44c3-8822-e35666e52c58 7d811d46b06048dc8b551f9127a1f3f9 31a9140917a44ab8aea403ca45ecd12e - - 25d29ca8d90e466ca464a71debf3088a 25d29ca8d90e466ca464a71debf3088a] 162.253.55.34 "GET /v2.0/ports?network_id=5faa21ff-e7e6-4f43-8f68-c4924242fb91&device_owner=network%3Adhcp HTTP/1.1" status: 200 len: 210 time: 0.0191016
2026-09-07 19:35:56.351 10 INFO neutron.wsgi [req-e6e2414d-060b-4ae3-9b8c-97d183c92f79 req-fd69fc33-859b-44bc-a346-4aac475a25a1 7d811d46b06048dc8b551f9127a1f3f9 31a9140917a44ab8aea403ca45ecd12e - - 25d29ca8d90e466ca464a71debf3088a 25d29ca8d90e466ca464a71debf3088a] 162.253.55.34 "GET /v2.0/networks/5faa21ff-e7e6-4f43-8f68-c4924242fb91?fields=segments HTTP/1.1" status: 200 len: 212 time: 0.0632706
2026-09-07 19:35:56.403 10 INFO neutron.wsgi [req-e6e2414d-060b-4ae3-9b8c-97d183c92f79 req-f6fc7d64-f54d-40b4-91e7-69c80eb1a36b 7d811d46b06048dc8b551f9127a1f3f9 31a9140917a44ab8aea403ca45ecd12e - - 25d29ca8d90e466ca464a71debf3088a 25d29ca8d90e466ca464a71debf3088a] 162.253.55.34 "GET /v2.0/networks/5faa21ff-e7e6-4f43-8f68-c4924242fb91?fields=provider%3Aphysical_network&fields=provider%3Anetwork_type HTTP/1.1" status: 200 len: 277 time: 0.0468152
2026-09-07 19:35:56.471 9 INFO neutron.db.l3_db [None req-8099c113-dc27-442d-8138-bd419dbb77ec b9b7c43a25ed4fe4aba682f435285b8d fe52563e5026488081b8a7a0e25003d9 - - default default] Floating IP 6eb931f7-f7b2-4c4e-b4e6-3d060c4ad1ba disassociated. External IP: 10.96.250.203, port: fec2d0eb-dbb9-4d43-bc8a-634c99d4b042.
2026-09-07 19:35:56.503 9 INFO neutron.db.ovn_revision_numbers_db [None req-8099c113-dc27-442d-8138-bd419dbb77ec b9b7c43a25ed4fe4aba682f435285b8d fe52563e5026488081b8a7a0e25003d9 - - default default] Successfully bumped revision number for resource 6eb931f7-f7b2-4c4e-b4e6-3d060c4ad1ba (type: floatingips) to 2
2026-09-07 19:35:56.569 9 INFO neutron.wsgi [None req-8099c113-dc27-442d-8138-bd419dbb77ec b9b7c43a25ed4fe4aba682f435285b8d fe52563e5026488081b8a7a0e25003d9 - - default default] 10.0.0.35 "PUT /v2.0/floatingips/6eb931f7-f7b2-4c4e-b4e6-3d060c4ad1ba HTTP/1.1" status: 200 len: 748 time: 0.2931659
2026-09-07 19:35:56.601 9 INFO neutron.wsgi [None req-96d2bae4-6023-41c7-ba0f-b488aa3908c1 b9b7c43a25ed4fe4aba682f435285b8d fe52563e5026488081b8a7a0e25003d9 - - default default] 10.0.0.35 "GET /v2.0/floatingips/6eb931f7-f7b2-4c4e-b4e6-3d060c4ad1ba HTTP/1.1" status: 200 len: 746 time: 0.0267823 /var/lib/openstack/lib/python3.10/site-packages/pycadf/identifier.py:71: UserWarning: Invalid uuid: neutron. To ensure interoperability, identifiers should be a valid uuid. warnings.warn(('Invalid uuid: %s. To ensure interoperability, '
2026-09-07 19:35:56.696 10 INFO neutron.wsgi [None req-d99fd754-9e52-4964-8c00-b947c31c6f4c abd2d3e2a7644e85af965d63bd0868a6 b5a920c831ab477e8569fcfb39c1e131 - - default default] 10.0.0.35 "GET /v2.0/security-groups?tenant_id=e2ff6eb7d2f64e00b34b07e88a60e8d1&name=default HTTP/1.1" status: 200 len: 2996 time: 0.2667279
2026-09-07 19:35:56.910 10 INFO neutron.wsgi [None req-933b7d9e-9e5b-4e45-9431-31e58f7d29f0 abd2d3e2a7644e85af965d63bd0868a6 b5a920c831ab477e8569fcfb39c1e131 - - default default] 10.0.0.35 "DELETE /v2.0/security-groups/c7168cc8-35c6-436f-9798-7d710cf88d67 HTTP/1.1" status: 204 len: 168 time: 0.2052917
2026-09-07 19:35:57.688 9 INFO neutron.notifiers.nova [-] Nova event matching ['req-6c5c5c89-33f7-4a45-b5f7-25da879a17e0'] response: {'name': 'network-changed', 'server_uuid': 'e600a8d3-cfd3-498a-9eeb-9d596342713c', 'tag': 'fec2d0eb-dbb9-4d43-bc8a-634c99d4b042', 'status': 'completed', 'code': 200}
2026-09-07 19:35:57.794 10 INFO neutron.wsgi [req-fb2b1e71-f0fd-49cd-ac85-e9e9ed066738 req-b356ff32-d1e5-4805-ab7e-78e87d2d7403 7d811d46b06048dc8b551f9127a1f3f9 31a9140917a44ab8aea403ca45ecd12e - - 25d29ca8d90e466ca464a71debf3088a 25d29ca8d90e466ca464a71debf3088a] 162.253.55.34 "GET /v2.0/ports?tenant_id=fe52563e5026488081b8a7a0e25003d9&device_id=e600a8d3-cfd3-498a-9eeb-9d596342713c HTTP/1.1" status: 200 len: 1413 time: 0.0574672
2026-09-07 19:35:57.880 10 INFO neutron.wsgi [req-fb2b1e71-f0fd-49cd-ac85-e9e9ed066738 req-6881307c-d521-464e-84eb-f31f833ad180 7d811d46b06048dc8b551f9127a1f3f9 31a9140917a44ab8aea403ca45ecd12e - - 25d29ca8d90e466ca464a71debf3088a 25d29ca8d90e466ca464a71debf3088a] 162.253.55.34 "GET /v2.0/networks?id=d41286b4-cc59-40ec-80d2-33bd4fed7740 HTTP/1.1" status: 200 len: 958 time: 0.0740476
2026-09-07 19:35:57.918 10 INFO neutron.wsgi [req-fb2b1e71-f0fd-49cd-ac85-e9e9ed066738 req-20a88d89-39fe-453f-86a3-cc3d76206002 7d811d46b06048dc8b551f9127a1f3f9 31a9140917a44ab8aea403ca45ecd12e - - 25d29ca8d90e466ca464a71debf3088a 25d29ca8d90e466ca464a71debf3088a] 162.253.55.34 "GET /v2.0/floatingips?fixed_ip_address=10.100.0.13&port_id=fec2d0eb-dbb9-4d43-bc8a-634c99d4b042 HTTP/1.1" status: 200 len: 217 time: 0.0272839
2026-09-07 19:35:57.930 10 INFO neutron.db.ovn_revision_numbers_db [None req-4ddfbbf3-f035-43cb-b0be-08e8b47e3c3d b9b7c43a25ed4fe4aba682f435285b8d fe52563e5026488081b8a7a0e25003d9 - - default default] Successfully bumped revision number for resource 90c55480-c7fb-4236-bdeb-dfcfbab7fb40 (type: security_groups) to 1
2026-09-07 19:35:57.957 10 INFO neutron.db.ovn_revision_numbers_db [None req-4ddfbbf3-f035-43cb-b0be-08e8b47e3c3d b9b7c43a25ed4fe4aba682f435285b8d fe52563e5026488081b8a7a0e25003d9 - - default default] Successfully bumped revision number for resource 0c7d16e8-e1c9-4b05-8060-33d0e5124d5d (type: security_group_rules) to 0
2026-09-07 19:35:57.965 10 INFO neutron.wsgi [req-fb2b1e71-f0fd-49cd-ac85-e9e9ed066738 req-70089ba5-a8eb-47c5-9de1-d75bf87e870b 7d811d46b06048dc8b551f9127a1f3f9 31a9140917a44ab8aea403ca45ecd12e - - 25d29ca8d90e466ca464a71debf3088a 25d29ca8d90e466ca464a71debf3088a] 162.253.55.34 "GET /v2.0/subnets?id=5c6aa680-c4dd-4241-a8cd-791d5dd58b03 HTTP/1.1" status: 200 len: 853 time: 0.0363524
2026-09-07 19:35:57.972 10 INFO neutron.db.ovn_revision_numbers_db [None req-4ddfbbf3-f035-43cb-b0be-08e8b47e3c3d b9b7c43a25ed4fe4aba682f435285b8d fe52563e5026488081b8a7a0e25003d9 - - default default] Successfully bumped revision number for resource 79942641-a1e8-42c5-88e7-ced06d08f233 (type: security_group_rules) to 0
2026-09-07 19:35:58.000 10 INFO neutron.wsgi [req-fb2b1e71-f0fd-49cd-ac85-e9e9ed066738 req-1ae606e9-0937-4267-a7da-b2c146371a7d 7d811d46b06048dc8b551f9127a1f3f9 31a9140917a44ab8aea403ca45ecd12e - - 25d29ca8d90e466ca464a71debf3088a 25d29ca8d90e466ca464a71debf3088a] 162.253.55.34 "GET /v2.0/ports?network_id=d41286b4-cc59-40ec-80d2-33bd4fed7740&device_owner=network%3Adhcp HTTP/1.1" status: 200 len: 210 time: 0.0259972
2026-09-07 19:35:58.004 10 INFO neutron.wsgi [None req-4ddfbbf3-f035-43cb-b0be-08e8b47e3c3d b9b7c43a25ed4fe4aba682f435285b8d fe52563e5026488081b8a7a0e25003d9 - - default default] 10.0.0.35 "POST /v2.0/security-groups HTTP/1.1" status: 201 len: 1811 time: 0.2842162
2026-09-07 19:35:58.101 10 INFO neutron.wsgi [req-fb2b1e71-f0fd-49cd-ac85-e9e9ed066738 req-3e02c35e-0035-49d5-bead-44fc5a0b47c5 7d811d46b06048dc8b551f9127a1f3f9 31a9140917a44ab8aea403ca45ecd12e - - 25d29ca8d90e466ca464a71debf3088a 25d29ca8d90e466ca464a71debf3088a] 162.253.55.34 "GET /v2.0/networks/d41286b4-cc59-40ec-80d2-33bd4fed7740?fields=segments HTTP/1.1" status: 200 len: 212 time: 0.0933692
2026-09-07 19:35:58.166 9 INFO neutron.db.ovn_revision_numbers_db [None req-1408ee0d-a058-468f-aa02-65a965c04da6 b9b7c43a25ed4fe4aba682f435285b8d fe52563e5026488081b8a7a0e25003d9 - - default default] Successfully bumped revision number for resource 9a6a06b5-f732-4658-9bce-b74316b38481 (type: security_group_rules) to 0
2026-09-07 19:35:58.183 10 INFO neutron.wsgi [req-fb2b1e71-f0fd-49cd-ac85-e9e9ed066738 req-7ad505d3-f8f6-4698-9b63-299a5c61fd00 7d811d46b06048dc8b551f9127a1f3f9 31a9140917a44ab8aea403ca45ecd12e - - 25d29ca8d90e466ca464a71debf3088a 25d29ca8d90e466ca464a71debf3088a] 162.253.55.34 "GET /v2.0/networks/d41286b4-cc59-40ec-80d2-33bd4fed7740?fields=provider%3Aphysical_network&fields=provider%3Anetwork_type HTTP/1.1" status: 200 len: 277 time: 0.0743544
2026-09-07 19:35:58.196 9 INFO neutron.wsgi [None req-1408ee0d-a058-468f-aa02-65a965c04da6 b9b7c43a25ed4fe4aba682f435285b8d fe52563e5026488081b8a7a0e25003d9 - - default default] 10.0.0.35 "POST /v2.0/security-group-rules HTTP/1.1" status: 201 len: 764 time: 0.1836772
2026-09-07 19:35:58.298 9 INFO neutron.db.ovn_revision_numbers_db [None req-4bb5f6af-1898-4cc9-b0a6-2c75850f6862 b9b7c43a25ed4fe4aba682f435285b8d fe52563e5026488081b8a7a0e25003d9 - - default default] Successfully bumped revision number for resource 95608461-d3b1-44b9-b7f8-c74b60bd253a (type: security_group_rules) to 0
2026-09-07 19:35:58.319 9 INFO neutron.wsgi [None req-4bb5f6af-1898-4cc9-b0a6-2c75850f6862 b9b7c43a25ed4fe4aba682f435285b8d fe52563e5026488081b8a7a0e25003d9 - - default default] 10.0.0.35 "POST /v2.0/security-group-rules HTTP/1.1" status: 201 len: 763 time: 0.1170874
2026-09-07 19:35:58.444 9 INFO neutron.db.ovn_revision_numbers_db [None req-8c9a4139-47f6-45c1-84f3-8d62a027a2f1 b9b7c43a25ed4fe4aba682f435285b8d fe52563e5026488081b8a7a0e25003d9 - - default default] Successfully bumped revision number for resource d1185e27-9994-4815-bb73-3aadf94ef820 (type: security_group_rules) to 0
2026-09-07 19:35:58.493 9 INFO neutron.wsgi [None req-8c9a4139-47f6-45c1-84f3-8d62a027a2f1 b9b7c43a25ed4fe4aba682f435285b8d fe52563e5026488081b8a7a0e25003d9 - - default default] 10.0.0.35 "POST /v2.0/security-group-rules HTTP/1.1" status: 201 len: 769 time: 0.1679971
2026-09-07 19:35:58.613 9 INFO neutron.db.ovn_revision_numbers_db [None req-8a9b3fcf-9ff0-44f9-b810-ed079112c1b5 b9b7c43a25ed4fe4aba682f435285b8d fe52563e5026488081b8a7a0e25003d9 - - default default] Successfully bumped revision number for resource cb20039f-19e9-47e3-9159-a34e60fa50b7 (type: security_group_rules) to 0
2026-09-07 19:35:58.640 9 INFO neutron.wsgi [None req-8a9b3fcf-9ff0-44f9-b810-ed079112c1b5 b9b7c43a25ed4fe4aba682f435285b8d fe52563e5026488081b8a7a0e25003d9 - - default default] 10.0.0.35 "POST /v2.0/security-group-rules HTTP/1.1" status: 201 len: 768 time: 0.1368570
2026-09-07 19:35:58.694 10 INFO neutron.db.securitygroups_db [None req-d1efd661-eec7-44ae-9657-086be8853f59 b9b7c43a25ed4fe4aba682f435285b8d fe52563e5026488081b8a7a0e25003d9 - - default default] Project fe52563e5026488081b8a7a0e25003d9 added a security group rule with legacy IPv6 ICMP protocol name icmp, ipv6-icmp should be used instead. It was automatically converted.
2026-09-07 19:35:58.829 10 INFO neutron.db.ovn_revision_numbers_db [None req-d1efd661-eec7-44ae-9657-086be8853f59 b9b7c43a25ed4fe4aba682f435285b8d fe52563e5026488081b8a7a0e25003d9 - - default default] Successfully bumped revision number for resource 9212a132-504a-461a-a6c3-60f9f01dba8f (type: security_group_rules) to 0
2026-09-07 19:35:58.851 10 INFO neutron.wsgi [None req-d1efd661-eec7-44ae-9657-086be8853f59 b9b7c43a25ed4fe4aba682f435285b8d fe52563e5026488081b8a7a0e25003d9 - - default default] 10.0.0.35 "POST /v2.0/security-group-rules HTTP/1.1" status: 201 len: 774 time: 0.1958416
2026-09-07 19:35:58.876 10 INFO neutron.db.securitygroups_db [None req-63d0a89c-4d4a-498e-b21f-bdaaf8d08284 b9b7c43a25ed4fe4aba682f435285b8d fe52563e5026488081b8a7a0e25003d9 - - default default] Project fe52563e5026488081b8a7a0e25003d9 added a security group rule with legacy IPv6 ICMP protocol name icmp, ipv6-icmp should be used instead. It was automatically converted.
2026-09-07 19:35:59.037 10 INFO neutron.db.ovn_revision_numbers_db [None req-63d0a89c-4d4a-498e-b21f-bdaaf8d08284 b9b7c43a25ed4fe4aba682f435285b8d fe52563e5026488081b8a7a0e25003d9 - - default default] Successfully bumped revision number for resource b9db364d-77ee-49b7-812a-24de6482f22e (type: security_group_rules) to 0
2026-09-07 19:35:59.064 10 INFO neutron.wsgi [None req-63d0a89c-4d4a-498e-b21f-bdaaf8d08284 b9b7c43a25ed4fe4aba682f435285b8d fe52563e5026488081b8a7a0e25003d9 - - default default] 10.0.0.35 "POST /v2.0/security-group-rules HTTP/1.1" status: 201 len: 773 time: 0.2067225
2026-09-07 19:35:59.420 9 INFO neutron.db.ovn_revision_numbers_db [None req-fbd55198-d4c2-4d7d-aa3d-a1aad3d160fc 1dd3eaddfff14195bdffb6c8d59e45f5 a3185052358a4b01817d5c451e738e32 - - default default] Successfully bumped revision number for resource edd4bb75-87c6-4ab2-a1e3-62f5294ffdb9 (type: security_groups) to 1
2026-09-07 19:35:59.440 9 INFO neutron.db.ovn_revision_numbers_db [None req-fbd55198-d4c2-4d7d-aa3d-a1aad3d160fc 1dd3eaddfff14195bdffb6c8d59e45f5 a3185052358a4b01817d5c451e738e32 - - default default] Successfully bumped revision number for resource 13eb1a76-6b67-4111-b2d7-5bb3e1c8f92d (type: security_group_rules) to 0
2026-09-07 19:35:59.453 9 INFO neutron.db.ovn_revision_numbers_db [None req-fbd55198-d4c2-4d7d-aa3d-a1aad3d160fc 1dd3eaddfff14195bdffb6c8d59e45f5 a3185052358a4b01817d5c451e738e32 - - default default] Successfully bumped revision number for resource 24e2e4ca-088c-4037-b1f1-12a225e95c26 (type: security_group_rules) to 0
2026-09-07 19:35:59.469 9 INFO neutron.db.ovn_revision_numbers_db [None req-fbd55198-d4c2-4d7d-aa3d-a1aad3d160fc 1dd3eaddfff14195bdffb6c8d59e45f5 a3185052358a4b01817d5c451e738e32 - - default default] Successfully bumped revision number for resource 80339d21-3a31-48cc-a5b8-d532de0d5dde (type: security_group_rules) to 0
2026-09-07 19:35:59.497 9 INFO neutron.db.ovn_revision_numbers_db [None req-fbd55198-d4c2-4d7d-aa3d-a1aad3d160fc 1dd3eaddfff14195bdffb6c8d59e45f5 a3185052358a4b01817d5c451e738e32 - - default default] Successfully bumped revision number for resource ec36666b-f10d-44db-9a62-30ed89aa60d1 (type: security_group_rules) to 0
2026-09-07 19:35:59.614 9 INFO neutron.db.ovn_revision_numbers_db [None req-fbd55198-d4c2-4d7d-aa3d-a1aad3d160fc 1dd3eaddfff14195bdffb6c8d59e45f5 a3185052358a4b01817d5c451e738e32 - - default default] Successfully bumped revision number for resource 1cabeeca-4213-4bd5-bc61-2f6326816c17 (type: security_groups) to 1
2026-09-07 19:35:59.626 9 INFO neutron.db.ovn_revision_numbers_db [None req-fbd55198-d4c2-4d7d-aa3d-a1aad3d160fc 1dd3eaddfff14195bdffb6c8d59e45f5 a3185052358a4b01817d5c451e738e32 - - default default] Successfully bumped revision number for resource 096d2706-b4c9-4000-bd0f-1e1c64263c43 (type: security_group_rules) to 0
2026-09-07 19:35:59.637 9 INFO neutron.db.ovn_revision_numbers_db [None req-fbd55198-d4c2-4d7d-aa3d-a1aad3d160fc 1dd3eaddfff14195bdffb6c8d59e45f5 a3185052358a4b01817d5c451e738e32 - - default default] Successfully bumped revision number for resource ee3dced7-c006-4600-acf1-50fcc5895337 (type: security_group_rules) to 0
2026-09-07 19:35:59.655 9 INFO neutron.wsgi [None req-fbd55198-d4c2-4d7d-aa3d-a1aad3d160fc 1dd3eaddfff14195bdffb6c8d59e45f5 a3185052358a4b01817d5c451e738e32 - - default default] 10.0.0.35 "POST /v2.0/security-groups HTTP/1.1" status: 201 len: 1760 time: 0.6279328
2026-09-07 19:35:59.717 9 INFO neutron.wsgi [None req-da09bff7-5946-4072-9446-4e2142fd09da 1dd3eaddfff14195bdffb6c8d59e45f5 a3185052358a4b01817d5c451e738e32 - - default default] 10.0.0.35 "GET /v2.0/security-groups HTTP/1.1" status: 200 len: 4538 time: 0.0558617
2026-09-07 19:35:59.764 10 INFO neutron.wsgi [None req-baccd652-9377-4e55-82e2-ea26663d54af b9b7c43a25ed4fe4aba682f435285b8d fe52563e5026488081b8a7a0e25003d9 - - default default] 10.0.0.35 "GET /v2.0/networks HTTP/1.1" status: 200 len: 1492 time: 0.2690294
2026-09-07 19:35:59.872 9 INFO neutron.db.ovn_revision_numbers_db [None req-cb053951-0227-4b4a-9d22-9c5e44e42b06 1dd3eaddfff14195bdffb6c8d59e45f5 a3185052358a4b01817d5c451e738e32 - - default default] Successfully bumped revision number for resource 1cabeeca-4213-4bd5-bc61-2f6326816c17 (type: security_groups) to 2
2026-09-07 19:35:59.877 9 INFO neutron.wsgi [None req-cb053951-0227-4b4a-9d22-9c5e44e42b06 1dd3eaddfff14195bdffb6c8d59e45f5 a3185052358a4b01817d5c451e738e32 - - default default] 10.0.0.35 "PUT /v2.0/security-groups/1cabeeca-4213-4bd5-bc61-2f6326816c17 HTTP/1.1" status: 200 len: 1794 time: 0.1550486
2026-09-07 19:35:59.925 9 INFO neutron.wsgi [None req-9bfeea33-9bde-4f4d-b6ac-f4ed82647aba 1dd3eaddfff14195bdffb6c8d59e45f5 a3185052358a4b01817d5c451e738e32 - - default default] 10.0.0.35 "GET /v2.0/security-groups/1cabeeca-4213-4bd5-bc61-2f6326816c17 HTTP/1.1" status: 200 len: 1794 time: 0.0389242
2026-09-07 19:35:59.930 10 INFO neutron.wsgi [req-efe3f12a-0e3f-42e9-8b86-952447ea2252 req-cb073086-3d5c-4855-abcd-c12b255582e2 b9b7c43a25ed4fe4aba682f435285b8d fe52563e5026488081b8a7a0e25003d9 - - default default] 10.0.0.1 "GET /v2.0/security-groups?name=tempest-secgroup-smoke-1040323638&fields=id&tenant_id=fe52563e5026488081b8a7a0e25003d9 HTTP/1.1" status: 200 len: 267 time: 0.0667875
2026-09-07 19:36:00.026 10 INFO neutron.wsgi [req-efe3f12a-0e3f-42e9-8b86-952447ea2252 req-7766c53a-5455-48d1-9897-2c9420ffe3cc b9b7c43a25ed4fe4aba682f435285b8d fe52563e5026488081b8a7a0e25003d9 - - default default] 10.0.0.1 "GET /v2.0/networks?id=d41286b4-cc59-40ec-80d2-33bd4fed7740 HTTP/1.1" status: 200 len: 859 time: 0.0854876
2026-09-07 19:36:00.043 9 INFO neutron.wsgi [None req-2ced84db-c287-4d2a-af56-382abbd9ae98 1dd3eaddfff14195bdffb6c8d59e45f5 a3185052358a4b01817d5c451e738e32 - - default default] 10.0.0.35 "DELETE /v2.0/security-groups/1cabeeca-4213-4bd5-bc61-2f6326816c17 HTTP/1.1" status: 204 len: 168 time: 0.1121995
2026-09-07 19:36:00.057 10 INFO neutron.wsgi [req-efe3f12a-0e3f-42e9-8b86-952447ea2252 req-377b7885-f213-4560-bea9-b5c3ed4949ad b9b7c43a25ed4fe4aba682f435285b8d fe52563e5026488081b8a7a0e25003d9 - - default default] 10.0.0.1 "GET /v2.0/quotas/fe52563e5026488081b8a7a0e25003d9 HTTP/1.1" status: 200 len: 386 time: 0.0162737
2026-09-07 19:36:00.096 9 INFO neutron.wsgi [None req-526e294a-fda0-45b4-aa4d-c9ef341592f7 1dd3eaddfff14195bdffb6c8d59e45f5 a3185052358a4b01817d5c451e738e32 - - default default] 10.0.0.35 "GET /v2.0/security-groups HTTP/1.1" status: 200 len: 2996 time: 0.0448396
2026-09-07 19:36:00.116 10 INFO neutron.api.v2.resource [None req-517eb376-d587-4449-a424-5c1be326d65c 1dd3eaddfff14195bdffb6c8d59e45f5 a3185052358a4b01817d5c451e738e32 - - default default] delete failed (client error): The resource could not be found.
2026-09-07 19:36:00.118 10 INFO neutron.wsgi [None req-517eb376-d587-4449-a424-5c1be326d65c 1dd3eaddfff14195bdffb6c8d59e45f5 a3185052358a4b01817d5c451e738e32 - - default default] 10.0.0.35 "DELETE /v2.0/security-groups/1cabeeca-4213-4bd5-bc61-2f6326816c17 HTTP/1.1" status: 404 len: 347 time: 0.0166173
2026-09-07 19:36:00.148 10 INFO neutron.wsgi [req-efe3f12a-0e3f-42e9-8b86-952447ea2252 req-be188a57-e15d-4655-a789-c2338de96ac4 b9b7c43a25ed4fe4aba682f435285b8d fe52563e5026488081b8a7a0e25003d9 - - default default] 10.0.0.1 "GET /v2.0/ports?tenant_id=fe52563e5026488081b8a7a0e25003d9&fields=id HTTP/1.1" status: 200 len: 348 time: 0.0838828
2026-09-07 19:36:00.221 10 INFO neutron.wsgi [req-efe3f12a-0e3f-42e9-8b86-952447ea2252 req-4bf61b89-bcd0-4e91-9a55-9c77b8ee507b 7d811d46b06048dc8b551f9127a1f3f9 31a9140917a44ab8aea403ca45ecd12e - - 25d29ca8d90e466ca464a71debf3088a 25d29ca8d90e466ca464a71debf3088a] 10.0.0.1 "GET /v2.0/networks/d41286b4-cc59-40ec-80d2-33bd4fed7740?fields=segments HTTP/1.1" status: 200 len: 212 time: 0.0535684
2026-09-07 19:36:00.286 9 INFO neutron.db.ovn_revision_numbers_db [None req-18a7df8d-8952-4089-b017-7f3d3d4d16c8 1dd3eaddfff14195bdffb6c8d59e45f5 a3185052358a4b01817d5c451e738e32 - - default default] Successfully bumped revision number for resource c7f5a6a7-d3f8-45f5-8dc0-fadd9584c634 (type: security_groups) to 1
2026-09-07 19:36:00.298 10 INFO neutron.wsgi [req-efe3f12a-0e3f-42e9-8b86-952447ea2252 req-902cebf2-02d0-41bd-b045-335ab12187f5 7d811d46b06048dc8b551f9127a1f3f9 31a9140917a44ab8aea403ca45ecd12e - - 25d29ca8d90e466ca464a71debf3088a 25d29ca8d90e466ca464a71debf3088a] 10.0.0.1 "GET /v2.0/networks/d41286b4-cc59-40ec-80d2-33bd4fed7740?fields=provider%3Aphysical_network&fields=provider%3Anetwork_type HTTP/1.1" status: 200 len: 277 time: 0.0684202
2026-09-07 19:36:00.313 9 INFO neutron.db.ovn_revision_numbers_db [None req-18a7df8d-8952-4089-b017-7f3d3d4d16c8 1dd3eaddfff14195bdffb6c8d59e45f5 a3185052358a4b01817d5c451e738e32 - - default default] Successfully bumped revision number for resource 87e30af2-c16f-4f47-a01a-12ca332a5625 (type: security_group_rules) to 0
2026-09-07 19:36:00.337 9 INFO neutron.db.ovn_revision_numbers_db [None req-18a7df8d-8952-4089-b017-7f3d3d4d16c8 1dd3eaddfff14195bdffb6c8d59e45f5 a3185052358a4b01817d5c451e738e32 - - default default] Successfully bumped revision number for resource 9fa870a5-be68-4b23-9c8e-af9b51e61090 (type: security_group_rules) to 0
2026-09-07 19:36:00.381 9 INFO neutron.wsgi [None req-18a7df8d-8952-4089-b017-7f3d3d4d16c8 1dd3eaddfff14195bdffb6c8d59e45f5 a3185052358a4b01817d5c451e738e32 - - default default] 10.0.0.35 "POST /v2.0/security-groups HTTP/1.1" status: 201 len: 1760 time: 0.2579150
2026-09-07 19:36:00.484 10 INFO neutron.wsgi [req-274e1b2c-26f4-4d73-b910-ccf567720c51 req-20fdce4f-9651-4f3c-82b9-c77b5f6da22e b9b7c43a25ed4fe4aba682f435285b8d fe52563e5026488081b8a7a0e25003d9 - - default default] 10.0.0.1 "GET /v2.0/ports?device_id=2e93c634-f37f-423d-8621-851039b935fa HTTP/1.1" status: 200 len: 210 time: 0.0433767
2026-09-07 19:36:00.575 10 INFO neutron.db.ovn_revision_numbers_db [None req-2f0c94e0-08ee-4276-b9ed-9a78ad61f008 1dd3eaddfff14195bdffb6c8d59e45f5 a3185052358a4b01817d5c451e738e32 - - default default] Successfully bumped revision number for resource 72fa88d2-b609-46fb-bb97-2f954fe9eb49 (type: security_group_rules) to 0
2026-09-07 19:36:00.598 10 INFO neutron.wsgi [None req-2f0c94e0-08ee-4276-b9ed-9a78ad61f008 1dd3eaddfff14195bdffb6c8d59e45f5 a3185052358a4b01817d5c451e738e32 - - default default] 10.0.0.35 "POST /v2.0/security-group-rules HTTP/1.1" status: 201 len: 768 time: 0.2090924
2026-09-07 19:36:00.625 10 INFO neutron.wsgi [None req-14250426-0b1d-4745-bf6c-0f45870e21a9 1dd3eaddfff14195bdffb6c8d59e45f5 a3185052358a4b01817d5c451e738e32 - - default default] 10.0.0.35 "GET /v2.0/security-group-rules/72fa88d2-b609-46fb-bb97-2f954fe9eb49 HTTP/1.1" status: 200 len: 763 time: 0.0218229
2026-09-07 19:36:00.662 10 INFO neutron.wsgi [None req-5dac00e4-d7d3-4eec-95ff-9cbde59aa562 1dd3eaddfff14195bdffb6c8d59e45f5 a3185052358a4b01817d5c451e738e32 - - default default] 10.0.0.35 "GET /v2.0/security-group-rules HTTP/1.1" status: 200 len: 4113 time: 0.0323417
2026-09-07 19:36:00.787 10 INFO neutron.wsgi [None req-60e3bdef-e7b0-4fa7-b70a-e329f115f95c 1dd3eaddfff14195bdffb6c8d59e45f5 a3185052358a4b01817d5c451e738e32 - - default default] 10.0.0.35 "DELETE /v2.0/security-group-rules/72fa88d2-b609-46fb-bb97-2f954fe9eb49 HTTP/1.1" status: 204 len: 168 time: 0.1137831
2026-09-07 19:36:00.844 10 INFO neutron.wsgi [None req-7ba20e88-09c0-43b1-bdb9-b39f8030d207 1dd3eaddfff14195bdffb6c8d59e45f5 a3185052358a4b01817d5c451e738e32 - - default default] 10.0.0.35 "GET /v2.0/security-group-rules HTTP/1.1" status: 200 len: 3567 time: 0.0496662
2026-09-07 19:36:00.970 10 INFO neutron.db.ovn_revision_numbers_db [None req-24b3fec4-5b37-467c-8f18-33569d6f8f46 1dd3eaddfff14195bdffb6c8d59e45f5 a3185052358a4b01817d5c451e738e32 - - default default] Successfully bumped revision number for resource ac40c07c-18dc-4d22-8e79-f396cc1ba2e0 (type: security_group_rules) to 0
2026-09-07 19:36:01.004 10 INFO neutron.wsgi [None req-24b3fec4-5b37-467c-8f18-33569d6f8f46 1dd3eaddfff14195bdffb6c8d59e45f5 a3185052358a4b01817d5c451e738e32 - - default default] 10.0.0.35 "POST /v2.0/security-group-rules HTTP/1.1" status: 201 len: 768 time: 0.1514597
2026-09-07 19:36:01.029 10 INFO neutron.wsgi [None req-99706ad8-b9ee-4a8a-b49d-5e5f80b7de94 1dd3eaddfff14195bdffb6c8d59e45f5 a3185052358a4b01817d5c451e738e32 - - default default] 10.0.0.35 "GET /v2.0/security-group-rules/ac40c07c-18dc-4d22-8e79-f396cc1ba2e0 HTTP/1.1" status: 200 len: 763 time: 0.0132706
2026-09-07 19:36:01.087 10 INFO neutron.wsgi [None req-7b0b0205-6173-439c-a467-73f5e0aa6193 1dd3eaddfff14195bdffb6c8d59e45f5 a3185052358a4b01817d5c451e738e32 - - default default] 10.0.0.35 "GET /v2.0/security-group-rules HTTP/1.1" status: 200 len: 4113 time: 0.0522432
2026-09-07 19:36:01.230 10 INFO neutron.wsgi [None req-1f786d1e-234b-47d0-9010-92528576654c 1dd3eaddfff14195bdffb6c8d59e45f5 a3185052358a4b01817d5c451e738e32 - - default default] 10.0.0.35 "DELETE /v2.0/security-group-rules/ac40c07c-18dc-4d22-8e79-f396cc1ba2e0 HTTP/1.1" status: 204 len: 168 time: 0.1369565
2026-09-07 19:36:01.291 9 INFO neutron.wsgi [None req-0a388dfb-73e9-40ee-8e2d-67f5c5cd053c 1dd3eaddfff14195bdffb6c8d59e45f5 a3185052358a4b01817d5c451e738e32 - - default default] 10.0.0.35 "GET /v2.0/security-group-rules HTTP/1.1" status: 200 len: 3567 time: 0.0533311
2026-09-07 19:36:01.302 10 INFO neutron.wsgi [req-efe3f12a-0e3f-42e9-8b86-952447ea2252 req-3f21dc40-4ac2-4dbd-97a5-517e313ba6be b9b7c43a25ed4fe4aba682f435285b8d fe52563e5026488081b8a7a0e25003d9 - - default default] 162.253.55.34 "GET /v2.0/networks?id=d41286b4-cc59-40ec-80d2-33bd4fed7740 HTTP/1.1" status: 200 len: 859 time: 0.1004050
2026-09-07 19:36:01.386 10 INFO neutron.wsgi [req-efe3f12a-0e3f-42e9-8b86-952447ea2252 req-17930829-63c3-47ff-a5a3-7abc3265e9fe b9b7c43a25ed4fe4aba682f435285b8d fe52563e5026488081b8a7a0e25003d9 - - default default] 162.253.55.34 "GET /v2.0/security-groups?fields=id&fields=name&tenant_id=fe52563e5026488081b8a7a0e25003d9 HTTP/1.1" status: 200 len: 473 time: 0.0768859
2026-09-07 19:36:01.416 9 INFO neutron.db.ovn_revision_numbers_db [None req-5376bfb1-4df9-4e30-911a-538a4105f1f6 1dd3eaddfff14195bdffb6c8d59e45f5 a3185052358a4b01817d5c451e738e32 - - default default] Successfully bumped revision number for resource a4af1894-c467-433f-a49d-123642acaf02 (type: security_group_rules) to 0
2026-09-07 19:36:01.442 9 INFO neutron.wsgi [None req-5376bfb1-4df9-4e30-911a-538a4105f1f6 1dd3eaddfff14195bdffb6c8d59e45f5 a3185052358a4b01817d5c451e738e32 - - default default] 10.0.0.35 "POST /v2.0/security-group-rules HTTP/1.1" status: 201 len: 769 time: 0.1466093
2026-09-07 19:36:01.461 9 INFO neutron.wsgi [None req-dd1667b1-c3a0-4a10-a60b-89266ca2bc09 1dd3eaddfff14195bdffb6c8d59e45f5 a3185052358a4b01817d5c451e738e32 - - default default] 10.0.0.35 "GET /v2.0/security-group-rules/a4af1894-c467-433f-a49d-123642acaf02 HTTP/1.1" status: 200 len: 764 time: 0.0121579
2026-09-07 19:36:01.516 9 INFO neutron.wsgi [None req-5a2ce5b2-1593-4832-af51-c541c4f345c3 1dd3eaddfff14195bdffb6c8d59e45f5 a3185052358a4b01817d5c451e738e32 - - default default] 10.0.0.35 "GET /v2.0/security-group-rules HTTP/1.1" status: 200 len: 4114 time: 0.0475063
2026-09-07 19:36:01.622 10 INFO neutron.wsgi [req-819855f4-c11c-4660-9fa4-7aa76bd2d523 req-b4ec906c-01f6-4628-832b-a863b1380b93 b9b7c43a25ed4fe4aba682f435285b8d fe52563e5026488081b8a7a0e25003d9 - - default default] 10.0.0.1 "GET /v2.0/ports?device_id=2e93c634-f37f-423d-8621-851039b935fa HTTP/1.1" status: 200 len: 210 time: 0.0380952
2026-09-07 19:36:01.690 9 INFO neutron.wsgi [None req-8ee00b96-1357-4d0c-9a31-cf56101475a1 1dd3eaddfff14195bdffb6c8d59e45f5 a3185052358a4b01817d5c451e738e32 - - default default] 10.0.0.35 "DELETE /v2.0/security-group-rules/a4af1894-c467-433f-a49d-123642acaf02 HTTP/1.1" status: 204 len: 168 time: 0.1613798
2026-09-07 19:36:01.748 10 INFO neutron.wsgi [None req-5fca9e73-76d4-41b2-9823-955099ae0edf 1dd3eaddfff14195bdffb6c8d59e45f5 a3185052358a4b01817d5c451e738e32 - - default default] 10.0.0.35 "GET /v2.0/security-group-rules HTTP/1.1" status: 200 len: 3567 time: 0.0495493
2026-09-07 19:36:01.930 10 WARNING neutron.scheduler.dhcp_agent_scheduler [req-efe3f12a-0e3f-42e9-8b86-952447ea2252 req-f25709b3-7727-42a7-8392-3e62078b9925 b9b7c43a25ed4fe4aba682f435285b8d fe52563e5026488081b8a7a0e25003d9 - - default default] No more DHCP agents
2026-09-07 19:36:01.934 10 WARNING neutron.api.rpc.agentnotifiers.dhcp_rpc_agent_api [req-efe3f12a-0e3f-42e9-8b86-952447ea2252 req-f25709b3-7727-42a7-8392-3e62078b9925 b9b7c43a25ed4fe4aba682f435285b8d fe52563e5026488081b8a7a0e25003d9 - - default default] Unable to schedule network d41286b4-cc59-40ec-80d2-33bd4fed7740: no agents available; will retry on subsequent port and subnet creation events.
