2026-09-07 19:34:19.271 9 INFO neutron.wsgi [None req-9590594f-c97a-4f4b-a72a-7678c7169cb9 1a21cd46d0044f979a1870a05eac05ce fee5744fa171485a80c1b2dc6a4d1eed - - default default] 10.0.0.35 "GET /v2.0/extensions/net-mtu HTTP/1.1" status: 200 len: 370 time: 0.0069218
2026-09-07 19:34:19.278 10 INFO neutron.wsgi [None req-cb17efad-3330-497a-8813-872695fb488a 1a21cd46d0044f979a1870a05eac05ce fee5744fa171485a80c1b2dc6a4d1eed - - default default] 10.0.0.35 "GET /v2.0/extensions/net-mtu-writable HTTP/1.1" status: 200 len: 401 time: 0.0042086
2026-09-07 19:34:19.290 9 INFO neutron.wsgi [None req-ff99456c-4f9a-4074-91b4-8c5a93d831fa 1a21cd46d0044f979a1870a05eac05ce fee5744fa171485a80c1b2dc6a4d1eed - - default default] 10.0.0.35 "GET /v2.0/extensions/network_availability_zone HTTP/1.1" status: 200 len: 394 time: 0.0072203
2026-09-07 19:34:19.302 9 INFO neutron.wsgi [None req-aaad316b-91d4-42a6-8afd-607b3bb12fb9 1a21cd46d0044f979a1870a05eac05ce fee5744fa171485a80c1b2dc6a4d1eed - - default default] 10.0.0.35 "GET /v2.0/extensions/network-ip-availability HTTP/1.1" status: 200 len: 410 time: 0.0073268
2026-09-07 19:34:19.311 10 INFO neutron.wsgi [None req-8d379e7d-0336-4fdc-8093-15a6babfe3da 1a21cd46d0044f979a1870a05eac05ce fee5744fa171485a80c1b2dc6a4d1eed - - default default] 10.0.0.35 "GET /v2.0/extensions/pagination HTTP/1.1" status: 200 len: 386 time: 0.0052235
2026-09-07 19:34:19.320 10 INFO neutron.wsgi [None req-4378bd47-24bc-4bde-8fe1-d503c256dfd0 1a21cd46d0044f979a1870a05eac05ce fee5744fa171485a80c1b2dc6a4d1eed - - default default] 10.0.0.35 "GET /v2.0/extensions/port-device-profile HTTP/1.1" status: 200 len: 383 time: 0.0047908
2026-09-07 19:34:19.328 10 INFO neutron.wsgi [None req-12bddd07-552c-47b7-9834-e4fd2b9908a0 1a21cd46d0044f979a1870a05eac05ce fee5744fa171485a80c1b2dc6a4d1eed - - default default] 10.0.0.35 "GET /v2.0/extensions/port-mac-address-regenerate HTTP/1.1" status: 200 len: 403 time: 0.0042801
2026-09-07 19:34:19.335 10 INFO neutron.wsgi [None req-39176efe-73df-427a-9847-47411caaf5de 1a21cd46d0044f979a1870a05eac05ce fee5744fa171485a80c1b2dc6a4d1eed - - default default] 10.0.0.35 "GET /v2.0/extensions/port-numa-affinity-policy HTTP/1.1" status: 200 len: 392 time: 0.0031409
2026-09-07 19:34:19.342 10 INFO neutron.wsgi [None req-643ac0c6-8e72-484d-baa6-6ebd715cc0fd 1a21cd46d0044f979a1870a05eac05ce fee5744fa171485a80c1b2dc6a4d1eed - - default default] 10.0.0.35 "GET /v2.0/extensions/port-resource-request HTTP/1.1" status: 200 len: 379 time: 0.0040231
2026-09-07 19:34:19.349 10 INFO neutron.wsgi [None req-090cbee9-ae4b-4f78-90d6-e8470abb7f2c 1a21cd46d0044f979a1870a05eac05ce fee5744fa171485a80c1b2dc6a4d1eed - - default default] 10.0.0.35 "GET /v2.0/extensions/port-resource-request-groups HTTP/1.1" status: 200 len: 465 time: 0.0032794
2026-09-07 19:34:19.360 9 INFO neutron.wsgi [None req-bd3a908e-3b34-40fb-88e3-8e21950fd6d3 1a21cd46d0044f979a1870a05eac05ce fee5744fa171485a80c1b2dc6a4d1eed - - default default] 10.0.0.35 "GET /v2.0/extensions/binding HTTP/1.1" status: 200 len: 387 time: 0.0065224
2026-09-07 19:34:19.368 10 INFO neutron.wsgi [None req-3a3827ac-268c-466b-801b-72d83c49a8c8 1a21cd46d0044f979a1870a05eac05ce fee5744fa171485a80c1b2dc6a4d1eed - - default default] 10.0.0.35 "GET /v2.0/extensions/binding-extended HTTP/1.1" status: 200 len: 406 time: 0.0038283
2026-09-07 19:34:19.378 9 INFO neutron.wsgi [None req-8bec1188-b0bd-464f-a39b-fe1036af4611 1a21cd46d0044f979a1870a05eac05ce fee5744fa171485a80c1b2dc6a4d1eed - - default default] 10.0.0.35 "GET /v2.0/extensions/port-security HTTP/1.1" status: 200 len: 354 time: 0.0061836
2026-09-07 19:34:19.388 9 INFO neutron.wsgi [None req-8c70baa7-9127-4d8a-bb6f-d0c9e0f60652 1a21cd46d0044f979a1870a05eac05ce fee5744fa171485a80c1b2dc6a4d1eed - - default default] 10.0.0.35 "GET /v2.0/extensions/project-id HTTP/1.1" status: 200 len: 398 time: 0.0060463
2026-09-07 19:34:19.399 9 INFO neutron.wsgi [None req-629ab098-f8b2-4354-ab28-ac14d42ca266 1a21cd46d0044f979a1870a05eac05ce fee5744fa171485a80c1b2dc6a4d1eed - - default default] 10.0.0.35 "GET /v2.0/extensions/provider HTTP/1.1" status: 200 len: 385 time: 0.0063157
2026-09-07 19:34:19.410 9 INFO neutron.wsgi [None req-64055ea8-5d51-415b-bd79-952843a74443 1a21cd46d0044f979a1870a05eac05ce fee5744fa171485a80c1b2dc6a4d1eed - - default default] 10.0.0.35 "GET /v2.0/extensions/qos HTTP/1.1" status: 200 len: 360 time: 0.0070868
2026-09-07 19:34:19.420 9 INFO neutron.wsgi [None req-a914cb69-ca74-4ae8-ae83-d8f97a445742 1a21cd46d0044f979a1870a05eac05ce fee5744fa171485a80c1b2dc6a4d1eed - - default default] 10.0.0.35 "GET /v2.0/extensions/qos-bw-limit-direction HTTP/1.1" status: 200 len: 452 time: 0.0062482
2026-09-07 19:34:19.433 9 INFO neutron.wsgi [None req-73415dab-1760-409b-9fe3-cacef99e9cfd 1a21cd46d0044f979a1870a05eac05ce fee5744fa171485a80c1b2dc6a4d1eed - - default default] 10.0.0.35 "GET /v2.0/extensions/qos-bw-minimum-ingress HTTP/1.1" status: 200 len: 445 time: 0.0063903
2026-09-07 19:34:19.444 9 INFO neutron.wsgi [None req-c99a539b-bbd4-4589-af81-ac6e291e1801 1a21cd46d0044f979a1870a05eac05ce fee5744fa171485a80c1b2dc6a4d1eed - - default default] 10.0.0.35 "GET /v2.0/extensions/qos-default HTTP/1.1" status: 200 len: 377 time: 0.0072768
2026-09-07 19:34:19.458 9 INFO neutron.wsgi [None req-bf7198a8-1b12-4f05-8b90-75cb8f700e3c 1a21cd46d0044f979a1870a05eac05ce fee5744fa171485a80c1b2dc6a4d1eed - - default default] 10.0.0.35 "GET /v2.0/extensions/qos-fip HTTP/1.1" status: 200 len: 372 time: 0.0093284
2026-09-07 19:34:19.468 10 INFO neutron.wsgi [None req-944edd94-1033-4d25-834f-c55a3c2131ea 1a21cd46d0044f979a1870a05eac05ce fee5744fa171485a80c1b2dc6a4d1eed - - default default] 10.0.0.35 "GET /v2.0/extensions/qos-gateway-ip HTTP/1.1" status: 200 len: 391 time: 0.0050352
2026-09-07 19:34:19.477 9 INFO neutron.wsgi [None req-4f96a22a-daaf-4e82-9b48-b046b78197a7 1a21cd46d0044f979a1870a05eac05ce fee5744fa171485a80c1b2dc6a4d1eed - - default default] 10.0.0.35 "GET /v2.0/extensions/qos-port-network-policy HTTP/1.1" status: 200 len: 403 time: 0.0049481
2026-09-07 19:34:19.485 9 INFO neutron.wsgi [None req-895a4db1-1763-4dd6-8ebf-05b69b366948 1a21cd46d0044f979a1870a05eac05ce fee5744fa171485a80c1b2dc6a4d1eed - - default default] 10.0.0.35 "GET /v2.0/extensions/qos-pps-minimum HTTP/1.1" status: 200 len: 397 time: 0.0043101
2026-09-07 19:34:19.494 9 INFO neutron.wsgi [None req-cfa0932f-28f0-4974-a2ed-65d3fc17963a 1a21cd46d0044f979a1870a05eac05ce fee5744fa171485a80c1b2dc6a4d1eed - - default default] 10.0.0.35 "GET /v2.0/extensions/qos-pps-minimum-rule-alias HTTP/1.1" status: 200 len: 471 time: 0.0050139
2026-09-07 19:34:19.503 10 INFO neutron.wsgi [None req-7179212c-cbc4-461f-b0ae-349e6e855feb 1a21cd46d0044f979a1870a05eac05ce fee5744fa171485a80c1b2dc6a4d1eed - - default default] 10.0.0.35 "GET /v2.0/extensions/qos-pps HTTP/1.1" status: 200 len: 389 time: 0.0045173
2026-09-07 19:34:19.512 9 INFO neutron.wsgi [None req-0d01808f-815e-41dd-9b5b-f5acf9e462d3 1a21cd46d0044f979a1870a05eac05ce fee5744fa171485a80c1b2dc6a4d1eed - - default default] 10.0.0.35 "GET /v2.0/extensions/qos-rule-type-details HTTP/1.1" status: 200 len: 423 time: 0.0053985
2026-09-07 19:34:19.522 10 INFO neutron.wsgi [None req-64673da6-e4c3-45b9-bf6b-7c4d01bd3f13 1a21cd46d0044f979a1870a05eac05ce fee5744fa171485a80c1b2dc6a4d1eed - - default default] 10.0.0.35 "GET /v2.0/extensions/qos-rule-type-filter HTTP/1.1" status: 200 len: 567 time: 0.0063818
2026-09-07 19:34:19.528 10 WARNING neutron.scheduler.dhcp_agent_scheduler [None req-47dab743-11e0-4648-88e5-04b79087c3fb 88ebed7201fe4290a07a136750eeffa6 76f0d56b2a86476bb81a24f289674162 - - default default] No more DHCP agents
2026-09-07 19:34:19.530 10 WARNING neutron.api.rpc.agentnotifiers.dhcp_rpc_agent_api [None req-47dab743-11e0-4648-88e5-04b79087c3fb 88ebed7201fe4290a07a136750eeffa6 76f0d56b2a86476bb81a24f289674162 - - default default] Unable to schedule network 20bdda84-5fa2-4ad8-acd0-eb2d2c51cd37: no agents available; will retry on subsequent port and subnet creation events.
2026-09-07 19:34:19.534 9 INFO neutron.wsgi [None req-64c75f14-ee77-4c5c-ab25-95992b2f407b 1a21cd46d0044f979a1870a05eac05ce fee5744fa171485a80c1b2dc6a4d1eed - - default default] 10.0.0.35 "GET /v2.0/extensions/qos-rules-alias HTTP/1.1" status: 200 len: 448 time: 0.0076725
2026-09-07 19:34:19.544 9 INFO neutron.wsgi [None req-8f9b04ba-cb32-4e4e-a2c1-26fe704b1a39 1a21cd46d0044f979a1870a05eac05ce fee5744fa171485a80c1b2dc6a4d1eed - - default default] 10.0.0.35 "GET /v2.0/extensions/quota-check-limit HTTP/1.1" status: 200 len: 420 time: 0.0059478
2026-09-07 19:34:19.556 9 INFO neutron.wsgi [None req-19c5a59d-cb16-48f6-822d-deed5f35c1b3 1a21cd46d0044f979a1870a05eac05ce fee5744fa171485a80c1b2dc6a4d1eed - - default default] 10.0.0.35 "GET /v2.0/extensions/quotas HTTP/1.1" status: 200 len: 386 time: 0.0064025
2026-09-07 19:34:19.567 9 INFO neutron.wsgi [None req-e4c3133d-fb86-4b30-a70b-0405f31b0193 1a21cd46d0044f979a1870a05eac05ce fee5744fa171485a80c1b2dc6a4d1eed - - default default] 10.0.0.35 "GET /v2.0/extensions/quota_details HTTP/1.1" status: 200 len: 407 time: 0.0061743
2026-09-07 19:34:19.579 9 INFO neutron.wsgi [None req-694fde85-b1d2-4928-bd74-f2a2e49cc855 1a21cd46d0044f979a1870a05eac05ce fee5744fa171485a80c1b2dc6a4d1eed - - default default] 10.0.0.35 "GET /v2.0/extensions/rbac-policies HTTP/1.1" status: 200 len: 417 time: 0.0074210
2026-09-07 19:34:19.592 9 INFO neutron.wsgi [None req-e6dc01f2-3cbc-4898-94c8-ac5254189720 1a21cd46d0044f979a1870a05eac05ce fee5744fa171485a80c1b2dc6a4d1eed - - default default] 10.0.0.35 "GET /v2.0/extensions/rbac-address-scope HTTP/1.1" status: 200 len: 384 time: 0.0068066
2026-09-07 19:34:19.604 9 INFO neutron.wsgi [None req-d0c82001-583d-4631-811f-a7da20fc2f2d 1a21cd46d0044f979a1870a05eac05ce fee5744fa171485a80c1b2dc6a4d1eed - - default default] 10.0.0.35 "GET /v2.0/extensions/rbac-security-groups HTTP/1.1" status: 200 len: 404 time: 0.0065863
2026-09-07 19:34:19.614 9 INFO neutron.wsgi [None req-ffdbcd96-94ee-47de-b031-d9ba97639b93 1a21cd46d0044f979a1870a05eac05ce fee5744fa171485a80c1b2dc6a4d1eed - - default default] 10.0.0.35 "GET /v2.0/extensions/revision-if-match HTTP/1.1" status: 200 len: 441 time: 0.0050993
2026-09-07 19:34:19.624 10 INFO neutron.wsgi [None req-c0e7ed13-e735-43ea-b226-2b78af258a1e 1a21cd46d0044f979a1870a05eac05ce fee5744fa171485a80c1b2dc6a4d1eed - - default default] 10.0.0.35 "GET /v2.0/extensions/standard-attr-revisions HTTP/1.1" status: 200 len: 423 time: 0.0054300
2026-09-07 19:34:19.637 9 INFO neutron.wsgi [None req-ba60a4eb-6ba0-4e71-b786-22108c135280 1a21cd46d0044f979a1870a05eac05ce fee5744fa171485a80c1b2dc6a4d1eed - - default default] 10.0.0.35 "GET /v2.0/extensions/router_availability_zone HTTP/1.1" status: 200 len: 391 time: 0.0077534
2026-09-07 19:34:19.651 9 INFO neutron.wsgi [None req-bd71a5a0-15cd-4fee-9fa8-87cdfc35eee3 1a21cd46d0044f979a1870a05eac05ce fee5744fa171485a80c1b2dc6a4d1eed - - default default] 10.0.0.35 "GET /v2.0/extensions/security-groups-normalized-cidr HTTP/1.1" status: 200 len: 445 time: 0.0079327
2026-09-07 19:34:19.665 9 INFO neutron.wsgi [None req-48046948-372d-45bf-af11-8f8e5cd2d559 1a21cd46d0044f979a1870a05eac05ce fee5744fa171485a80c1b2dc6a4d1eed - - default default] 10.0.0.35 "GET /v2.0/extensions/security-groups-remote-address-group HTTP/1.1" status: 200 len: 448 time: 0.0087855
2026-09-07 19:34:19.680 9 INFO neutron.wsgi [None req-d26aff15-dce3-487b-a290-ab5cf79ad315 1a21cd46d0044f979a1870a05eac05ce fee5744fa171485a80c1b2dc6a4d1eed - - default default] 10.0.0.35 "GET /v2.0/extensions/security-groups-shared-filtering HTTP/1.1" status: 200 len: 435 time: 0.0090415
2026-09-07 19:34:19.692 9 INFO neutron.wsgi [None req-ccb094b4-37fa-44cd-9d92-c09d0e3db791 1a21cd46d0044f979a1870a05eac05ce fee5744fa171485a80c1b2dc6a4d1eed - - default default] 10.0.0.35 "GET /v2.0/extensions/security-group HTTP/1.1" status: 200 len: 364 time: 0.0049109
2026-09-07 19:34:19.706 9 INFO neutron.wsgi [None req-baaeb48d-8e68-4671-b57d-bd0752c06821 1a21cd46d0044f979a1870a05eac05ce fee5744fa171485a80c1b2dc6a4d1eed - - default default] 10.0.0.35 "GET /v2.0/extensions/segment HTTP/1.1" status: 200 len: 339 time: 0.0058494
2026-09-07 19:34:19.720 9 INFO neutron.wsgi [None req-4a62af6e-c9dd-49ae-81dd-8016d835efab 1a21cd46d0044f979a1870a05eac05ce fee5744fa171485a80c1b2dc6a4d1eed - - default default] 10.0.0.35 "GET /v2.0/extensions/segments-peer-subnet-host-routes HTTP/1.1" status: 200 len: 427 time: 0.0057328
2026-09-07 19:34:19.732 10 INFO neutron.wsgi [None req-78d5fc51-c5fa-468f-b04e-f961b60d0b2b 1a21cd46d0044f979a1870a05eac05ce fee5744fa171485a80c1b2dc6a4d1eed - - default default] 10.0.0.35 "GET /v2.0/extensions/service-type HTTP/1.1" status: 200 len: 415 time: 0.0053210
2026-09-07 19:34:19.746 9 INFO neutron.wsgi [None req-3a621b02-e08c-4f23-a778-776807d5b2d2 1a21cd46d0044f979a1870a05eac05ce fee5744fa171485a80c1b2dc6a4d1eed - - default default] 10.0.0.35 "GET /v2.0/extensions/sorting HTTP/1.1" status: 200 len: 377 time: 0.0047214
2026-09-07 19:34:19.760 9 INFO neutron.wsgi [None req-0d3d5099-a9f7-42d2-8e7c-11e4a815d91d 1a21cd46d0044f979a1870a05eac05ce fee5744fa171485a80c1b2dc6a4d1eed - - default default] 10.0.0.35 "GET /v2.0/extensions/standard-attr-segment HTTP/1.1" status: 200 len: 406 time: 0.0074666
2026-09-07 19:34:19.775 9 INFO neutron.wsgi [None req-f58cc3d6-5da4-47dc-93f5-afe8786491f3 1a21cd46d0044f979a1870a05eac05ce fee5744fa171485a80c1b2dc6a4d1eed - - default default] 10.0.0.35 "GET /v2.0/extensions/standard-attr-description HTTP/1.1" status: 200 len: 408 time: 0.0086133
2026-09-07 19:34:19.791 9 INFO neutron.wsgi [None req-3747bbe1-02a0-4662-9546-bc451b227756 1a21cd46d0044f979a1870a05eac05ce fee5744fa171485a80c1b2dc6a4d1eed - - default default] 10.0.0.35 "GET /v2.0/extensions/stateful-security-group HTTP/1.1" status: 200 len: 402 time: 0.0076792
2026-09-07 19:34:19.802 9 INFO neutron.wsgi [None req-5ff5e594-3103-41c8-b84b-cfd7acfadd69 1a21cd46d0044f979a1870a05eac05ce fee5744fa171485a80c1b2dc6a4d1eed - - default default] 10.0.0.35 "GET /v2.0/extensions/subnet-dns-publish-fixed-ip HTTP/1.1" status: 200 len: 421 time: 0.0051525
2026-09-07 19:34:19.812 10 INFO neutron.wsgi [None req-ce5a28b6-4f3f-4868-88b2-0755b03ff1e5 1a21cd46d0044f979a1870a05eac05ce fee5744fa171485a80c1b2dc6a4d1eed - - default default] 10.0.0.35 "GET /v2.0/extensions/subnet-segmentid-writable HTTP/1.1" status: 200 len: 421 time: 0.0042627
2026-09-07 19:34:19.830 9 INFO neutron.wsgi [None req-cb25fccd-91eb-4e95-b719-53fad4e5ea84 1a21cd46d0044f979a1870a05eac05ce fee5744fa171485a80c1b2dc6a4d1eed - - default default] 10.0.0.35 "GET /v2.0/extensions/subnet-service-types HTTP/1.1" status: 200 len: 400 time: 0.0081530
2026-09-07 19:34:19.840 10 INFO neutron.wsgi [None req-91da6edf-7097-4418-b2eb-491af278758c 1a21cd46d0044f979a1870a05eac05ce fee5744fa171485a80c1b2dc6a4d1eed - - default default] 10.0.0.35 "GET /v2.0/extensions/subnet_allocation HTTP/1.1" status: 200 len: 388 time: 0.0031650
2026-09-07 19:34:19.850 9 INFO neutron.wsgi [None req-82ff47b5-1b93-4e4c-895b-58d4984bb6db 1a21cd46d0044f979a1870a05eac05ce fee5744fa171485a80c1b2dc6a4d1eed - - default default] 10.0.0.35 "GET /v2.0/extensions/subnetpool-prefix-ops HTTP/1.1" status: 200 len: 418 time: 0.0049665
2026-09-07 19:34:19.860 9 INFO neutron.wsgi [None req-60bb767c-2923-4bb1-b1bd-796d3c02e590 1a21cd46d0044f979a1870a05eac05ce fee5744fa171485a80c1b2dc6a4d1eed - - default default] 10.0.0.35 "GET /v2.0/extensions/standard-attr-tag HTTP/1.1" status: 200 len: 537 time: 0.0047987
2026-09-07 19:34:19.868 9 INFO neutron.wsgi [None req-8641e67e-ab0a-4d7c-b5e1-1d6d682da742 1a21cd46d0044f979a1870a05eac05ce fee5744fa171485a80c1b2dc6a4d1eed - - default default] 10.0.0.35 "GET /v2.0/extensions/standard-attr-timestamp HTTP/1.1" status: 200 len: 449 time: 0.0046532
2026-09-07 19:34:19.876 9 INFO neutron.wsgi [None req-d8116b01-50d4-4dbf-b324-c93c949fc21b 1a21cd46d0044f979a1870a05eac05ce fee5744fa171485a80c1b2dc6a4d1eed - - default default] 10.0.0.35 "GET /v2.0/extensions/trunk HTTP/1.1" status: 200 len: 358 time: 0.0046313
2026-09-07 19:34:19.893 10 INFO neutron.wsgi [None req-fd52fabb-9f6f-45b7-b567-c2a647aab01d 1a21cd46d0044f979a1870a05eac05ce fee5744fa171485a80c1b2dc6a4d1eed - - default default] 10.0.0.35 "GET /v2.0/extensions/trunk-details HTTP/1.1" status: 200 len: 362 time: 0.0097108
2026-09-07 19:34:19.959 10 INFO neutron.db.ovn_revision_numbers_db [None req-47dab743-11e0-4648-88e5-04b79087c3fb 88ebed7201fe4290a07a136750eeffa6 76f0d56b2a86476bb81a24f289674162 - - default default] Successfully bumped revision number for resource 77f14138-efd8-4dae-b587-766e771f3e53 (type: ports) to 2
2026-09-07 19:34:19.983 10 INFO neutron.db.ovn_revision_numbers_db [None req-47dab743-11e0-4648-88e5-04b79087c3fb 88ebed7201fe4290a07a136750eeffa6 76f0d56b2a86476bb81a24f289674162 - - default default] Successfully bumped revision number for resource ce9129e0-8264-4106-acd0-0ba8f455fa8c (type: subnets) to 0
2026-09-07 19:34:19.996 10 INFO neutron.wsgi [None req-47dab743-11e0-4648-88e5-04b79087c3fb 88ebed7201fe4290a07a136750eeffa6 76f0d56b2a86476bb81a24f289674162 - - default default] 10.0.0.35 "POST /v2.0/subnets HTTP/1.1" status: 201 len: 801 time: 0.7275274
2026-09-07 19:34:20.230 10 WARNING neutron.scheduler.dhcp_agent_scheduler [None req-60bf87c0-e03f-4f40-a53f-99ffbe4092f9 88ebed7201fe4290a07a136750eeffa6 76f0d56b2a86476bb81a24f289674162 - - default default] No more DHCP agents
2026-09-07 19:34:20.237 10 WARNING neutron.api.rpc.agentnotifiers.dhcp_rpc_agent_api [None req-60bf87c0-e03f-4f40-a53f-99ffbe4092f9 88ebed7201fe4290a07a136750eeffa6 76f0d56b2a86476bb81a24f289674162 - - default default] Unable to schedule network 20bdda84-5fa2-4ad8-acd0-eb2d2c51cd37: no agents available; will retry on subsequent port and subnet creation events.
2026-09-07 19:34:20.375 10 INFO neutron.db.ovn_revision_numbers_db [None req-60bf87c0-e03f-4f40-a53f-99ffbe4092f9 88ebed7201fe4290a07a136750eeffa6 76f0d56b2a86476bb81a24f289674162 - - default default] Successfully bumped revision number for resource 2c18a8c9-919a-48c0-95f8-ddec293aaa3a (type: ports) to 1
2026-09-07 19:34:20.399 10 INFO neutron.wsgi [None req-60bf87c0-e03f-4f40-a53f-99ffbe4092f9 88ebed7201fe4290a07a136750eeffa6 76f0d56b2a86476bb81a24f289674162 - - default default] 10.0.0.35 "POST /v2.0/ports HTTP/1.1" status: 201 len: 1148 time: 0.3950665 /var/lib/openstack/lib/python3.10/site-packages/pycadf/identifier.py:71: UserWarning: Invalid uuid: neutron. To ensure interoperability, identifiers should be a valid uuid. warnings.warn(('Invalid uuid: %s. To ensure interoperability, '
2026-09-07 19:34:20.591 10 INFO neutron.wsgi [req-154326c4-d254-40e7-8c0f-0bf8b3e4002a req-fb71f352-530f-41d6-8187-4af21ee362f1 2d7e3f95d2284650a40950bbff7f2994 e0afda8232b74fa597e36532eb60d362 - - default default] 10.0.0.1 "GET /v2.0/ports?device_id=aaa1bc62-6b0e-4c7a-a6ff-71768fe05146 HTTP/1.1" status: 200 len: 1170 time: 0.1233299
2026-09-07 19:34:20.654 10 INFO neutron.wsgi [req-154326c4-d254-40e7-8c0f-0bf8b3e4002a req-10369ca2-c862-41e1-9aa9-19bc79ab1a73 2d7e3f95d2284650a40950bbff7f2994 e0afda8232b74fa597e36532eb60d362 - - default default] 10.0.0.1 "GET /v2.0/security-groups?id=7af57a8c-f35b-4434-9da0-0c1418b716f1&fields=id&fields=name HTTP/1.1" status: 200 len: 313 time: 0.0545349
2026-09-07 19:34:20.675 10 INFO neutron.db.ovn_revision_numbers_db [None req-7341f3fa-845d-43c7-a524-ce922619876f abd2d3e2a7644e85af965d63bd0868a6 b5a920c831ab477e8569fcfb39c1e131 - - default default] Successfully bumped revision number for resource ccfcb6c9-7b09-4880-a0f2-9a312d5a08fa (type: security_groups) to 1
2026-09-07 19:34:20.692 10 INFO neutron.db.ovn_revision_numbers_db [None req-7341f3fa-845d-43c7-a524-ce922619876f abd2d3e2a7644e85af965d63bd0868a6 b5a920c831ab477e8569fcfb39c1e131 - - default default] Successfully bumped revision number for resource 123da102-7d23-40a1-91f3-9881c02fcb15 (type: security_group_rules) to 0
2026-09-07 19:34:20.717 10 INFO neutron.db.ovn_revision_numbers_db [None req-7341f3fa-845d-43c7-a524-ce922619876f abd2d3e2a7644e85af965d63bd0868a6 b5a920c831ab477e8569fcfb39c1e131 - - default default] Successfully bumped revision number for resource 30275757-22bb-496b-8ad7-ff46bc1c8f23 (type: security_group_rules) to 0
2026-09-07 19:34:20.734 10 INFO neutron.db.ovn_revision_numbers_db [None req-7341f3fa-845d-43c7-a524-ce922619876f abd2d3e2a7644e85af965d63bd0868a6 b5a920c831ab477e8569fcfb39c1e131 - - default default] Successfully bumped revision number for resource c2643332-9923-47c5-8778-5b8ce93f8841 (type: security_group_rules) to 0
2026-09-07 19:34:20.750 10 INFO neutron.db.ovn_revision_numbers_db [None req-7341f3fa-845d-43c7-a524-ce922619876f abd2d3e2a7644e85af965d63bd0868a6 b5a920c831ab477e8569fcfb39c1e131 - - default default] Successfully bumped revision number for resource c5787923-f41a-4fb5-8f4a-dcf51bd7c859 (type: security_group_rules) to 0
2026-09-07 19:34:20.784 10 INFO neutron.wsgi [None req-7341f3fa-845d-43c7-a524-ce922619876f abd2d3e2a7644e85af965d63bd0868a6 b5a920c831ab477e8569fcfb39c1e131 - - default default] 10.0.0.35 "GET /v2.0/security-groups?tenant_id=fee5744fa171485a80c1b2dc6a4d1eed&name=default HTTP/1.1" status: 200 len: 2996 time: 0.3903651
2026-09-07 19:34:20.816 10 INFO neutron.wsgi [None req-e1524440-0210-49df-9cb9-f2b1207d8e04 88ebed7201fe4290a07a136750eeffa6 76f0d56b2a86476bb81a24f289674162 - - default default] 10.0.0.35 "DELETE /v2.0/ports/2c18a8c9-919a-48c0-95f8-ddec293aaa3a HTTP/1.1" status: 204 len: 168 time: 0.4107947
2026-09-07 19:34:20.844 10 INFO neutron.pecan_wsgi.hooks.translation [None req-58cbd869-d1e3-43d8-ae3d-d7bdb19b0129 88ebed7201fe4290a07a136750eeffa6 76f0d56b2a86476bb81a24f289674162 - - default default] DELETE failed (client error): The resource could not be found.
2026-09-07 19:34:20.846 10 INFO neutron.wsgi [None req-58cbd869-d1e3-43d8-ae3d-d7bdb19b0129 88ebed7201fe4290a07a136750eeffa6 76f0d56b2a86476bb81a24f289674162 - - default default] 10.0.0.35 "DELETE /v2.0/ports/2c18a8c9-919a-48c0-95f8-ddec293aaa3a HTTP/1.1" status: 404 len: 333 time: 0.0227134
2026-09-07 19:34:20.865 10 INFO neutron.pecan_wsgi.hooks.translation [None req-e5bc2120-8ee3-4352-a135-682bb6160bf3 88ebed7201fe4290a07a136750eeffa6 76f0d56b2a86476bb81a24f289674162 - - default default] GET failed (client error): The resource could not be found.
2026-09-07 19:34:20.866 10 INFO neutron.wsgi [None req-e5bc2120-8ee3-4352-a135-682bb6160bf3 88ebed7201fe4290a07a136750eeffa6 76f0d56b2a86476bb81a24f289674162 - - default default] 10.0.0.35 "GET /v2.0/ports/2c18a8c9-919a-48c0-95f8-ddec293aaa3a HTTP/1.1" status: 404 len: 333 time: 0.0137424
2026-09-07 19:34:20.916 9 INFO neutron.plugins.ml2.drivers.ovn.mech_driver.mech_driver [None req-a1a9e32f-5372-41c5-847d-33ef8807686b - - - - - -] OVN reports status down for port: 52eedee0-cba3-4719-80db-42672e360096
2026-09-07 19:34:20.941 10 INFO neutron.wsgi [req-7c43ff00-6354-4b94-93ba-9d8240b84c19 req-b5b727a6-e62b-4672-a680-40344e6e612e 2d7e3f95d2284650a40950bbff7f2994 e0afda8232b74fa597e36532eb60d362 - - default default] 10.0.0.1 "GET /v2.0/ports?device_id=aaa1bc62-6b0e-4c7a-a6ff-71768fe05146 HTTP/1.1" status: 200 len: 1170 time: 0.0509028
2026-09-07 19:34:21.004 10 INFO neutron.wsgi [req-7c43ff00-6354-4b94-93ba-9d8240b84c19 req-94647b54-e44e-44b9-a423-067f9abbf170 2d7e3f95d2284650a40950bbff7f2994 e0afda8232b74fa597e36532eb60d362 - - default default] 10.0.0.1 "GET /v2.0/security-groups?id=7af57a8c-f35b-4434-9da0-0c1418b716f1&fields=id&fields=name HTTP/1.1" status: 200 len: 313 time: 0.0551839
2026-09-07 19:34:21.057 9 INFO neutron.notifiers.nova [-] Nova event matching ['req-299696c0-38ce-406f-8f3f-c155b558b2af'] response: {'server_uuid': 'aaa1bc62-6b0e-4c7a-a6ff-71768fe05146', 'name': 'network-vif-unplugged', 'status': 'completed', 'tag': '52eedee0-cba3-4719-80db-42672e360096', 'code': 200}
2026-09-07 19:34:21.145 10 INFO neutron.wsgi [None req-70bbf1e3-a6c5-4c23-b29c-3a16694f7c1b 88ebed7201fe4290a07a136750eeffa6 76f0d56b2a86476bb81a24f289674162 - - default default] 10.0.0.35 "DELETE /v2.0/subnets/ce9129e0-8264-4106-acd0-0ba8f455fa8c HTTP/1.1" status: 204 len: 168 time: 0.2740290
2026-09-07 19:34:21.165 10 INFO neutron.wsgi [None req-3b297206-d1fe-4464-8b6b-1c8b99b39678 abd2d3e2a7644e85af965d63bd0868a6 b5a920c831ab477e8569fcfb39c1e131 - - default default] 10.0.0.35 "DELETE /v2.0/security-groups/ccfcb6c9-7b09-4880-a0f2-9a312d5a08fa HTTP/1.1" status: 204 len: 168 time: 0.3744326
2026-09-07 19:34:21.256 10 INFO neutron.wsgi [req-20b2110a-5947-44af-920a-3faa33ae5972 req-21b58b2a-6344-4be9-b783-4a8ec2fb52bb 2d7e3f95d2284650a40950bbff7f2994 e0afda8232b74fa597e36532eb60d362 - - default default] 162.253.55.34 "GET /v2.0/ports?device_id=aaa1bc62-6b0e-4c7a-a6ff-71768fe05146 HTTP/1.1" status: 200 len: 1168 time: 0.0421917
2026-09-07 19:34:21.502 10 INFO neutron.db.l3_db [req-20b2110a-5947-44af-920a-3faa33ae5972 req-0880f07f-d08f-42bf-abf4-5e58201b135e 2d7e3f95d2284650a40950bbff7f2994 e0afda8232b74fa597e36532eb60d362 - - default default] Floating IP ad1aa5d5-db29-4370-bd24-f86f74b3f7be disassociated. External IP: 10.96.250.218, port: 52eedee0-cba3-4719-80db-42672e360096.
2026-09-07 19:34:21.503 9 INFO neutron.db.ovn_revision_numbers_db [None req-a1a9e32f-5372-41c5-847d-33ef8807686b - - - - - -] Successfully bumped revision number for resource 52eedee0-cba3-4719-80db-42672e360096 (type: ports) to 7
2026-09-07 19:34:21.718 10 INFO neutron.wsgi [req-20b2110a-5947-44af-920a-3faa33ae5972 req-0880f07f-d08f-42bf-abf4-5e58201b135e 2d7e3f95d2284650a40950bbff7f2994 e0afda8232b74fa597e36532eb60d362 - - default default] 162.253.55.34 "DELETE /v2.0/ports/52eedee0-cba3-4719-80db-42672e360096 HTTP/1.1" status: 204 len: 173 time: 0.4582758
2026-09-07 19:34:21.737 9 INFO neutron.services.segments.plugin [-] Segment aeddc5de-5a53-4f7e-bbe7-c0b8154a776b resource provider aggregate not found
2026-09-07 19:34:21.746 9 INFO neutron.services.segments.plugin [-] Segment aeddc5de-5a53-4f7e-bbe7-c0b8154a776b resource provider aggregate not found
2026-09-07 19:34:21.760 9 INFO neutron.services.segments.plugin [-] Segment aeddc5de-5a53-4f7e-bbe7-c0b8154a776b resource provider not found; error: Placement Client Error (4xx): {"errors": [{"status": 404, "title": "Not Found", "detail": "The resource could not be found.\n\n No resource provider with uuid aeddc5de-5a53-4f7e-bbe7-c0b8154a776b found for delete ", "request_id": "req-ae9120b6-4669-4792-a661-ffcb05b3f4be"}]}
2026-09-07 19:34:21.773 10 INFO neutron.notifiers.nova [-] Nova event matching ['req-c84ddc4f-0ebe-498c-85ac-0675b0770bb6'] response: {'server_uuid': 'aaa1bc62-6b0e-4c7a-a6ff-71768fe05146', 'name': 'network-vif-deleted', 'tag': '52eedee0-cba3-4719-80db-42672e360096', 'status': 'completed', 'code': 200}
2026-09-07 19:34:21.775 9 INFO neutron.services.segments.plugin [-] Segment aeddc5de-5a53-4f7e-bbe7-c0b8154a776b resource provider not found; error: Placement Client Error (4xx): {"errors": [{"status": 404, "title": "Not Found", "detail": "The resource could not be found.\n\n No resource provider with uuid aeddc5de-5a53-4f7e-bbe7-c0b8154a776b found for delete ", "request_id": "req-c6b2a17b-22d7-4056-ae69-6daebb0ddfa9"}]}
2026-09-07 19:34:21.785 9 INFO neutron.wsgi [None req-00953f23-db6e-4507-945f-60f1a741c136 88ebed7201fe4290a07a136750eeffa6 76f0d56b2a86476bb81a24f289674162 - - default default] 10.0.0.35 "DELETE /v2.0/networks/20bdda84-5fa2-4ad8-acd0-eb2d2c51cd37 HTTP/1.1" status: 204 len: 168 time: 0.6336377 /var/lib/openstack/lib/python3.10/site-packages/pycadf/identifier.py:71: UserWarning: Invalid uuid: neutron. To ensure interoperability, identifiers should be a valid uuid. warnings.warn(('Invalid uuid: %s. To ensure interoperability, '
2026-09-07 19:34:21.891 9 INFO neutron.db.segments_db [None req-57121f41-0e66-4999-8689-3c3b0d79651b 88ebed7201fe4290a07a136750eeffa6 76f0d56b2a86476bb81a24f289674162 - - default default] Added segment 47120e3e-6d53-4850-a496-a066a4e0f096 of type geneve for network ca8293e9-b11f-4724-a9a9-0fa4edf37924
2026-09-07 19:34:22.068 9 INFO neutron.db.ovn_revision_numbers_db [None req-57121f41-0e66-4999-8689-3c3b0d79651b 88ebed7201fe4290a07a136750eeffa6 76f0d56b2a86476bb81a24f289674162 - - default default] Successfully bumped revision number for resource ca8293e9-b11f-4724-a9a9-0fa4edf37924 (type: networks) to 1 /var/lib/openstack/lib/python3.10/site-packages/pycadf/identifier.py:71: UserWarning: Invalid uuid: neutron. To ensure interoperability, identifiers should be a valid uuid. warnings.warn(('Invalid uuid: %s. To ensure interoperability, '
2026-09-07 19:34:22.245 9 WARNING neutron.scheduler.dhcp_agent_scheduler [None req-57121f41-0e66-4999-8689-3c3b0d79651b 88ebed7201fe4290a07a136750eeffa6 76f0d56b2a86476bb81a24f289674162 - - default default] No more DHCP agents
2026-09-07 19:34:22.251 9 WARNING neutron.api.rpc.agentnotifiers.dhcp_rpc_agent_api [None req-57121f41-0e66-4999-8689-3c3b0d79651b 88ebed7201fe4290a07a136750eeffa6 76f0d56b2a86476bb81a24f289674162 - - default default] Unable to schedule network ca8293e9-b11f-4724-a9a9-0fa4edf37924: no agents available; will retry on subsequent port and subnet creation events.
2026-09-07 19:34:22.322 10 INFO neutron.wsgi [None req-32fb7e6a-1bc5-4715-8f46-16802e1abc65 2d7e3f95d2284650a40950bbff7f2994 e0afda8232b74fa597e36532eb60d362 - - default default] 10.0.0.35 "DELETE /v2.0/security-groups/7af57a8c-f35b-4434-9da0-0c1418b716f1 HTTP/1.1" status: 204 len: 168 time: 0.1881640
2026-09-07 19:34:22.330 9 INFO neutron.db.ovn_revision_numbers_db [None req-57121f41-0e66-4999-8689-3c3b0d79651b 88ebed7201fe4290a07a136750eeffa6 76f0d56b2a86476bb81a24f289674162 - - default default] Successfully bumped revision number for resource 7c20a2f1-9893-4aec-8066-0026109cf340 (type: ports) to 1
2026-09-07 19:34:22.338 10 INFO neutron.api.v2.resource [None req-7d8d832b-09ff-43d4-9a2f-9b70b91afc99 2d7e3f95d2284650a40950bbff7f2994 e0afda8232b74fa597e36532eb60d362 - - default default] show failed (client error): The resource could not be found.
2026-09-07 19:34:22.339 10 INFO neutron.wsgi [None req-7d8d832b-09ff-43d4-9a2f-9b70b91afc99 2d7e3f95d2284650a40950bbff7f2994 e0afda8232b74fa597e36532eb60d362 - - default default] 10.0.0.35 "GET /v2.0/security-groups/7af57a8c-f35b-4434-9da0-0c1418b716f1 HTTP/1.1" status: 404 len: 347 time: 0.0115016
2026-09-07 19:34:22.350 9 INFO neutron.wsgi [None req-57121f41-0e66-4999-8689-3c3b0d79651b 88ebed7201fe4290a07a136750eeffa6 76f0d56b2a86476bb81a24f289674162 - - default default] 10.0.0.35 "POST /v2.0/networks HTTP/1.1" status: 201 len: 830 time: 0.5570002
2026-09-07 19:34:22.582 10 WARNING neutron.scheduler.dhcp_agent_scheduler [None req-925f4d62-9232-4fad-8daa-3d4ea635a9c4 88ebed7201fe4290a07a136750eeffa6 76f0d56b2a86476bb81a24f289674162 - - default default] No more DHCP agents
2026-09-07 19:34:22.584 10 WARNING neutron.api.rpc.agentnotifiers.dhcp_rpc_agent_api [None req-925f4d62-9232-4fad-8daa-3d4ea635a9c4 88ebed7201fe4290a07a136750eeffa6 76f0d56b2a86476bb81a24f289674162 - - default default] Unable to schedule network ca8293e9-b11f-4724-a9a9-0fa4edf37924: no agents available; will retry on subsequent port and subnet creation events.
2026-09-07 19:34:22.637 9 INFO neutron.wsgi [None req-d9cf4832-8d20-4df8-b15e-208dd09f7a42 2d7e3f95d2284650a40950bbff7f2994 e0afda8232b74fa597e36532eb60d362 - - default default] 10.0.0.35 "DELETE /v2.0/floatingips/ad1aa5d5-db29-4370-bd24-f86f74b3f7be HTTP/1.1" status: 204 len: 168 time: 0.2932315
2026-09-07 19:34:23.105 9 INFO neutron.notifiers.nova [-] Nova event matching ['req-d353c298-9b6d-490f-8a91-f024ed3637c0'] response: {'server_uuid': 'aaa1bc62-6b0e-4c7a-a6ff-71768fe05146', 'name': 'network-vif-plugged', 'status': 'completed', 'tag': '52eedee0-cba3-4719-80db-42672e360096', 'code': 200}
2026-09-07 19:34:23.146 10 INFO neutron.wsgi [-] 10.0.0.35 "GET / HTTP/1.1" status: 200 len: 279 time: 0.0025244
2026-09-07 19:34:23.162 10 INFO neutron.db.ovn_revision_numbers_db [None req-925f4d62-9232-4fad-8daa-3d4ea635a9c4 88ebed7201fe4290a07a136750eeffa6 76f0d56b2a86476bb81a24f289674162 - - default default] Successfully bumped revision number for resource 7c20a2f1-9893-4aec-8066-0026109cf340 (type: ports) to 2
2026-09-07 19:34:23.203 10 INFO neutron.db.ovn_revision_numbers_db [None req-925f4d62-9232-4fad-8daa-3d4ea635a9c4 88ebed7201fe4290a07a136750eeffa6 76f0d56b2a86476bb81a24f289674162 - - default default] Successfully bumped revision number for resource 14fef4c5-ac07-45ba-a797-734012e3b896 (type: subnets) to 0
2026-09-07 19:34:23.218 10 INFO neutron.wsgi [None req-925f4d62-9232-4fad-8daa-3d4ea635a9c4 88ebed7201fe4290a07a136750eeffa6 76f0d56b2a86476bb81a24f289674162 - - default default] 10.0.0.35 "POST /v2.0/subnets HTTP/1.1" status: 201 len: 801 time: 0.8628128
2026-09-07 19:34:23.408 9 INFO neutron.wsgi [None req-49663c0e-88ad-4f86-a36a-2f36be38a1de abd2d3e2a7644e85af965d63bd0868a6 b5a920c831ab477e8569fcfb39c1e131 - - default default] 10.0.0.35 "PUT /v2.0/routers/ad72ae26-4c60-45b9-a0a4-95d5a365e9b5/remove_router_interface HTTP/1.1" status: 200 len: 503 time: 0.7653008
2026-09-07 19:34:23.415 10 INFO neutron.wsgi [None req-93a9f45b-dee7-40c3-a4b5-d6992b0ce30d 3e2e81042004407cb8fa79fb156cdd14 05d149ac507a42b09a93fc580e112026 - - default default] 10.0.0.35 "GET /v2.0/ HTTP/1.1" status: 200 len: 826 time: 0.2635090 /var/lib/openstack/lib/python3.10/site-packages/pycadf/identifier.py:71: UserWarning: Invalid uuid: neutron. To ensure interoperability, identifiers should be a valid uuid. warnings.warn(('Invalid uuid: %s. To ensure interoperability, '
2026-09-07 19:34:23.481 10 WARNING neutron.scheduler.dhcp_agent_scheduler [None req-fcaf1af0-b2d6-47ca-aa46-be283cd0cb45 88ebed7201fe4290a07a136750eeffa6 76f0d56b2a86476bb81a24f289674162 - - default default] No more DHCP agents
2026-09-07 19:34:23.484 10 WARNING neutron.api.rpc.agentnotifiers.dhcp_rpc_agent_api [None req-fcaf1af0-b2d6-47ca-aa46-be283cd0cb45 88ebed7201fe4290a07a136750eeffa6 76f0d56b2a86476bb81a24f289674162 - - default default] Unable to schedule network ca8293e9-b11f-4724-a9a9-0fa4edf37924: no agents available; will retry on subsequent port and subnet creation events.
2026-09-07 19:34:23.627 10 INFO neutron.db.ovn_revision_numbers_db [None req-fcaf1af0-b2d6-47ca-aa46-be283cd0cb45 88ebed7201fe4290a07a136750eeffa6 76f0d56b2a86476bb81a24f289674162 - - default default] Successfully bumped revision number for resource 4c62c9ba-bd2f-42c7-a6cb-beb0c5f3db49 (type: ports) to 1
2026-09-07 19:34:23.675 10 INFO neutron.wsgi [None req-fcaf1af0-b2d6-47ca-aa46-be283cd0cb45 88ebed7201fe4290a07a136750eeffa6 76f0d56b2a86476bb81a24f289674162 - - default default] 10.0.0.35 "POST /v2.0/ports HTTP/1.1" status: 201 len: 1114 time: 0.4514368
2026-09-07 19:34:24.021 9 INFO neutron.wsgi [None req-ad4f93da-db22-47bf-993e-5757f8f771d9 abd2d3e2a7644e85af965d63bd0868a6 b5a920c831ab477e8569fcfb39c1e131 - - default default] 10.0.0.35 "DELETE /v2.0/routers/ad72ae26-4c60-45b9-a0a4-95d5a365e9b5 HTTP/1.1" status: 204 len: 168 time: 0.6050625
2026-09-07 19:34:24.021 10 INFO neutron.wsgi [None req-fb88fc8d-c72e-41f5-86b9-41e967991f64 88ebed7201fe4290a07a136750eeffa6 76f0d56b2a86476bb81a24f289674162 - - default default] 10.0.0.35 "DELETE /v2.0/ports/4c62c9ba-bd2f-42c7-a6cb-beb0c5f3db49 HTTP/1.1" status: 204 len: 168 time: 0.3376570
2026-09-07 19:34:24.044 9 INFO neutron.pecan_wsgi.hooks.translation [None req-1d30b700-0a1b-4690-b0d1-9aee15d4e6d5 88ebed7201fe4290a07a136750eeffa6 76f0d56b2a86476bb81a24f289674162 - - default default] GET failed (client error): The resource could not be found.
2026-09-07 19:34:24.046 9 INFO neutron.wsgi [None req-1d30b700-0a1b-4690-b0d1-9aee15d4e6d5 88ebed7201fe4290a07a136750eeffa6 76f0d56b2a86476bb81a24f289674162 - - default default] 10.0.0.35 "GET /v2.0/ports/4c62c9ba-bd2f-42c7-a6cb-beb0c5f3db49 HTTP/1.1" status: 404 len: 333 time: 0.0192912
2026-09-07 19:34:24.266 9 INFO neutron.wsgi [None req-047e594e-0cab-496b-838f-e84c0a5e153a 88ebed7201fe4290a07a136750eeffa6 76f0d56b2a86476bb81a24f289674162 - - default default] 10.0.0.35 "DELETE /v2.0/subnets/14fef4c5-ac07-45ba-a797-734012e3b896 HTTP/1.1" status: 204 len: 168 time: 0.2074997
2026-09-07 19:34:24.362 9 INFO neutron.db.ovn_revision_numbers_db [None req-4de871cf-2bdd-45f5-8efd-b14354851377 abd2d3e2a7644e85af965d63bd0868a6 b5a920c831ab477e8569fcfb39c1e131 - - default default] Successfully bumped revision number for resource eed23a0e-73c2-4f21-bb8b-2f864c90b8cb (type: security_groups) to 1
2026-09-07 19:34:24.384 9 INFO neutron.db.ovn_revision_numbers_db [None req-4de871cf-2bdd-45f5-8efd-b14354851377 abd2d3e2a7644e85af965d63bd0868a6 b5a920c831ab477e8569fcfb39c1e131 - - default default] Successfully bumped revision number for resource 0f9a1c0d-a8f2-4138-9aac-c687e684f80a (type: security_group_rules) to 0
2026-09-07 19:34:24.402 9 INFO neutron.db.ovn_revision_numbers_db [None req-4de871cf-2bdd-45f5-8efd-b14354851377 abd2d3e2a7644e85af965d63bd0868a6 b5a920c831ab477e8569fcfb39c1e131 - - default default] Successfully bumped revision number for resource 4b3de806-0ceb-4590-99af-af756f6ce768 (type: security_group_rules) to 0
2026-09-07 19:34:24.435 9 INFO neutron.db.ovn_revision_numbers_db [None req-4de871cf-2bdd-45f5-8efd-b14354851377 abd2d3e2a7644e85af965d63bd0868a6 b5a920c831ab477e8569fcfb39c1e131 - - default default] Successfully bumped revision number for resource 8fb9d4f8-a3c3-4320-8539-30fc3bc31083 (type: security_group_rules) to 0
2026-09-07 19:34:24.449 9 INFO neutron.db.ovn_revision_numbers_db [None req-4de871cf-2bdd-45f5-8efd-b14354851377 abd2d3e2a7644e85af965d63bd0868a6 b5a920c831ab477e8569fcfb39c1e131 - - default default] Successfully bumped revision number for resource 9f04d553-e002-4d07-b879-827df1bdeaad (type: security_group_rules) to 0
2026-09-07 19:34:24.467 10 INFO neutron.wsgi [None req-c96686ff-cd3a-4ddf-aa3e-247ca40e892f abd2d3e2a7644e85af965d63bd0868a6 b5a920c831ab477e8569fcfb39c1e131 - - default default] 10.0.0.35 "DELETE /v2.0/subnets/ff926fab-de0f-40ac-9371-110a55efdc91 HTTP/1.1" status: 204 len: 168 time: 0.4411371
2026-09-07 19:34:24.487 9 INFO neutron.wsgi [None req-4de871cf-2bdd-45f5-8efd-b14354851377 abd2d3e2a7644e85af965d63bd0868a6 b5a920c831ab477e8569fcfb39c1e131 - - default default] 10.0.0.35 "GET /v2.0/security-groups?tenant_id=05d149ac507a42b09a93fc580e112026&name=default HTTP/1.1" status: 200 len: 2996 time: 0.3624365
2026-09-07 19:34:24.648 9 INFO neutron.services.segments.plugin [-] Segment 47120e3e-6d53-4850-a496-a066a4e0f096 resource provider aggregate not found
2026-09-07 19:34:24.657 9 INFO neutron.services.segments.plugin [-] Segment 47120e3e-6d53-4850-a496-a066a4e0f096 resource provider aggregate not found
2026-09-07 19:34:24.665 9 INFO neutron.services.segments.plugin [-] Segment 47120e3e-6d53-4850-a496-a066a4e0f096 resource provider not found; error: Placement Client Error (4xx): {"errors": [{"status": 404, "title": "Not Found", "detail": "The resource could not be found.\n\n No resource provider with uuid 47120e3e-6d53-4850-a496-a066a4e0f096 found for delete ", "request_id": "req-2efaa756-f0fb-437a-bd4f-96861666be5b"}]}
2026-09-07 19:34:24.682 9 INFO neutron.services.segments.plugin [-] Segment 47120e3e-6d53-4850-a496-a066a4e0f096 resource provider not found; error: Placement Client Error (4xx): {"errors": [{"status": 404, "title": "Not Found", "detail": "The resource could not be found.\n\n No resource provider with uuid 47120e3e-6d53-4850-a496-a066a4e0f096 found for delete ", "request_id": "req-43c2e767-5bf1-4c94-be9f-7dbbaf09e5b8"}]}
2026-09-07 19:34:24.703 9 INFO neutron.wsgi [None req-c78e4f9f-48c4-4fc9-a687-efe80932b00b 88ebed7201fe4290a07a136750eeffa6 76f0d56b2a86476bb81a24f289674162 - - default default] 10.0.0.35 "DELETE /v2.0/networks/ca8293e9-b11f-4724-a9a9-0fa4edf37924 HTTP/1.1" status: 204 len: 168 time: 0.4312799
2026-09-07 19:34:24.783 10 INFO neutron.services.segments.plugin [-] Segment 94a10366-1a32-49cd-b92e-9994152a1077 resource provider aggregate not found
2026-09-07 19:34:24.788 10 INFO neutron.services.segments.plugin [-] Segment 94a10366-1a32-49cd-b92e-9994152a1077 resource provider aggregate not found
2026-09-07 19:34:24.811 10 INFO neutron.services.segments.plugin [-] Segment 94a10366-1a32-49cd-b92e-9994152a1077 resource provider not found; error: Placement Client Error (4xx): {"errors": [{"status": 404, "title": "Not Found", "detail": "The resource could not be found.\n\n No resource provider with uuid 94a10366-1a32-49cd-b92e-9994152a1077 found for delete ", "request_id": "req-2a1565eb-726f-471f-b6c0-13baf59ded40"}]}
2026-09-07 19:34:24.816 10 INFO neutron.services.segments.plugin [-] Segment 94a10366-1a32-49cd-b92e-9994152a1077 resource provider not found; error: Placement Client Error (4xx): {"errors": [{"status": 404, "title": "Not Found", "detail": "The resource could not be found.\n\n No resource provider with uuid 94a10366-1a32-49cd-b92e-9994152a1077 found for delete ", "request_id": "req-17ee61b9-aa41-42bc-9df2-1a48f380abeb"}]}
2026-09-07 19:34:24.830 9 INFO neutron.wsgi [None req-6341addf-19a9-4709-a1ec-29bb0e72cc99 abd2d3e2a7644e85af965d63bd0868a6 b5a920c831ab477e8569fcfb39c1e131 - - default default] 10.0.0.35 "DELETE /v2.0/security-groups/eed23a0e-73c2-4f21-bb8b-2f864c90b8cb HTTP/1.1" status: 204 len: 168 time: 0.3379402
2026-09-07 19:34:24.836 10 INFO neutron.wsgi [None req-09028b0c-4a51-46d7-9164-004ef56d23e3 abd2d3e2a7644e85af965d63bd0868a6 b5a920c831ab477e8569fcfb39c1e131 - - default default] 10.0.0.35 "DELETE /v2.0/networks/06a370f6-1e60-44cc-a6b1-a7b48a973652 HTTP/1.1" status: 204 len: 168 time: 0.3637738
2026-09-07 19:34:24.950 10 WARNING neutron.scheduler.dhcp_agent_scheduler [None req-91428d59-5d5b-4d9c-bffc-052a2e01684e 88ebed7201fe4290a07a136750eeffa6 76f0d56b2a86476bb81a24f289674162 - - default default] No more DHCP agents
2026-09-07 19:34:24.952 10 WARNING neutron.api.rpc.agentnotifiers.dhcp_rpc_agent_api [None req-91428d59-5d5b-4d9c-bffc-052a2e01684e 88ebed7201fe4290a07a136750eeffa6 76f0d56b2a86476bb81a24f289674162 - - default default] Unable to schedule network 3788687e-068e-4d76-b553-85128ce1a927: no agents available; will retry on subsequent port and subnet creation events.
2026-09-07 19:34:25.044 10 INFO neutron.db.ovn_revision_numbers_db [None req-91428d59-5d5b-4d9c-bffc-052a2e01684e 88ebed7201fe4290a07a136750eeffa6 76f0d56b2a86476bb81a24f289674162 - - default default] Successfully bumped revision number for resource 1c5e6063-e45f-4b74-847e-f6ef77de0999 (type: ports) to 1
2026-09-07 19:34:25.077 10 INFO neutron.wsgi [None req-91428d59-5d5b-4d9c-bffc-052a2e01684e 88ebed7201fe4290a07a136750eeffa6 76f0d56b2a86476bb81a24f289674162 - - default default] 10.0.0.35 "POST /v2.0/ports HTTP/1.1" status: 201 len: 974 time: 0.3638732 /var/lib/openstack/lib/python3.10/site-packages/pycadf/identifier.py:71: UserWarning: Invalid uuid: neutron. To ensure interoperability, identifiers should be a valid uuid. warnings.warn(('Invalid uuid: %s. To ensure interoperability, '
2026-09-07 19:34:25.166 9 INFO neutron.wsgi [None req-005d65ca-5bd0-4da7-9827-ec448f8db3f3 abd2d3e2a7644e85af965d63bd0868a6 b5a920c831ab477e8569fcfb39c1e131 - - default default] 10.0.0.35 "GET /v2.0/security-groups?tenant_id=e0afda8232b74fa597e36532eb60d362&name=default HTTP/1.1" status: 200 len: 2996 time: 0.0570219
2026-09-07 19:34:25.408 10 INFO neutron.plugins.ml2.drivers.ovn.mech_driver.mech_driver [None req-f9070b68-23b0-41f8-bf80-edfe70a9405c - - - - - -] OVN reports status down for port: 1c5e6063-e45f-4b74-847e-f6ef77de0999
2026-09-07 19:34:25.423 9 INFO neutron.wsgi [None req-fdcf546f-ed0d-44ae-860d-c3365bc7b7f9 abd2d3e2a7644e85af965d63bd0868a6 b5a920c831ab477e8569fcfb39c1e131 - - default default] 10.0.0.35 "DELETE /v2.0/security-groups/b4c1a85a-653b-475e-9e81-fb7e90c56d11 HTTP/1.1" status: 204 len: 168 time: 0.2526000
2026-09-07 19:34:25.511 10 INFO neutron.db.ovn_revision_numbers_db [None req-b9fc8dd7-99aa-47c2-a5b3-393dbdbbfc26 88ebed7201fe4290a07a136750eeffa6 76f0d56b2a86476bb81a24f289674162 - - default default] Successfully bumped revision number for resource 1c5e6063-e45f-4b74-847e-f6ef77de0999 (type: ports) to 2
2026-09-07 19:34:25.539 10 INFO neutron.wsgi [None req-b9fc8dd7-99aa-47c2-a5b3-393dbdbbfc26 88ebed7201fe4290a07a136750eeffa6 76f0d56b2a86476bb81a24f289674162 - - default default] 10.0.0.35 "PUT /v2.0/ports/1c5e6063-e45f-4b74-847e-f6ef77de0999 HTTP/1.1" status: 200 len: 946 time: 0.4571142 /var/lib/openstack/lib/python3.10/site-packages/pycadf/identifier.py:71: UserWarning: Invalid uuid: neutron. To ensure interoperability, identifiers should be a valid uuid. warnings.warn(('Invalid uuid: %s. To ensure interoperability, '
2026-09-07 19:34:25.820 10 INFO neutron.wsgi [None req-f68fe89f-67d0-4f10-babe-4d7c058c724f 88ebed7201fe4290a07a136750eeffa6 76f0d56b2a86476bb81a24f289674162 - - default default] 10.0.0.35 "DELETE /v2.0/ports/1c5e6063-e45f-4b74-847e-f6ef77de0999 HTTP/1.1" status: 204 len: 168 time: 0.2699614
2026-09-07 19:34:25.920 10 INFO neutron.wsgi [None req-a987b5fc-5f07-480b-957e-83fd9b7fd38a 88ebed7201fe4290a07a136750eeffa6 76f0d56b2a86476bb81a24f289674162 - - default default] 10.0.0.35 "GET /v2.0/ports HTTP/1.1" status: 200 len: 1729 time: 0.0924244
2026-09-07 19:34:26.229 9 INFO neutron.pecan_wsgi.hooks.translation [None req-439c48e0-7082-41a8-a7fe-a9ae2cea065b 88ebed7201fe4290a07a136750eeffa6 76f0d56b2a86476bb81a24f289674162 - - default default] GET failed (client error): The resource could not be found.
2026-09-07 19:34:26.231 9 INFO neutron.wsgi [None req-439c48e0-7082-41a8-a7fe-a9ae2cea065b 88ebed7201fe4290a07a136750eeffa6 76f0d56b2a86476bb81a24f289674162 - - default default] 10.0.0.35 "GET /v2.0/ports/1c5e6063-e45f-4b74-847e-f6ef77de0999 HTTP/1.1" status: 404 len: 333 time: 0.3064573
2026-09-07 19:34:26.251 10 INFO neutron.db.ovn_revision_numbers_db [None req-1fc4114e-e130-43f2-a55e-dbd1d6001a01 abd2d3e2a7644e85af965d63bd0868a6 b5a920c831ab477e8569fcfb39c1e131 - - default default] Successfully bumped revision number for resource d4a5b2fe-7a38-4432-98c8-90254d837c97 (type: security_groups) to 1
2026-09-07 19:34:26.263 10 INFO neutron.db.ovn_revision_numbers_db [None req-1fc4114e-e130-43f2-a55e-dbd1d6001a01 abd2d3e2a7644e85af965d63bd0868a6 b5a920c831ab477e8569fcfb39c1e131 - - default default] Successfully bumped revision number for resource 70259083-7609-4458-9c4b-9a36049ced84 (type: security_group_rules) to 0
2026-09-07 19:34:26.278 10 INFO neutron.db.ovn_revision_numbers_db [None req-1fc4114e-e130-43f2-a55e-dbd1d6001a01 abd2d3e2a7644e85af965d63bd0868a6 b5a920c831ab477e8569fcfb39c1e131 - - default default] Successfully bumped revision number for resource 8b667567-c3e6-4a2f-adfe-10f49695641b (type: security_group_rules) to 0
2026-09-07 19:34:26.305 10 INFO neutron.db.ovn_revision_numbers_db [None req-1fc4114e-e130-43f2-a55e-dbd1d6001a01 abd2d3e2a7644e85af965d63bd0868a6 b5a920c831ab477e8569fcfb39c1e131 - - default default] Successfully bumped revision number for resource c9ea6942-28d3-45d3-9632-48973c341bc6 (type: security_group_rules) to 0
2026-09-07 19:34:26.322 9 INFO neutron.wsgi [None req-f3d3e728-ddb8-44fe-9c54-8523d5736084 88ebed7201fe4290a07a136750eeffa6 76f0d56b2a86476bb81a24f289674162 - - default default] 10.0.0.35 "GET /v2.0/ports HTTP/1.1" status: 200 len: 1729 time: 0.0812969
2026-09-07 19:34:26.324 10 INFO neutron.db.ovn_revision_numbers_db [None req-1fc4114e-e130-43f2-a55e-dbd1d6001a01 abd2d3e2a7644e85af965d63bd0868a6 b5a920c831ab477e8569fcfb39c1e131 - - default default] Successfully bumped revision number for resource df449756-b441-48b0-bd1b-7a5439f0ff56 (type: security_group_rules) to 0
2026-09-07 19:34:26.347 10 INFO neutron.wsgi [None req-1fc4114e-e130-43f2-a55e-dbd1d6001a01 abd2d3e2a7644e85af965d63bd0868a6 b5a920c831ab477e8569fcfb39c1e131 - - default default] 10.0.0.35 "GET /v2.0/security-groups?tenant_id=f53bde3fb62149f1ae5e14bec30e2057&name=default HTTP/1.1" status: 200 len: 2996 time: 0.3761876
2026-09-07 19:34:26.362 9 INFO neutron.wsgi [None req-9e55baef-f9ab-4d9f-aced-71aab66f607e 88ebed7201fe4290a07a136750eeffa6 76f0d56b2a86476bb81a24f289674162 - - default default] 10.0.0.35 "GET /v2.0/ports/2b57f7bf-90df-4f64-a34d-75a6da1225ea HTTP/1.1" status: 200 len: 969 time: 0.0326545
2026-09-07 19:34:26.385 10 INFO neutron.pecan_wsgi.hooks.translation [None req-b7ba820c-8d5c-4027-9a15-a182bfbfc1b9 88ebed7201fe4290a07a136750eeffa6 76f0d56b2a86476bb81a24f289674162 - - default default] DELETE failed (client error): The resource could not be found.
2026-09-07 19:34:26.387 10 INFO neutron.wsgi [None req-b7ba820c-8d5c-4027-9a15-a182bfbfc1b9 88ebed7201fe4290a07a136750eeffa6 76f0d56b2a86476bb81a24f289674162 - - default default] 10.0.0.35 "DELETE /v2.0/ports/4c62c9ba-bd2f-42c7-a6cb-beb0c5f3db49 HTTP/1.1" status: 404 len: 333 time: 0.0179493
2026-09-07 19:34:26.410 10 INFO neutron.pecan_wsgi.hooks.translation [None req-dcd668ca-ec52-482c-b6ae-19d41ce97a96 88ebed7201fe4290a07a136750eeffa6 76f0d56b2a86476bb81a24f289674162 - - default default] DELETE failed (client error): The resource could not be found.
2026-09-07 19:34:26.412 10 INFO neutron.wsgi [None req-dcd668ca-ec52-482c-b6ae-19d41ce97a96 88ebed7201fe4290a07a136750eeffa6 76f0d56b2a86476bb81a24f289674162 - - default default] 10.0.0.35 "DELETE /v2.0/subnets/14fef4c5-ac07-45ba-a797-734012e3b896 HTTP/1.1" status: 404 len: 337 time: 0.0159197
2026-09-07 19:34:26.439 10 INFO neutron.pecan_wsgi.hooks.translation [None req-cdae6644-358a-4add-8bc8-a0cda29936a6 88ebed7201fe4290a07a136750eeffa6 76f0d56b2a86476bb81a24f289674162 - - default default] DELETE failed (client error): The resource could not be found.
2026-09-07 19:34:26.441 10 INFO neutron.wsgi [None req-cdae6644-358a-4add-8bc8-a0cda29936a6 88ebed7201fe4290a07a136750eeffa6 76f0d56b2a86476bb81a24f289674162 - - default default] 10.0.0.35 "DELETE /v2.0/subnets/ce9129e0-8264-4106-acd0-0ba8f455fa8c HTTP/1.1" status: 404 len: 337 time: 0.0197787
