2026-09-07 19:33:47.812 10 INFO neutron.wsgi [req-8b65cb2d-0c13-4698-90dd-7d7d69d06022 req-59efbb10-d1bd-42bc-96ab-4fdb27b6fbef 7d811d46b06048dc8b551f9127a1f3f9 31a9140917a44ab8aea403ca45ecd12e - - 25d29ca8d90e466ca464a71debf3088a 25d29ca8d90e466ca464a71debf3088a] 162.253.55.34 "GET /v2.0/floatingips?fixed_ip_address=10.100.0.6&port_id=3e658654-3ee9-45b8-bc7e-36958e72ef3c HTTP/1.1" status: 200 len: 217 time: 0.0297554
2026-09-07 19:33:47.814 10 INFO neutron.wsgi [None req-9043a3ae-0263-4c7e-92e7-b58d63af1959 87ab43ca316349e48bc1eeddd0d99070 9745c877e0704fb0a919130e01486889 - - default default] 10.0.0.35 "PUT /v2.0/routers/4d37db3f-44af-4abc-ab55-971812912edf/remove_router_interface HTTP/1.1" status: 200 len: 503 time: 1.1929293
2026-09-07 19:33:47.853 10 INFO neutron.wsgi [req-8b65cb2d-0c13-4698-90dd-7d7d69d06022 req-d12f0fca-0568-4c28-8fb2-ac2a28170ec3 7d811d46b06048dc8b551f9127a1f3f9 31a9140917a44ab8aea403ca45ecd12e - - 25d29ca8d90e466ca464a71debf3088a 25d29ca8d90e466ca464a71debf3088a] 162.253.55.34 "GET /v2.0/subnets?id=42225bd6-86f3-443d-9338-55e89b192260 HTTP/1.1" status: 200 len: 877 time: 0.0255334
2026-09-07 19:33:47.869 9 INFO neutron.wsgi [None req-817a9718-e9cb-4c1c-b721-ce3f8751317d abd2d3e2a7644e85af965d63bd0868a6 b5a920c831ab477e8569fcfb39c1e131 - - default default] 10.0.0.35 "DELETE /v2.0/subnets/05747a86-a166-463e-a1de-c9294c20d834 HTTP/1.1" status: 204 len: 168 time: 0.2395220
2026-09-07 19:33:47.873 10 INFO neutron.wsgi [req-8b65cb2d-0c13-4698-90dd-7d7d69d06022 req-19e84f8f-c5b2-4fdc-a663-4c5a5c7d29b9 7d811d46b06048dc8b551f9127a1f3f9 31a9140917a44ab8aea403ca45ecd12e - - 25d29ca8d90e466ca464a71debf3088a 25d29ca8d90e466ca464a71debf3088a] 162.253.55.34 "GET /v2.0/ports?network_id=17f8acd4-14bb-4927-aab5-6faac622529b&device_owner=network%3Adhcp HTTP/1.1" status: 200 len: 210 time: 0.0155091
2026-09-07 19:33:47.947 10 INFO neutron.wsgi [req-8b65cb2d-0c13-4698-90dd-7d7d69d06022 req-e4383283-d73f-4b09-81fc-32b0720040a4 7d811d46b06048dc8b551f9127a1f3f9 31a9140917a44ab8aea403ca45ecd12e - - 25d29ca8d90e466ca464a71debf3088a 25d29ca8d90e466ca464a71debf3088a] 162.253.55.34 "GET /v2.0/networks/17f8acd4-14bb-4927-aab5-6faac622529b?fields=segments HTTP/1.1" status: 200 len: 212 time: 0.0663764
2026-09-07 19:33:48.304 10 INFO neutron.wsgi [req-46142b69-a563-4faa-a45b-9aa9b68b4f89 req-7e3d28ca-a680-4afa-a189-352c431bc660 59aabf33d07b473aabdbf688419e7bba 5070c3a8ffb24128acca712e16659b18 - - default default] 10.0.0.1 "GET /v2.0/ports?device_id=3142d076-8512-48bd-b3ae-5ae6deab1327 HTTP/1.1" status: 200 len: 1352 time: 0.0488799
2026-09-07 19:33:48.322 10 INFO neutron.wsgi [req-8b65cb2d-0c13-4698-90dd-7d7d69d06022 req-36f3b4fc-028f-45b0-a976-8d6d19a8a34e 7d811d46b06048dc8b551f9127a1f3f9 31a9140917a44ab8aea403ca45ecd12e - - 25d29ca8d90e466ca464a71debf3088a 25d29ca8d90e466ca464a71debf3088a] 162.253.55.34 "GET /v2.0/networks/17f8acd4-14bb-4927-aab5-6faac622529b?fields=provider%3Aphysical_network&fields=provider%3Anetwork_type HTTP/1.1" status: 200 len: 277 time: 0.3652058
2026-09-07 19:33:48.382 10 INFO neutron.wsgi [req-46142b69-a563-4faa-a45b-9aa9b68b4f89 req-035f69af-f6f1-4a52-a59b-ed7f412fee03 59aabf33d07b473aabdbf688419e7bba 5070c3a8ffb24128acca712e16659b18 - - default default] 10.0.0.1 "GET /v2.0/security-groups?id=ba6a73b9-929e-466d-9285-dac8c4a2abc4&fields=id&fields=name HTTP/1.1" status: 200 len: 313 time: 0.0660052
2026-09-07 19:33:48.421 9 INFO neutron.wsgi [None req-e988813d-5e33-4cca-bc54-2e3ce28bf41a 87ab43ca316349e48bc1eeddd0d99070 9745c877e0704fb0a919130e01486889 - - default default] 10.0.0.35 "DELETE /v2.0/routers/4d37db3f-44af-4abc-ab55-971812912edf HTTP/1.1" status: 204 len: 168 time: 0.5947244
2026-09-07 19:33:48.587 10 INFO neutron.wsgi [req-85c5e03c-a961-4c6f-860b-15bc9c69be6c req-bd352b82-c216-45b4-9adc-072583d580e8 59aabf33d07b473aabdbf688419e7bba 5070c3a8ffb24128acca712e16659b18 - - default default] 162.253.55.34 "GET /v2.0/ports?device_id=3142d076-8512-48bd-b3ae-5ae6deab1327&device_owner=compute%3Anova&fixed_ips=ip_address%3D10.100.0.6 HTTP/1.1" status: 200 len: 1352 time: 0.0724270
2026-09-07 19:33:48.673 10 INFO neutron.services.segments.plugin [-] Segment 3c025ba1-0e4f-4e2f-94fc-37fd8751727e resource provider aggregate not found
2026-09-07 19:33:48.688 10 INFO neutron.services.segments.plugin [-] Segment 3c025ba1-0e4f-4e2f-94fc-37fd8751727e resource provider aggregate not found
2026-09-07 19:33:48.709 10 INFO neutron.services.segments.plugin [-] Segment 3c025ba1-0e4f-4e2f-94fc-37fd8751727e resource provider not found; error: Placement Client Error (4xx): {"errors": [{"status": 404, "title": "Not Found", "detail": "The resource could not be found.\n\n No resource provider with uuid 3c025ba1-0e4f-4e2f-94fc-37fd8751727e found for delete ", "request_id": "req-24ad0951-2713-426c-9345-527a92009a9d"}]}
2026-09-07 19:33:48.716 10 INFO neutron.services.segments.plugin [-] Segment 3c025ba1-0e4f-4e2f-94fc-37fd8751727e resource provider not found; error: Placement Client Error (4xx): {"errors": [{"status": 404, "title": "Not Found", "detail": "The resource could not be found.\n\n No resource provider with uuid 3c025ba1-0e4f-4e2f-94fc-37fd8751727e found for delete ", "request_id": "req-cbbbe30c-60d0-4656-af3f-a650f646ae18"}]}
2026-09-07 19:33:48.722 10 INFO neutron.wsgi [None req-80d76292-2106-4dd1-bbb1-ef89c7af9ae2 abd2d3e2a7644e85af965d63bd0868a6 b5a920c831ab477e8569fcfb39c1e131 - - default default] 10.0.0.35 "DELETE /v2.0/networks/ae77f2d8-fcc8-4498-ab90-f768b99976ad HTTP/1.1" status: 204 len: 168 time: 0.8452692
2026-09-07 19:33:48.802 9 INFO neutron.wsgi [None req-36ec59af-f0b6-43a8-8d31-dae5663d8e28 87ab43ca316349e48bc1eeddd0d99070 9745c877e0704fb0a919130e01486889 - - default default] 10.0.0.35 "DELETE /v2.0/subnets/1c5550b2-bb12-4742-b987-11b742c99c82 HTTP/1.1" status: 204 len: 168 time: 0.3732011
2026-09-07 19:33:48.972 10 INFO neutron.wsgi [None req-dbc1bbfe-1723-4e98-be76-36d3f7e1f613 abd2d3e2a7644e85af965d63bd0868a6 b5a920c831ab477e8569fcfb39c1e131 - - default default] 10.0.0.35 "GET /v2.0/security-groups?tenant_id=aa076bffecce4564b5f8e34c100076c9&name=default HTTP/1.1" status: 200 len: 2996 time: 0.0604739
2026-09-07 19:33:49.145 9 INFO neutron.services.segments.plugin [-] Segment 694bfe48-ee8a-4fdb-a785-d45ebb8f0fe8 resource provider aggregate not found
2026-09-07 19:33:49.153 9 INFO neutron.services.segments.plugin [-] Segment 694bfe48-ee8a-4fdb-a785-d45ebb8f0fe8 resource provider aggregate not found
2026-09-07 19:33:49.161 10 INFO neutron.db.ovn_revision_numbers_db [req-85c5e03c-a961-4c6f-860b-15bc9c69be6c req-6f8f6d75-b212-4d79-a8c2-524fbac5589e 59aabf33d07b473aabdbf688419e7bba 5070c3a8ffb24128acca712e16659b18 - - default default] Successfully bumped revision number for resource 3e658654-3ee9-45b8-bc7e-36958e72ef3c (type: ports) to 6
2026-09-07 19:33:49.161 9 INFO neutron.services.segments.plugin [-] Segment 694bfe48-ee8a-4fdb-a785-d45ebb8f0fe8 resource provider not found; error: Placement Client Error (4xx): {"errors": [{"status": 404, "title": "Not Found", "detail": "The resource could not be found.\n\n No resource provider with uuid 694bfe48-ee8a-4fdb-a785-d45ebb8f0fe8 found for delete ", "request_id": "req-da6cbff6-088d-4500-829f-86efe53d6c7f"}]}
2026-09-07 19:33:49.172 9 INFO neutron.services.segments.plugin [-] Segment 694bfe48-ee8a-4fdb-a785-d45ebb8f0fe8 resource provider not found; error: Placement Client Error (4xx): {"errors": [{"status": 404, "title": "Not Found", "detail": "The resource could not be found.\n\n No resource provider with uuid 694bfe48-ee8a-4fdb-a785-d45ebb8f0fe8 found for delete ", "request_id": "req-eacbd91f-7272-4601-9fe7-4417aea7830d"}]}
2026-09-07 19:33:49.174 10 INFO neutron.wsgi [req-85c5e03c-a961-4c6f-860b-15bc9c69be6c req-6f8f6d75-b212-4d79-a8c2-524fbac5589e 59aabf33d07b473aabdbf688419e7bba 5070c3a8ffb24128acca712e16659b18 - - default default] 162.253.55.34 "PUT /v2.0/ports/3e658654-3ee9-45b8-bc7e-36958e72ef3c HTTP/1.1" status: 200 len: 1171 time: 0.5834105
2026-09-07 19:33:49.194 9 INFO neutron.wsgi [None req-b792155c-0126-46d7-8294-49d005592b97 87ab43ca316349e48bc1eeddd0d99070 9745c877e0704fb0a919130e01486889 - - default default] 10.0.0.35 "DELETE /v2.0/networks/aabba57f-5959-42dc-a09a-0d78c42a7c84 HTTP/1.1" status: 204 len: 168 time: 0.3834157 /var/lib/openstack/lib/python3.10/site-packages/pycadf/identifier.py:71: UserWarning: Invalid uuid: neutron. To ensure interoperability, identifiers should be a valid uuid. warnings.warn(('Invalid uuid: %s. To ensure interoperability, '
2026-09-07 19:33:49.218 10 INFO neutron.notifiers.nova [-] Nova event matching ['req-edc5325e-f7cf-4d65-91fa-b05a7c036e3b'] response: {'name': 'network-changed', 'server_uuid': '3142d076-8512-48bd-b3ae-5ae6deab1327', 'tag': '3e658654-3ee9-45b8-bc7e-36958e72ef3c', 'status': 'completed', 'code': 200}
2026-09-07 19:33:49.231 10 INFO neutron.wsgi [req-85c5e03c-a961-4c6f-860b-15bc9c69be6c req-a6d5205d-c800-4e9b-bf4b-3fa69c6c0d42 7d811d46b06048dc8b551f9127a1f3f9 31a9140917a44ab8aea403ca45ecd12e - - 25d29ca8d90e466ca464a71debf3088a 25d29ca8d90e466ca464a71debf3088a] 162.253.55.34 "GET /v2.0/ports?tenant_id=5070c3a8ffb24128acca712e16659b18&device_id=3142d076-8512-48bd-b3ae-5ae6deab1327 HTTP/1.1" status: 200 len: 1413 time: 0.0322080
2026-09-07 19:33:49.298 10 INFO neutron.wsgi [None req-fbe3c09c-7384-4c6d-b26a-0fda12703755 abd2d3e2a7644e85af965d63bd0868a6 b5a920c831ab477e8569fcfb39c1e131 - - default default] 10.0.0.35 "DELETE /v2.0/security-groups/0788a370-f4fa-4fed-bf92-e3336ab99120 HTTP/1.1" status: 204 len: 168 time: 0.3173382
2026-09-07 19:33:49.305 10 INFO neutron.wsgi [req-85c5e03c-a961-4c6f-860b-15bc9c69be6c req-dbe245ff-637d-4f7f-9515-232b8c6ee106 7d811d46b06048dc8b551f9127a1f3f9 31a9140917a44ab8aea403ca45ecd12e - - 25d29ca8d90e466ca464a71debf3088a 25d29ca8d90e466ca464a71debf3088a] 162.253.55.34 "GET /v2.0/networks?id=17f8acd4-14bb-4927-aab5-6faac622529b HTTP/1.1" status: 200 len: 982 time: 0.0683956
2026-09-07 19:33:49.358 10 INFO neutron.wsgi [req-85c5e03c-a961-4c6f-860b-15bc9c69be6c req-aaa6f5b6-10f6-40b7-85b9-1d3f3d62ae09 7d811d46b06048dc8b551f9127a1f3f9 31a9140917a44ab8aea403ca45ecd12e - - 25d29ca8d90e466ca464a71debf3088a 25d29ca8d90e466ca464a71debf3088a] 162.253.55.34 "GET /v2.0/floatingips?fixed_ip_address=10.100.0.11&port_id=3e658654-3ee9-45b8-bc7e-36958e72ef3c HTTP/1.1" status: 200 len: 1060 time: 0.0453627
2026-09-07 19:33:49.387 10 INFO neutron.wsgi [req-85c5e03c-a961-4c6f-860b-15bc9c69be6c req-92a20e44-fdd6-438f-b8a2-b222154e048e 7d811d46b06048dc8b551f9127a1f3f9 31a9140917a44ab8aea403ca45ecd12e - - 25d29ca8d90e466ca464a71debf3088a 25d29ca8d90e466ca464a71debf3088a] 162.253.55.34 "GET /v2.0/subnets?id=42225bd6-86f3-443d-9338-55e89b192260 HTTP/1.1" status: 200 len: 877 time: 0.0247445
2026-09-07 19:33:49.406 10 INFO neutron.wsgi [req-85c5e03c-a961-4c6f-860b-15bc9c69be6c req-808ad214-378d-4580-8352-cbd665abd944 7d811d46b06048dc8b551f9127a1f3f9 31a9140917a44ab8aea403ca45ecd12e - - 25d29ca8d90e466ca464a71debf3088a 25d29ca8d90e466ca464a71debf3088a] 162.253.55.34 "GET /v2.0/ports?network_id=17f8acd4-14bb-4927-aab5-6faac622529b&device_owner=network%3Adhcp HTTP/1.1" status: 200 len: 210 time: 0.0143356
2026-09-07 19:33:49.466 10 INFO neutron.wsgi [req-85c5e03c-a961-4c6f-860b-15bc9c69be6c req-a41a5b1e-0177-4744-af18-7837076171be 7d811d46b06048dc8b551f9127a1f3f9 31a9140917a44ab8aea403ca45ecd12e - - 25d29ca8d90e466ca464a71debf3088a 25d29ca8d90e466ca464a71debf3088a] 162.253.55.34 "GET /v2.0/networks/17f8acd4-14bb-4927-aab5-6faac622529b?fields=segments HTTP/1.1" status: 200 len: 212 time: 0.0501556
2026-09-07 19:33:49.523 10 INFO neutron.wsgi [req-85c5e03c-a961-4c6f-860b-15bc9c69be6c req-8ae53f5c-7dbe-4b87-b530-31c1f1b93e91 7d811d46b06048dc8b551f9127a1f3f9 31a9140917a44ab8aea403ca45ecd12e - - 25d29ca8d90e466ca464a71debf3088a 25d29ca8d90e466ca464a71debf3088a] 162.253.55.34 "GET /v2.0/networks/17f8acd4-14bb-4927-aab5-6faac622529b?fields=provider%3Aphysical_network&fields=provider%3Anetwork_type HTTP/1.1" status: 200 len: 277 time: 0.0475640
2026-09-07 19:33:49.615 10 INFO neutron.wsgi [req-c44da0aa-147d-4f4a-98aa-1d4e2f82cb53 req-f78fb98f-59c9-418b-bee2-a3393f32d4c3 7d811d46b06048dc8b551f9127a1f3f9 31a9140917a44ab8aea403ca45ecd12e - - 25d29ca8d90e466ca464a71debf3088a 25d29ca8d90e466ca464a71debf3088a] 162.253.55.34 "GET /v2.0/ports?tenant_id=5070c3a8ffb24128acca712e16659b18&device_id=3142d076-8512-48bd-b3ae-5ae6deab1327 HTTP/1.1" status: 200 len: 1413 time: 0.0405052
2026-09-07 19:33:49.687 10 INFO neutron.wsgi [req-c44da0aa-147d-4f4a-98aa-1d4e2f82cb53 req-372f7b37-8bb9-4039-82d5-0ac6ad9a1b45 7d811d46b06048dc8b551f9127a1f3f9 31a9140917a44ab8aea403ca45ecd12e - - 25d29ca8d90e466ca464a71debf3088a 25d29ca8d90e466ca464a71debf3088a] 162.253.55.34 "GET /v2.0/networks?id=17f8acd4-14bb-4927-aab5-6faac622529b HTTP/1.1" status: 200 len: 982 time: 0.0655682
2026-09-07 19:33:49.726 10 INFO neutron.wsgi [req-c44da0aa-147d-4f4a-98aa-1d4e2f82cb53 req-c7a7f230-605d-4d0d-bbf7-451100b3762b 7d811d46b06048dc8b551f9127a1f3f9 31a9140917a44ab8aea403ca45ecd12e - - 25d29ca8d90e466ca464a71debf3088a 25d29ca8d90e466ca464a71debf3088a] 162.253.55.34 "GET /v2.0/floatingips?fixed_ip_address=10.100.0.11&port_id=3e658654-3ee9-45b8-bc7e-36958e72ef3c HTTP/1.1" status: 200 len: 1060 time: 0.0330477
2026-09-07 19:33:49.768 10 INFO neutron.wsgi [req-c44da0aa-147d-4f4a-98aa-1d4e2f82cb53 req-3b394830-19f0-4c36-95b2-e2039c2b0757 7d811d46b06048dc8b551f9127a1f3f9 31a9140917a44ab8aea403ca45ecd12e - - 25d29ca8d90e466ca464a71debf3088a 25d29ca8d90e466ca464a71debf3088a] 162.253.55.34 "GET /v2.0/subnets?id=42225bd6-86f3-443d-9338-55e89b192260 HTTP/1.1" status: 200 len: 877 time: 0.0334964
2026-09-07 19:33:49.797 10 INFO neutron.wsgi [req-c44da0aa-147d-4f4a-98aa-1d4e2f82cb53 req-f36cbd1b-d0e5-4ce8-9d5c-2d860251b386 7d811d46b06048dc8b551f9127a1f3f9 31a9140917a44ab8aea403ca45ecd12e - - 25d29ca8d90e466ca464a71debf3088a 25d29ca8d90e466ca464a71debf3088a] 162.253.55.34 "GET /v2.0/ports?network_id=17f8acd4-14bb-4927-aab5-6faac622529b&device_owner=network%3Adhcp HTTP/1.1" status: 200 len: 210 time: 0.0224855
2026-09-07 19:33:49.858 10 INFO neutron.wsgi [req-c44da0aa-147d-4f4a-98aa-1d4e2f82cb53 req-6b0917db-e7c0-4502-904a-cab295829ece 7d811d46b06048dc8b551f9127a1f3f9 31a9140917a44ab8aea403ca45ecd12e - - 25d29ca8d90e466ca464a71debf3088a 25d29ca8d90e466ca464a71debf3088a] 162.253.55.34 "GET /v2.0/networks/17f8acd4-14bb-4927-aab5-6faac622529b?fields=segments HTTP/1.1" status: 200 len: 212 time: 0.0561409
2026-09-07 19:33:49.908 10 INFO neutron.wsgi [req-c44da0aa-147d-4f4a-98aa-1d4e2f82cb53 req-f7248b10-3d2e-45ed-a80e-7b7947f50d1c 7d811d46b06048dc8b551f9127a1f3f9 31a9140917a44ab8aea403ca45ecd12e - - 25d29ca8d90e466ca464a71debf3088a 25d29ca8d90e466ca464a71debf3088a] 162.253.55.34 "GET /v2.0/networks/17f8acd4-14bb-4927-aab5-6faac622529b?fields=provider%3Aphysical_network&fields=provider%3Anetwork_type HTTP/1.1" status: 200 len: 277 time: 0.0449064
2026-09-07 19:33:49.945 10 INFO neutron.wsgi [None req-04019f9b-6f24-4fb5-b330-f6c386371eb7 abd2d3e2a7644e85af965d63bd0868a6 b5a920c831ab477e8569fcfb39c1e131 - - default default] 10.0.0.35 "GET /v2.0/security-groups?tenant_id=9745c877e0704fb0a919130e01486889&name=default HTTP/1.1" status: 200 len: 2996 time: 0.1635451
2026-09-07 19:33:50.098 10 WARNING neutron.plugins.ml2.drivers.ovn.mech_driver.ovsdb.ovn_client [None req-f9070b68-23b0-41f8-bf80-edfe70a9405c - - - - - -] No port found with ID 84f6f997-b041-4708-8b07-43e1f6f5a228: RuntimeError: No port found with ID 84f6f997-b041-4708-8b07-43e1f6f5a228
2026-09-07 19:33:50.272 10 INFO neutron.wsgi [None req-3640b97c-b71b-432a-8685-c7f38ca4b45d abd2d3e2a7644e85af965d63bd0868a6 b5a920c831ab477e8569fcfb39c1e131 - - default default] 10.0.0.35 "DELETE /v2.0/security-groups/fa38c431-1b9f-4d13-b495-4a3a1e979472 HTTP/1.1" status: 204 len: 168 time: 0.3207467 /var/lib/openstack/lib/python3.10/site-packages/pycadf/identifier.py:71: UserWarning: Invalid uuid: neutron. To ensure interoperability, identifiers should be a valid uuid. warnings.warn(('Invalid uuid: %s. To ensure interoperability, '
2026-09-07 19:33:50.955 9 INFO neutron.plugins.ml2.drivers.ovn.mech_driver.mech_driver [None req-a1a9e32f-5372-41c5-847d-33ef8807686b - - - - - -] OVN reports status down for port: 3e658654-3ee9-45b8-bc7e-36958e72ef3c
2026-09-07 19:33:51.022 10 INFO neutron.wsgi [req-0e42e634-ca83-49a3-b955-01051532c74d req-3a7ee6b8-78b2-448b-bc6c-5b9aa8bf7d03 59aabf33d07b473aabdbf688419e7bba 5070c3a8ffb24128acca712e16659b18 - - default default] 10.0.0.1 "GET /v2.0/ports?device_id=3142d076-8512-48bd-b3ae-5ae6deab1327 HTTP/1.1" status: 200 len: 1174 time: 0.1472950
2026-09-07 19:33:51.078 10 INFO neutron.wsgi [req-0e42e634-ca83-49a3-b955-01051532c74d req-f45b648b-6ac5-4173-8e28-b34b62c909a2 59aabf33d07b473aabdbf688419e7bba 5070c3a8ffb24128acca712e16659b18 - - default default] 10.0.0.1 "GET /v2.0/security-groups?id=ba6a73b9-929e-466d-9285-dac8c4a2abc4&fields=id&fields=name HTTP/1.1" status: 200 len: 313 time: 0.0475583
2026-09-07 19:33:51.155 9 INFO neutron.notifiers.nova [-] Nova event matching ['req-80d66af2-15f4-4314-af66-1c55348384b5'] response: {'server_uuid': '3142d076-8512-48bd-b3ae-5ae6deab1327', 'name': 'network-vif-unplugged', 'status': 'completed', 'tag': '3e658654-3ee9-45b8-bc7e-36958e72ef3c', 'code': 200}
2026-09-07 19:33:51.278 10 INFO neutron.wsgi [req-cf43daef-a15f-4e2e-b162-a35ac51f30fc req-0583ed59-9f11-4f96-870f-7aca622a0d46 59aabf33d07b473aabdbf688419e7bba 5070c3a8ffb24128acca712e16659b18 - - default default] 162.253.55.34 "GET /v2.0/ports?device_id=3142d076-8512-48bd-b3ae-5ae6deab1327 HTTP/1.1" status: 200 len: 1172 time: 0.0486307
2026-09-07 19:33:51.393 9 INFO neutron.db.ovn_revision_numbers_db [None req-a1a9e32f-5372-41c5-847d-33ef8807686b - - - - - -] Successfully bumped revision number for resource 3e658654-3ee9-45b8-bc7e-36958e72ef3c (type: ports) to 7 /var/lib/openstack/lib/python3.10/site-packages/pycadf/identifier.py:71: UserWarning: Invalid uuid: neutron. To ensure interoperability, identifiers should be a valid uuid. warnings.warn(('Invalid uuid: %s. To ensure interoperability, '
2026-09-07 19:33:51.533 10 INFO neutron.db.l3_db [req-cf43daef-a15f-4e2e-b162-a35ac51f30fc req-2d45767b-858b-4c77-8f21-e6216443b25e 59aabf33d07b473aabdbf688419e7bba 5070c3a8ffb24128acca712e16659b18 - - default default] Floating IP 4c932502-edc8-44f4-8d1e-9abb2333989e disassociated. External IP: 10.96.250.209, port: 3e658654-3ee9-45b8-bc7e-36958e72ef3c.
2026-09-07 19:33:51.670 9 INFO neutron.db.ovn_revision_numbers_db [None req-c472a0b6-bd9c-4600-be2a-3c3773764a73 abd2d3e2a7644e85af965d63bd0868a6 b5a920c831ab477e8569fcfb39c1e131 - - default default] Successfully bumped revision number for resource 584f30a3-44b9-40a8-a3d8-801c5e2410a7 (type: security_groups) to 1
2026-09-07 19:33:51.688 9 INFO neutron.db.ovn_revision_numbers_db [None req-c472a0b6-bd9c-4600-be2a-3c3773764a73 abd2d3e2a7644e85af965d63bd0868a6 b5a920c831ab477e8569fcfb39c1e131 - - default default] Successfully bumped revision number for resource 0a178990-4870-4f87-8f48-a52144c68524 (type: security_group_rules) to 0
2026-09-07 19:33:51.710 9 INFO neutron.db.ovn_revision_numbers_db [None req-c472a0b6-bd9c-4600-be2a-3c3773764a73 abd2d3e2a7644e85af965d63bd0868a6 b5a920c831ab477e8569fcfb39c1e131 - - default default] Successfully bumped revision number for resource 251bdf42-3b3b-41b3-ac79-3380daa0b67e (type: security_group_rules) to 0
2026-09-07 19:33:51.721 10 INFO neutron.wsgi [req-cf43daef-a15f-4e2e-b162-a35ac51f30fc req-2d45767b-858b-4c77-8f21-e6216443b25e 59aabf33d07b473aabdbf688419e7bba 5070c3a8ffb24128acca712e16659b18 - - default default] 162.253.55.34 "DELETE /v2.0/ports/3e658654-3ee9-45b8-bc7e-36958e72ef3c HTTP/1.1" status: 204 len: 173 time: 0.4282122
2026-09-07 19:33:51.724 9 INFO neutron.db.ovn_revision_numbers_db [None req-c472a0b6-bd9c-4600-be2a-3c3773764a73 abd2d3e2a7644e85af965d63bd0868a6 b5a920c831ab477e8569fcfb39c1e131 - - default default] Successfully bumped revision number for resource 3531f21e-2cd6-46cd-932e-19453bd70b2a (type: security_group_rules) to 0
2026-09-07 19:33:51.743 9 INFO neutron.db.ovn_revision_numbers_db [None req-c472a0b6-bd9c-4600-be2a-3c3773764a73 abd2d3e2a7644e85af965d63bd0868a6 b5a920c831ab477e8569fcfb39c1e131 - - default default] Successfully bumped revision number for resource ba963a6e-0f4f-479e-b4a9-60d9d3425b66 (type: security_group_rules) to 0
2026-09-07 19:33:51.760 10 INFO neutron.notifiers.nova [-] Nova event matching ['req-0997f55c-b0eb-4a83-94b3-a7cc259ca8c5'] response: {'server_uuid': '3142d076-8512-48bd-b3ae-5ae6deab1327', 'name': 'network-vif-deleted', 'tag': '3e658654-3ee9-45b8-bc7e-36958e72ef3c', 'status': 'completed', 'code': 200}
2026-09-07 19:33:51.800 9 INFO neutron.db.segments_db [None req-c472a0b6-bd9c-4600-be2a-3c3773764a73 abd2d3e2a7644e85af965d63bd0868a6 b5a920c831ab477e8569fcfb39c1e131 - - default default] Added segment 008d7525-8f50-4c9f-975c-7d874181df63 of type geneve for network 21b01d38-57db-49af-a061-ff51f1284722
2026-09-07 19:33:51.971 9 INFO neutron.db.ovn_revision_numbers_db [None req-c472a0b6-bd9c-4600-be2a-3c3773764a73 abd2d3e2a7644e85af965d63bd0868a6 b5a920c831ab477e8569fcfb39c1e131 - - default default] Successfully bumped revision number for resource 21b01d38-57db-49af-a061-ff51f1284722 (type: networks) to 1
2026-09-07 19:33:52.134 9 WARNING neutron.scheduler.dhcp_agent_scheduler [None req-c472a0b6-bd9c-4600-be2a-3c3773764a73 abd2d3e2a7644e85af965d63bd0868a6 b5a920c831ab477e8569fcfb39c1e131 - - default default] No more DHCP agents
2026-09-07 19:33:52.136 9 WARNING neutron.api.rpc.agentnotifiers.dhcp_rpc_agent_api [None req-c472a0b6-bd9c-4600-be2a-3c3773764a73 abd2d3e2a7644e85af965d63bd0868a6 b5a920c831ab477e8569fcfb39c1e131 - - default default] Unable to schedule network 21b01d38-57db-49af-a061-ff51f1284722: no agents available; will retry on subsequent port and subnet creation events. /var/lib/openstack/lib/python3.10/site-packages/pycadf/identifier.py:71: UserWarning: Invalid uuid: neutron. To ensure interoperability, identifiers should be a valid uuid. warnings.warn(('Invalid uuid: %s. To ensure interoperability, '
2026-09-07 19:33:52.224 9 INFO neutron.db.ovn_revision_numbers_db [None req-c472a0b6-bd9c-4600-be2a-3c3773764a73 abd2d3e2a7644e85af965d63bd0868a6 b5a920c831ab477e8569fcfb39c1e131 - - default default] Successfully bumped revision number for resource 8f4aa96a-d889-4c1c-af4a-2e50f9319ae0 (type: ports) to 1
2026-09-07 19:33:52.239 9 INFO neutron.wsgi [None req-c472a0b6-bd9c-4600-be2a-3c3773764a73 abd2d3e2a7644e85af965d63bd0868a6 b5a920c831ab477e8569fcfb39c1e131 - - default default] 10.0.0.35 "POST /v2.0/networks HTTP/1.1" status: 201 len: 946 time: 0.8977318
2026-09-07 19:33:52.357 10 INFO neutron.wsgi [None req-ec1168c7-0494-4dec-b1b5-fcfd1bb1f330 59aabf33d07b473aabdbf688419e7bba 5070c3a8ffb24128acca712e16659b18 - - default default] 10.0.0.35 "DELETE /v2.0/security-groups/ba6a73b9-929e-466d-9285-dac8c4a2abc4 HTTP/1.1" status: 204 len: 168 time: 0.1722116
2026-09-07 19:33:52.377 10 INFO neutron.api.v2.resource [None req-f7fef408-7ca5-4a29-b2b3-57569d81511f 59aabf33d07b473aabdbf688419e7bba 5070c3a8ffb24128acca712e16659b18 - - default default] show failed (client error): The resource could not be found.
2026-09-07 19:33:52.379 10 INFO neutron.wsgi [None req-f7fef408-7ca5-4a29-b2b3-57569d81511f 59aabf33d07b473aabdbf688419e7bba 5070c3a8ffb24128acca712e16659b18 - - default default] 10.0.0.35 "GET /v2.0/security-groups/ba6a73b9-929e-466d-9285-dac8c4a2abc4 HTTP/1.1" status: 404 len: 347 time: 0.0156093
2026-09-07 19:33:52.437 9 WARNING neutron.scheduler.dhcp_agent_scheduler [None req-419dca75-c5d0-4938-bc47-9f1e8513e6b5 abd2d3e2a7644e85af965d63bd0868a6 b5a920c831ab477e8569fcfb39c1e131 - - default default] No more DHCP agents
2026-09-07 19:33:52.441 9 WARNING neutron.api.rpc.agentnotifiers.dhcp_rpc_agent_api [None req-419dca75-c5d0-4938-bc47-9f1e8513e6b5 abd2d3e2a7644e85af965d63bd0868a6 b5a920c831ab477e8569fcfb39c1e131 - - default default] Unable to schedule network 21b01d38-57db-49af-a061-ff51f1284722: no agents available; will retry on subsequent port and subnet creation events.
2026-09-07 19:33:52.584 9 INFO neutron.db.ovn_revision_numbers_db [None req-180159f9-0b7f-4ccd-9ac6-fa36bea76e93 e490c20c965248f890b9a166a327eda5 c5f9a505725d449f86696a75708d6975 - - default default] Successfully bumped revision number for resource c17d9fa2-32f9-4d34-b609-dd5feac48064 (type: security_groups) to 1
2026-09-07 19:33:52.610 9 INFO neutron.db.ovn_revision_numbers_db [None req-180159f9-0b7f-4ccd-9ac6-fa36bea76e93 e490c20c965248f890b9a166a327eda5 c5f9a505725d449f86696a75708d6975 - - default default] Successfully bumped revision number for resource 0ba8da54-7b0d-44a5-a846-dbcc30b175f7 (type: security_group_rules) to 0
2026-09-07 19:33:52.638 9 INFO neutron.db.ovn_revision_numbers_db [None req-180159f9-0b7f-4ccd-9ac6-fa36bea76e93 e490c20c965248f890b9a166a327eda5 c5f9a505725d449f86696a75708d6975 - - default default] Successfully bumped revision number for resource 59e1ac00-f0e8-403c-9737-706efa2dc856 (type: security_group_rules) to 0
2026-09-07 19:33:52.658 9 INFO neutron.db.ovn_revision_numbers_db [None req-180159f9-0b7f-4ccd-9ac6-fa36bea76e93 e490c20c965248f890b9a166a327eda5 c5f9a505725d449f86696a75708d6975 - - default default] Successfully bumped revision number for resource 61665e2d-8335-4be6-847e-a36029836877 (type: security_group_rules) to 0
2026-09-07 19:33:52.684 9 INFO neutron.db.ovn_revision_numbers_db [None req-180159f9-0b7f-4ccd-9ac6-fa36bea76e93 e490c20c965248f890b9a166a327eda5 c5f9a505725d449f86696a75708d6975 - - default default] Successfully bumped revision number for resource 7dc1865f-134e-4dcb-aa9b-d3105f0dd03d (type: security_group_rules) to 0
2026-09-07 19:33:52.716 10 INFO neutron.wsgi [None req-90a9f49b-e565-4bae-9dd9-b34569713020 59aabf33d07b473aabdbf688419e7bba 5070c3a8ffb24128acca712e16659b18 - - default default] 10.0.0.35 "DELETE /v2.0/floatingips/4c932502-edc8-44f4-8d1e-9abb2333989e HTTP/1.1" status: 204 len: 168 time: 0.3332362
2026-09-07 19:33:52.800 9 INFO neutron.db.segments_db [None req-180159f9-0b7f-4ccd-9ac6-fa36bea76e93 e490c20c965248f890b9a166a327eda5 c5f9a505725d449f86696a75708d6975 - - default default] Added segment f9514e65-2f36-4066-8a45-7359fb0b473d of type geneve for network 66932042-1395-477b-bb88-f7db16091b32
2026-09-07 19:33:52.844 10 WARNING keystonemiddleware.audit [None req-8c19bd70-0d4c-4afe-9988-9851bc5a8bbb - - - - - -] Skipping service tempest-service-1009056272 as it have no endpoints.
2026-09-07 19:33:52.942 9 INFO neutron.db.segments_db [None req-180159f9-0b7f-4ccd-9ac6-fa36bea76e93 e490c20c965248f890b9a166a327eda5 c5f9a505725d449f86696a75708d6975 - - default default] Added segment 2367afda-50c8-4308-8e35-c5a474b3a584 of type geneve for network 0026e08b-ac04-4852-b960-993a9253bdfb
2026-09-07 19:33:53.002 9 INFO neutron.db.ovn_revision_numbers_db [None req-419dca75-c5d0-4938-bc47-9f1e8513e6b5 abd2d3e2a7644e85af965d63bd0868a6 b5a920c831ab477e8569fcfb39c1e131 - - default default] Successfully bumped revision number for resource 8f4aa96a-d889-4c1c-af4a-2e50f9319ae0 (type: ports) to 2
2026-09-07 19:33:53.088 9 INFO neutron.db.ovn_revision_numbers_db [None req-419dca75-c5d0-4938-bc47-9f1e8513e6b5 abd2d3e2a7644e85af965d63bd0868a6 b5a920c831ab477e8569fcfb39c1e131 - - default default] Successfully bumped revision number for resource 959451dd-5e43-484f-9a9f-2c4461d1f4b5 (type: subnets) to 0
2026-09-07 19:33:53.110 9 INFO neutron.wsgi [None req-419dca75-c5d0-4938-bc47-9f1e8513e6b5 abd2d3e2a7644e85af965d63bd0868a6 b5a920c831ab477e8569fcfb39c1e131 - - default default] 10.0.0.35 "POST /v2.0/subnets HTTP/1.1" status: 201 len: 867 time: 0.8631551
2026-09-07 19:33:53.127 9 INFO neutron.db.ovn_revision_numbers_db [None req-180159f9-0b7f-4ccd-9ac6-fa36bea76e93 e490c20c965248f890b9a166a327eda5 c5f9a505725d449f86696a75708d6975 - - default default] Successfully bumped revision number for resource 66932042-1395-477b-bb88-f7db16091b32 (type: networks) to 1
2026-09-07 19:33:53.204 9 INFO neutron.notifiers.nova [-] Nova event matching ['req-22df406a-5756-4254-9ebc-97bd8226d262'] response: {'server_uuid': '3142d076-8512-48bd-b3ae-5ae6deab1327', 'name': 'network-vif-plugged', 'status': 'completed', 'tag': '3e658654-3ee9-45b8-bc7e-36958e72ef3c', 'code': 200}
2026-09-07 19:33:53.406 9 WARNING neutron.scheduler.dhcp_agent_scheduler [None req-180159f9-0b7f-4ccd-9ac6-fa36bea76e93 e490c20c965248f890b9a166a327eda5 c5f9a505725d449f86696a75708d6975 - - default default] No more DHCP agents
2026-09-07 19:33:53.408 9 WARNING neutron.api.rpc.agentnotifiers.dhcp_rpc_agent_api [None req-180159f9-0b7f-4ccd-9ac6-fa36bea76e93 e490c20c965248f890b9a166a327eda5 c5f9a505725d449f86696a75708d6975 - - default default] Unable to schedule network 66932042-1395-477b-bb88-f7db16091b32: no agents available; will retry on subsequent port and subnet creation events.
2026-09-07 19:33:53.511 9 INFO neutron.db.ovn_revision_numbers_db [None req-180159f9-0b7f-4ccd-9ac6-fa36bea76e93 e490c20c965248f890b9a166a327eda5 c5f9a505725d449f86696a75708d6975 - - default default] Successfully bumped revision number for resource a793e712-c015-4b29-9da4-a787359eb752 (type: ports) to 1
2026-09-07 19:33:53.634 9 INFO neutron.db.ovn_revision_numbers_db [None req-180159f9-0b7f-4ccd-9ac6-fa36bea76e93 e490c20c965248f890b9a166a327eda5 c5f9a505725d449f86696a75708d6975 - - default default] Successfully bumped revision number for resource 0026e08b-ac04-4852-b960-993a9253bdfb (type: networks) to 1
2026-09-07 19:33:53.701 9 WARNING neutron.scheduler.dhcp_agent_scheduler [None req-972d9fd8-ead1-41cd-a99a-7a6695c86259 abd2d3e2a7644e85af965d63bd0868a6 b5a920c831ab477e8569fcfb39c1e131 - - default default] No more DHCP agents
2026-09-07 19:33:53.705 9 WARNING neutron.api.rpc.agentnotifiers.dhcp_rpc_agent_api [None req-972d9fd8-ead1-41cd-a99a-7a6695c86259 abd2d3e2a7644e85af965d63bd0868a6 b5a920c831ab477e8569fcfb39c1e131 - - default default] Unable to schedule network b7e8518a-af92-4e11-a6f0-cf6a114a5a59: no agents available; will retry on subsequent port and subnet creation events.
2026-09-07 19:33:53.752 10 INFO neutron.wsgi [None req-607b6b75-9105-4867-9902-b91249b6bf91 abd2d3e2a7644e85af965d63bd0868a6 b5a920c831ab477e8569fcfb39c1e131 - - default default] 10.0.0.35 "PUT /v2.0/routers/a5bcd4ed-e6dc-4fe5-9244-6e1866da34e8/remove_router_interface HTTP/1.1" status: 200 len: 503 time: 0.9106891
2026-09-07 19:33:53.765 10 WARNING keystonemiddleware.audit [None req-d293b8fa-5cc7-4001-b089-263595ed1810 - - - - - -] Skipping service tempest-service-1009056272 as it have no endpoints. /var/lib/openstack/lib/python3.10/site-packages/pycadf/identifier.py:71: UserWarning: Invalid uuid: neutron. To ensure interoperability, identifiers should be a valid uuid. warnings.warn(('Invalid uuid: %s. To ensure interoperability, '
2026-09-07 19:33:54.118 9 WARNING neutron.scheduler.dhcp_agent_scheduler [None req-180159f9-0b7f-4ccd-9ac6-fa36bea76e93 e490c20c965248f890b9a166a327eda5 c5f9a505725d449f86696a75708d6975 - - default default] No more DHCP agents
2026-09-07 19:33:54.123 9 WARNING neutron.api.rpc.agentnotifiers.dhcp_rpc_agent_api [None req-180159f9-0b7f-4ccd-9ac6-fa36bea76e93 e490c20c965248f890b9a166a327eda5 c5f9a505725d449f86696a75708d6975 - - default default] Unable to schedule network 0026e08b-ac04-4852-b960-993a9253bdfb: no agents available; will retry on subsequent port and subnet creation events.
2026-09-07 19:33:54.201 9 INFO neutron.db.ovn_revision_numbers_db [None req-972d9fd8-ead1-41cd-a99a-7a6695c86259 abd2d3e2a7644e85af965d63bd0868a6 b5a920c831ab477e8569fcfb39c1e131 - - default default] Successfully bumped revision number for resource baa8d9cd-f247-4fed-9fde-5aba0b07b6e4 (type: ports) to 1
2026-09-07 19:33:54.251 9 INFO neutron.db.ovn_revision_numbers_db [None req-180159f9-0b7f-4ccd-9ac6-fa36bea76e93 e490c20c965248f890b9a166a327eda5 c5f9a505725d449f86696a75708d6975 - - default default] Successfully bumped revision number for resource 8de815b8-f500-4cd1-b794-76eb83f085a8 (type: ports) to 1
2026-09-07 19:33:54.303 9 INFO neutron.wsgi [None req-180159f9-0b7f-4ccd-9ac6-fa36bea76e93 e490c20c965248f890b9a166a327eda5 c5f9a505725d449f86696a75708d6975 - - default default] 10.0.0.35 "POST /v2.0/networks HTTP/1.1" status: 201 len: 1445 time: 2.0474617
2026-09-07 19:33:54.423 9 INFO neutron.wsgi [None req-f0d7453e-857c-4973-b7d6-4acd9b5432e7 e490c20c965248f890b9a166a327eda5 c5f9a505725d449f86696a75708d6975 - - default default] 10.0.0.35 "GET /v2.0/networks HTTP/1.1" status: 200 len: 2051 time: 0.1157122
2026-09-07 19:33:54.634 10 INFO neutron.wsgi [None req-31726316-43c8-4a5b-8da8-bb4fc79c9f5a abd2d3e2a7644e85af965d63bd0868a6 b5a920c831ab477e8569fcfb39c1e131 - - default default] 10.0.0.35 "DELETE /v2.0/routers/a5bcd4ed-e6dc-4fe5-9244-6e1866da34e8 HTTP/1.1" status: 204 len: 168 time: 0.8716893
2026-09-07 19:33:54.642 10 WARNING keystonemiddleware.audit [None req-536f9550-dc73-45ac-add5-0f2fcbee9f30 - - - - - -] Skipping service tempest-service-1009056272 as it have no endpoints.
2026-09-07 19:33:54.804 10 INFO neutron.wsgi [None req-1526aee9-92cf-4e96-ab63-724aeda01a9f abd2d3e2a7644e85af965d63bd0868a6 b5a920c831ab477e8569fcfb39c1e131 - - default default] 10.0.0.35 "DELETE /v2.0/subnets/42225bd6-86f3-443d-9338-55e89b192260 HTTP/1.1" status: 204 len: 168 time: 0.1627536
2026-09-07 19:33:54.812 10 WARNING keystonemiddleware.audit [None req-461f942e-7587-4e47-807f-9d2bc581ec29 - - - - - -] Skipping service tempest-service-1009056272 as it have no endpoints.
2026-09-07 19:33:54.836 9 INFO neutron.services.segments.plugin [-] Segment f9514e65-2f36-4066-8a45-7359fb0b473d resource provider aggregate not found
2026-09-07 19:33:54.842 9 INFO neutron.services.segments.plugin [-] Segment f9514e65-2f36-4066-8a45-7359fb0b473d resource provider aggregate not found
2026-09-07 19:33:54.858 9 INFO neutron.services.segments.plugin [-] Segment f9514e65-2f36-4066-8a45-7359fb0b473d resource provider not found; error: Placement Client Error (4xx): {"errors": [{"status": 404, "title": "Not Found", "detail": "The resource could not be found.\n\n No resource provider with uuid f9514e65-2f36-4066-8a45-7359fb0b473d found for delete ", "request_id": "req-f83d987f-2bee-40f7-9a4e-3cd3a173077d"}]}
2026-09-07 19:33:54.859 9 INFO neutron.services.segments.plugin [-] Segment f9514e65-2f36-4066-8a45-7359fb0b473d resource provider not found; error: Placement Client Error (4xx): {"errors": [{"status": 404, "title": "Not Found", "detail": "The resource could not be found.\n\n No resource provider with uuid f9514e65-2f36-4066-8a45-7359fb0b473d found for delete ", "request_id": "req-55af2d25-4852-48f9-bb80-8428f4514dce"}]}
2026-09-07 19:33:54.881 9 INFO neutron.wsgi [None req-043eed52-be72-4240-a465-6c99745ab495 e490c20c965248f890b9a166a327eda5 c5f9a505725d449f86696a75708d6975 - - default default] 10.0.0.35 "DELETE /v2.0/networks/66932042-1395-477b-bb88-f7db16091b32 HTTP/1.1" status: 204 len: 168 time: 0.4527216
2026-09-07 19:33:54.940 9 INFO neutron.plugins.ml2.drivers.ovn.mech_driver.mech_driver [None req-a1a9e32f-5372-41c5-847d-33ef8807686b - - - - - -] OVN reports status up for port: baa8d9cd-f247-4fed-9fde-5aba0b07b6e4
2026-09-07 19:33:54.950 9 INFO neutron.plugins.ml2.plugin [None req-a1a9e32f-5372-41c5-847d-33ef8807686b - - - - - -] Attempt 1 to provision port baa8d9cd-f247-4fed-9fde-5aba0b07b6e4
2026-09-07 19:33:54.960 9 INFO neutron.plugins.ml2.drivers.ovn.mech_driver.ovsdb.ovsdb_monitor [None req-3caa1c06-d200-492a-ae27-b882f1263891 - - - - - -] Router 7529fa01-e64a-42b2-879e-a1ca93047da0 is bound to host instance
2026-09-07 19:33:54.974 9 INFO neutron.db.ovn_revision_numbers_db [None req-972d9fd8-ead1-41cd-a99a-7a6695c86259 abd2d3e2a7644e85af965d63bd0868a6 b5a920c831ab477e8569fcfb39c1e131 - - default default] Successfully bumped revision number for resource baa8d9cd-f247-4fed-9fde-5aba0b07b6e4 (type: router_ports) to 1
2026-09-07 19:33:55.075 9 INFO neutron.db.ovn_revision_numbers_db [None req-972d9fd8-ead1-41cd-a99a-7a6695c86259 abd2d3e2a7644e85af965d63bd0868a6 b5a920c831ab477e8569fcfb39c1e131 - - default default] Successfully bumped revision number for resource 7529fa01-e64a-42b2-879e-a1ca93047da0 (type: routers) to 2
2026-09-07 19:33:55.089 9 INFO neutron.wsgi [None req-972d9fd8-ead1-41cd-a99a-7a6695c86259 abd2d3e2a7644e85af965d63bd0868a6 b5a920c831ab477e8569fcfb39c1e131 - - default default] 10.0.0.35 "POST /v2.0/routers HTTP/1.1" status: 201 len: 878 time: 1.9743094
2026-09-07 19:33:55.270 10 INFO neutron.services.segments.plugin [-] Segment 2cced378-d358-4a02-a1d4-97f87f682af9 resource provider aggregate not found
2026-09-07 19:33:55.283 10 INFO neutron.services.segments.plugin [-] Segment 2cced378-d358-4a02-a1d4-97f87f682af9 resource provider aggregate not found
2026-09-07 19:33:55.309 10 INFO neutron.services.segments.plugin [-] Segment 2cced378-d358-4a02-a1d4-97f87f682af9 resource provider not found; error: Placement Client Error (4xx): {"errors": [{"status": 404, "title": "Not Found", "detail": "The resource could not be found.\n\n No resource provider with uuid 2cced378-d358-4a02-a1d4-97f87f682af9 found for delete ", "request_id": "req-58c9e9c8-ef9d-4f16-adbd-c4954c35d760"}]}
2026-09-07 19:33:55.330 10 INFO neutron.services.segments.plugin [-] Segment 2cced378-d358-4a02-a1d4-97f87f682af9 resource provider not found; error: Placement Client Error (4xx): {"errors": [{"status": 404, "title": "Not Found", "detail": "The resource could not be found.\n\n No resource provider with uuid 2cced378-d358-4a02-a1d4-97f87f682af9 found for delete ", "request_id": "req-f472b6fc-33d9-4320-8235-a0ad8895e6d6"}]}
2026-09-07 19:33:55.370 10 INFO neutron.wsgi [None req-c3719af2-6c39-4871-8b02-126b34308e4a abd2d3e2a7644e85af965d63bd0868a6 b5a920c831ab477e8569fcfb39c1e131 - - default default] 10.0.0.35 "DELETE /v2.0/networks/17f8acd4-14bb-4927-aab5-6faac622529b HTTP/1.1" status: 204 len: 168 time: 0.5600970
2026-09-07 19:33:55.435 10 INFO neutron.wsgi [None req-0f108095-1fab-4af7-b38e-a8c0af49804b e490c20c965248f890b9a166a327eda5 c5f9a505725d449f86696a75708d6975 - - default default] 10.0.0.35 "DELETE /v2.0/networks/0026e08b-ac04-4852-b960-993a9253bdfb HTTP/1.1" status: 204 len: 168 time: 0.5482378
2026-09-07 19:33:55.523 9 WARNING keystonemiddleware.audit [None req-d04ad254-f95f-4a77-9ea6-4711a11e76e8 - - - - - -] Skipping service tempest-service-1009056272 as it have no endpoints.
2026-09-07 19:33:55.536 10 INFO neutron.wsgi [None req-d23ca88f-6ca2-4f18-8617-dd9b1add46ba e490c20c965248f890b9a166a327eda5 c5f9a505725d449f86696a75708d6975 - - default default] 10.0.0.35 "GET /v2.0/networks HTTP/1.1" status: 200 len: 845 time: 0.0934718
2026-09-07 19:33:55.587 9 INFO neutron.wsgi [None req-137f1af1-6a6c-4ffb-acd3-af3ace559a34 abd2d3e2a7644e85af965d63bd0868a6 b5a920c831ab477e8569fcfb39c1e131 - - default default] 10.0.0.35 "GET /v2.0/security-groups?tenant_id=5070c3a8ffb24128acca712e16659b18&name=default HTTP/1.1" status: 200 len: 2996 time: 0.0669670
2026-09-07 19:33:55.594 10 WARNING keystonemiddleware.audit [None req-603e4af0-29d9-4298-8825-5aa6302a9bb0 - - - - - -] Skipping service tempest-service-1009056272 as it have no endpoints.
2026-09-07 19:33:55.647 10 INFO neutron.db.segments_db [None req-f0964e4f-3ed8-47a0-a562-9af71107a2e8 e490c20c965248f890b9a166a327eda5 c5f9a505725d449f86696a75708d6975 - - default default] Added segment 5be10ed5-4946-4635-a13c-ff8ee7e1583b of type geneve for network d0a3e6ae-5a44-4607-bf00-58fd87f49562
2026-09-07 19:33:55.824 9 WARNING neutron.scheduler.dhcp_agent_scheduler [None req-b60202f0-85de-4a81-b0d6-18eaad648a18 abd2d3e2a7644e85af965d63bd0868a6 b5a920c831ab477e8569fcfb39c1e131 - - default default] No more DHCP agents
2026-09-07 19:33:55.825 9 WARNING neutron.api.rpc.agentnotifiers.dhcp_rpc_agent_api [None req-b60202f0-85de-4a81-b0d6-18eaad648a18 abd2d3e2a7644e85af965d63bd0868a6 b5a920c831ab477e8569fcfb39c1e131 - - default default] Unable to schedule network 21b01d38-57db-49af-a061-ff51f1284722: no agents available; will retry on subsequent port and subnet creation events.
2026-09-07 19:33:55.839 9 INFO neutron.db.ovn_revision_numbers_db [None req-3caa1c06-d200-492a-ae27-b882f1263891 - - - - - -] Successfully bumped revision number for resource baa8d9cd-f247-4fed-9fde-5aba0b07b6e4 (type: ports) to 1
2026-09-07 19:33:55.858 10 INFO neutron.db.ovn_revision_numbers_db [None req-f0964e4f-3ed8-47a0-a562-9af71107a2e8 e490c20c965248f890b9a166a327eda5 c5f9a505725d449f86696a75708d6975 - - default default] Successfully bumped revision number for resource d0a3e6ae-5a44-4607-bf00-58fd87f49562 (type: networks) to 1
2026-09-07 19:33:55.942 10 INFO neutron.wsgi [None req-22b0c3ad-4852-4cec-9ad3-7ff56cfd064b abd2d3e2a7644e85af965d63bd0868a6 b5a920c831ab477e8569fcfb39c1e131 - - default default] 10.0.0.35 "DELETE /v2.0/security-groups/fc205425-1b4d-4384-8760-83d608d4f746 HTTP/1.1" status: 204 len: 168 time: 0.3490479
2026-09-07 19:33:56.072 10 WARNING neutron.scheduler.dhcp_agent_scheduler [None req-f0964e4f-3ed8-47a0-a562-9af71107a2e8 e490c20c965248f890b9a166a327eda5 c5f9a505725d449f86696a75708d6975 - - default default] No more DHCP agents
2026-09-07 19:33:56.074 9 INFO neutron.db.ovn_revision_numbers_db [None req-b60202f0-85de-4a81-b0d6-18eaad648a18 abd2d3e2a7644e85af965d63bd0868a6 b5a920c831ab477e8569fcfb39c1e131 - - default default] Successfully bumped revision number for resource eaeb3a8e-e642-44f6-9778-e20454e1d715 (type: ports) to 1
2026-09-07 19:33:56.076 10 WARNING neutron.api.rpc.agentnotifiers.dhcp_rpc_agent_api [None req-f0964e4f-3ed8-47a0-a562-9af71107a2e8 e490c20c965248f890b9a166a327eda5 c5f9a505725d449f86696a75708d6975 - - default default] Unable to schedule network d0a3e6ae-5a44-4607-bf00-58fd87f49562: no agents available; will retry on subsequent port and subnet creation events.
2026-09-07 19:33:56.082 9 INFO neutron.wsgi [req-5b47149e-ed0c-491f-9cb9-71883c664b3b req-5a697853-aa89-4338-93ad-6b21b0a0c6f6 7d811d46b06048dc8b551f9127a1f3f9 31a9140917a44ab8aea403ca45ecd12e - - 25d29ca8d90e466ca464a71debf3088a 25d29ca8d90e466ca464a71debf3088a] 10.0.0.10 "GET /v2.0/ports?device_id=aaa1bc62-6b0e-4c7a-a6ff-71768fe05146 HTTP/1.1" status: 200 len: 1409 time: 0.0366981
2026-09-07 19:33:56.168 9 INFO neutron.wsgi [req-5b47149e-ed0c-491f-9cb9-71883c664b3b req-4be9ded7-31d8-4f78-9dcc-afcf32895de5 7d811d46b06048dc8b551f9127a1f3f9 31a9140917a44ab8aea403ca45ecd12e - - 25d29ca8d90e466ca464a71debf3088a 25d29ca8d90e466ca464a71debf3088a] 10.0.0.10 "GET /v2.0/security-groups?id=7af57a8c-f35b-4434-9da0-0c1418b716f1&fields=id&fields=name HTTP/1.1" status: 200 len: 313 time: 0.0803649
2026-09-07 19:33:56.182 10 INFO neutron.db.ovn_revision_numbers_db [None req-f0964e4f-3ed8-47a0-a562-9af71107a2e8 e490c20c965248f890b9a166a327eda5 c5f9a505725d449f86696a75708d6975 - - default default] Successfully bumped revision number for resource eee12f61-e48a-4b09-904a-77ab09b326c7 (type: ports) to 1
2026-09-07 19:33:56.206 10 INFO neutron.wsgi [None req-f0964e4f-3ed8-47a0-a562-9af71107a2e8 e490c20c965248f890b9a166a327eda5 c5f9a505725d449f86696a75708d6975 - - default default] 10.0.0.35 "POST /v2.0/networks HTTP/1.1" status: 201 len: 849 time: 0.6630478
2026-09-07 19:33:56.237 9 INFO neutron.db.ovn_revision_numbers_db [None req-3caa1c06-d200-492a-ae27-b882f1263891 - - - - - -] Successfully bumped revision number for resource baa8d9cd-f247-4fed-9fde-5aba0b07b6e4 (type: router_ports) to 3
2026-09-07 19:33:56.330 10 INFO neutron.db.segments_db [None req-0deef658-3b27-421b-97b4-bbbcf3928a4e e490c20c965248f890b9a166a327eda5 c5f9a505725d449f86696a75708d6975 - - default default] Added segment 761e8227-e297-4b96-a889-34e83d1ddc6d of type geneve for network aa17f947-07a7-4d71-9df1-371e6a0c2a86
2026-09-07 19:33:56.473 9 INFO neutron.db.ovn_revision_numbers_db [None req-3caa1c06-d200-492a-ae27-b882f1263891 - - - - - -] Successfully bumped revision number for resource baa8d9cd-f247-4fed-9fde-5aba0b07b6e4 (type: ports) to 2
2026-09-07 19:33:56.500 10 INFO neutron.db.ovn_revision_numbers_db [None req-0deef658-3b27-421b-97b4-bbbcf3928a4e e490c20c965248f890b9a166a327eda5 c5f9a505725d449f86696a75708d6975 - - default default] Successfully bumped revision number for resource aa17f947-07a7-4d71-9df1-371e6a0c2a86 (type: networks) to 1
2026-09-07 19:33:56.600 10 INFO neutron.plugins.ml2.drivers.ovn.mech_driver.mech_driver [None req-f9070b68-23b0-41f8-bf80-edfe70a9405c - - - - - -] OVN reports status up for port: eaeb3a8e-e642-44f6-9778-e20454e1d715
2026-09-07 19:33:56.615 10 INFO neutron.plugins.ml2.plugin [None req-f9070b68-23b0-41f8-bf80-edfe70a9405c - - - - - -] Attempt 1 to provision port eaeb3a8e-e642-44f6-9778-e20454e1d715
2026-09-07 19:33:56.636 9 INFO neutron.db.ovn_revision_numbers_db [None req-b60202f0-85de-4a81-b0d6-18eaad648a18 abd2d3e2a7644e85af965d63bd0868a6 b5a920c831ab477e8569fcfb39c1e131 - - default default] Successfully bumped revision number for resource eaeb3a8e-e642-44f6-9778-e20454e1d715 (type: router_ports) to 1
2026-09-07 19:33:56.661 10 WARNING neutron.scheduler.dhcp_agent_scheduler [None req-0deef658-3b27-421b-97b4-bbbcf3928a4e e490c20c965248f890b9a166a327eda5 c5f9a505725d449f86696a75708d6975 - - default default] No more DHCP agents
2026-09-07 19:33:56.663 10 WARNING neutron.api.rpc.agentnotifiers.dhcp_rpc_agent_api [None req-0deef658-3b27-421b-97b4-bbbcf3928a4e e490c20c965248f890b9a166a327eda5 c5f9a505725d449f86696a75708d6975 - - default default] Unable to schedule network aa17f947-07a7-4d71-9df1-371e6a0c2a86: no agents available; will retry on subsequent port and subnet creation events.
2026-09-07 19:33:56.787 10 INFO neutron.db.ovn_revision_numbers_db [None req-0deef658-3b27-421b-97b4-bbbcf3928a4e e490c20c965248f890b9a166a327eda5 c5f9a505725d449f86696a75708d6975 - - default default] Successfully bumped revision number for resource 5db3d2d8-f5f0-406c-9e42-d9714e8700d6 (type: ports) to 1
2026-09-07 19:33:56.816 9 INFO neutron.db.ovn_revision_numbers_db [None req-3caa1c06-d200-492a-ae27-b882f1263891 - - - - - -] Successfully bumped revision number for resource baa8d9cd-f247-4fed-9fde-5aba0b07b6e4 (type: ports) to 4
2026-09-07 19:33:56.822 10 INFO neutron.wsgi [None req-0deef658-3b27-421b-97b4-bbbcf3928a4e e490c20c965248f890b9a166a327eda5 c5f9a505725d449f86696a75708d6975 - - default default] 10.0.0.35 "POST /v2.0/networks HTTP/1.1" status: 201 len: 849 time: 0.6049309
2026-09-07 19:33:56.930 9 INFO neutron.db.ovn_revision_numbers_db [None req-b60202f0-85de-4a81-b0d6-18eaad648a18 abd2d3e2a7644e85af965d63bd0868a6 b5a920c831ab477e8569fcfb39c1e131 - - default default] Successfully bumped revision number for resource eaeb3a8e-e642-44f6-9778-e20454e1d715 (type: ports) to 1
2026-09-07 19:33:56.980 10 INFO neutron.db.ovn_revision_numbers_db [None req-f9070b68-23b0-41f8-bf80-edfe70a9405c - - - - - -] Successfully bumped revision number for resource eaeb3a8e-e642-44f6-9778-e20454e1d715 (type: ports) to 2
2026-09-07 19:33:57.041 9 WARNING neutron.scheduler.dhcp_agent_scheduler [None req-b60202f0-85de-4a81-b0d6-18eaad648a18 abd2d3e2a7644e85af965d63bd0868a6 b5a920c831ab477e8569fcfb39c1e131 - - default default] No more DHCP agents
2026-09-07 19:33:57.043 9 WARNING neutron.api.rpc.agentnotifiers.dhcp_rpc_agent_api [None req-b60202f0-85de-4a81-b0d6-18eaad648a18 abd2d3e2a7644e85af965d63bd0868a6 b5a920c831ab477e8569fcfb39c1e131 - - default default] Unable to schedule network 21b01d38-57db-49af-a061-ff51f1284722: no agents available; will retry on subsequent port and subnet creation events.
2026-09-07 19:33:57.178 10 INFO neutron.db.ovn_revision_numbers_db [None req-f9070b68-23b0-41f8-bf80-edfe70a9405c - - - - - -] Successfully bumped revision number for resource eaeb3a8e-e642-44f6-9778-e20454e1d715 (type: router_ports) to 2
2026-09-07 19:33:57.328 10 INFO neutron.services.segments.plugin [-] Segment 2367afda-50c8-4308-8e35-c5a474b3a584 resource provider aggregate not found
2026-09-07 19:33:57.335 9 INFO neutron.db.ovn_revision_numbers_db [None req-3caa1c06-d200-492a-ae27-b882f1263891 - - - - - -] Successfully bumped revision number for resource baa8d9cd-f247-4fed-9fde-5aba0b07b6e4 (type: router_ports) to 4
2026-09-07 19:33:57.348 10 INFO neutron.services.segments.plugin [-] Segment 2367afda-50c8-4308-8e35-c5a474b3a584 resource provider not found; error: Placement Client Error (4xx): {"errors": [{"status": 404, "title": "Not Found", "detail": "The resource could not be found.\n\n No resource provider with uuid 2367afda-50c8-4308-8e35-c5a474b3a584 found for delete ", "request_id": "req-57466969-4a6d-4486-accc-72cc9707e3e6"}]}
2026-09-07 19:33:57.354 10 INFO neutron.services.segments.plugin [-] Segment 2367afda-50c8-4308-8e35-c5a474b3a584 resource provider aggregate not found
2026-09-07 19:33:57.370 10 INFO neutron.services.segments.plugin [-] Segment 2367afda-50c8-4308-8e35-c5a474b3a584 resource provider not found; error: Placement Client Error (4xx): {"errors": [{"status": 404, "title": "Not Found", "detail": "The resource could not be found.\n\n No resource provider with uuid 2367afda-50c8-4308-8e35-c5a474b3a584 found for delete ", "request_id": "req-c82eaa1c-fdb5-49e8-ad3c-7d5da7ca1aeb"}]}
2026-09-07 19:33:57.427 10 WARNING neutron.scheduler.dhcp_agent_scheduler [None req-e876c743-c27f-4a61-96ba-d7bce0b30a49 e490c20c965248f890b9a166a327eda5 c5f9a505725d449f86696a75708d6975 - - default default] No more DHCP agents
2026-09-07 19:33:57.431 10 WARNING neutron.api.rpc.agentnotifiers.dhcp_rpc_agent_api [None req-e876c743-c27f-4a61-96ba-d7bce0b30a49 e490c20c965248f890b9a166a327eda5 c5f9a505725d449f86696a75708d6975 - - default default] Unable to schedule network d0a3e6ae-5a44-4607-bf00-58fd87f49562: no agents available; will retry on subsequent port and subnet creation events.
2026-09-07 19:33:57.512 10 INFO neutron.db.ovn_revision_numbers_db [None req-e876c743-c27f-4a61-96ba-d7bce0b30a49 e490c20c965248f890b9a166a327eda5 c5f9a505725d449f86696a75708d6975 - - default default] Successfully bumped revision number for resource 01f1bd3c-5c4d-431d-806d-8fbe59853bd6 (type: ports) to 1
