2026-08-08 07:03:07.261 7 INFO neutron.db.ovn_revision_numbers_db [None req-fd1621fc-3c8c-4c3b-be4f-ec6825f360ac 9d9515b927b641a0ab0b4f210719f7a1 d0b638c21224408895f44b89a7ef453c - - default default] Successfully bumped revision number for resource 2b1574a9-3b91-46bf-809e-ceaf0e754603 (type: security_groups) to 1
2026-08-08 07:03:07.275 7 INFO neutron.db.ovn_revision_numbers_db [None req-fd1621fc-3c8c-4c3b-be4f-ec6825f360ac 9d9515b927b641a0ab0b4f210719f7a1 d0b638c21224408895f44b89a7ef453c - - default default] Successfully bumped revision number for resource 7d10fabf-6437-4a2d-8829-56a97b271a4a (type: security_group_rules) to 0
2026-08-08 07:03:07.291 7 INFO neutron.db.ovn_revision_numbers_db [None req-fd1621fc-3c8c-4c3b-be4f-ec6825f360ac 9d9515b927b641a0ab0b4f210719f7a1 d0b638c21224408895f44b89a7ef453c - - default default] Successfully bumped revision number for resource 94d5c75c-e883-4950-9243-0822b860572c (type: security_group_rules) to 0
2026-08-08 07:03:07.303 7 INFO neutron.db.ovn_revision_numbers_db [None req-fd1621fc-3c8c-4c3b-be4f-ec6825f360ac 9d9515b927b641a0ab0b4f210719f7a1 d0b638c21224408895f44b89a7ef453c - - default default] Successfully bumped revision number for resource 98dfc6ff-dcb9-4dfc-a37e-d806d176f707 (type: security_group_rules) to 0
2026-08-08 07:03:07.317 7 INFO neutron.db.ovn_revision_numbers_db [None req-fd1621fc-3c8c-4c3b-be4f-ec6825f360ac 9d9515b927b641a0ab0b4f210719f7a1 d0b638c21224408895f44b89a7ef453c - - default default] Successfully bumped revision number for resource ec9ae180-870b-4ec9-a6cb-041c83045ae4 (type: security_group_rules) to 0
2026-08-08 07:03:07.388 7 INFO neutron.db.segments_db [None req-fd1621fc-3c8c-4c3b-be4f-ec6825f360ac 9d9515b927b641a0ab0b4f210719f7a1 d0b638c21224408895f44b89a7ef453c - - default default] Added segment 34ca75f2-26e8-4f5e-9cff-670c657afe38 of type geneve for network 9f33cd30-4751-41f9-981e-f90cfe462d09
2026-08-08 07:03:07.459 8 WARNING neutron.scheduler.dhcp_agent_scheduler [None req-8dec20f4-2b1e-44dc-b266-1d8883c674fd b9491f04410e47d28e7cc7cf4aaabfab 30bfc89d2af74c469614048e06e5b3c8 - - default default] No more DHCP agents
2026-08-08 07:03:07.462 8 WARNING neutron.api.rpc.agentnotifiers.dhcp_rpc_agent_api [None req-8dec20f4-2b1e-44dc-b266-1d8883c674fd b9491f04410e47d28e7cc7cf4aaabfab 30bfc89d2af74c469614048e06e5b3c8 - - default default] Unable to schedule network 6086b862-7d4e-42b6-979f-473683d7c59f: no agents available; will retry on subsequent port and subnet creation events.
2026-08-08 07:03:07.556 7 INFO neutron.db.ovn_revision_numbers_db [None req-fd1621fc-3c8c-4c3b-be4f-ec6825f360ac 9d9515b927b641a0ab0b4f210719f7a1 d0b638c21224408895f44b89a7ef453c - - default default] Successfully bumped revision number for resource 9f33cd30-4751-41f9-981e-f90cfe462d09 (type: networks) to 1
2026-08-08 07:03:07.706 8 INFO neutron.db.ovn_revision_numbers_db [None req-8dec20f4-2b1e-44dc-b266-1d8883c674fd b9491f04410e47d28e7cc7cf4aaabfab 30bfc89d2af74c469614048e06e5b3c8 - - default default] Successfully bumped revision number for resource 8891138b-7128-4a1d-8459-5eddcb11be1d (type: ports) to 1
2026-08-08 07:03:07.786 7 WARNING neutron.scheduler.dhcp_agent_scheduler [None req-fd1621fc-3c8c-4c3b-be4f-ec6825f360ac 9d9515b927b641a0ab0b4f210719f7a1 d0b638c21224408895f44b89a7ef453c - - default default] No more DHCP agents
2026-08-08 07:03:07.787 7 WARNING neutron.api.rpc.agentnotifiers.dhcp_rpc_agent_api [None req-fd1621fc-3c8c-4c3b-be4f-ec6825f360ac 9d9515b927b641a0ab0b4f210719f7a1 d0b638c21224408895f44b89a7ef453c - - default default] Unable to schedule network 9f33cd30-4751-41f9-981e-f90cfe462d09: no agents available; will retry on subsequent port and subnet creation events.
2026-08-08 07:03:07.914 7 INFO neutron.db.ovn_revision_numbers_db [None req-fd1621fc-3c8c-4c3b-be4f-ec6825f360ac 9d9515b927b641a0ab0b4f210719f7a1 d0b638c21224408895f44b89a7ef453c - - default default] Successfully bumped revision number for resource 5ef087b0-3b50-403b-a92f-ada910c85409 (type: ports) to 1 [pid: 7|app: 0|req: 1091/1911] 10.0.0.199 () {34 vars in 669 bytes} [Sat Aug 8 07:03:06 2026] POST /v2.0/networks => generated 632 bytes in 975 msecs (HTTP/1.1 201) 4 headers in 162 bytes (1 switches on core 0)
2026-08-08 07:03:08.058 7 INFO neutron_taas.services.taas.taas_plugin [None req-45e086f7-0f49-46ec-b8ff-6b2e4089595b 21d03defcac04142b80fa63bc4a129d7 a18afc8383314a73bbc97dc5ba543609 - - default default] TaaS: Handle Delete Port: 4f07f1a3-2110-45dd-b35e-609969a78431
2026-08-08 07:03:08.061 7 INFO neutron_taas.services.taas.tap_mirror_plugin [None req-45e086f7-0f49-46ec-b8ff-6b2e4089595b 21d03defcac04142b80fa63bc4a129d7 a18afc8383314a73bbc97dc5ba543609 - - default default] Tap Mirror: Handle Delete Port: 4f07f1a3-2110-45dd-b35e-609969a78431 [pid: 7|app: 0|req: 1092/1912] 10.0.0.199 () {32 vars in 719 bytes} [Sat Aug 8 07:03:07 2026] DELETE /v2.0/ports/4f07f1a3-2110-45dd-b35e-609969a78431 => generated 0 bytes in 281 msecs (HTTP/1.1 204) 3 headers in 131 bytes (1 switches on core 0) [pid: 7|app: 0|req: 1093/1913] 199.204.45.227 () {34 vars in 1079 bytes} [Sat Aug 8 07:03:08 2026] GET /v2.0/ports?tenant_id=8f67deccc14e48c3a50351eb91ef91f9&device_id=a91653c7-8386-4ff0-bfa8-42fd7e85f5e2 => generated 1209 bytes in 40 msecs (HTTP/1.1 200) 4 headers in 158 bytes (1 switches on core 0)
2026-08-08 07:03:08.408 7 INFO neutron.db.ovn_revision_numbers_db [None req-989fd390-8bb0-4cbe-b932-02176d9280ad df53dde7e14e4aad85705a4ddf463c26 8f67deccc14e48c3a50351eb91ef91f9 - - default default] Successfully bumped revision number for resource e517eee2-61cd-4bf3-a6d1-e5e6deba22ba (type: security_groups) to 1
2026-08-08 07:03:08.445 7 INFO neutron.db.ovn_revision_numbers_db [None req-989fd390-8bb0-4cbe-b932-02176d9280ad df53dde7e14e4aad85705a4ddf463c26 8f67deccc14e48c3a50351eb91ef91f9 - - default default] Successfully bumped revision number for resource 27605adf-aea0-4338-936c-32e888172772 (type: security_group_rules) to 0
2026-08-08 07:03:08.472 7 INFO neutron.db.ovn_revision_numbers_db [None req-989fd390-8bb0-4cbe-b932-02176d9280ad df53dde7e14e4aad85705a4ddf463c26 8f67deccc14e48c3a50351eb91ef91f9 - - default default] Successfully bumped revision number for resource bb351007-3571-48a3-8c14-c791bc3796b3 (type: security_group_rules) to 0 [pid: 7|app: 0|req: 1094/1914] 10.0.0.199 () {34 vars in 684 bytes} [Sat Aug 8 07:03:08 2026] POST /v2.0/security-groups => generated 1675 bytes in 277 msecs (HTTP/1.1 201) 4 headers in 163 bytes (1 switches on core 0)
2026-08-08 07:03:08.553 8 WARNING neutron.scheduler.dhcp_agent_scheduler [None req-8dec20f4-2b1e-44dc-b266-1d8883c674fd b9491f04410e47d28e7cc7cf4aaabfab 30bfc89d2af74c469614048e06e5b3c8 - - default default] No more DHCP agents
2026-08-08 07:03:08.555 8 WARNING neutron.api.rpc.agentnotifiers.dhcp_rpc_agent_api [None req-8dec20f4-2b1e-44dc-b266-1d8883c674fd b9491f04410e47d28e7cc7cf4aaabfab 30bfc89d2af74c469614048e06e5b3c8 - - default default] Unable to schedule network 6086b862-7d4e-42b6-979f-473683d7c59f: no agents available; will retry on subsequent port and subnet creation events.
2026-08-08 07:03:08.620 7 INFO neutron.db.segments_db [None req-5cca7c5e-05e7-4736-89a8-2d742b59bd84 9d9515b927b641a0ab0b4f210719f7a1 d0b638c21224408895f44b89a7ef453c - - default default] Added segment e749cb82-b6c4-4031-a040-b8a83339c96f of type geneve for network cb10b7b9-f73f-4b52-845f-20a6e3fd4a69
2026-08-08 07:03:08.749 7 INFO neutron.db.ovn_revision_numbers_db [None req-5cca7c5e-05e7-4736-89a8-2d742b59bd84 9d9515b927b641a0ab0b4f210719f7a1 d0b638c21224408895f44b89a7ef453c - - default default] Successfully bumped revision number for resource cb10b7b9-f73f-4b52-845f-20a6e3fd4a69 (type: networks) to 1
2026-08-08 07:03:08.948 8 INFO neutron.db.ovn_revision_numbers_db [None req-8dec20f4-2b1e-44dc-b266-1d8883c674fd b9491f04410e47d28e7cc7cf4aaabfab 30bfc89d2af74c469614048e06e5b3c8 - - default default] Successfully bumped revision number for resource 8891138b-7128-4a1d-8459-5eddcb11be1d (type: router_ports) to 1
2026-08-08 07:03:08.949 7 WARNING neutron.scheduler.dhcp_agent_scheduler [None req-5cca7c5e-05e7-4736-89a8-2d742b59bd84 9d9515b927b641a0ab0b4f210719f7a1 d0b638c21224408895f44b89a7ef453c - - default default] No more DHCP agents
2026-08-08 07:03:08.951 7 WARNING neutron.api.rpc.agentnotifiers.dhcp_rpc_agent_api [None req-5cca7c5e-05e7-4736-89a8-2d742b59bd84 9d9515b927b641a0ab0b4f210719f7a1 d0b638c21224408895f44b89a7ef453c - - default default] Unable to schedule network cb10b7b9-f73f-4b52-845f-20a6e3fd4a69: no agents available; will retry on subsequent port and subnet creation events. [pid: 8|app: 0|req: 821/1915] 10.0.0.199 () {34 vars in 782 bytes} [Sat Aug 8 07:03:06 2026] PUT /v2.0/routers/531455dd-2f30-40f6-9b5f-53ea036b1d31/add_router_interface => generated 309 bytes in 2088 msecs (HTTP/1.1 200) 4 headers in 157 bytes (1 switches on core 0)
2026-08-08 07:03:09.062 7 INFO neutron.db.ovn_revision_numbers_db [None req-5cca7c5e-05e7-4736-89a8-2d742b59bd84 9d9515b927b641a0ab0b4f210719f7a1 d0b638c21224408895f44b89a7ef453c - - default default] Successfully bumped revision number for resource e84fdab6-2eaf-44f0-a448-c40114ae2aa9 (type: ports) to 1 [pid: 7|app: 0|req: 1095/1916] 10.0.0.199 () {34 vars in 669 bytes} [Sat Aug 8 07:03:08 2026] POST /v2.0/networks => generated 632 bytes in 552 msecs (HTTP/1.1 201) 4 headers in 162 bytes (1 switches on core 0) [pid: 8|app: 0|req: 822/1917] 10.0.0.199 () {32 vars in 642 bytes} [Sat Aug 8 07:03:08 2026] GET /v2.0/ports => generated 1523 bytes in 159 msecs (HTTP/1.1 200) 4 headers in 158 bytes (1 switches on core 0) [pid: 7|app: 0|req: 1096/1918] 199.204.45.227 () {34 vars in 985 bytes} [Sat Aug 8 07:03:09 2026] GET /v2.0/networks?id=d479a7bb-f4cf-428a-a216-e6aad2fe9347 => generated 759 bytes in 47 msecs (HTTP/1.1 200) 4 headers in 157 bytes (1 switches on core 0)
2026-08-08 07:03:09.235 8 INFO neutron.db.ovn_revision_numbers_db [None req-a8f6a703-7b79-48ba-aa7f-1340341a9553 df53dde7e14e4aad85705a4ddf463c26 8f67deccc14e48c3a50351eb91ef91f9 - - default default] Successfully bumped revision number for resource 289d796c-2625-4a8d-8884-c3f8a7ae7341 (type: security_group_rules) to 0 [pid: 8|app: 0|req: 823/1919] 10.0.0.199 () {34 vars in 694 bytes} [Sat Aug 8 07:03:09 2026] POST /v2.0/security-group-rules => generated 597 bytes in 151 msecs (HTTP/1.1 201) 4 headers in 162 bytes (1 switches on core 0)
2026-08-08 07:03:09.362 8 INFO neutron.db.segments_db [None req-159885bd-fb8f-4de0-862c-cae2e586a6fc 9d9515b927b641a0ab0b4f210719f7a1 d0b638c21224408895f44b89a7ef453c - - default default] Added segment 1c1aab3c-119d-4435-8e50-04a92ae105db of type geneve for network e993ec89-de71-4970-9a17-e884f0232de4
2026-08-08 07:03:09.491 8 INFO neutron.db.ovn_revision_numbers_db [None req-159885bd-fb8f-4de0-862c-cae2e586a6fc 9d9515b927b641a0ab0b4f210719f7a1 d0b638c21224408895f44b89a7ef453c - - default default] Successfully bumped revision number for resource e993ec89-de71-4970-9a17-e884f0232de4 (type: networks) to 1
2026-08-08 07:03:09.698 8 WARNING neutron.scheduler.dhcp_agent_scheduler [None req-159885bd-fb8f-4de0-862c-cae2e586a6fc 9d9515b927b641a0ab0b4f210719f7a1 d0b638c21224408895f44b89a7ef453c - - default default] No more DHCP agents
2026-08-08 07:03:09.699 8 WARNING neutron.api.rpc.agentnotifiers.dhcp_rpc_agent_api [None req-159885bd-fb8f-4de0-862c-cae2e586a6fc 9d9515b927b641a0ab0b4f210719f7a1 d0b638c21224408895f44b89a7ef453c - - default default] Unable to schedule network e993ec89-de71-4970-9a17-e884f0232de4: no agents available; will retry on subsequent port and subnet creation events.
2026-08-08 07:03:09.809 8 INFO neutron.db.ovn_revision_numbers_db [None req-159885bd-fb8f-4de0-862c-cae2e586a6fc 9d9515b927b641a0ab0b4f210719f7a1 d0b638c21224408895f44b89a7ef453c - - default default] Successfully bumped revision number for resource bed66277-39d7-4015-b202-69c53e6cd1de (type: ports) to 1 [pid: 8|app: 0|req: 824/1920] 10.0.0.199 () {34 vars in 669 bytes} [Sat Aug 8 07:03:09 2026] POST /v2.0/networks => generated 632 bytes in 565 msecs (HTTP/1.1 201) 4 headers in 162 bytes (1 switches on core 0)
2026-08-08 07:03:09.873 7 WARNING neutron.scheduler.dhcp_agent_scheduler [None req-d3494be1-eb2c-4c07-9194-874f9173681e - - - - - -] No more DHCP agents
2026-08-08 07:03:09.874 7 WARNING neutron.api.rpc.agentnotifiers.dhcp_rpc_agent_api [None req-d3494be1-eb2c-4c07-9194-874f9173681e - - - - - -] Unable to schedule network e66c3bfc-bdcb-447f-955c-e1758f080744: no agents available; will retry on subsequent port and subnet creation events.
2026-08-08 07:03:09.930 8 INFO neutron.db.segments_db [None req-5920dd96-b54b-492b-aa40-3c13c2a62e45 21d03defcac04142b80fa63bc4a129d7 a18afc8383314a73bbc97dc5ba543609 - - default default] Added segment 9706aef2-ee5d-4248-bdab-a237e2131c4d of type geneve for network e24e0d05-9df2-42c6-8806-5bd7dca797f3
2026-08-08 07:03:10.058 7 INFO neutron.db.ovn_revision_numbers_db [None req-d3494be1-eb2c-4c07-9194-874f9173681e - - - - - -] Successfully bumped revision number for resource 2c09f37a-2a70-4e18-b8d5-162735d49ba7 (type: ports) to 1
2026-08-08 07:03:10.103 8 INFO neutron.db.ovn_revision_numbers_db [None req-5920dd96-b54b-492b-aa40-3c13c2a62e45 21d03defcac04142b80fa63bc4a129d7 a18afc8383314a73bbc97dc5ba543609 - - default default] Successfully bumped revision number for resource e24e0d05-9df2-42c6-8806-5bd7dca797f3 (type: networks) to 1
2026-08-08 07:03:10.301 8 WARNING neutron.scheduler.dhcp_agent_scheduler [None req-5920dd96-b54b-492b-aa40-3c13c2a62e45 21d03defcac04142b80fa63bc4a129d7 a18afc8383314a73bbc97dc5ba543609 - - default default] No more DHCP agents
2026-08-08 07:03:10.302 8 WARNING neutron.api.rpc.agentnotifiers.dhcp_rpc_agent_api [None req-5920dd96-b54b-492b-aa40-3c13c2a62e45 21d03defcac04142b80fa63bc4a129d7 a18afc8383314a73bbc97dc5ba543609 - - default default] Unable to schedule network e24e0d05-9df2-42c6-8806-5bd7dca797f3: no agents available; will retry on subsequent port and subnet creation events.
2026-08-08 07:03:10.306 7 INFO neutron.db.ovn_revision_numbers_db [None req-d3494be1-eb2c-4c07-9194-874f9173681e - - - - - -] Successfully bumped revision number for resource 2c09f37a-2a70-4e18-b8d5-162735d49ba7 (type: ports) to 3
2026-08-08 07:03:10.369 7 INFO neutron.db.segments_db [None req-d3494be1-eb2c-4c07-9194-874f9173681e - - - - - -] Added segment cc3037b8-7264-4b84-9a88-852b50bd19eb of type geneve for network 2b8f414c-f158-46ff-ad60-48fc40eb2462
2026-08-08 07:03:10.417 8 INFO neutron.db.ovn_revision_numbers_db [None req-5920dd96-b54b-492b-aa40-3c13c2a62e45 21d03defcac04142b80fa63bc4a129d7 a18afc8383314a73bbc97dc5ba543609 - - default default] Successfully bumped revision number for resource 3af7deb1-d1d5-4c9d-973e-7c02c503a330 (type: ports) to 1 [pid: 8|app: 0|req: 825/1921] 10.0.0.199 () {34 vars in 669 bytes} [Sat Aug 8 07:03:09 2026] POST /v2.0/networks => generated 650 bytes in 609 msecs (HTTP/1.1 201) 4 headers in 162 bytes (1 switches on core 0) [pid: 8|app: 0|req: 826/1922] 199.204.45.227 () {34 vars in 1057 bytes} [Sat Aug 8 07:03:10 2026] GET /v2.0/floatingips?fixed_ip_address=10.100.0.8&port_id=be65cc41-a874-4e2f-b228-d22b98f9dca9 => generated 19 bytes in 23 msecs (HTTP/1.1 200) 4 headers in 156 bytes (1 switches on core 0)
2026-08-08 07:03:10.536 7 INFO neutron.db.ovn_revision_numbers_db [None req-8507c74a-bf07-4de1-95ef-ebde51d2da84 - - - - - -] Successfully bumped revision number for resource 2b8f414c-f158-46ff-ad60-48fc40eb2462 (type: networks) to 1
2026-08-08 07:03:10.675 8 INFO neutron.db.ovn_revision_numbers_db [None req-4b509894-b02b-4f9c-946c-2a05aaf9ad52 df53dde7e14e4aad85705a4ddf463c26 8f67deccc14e48c3a50351eb91ef91f9 - - default default] Successfully bumped revision number for resource ae5740bb-8134-4d52-85c7-9adb7d1eeb07 (type: security_group_rules) to 0 [pid: 8|app: 0|req: 827/1923] 10.0.0.199 () {34 vars in 694 bytes} [Sat Aug 8 07:03:10 2026] POST /v2.0/security-group-rules => generated 596 bytes in 241 msecs (HTTP/1.1 201) 4 headers in 162 bytes (1 switches on core 0)
2026-08-08 07:03:10.707 7 WARNING neutron.scheduler.dhcp_agent_scheduler [None req-8507c74a-bf07-4de1-95ef-ebde51d2da84 - - - - - -] No more DHCP agents
2026-08-08 07:03:10.708 7 WARNING neutron.api.rpc.agentnotifiers.dhcp_rpc_agent_api [None req-8507c74a-bf07-4de1-95ef-ebde51d2da84 - - - - - -] Unable to schedule network 2b8f414c-f158-46ff-ad60-48fc40eb2462: no agents available; will retry on subsequent port and subnet creation events.
2026-08-08 07:03:10.804 7 INFO neutron.db.ovn_revision_numbers_db [None req-8507c74a-bf07-4de1-95ef-ebde51d2da84 - - - - - -] Successfully bumped revision number for resource 874101bc-62a4-4536-bd70-8e96b2ef5626 (type: ports) to 1
2026-08-08 07:03:10.819 8 INFO neutron.db.segments_db [None req-4d7eb65d-4dd6-4a04-b694-8b099107ffbb 9d9515b927b641a0ab0b4f210719f7a1 d0b638c21224408895f44b89a7ef453c - - default default] Added segment 9e09ebb6-6815-45d8-9f46-a594c01d21e2 of type geneve for network 1bb4d9de-a714-474e-bb19-447745964820
2026-08-08 07:03:10.943 8 INFO neutron.db.ovn_revision_numbers_db [None req-4d7eb65d-4dd6-4a04-b694-8b099107ffbb 9d9515b927b641a0ab0b4f210719f7a1 d0b638c21224408895f44b89a7ef453c - - default default] Successfully bumped revision number for resource 1bb4d9de-a714-474e-bb19-447745964820 (type: networks) to 1
2026-08-08 07:03:10.963 7 WARNING neutron.scheduler.dhcp_agent_scheduler [None req-8507c74a-bf07-4de1-95ef-ebde51d2da84 - - - - - -] No more DHCP agents
2026-08-08 07:03:10.964 7 WARNING neutron.api.rpc.agentnotifiers.dhcp_rpc_agent_api [None req-8507c74a-bf07-4de1-95ef-ebde51d2da84 - - - - - -] Unable to schedule network 2b8f414c-f158-46ff-ad60-48fc40eb2462: no agents available; will retry on subsequent port and subnet creation events.
2026-08-08 07:03:10.987 7 INFO neutron.db.ovn_revision_numbers_db [None req-8507c74a-bf07-4de1-95ef-ebde51d2da84 - - - - - -] Successfully bumped revision number for resource 9c180f2e-39a5-4742-a9c1-8af5104f7e91 (type: subnets) to 0
2026-08-08 07:03:11.076 8 WARNING neutron.scheduler.dhcp_agent_scheduler [None req-4d7eb65d-4dd6-4a04-b694-8b099107ffbb 9d9515b927b641a0ab0b4f210719f7a1 d0b638c21224408895f44b89a7ef453c - - default default] No more DHCP agents
2026-08-08 07:03:11.078 8 WARNING neutron.api.rpc.agentnotifiers.dhcp_rpc_agent_api [None req-4d7eb65d-4dd6-4a04-b694-8b099107ffbb 9d9515b927b641a0ab0b4f210719f7a1 d0b638c21224408895f44b89a7ef453c - - default default] Unable to schedule network 1bb4d9de-a714-474e-bb19-447745964820: no agents available; will retry on subsequent port and subnet creation events.
2026-08-08 07:03:11.196 8 INFO neutron.db.ovn_revision_numbers_db [None req-4d7eb65d-4dd6-4a04-b694-8b099107ffbb 9d9515b927b641a0ab0b4f210719f7a1 d0b638c21224408895f44b89a7ef453c - - default default] Successfully bumped revision number for resource 6a9e8a43-9b97-45a0-b59d-6f29b8ca379d (type: ports) to 1 [pid: 8|app: 0|req: 828/1924] 10.0.0.199 () {34 vars in 669 bytes} [Sat Aug 8 07:03:10 2026] POST /v2.0/networks => generated 632 bytes in 519 msecs (HTTP/1.1 201) 4 headers in 162 bytes (1 switches on core 0)
2026-08-08 07:03:11.310 8 INFO neutron.db.segments_db [None req-c4c68067-9bbf-4f95-b8f4-af478317b4f5 21d03defcac04142b80fa63bc4a129d7 a18afc8383314a73bbc97dc5ba543609 - - default default] Added segment a5e814bf-af7f-4425-8713-81086fc090bc of type geneve for network 6f5d7aa9-779a-45c5-9b7f-68e2cb9ea57e
2026-08-08 07:03:11.416 7 WARNING neutron.scheduler.dhcp_agent_scheduler [None req-8507c74a-bf07-4de1-95ef-ebde51d2da84 - - - - - -] No more DHCP agents
2026-08-08 07:03:11.419 7 WARNING neutron.api.rpc.agentnotifiers.dhcp_rpc_agent_api [None req-8507c74a-bf07-4de1-95ef-ebde51d2da84 - - - - - -] Unable to schedule network 2b8f414c-f158-46ff-ad60-48fc40eb2462: no agents available; will retry on subsequent port and subnet creation events.
2026-08-08 07:03:11.434 8 INFO neutron.db.ovn_revision_numbers_db [None req-c4c68067-9bbf-4f95-b8f4-af478317b4f5 21d03defcac04142b80fa63bc4a129d7 a18afc8383314a73bbc97dc5ba543609 - - default default] Successfully bumped revision number for resource 6f5d7aa9-779a-45c5-9b7f-68e2cb9ea57e (type: networks) to 1
2026-08-08 07:03:11.603 7 INFO neutron.db.ovn_revision_numbers_db [None req-8507c74a-bf07-4de1-95ef-ebde51d2da84 - - - - - -] Successfully bumped revision number for resource 97e146de-6f15-4201-92c4-16867db39ce0 (type: ports) to 1
2026-08-08 07:03:11.678 8 WARNING neutron.scheduler.dhcp_agent_scheduler [None req-c4c68067-9bbf-4f95-b8f4-af478317b4f5 21d03defcac04142b80fa63bc4a129d7 a18afc8383314a73bbc97dc5ba543609 - - default default] No more DHCP agents
2026-08-08 07:03:11.679 8 WARNING neutron.api.rpc.agentnotifiers.dhcp_rpc_agent_api [None req-c4c68067-9bbf-4f95-b8f4-af478317b4f5 21d03defcac04142b80fa63bc4a129d7 a18afc8383314a73bbc97dc5ba543609 - - default default] Unable to schedule network 6f5d7aa9-779a-45c5-9b7f-68e2cb9ea57e: no agents available; will retry on subsequent port and subnet creation events.
2026-08-08 07:03:11.789 8 INFO neutron.db.ovn_revision_numbers_db [None req-c4c68067-9bbf-4f95-b8f4-af478317b4f5 21d03defcac04142b80fa63bc4a129d7 a18afc8383314a73bbc97dc5ba543609 - - default default] Successfully bumped revision number for resource f2e0762e-a68f-4ca8-8041-ed50cad9afcb (type: ports) to 1 [pid: 8|app: 0|req: 831/1927] 10.0.0.199 () {34 vars in 669 bytes} [Sat Aug 8 07:03:11 2026] POST /v2.0/networks => generated 650 bytes in 581 msecs (HTTP/1.1 201) 4 headers in 162 bytes (1 switches on core 0) [pid: 8|app: 0|req: 832/1928] 199.204.45.227 () {34 vars in 983 bytes} [Sat Aug 8 07:03:11 2026] GET /v2.0/subnets?id=439ad733-4ce1-4c26-9a9a-97021c1555da => generated 678 bytes in 32 msecs (HTTP/1.1 200) 4 headers in 157 bytes (1 switches on core 0)
2026-08-08 07:03:11.970 8 WARNING neutron.plugins.ml2.drivers.ovn.mech_driver.ovsdb.ovn_client [None req-2c93e93d-1f2d-4b0d-8508-016733374edb - - - - - -] No hosting information found for port e54f9d42-de17-4283-92aa-6fc64a3e18a1: RuntimeError: No hosting information found for port e54f9d42-de17-4283-92aa-6fc64a3e18a1
2026-08-08 07:03:11.970 8 INFO neutron.plugins.ml2.drivers.ovn.mech_driver.mech_driver [None req-2c93e93d-1f2d-4b0d-8508-016733374edb - - - - - -] OVN reports status down for port: 8891138b-7128-4a1d-8459-5eddcb11be1d
2026-08-08 07:03:12.006 8 INFO neutron.db.ovn_revision_numbers_db [None req-07204aaa-5b17-4db8-85ff-2481899798b2 df53dde7e14e4aad85705a4ddf463c26 8f67deccc14e48c3a50351eb91ef91f9 - - default default] Successfully bumped revision number for resource 544024df-e8b1-4e23-8656-430cfb1dda8f (type: security_group_rules) to 0 [pid: 8|app: 0|req: 833/1929] 10.0.0.199 () {34 vars in 694 bytes} [Sat Aug 8 07:03:11 2026] POST /v2.0/security-group-rules => generated 602 bytes in 215 msecs (HTTP/1.1 201) 4 headers in 162 bytes (1 switches on core 0)
2026-08-08 07:03:12.072 8 INFO neutron.plugins.ml2.drivers.ovn.mech_driver.mech_driver [None req-2c93e93d-1f2d-4b0d-8508-016733374edb - - - - - -] OVN reports status down for port: 5ef087b0-3b50-403b-a92f-ada910c85409
2026-08-08 07:03:12.146 8 INFO neutron.plugins.ml2.drivers.ovn.mech_driver.mech_driver [None req-2c93e93d-1f2d-4b0d-8508-016733374edb - - - - - -] OVN reports status up for port: 8891138b-7128-4a1d-8459-5eddcb11be1d
2026-08-08 07:03:12.159 8 INFO neutron.plugins.ml2.plugin [None req-2c93e93d-1f2d-4b0d-8508-016733374edb - - - - - -] Attempt 1 to provision port 8891138b-7128-4a1d-8459-5eddcb11be1d
2026-08-08 07:03:12.178 8 INFO neutron.db.segments_db [None req-a51a955b-760d-45d2-99ac-81ca26b72cc3 9d9515b927b641a0ab0b4f210719f7a1 d0b638c21224408895f44b89a7ef453c - - default default] Added segment cfd7ab12-625f-4707-b109-e16715a5c45f of type geneve for network de4b3c00-473b-4d56-9385-5da0373f3022
2026-08-08 07:03:12.298 7 WARNING neutron.scheduler.dhcp_agent_scheduler [None req-8507c74a-bf07-4de1-95ef-ebde51d2da84 - - - - - -] No more DHCP agents
2026-08-08 07:03:12.299 7 WARNING neutron.api.rpc.agentnotifiers.dhcp_rpc_agent_api [None req-8507c74a-bf07-4de1-95ef-ebde51d2da84 - - - - - -] Unable to schedule network 2b8f414c-f158-46ff-ad60-48fc40eb2462: no agents available; will retry on subsequent port and subnet creation events.
2026-08-08 07:03:12.478 8 INFO neutron.db.ovn_revision_numbers_db [None req-a51a955b-760d-45d2-99ac-81ca26b72cc3 9d9515b927b641a0ab0b4f210719f7a1 d0b638c21224408895f44b89a7ef453c - - default default] Successfully bumped revision number for resource de4b3c00-473b-4d56-9385-5da0373f3022 (type: networks) to 1
2026-08-08 07:03:12.803 8 WARNING neutron.scheduler.dhcp_agent_scheduler [None req-a51a955b-760d-45d2-99ac-81ca26b72cc3 9d9515b927b641a0ab0b4f210719f7a1 d0b638c21224408895f44b89a7ef453c - - default default] No more DHCP agents
2026-08-08 07:03:12.806 8 WARNING neutron.api.rpc.agentnotifiers.dhcp_rpc_agent_api [None req-a51a955b-760d-45d2-99ac-81ca26b72cc3 9d9515b927b641a0ab0b4f210719f7a1 d0b638c21224408895f44b89a7ef453c - - default default] Unable to schedule network de4b3c00-473b-4d56-9385-5da0373f3022: no agents available; will retry on subsequent port and subnet creation events.
2026-08-08 07:03:12.823 7 INFO neutron.db.ovn_revision_numbers_db [None req-8507c74a-bf07-4de1-95ef-ebde51d2da84 - - - - - -] Successfully bumped revision number for resource 97e146de-6f15-4201-92c4-16867db39ce0 (type: router_ports) to 1
2026-08-08 07:03:13.059 8 INFO neutron.db.ovn_revision_numbers_db [None req-2c93e93d-1f2d-4b0d-8508-016733374edb - - - - - -] Successfully bumped revision number for resource 8891138b-7128-4a1d-8459-5eddcb11be1d (type: ports) to 2
2026-08-08 07:03:13.072 7 WARNING neutron.scheduler.dhcp_agent_scheduler [None req-8507c74a-bf07-4de1-95ef-ebde51d2da84 - - - - - -] No more DHCP agents
2026-08-08 07:03:13.076 7 WARNING neutron.api.rpc.agentnotifiers.dhcp_rpc_agent_api [None req-8507c74a-bf07-4de1-95ef-ebde51d2da84 - - - - - -] Unable to schedule network 2b8f414c-f158-46ff-ad60-48fc40eb2462: no agents available; will retry on subsequent port and subnet creation events.
2026-08-08 07:03:13.131 8 INFO neutron.db.ovn_revision_numbers_db [None req-a51a955b-760d-45d2-99ac-81ca26b72cc3 9d9515b927b641a0ab0b4f210719f7a1 d0b638c21224408895f44b89a7ef453c - - default default] Successfully bumped revision number for resource 930d590c-6b74-461a-b4c3-9dd068f53d77 (type: ports) to 1 [pid: 8|app: 0|req: 834/1930] 10.0.0.199 () {34 vars in 669 bytes} [Sat Aug 8 07:03:12 2026] POST /v2.0/networks => generated 631 bytes in 1141 msecs (HTTP/1.1 201) 4 headers in 162 bytes (1 switches on core 0)
2026-08-08 07:03:13.234 7 INFO neutron.db.ovn_revision_numbers_db [None req-8507c74a-bf07-4de1-95ef-ebde51d2da84 - - - - - -] Successfully bumped revision number for resource 20b6796f-e50f-4210-bd9b-e19247b678b3 (type: ports) to 1
2026-08-08 07:03:13.370 8 INFO neutron.db.ovn_revision_numbers_db [None req-3de82451-e174-42cc-af11-c619f6ce6ef7 - - - - - -] Successfully bumped revision number for resource 8891138b-7128-4a1d-8459-5eddcb11be1d (type: router_ports) to 2
2026-08-08 07:03:13.371 8 INFO neutron.plugins.ml2.drivers.ovn.mech_driver.mech_driver [None req-3de82451-e174-42cc-af11-c619f6ce6ef7 - - - - - -] OVN reports status down for port: e84fdab6-2eaf-44f0-a448-c40114ae2aa9
2026-08-08 07:03:13.522 7 INFO neutron.db.ovn_revision_numbers_db [None req-8507c74a-bf07-4de1-95ef-ebde51d2da84 - - - - - -] Successfully bumped revision number for resource 20b6796f-e50f-4210-bd9b-e19247b678b3 (type: ports) to 3
2026-08-08 07:03:13.537 8 INFO neutron.plugins.ml2.drivers.ovn.mech_driver.mech_driver [None req-3de82451-e174-42cc-af11-c619f6ce6ef7 - - - - - -] OVN reports status down for port: bed66277-39d7-4015-b202-69c53e6cd1de
2026-08-08 07:03:13.651 8 INFO neutron.plugins.ml2.drivers.ovn.mech_driver.mech_driver [None req-3de82451-e174-42cc-af11-c619f6ce6ef7 - - - - - -] OVN reports status down for port: 2c09f37a-2a70-4e18-b8d5-162735d49ba7
2026-08-08 07:03:13.753 8 INFO neutron.plugins.ml2.drivers.ovn.mech_driver.mech_driver [None req-3de82451-e174-42cc-af11-c619f6ce6ef7 - - - - - -] OVN reports status down for port: 3af7deb1-d1d5-4c9d-973e-7c02c503a330
2026-08-08 07:03:13.816 8 WARNING neutron.scheduler.dhcp_agent_scheduler [None req-dd2ce727-4299-45bc-bdcb-1894fda398fd 21d03defcac04142b80fa63bc4a129d7 a18afc8383314a73bbc97dc5ba543609 - - default default] No more DHCP agents
2026-08-08 07:03:13.821 8 WARNING neutron.api.rpc.agentnotifiers.dhcp_rpc_agent_api [None req-dd2ce727-4299-45bc-bdcb-1894fda398fd 21d03defcac04142b80fa63bc4a129d7 a18afc8383314a73bbc97dc5ba543609 - - default default] Unable to schedule network e24e0d05-9df2-42c6-8806-5bd7dca797f3: no agents available; will retry on subsequent port and subnet creation events.
2026-08-08 07:03:13.841 8 INFO neutron.plugins.ml2.drivers.ovn.mech_driver.mech_driver [None req-3de82451-e174-42cc-af11-c619f6ce6ef7 - - - - - -] OVN reports status down for port: 874101bc-62a4-4536-bd70-8e96b2ef5626
2026-08-08 07:03:13.955 8 INFO neutron.plugins.ml2.drivers.ovn.mech_driver.mech_driver [None req-3de82451-e174-42cc-af11-c619f6ce6ef7 - - - - - -] OVN reports status down for port: 6a9e8a43-9b97-45a0-b59d-6f29b8ca379d
2026-08-08 07:03:14.063 8 INFO neutron.plugins.ml2.drivers.ovn.mech_driver.mech_driver [None req-3de82451-e174-42cc-af11-c619f6ce6ef7 - - - - - -] OVN reports status down for port: 97e146de-6f15-4201-92c4-16867db39ce0
2026-08-08 07:03:14.167 8 INFO neutron.plugins.ml2.drivers.ovn.mech_driver.mech_driver [None req-3de82451-e174-42cc-af11-c619f6ce6ef7 - - - - - -] OVN reports status down for port: f2e0762e-a68f-4ca8-8041-ed50cad9afcb [pid: 7|app: 0|req: 1097/1931] 10.0.0.199 () {34 vars in 684 bytes} [Sat Aug 8 07:03:09 2026] POST /v2.0/vpn/vpnservices => generated 458 bytes in 5069 msecs (HTTP/1.1 201) 4 headers in 162 bytes (1 switches on core 0) [pid: 7|app: 0|req: 1098/1932] 199.204.45.227 () {34 vars in 1051 bytes} [Sat Aug 8 07:03:14 2026] GET /v2.0/ports?network_id=d479a7bb-f4cf-428a-a216-e6aad2fe9347&device_owner=network%3Adhcp => generated 12 bytes in 18 msecs (HTTP/1.1 200) 4 headers in 156 bytes (1 switches on core 0)
2026-08-08 07:03:14.273 8 INFO neutron.plugins.ml2.drivers.ovn.mech_driver.mech_driver [None req-3de82451-e174-42cc-af11-c619f6ce6ef7 - - - - - -] OVN reports status up for port: 97e146de-6f15-4201-92c4-16867db39ce0
2026-08-08 07:03:14.294 8 INFO neutron.plugins.ml2.plugin [None req-3de82451-e174-42cc-af11-c619f6ce6ef7 - - - - - -] Attempt 1 to provision port 97e146de-6f15-4201-92c4-16867db39ce0
2026-08-08 07:03:14.350 7 INFO neutron.db.ovn_revision_numbers_db [None req-d99b5a89-abb1-433d-b86c-b32b4a90d072 df53dde7e14e4aad85705a4ddf463c26 8f67deccc14e48c3a50351eb91ef91f9 - - default default] Successfully bumped revision number for resource e7719753-c903-437f-88e0-f26e8465c749 (type: security_group_rules) to 0 [pid: 7|app: 0|req: 1099/1933] 10.0.0.199 () {34 vars in 694 bytes} [Sat Aug 8 07:03:14 2026] POST /v2.0/security-group-rules => generated 601 bytes in 153 msecs (HTTP/1.1 201) 4 headers in 162 bytes (1 switches on core 0) [pid: 7|app: 0|req: 1100/1934] 10.0.0.199 () {34 vars in 752 bytes} [Sat Aug 8 07:03:14 2026] PUT /v2.0/networks/9f33cd30-4751-41f9-981e-f90cfe462d09/tags => generated 17 bytes in 67 msecs (HTTP/1.1 200) 4 headers in 156 bytes (1 switches on core 0)
2026-08-08 07:03:14.557 8 INFO neutron.db.ovn_revision_numbers_db [None req-98ffb1bf-c16c-4b5b-9e1d-52ffe29b91c9 - - - - - -] Successfully bumped revision number for resource 3af7deb1-d1d5-4c9d-973e-7c02c503a330 (type: ports) to 2
2026-08-08 07:03:14.618 8 INFO neutron.db.ovn_revision_numbers_db [None req-98ffb1bf-c16c-4b5b-9e1d-52ffe29b91c9 - - - - - -] Successfully bumped revision number for resource 5f659b6d-6796-4bd2-91f7-849c7ce3eee0 (type: subnets) to 0
2026-08-08 07:03:14.675 8 WARNING neutron.scheduler.dhcp_agent_scheduler [None req-dd2ce727-4299-45bc-bdcb-1894fda398fd 21d03defcac04142b80fa63bc4a129d7 a18afc8383314a73bbc97dc5ba543609 - - default default] No more DHCP agents
2026-08-08 07:03:14.679 8 WARNING neutron.api.rpc.agentnotifiers.dhcp_rpc_agent_api [None req-dd2ce727-4299-45bc-bdcb-1894fda398fd 21d03defcac04142b80fa63bc4a129d7 a18afc8383314a73bbc97dc5ba543609 - - default default] Unable to schedule network 6f5d7aa9-779a-45c5-9b7f-68e2cb9ea57e: no agents available; will retry on subsequent port and subnet creation events. [pid: 7|app: 0|req: 1101/1935] 10.0.0.199 () {34 vars in 684 bytes} [Sat Aug 8 07:03:14 2026] POST /v2.0/vpn/vpnservices => generated 424 bytes in 423 msecs (HTTP/1.1 201) 4 headers in 162 bytes (1 switches on core 0) [pid: 7|app: 0|req: 1102/1936] 199.204.45.227 () {34 vars in 1011 bytes} [Sat Aug 8 07:03:14 2026] GET /v2.0/networks/d479a7bb-f4cf-428a-a216-e6aad2fe9347?fields=segments => generated 14 bytes in 51 msecs (HTTP/1.1 200) 4 headers in 156 bytes (1 switches on core 0)
2026-08-08 07:03:14.952 7 INFO neutron.db.securitygroups_db [None req-15b5be98-e5fb-4180-bf62-11d7a41cb7c1 df53dde7e14e4aad85705a4ddf463c26 8f67deccc14e48c3a50351eb91ef91f9 - - default default] Project 8f67deccc14e48c3a50351eb91ef91f9 added a security group rule with legacy IPv6 ICMP protocol name icmp, ipv6-icmp should be used instead. It was automatically converted.
2026-08-08 07:03:15.011 8 INFO neutron.db.ovn_revision_numbers_db [None req-3de82451-e174-42cc-af11-c619f6ce6ef7 - - - - - -] Successfully bumped revision number for resource 97e146de-6f15-4201-92c4-16867db39ce0 (type: ports) to 2
2026-08-08 07:03:15.087 7 INFO neutron.db.ovn_revision_numbers_db [None req-15b5be98-e5fb-4180-bf62-11d7a41cb7c1 df53dde7e14e4aad85705a4ddf463c26 8f67deccc14e48c3a50351eb91ef91f9 - - default default] Successfully bumped revision number for resource 80180519-1a5a-42cc-97a0-42abbb0f8021 (type: security_group_rules) to 0 [pid: 7|app: 0|req: 1103/1937] 10.0.0.199 () {34 vars in 694 bytes} [Sat Aug 8 07:03:14 2026] POST /v2.0/security-group-rules => generated 607 bytes in 197 msecs (HTTP/1.1 201) 4 headers in 162 bytes (1 switches on core 0) [pid: 7|app: 0|req: 1104/1938] 10.0.0.199 () {34 vars in 752 bytes} [Sat Aug 8 07:03:15 2026] PUT /v2.0/networks/cb10b7b9-f73f-4b52-845f-20a6e3fd4a69/tags => generated 25 bytes in 52 msecs (HTTP/1.1 200) 4 headers in 156 bytes (1 switches on core 0) [pid: 7|app: 0|req: 1105/1939] 10.0.0.199 () {34 vars in 683 bytes} [Sat Aug 8 07:03:15 2026] POST /v2.0/vpn/ikepolicies => generated 404 bytes in 36 msecs (HTTP/1.1 201) 4 headers in 162 bytes (1 switches on core 0) [pid: 7|app: 0|req: 1106/1940] 199.204.45.227 () {34 vars in 1111 bytes} [Sat Aug 8 07:03:15 2026] GET /v2.0/networks/d479a7bb-f4cf-428a-a216-e6aad2fe9347?fields=provider%3Aphysical_network&fields=provider%3Anetwork_type => generated 79 bytes in 39 msecs (HTTP/1.1 200) 4 headers in 156 bytes (1 switches on core 0)
2026-08-08 07:03:15.293 7 INFO neutron.db.securitygroups_db [None req-b050529f-dddb-46ab-9da5-b4f951b2463f df53dde7e14e4aad85705a4ddf463c26 8f67deccc14e48c3a50351eb91ef91f9 - - default default] Project 8f67deccc14e48c3a50351eb91ef91f9 added a security group rule with legacy IPv6 ICMP protocol name icmp, ipv6-icmp should be used instead. It was automatically converted.
2026-08-08 07:03:15.334 8 INFO neutron.db.ovn_revision_numbers_db [None req-9cf0905e-79fd-4de7-aeaf-7821a5fe0da5 - - - - - -] Successfully bumped revision number for resource 97e146de-6f15-4201-92c4-16867db39ce0 (type: router_ports) to 2
2026-08-08 07:03:15.462 7 INFO neutron.db.ovn_revision_numbers_db [None req-b050529f-dddb-46ab-9da5-b4f951b2463f df53dde7e14e4aad85705a4ddf463c26 8f67deccc14e48c3a50351eb91ef91f9 - - default default] Successfully bumped revision number for resource 5a1f83ab-5b39-4df6-b6f8-372c7ad14111 (type: security_group_rules) to 0
2026-08-08 07:03:15.470 8 INFO neutron.db.ovn_revision_numbers_db [None req-b1a343f7-e1cb-4137-8828-d6ef9f741d0e - - - - - -] Successfully bumped revision number for resource f2e0762e-a68f-4ca8-8041-ed50cad9afcb (type: ports) to 2
2026-08-08 07:03:15.476 8 INFO neutron.plugins.ml2.drivers.ovn.mech_driver.mech_driver [None req-9cf0905e-79fd-4de7-aeaf-7821a5fe0da5 - - - - - -] OVN reports status down for port: 930d590c-6b74-461a-b4c3-9dd068f53d77 [pid: 7|app: 0|req: 1107/1941] 10.0.0.199 () {34 vars in 694 bytes} [Sat Aug 8 07:03:15 2026] POST /v2.0/security-group-rules => generated 606 bytes in 240 msecs (HTTP/1.1 201) 4 headers in 162 bytes (1 switches on core 0)
2026-08-08 07:03:15.533 8 INFO neutron.db.ovn_revision_numbers_db [None req-b1a343f7-e1cb-4137-8828-d6ef9f741d0e - - - - - -] Successfully bumped revision number for resource e306c400-c7ed-496a-bbfd-70f6820ed2da (type: subnets) to 0 [pid: 7|app: 0|req: 1108/1942] 10.0.0.199 () {34 vars in 752 bytes} [Sat Aug 8 07:03:15 2026] PUT /v2.0/networks/e993ec89-de71-4970-9a17-e884f0232de4/tags => generated 34 bytes in 66 msecs (HTTP/1.1 200) 4 headers in 156 bytes (1 switches on core 0) [pid: 8|app: 0|req: 835/1943] 10.0.0.199 () {34 vars in 668 bytes} [Sat Aug 8 07:03:13 2026] POST /v2.0/subnets => generated 1273 bytes in 2365 msecs (HTTP/1.1 201) 4 headers in 163 bytes (1 switches on core 0)
2026-08-08 07:03:15.581 8 INFO neutron.plugins.ml2.drivers.ovn.mech_driver.mech_driver [None req-9cf0905e-79fd-4de7-aeaf-7821a5fe0da5 - - - - - -] OVN reports status down for port: 20b6796f-e50f-4210-bd9b-e19247b678b3 [pid: 7|app: 0|req: 1109/1944] 10.0.0.199 () {34 vars in 687 bytes} [Sat Aug 8 07:03:15 2026] POST /v2.0/vpn/ipsecpolicies => generated 413 bytes in 36 msecs (HTTP/1.1 201) 4 headers in 162 bytes (1 switches on core 0) [pid: 7|app: 0|req: 1110/1945] 10.0.0.199 () {32 vars in 646 bytes} [Sat Aug 8 07:03:15 2026] GET /v2.0/subnets => generated 1909 bytes in 34 msecs (HTTP/1.1 200) 4 headers in 158 bytes (1 switches on core 0) [pid: 8|app: 0|req: 836/1946] 10.0.0.199 () {34 vars in 752 bytes} [Sat Aug 8 07:03:15 2026] PUT /v2.0/networks/1bb4d9de-a714-474e-bb19-447745964820/tags => generated 19 bytes in 80 msecs (HTTP/1.1 200) 4 headers in 156 bytes (1 switches on core 0) [pid: 7|app: 0|req: 1111/1947] 10.0.0.199 () {34 vars in 692 bytes} [Sat Aug 8 07:03:15 2026] POST /v2.0/vpn/endpoint-groups => generated 329 bytes in 51 msecs (HTTP/1.1 201) 4 headers in 162 bytes (1 switches on core 0) [pid: 7|app: 0|req: 1112/1948] 10.0.0.199 () {32 vars in 665 bytes} [Sat Aug 8 07:03:15 2026] GET /v2.0/networks?tags=red => generated 1875 bytes in 51 msecs (HTTP/1.1 200) 4 headers in 158 bytes (1 switches on core 0) [pid: 7|app: 0|req: 1113/1949] 10.0.0.199 () {34 vars in 692 bytes} [Sat Aug 8 07:03:15 2026] POST /v2.0/vpn/endpoint-groups => generated 320 bytes in 32 msecs (HTTP/1.1 201) 4 headers in 162 bytes (1 switches on core 0) [pid: 7|app: 0|req: 1114/1950] 10.0.0.199 () {32 vars in 679 bytes} [Sat Aug 8 07:03:15 2026] GET /v2.0/networks?tags=red%2Cblue => generated 1262 bytes in 44 msecs (HTTP/1.1 200) 4 headers in 158 bytes (1 switches on core 0) [pid: 8|app: 0|req: 837/1951] 10.0.0.199 () {32 vars in 723 bytes} [Sat Aug 8 07:03:15 2026] DELETE /v2.0/subnets/5f659b6d-6796-4bd2-91f7-849c7ce3eee0 => generated 0 bytes in 203 msecs (HTTP/1.1 204) 3 headers in 131 bytes (1 switches on core 0) [pid: 8|app: 0|req: 838/1952] 10.0.0.199 () {32 vars in 675 bytes} [Sat Aug 8 07:03:15 2026] GET /v2.0/networks?tags-any=blue => generated 1262 bytes in 52 msecs (HTTP/1.1 200) 4 headers in 158 bytes (1 switches on core 0) [pid: 8|app: 0|req: 839/1953] 10.0.0.199 () {32 vars in 648 bytes} [Sat Aug 8 07:03:15 2026] GET /v2.0/networks => generated 1297 bytes in 74 msecs (HTTP/1.1 200) 4 headers in 158 bytes (1 switches on core 0) [pid: 8|app: 0|req: 840/1954] 10.0.0.199 () {32 vars in 723 bytes} [Sat Aug 8 07:03:15 2026] DELETE /v2.0/subnets/e306c400-c7ed-496a-bbfd-70f6820ed2da => generated 0 bytes in 163 msecs (HTTP/1.1 204) 3 headers in 131 bytes (1 switches on core 0) [pid: 8|app: 0|req: 841/1955] 10.0.0.199 () {32 vars in 687 bytes} [Sat Aug 8 07:03:16 2026] GET /v2.0/networks?tags-any=red%2Cblue => generated 1875 bytes in 38 msecs (HTTP/1.1 200) 4 headers in 158 bytes (1 switches on core 0) [pid: 8|app: 0|req: 842/1956] 10.0.0.84 () {34 vars in 1098 bytes} [Sat Aug 8 07:03:16 2026] GET /v2.0/security-groups?name=tempest-secgroup-smoke-2098833137&fields=id&tenant_id=8f67deccc14e48c3a50351eb91ef91f9 => generated 69 bytes in 27 msecs (HTTP/1.1 200) 4 headers in 156 bytes (1 switches on core 0) [pid: 8|app: 0|req: 843/1957] 10.0.0.199 () {32 vars in 646 bytes} [Sat Aug 8 07:03:16 2026] GET /v2.0/subnets => generated 649 bytes in 39 msecs (HTTP/1.1 200) 4 headers in 157 bytes (1 switches on core 0) [pid: 8|app: 0|req: 844/1958] 10.0.0.199 () {32 vars in 673 bytes} [Sat Aug 8 07:03:16 2026] GET /v2.0/networks?not-tags=red => generated 1873 bytes in 59 msecs (HTTP/1.1 200) 4 headers in 158 bytes (1 switches on core 0) [pid: 8|app: 0|req: 845/1959] 10.0.0.84 () {34 vars in 980 bytes} [Sat Aug 8 07:03:16 2026] GET /v2.0/networks?id=d479a7bb-f4cf-428a-a216-e6aad2fe9347 => generated 660 bytes in 61 msecs (HTTP/1.1 200) 4 headers in 157 bytes (1 switches on core 0)
2026-08-08 07:03:16.391 7 INFO neutron.db.ovn_revision_numbers_db [None req-abe85e6a-01ef-40cf-99dc-5e1252ae58a6 b9491f04410e47d28e7cc7cf4aaabfab 30bfc89d2af74c469614048e06e5b3c8 - - default default] Successfully bumped revision number for resource 531455dd-2f30-40f6-9b5f-53ea036b1d31 (type: routers) to 5 [pid: 7|app: 0|req: 1115/1960] 10.0.0.199 () {34 vars in 706 bytes} [Sat Aug 8 07:03:15 2026] POST /v2.0/vpn/ipsec-site-connections => generated 801 bytes in 635 msecs (HTTP/1.1 201) 4 headers in 162 bytes (1 switches on core 0) [pid: 7|app: 0|req: 1116/1961] 10.0.0.199 () {32 vars in 687 bytes} [Sat Aug 8 07:03:16 2026] GET /v2.0/networks?not-tags=red%2Cblue => generated 2486 bytes in 61 msecs (HTTP/1.1 200) 4 headers in 158 bytes (1 switches on core 0) [pid: 7|app: 0|req: 1117/1962] 10.0.0.84 () {34 vars in 963 bytes} [Sat Aug 8 07:03:16 2026] GET /v2.0/quotas/8f67deccc14e48c3a50351eb91ef91f9 => generated 292 bytes in 7 msecs (HTTP/1.1 200) 4 headers in 157 bytes (1 switches on core 0) [pid: 7|app: 0|req: 1118/1963] 10.0.0.199 () {34 vars in 692 bytes} [Sat Aug 8 07:03:16 2026] POST /v2.0/vpn/endpoint-groups => generated 288 bytes in 36 msecs (HTTP/1.1 201) 4 headers in 162 bytes (1 switches on core 0) [pid: 7|app: 0|req: 1119/1964] 10.0.0.199 () {32 vars in 683 bytes} [Sat Aug 8 07:03:16 2026] GET /v2.0/networks?not-tags-any=blue => generated 2486 bytes in 52 msecs (HTTP/1.1 200) 4 headers in 158 bytes (1 switches on core 0) [pid: 7|app: 0|req: 1120/1965] 10.0.0.84 () {34 vars in 1000 bytes} [Sat Aug 8 07:03:16 2026] GET /v2.0/ports?tenant_id=8f67deccc14e48c3a50351eb91ef91f9&fields=id => generated 149 bytes in 67 msecs (HTTP/1.1 200) 4 headers in 157 bytes (1 switches on core 0) [pid: 7|app: 0|req: 1121/1966] 10.0.0.199 () {32 vars in 747 bytes} [Sat Aug 8 07:03:16 2026] DELETE /v2.0/vpn/endpoint-groups/0de1cdad-138a-41ad-8175-30474e7126f3 => generated 0 bytes in 25 msecs (HTTP/1.1 204) 2 headers in 112 bytes (1 switches on core 0) [pid: 7|app: 0|req: 1122/1967] 10.0.0.199 () {32 vars in 695 bytes} [Sat Aug 8 07:03:16 2026] GET /v2.0/networks?not-tags-any=red%2Cblue => generated 1873 bytes in 51 msecs (HTTP/1.1 200) 4 headers in 158 bytes (1 switches on core 0) [pid: 7|app: 0|req: 1123/1968] 10.0.0.84 () {34 vars in 1006 bytes} [Sat Aug 8 07:03:16 2026] GET /v2.0/networks/d479a7bb-f4cf-428a-a216-e6aad2fe9347?fields=segments => generated 14 bytes in 36 msecs (HTTP/1.1 200) 4 headers in 156 bytes (1 switches on core 0) [pid: 7|app: 0|req: 1124/1969] 10.0.0.199 () {32 vars in 670 bytes} [Sat Aug 8 07:03:16 2026] GET /v2.0/vpn/endpoint-groups => generated 634 bytes in 11 msecs (HTTP/1.1 200) 4 headers in 157 bytes (1 switches on core 0)
2026-08-08 07:03:16.888 7 INFO neutron_taas.services.taas.taas_plugin [None req-6e024267-01a7-4a0a-877e-a8dfe6382490 9d9515b927b641a0ab0b4f210719f7a1 d0b638c21224408895f44b89a7ef453c - - default default] TaaS: Handle Delete Port: 5ef087b0-3b50-403b-a92f-ada910c85409
2026-08-08 07:03:16.890 7 INFO neutron_taas.services.taas.tap_mirror_plugin [None req-6e024267-01a7-4a0a-877e-a8dfe6382490 9d9515b927b641a0ab0b4f210719f7a1 d0b638c21224408895f44b89a7ef453c - - default default] Tap Mirror: Handle Delete Port: 5ef087b0-3b50-403b-a92f-ada910c85409
2026-08-08 07:03:16.938 8 INFO neutron_taas.services.taas.taas_plugin [None req-35598bcd-1cfe-4b07-81f0-94460499d5d3 21d03defcac04142b80fa63bc4a129d7 a18afc8383314a73bbc97dc5ba543609 - - default default] TaaS: Handle Delete Port: f2e0762e-a68f-4ca8-8041-ed50cad9afcb
2026-08-08 07:03:16.941 8 INFO neutron_taas.services.taas.tap_mirror_plugin [None req-35598bcd-1cfe-4b07-81f0-94460499d5d3 21d03defcac04142b80fa63bc4a129d7 a18afc8383314a73bbc97dc5ba543609 - - default default] Tap Mirror: Handle Delete Port: f2e0762e-a68f-4ca8-8041-ed50cad9afcb
2026-08-08 07:03:17.063 7 INFO neutron.services.segments.plugin [-] Segment 34ca75f2-26e8-4f5e-9cff-670c657afe38 resource provider aggregate not found
2026-08-08 07:03:17.066 7 INFO neutron.services.segments.plugin [-] Segment 34ca75f2-26e8-4f5e-9cff-670c657afe38 resource provider aggregate not found
2026-08-08 07:03:17.087 7 INFO neutron.services.segments.plugin [-] Client error retrieving segment 34ca75f2-26e8-4f5e-9cff-670c657afe38 resource provider; error: Placement Client Error (4xx): {"errors": [{"status": 404, "title": "Not Found", "detail": "The resource could not be found.\n\n No resource provider with uuid 34ca75f2-26e8-4f5e-9cff-670c657afe38 found for delete ", "request_id": "req-13fb90df-c5a3-4b8c-8a6a-e1d6f150eefc"}]}
2026-08-08 07:03:17.092 7 INFO neutron.services.segments.plugin [-] Client error retrieving segment 34ca75f2-26e8-4f5e-9cff-670c657afe38 resource provider; error: Placement Client Error (4xx): {"errors": [{"status": 404, "title": "Not Found", "detail": "The resource could not be found.\n\n No resource provider with uuid 34ca75f2-26e8-4f5e-9cff-670c657afe38 found for delete ", "request_id": "req-d996ccab-01be-48f2-804e-8220b6ef620d"}]} [pid: 7|app: 0|req: 1125/1970] 10.0.0.199 () {32 vars in 725 bytes} [Sat Aug 8 07:03:16 2026] DELETE /v2.0/networks/9f33cd30-4751-41f9-981e-f90cfe462d09 => generated 0 bytes in 354 msecs (HTTP/1.1 204) 3 headers in 131 bytes (1 switches on core 0)
2026-08-08 07:03:17.178 8 INFO neutron.services.segments.plugin [-] Segment a5e814bf-af7f-4425-8713-81086fc090bc resource provider aggregate not found
2026-08-08 07:03:17.183 8 INFO neutron.services.segments.plugin [-] Segment a5e814bf-af7f-4425-8713-81086fc090bc resource provider aggregate not found
2026-08-08 07:03:17.195 8 INFO neutron.services.segments.plugin [-] Client error retrieving segment a5e814bf-af7f-4425-8713-81086fc090bc resource provider; error: Placement Client Error (4xx): {"errors": [{"status": 404, "title": "Not Found", "detail": "The resource could not be found.\n\n No resource provider with uuid a5e814bf-af7f-4425-8713-81086fc090bc found for delete ", "request_id": "req-79259e0a-56c4-4bf4-be43-bc9c8b5b8591"}]}
2026-08-08 07:03:17.200 8 INFO neutron.services.segments.plugin [-] Client error retrieving segment a5e814bf-af7f-4425-8713-81086fc090bc resource provider; error: Placement Client Error (4xx): {"errors": [{"status": 404, "title": "Not Found", "detail": "The resource could not be found.\n\n No resource provider with uuid a5e814bf-af7f-4425-8713-81086fc090bc found for delete ", "request_id": "req-be997b54-2be9-4438-b74b-aa82c3e5b850"}]} [pid: 7|app: 0|req: 1126/1971] 10.0.0.84 () {34 vars in 1106 bytes} [Sat Aug 8 07:03:17 2026] GET /v2.0/networks/d479a7bb-f4cf-428a-a216-e6aad2fe9347?fields=provider%3Aphysical_network&fields=provider%3Anetwork_type => generated 79 bytes in 59 msecs (HTTP/1.1 200) 4 headers in 156 bytes (1 switches on core 0) [pid: 7|app: 0|req: 1127/1972] 10.0.0.199 () {32 vars in 670 bytes} [Sat Aug 8 07:03:17 2026] GET /v2.0/vpn/endpoint-groups => generated 634 bytes in 29 msecs (HTTP/1.1 200) 4 headers in 157 bytes (1 switches on core 0) [pid: 8|app: 0|req: 846/1973] 10.0.0.199 () {32 vars in 725 bytes} [Sat Aug 8 07:03:16 2026] DELETE /v2.0/networks/6f5d7aa9-779a-45c5-9b7f-68e2cb9ea57e => generated 0 bytes in 869 msecs (HTTP/1.1 204) 3 headers in 131 bytes (1 switches on core 0)
2026-08-08 07:03:17.338 7 INFO neutron_taas.services.taas.taas_plugin [None req-28412cd1-abd1-481e-bcda-2bfa3f32e54c 9d9515b927b641a0ab0b4f210719f7a1 d0b638c21224408895f44b89a7ef453c - - default default] TaaS: Handle Delete Port: e84fdab6-2eaf-44f0-a448-c40114ae2aa9
2026-08-08 07:03:17.343 7 INFO neutron_taas.services.taas.tap_mirror_plugin [None req-28412cd1-abd1-481e-bcda-2bfa3f32e54c 9d9515b927b641a0ab0b4f210719f7a1 d0b638c21224408895f44b89a7ef453c - - default default] Tap Mirror: Handle Delete Port: e84fdab6-2eaf-44f0-a448-c40114ae2aa9
2026-08-08 07:03:17.371 8 INFO neutron_taas.services.taas.taas_plugin [None req-f44e0d78-708e-46c8-9ac8-8ce1c245503c 21d03defcac04142b80fa63bc4a129d7 a18afc8383314a73bbc97dc5ba543609 - - default default] TaaS: Handle Delete Port: 3af7deb1-d1d5-4c9d-973e-7c02c503a330
