2026-08-08 06:26:59.837 8 INFO neutron.api.extensions [None req-a357df4a-5c82-4bdd-af72-370a8f366ed1 - - - - - -] Extension ecmp_routes not supported by any of loaded plugins
2026-08-08 06:26:59.838 8 INFO neutron.api.extensions [None req-a357df4a-5c82-4bdd-af72-370a8f366ed1 - - - - - -] Loaded extension: empty-string-filtering
2026-08-08 06:26:59.838 8 INFO neutron.api.extensions [None req-a357df4a-5c82-4bdd-af72-370a8f366ed1 - - - - - -] Extension expose-l3-conntrack-helper not supported by any of loaded plugins
2026-08-08 06:26:59.839 8 INFO neutron.api.extensions [None req-a357df4a-5c82-4bdd-af72-370a8f366ed1 - - - - - -] Extension expose-port-forwarding-in-fip not supported by any of loaded plugins
2026-08-08 06:26:59.839 8 INFO neutron.api.extensions [None req-a357df4a-5c82-4bdd-af72-370a8f366ed1 - - - - - -] Loaded extension: external-net
2026-08-08 06:26:59.840 8 INFO neutron.api.extensions [None req-a357df4a-5c82-4bdd-af72-370a8f366ed1 - - - - - -] Loaded extension: extra_dhcp_opt
2026-08-08 06:26:59.840 7 INFO neutron.quota.resource_registry [None req-098b6ddc-f946-472b-8ea5-2034c2708945 - - - - - -] Creating instance of TrackedResource for resource:router
2026-08-08 06:26:59.840 8 INFO neutron.api.extensions [None req-a357df4a-5c82-4bdd-af72-370a8f366ed1 - - - - - -] Loaded extension: extraroute
2026-08-08 06:26:59.840 7 WARNING neutron.quota.resource_registry [None req-098b6ddc-f946-472b-8ea5-2034c2708945 - - - - - -] router is already registered
2026-08-08 06:26:59.841 7 INFO neutron.quota.resource_registry [None req-098b6ddc-f946-472b-8ea5-2034c2708945 - - - - - -] Creating instance of TrackedResource for resource:floatingip
2026-08-08 06:26:59.841 8 INFO neutron.api.extensions [None req-a357df4a-5c82-4bdd-af72-370a8f366ed1 - - - - - -] Extension extraroute-atomic not supported by any of loaded plugins
2026-08-08 06:26:59.841 7 WARNING neutron.quota.resource_registry [None req-098b6ddc-f946-472b-8ea5-2034c2708945 - - - - - -] floatingip is already registered
2026-08-08 06:26:59.841 8 INFO neutron.api.extensions [None req-a357df4a-5c82-4bdd-af72-370a8f366ed1 - - - - - -] Extension filter-validation not supported by any of loaded plugins
2026-08-08 06:26:59.842 8 INFO neutron.api.extensions [None req-a357df4a-5c82-4bdd-af72-370a8f366ed1 - - - - - -] Extension floating-ip-port-forwarding-description not supported by any of loaded plugins
2026-08-08 06:26:59.842 8 INFO neutron.api.extensions [None req-a357df4a-5c82-4bdd-af72-370a8f366ed1 - - - - - -] Loaded extension: floating-ip-port-forwarding-detail
2026-08-08 06:26:59.843 8 INFO neutron.api.extensions [None req-a357df4a-5c82-4bdd-af72-370a8f366ed1 - - - - - -] Extension floating-ip-port-forwarding-port-ranges not supported by any of loaded plugins
2026-08-08 06:26:59.843 8 INFO neutron.api.extensions [None req-a357df4a-5c82-4bdd-af72-370a8f366ed1 - - - - - -] Loaded extension: fip-port-details
2026-08-08 06:26:59.844 8 INFO neutron.api.extensions [None req-a357df4a-5c82-4bdd-af72-370a8f366ed1 - - - - - -] Loaded extension: flavors
2026-08-08 06:26:59.845 7 INFO neutron.quota.resource_registry [None req-098b6ddc-f946-472b-8ea5-2034c2708945 - - - - - -] Creating instance of CountableResource for resource:rbac_policy
2026-08-08 06:26:59.845 7 WARNING neutron.quota.resource_registry [None req-098b6ddc-f946-472b-8ea5-2034c2708945 - - - - - -] rbac_policy is already registered
2026-08-08 06:26:59.845 8 INFO neutron.api.extensions [None req-a357df4a-5c82-4bdd-af72-370a8f366ed1 - - - - - -] Extension floating-ip-port-forwarding not supported by any of loaded plugins
2026-08-08 06:26:59.846 7 INFO neutron.quota.resource_registry [None req-098b6ddc-f946-472b-8ea5-2034c2708945 - - - - - -] Creating instance of TrackedResource for resource:security_group
2026-08-08 06:26:59.846 7 WARNING neutron.quota.resource_registry [None req-098b6ddc-f946-472b-8ea5-2034c2708945 - - - - - -] security_group is already registered
2026-08-08 06:26:59.846 8 INFO neutron.api.extensions [None req-a357df4a-5c82-4bdd-af72-370a8f366ed1 - - - - - -] Loaded extension: floatingip-pools
2026-08-08 06:26:59.846 7 INFO neutron.quota.resource_registry [None req-098b6ddc-f946-472b-8ea5-2034c2708945 - - - - - -] Creating instance of TrackedResource for resource:security_group_rule
2026-08-08 06:26:59.846 7 WARNING neutron.quota.resource_registry [None req-098b6ddc-f946-472b-8ea5-2034c2708945 - - - - - -] security_group_rule is already registered
2026-08-08 06:26:59.847 8 INFO neutron.api.extensions [None req-a357df4a-5c82-4bdd-af72-370a8f366ed1 - - - - - -] Loaded extension: ip_allocation
2026-08-08 06:26:59.847 7 INFO neutron.quota.resource_registry [None req-098b6ddc-f946-472b-8ea5-2034c2708945 - - - - - -] Creating instance of TrackedResource for resource:subnetpool
2026-08-08 06:26:59.847 8 INFO neutron.api.extensions [None req-a357df4a-5c82-4bdd-af72-370a8f366ed1 - - - - - -] Extension ip-substring-filtering not supported by any of loaded plugins
2026-08-08 06:26:59.847 7 WARNING neutron.quota.resource_registry [None req-098b6ddc-f946-472b-8ea5-2034c2708945 - - - - - -] subnetpool is already registered
2026-08-08 06:26:59.848 8 INFO neutron.api.extensions [None req-a357df4a-5c82-4bdd-af72-370a8f366ed1 - - - - - -] Loaded extension: l2_adjacency
2026-08-08 06:26:59.848 7 INFO neutron.quota.resource_registry [None req-098b6ddc-f946-472b-8ea5-2034c2708945 - - - - - -] Creating instance of CountableResource for resource:trunk
2026-08-08 06:26:59.848 7 WARNING neutron.quota.resource_registry [None req-098b6ddc-f946-472b-8ea5-2034c2708945 - - - - - -] trunk is already registered
2026-08-08 06:26:59.848 7 INFO neutron.quota.resource_registry [None req-098b6ddc-f946-472b-8ea5-2034c2708945 - - - - - -] Creating instance of CountableResource for resource:ikepolicy
2026-08-08 06:26:59.848 7 WARNING neutron.quota.resource_registry [None req-098b6ddc-f946-472b-8ea5-2034c2708945 - - - - - -] ikepolicy is already registered
2026-08-08 06:26:59.849 7 INFO neutron.quota.resource_registry [None req-098b6ddc-f946-472b-8ea5-2034c2708945 - - - - - -] Creating instance of CountableResource for resource:ipsecpolicy
2026-08-08 06:26:59.849 8 INFO neutron.api.extensions [None req-a357df4a-5c82-4bdd-af72-370a8f366ed1 - - - - - -] Loaded extension: router
2026-08-08 06:26:59.849 7 WARNING neutron.quota.resource_registry [None req-098b6ddc-f946-472b-8ea5-2034c2708945 - - - - - -] ipsecpolicy is already registered
2026-08-08 06:26:59.849 7 INFO neutron.quota.resource_registry [None req-098b6ddc-f946-472b-8ea5-2034c2708945 - - - - - -] Creating instance of CountableResource for resource:endpoint_group
2026-08-08 06:26:59.849 7 WARNING neutron.quota.resource_registry [None req-098b6ddc-f946-472b-8ea5-2034c2708945 - - - - - -] endpoint_group is already registered
2026-08-08 06:26:59.850 7 INFO neutron.quota.resource_registry [None req-098b6ddc-f946-472b-8ea5-2034c2708945 - - - - - -] Creating instance of CountableResource for resource:vpnservice
2026-08-08 06:26:59.850 7 WARNING neutron.quota.resource_registry [None req-098b6ddc-f946-472b-8ea5-2034c2708945 - - - - - -] vpnservice is already registered
2026-08-08 06:26:59.850 7 INFO neutron.quota.resource_registry [None req-098b6ddc-f946-472b-8ea5-2034c2708945 - - - - - -] Creating instance of CountableResource for resource:ipsec_site_connection
2026-08-08 06:26:59.850 7 WARNING neutron.quota.resource_registry [None req-098b6ddc-f946-472b-8ea5-2034c2708945 - - - - - -] ipsec_site_connection is already registered
2026-08-08 06:26:59.850 8 INFO neutron.api.extensions [None req-a357df4a-5c82-4bdd-af72-370a8f366ed1 - - - - - -] Extension l3-conntrack-helper not supported by any of loaded plugins
2026-08-08 06:26:59.851 7 INFO neutron.quota.resource_registry [None req-098b6ddc-f946-472b-8ea5-2034c2708945 - - - - - -] Creating instance of CountableResource for resource:ipsecpolicy
2026-08-08 06:26:59.851 7 WARNING neutron.quota.resource_registry [None req-098b6ddc-f946-472b-8ea5-2034c2708945 - - - - - -] ipsecpolicy is already registered
2026-08-08 06:26:59.851 8 INFO neutron.api.extensions [None req-a357df4a-5c82-4bdd-af72-370a8f366ed1 - - - - - -] Loaded extension: enable-default-route-bfd
2026-08-08 06:26:59.851 7 INFO neutron.quota.resource_registry [None req-098b6ddc-f946-472b-8ea5-2034c2708945 - - - - - -] Creating instance of CountableResource for resource:ikepolicy
2026-08-08 06:26:59.851 7 WARNING neutron.quota.resource_registry [None req-098b6ddc-f946-472b-8ea5-2034c2708945 - - - - - -] ikepolicy is already registered
2026-08-08 06:26:59.852 8 INFO neutron.api.extensions [None req-a357df4a-5c82-4bdd-af72-370a8f366ed1 - - - - - -] Loaded extension: enable-default-route-ecmp
2026-08-08 06:26:59.852 8 INFO neutron.api.extensions [None req-a357df4a-5c82-4bdd-af72-370a8f366ed1 - - - - - -] Loaded extension: ext-gw-mode
2026-08-08 06:26:59.853 8 INFO neutron.api.extensions [None req-a357df4a-5c82-4bdd-af72-370a8f366ed1 - - - - - -] Loaded extension: l3-ha
2026-08-08 06:26:59.853 8 INFO neutron.api.extensions [None req-a357df4a-5c82-4bdd-af72-370a8f366ed1 - - - - - -] Extension l3-ext-ndp-proxy not supported by any of loaded plugins
2026-08-08 06:26:59.854 8 INFO neutron.api.extensions [None req-a357df4a-5c82-4bdd-af72-370a8f366ed1 - - - - - -] Loaded extension: external-gateway-multihoming
2026-08-08 06:26:59.854 8 INFO neutron.api.extensions [None req-a357df4a-5c82-4bdd-af72-370a8f366ed1 - - - - - -] Loaded extension: l3-flavors
2026-08-08 06:26:59.855 8 INFO neutron.api.extensions [None req-a357df4a-5c82-4bdd-af72-370a8f366ed1 - - - - - -] Extension l3-ndp-proxy not supported by any of loaded plugins
2026-08-08 06:26:59.856 8 INFO neutron.api.extensions [None req-a357df4a-5c82-4bdd-af72-370a8f366ed1 - - - - - -] Extension l3-port-ip-change-not-allowed not supported by any of loaded plugins
2026-08-08 06:26:59.858 8 INFO neutron.api.extensions [None req-a357df4a-5c82-4bdd-af72-370a8f366ed1 - - - - - -] Extension l3_agent_scheduler not supported by any of loaded plugins
2026-08-08 06:26:59.859 8 INFO neutron.api.extensions [None req-a357df4a-5c82-4bdd-af72-370a8f366ed1 - - - - - -] Extension local_ip not supported by any of loaded plugins
2026-08-08 06:26:59.860 8 INFO neutron.api.extensions [None req-a357df4a-5c82-4bdd-af72-370a8f366ed1 - - - - - -] Loaded extension: logging
2026-08-08 06:26:59.861 8 INFO neutron.api.extensions [None req-a357df4a-5c82-4bdd-af72-370a8f366ed1 - - - - - -] Extension metering not supported by any of loaded plugins
2026-08-08 06:26:59.862 8 INFO neutron.api.extensions [None req-a357df4a-5c82-4bdd-af72-370a8f366ed1 - - - - - -] Extension metering_source_and_destination_fields not supported by any of loaded plugins
2026-08-08 06:26:59.863 8 INFO neutron.api.extensions [None req-a357df4a-5c82-4bdd-af72-370a8f366ed1 - - - - - -] Loaded extension: multi-provider
2026-08-08 06:26:59.863 8 INFO neutron.api.extensions [None req-a357df4a-5c82-4bdd-af72-370a8f366ed1 - - - - - -] Loaded extension: net-mtu
2026-08-08 06:26:59.864 8 INFO neutron.api.extensions [None req-a357df4a-5c82-4bdd-af72-370a8f366ed1 - - - - - -] Loaded extension: net-mtu-writable
2026-08-08 06:26:59.864 8 INFO neutron.api.extensions [None req-a357df4a-5c82-4bdd-af72-370a8f366ed1 - - - - - -] Loaded extension: network_availability_zone
2026-08-08 06:26:59.865 8 INFO neutron.api.extensions [None req-a357df4a-5c82-4bdd-af72-370a8f366ed1 - - - - - -] Extension network_ha not supported by any of loaded plugins
2026-08-08 06:26:59.865 8 INFO neutron.api.extensions [None req-a357df4a-5c82-4bdd-af72-370a8f366ed1 - - - - - -] Loaded extension: network-ip-availability
2026-08-08 06:26:59.867 8 INFO neutron.api.extensions [None req-a357df4a-5c82-4bdd-af72-370a8f366ed1 - - - - - -] Extension network-segment-range not supported by any of loaded plugins
2026-08-08 06:26:59.867 8 INFO neutron.api.extensions [None req-a357df4a-5c82-4bdd-af72-370a8f366ed1 - - - - - -] Loaded extension: pagination
2026-08-08 06:26:59.868 8 INFO neutron.api.extensions [None req-a357df4a-5c82-4bdd-af72-370a8f366ed1 - - - - - -] Loaded extension: port-device-profile
2026-08-08 06:26:59.868 8 INFO neutron.api.extensions [None req-a357df4a-5c82-4bdd-af72-370a8f366ed1 - - - - - -] Extension port-hardware-offload-type not supported by any of loaded plugins
2026-08-08 06:26:59.868 8 INFO neutron.api.extensions [None req-a357df4a-5c82-4bdd-af72-370a8f366ed1 - - - - - -] Extension port-hint-ovs-tx-steering not supported by any of loaded plugins
2026-08-08 06:26:59.869 8 INFO neutron.api.extensions [None req-a357df4a-5c82-4bdd-af72-370a8f366ed1 - - - - - -] Extension port-hints not supported by any of loaded plugins
2026-08-08 06:26:59.869 8 INFO neutron.api.extensions [None req-a357df4a-5c82-4bdd-af72-370a8f366ed1 - - - - - -] Extension port-mac-override not supported by any of loaded plugins
2026-08-08 06:26:59.870 8 INFO neutron.api.extensions [None req-a357df4a-5c82-4bdd-af72-370a8f366ed1 - - - - - -] Loaded extension: port-mac-address-regenerate
2026-08-08 06:26:59.871 8 INFO neutron.api.extensions [None req-a357df4a-5c82-4bdd-af72-370a8f366ed1 - - - - - -] Loaded extension: port-numa-affinity-policy
2026-08-08 06:26:59.871 8 INFO neutron.api.extensions [None req-a357df4a-5c82-4bdd-af72-370a8f366ed1 - - - - - -] Loaded extension: port-numa-affinity-policy-socket
2026-08-08 06:26:59.872 8 INFO neutron.api.extensions [None req-a357df4a-5c82-4bdd-af72-370a8f366ed1 - - - - - -] Loaded extension: port-resource-request
2026-08-08 06:26:59.872 8 INFO neutron.api.extensions [None req-a357df4a-5c82-4bdd-af72-370a8f366ed1 - - - - - -] Loaded extension: port-resource-request-groups
2026-08-08 06:26:59.873 8 INFO neutron.api.extensions [None req-a357df4a-5c82-4bdd-af72-370a8f366ed1 - - - - - -] Extension port-trusted-vif not supported by any of loaded plugins
2026-08-08 06:26:59.873 8 INFO neutron.api.extensions [None req-a357df4a-5c82-4bdd-af72-370a8f366ed1 - - - - - -] Loaded extension: binding
2026-08-08 06:26:59.874 8 INFO neutron.api.extensions [None req-a357df4a-5c82-4bdd-af72-370a8f366ed1 - - - - - -] Loaded extension: binding-extended
2026-08-08 06:26:59.875 8 INFO neutron.api.extensions [None req-a357df4a-5c82-4bdd-af72-370a8f366ed1 - - - - - -] Loaded extension: port-security
2026-08-08 06:26:59.875 8 INFO neutron.api.extensions [None req-a357df4a-5c82-4bdd-af72-370a8f366ed1 - - - - - -] Loaded extension: project-id
2026-08-08 06:26:59.875 8 INFO neutron.api.extensions [None req-a357df4a-5c82-4bdd-af72-370a8f366ed1 - - - - - -] Loaded extension: provider
2026-08-08 06:26:59.876 8 INFO neutron.api.extensions [None req-a357df4a-5c82-4bdd-af72-370a8f366ed1 - - - - - -] Extension qinq not supported by any of loaded plugins
2026-08-08 06:26:59.880 8 INFO neutron.api.extensions [None req-a357df4a-5c82-4bdd-af72-370a8f366ed1 - - - - - -] Loaded extension: qos
2026-08-08 06:26:59.881 8 INFO neutron.api.extensions [None req-a357df4a-5c82-4bdd-af72-370a8f366ed1 - - - - - -] Loaded extension: qos-bw-limit-direction
2026-08-08 06:26:59.881 8 INFO neutron.api.extensions [None req-a357df4a-5c82-4bdd-af72-370a8f366ed1 - - - - - -] Loaded extension: qos-bw-minimum-ingress
2026-08-08 06:26:59.882 8 INFO neutron.api.extensions [None req-a357df4a-5c82-4bdd-af72-370a8f366ed1 - - - - - -] Loaded extension: qos-default
2026-08-08 06:26:59.882 8 INFO neutron.api.extensions [None req-a357df4a-5c82-4bdd-af72-370a8f366ed1 - - - - - -] Loaded extension: qos-fip
2026-08-08 06:26:59.883 8 INFO neutron.api.extensions [None req-a357df4a-5c82-4bdd-af72-370a8f366ed1 - - - - - -] Extension qos-fip-network-policy not supported by any of loaded plugins
2026-08-08 06:26:59.883 8 INFO neutron.api.extensions [None req-a357df4a-5c82-4bdd-af72-370a8f366ed1 - - - - - -] Loaded extension: qos-gateway-ip
2026-08-08 06:26:59.884 8 INFO neutron.api.extensions [None req-a357df4a-5c82-4bdd-af72-370a8f366ed1 - - - - - -] Loaded extension: qos-port-network-policy
2026-08-08 06:26:59.884 8 INFO neutron.api.extensions [None req-a357df4a-5c82-4bdd-af72-370a8f366ed1 - - - - - -] Loaded extension: qos-pps-minimum
2026-08-08 06:26:59.885 8 INFO neutron.api.extensions [None req-a357df4a-5c82-4bdd-af72-370a8f366ed1 - - - - - -] Loaded extension: qos-pps-minimum-rule-alias
2026-08-08 06:26:59.886 8 INFO neutron.api.extensions [None req-a357df4a-5c82-4bdd-af72-370a8f366ed1 - - - - - -] Loaded extension: qos-pps
2026-08-08 06:26:59.886 8 INFO neutron.api.extensions [None req-a357df4a-5c82-4bdd-af72-370a8f366ed1 - - - - - -] Loaded extension: qos-rule-type-details
2026-08-08 06:26:59.887 8 INFO neutron.api.extensions [None req-a357df4a-5c82-4bdd-af72-370a8f366ed1 - - - - - -] Loaded extension: qos-rule-type-filter
2026-08-08 06:26:59.887 8 INFO neutron.api.extensions [None req-a357df4a-5c82-4bdd-af72-370a8f366ed1 - - - - - -] Loaded extension: qos-rules-alias
2026-08-08 06:26:59.888 8 INFO neutron.api.extensions [None req-a357df4a-5c82-4bdd-af72-370a8f366ed1 - - - - - -] Loaded extension: quota-check-limit
2026-08-08 06:26:59.888 8 INFO neutron.api.extensions [None req-a357df4a-5c82-4bdd-af72-370a8f366ed1 - - - - - -] Loaded extension: quota-check-limit-default
2026-08-08 06:26:59.891 8 INFO neutron.api.extensions [None req-a357df4a-5c82-4bdd-af72-370a8f366ed1 - - - - - -] Loaded extension: quotas
2026-08-08 06:26:59.891 7 WARNING keystonemiddleware._common.config [None req-098b6ddc-f946-472b-8ea5-2034c2708945 - - - - - -] The option "audit_map_file" is not known to keystonemiddleware
2026-08-08 06:26:59.892 8 INFO neutron.api.extensions [None req-a357df4a-5c82-4bdd-af72-370a8f366ed1 - - - - - -] Loaded extension: quota_details
2026-08-08 06:26:59.893 8 INFO neutron.api.extensions [None req-a357df4a-5c82-4bdd-af72-370a8f366ed1 - - - - - -] Loaded extension: rbac-policies
2026-08-08 06:26:59.894 8 INFO neutron.api.extensions [None req-a357df4a-5c82-4bdd-af72-370a8f366ed1 - - - - - -] Extension rbac-address-group not supported by any of loaded plugins
2026-08-08 06:26:59.894 8 INFO neutron.api.extensions [None req-a357df4a-5c82-4bdd-af72-370a8f366ed1 - - - - - -] Loaded extension: rbac-address-scope
2026-08-08 06:26:59.895 8 INFO neutron.api.extensions [None req-a357df4a-5c82-4bdd-af72-370a8f366ed1 - - - - - -] Loaded extension: rbac-security-groups
2026-08-08 06:26:59.895 8 INFO neutron.api.extensions [None req-a357df4a-5c82-4bdd-af72-370a8f366ed1 - - - - - -] Extension rbac-subnetpool not supported by any of loaded plugins
2026-08-08 06:26:59.896 8 INFO neutron.api.extensions [None req-a357df4a-5c82-4bdd-af72-370a8f366ed1 - - - - - -] Loaded extension: revision-if-match
2026-08-08 06:26:59.896 8 INFO neutron.api.extensions [None req-a357df4a-5c82-4bdd-af72-370a8f366ed1 - - - - - -] Loaded extension: standard-attr-revisions
2026-08-08 06:26:59.897 8 INFO neutron.api.extensions [None req-a357df4a-5c82-4bdd-af72-370a8f366ed1 - - - - - -] Loaded extension: router_availability_zone
2026-08-08 06:26:59.898 8 INFO neutron.api.extensions [None req-a357df4a-5c82-4bdd-af72-370a8f366ed1 - - - - - -] Extension router-service-type not supported by any of loaded plugins
2026-08-08 06:26:59.898 7 WARNING oslo_config.cfg [None req-098b6ddc-f946-472b-8ea5-2034c2708945 - - - - - -] Deprecated: Option "auth_uri" from group "keystone_authtoken" is deprecated. Use option "www_authenticate_uri" from group "keystone_authtoken".
2026-08-08 06:26:59.899 8 INFO neutron.api.extensions [None req-a357df4a-5c82-4bdd-af72-370a8f366ed1 - - - - - -] Loaded extension: security-groups-default-rules
2026-08-08 06:26:59.900 8 INFO neutron.api.extensions [None req-a357df4a-5c82-4bdd-af72-370a8f366ed1 - - - - - -] Loaded extension: security-groups-normalized-cidr
2026-08-08 06:26:59.900 8 INFO neutron.api.extensions [None req-a357df4a-5c82-4bdd-af72-370a8f366ed1 - - - - - -] Extension port-security-groups-filtering not supported by any of loaded plugins
2026-08-08 06:26:59.901 8 INFO neutron.api.extensions [None req-a357df4a-5c82-4bdd-af72-370a8f366ed1 - - - - - -] Loaded extension: security-groups-remote-address-group
2026-08-08 06:26:59.901 8 INFO neutron.api.extensions [None req-a357df4a-5c82-4bdd-af72-370a8f366ed1 - - - - - -] Loaded extension: security-groups-rules-belongs-to-default-sg
2026-08-08 06:26:59.902 8 INFO neutron.api.extensions [None req-a357df4a-5c82-4bdd-af72-370a8f366ed1 - - - - - -] Loaded extension: security-groups-shared-filtering
2026-08-08 06:26:59.906 8 INFO neutron.api.extensions [None req-a357df4a-5c82-4bdd-af72-370a8f366ed1 - - - - - -] Loaded extension: security-group
2026-08-08 06:26:59.908 8 INFO neutron.api.extensions [None req-a357df4a-5c82-4bdd-af72-370a8f366ed1 - - - - - -] Loaded extension: segment
2026-08-08 06:26:59.908 8 INFO neutron.api.extensions [None req-a357df4a-5c82-4bdd-af72-370a8f366ed1 - - - - - -] Loaded extension: segments-peer-subnet-host-routes
2026-08-08 06:26:59.909 8 INFO neutron.api.extensions [None req-a357df4a-5c82-4bdd-af72-370a8f366ed1 - - - - - -] Loaded extension: service-type
2026-08-08 06:26:59.909 8 INFO neutron.api.extensions [None req-a357df4a-5c82-4bdd-af72-370a8f366ed1 - - - - - -] Loaded extension: sorting
2026-08-08 06:26:59.910 8 INFO neutron.api.extensions [None req-a357df4a-5c82-4bdd-af72-370a8f366ed1 - - - - - -] Loaded extension: standard-attr-segment
2026-08-08 06:26:59.910 8 INFO neutron.api.extensions [None req-a357df4a-5c82-4bdd-af72-370a8f366ed1 - - - - - -] Loaded extension: standard-attr-description
2026-08-08 06:26:59.911 8 INFO neutron.api.extensions [None req-a357df4a-5c82-4bdd-af72-370a8f366ed1 - - - - - -] Loaded extension: stateful-security-group
2026-08-08 06:26:59.911 8 WARNING neutron.api.extensions [None req-a357df4a-5c82-4bdd-af72-370a8f366ed1 - - - - - -] Did not find expected name "Stdattrs_common" in /var/lib/openstack/lib/python3.12/site-packages/neutron/extensions/stdattrs_common.py
2026-08-08 06:26:59.912 8 INFO neutron.api.extensions [None req-a357df4a-5c82-4bdd-af72-370a8f366ed1 - - - - - -] Loaded extension: subnet-dns-publish-fixed-ip
2026-08-08 06:26:59.912 8 INFO neutron.api.extensions [None req-a357df4a-5c82-4bdd-af72-370a8f366ed1 - - - - - -] Loaded extension: subnet-external-network
2026-08-08 06:26:59.913 8 INFO neutron.api.extensions [None req-a357df4a-5c82-4bdd-af72-370a8f366ed1 - - - - - -] Extension subnet_onboard not supported by any of loaded plugins
2026-08-08 06:26:59.914 8 INFO neutron.api.extensions [None req-a357df4a-5c82-4bdd-af72-370a8f366ed1 - - - - - -] Loaded extension: subnet-segmentid-writable
2026-08-08 06:26:59.914 8 INFO neutron.api.extensions [None req-a357df4a-5c82-4bdd-af72-370a8f366ed1 - - - - - -] Loaded extension: subnet-service-types
2026-08-08 06:26:59.914 7 WARNING neutron.plugins.ml2.drivers.ovn.mech_driver.mech_driver [None req-098b6ddc-f946-472b-8ea5-2034c2708945 - - - - - -] uWSGI must provide a start time using the configuration parameter "start-time %t" in the configuration file
2026-08-08 06:26:59.915 8 INFO neutron.api.extensions [None req-a357df4a-5c82-4bdd-af72-370a8f366ed1 - - - - - -] Loaded extension: subnet_allocation
2026-08-08 06:26:59.915 8 INFO neutron.api.extensions [None req-a357df4a-5c82-4bdd-af72-370a8f366ed1 - - - - - -] Loaded extension: subnetpool-prefix-ops
2026-08-08 06:26:59.916 8 INFO neutron.api.extensions [None req-a357df4a-5c82-4bdd-af72-370a8f366ed1 - - - - - -] Loaded extension: tag-creation
2026-08-08 06:26:59.916 8 INFO neutron.api.extensions [None req-a357df4a-5c82-4bdd-af72-370a8f366ed1 - - - - - -] Extension tag-ports-during-bulk-creation not supported by any of loaded plugins
2026-08-08 06:26:59.920 8 INFO neutron.api.extensions [None req-a357df4a-5c82-4bdd-af72-370a8f366ed1 - - - - - -] Loaded extension: standard-attr-tag
2026-08-08 06:26:59.921 8 INFO neutron.api.extensions [None req-a357df4a-5c82-4bdd-af72-370a8f366ed1 - - - - - -] Loaded extension: standard-attr-timestamp
2026-08-08 06:26:59.922 8 INFO neutron.api.extensions [None req-a357df4a-5c82-4bdd-af72-370a8f366ed1 - - - - - -] Loaded extension: trunk
2026-08-08 06:26:59.923 8 INFO neutron.api.extensions [None req-a357df4a-5c82-4bdd-af72-370a8f366ed1 - - - - - -] Loaded extension: trunk-details
2026-08-08 06:26:59.924 8 INFO neutron.api.extensions [None req-a357df4a-5c82-4bdd-af72-370a8f366ed1 - - - - - -] Extension uplink-status-propagation not supported by any of loaded plugins
2026-08-08 06:26:59.925 8 INFO neutron.api.extensions [None req-a357df4a-5c82-4bdd-af72-370a8f366ed1 - - - - - -] Extension uplink-status-propagation-updatable not supported by any of loaded plugins
2026-08-08 06:26:59.926 8 INFO neutron.api.extensions [None req-a357df4a-5c82-4bdd-af72-370a8f366ed1 - - - - - -] Extension vlan-transparent not supported by any of loaded plugins
2026-08-08 06:26:59.927 8 INFO neutron.api.extensions [None req-a357df4a-5c82-4bdd-af72-370a8f366ed1 - - - - - -] Loaded extension: vpn-aes-ctr
2026-08-08 06:26:59.929 8 INFO neutron.api.extensions [None req-a357df4a-5c82-4bdd-af72-370a8f366ed1 - - - - - -] Loaded extension: vpn-agent-scheduler
2026-08-08 06:26:59.929 7 INFO neutron.db.ovn_hash_ring_db [None req-098b6ddc-f946-472b-8ea5-2034c2708945 - - - - - -] Nodes from host "neutron-server-dcfcfc58f-nljfl" and group "mechanism_driver" removed from the Hash Ring created at
2026-08-08 06:26:59+00:00
2026-08-08 06:26:59.929 8 INFO neutron.api.extensions [None req-a357df4a-5c82-4bdd-af72-370a8f366ed1 - - - - - -] Loaded extension: vpn-endpoint-groups
2026-08-08 06:26:59.930 8 INFO neutron.api.extensions [None req-a357df4a-5c82-4bdd-af72-370a8f366ed1 - - - - - -] Loaded extension: vpn-flavors
2026-08-08 06:26:59.931 7 INFO neutron.db.ovn_hash_ring_db [None req-098b6ddc-f946-472b-8ea5-2034c2708945 - - - - - -] Node 3e2d8f8819e4594690dd2eede4f8f676 from host "neutron-server-dcfcfc58f-nljfl" and group "mechanism_driver" added to the Hash Ring
2026-08-08 06:26:59.932 8 INFO neutron.api.extensions [None req-a357df4a-5c82-4bdd-af72-370a8f366ed1 - - - - - -] Loaded extension: vpnaas
2026-08-08 06:26:59.933 8 INFO neutron.api.extensions [None req-a357df4a-5c82-4bdd-af72-370a8f366ed1 - - - - - -] Loaded extension: taas
2026-08-08 06:26:59.934 8 INFO neutron.api.extensions [None req-a357df4a-5c82-4bdd-af72-370a8f366ed1 - - - - - -] Loaded extension: tap-mirror
2026-08-08 06:26:59.934 8 INFO neutron.api.extensions [None req-a357df4a-5c82-4bdd-af72-370a8f366ed1 - - - - - -] Loaded extension: taas-vlan-filter
2026-08-08 06:26:59.937 8 INFO neutron.quota.resource_registry [None req-a357df4a-5c82-4bdd-af72-370a8f366ed1 - - - - - -] Creating instance of TrackedResource for resource:network
2026-08-08 06:26:59.937 8 INFO neutron.quota.resource_registry [None req-a357df4a-5c82-4bdd-af72-370a8f366ed1 - - - - - -] Creating instance of TrackedResource for resource:subnet
2026-08-08 06:26:59.937 8 INFO neutron.quota.resource_registry [None req-a357df4a-5c82-4bdd-af72-370a8f366ed1 - - - - - -] Creating instance of TrackedResource for resource:subnetpool
2026-08-08 06:26:59.938 8 INFO neutron.quota.resource_registry [None req-a357df4a-5c82-4bdd-af72-370a8f366ed1 - - - - - -] Creating instance of TrackedResource for resource:port
2026-08-08 06:26:59.939 7 INFO neutron.plugins.ml2.drivers.ovn.mech_driver.mech_driver [None req-098b6ddc-f946-472b-8ea5-2034c2708945 - - - - - -] Hash Ring probing thread for node 3e2d8f8819e4594690dd2eede4f8f676 has started
2026-08-08 06:26:59.940 7 INFO neutron.plugins.ml2.drivers.ovn.mech_driver.ovsdb.impl_idl_ovn [None req-098b6ddc-f946-472b-8ea5-2034c2708945 - - - - - -] Getting OvsdbNbOvnIdl for WorkerService with retry
2026-08-08 06:26:59.941 8 INFO neutron.quota.resource_registry [None req-a357df4a-5c82-4bdd-af72-370a8f366ed1 - - - - - -] Creating instance of TrackedResource for resource:router
2026-08-08 06:26:59.941 8 INFO neutron.quota.resource_registry [None req-a357df4a-5c82-4bdd-af72-370a8f366ed1 - - - - - -] Creating instance of TrackedResource for resource:floatingip
2026-08-08 06:26:59.946 8 INFO neutron.quota.resource_registry [None req-a357df4a-5c82-4bdd-af72-370a8f366ed1 - - - - - -] Creating instance of CountableResource for resource:rbac_policy
2026-08-08 06:26:59.947 8 INFO neutron.quota.resource_registry [None req-a357df4a-5c82-4bdd-af72-370a8f366ed1 - - - - - -] Creating instance of TrackedResource for resource:security_group
2026-08-08 06:26:59.947 8 INFO neutron.quota.resource_registry [None req-a357df4a-5c82-4bdd-af72-370a8f366ed1 - - - - - -] Creating instance of TrackedResource for resource:security_group_rule
2026-08-08 06:26:59.948 8 INFO neutron.quota.resource_registry [None req-a357df4a-5c82-4bdd-af72-370a8f366ed1 - - - - - -] Creating instance of TrackedResource for resource:subnetpool
2026-08-08 06:26:59.948 8 WARNING neutron.quota.resource_registry [None req-a357df4a-5c82-4bdd-af72-370a8f366ed1 - - - - - -] subnetpool is already registered
2026-08-08 06:26:59.949 8 INFO neutron.quota.resource_registry [None req-a357df4a-5c82-4bdd-af72-370a8f366ed1 - - - - - -] Creating instance of CountableResource for resource:trunk
2026-08-08 06:26:59.949 8 INFO neutron.quota.resource_registry [None req-a357df4a-5c82-4bdd-af72-370a8f366ed1 - - - - - -] Creating instance of CountableResource for resource:ikepolicy
2026-08-08 06:26:59.950 8 INFO neutron.quota.resource_registry [None req-a357df4a-5c82-4bdd-af72-370a8f366ed1 - - - - - -] Creating instance of CountableResource for resource:ipsecpolicy
2026-08-08 06:26:59.950 8 INFO neutron.quota.resource_registry [None req-a357df4a-5c82-4bdd-af72-370a8f366ed1 - - - - - -] Creating instance of CountableResource for resource:endpoint_group
2026-08-08 06:26:59.950 8 INFO neutron.quota.resource_registry [None req-a357df4a-5c82-4bdd-af72-370a8f366ed1 - - - - - -] Creating instance of CountableResource for resource:vpnservice
2026-08-08 06:26:59.951 8 INFO neutron.quota.resource_registry [None req-a357df4a-5c82-4bdd-af72-370a8f366ed1 - - - - - -] Creating instance of CountableResource for resource:ipsec_site_connection
2026-08-08 06:26:59.951 8 INFO neutron.quota.resource_registry [None req-a357df4a-5c82-4bdd-af72-370a8f366ed1 - - - - - -] Creating instance of CountableResource for resource:ipsecpolicy
2026-08-08 06:26:59.951 8 WARNING neutron.quota.resource_registry [None req-a357df4a-5c82-4bdd-af72-370a8f366ed1 - - - - - -] ipsecpolicy is already registered
2026-08-08 06:26:59.952 8 INFO neutron.quota.resource_registry [None req-a357df4a-5c82-4bdd-af72-370a8f366ed1 - - - - - -] Creating instance of CountableResource for resource:ikepolicy
2026-08-08 06:26:59.952 8 WARNING neutron.quota.resource_registry [None req-a357df4a-5c82-4bdd-af72-370a8f366ed1 - - - - - -] ikepolicy is already registered
2026-08-08 06:26:59.956 8 INFO neutron.quota.resource_registry [None req-a357df4a-5c82-4bdd-af72-370a8f366ed1 - - - - - -] Creating instance of TrackedResource for resource:router
2026-08-08 06:26:59.957 8 WARNING neutron.quota.resource_registry [None req-a357df4a-5c82-4bdd-af72-370a8f366ed1 - - - - - -] router is already registered
2026-08-08 06:26:59.957 8 INFO neutron.quota.resource_registry [None req-a357df4a-5c82-4bdd-af72-370a8f366ed1 - - - - - -] Creating instance of TrackedResource for resource:floatingip
2026-08-08 06:26:59.957 8 WARNING neutron.quota.resource_registry [None req-a357df4a-5c82-4bdd-af72-370a8f366ed1 - - - - - -] floatingip is already registered
2026-08-08 06:26:59.961 8 INFO neutron.quota.resource_registry [None req-a357df4a-5c82-4bdd-af72-370a8f366ed1 - - - - - -] Creating instance of CountableResource for resource:rbac_policy
2026-08-08 06:26:59.961 8 WARNING neutron.quota.resource_registry [None req-a357df4a-5c82-4bdd-af72-370a8f366ed1 - - - - - -] rbac_policy is already registered
2026-08-08 06:26:59.962 8 INFO neutron.quota.resource_registry [None req-a357df4a-5c82-4bdd-af72-370a8f366ed1 - - - - - -] Creating instance of TrackedResource for resource:security_group
2026-08-08 06:26:59.962 8 WARNING neutron.quota.resource_registry [None req-a357df4a-5c82-4bdd-af72-370a8f366ed1 - - - - - -] security_group is already registered
2026-08-08 06:26:59.963 8 INFO neutron.quota.resource_registry [None req-a357df4a-5c82-4bdd-af72-370a8f366ed1 - - - - - -] Creating instance of TrackedResource for resource:security_group_rule
2026-08-08 06:26:59.963 8 WARNING neutron.quota.resource_registry [None req-a357df4a-5c82-4bdd-af72-370a8f366ed1 - - - - - -] security_group_rule is already registered
2026-08-08 06:26:59.964 8 INFO neutron.quota.resource_registry [None req-a357df4a-5c82-4bdd-af72-370a8f366ed1 - - - - - -] Creating instance of TrackedResource for resource:subnetpool
2026-08-08 06:26:59.964 8 WARNING neutron.quota.resource_registry [None req-a357df4a-5c82-4bdd-af72-370a8f366ed1 - - - - - -] subnetpool is already registered
2026-08-08 06:26:59.964 8 INFO neutron.quota.resource_registry [None req-a357df4a-5c82-4bdd-af72-370a8f366ed1 - - - - - -] Creating instance of CountableResource for resource:trunk
2026-08-08 06:26:59.964 8 WARNING neutron.quota.resource_registry [None req-a357df4a-5c82-4bdd-af72-370a8f366ed1 - - - - - -] trunk is already registered
2026-08-08 06:26:59.965 8 INFO neutron.quota.resource_registry [None req-a357df4a-5c82-4bdd-af72-370a8f366ed1 - - - - - -] Creating instance of CountableResource for resource:ikepolicy
2026-08-08 06:26:59.965 8 WARNING neutron.quota.resource_registry [None req-a357df4a-5c82-4bdd-af72-370a8f366ed1 - - - - - -] ikepolicy is already registered
2026-08-08 06:26:59.965 8 INFO neutron.quota.resource_registry [None req-a357df4a-5c82-4bdd-af72-370a8f366ed1 - - - - - -] Creating instance of CountableResource for resource:ipsecpolicy
2026-08-08 06:26:59.965 8 WARNING neutron.quota.resource_registry [None req-a357df4a-5c82-4bdd-af72-370a8f366ed1 - - - - - -] ipsecpolicy is already registered
2026-08-08 06:26:59.966 8 INFO neutron.quota.resource_registry [None req-a357df4a-5c82-4bdd-af72-370a8f366ed1 - - - - - -] Creating instance of CountableResource for resource:endpoint_group
2026-08-08 06:26:59.966 8 WARNING neutron.quota.resource_registry [None req-a357df4a-5c82-4bdd-af72-370a8f366ed1 - - - - - -] endpoint_group is already registered
2026-08-08 06:26:59.966 8 INFO neutron.quota.resource_registry [None req-a357df4a-5c82-4bdd-af72-370a8f366ed1 - - - - - -] Creating instance of CountableResource for resource:vpnservice
2026-08-08 06:26:59.967 8 WARNING neutron.quota.resource_registry [None req-a357df4a-5c82-4bdd-af72-370a8f366ed1 - - - - - -] vpnservice is already registered
2026-08-08 06:26:59.967 8 INFO neutron.quota.resource_registry [None req-a357df4a-5c82-4bdd-af72-370a8f366ed1 - - - - - -] Creating instance of CountableResource for resource:ipsec_site_connection
2026-08-08 06:26:59.967 8 WARNING neutron.quota.resource_registry [None req-a357df4a-5c82-4bdd-af72-370a8f366ed1 - - - - - -] ipsec_site_connection is already registered
2026-08-08 06:26:59.967 8 INFO neutron.quota.resource_registry [None req-a357df4a-5c82-4bdd-af72-370a8f366ed1 - - - - - -] Creating instance of CountableResource for resource:ipsecpolicy
2026-08-08 06:26:59.968 8 WARNING neutron.quota.resource_registry [None req-a357df4a-5c82-4bdd-af72-370a8f366ed1 - - - - - -] ipsecpolicy is already registered
2026-08-08 06:26:59.968 8 INFO neutron.quota.resource_registry [None req-a357df4a-5c82-4bdd-af72-370a8f366ed1 - - - - - -] Creating instance of CountableResource for resource:ikepolicy
2026-08-08 06:26:59.968 8 WARNING neutron.quota.resource_registry [None req-a357df4a-5c82-4bdd-af72-370a8f366ed1 - - - - - -] ikepolicy is already registered
2026-08-08 06:26:59.971 7 INFO ovsdbapp.backend.ovs_idl.vlog [None req-098b6ddc-f946-472b-8ea5-2034c2708945 - - - - - -] tcp:10.98.80.197:6641: connecting...
2026-08-08 06:26:59.972 7 INFO ovsdbapp.backend.ovs_idl.vlog [None req-098b6ddc-f946-472b-8ea5-2034c2708945 - - - - - -] tcp:10.98.80.197:6641: connected
2026-08-08 06:27:00.005 8 WARNING keystonemiddleware._common.config [None req-a357df4a-5c82-4bdd-af72-370a8f366ed1 - - - - - -] The option "audit_map_file" is not known to keystonemiddleware
2026-08-08 06:27:00.012 8 WARNING oslo_config.cfg [None req-a357df4a-5c82-4bdd-af72-370a8f366ed1 - - - - - -] Deprecated: Option "auth_uri" from group "keystone_authtoken" is deprecated. Use option "www_authenticate_uri" from group "keystone_authtoken".
2026-08-08 06:27:00.030 8 WARNING neutron.plugins.ml2.drivers.ovn.mech_driver.mech_driver [None req-a357df4a-5c82-4bdd-af72-370a8f366ed1 - - - - - -] uWSGI must provide a start time using the configuration parameter "start-time %t" in the configuration file
2026-08-08 06:27:00.045 8 INFO neutron.db.ovn_hash_ring_db [None req-a357df4a-5c82-4bdd-af72-370a8f366ed1 - - - - - -] Nodes from host "neutron-server-dcfcfc58f-nljfl" and group "mechanism_driver" removed from the Hash Ring created at
2026-08-08 06:27:00+00:00
2026-08-08 06:27:00.046 7 INFO neutron.plugins.ml2.drivers.ovn.mech_driver.ovsdb.impl_idl_ovn [None req-098b6ddc-f946-472b-8ea5-2034c2708945 - - - - - -] Getting OvsdbSbOvnIdl for WorkerService with retry
2026-08-08 06:27:00.047 8 INFO neutron.db.ovn_hash_ring_db [None req-a357df4a-5c82-4bdd-af72-370a8f366ed1 - - - - - -] Node 9ac2233df96152b3954f1337572d1784 from host "neutron-server-dcfcfc58f-nljfl" and group "mechanism_driver" added to the Hash Ring
2026-08-08 06:27:00.053 8 INFO neutron.plugins.ml2.drivers.ovn.mech_driver.mech_driver [None req-a357df4a-5c82-4bdd-af72-370a8f366ed1 - - - - - -] Hash Ring probing thread for node 9ac2233df96152b3954f1337572d1784 has started
2026-08-08 06:27:00.054 8 INFO neutron.plugins.ml2.drivers.ovn.mech_driver.ovsdb.impl_idl_ovn [None req-a357df4a-5c82-4bdd-af72-370a8f366ed1 - - - - - -] Getting OvsdbNbOvnIdl for WorkerService with retry
2026-08-08 06:27:00.066 7 INFO ovsdbapp.backend.ovs_idl.vlog [None req-098b6ddc-f946-472b-8ea5-2034c2708945 - - - - - -] tcp:10.100.13.72:6642: connecting...
2026-08-08 06:27:00.067 7 INFO ovsdbapp.backend.ovs_idl.vlog [None req-098b6ddc-f946-472b-8ea5-2034c2708945 - - - - - -] tcp:10.100.13.72:6642: connected
2026-08-08 06:27:00.085 8 INFO ovsdbapp.backend.ovs_idl.vlog [None req-a357df4a-5c82-4bdd-af72-370a8f366ed1 - - - - - -] tcp:10.98.80.197:6641: connecting...
2026-08-08 06:27:00.086 8 INFO ovsdbapp.backend.ovs_idl.vlog [None req-a357df4a-5c82-4bdd-af72-370a8f366ed1 - - - - - -] tcp:10.98.80.197:6641: connected
2026-08-08 06:27:00.121 7 INFO neutron.plugins.ml2.drivers.ovn.mech_driver.mech_driver [None req-098b6ddc-f946-472b-8ea5-2034c2708945 - - - - - -] WorkerService process has finished the post initialization
2026-08-08 06:27:00.141 7 INFO ovsdbapp.backend.ovs_idl.vlog [None req-098b6ddc-f946-472b-8ea5-2034c2708945 - - - - - -] tcp:10.98.80.197:6641: connecting...
2026-08-08 06:27:00.141 7 INFO ovsdbapp.backend.ovs_idl.vlog [None req-098b6ddc-f946-472b-8ea5-2034c2708945 - - - - - -] tcp:10.98.80.197:6641: connected
2026-08-08 06:27:00.165 8 INFO neutron.plugins.ml2.drivers.ovn.mech_driver.ovsdb.impl_idl_ovn [None req-a357df4a-5c82-4bdd-af72-370a8f366ed1 - - - - - -] Getting OvsdbSbOvnIdl for WorkerService with retry
2026-08-08 06:27:00.178 7 INFO ovsdbapp.backend.ovs_idl.vlog [None req-098b6ddc-f946-472b-8ea5-2034c2708945 - - - - - -] tcp:10.98.80.197:6641: connecting...
2026-08-08 06:27:00.179 7 INFO ovsdbapp.backend.ovs_idl.vlog [None req-098b6ddc-f946-472b-8ea5-2034c2708945 - - - - - -] tcp:10.98.80.197:6641: connected
2026-08-08 06:27:00.187 8 INFO ovsdbapp.backend.ovs_idl.vlog [None req-a357df4a-5c82-4bdd-af72-370a8f366ed1 - - - - - -] tcp:10.100.13.72:6642: connecting...
2026-08-08 06:27:00.187 8 INFO ovsdbapp.backend.ovs_idl.vlog [None req-a357df4a-5c82-4bdd-af72-370a8f366ed1 - - - - - -] tcp:10.100.13.72:6642: connected WSGI app 0 (mountpoint='') ready in 9 seconds on interpreter 0x7ffbcf505668 pid: 7 (default app)
2026-08-08 06:27:00.274 8 INFO neutron.plugins.ml2.drivers.ovn.mech_driver.mech_driver [None req-a357df4a-5c82-4bdd-af72-370a8f366ed1 - - - - - -] WorkerService process has finished the post initialization
2026-08-08 06:27:00.276 8 INFO neutron.plugins.ml2.drivers.ovn.mech_driver.ovsdb.extensions.qos [-] Starting OVNClientQosExtension
2026-08-08 06:27:00.276 8 INFO neutron.plugins.ml2.drivers.ovn.mech_driver.ovsdb.extensions.placement [-] Starting OVNClientPlacementExtension
2026-08-08 06:27:00.304 8 INFO ovsdbapp.backend.ovs_idl.vlog [None req-a357df4a-5c82-4bdd-af72-370a8f366ed1 - - - - - -] tcp:10.98.80.197:6641: connecting...
2026-08-08 06:27:00.304 8 INFO ovsdbapp.backend.ovs_idl.vlog [None req-a357df4a-5c82-4bdd-af72-370a8f366ed1 - - - - - -] tcp:10.98.80.197:6641: connected
2026-08-08 06:27:00.348 8 INFO ovsdbapp.backend.ovs_idl.vlog [None req-a357df4a-5c82-4bdd-af72-370a8f366ed1 - - - - - -] tcp:10.98.80.197:6641: connecting...
2026-08-08 06:27:00.348 8 INFO ovsdbapp.backend.ovs_idl.vlog [None req-a357df4a-5c82-4bdd-af72-370a8f366ed1 - - - - - -] tcp:10.98.80.197:6641: connected WSGI app 0 (mountpoint='') ready in 9 seconds on interpreter 0x7ffbcf505668 pid: 8 (default app) /var/lib/openstack/lib/python3.12/site-packages/pycadf/identifier.py:70: UserWarning: Invalid uuid: unknown. To ensure interoperability, identifiers should be a valid uuid. warnings.warn(('Invalid uuid: %s. To ensure interoperability, '
2026-08-08 06:27:02.649 7 INFO neutron.pecan_wsgi.hooks.translation [None req-0cd23653-8b05-43cd-ab04-777736430aa7 b9e3f86606784c34846714a144e5b68d 33afd87702be40838459621cb5e565ff - - default default] GET failed (client error): The resource could not be found. [pid: 7|app: 0|req: 4/4] 199.204.45.227 () {44 vars in 926 bytes} [Sat Aug 8 06:27:01 2026] GET /v2.0/networks/public => generated 108 bytes in 799 msecs (HTTP/1.1 404) 4 headers in 164 bytes (1 switches on core 0) /var/lib/openstack/lib/python3.12/site-packages/pycadf/identifier.py:70: UserWarning: Invalid uuid: unknown. To ensure interoperability, identifiers should be a valid uuid. warnings.warn(('Invalid uuid: %s. To ensure interoperability, ' [pid: 8|app: 0|req: 1/5] 199.204.45.227 () {44 vars in 948 bytes} [Sat Aug 8 06:27:02 2026] GET /v2.0/networks?name=public => generated 15 bytes in 437 msecs (HTTP/1.1 200) 4 headers in 156 bytes (1 switches on core 0)
2026-08-08 06:27:03.410 7 INFO neutron.plugins.ml2.drivers.ovn.mech_driver.ovsdb.extensions.qos [None req-0610c40d-a689-40e2-8273-d179a2b52d18 b9e3f86606784c34846714a144e5b68d 33afd87702be40838459621cb5e565ff - - default default] Starting OVNClientQosExtension
2026-08-08 06:27:03.410 7 INFO neutron.plugins.ml2.drivers.ovn.mech_driver.ovsdb.extensions.placement [None req-0610c40d-a689-40e2-8273-d179a2b52d18 b9e3f86606784c34846714a144e5b68d 33afd87702be40838459621cb5e565ff - - default default] Starting OVNClientPlacementExtension
2026-08-08 06:27:03.499 7 INFO neutron.db.ovn_revision_numbers_db [None req-0610c40d-a689-40e2-8273-d179a2b52d18 b9e3f86606784c34846714a144e5b68d 33afd87702be40838459621cb5e565ff - - default default] Successfully bumped revision number for resource 2706eeed-d14f-4197-b72d-6c669a3dff0e (type: security_groups) to 1
2026-08-08 06:27:03.514 7 INFO neutron.db.ovn_revision_numbers_db [None req-0610c40d-a689-40e2-8273-d179a2b52d18 b9e3f86606784c34846714a144e5b68d 33afd87702be40838459621cb5e565ff - - default default] Successfully bumped revision number for resource 8fa775e9-d4c2-4498-8989-caf27ec66ec2 (type: security_group_rules) to 0
2026-08-08 06:27:03.523 7 INFO neutron.db.ovn_revision_numbers_db [None req-0610c40d-a689-40e2-8273-d179a2b52d18 b9e3f86606784c34846714a144e5b68d 33afd87702be40838459621cb5e565ff - - default default] Successfully bumped revision number for resource 94b8aa1c-d40a-4f84-9488-14966d6424d3 (type: security_group_rules) to 0
2026-08-08 06:27:03.534 7 INFO neutron.db.ovn_revision_numbers_db [None req-0610c40d-a689-40e2-8273-d179a2b52d18 b9e3f86606784c34846714a144e5b68d 33afd87702be40838459621cb5e565ff - - default default] Successfully bumped revision number for resource c5493e5e-4e2c-4c09-b8ab-d73f7e63fa69 (type: security_group_rules) to 0
2026-08-08 06:27:03.545 7 INFO neutron.db.ovn_revision_numbers_db [None req-0610c40d-a689-40e2-8273-d179a2b52d18 b9e3f86606784c34846714a144e5b68d 33afd87702be40838459621cb5e565ff - - default default] Successfully bumped revision number for resource f9390f01-103d-4403-b161-dbd75bcc1e28 (type: security_group_rules) to 0
2026-08-08 06:27:03.673 7 WARNING neutron.services.revisions.revision_plugin [None req-0610c40d-a689-40e2-8273-d179a2b52d18 b9e3f86606784c34846714a144e5b68d 33afd87702be40838459621cb5e565ff - - default default] Could not find related network for resource to bump revision.
2026-08-08 06:27:03.703 7 INFO neutron.db.segments_db [None req-0610c40d-a689-40e2-8273-d179a2b52d18 b9e3f86606784c34846714a144e5b68d 33afd87702be40838459621cb5e565ff - - default default] Added segment b2cba2df-4da1-453c-a430-9e74b7433025 of type flat for network e66c3bfc-bdcb-447f-955c-e1758f080744
2026-08-08 06:27:03.887 8 INFO neutron.plugins.ml2.drivers.ovn.mech_driver.mech_driver [-] OVN reports status down for port: provnet-b2cba2df-4da1-453c-a430-9e74b7433025
2026-08-08 06:27:03.913 7 INFO neutron.db.ovn_revision_numbers_db [None req-0610c40d-a689-40e2-8273-d179a2b52d18 b9e3f86606784c34846714a144e5b68d 33afd87702be40838459621cb5e565ff - - default default] Successfully bumped revision number for resource e66c3bfc-bdcb-447f-955c-e1758f080744 (type: networks) to 1
2026-08-08 06:27:04.151 7 WARNING neutron.scheduler.dhcp_agent_scheduler [None req-0610c40d-a689-40e2-8273-d179a2b52d18 b9e3f86606784c34846714a144e5b68d 33afd87702be40838459621cb5e565ff - - default default] No more DHCP agents
2026-08-08 06:27:04.152 7 WARNING neutron.api.rpc.agentnotifiers.dhcp_rpc_agent_api [None req-0610c40d-a689-40e2-8273-d179a2b52d18 b9e3f86606784c34846714a144e5b68d 33afd87702be40838459621cb5e565ff - - default default] Unable to schedule network e66c3bfc-bdcb-447f-955c-e1758f080744: no agents available; will retry on subsequent port and subnet creation events.
2026-08-08 06:27:04.238 8 INFO neutron.plugins.ml2.drivers.ovn.mech_driver.mech_driver [None req-cd3bcb5f-e9df-4e10-a745-bfd25503694e - - - - - -] OVN reports status down for port: 0108103c-67a7-4d53-a52a-1bd7c1597f36
2026-08-08 06:27:04.294 7 INFO neutron.db.ovn_revision_numbers_db [None req-0610c40d-a689-40e2-8273-d179a2b52d18 b9e3f86606784c34846714a144e5b68d 33afd87702be40838459621cb5e565ff - - default default] Successfully bumped revision number for resource 0108103c-67a7-4d53-a52a-1bd7c1597f36 (type: ports) to 1 [pid: 7|app: 0|req: 5/6] 199.204.45.227 () {48 vars in 966 bytes} [Sat Aug 8 06:27:03 2026] POST /v2.0/networks => generated 706 bytes in 1225 msecs (HTTP/1.1 201) 4 headers in 162 bytes (1 switches on core 0)
2026-08-08 06:27:05.759 8 INFO neutron.pecan_wsgi.hooks.translation [None req-f02fe03f-a134-4b26-979d-21158e87806f b9e3f86606784c34846714a144e5b68d 33afd87702be40838459621cb5e565ff - - default default] GET failed (client error): The resource could not be found. [pid: 8|app: 0|req: 2/7] 199.204.45.227 () {44 vars in 926 bytes} [Sat Aug 8 06:27:05 2026] GET /v2.0/networks/public => generated 108 bytes in 386 msecs (HTTP/1.1 404) 4 headers in 164 bytes (1 switches on core 0) [pid: 7|app: 0|req: 6/8] 199.204.45.227 () {44 vars in 948 bytes} [Sat Aug 8 06:27:05 2026] GET /v2.0/networks?name=public => generated 715 bytes in 32 msecs (HTTP/1.1 200) 4 headers in 157 bytes (1 switches on core 0)
2026-08-08 06:27:05.828 8 INFO neutron.pecan_wsgi.hooks.translation [None req-17a1ca62-8b9f-4d64-9da3-b43c6984994d b9e3f86606784c34846714a144e5b68d 33afd87702be40838459621cb5e565ff - - default default] GET failed (client error): The resource could not be found. [pid: 8|app: 0|req: 3/9] 199.204.45.227 () {44 vars in 1033 bytes} [Sat Aug 8 06:27:05 2026] GET /v2.0/subnets/public-subnet?network_id=e66c3bfc-bdcb-447f-955c-e1758f080744 => generated 113 bytes in 26 msecs (HTTP/1.1 404) 4 headers in 164 bytes (1 switches on core 0) [pid: 7|app: 0|req: 7/10] 199.204.45.227 () {44 vars in 1056 bytes} [Sat Aug 8 06:27:05 2026] GET /v2.0/subnets?name=public-subnet&network_id=e66c3bfc-bdcb-447f-955c-e1758f080744 => generated 14 bytes in 21 msecs (HTTP/1.1 200) 4 headers in 156 bytes (1 switches on core 0)
2026-08-08 06:27:06.337 8 WARNING neutron.scheduler.dhcp_agent_scheduler [None req-11d33b5b-1998-4b9e-8662-16e190974cdc b9e3f86606784c34846714a144e5b68d 33afd87702be40838459621cb5e565ff - - default default] No more DHCP agents
2026-08-08 06:27:06.338 8 WARNING neutron.api.rpc.agentnotifiers.dhcp_rpc_agent_api [None req-11d33b5b-1998-4b9e-8662-16e190974cdc b9e3f86606784c34846714a144e5b68d 33afd87702be40838459621cb5e565ff - - default default] Unable to schedule network e66c3bfc-bdcb-447f-955c-e1758f080744: no agents available; will retry on subsequent port and subnet creation events.
2026-08-08 06:27:07.133 8 INFO neutron.db.ovn_revision_numbers_db [None req-620725ef-ff4f-49bf-81a1-0c980d58d814 - - - - - -] Successfully bumped revision number for resource 0108103c-67a7-4d53-a52a-1bd7c1597f36 (type: ports) to 2
2026-08-08 06:27:07.168 8 INFO neutron.db.ovn_revision_numbers_db [None req-620725ef-ff4f-49bf-81a1-0c980d58d814 - - - - - -] Successfully bumped revision number for resource 25932064-3774-4824-b266-bd1cc9232d75 (type: subnets) to 0 [pid: 8|app: 0|req: 4/11] 199.204.45.227 () {48 vars in 964 bytes} [Sat Aug 8 06:27:05 2026] POST /v2.0/subnets => generated 664 bytes in 1329 msecs (HTTP/1.1 201) 4 headers in 162 bytes (1 switches on core 0)
