2026-08-08 07:01:36.538 7 INFO neutron.services.segments.plugin [-] Client error retrieving segment 7946f384-1cdd-4e67-a27d-d3ce460cfc03 resource provider; error: Placement Client Error (4xx): {"errors": [{"status": 404, "title": "Not Found", "detail": "The resource could not be found.\n\n No resource provider with uuid 7946f384-1cdd-4e67-a27d-d3ce460cfc03 found for delete ", "request_id": "req-2e14ce76-3ef5-4af6-ad52-0604766835a8"}]}
2026-08-08 07:01:36.541 7 INFO neutron.services.segments.plugin [-] Client error retrieving segment 7946f384-1cdd-4e67-a27d-d3ce460cfc03 resource provider; error: Placement Client Error (4xx): {"errors": [{"status": 404, "title": "Not Found", "detail": "The resource could not be found.\n\n No resource provider with uuid 7946f384-1cdd-4e67-a27d-d3ce460cfc03 found for delete ", "request_id": "req-9bafdb1b-6450-468f-bcb0-7784571be0d5"}]} [pid: 7|app: 0|req: 730/1265] 10.0.0.199 () {32 vars in 725 bytes} [Sat Aug 8 07:01:36 2026] DELETE /v2.0/networks/d75e87ba-797c-4b6e-9db2-95829cfaa9a9 => generated 0 bytes in 548 msecs (HTTP/1.1 204) 3 headers in 131 bytes (1 switches on core 0) [pid: 8|app: 0|req: 536/1266] 10.0.0.199 () {32 vars in 741 bytes} [Sat Aug 8 07:01:36 2026] GET /v2.0/subnets?network_id=e66c3bfc-bdcb-447f-955c-e1758f080744 => generated 649 bytes in 101 msecs (HTTP/1.1 200) 4 headers in 157 bytes (1 switches on core 0) [pid: 7|app: 0|req: 731/1267] 10.0.0.84 () {34 vars in 1038 bytes} [Sat Aug 8 07:01:36 2026] GET /v2.0/security-groups?id=c54c07fd-0a95-4dd0-96f7-2fd6689866a6&fields=id&fields=name => generated 114 bytes in 35 msecs (HTTP/1.1 200) 4 headers in 157 bytes (1 switches on core 0) [pid: 7|app: 0|req: 732/1268] 10.0.0.199 () {32 vars in 652 bytes} [Sat Aug 8 07:01:36 2026] GET /v2.0/extensions => generated 20118 bytes in 16 msecs (HTTP/1.1 200) 4 headers in 159 bytes (1 switches on core 0)
2026-08-08 07:01:36.690 8 INFO neutron.db.ovn_revision_numbers_db [None req-d18434d5-0741-4af3-b058-87a9134d02b6 - - - - - -] Successfully bumped revision number for resource a5c59bcd-6caf-4e78-a716-5aac6f6ac062 (type: ports) to 6 [pid: 7|app: 0|req: 733/1269] 10.0.0.199 () {32 vars in 648 bytes} [Sat Aug 8 07:01:36 2026] GET /v2.0/networks => generated 1309 bytes in 64 msecs (HTTP/1.1 200) 4 headers in 158 bytes (1 switches on core 0) [pid: 7|app: 0|req: 734/1270] 10.0.0.199 () {32 vars in 646 bytes} [Sat Aug 8 07:01:36 2026] GET /v2.0/subnets => generated 1280 bytes in 31 msecs (HTTP/1.1 200) 4 headers in 158 bytes (1 switches on core 0) [pid: 7|app: 0|req: 735/1271] 10.0.0.199 () {32 vars in 722 bytes} [Sat Aug 8 07:01:36 2026] GET /v2.0/networks/1c529591-6465-4ac3-b5d4-45aba3263e41 => generated 669 bytes in 41 msecs (HTTP/1.1 200) 4 headers in 157 bytes (1 switches on core 0) [pid: 7|app: 0|req: 736/1272] 10.0.0.199 () {32 vars in 720 bytes} [Sat Aug 8 07:01:36 2026] GET /v2.0/subnets/31533c10-0f47-4045-8d09-b1107efb409e => generated 641 bytes in 49 msecs (HTTP/1.1 200) 4 headers in 157 bytes (1 switches on core 0)
2026-08-08 07:01:36.843 8 INFO neutron_taas.services.taas.taas_plugin [None req-06c811ed-dc80-4ce9-86df-651b9efa6f76 7745ea71a9ef4e4f868213362e26b25c 3b66646190ab4810925c18a259959863 - - default default] TaaS: Handle Delete Port: 3736f578-0e65-4334-826e-45e7419dba7d
2026-08-08 07:01:36.846 8 INFO neutron_taas.services.taas.tap_mirror_plugin [None req-06c811ed-dc80-4ce9-86df-651b9efa6f76 7745ea71a9ef4e4f868213362e26b25c 3b66646190ab4810925c18a259959863 - - default default] Tap Mirror: Handle Delete Port: 3736f578-0e65-4334-826e-45e7419dba7d
2026-08-08 07:01:36.860 7 INFO neutron.pecan_wsgi.hooks.translation [None req-54be93a9-9eac-41e4-8413-29fb3bb1b257 5eeeea128a9c4f4aaf3e99361ed2763c 51eabea790244df691addfe6ed65ec99 - - default default] DELETE failed (client error): The resource could not be found. [pid: 7|app: 0|req: 737/1273] 10.0.0.199 () {32 vars in 723 bytes} [Sat Aug 8 07:01:36 2026] DELETE /v2.0/subnets/5f30e484-0bd9-4f95-852e-1d8b5da31800 => generated 136 bytes in 16 msecs (HTTP/1.1 404) 4 headers in 164 bytes (1 switches on core 0)
2026-08-08 07:01:36.878 7 INFO neutron.pecan_wsgi.hooks.translation [None req-68429f95-720a-4d75-ab73-baaf574aae36 5eeeea128a9c4f4aaf3e99361ed2763c 51eabea790244df691addfe6ed65ec99 - - default default] DELETE failed (client error): The resource could not be found. [pid: 7|app: 0|req: 738/1274] 10.0.0.199 () {32 vars in 725 bytes} [Sat Aug 8 07:01:36 2026] DELETE /v2.0/networks/0287c207-8759-4dd6-afb2-fbac0bc76100 => generated 138 bytes in 13 msecs (HTTP/1.1 404) 4 headers in 164 bytes (1 switches on core 0) [pid: 7|app: 0|req: 739/1275] 10.0.0.199 () {32 vars in 723 bytes} [Sat Aug 8 07:01:36 2026] DELETE /v2.0/subnets/31533c10-0f47-4045-8d09-b1107efb409e => generated 0 bytes in 219 msecs (HTTP/1.1 204) 3 headers in 131 bytes (1 switches on core 0) [pid: 8|app: 0|req: 537/1276] 10.0.0.199 () {32 vars in 725 bytes} [Sat Aug 8 07:01:36 2026] DELETE /v2.0/networks/76461b87-9bb8-4599-8344-8005fad7f3c2 => generated 0 bytes in 522 msecs (HTTP/1.1 204) 3 headers in 131 bytes (1 switches on core 0) /var/lib/openstack/lib/python3.12/site-packages/pycadf/identifier.py:70: UserWarning: Invalid uuid: neutron. To ensure interoperability, identifiers should be a valid uuid. warnings.warn(('Invalid uuid: %s. To ensure interoperability, '
2026-08-08 07:01:37.189 8 INFO neutron.db.segments_db [None req-5ee51bb8-b204-4f6f-acab-43f0a2c71076 7745ea71a9ef4e4f868213362e26b25c 3b66646190ab4810925c18a259959863 - - default default] Added segment a51ae69f-d7b8-42bf-9ddb-c1ef1b7409d2 of type geneve for network 748541f2-01e4-4467-aaea-631a56202b8e
2026-08-08 07:01:37.219 7 INFO neutron_taas.services.taas.taas_plugin [None req-f7071fde-3502-443d-9050-8ff9c3f0e93a 5eeeea128a9c4f4aaf3e99361ed2763c 51eabea790244df691addfe6ed65ec99 - - default default] TaaS: Handle Delete Port: 4eba9396-64e2-4c22-b1a9-c10dc74b0f18
2026-08-08 07:01:37.222 7 INFO neutron_taas.services.taas.tap_mirror_plugin [None req-f7071fde-3502-443d-9050-8ff9c3f0e93a 5eeeea128a9c4f4aaf3e99361ed2763c 51eabea790244df691addfe6ed65ec99 - - default default] Tap Mirror: Handle Delete Port: 4eba9396-64e2-4c22-b1a9-c10dc74b0f18
2026-08-08 07:01:37.312 8 INFO neutron.db.ovn_revision_numbers_db [None req-5ee51bb8-b204-4f6f-acab-43f0a2c71076 7745ea71a9ef4e4f868213362e26b25c 3b66646190ab4810925c18a259959863 - - default default] Successfully bumped revision number for resource 748541f2-01e4-4467-aaea-631a56202b8e (type: networks) to 1 [pid: 7|app: 0|req: 740/1277] 10.0.0.199 () {32 vars in 725 bytes} [Sat Aug 8 07:01:37 2026] DELETE /v2.0/networks/1c529591-6465-4ac3-b5d4-45aba3263e41 => generated 0 bytes in 413 msecs (HTTP/1.1 204) 3 headers in 131 bytes (1 switches on core 0)
2026-08-08 07:01:37.542 8 WARNING neutron.scheduler.dhcp_agent_scheduler [None req-5ee51bb8-b204-4f6f-acab-43f0a2c71076 7745ea71a9ef4e4f868213362e26b25c 3b66646190ab4810925c18a259959863 - - default default] No more DHCP agents
2026-08-08 07:01:37.543 8 WARNING neutron.api.rpc.agentnotifiers.dhcp_rpc_agent_api [None req-5ee51bb8-b204-4f6f-acab-43f0a2c71076 7745ea71a9ef4e4f868213362e26b25c 3b66646190ab4810925c18a259959863 - - default default] Unable to schedule network 748541f2-01e4-4467-aaea-631a56202b8e: no agents available; will retry on subsequent port and subnet creation events.
2026-08-08 07:01:37.621 8 INFO neutron.plugins.ml2.drivers.ovn.mech_driver.mech_driver [None req-00102bfd-e9e7-41a5-bc2c-7ec7dd1b322f - - - - - -] OVN reports status down for port: 458926ec-e439-4649-b622-fc79c9e5f335
2026-08-08 07:01:37.684 8 INFO neutron.db.ovn_revision_numbers_db [None req-5ee51bb8-b204-4f6f-acab-43f0a2c71076 7745ea71a9ef4e4f868213362e26b25c 3b66646190ab4810925c18a259959863 - - default default] Successfully bumped revision number for resource 458926ec-e439-4649-b622-fc79c9e5f335 (type: ports) to 1 [pid: 8|app: 0|req: 538/1278] 10.0.0.199 () {34 vars in 669 bytes} [Sat Aug 8 07:01:37 2026] POST /v2.0/networks => generated 629 bytes in 633 msecs (HTTP/1.1 201) 4 headers in 162 bytes (1 switches on core 0) [pid: 8|app: 0|req: 539/1279] 10.0.0.84 () {34 vars in 988 bytes} [Sat Aug 8 07:01:37 2026] GET /v2.0/ports?device_id=70f7d32f-17e9-4e18-bf9e-2290b948000e => generated 969 bytes in 45 msecs (HTTP/1.1 200) 4 headers in 157 bytes (1 switches on core 0)
2026-08-08 07:01:38.003 8 WARNING neutron.scheduler.dhcp_agent_scheduler [None req-e2bca3e6-5c59-43a6-a33b-e7dcf5f97601 7745ea71a9ef4e4f868213362e26b25c 3b66646190ab4810925c18a259959863 - - default default] No more DHCP agents
2026-08-08 07:01:38.005 8 WARNING neutron.api.rpc.agentnotifiers.dhcp_rpc_agent_api [None req-e2bca3e6-5c59-43a6-a33b-e7dcf5f97601 7745ea71a9ef4e4f868213362e26b25c 3b66646190ab4810925c18a259959863 - - default default] Unable to schedule network 748541f2-01e4-4467-aaea-631a56202b8e: no agents available; will retry on subsequent port and subnet creation events.
2026-08-08 07:01:38.007 7 INFO neutron.db.ovn_revision_numbers_db [None req-5f84a6e5-5f80-497d-9b88-2546b9c5f849 b9e3f86606784c34846714a144e5b68d 33afd87702be40838459621cb5e565ff - - default default] Successfully bumped revision number for resource f461f2c1-58ad-45c4-b2af-c956480e2c92 (type: security_groups) to 1
2026-08-08 07:01:38.023 7 INFO neutron.db.ovn_revision_numbers_db [None req-5f84a6e5-5f80-497d-9b88-2546b9c5f849 b9e3f86606784c34846714a144e5b68d 33afd87702be40838459621cb5e565ff - - default default] Successfully bumped revision number for resource 0c1d482a-7774-47ed-bf22-c22909b9fda7 (type: security_group_rules) to 0
2026-08-08 07:01:38.035 7 INFO neutron.db.ovn_revision_numbers_db [None req-5f84a6e5-5f80-497d-9b88-2546b9c5f849 b9e3f86606784c34846714a144e5b68d 33afd87702be40838459621cb5e565ff - - default default] Successfully bumped revision number for resource 1b247db8-ffc3-4d79-905e-212a8dcf2110 (type: security_group_rules) to 0
2026-08-08 07:01:38.047 7 INFO neutron.db.ovn_revision_numbers_db [None req-5f84a6e5-5f80-497d-9b88-2546b9c5f849 b9e3f86606784c34846714a144e5b68d 33afd87702be40838459621cb5e565ff - - default default] Successfully bumped revision number for resource ab26f2cb-2eba-4fd9-b0c4-00a73118b985 (type: security_group_rules) to 0
2026-08-08 07:01:38.057 7 INFO neutron.db.ovn_revision_numbers_db [None req-5f84a6e5-5f80-497d-9b88-2546b9c5f849 b9e3f86606784c34846714a144e5b68d 33afd87702be40838459621cb5e565ff - - default default] Successfully bumped revision number for resource e01d75a1-a116-4db6-84d4-ae98dcf260a1 (type: security_group_rules) to 0 [pid: 7|app: 0|req: 741/1280] 10.0.0.199 () {32 vars in 773 bytes} [Sat Aug 8 07:01:37 2026] GET /v2.0/security-groups?tenant_id=a7fab7ae57414c7d85e000c2826a91ad&name=default => generated 2925 bytes in 527 msecs (HTTP/1.1 200) 4 headers in 158 bytes (1 switches on core 0) [pid: 7|app: 0|req: 742/1281] 10.0.0.84 () {34 vars in 1038 bytes} [Sat Aug 8 07:01:38 2026] GET /v2.0/security-groups?id=c54c07fd-0a95-4dd0-96f7-2fd6689866a6&fields=id&fields=name => generated 114 bytes in 26 msecs (HTTP/1.1 200) 4 headers in 157 bytes (1 switches on core 0)
2026-08-08 07:01:38.196 8 INFO neutron.services.segments.plugin [-] Segment 725eb4ea-b755-4234-bf03-00530045c84a resource provider aggregate not found
2026-08-08 07:01:38.219 8 INFO neutron.services.segments.plugin [-] Segment 725eb4ea-b755-4234-bf03-00530045c84a resource provider aggregate not found
2026-08-08 07:01:38.223 8 INFO neutron.services.segments.plugin [-] Client error retrieving segment 725eb4ea-b755-4234-bf03-00530045c84a resource provider; error: Placement Client Error (4xx): {"errors": [{"status": 404, "title": "Not Found", "detail": "The resource could not be found.\n\n No resource provider with uuid 725eb4ea-b755-4234-bf03-00530045c84a found for delete ", "request_id": "req-491da1f6-26e4-4a33-8ef5-e4f821b7828d"}]} [pid: 7|app: 0|req: 743/1282] 10.0.0.199 () {32 vars in 773 bytes} [Sat Aug 8 07:01:38 2026] GET /v2.0/security-groups?tenant_id=51eabea790244df691addfe6ed65ec99&name=default => generated 2925 bytes in 116 msecs (HTTP/1.1 200) 4 headers in 158 bytes (1 switches on core 0)
2026-08-08 07:01:38.239 8 INFO neutron.services.segments.plugin [-] Client error retrieving segment 725eb4ea-b755-4234-bf03-00530045c84a resource provider; error: Placement Client Error (4xx): {"errors": [{"status": 404, "title": "Not Found", "detail": "The resource could not be found.\n\n No resource provider with uuid 725eb4ea-b755-4234-bf03-00530045c84a found for delete ", "request_id": "req-746fdf3c-da77-4e53-b778-0b6fcc891e03"}]}
2026-08-08 07:01:38.371 8 INFO neutron.notifiers.nova [-] Nova event matching ['req-2f4e9998-ed79-4e5a-a15a-dbd6a7a6da92'] response: {'server_uuid': '70f7d32f-17e9-4e18-bf9e-2290b948000e', 'name': 'network-vif-unplugged', 'status': 'completed', 'tag': 'a5c59bcd-6caf-4e78-a716-5aac6f6ac062', 'code': 200}
2026-08-08 07:01:38.522 8 INFO neutron.db.ovn_revision_numbers_db [None req-700b4b3d-6251-4b2a-b60e-0a3063175311 - - - - - -] Successfully bumped revision number for resource 458926ec-e439-4649-b622-fc79c9e5f335 (type: ports) to 2
2026-08-08 07:01:38.558 7 INFO neutron.services.segments.plugin [-] Segment b52cdd97-a4c9-43c5-b29d-b86eb640aefa resource provider aggregate not found
2026-08-08 07:01:38.561 7 INFO neutron.services.segments.plugin [-] Segment b52cdd97-a4c9-43c5-b29d-b86eb640aefa resource provider aggregate not found [pid: 7|app: 0|req: 744/1283] 10.0.0.199 () {32 vars in 739 bytes} [Sat Aug 8 07:01:38 2026] DELETE /v2.0/security-groups/f461f2c1-58ad-45c4-b2af-c956480e2c92 => generated 0 bytes in 335 msecs (HTTP/1.1 204) 2 headers in 112 bytes (1 switches on core 0)
2026-08-08 07:01:38.575 7 INFO neutron.services.segments.plugin [-] Client error retrieving segment b52cdd97-a4c9-43c5-b29d-b86eb640aefa resource provider; error: Placement Client Error (4xx): {"errors": [{"status": 404, "title": "Not Found", "detail": "The resource could not be found.\n\n No resource provider with uuid b52cdd97-a4c9-43c5-b29d-b86eb640aefa found for delete ", "request_id": "req-b802890c-a056-49f8-a9a8-06304697112b"}]}
2026-08-08 07:01:38.582 8 INFO neutron.db.ovn_revision_numbers_db [None req-700b4b3d-6251-4b2a-b60e-0a3063175311 - - - - - -] Successfully bumped revision number for resource 1569343c-d392-4f1c-b6a4-41179e1c9b24 (type: subnets) to 0
2026-08-08 07:01:38.582 7 INFO neutron.services.segments.plugin [-] Client error retrieving segment b52cdd97-a4c9-43c5-b29d-b86eb640aefa resource provider; error: Placement Client Error (4xx): {"errors": [{"status": 404, "title": "Not Found", "detail": "The resource could not be found.\n\n No resource provider with uuid b52cdd97-a4c9-43c5-b29d-b86eb640aefa found for delete ", "request_id": "req-533d5e06-1c47-488c-bfc0-16a08aaa4815"}]} [pid: 8|app: 0|req: 540/1284] 10.0.0.199 () {34 vars in 668 bytes} [Sat Aug 8 07:01:37 2026] POST /v2.0/subnets => generated 626 bytes in 805 msecs (HTTP/1.1 201) 4 headers in 162 bytes (1 switches on core 0)
2026-08-08 07:01:38.745 8 INFO neutron.db.ovn_revision_numbers_db [None req-d73aaff7-716f-4938-9cff-ca5783961210 7745ea71a9ef4e4f868213362e26b25c 3b66646190ab4810925c18a259959863 - - default default] Successfully bumped revision number for resource 7698e4e7-fb0e-49d3-b885-4830c6bff5f5 (type: routers) to 1 [pid: 8|app: 0|req: 541/1285] 10.0.0.199 () {34 vars in 668 bytes} [Sat Aug 8 07:01:38 2026] POST /v2.0/routers => generated 603 bytes in 167 msecs (HTTP/1.1 201) 4 headers in 162 bytes (1 switches on core 0) [pid: 7|app: 0|req: 745/1286] 10.0.0.199 () {32 vars in 739 bytes} [Sat Aug 8 07:01:38 2026] DELETE /v2.0/security-groups/9941af0c-ba6b-4612-932f-fc25cdbb501e => generated 0 bytes in 242 msecs (HTTP/1.1 204) 2 headers in 112 bytes (1 switches on core 0)
2026-08-08 07:01:38.937 8 INFO neutron.db.ovn_revision_numbers_db [None req-7194abcc-890e-42be-aabc-ad2b2e132835 b9e3f86606784c34846714a144e5b68d 33afd87702be40838459621cb5e565ff - - default default] Successfully bumped revision number for resource 27c78665-5a17-46c8-acfa-f2973a8794ce (type: security_groups) to 1
2026-08-08 07:01:38.948 8 INFO neutron.db.ovn_revision_numbers_db [None req-7194abcc-890e-42be-aabc-ad2b2e132835 b9e3f86606784c34846714a144e5b68d 33afd87702be40838459621cb5e565ff - - default default] Successfully bumped revision number for resource 252605f5-bc2b-48f3-96a7-b2346ffdce8b (type: security_group_rules) to 0
2026-08-08 07:01:38.958 8 INFO neutron.db.ovn_revision_numbers_db [None req-7194abcc-890e-42be-aabc-ad2b2e132835 b9e3f86606784c34846714a144e5b68d 33afd87702be40838459621cb5e565ff - - default default] Successfully bumped revision number for resource 43bd48b4-8074-4326-984c-e9114fe65013 (type: security_group_rules) to 0
2026-08-08 07:01:38.969 8 INFO neutron.db.ovn_revision_numbers_db [None req-7194abcc-890e-42be-aabc-ad2b2e132835 b9e3f86606784c34846714a144e5b68d 33afd87702be40838459621cb5e565ff - - default default] Successfully bumped revision number for resource 7add75fa-a5ea-4438-8852-b1e67296000f (type: security_group_rules) to 0
2026-08-08 07:01:38.980 8 INFO neutron.db.ovn_revision_numbers_db [None req-7194abcc-890e-42be-aabc-ad2b2e132835 b9e3f86606784c34846714a144e5b68d 33afd87702be40838459621cb5e565ff - - default default] Successfully bumped revision number for resource a25cdc10-7a57-4e2b-b300-44415cdfd4ca (type: security_group_rules) to 0 [pid: 8|app: 0|req: 542/1287] 10.0.0.199 () {32 vars in 773 bytes} [Sat Aug 8 07:01:38 2026] GET /v2.0/security-groups?tenant_id=d6bafe3d550f492faf0f2c7076e6edae&name=default => generated 2925 bytes in 250 msecs (HTTP/1.1 200) 4 headers in 158 bytes (1 switches on core 0)
2026-08-08 07:01:39.144 8 INFO neutron.plugins.ml2.drivers.ovn.mech_driver.mech_driver [None req-00102bfd-e9e7-41a5-bc2c-7ec7dd1b322f - - - - - -] OVN reports status up for port: a5c59bcd-6caf-4e78-a716-5aac6f6ac062
2026-08-08 07:01:39.151 7 WARNING neutron.scheduler.dhcp_agent_scheduler [None req-99e78f01-f7ec-441a-a596-7c86d611458a 7745ea71a9ef4e4f868213362e26b25c 3b66646190ab4810925c18a259959863 - - default default] No more DHCP agents
2026-08-08 07:01:39.156 7 WARNING neutron.api.rpc.agentnotifiers.dhcp_rpc_agent_api [None req-99e78f01-f7ec-441a-a596-7c86d611458a 7745ea71a9ef4e4f868213362e26b25c 3b66646190ab4810925c18a259959863 - - default default] Unable to schedule network 748541f2-01e4-4467-aaea-631a56202b8e: no agents available; will retry on subsequent port and subnet creation events.
2026-08-08 07:01:39.172 8 INFO neutron.plugins.ml2.plugin [None req-00102bfd-e9e7-41a5-bc2c-7ec7dd1b322f - - - - - -] Attempt 1 to provision port a5c59bcd-6caf-4e78-a716-5aac6f6ac062
2026-08-08 07:01:39.463 7 INFO neutron.db.ovn_revision_numbers_db [None req-99e78f01-f7ec-441a-a596-7c86d611458a 7745ea71a9ef4e4f868213362e26b25c 3b66646190ab4810925c18a259959863 - - default default] Successfully bumped revision number for resource 1e547e46-ebfe-45a3-b37b-a96d197acf97 (type: ports) to 1 [pid: 7|app: 0|req: 746/1288] 10.0.0.199 () {34 vars in 664 bytes} [Sat Aug 8 07:01:38 2026] POST /v2.0/ports => generated 947 bytes in 722 msecs (HTTP/1.1 201) 4 headers in 162 bytes (1 switches on core 0) /var/lib/openstack/lib/python3.12/site-packages/pycadf/identifier.py:70: UserWarning: Invalid uuid: neutron. To ensure interoperability, identifiers should be a valid uuid. warnings.warn(('Invalid uuid: %s. To ensure interoperability, ' [pid: 8|app: 0|req: 543/1289] 10.0.0.199 () {32 vars in 739 bytes} [Sat Aug 8 07:01:39 2026] DELETE /v2.0/security-groups/27c78665-5a17-46c8-acfa-f2973a8794ce => generated 0 bytes in 605 msecs (HTTP/1.1 204) 2 headers in 112 bytes (1 switches on core 0) [pid: 7|app: 0|req: 747/1290] 10.0.0.84 () {34 vars in 988 bytes} [Sat Aug 8 07:01:39 2026] GET /v2.0/ports?device_id=70f7d32f-17e9-4e18-bf9e-2290b948000e => generated 971 bytes in 121 msecs (HTTP/1.1 200) 4 headers in 157 bytes (1 switches on core 0)
2026-08-08 07:01:39.680 8 INFO neutron.db.ovn_revision_numbers_db [None req-00102bfd-e9e7-41a5-bc2c-7ec7dd1b322f - - - - - -] Successfully bumped revision number for resource a5c59bcd-6caf-4e78-a716-5aac6f6ac062 (type: ports) to 7 [pid: 7|app: 0|req: 748/1291] 10.0.0.84 () {34 vars in 1038 bytes} [Sat Aug 8 07:01:39 2026] GET /v2.0/security-groups?id=c54c07fd-0a95-4dd0-96f7-2fd6689866a6&fields=id&fields=name => generated 114 bytes in 39 msecs (HTTP/1.1 200) 4 headers in 157 bytes (1 switches on core 0)
2026-08-08 07:01:39.861 8 INFO neutron.plugins.ml2.drivers.ovn.mech_driver.mech_driver [None req-ccfab9b1-1346-438b-8988-ff62c5ab8ba2 - - - - - -] OVN reports status down for port: 1e547e46-ebfe-45a3-b37b-a96d197acf97
2026-08-08 07:01:40.310 8 INFO neutron.plugins.ml2.drivers.ovn.mech_driver.mech_driver [None req-ccfab9b1-1346-438b-8988-ff62c5ab8ba2 - - - - - -] OVN reports status up for port: 1e547e46-ebfe-45a3-b37b-a96d197acf97
2026-08-08 07:01:40.334 8 INFO neutron.plugins.ml2.plugin [None req-ccfab9b1-1346-438b-8988-ff62c5ab8ba2 - - - - - -] Attempt 1 to provision port 1e547e46-ebfe-45a3-b37b-a96d197acf97
2026-08-08 07:01:40.366 8 INFO neutron.db.ovn_revision_numbers_db [None req-7c60bd22-2ecc-4de4-9cf4-dfd05aaf0b20 7745ea71a9ef4e4f868213362e26b25c 3b66646190ab4810925c18a259959863 - - default default] Successfully bumped revision number for resource 1e547e46-ebfe-45a3-b37b-a96d197acf97 (type: ports) to 2
2026-08-08 07:01:40.423 8 INFO neutron.notifiers.nova [-] Nova event matching ['req-7e34eabe-58f4-40fb-8069-a41e9a280306'] response: {'server_uuid': '70f7d32f-17e9-4e18-bf9e-2290b948000e', 'name': 'network-vif-plugged', 'status': 'completed', 'tag': 'a5c59bcd-6caf-4e78-a716-5aac6f6ac062', 'code': 200}
2026-08-08 07:01:40.424 8 INFO neutron.notifiers.nova [-] Nova event matching ['req-7e34eabe-58f4-40fb-8069-a41e9a280306'] response: {'server_uuid': '70f7d32f-17e9-4e18-bf9e-2290b948000e', 'name': 'network-vif-plugged', 'status': 'completed', 'tag': 'a5c59bcd-6caf-4e78-a716-5aac6f6ac062', 'code': 200}
2026-08-08 07:01:41.056 7 INFO neutron.db.ovn_revision_numbers_db [None req-66076931-9168-4e03-91c8-a992c8ce0b03 633a366379da402d9bdad93845af6bd8 4d6c4b580a6148629a2a93fc2e84436c - - default default] Successfully bumped revision number for resource 9847b1f6-edd4-4ba3-8ded-b6cd9f7834f4 (type: security_groups) to 1
2026-08-08 07:01:41.069 7 INFO neutron.db.ovn_revision_numbers_db [None req-66076931-9168-4e03-91c8-a992c8ce0b03 633a366379da402d9bdad93845af6bd8 4d6c4b580a6148629a2a93fc2e84436c - - default default] Successfully bumped revision number for resource 5ee02fa6-2c84-4c5c-bd5d-687a217758ea (type: security_group_rules) to 0
2026-08-08 07:01:41.081 7 INFO neutron.db.ovn_revision_numbers_db [None req-66076931-9168-4e03-91c8-a992c8ce0b03 633a366379da402d9bdad93845af6bd8 4d6c4b580a6148629a2a93fc2e84436c - - default default] Successfully bumped revision number for resource 616c466c-b8c8-4d88-96a7-bfd136286554 (type: security_group_rules) to 0
2026-08-08 07:01:41.100 7 INFO neutron.db.ovn_revision_numbers_db [None req-66076931-9168-4e03-91c8-a992c8ce0b03 633a366379da402d9bdad93845af6bd8 4d6c4b580a6148629a2a93fc2e84436c - - default default] Successfully bumped revision number for resource b2f38954-3c49-4b74-a763-df6c371ff1a8 (type: security_group_rules) to 0
2026-08-08 07:01:41.121 7 INFO neutron.db.ovn_revision_numbers_db [None req-66076931-9168-4e03-91c8-a992c8ce0b03 633a366379da402d9bdad93845af6bd8 4d6c4b580a6148629a2a93fc2e84436c - - default default] Successfully bumped revision number for resource c228fb66-d15d-42df-9c55-10061d0d6fc7 (type: security_group_rules) to 0
2026-08-08 07:01:41.220 7 INFO neutron.db.segments_db [None req-66076931-9168-4e03-91c8-a992c8ce0b03 633a366379da402d9bdad93845af6bd8 4d6c4b580a6148629a2a93fc2e84436c - - default default] Added segment b6ad0750-7b9a-4522-ad49-26de2880785a of type geneve for network 2eac32b0-fb01-423b-a54e-6f85639560bc
2026-08-08 07:01:41.288 8 INFO neutron.db.ovn_revision_numbers_db [None req-ccfab9b1-1346-438b-8988-ff62c5ab8ba2 - - - - - -] Successfully bumped revision number for resource 1e547e46-ebfe-45a3-b37b-a96d197acf97 (type: ports) to 3
2026-08-08 07:01:41.394 7 INFO neutron.db.ovn_revision_numbers_db [None req-66076931-9168-4e03-91c8-a992c8ce0b03 633a366379da402d9bdad93845af6bd8 4d6c4b580a6148629a2a93fc2e84436c - - default default] Successfully bumped revision number for resource 2eac32b0-fb01-423b-a54e-6f85639560bc (type: networks) to 1
2026-08-08 07:01:41.610 8 WARNING neutron.scheduler.dhcp_agent_scheduler [None req-7c60bd22-2ecc-4de4-9cf4-dfd05aaf0b20 7745ea71a9ef4e4f868213362e26b25c 3b66646190ab4810925c18a259959863 - - default default] No more DHCP agents
2026-08-08 07:01:41.619 8 WARNING neutron.api.rpc.agentnotifiers.dhcp_rpc_agent_api [None req-7c60bd22-2ecc-4de4-9cf4-dfd05aaf0b20 7745ea71a9ef4e4f868213362e26b25c 3b66646190ab4810925c18a259959863 - - default default] Unable to schedule network 748541f2-01e4-4467-aaea-631a56202b8e: no agents available; will retry on subsequent port and subnet creation events.
2026-08-08 07:01:41.634 7 WARNING neutron.scheduler.dhcp_agent_scheduler [None req-66076931-9168-4e03-91c8-a992c8ce0b03 633a366379da402d9bdad93845af6bd8 4d6c4b580a6148629a2a93fc2e84436c - - default default] No more DHCP agents
2026-08-08 07:01:41.635 7 WARNING neutron.api.rpc.agentnotifiers.dhcp_rpc_agent_api [None req-66076931-9168-4e03-91c8-a992c8ce0b03 633a366379da402d9bdad93845af6bd8 4d6c4b580a6148629a2a93fc2e84436c - - default default] Unable to schedule network 2eac32b0-fb01-423b-a54e-6f85639560bc: no agents available; will retry on subsequent port and subnet creation events.
2026-08-08 07:01:41.741 8 INFO neutron.plugins.ml2.drivers.ovn.mech_driver.mech_driver [None req-a4c2cdc6-47c6-445a-a527-0c9d04583bac - - - - - -] OVN reports status down for port: 64d3d113-b272-4bd6-80e0-f85921996f6a
2026-08-08 07:01:41.744 7 INFO neutron.db.ovn_revision_numbers_db [None req-66076931-9168-4e03-91c8-a992c8ce0b03 633a366379da402d9bdad93845af6bd8 4d6c4b580a6148629a2a93fc2e84436c - - default default] Successfully bumped revision number for resource 64d3d113-b272-4bd6-80e0-f85921996f6a (type: ports) to 1 [pid: 7|app: 0|req: 751/1294] 10.0.0.199 () {34 vars in 669 bytes} [Sat Aug 8 07:01:40 2026] POST /v2.0/networks => generated 645 bytes in 1078 msecs (HTTP/1.1 201) 4 headers in 162 bytes (1 switches on core 0) [pid: 7|app: 0|req: 752/1295] 10.0.0.84 () {34 vars in 988 bytes} [Sat Aug 8 07:01:41 2026] GET /v2.0/ports?device_id=70f7d32f-17e9-4e18-bf9e-2290b948000e => generated 971 bytes in 37 msecs (HTTP/1.1 200) 4 headers in 157 bytes (1 switches on core 0)
2026-08-08 07:01:42.040 8 INFO neutron.db.ovn_revision_numbers_db [None req-7c60bd22-2ecc-4de4-9cf4-dfd05aaf0b20 7745ea71a9ef4e4f868213362e26b25c 3b66646190ab4810925c18a259959863 - - default default] Successfully bumped revision number for resource 1e547e46-ebfe-45a3-b37b-a96d197acf97 (type: router_ports) to 3 [pid: 8|app: 0|req: 544/1296] 10.0.0.199 () {34 vars in 782 bytes} [Sat Aug 8 07:01:39 2026] PUT /v2.0/routers/7698e4e7-fb0e-49d3-b885-4830c6bff5f5/add_router_interface => generated 309 bytes in 2445 msecs (HTTP/1.1 200) 4 headers in 157 bytes (1 switches on core 0) /var/lib/openstack/lib/python3.12/site-packages/pycadf/identifier.py:70: UserWarning: Invalid uuid: neutron. To ensure interoperability, identifiers should be a valid uuid. warnings.warn(('Invalid uuid: %s. To ensure interoperability, '
2026-08-08 07:01:42.091 7 WARNING neutron.scheduler.dhcp_agent_scheduler [None req-1a736544-0b33-4414-91a3-246b1ffc2f5b 633a366379da402d9bdad93845af6bd8 4d6c4b580a6148629a2a93fc2e84436c - - default default] No more DHCP agents
2026-08-08 07:01:42.092 7 WARNING neutron.api.rpc.agentnotifiers.dhcp_rpc_agent_api [None req-1a736544-0b33-4414-91a3-246b1ffc2f5b 633a366379da402d9bdad93845af6bd8 4d6c4b580a6148629a2a93fc2e84436c - - default default] Unable to schedule network 2eac32b0-fb01-423b-a54e-6f85639560bc: no agents available; will retry on subsequent port and subnet creation events. [pid: 8|app: 0|req: 545/1297] 10.0.0.84 () {34 vars in 1038 bytes} [Sat Aug 8 07:01:42 2026] GET /v2.0/security-groups?id=c54c07fd-0a95-4dd0-96f7-2fd6689866a6&fields=id&fields=name => generated 114 bytes in 43 msecs (HTTP/1.1 200) 4 headers in 157 bytes (1 switches on core 0) [pid: 8|app: 0|req: 546/1298] 10.0.0.199 () {32 vars in 716 bytes} [Sat Aug 8 07:01:42 2026] GET /v2.0/ports/1e547e46-ebfe-45a3-b37b-a96d197acf97 => generated 1009 bytes in 35 msecs (HTTP/1.1 200) 4 headers in 158 bytes (1 switches on core 0)
2026-08-08 07:01:42.247 8 INFO neutron.plugins.ml2.drivers.ovn.mech_driver.mech_driver [None req-a4c2cdc6-47c6-445a-a527-0c9d04583bac - - - - - -] OVN reports status down for port: 95eaffbe-4e3d-48c9-8164-7fb16abf7a9a
2026-08-08 07:01:42.254 7 INFO neutron.db.ovn_revision_numbers_db [None req-1a736544-0b33-4414-91a3-246b1ffc2f5b 633a366379da402d9bdad93845af6bd8 4d6c4b580a6148629a2a93fc2e84436c - - default default] Successfully bumped revision number for resource 95eaffbe-4e3d-48c9-8164-7fb16abf7a9a (type: ports) to 1 [pid: 7|app: 0|req: 753/1299] 10.0.0.199 () {34 vars in 664 bytes} [Sat Aug 8 07:01:41 2026] POST /v2.0/ports => generated 775 bytes in 498 msecs (HTTP/1.1 201) 4 headers in 162 bytes (1 switches on core 0) /var/lib/openstack/lib/python3.12/site-packages/pycadf/identifier.py:70: UserWarning: Invalid uuid: neutron. To ensure interoperability, identifiers should be a valid uuid. warnings.warn(('Invalid uuid: %s. To ensure interoperability, '
2026-08-08 07:01:42.402 7 INFO neutron.db.segments_db [None req-ae2fa540-71ee-4020-8e84-848148fc04b3 633a366379da402d9bdad93845af6bd8 4d6c4b580a6148629a2a93fc2e84436c - - default default] Added segment 52936d2c-0049-46fe-adba-eb826914048f of type geneve for network 2e868530-0feb-4a6d-a097-e7fdc2d6b838
2026-08-08 07:01:42.531 7 INFO neutron.db.ovn_revision_numbers_db [None req-ae2fa540-71ee-4020-8e84-848148fc04b3 633a366379da402d9bdad93845af6bd8 4d6c4b580a6148629a2a93fc2e84436c - - default default] Successfully bumped revision number for resource 2e868530-0feb-4a6d-a097-e7fdc2d6b838 (type: networks) to 1
2026-08-08 07:01:42.631 8 INFO neutron_taas.services.taas.taas_plugin [None req-9ebaaf79-dcc6-4caa-8ca9-5e814fed6bac 7745ea71a9ef4e4f868213362e26b25c 3b66646190ab4810925c18a259959863 - - default default] TaaS: Handle Delete Port: 1e547e46-ebfe-45a3-b37b-a96d197acf97
2026-08-08 07:01:42.634 8 INFO neutron_taas.services.taas.tap_mirror_plugin [None req-9ebaaf79-dcc6-4caa-8ca9-5e814fed6bac 7745ea71a9ef4e4f868213362e26b25c 3b66646190ab4810925c18a259959863 - - default default] Tap Mirror: Handle Delete Port: 1e547e46-ebfe-45a3-b37b-a96d197acf97
2026-08-08 07:01:42.668 7 WARNING neutron.scheduler.dhcp_agent_scheduler [None req-ae2fa540-71ee-4020-8e84-848148fc04b3 633a366379da402d9bdad93845af6bd8 4d6c4b580a6148629a2a93fc2e84436c - - default default] No more DHCP agents
2026-08-08 07:01:42.669 7 WARNING neutron.api.rpc.agentnotifiers.dhcp_rpc_agent_api [None req-ae2fa540-71ee-4020-8e84-848148fc04b3 633a366379da402d9bdad93845af6bd8 4d6c4b580a6148629a2a93fc2e84436c - - default default] Unable to schedule network 2e868530-0feb-4a6d-a097-e7fdc2d6b838: no agents available; will retry on subsequent port and subnet creation events.
2026-08-08 07:01:42.768 8 INFO neutron.plugins.ml2.drivers.ovn.mech_driver.mech_driver [None req-a4c2cdc6-47c6-445a-a527-0c9d04583bac - - - - - -] OVN reports status down for port: aa39bdbb-d3d1-4c6f-90f7-b9c670be6f0e
2026-08-08 07:01:42.783 7 INFO neutron.db.ovn_revision_numbers_db [None req-ae2fa540-71ee-4020-8e84-848148fc04b3 633a366379da402d9bdad93845af6bd8 4d6c4b580a6148629a2a93fc2e84436c - - default default] Successfully bumped revision number for resource aa39bdbb-d3d1-4c6f-90f7-b9c670be6f0e (type: ports) to 1 [pid: 7|app: 0|req: 754/1300] 10.0.0.199 () {34 vars in 669 bytes} [Sat Aug 8 07:01:42 2026] POST /v2.0/networks => generated 631 bytes in 496 msecs (HTTP/1.1 201) 4 headers in 162 bytes (1 switches on core 0)
2026-08-08 07:01:43.007 7 WARNING neutron.scheduler.dhcp_agent_scheduler [None req-cf9fb933-e42c-4ae5-9d53-8ab41addf90d 633a366379da402d9bdad93845af6bd8 4d6c4b580a6148629a2a93fc2e84436c - - default default] No more DHCP agents
2026-08-08 07:01:43.009 7 WARNING neutron.api.rpc.agentnotifiers.dhcp_rpc_agent_api [None req-cf9fb933-e42c-4ae5-9d53-8ab41addf90d 633a366379da402d9bdad93845af6bd8 4d6c4b580a6148629a2a93fc2e84436c - - default default] Unable to schedule network 2e868530-0feb-4a6d-a097-e7fdc2d6b838: no agents available; will retry on subsequent port and subnet creation events. [pid: 8|app: 0|req: 547/1301] 10.0.0.199 () {34 vars in 788 bytes} [Sat Aug 8 07:01:42 2026] PUT /v2.0/routers/7698e4e7-fb0e-49d3-b885-4830c6bff5f5/remove_router_interface => generated 309 bytes in 952 msecs (HTTP/1.1 200) 4 headers in 157 bytes (1 switches on core 0) /var/lib/openstack/lib/python3.12/site-packages/pycadf/identifier.py:70: UserWarning: Invalid uuid: neutron. To ensure interoperability, identifiers should be a valid uuid. warnings.warn(('Invalid uuid: %s. To ensure interoperability, '
2026-08-08 07:01:43.181 8 INFO neutron.api.v2.resource [None req-ae6660fe-be2a-4b10-985e-2d06cad51953 7745ea71a9ef4e4f868213362e26b25c 3b66646190ab4810925c18a259959863 - - default default] remove_router_interface failed (client error): The resource could not be found. [pid: 8|app: 0|req: 548/1302] 10.0.0.199 () {34 vars in 788 bytes} [Sat Aug 8 07:01:43 2026] PUT /v2.0/routers/7698e4e7-fb0e-49d3-b885-4830c6bff5f5/remove_router_interface => generated 197 bytes in 63 msecs (HTTP/1.1 404) 4 headers in 164 bytes (1 switches on core 0) [pid: 8|app: 0|req: 549/1303] 10.0.0.199 () {32 vars in 735 bytes} [Sat Aug 8 07:01:43 2026] GET /v2.0/ports?device_id=7698e4e7-fb0e-49d3-b885-4830c6bff5f5 => generated 12 bytes in 20 msecs (HTTP/1.1 200) 4 headers in 156 bytes (1 switches on core 0) [pid: 8|app: 0|req: 550/1304] 10.0.0.84 () {34 vars in 988 bytes} [Sat Aug 8 07:01:43 2026] GET /v2.0/ports?device_id=70f7d32f-17e9-4e18-bf9e-2290b948000e => generated 971 bytes in 60 msecs (HTTP/1.1 200) 4 headers in 157 bytes (1 switches on core 0)
2026-08-08 07:01:43.471 7 INFO neutron.db.ovn_revision_numbers_db [None req-85931385-fa63-4bb0-b3dc-8ea3bbfe9fa1 - - - - - -] Successfully bumped revision number for resource aa39bdbb-d3d1-4c6f-90f7-b9c670be6f0e (type: ports) to 2
2026-08-08 07:01:43.515 7 INFO neutron.db.ovn_revision_numbers_db [None req-85931385-fa63-4bb0-b3dc-8ea3bbfe9fa1 - - - - - -] Successfully bumped revision number for resource ad5e8e52-6bdd-4ef0-9115-99ea7bb80688 (type: subnets) to 0 [pid: 8|app: 0|req: 551/1305] 10.0.0.199 () {32 vars in 723 bytes} [Sat Aug 8 07:01:43 2026] DELETE /v2.0/routers/7698e4e7-fb0e-49d3-b885-4830c6bff5f5 => generated 0 bytes in 262 msecs (HTTP/1.1 204) 2 headers in 112 bytes (1 switches on core 0) [pid: 7|app: 0|req: 755/1306] 10.0.0.199 () {34 vars in 668 bytes} [Sat Aug 8 07:01:42 2026] POST /v2.0/subnets => generated 626 bytes in 725 msecs (HTTP/1.1 201) 4 headers in 162 bytes (1 switches on core 0) [pid: 8|app: 0|req: 552/1307] 10.0.0.84 () {34 vars in 1038 bytes} [Sat Aug 8 07:01:43 2026] GET /v2.0/security-groups?id=c54c07fd-0a95-4dd0-96f7-2fd6689866a6&fields=id&fields=name => generated 114 bytes in 33 msecs (HTTP/1.1 200) 4 headers in 157 bytes (1 switches on core 0) [pid: 7|app: 0|req: 756/1308] 10.0.0.199 () {32 vars in 723 bytes} [Sat Aug 8 07:01:43 2026] DELETE /v2.0/subnets/1569343c-d392-4f1c-b6a4-41179e1c9b24 => generated 0 bytes in 177 msecs (HTTP/1.1 204) 3 headers in 131 bytes (1 switches on core 0)
2026-08-08 07:01:43.836 7 INFO neutron_taas.services.taas.taas_plugin [None req-701482f6-3711-4f62-9137-40d79216f6f9 7745ea71a9ef4e4f868213362e26b25c 3b66646190ab4810925c18a259959863 - - default default] TaaS: Handle Delete Port: 458926ec-e439-4649-b622-fc79c9e5f335
2026-08-08 07:01:43.839 7 INFO neutron_taas.services.taas.tap_mirror_plugin [None req-701482f6-3711-4f62-9137-40d79216f6f9 7745ea71a9ef4e4f868213362e26b25c 3b66646190ab4810925c18a259959863 - - default default] Tap Mirror: Handle Delete Port: 458926ec-e439-4649-b622-fc79c9e5f335
2026-08-08 07:01:43.847 8 WARNING neutron.scheduler.dhcp_agent_scheduler [None req-447cc42c-c58a-46dd-8a7e-4eb8327eb741 633a366379da402d9bdad93845af6bd8 4d6c4b580a6148629a2a93fc2e84436c - - default default] No more DHCP agents
2026-08-08 07:01:43.849 8 WARNING neutron.api.rpc.agentnotifiers.dhcp_rpc_agent_api [None req-447cc42c-c58a-46dd-8a7e-4eb8327eb741 633a366379da402d9bdad93845af6bd8 4d6c4b580a6148629a2a93fc2e84436c - - default default] Unable to schedule network 2e868530-0feb-4a6d-a097-e7fdc2d6b838: no agents available; will retry on subsequent port and subnet creation events.
2026-08-08 07:01:44.015 8 INFO neutron.plugins.ml2.drivers.ovn.mech_driver.mech_driver [None req-a4c2cdc6-47c6-445a-a527-0c9d04583bac - - - - - -] OVN reports status down for port: c4abe99d-73a6-4c66-b21f-c3b307f4377e
2026-08-08 07:01:44.089 8 INFO neutron.db.ovn_revision_numbers_db [None req-447cc42c-c58a-46dd-8a7e-4eb8327eb741 633a366379da402d9bdad93845af6bd8 4d6c4b580a6148629a2a93fc2e84436c - - default default] Successfully bumped revision number for resource c4abe99d-73a6-4c66-b21f-c3b307f4377e (type: ports) to 1
2026-08-08 07:01:44.113 7 INFO neutron.services.segments.plugin [-] Segment a51ae69f-d7b8-42bf-9ddb-c1ef1b7409d2 resource provider aggregate not found
2026-08-08 07:01:44.117 7 INFO neutron.services.segments.plugin [-] Segment a51ae69f-d7b8-42bf-9ddb-c1ef1b7409d2 resource provider aggregate not found
2026-08-08 07:01:44.134 7 INFO neutron.services.segments.plugin [-] Client error retrieving segment a51ae69f-d7b8-42bf-9ddb-c1ef1b7409d2 resource provider; error: Placement Client Error (4xx): {"errors": [{"status": 404, "title": "Not Found", "detail": "The resource could not be found.\n\n No resource provider with uuid a51ae69f-d7b8-42bf-9ddb-c1ef1b7409d2 found for delete ", "request_id": "req-70e50ca4-1c94-4aaa-a50c-7e7d2f7b2635"}]}
2026-08-08 07:01:44.137 7 INFO neutron.services.segments.plugin [-] Client error retrieving segment a51ae69f-d7b8-42bf-9ddb-c1ef1b7409d2 resource provider; error: Placement Client Error (4xx): {"errors": [{"status": 404, "title": "Not Found", "detail": "The resource could not be found.\n\n No resource provider with uuid a51ae69f-d7b8-42bf-9ddb-c1ef1b7409d2 found for delete ", "request_id": "req-bca11ebb-12da-4294-9f9c-9c8da385bd30"}]} [pid: 7|app: 0|req: 757/1309] 10.0.0.199 () {32 vars in 725 bytes} [Sat Aug 8 07:01:43 2026] DELETE /v2.0/networks/748541f2-01e4-4467-aaea-631a56202b8e => generated 0 bytes in 461 msecs (HTTP/1.1 204) 3 headers in 131 bytes (1 switches on core 0) [pid: 8|app: 0|req: 553/1310] 10.0.0.199 () {34 vars in 664 bytes} [Sat Aug 8 07:01:43 2026] POST /v2.0/ports => generated 953 bytes in 628 msecs (HTTP/1.1 201) 4 headers in 162 bytes (1 switches on core 0) /var/lib/openstack/lib/python3.12/site-packages/pycadf/identifier.py:70: UserWarning: Invalid uuid: neutron. To ensure interoperability, identifiers should be a valid uuid. warnings.warn(('Invalid uuid: %s. To ensure interoperability, '
2026-08-08 07:01:44.281 7 INFO neutron.db.segments_db [None req-45d609bc-a2b9-4d3a-9349-b885e5b54b9d 7745ea71a9ef4e4f868213362e26b25c 3b66646190ab4810925c18a259959863 - - default default] Added segment 04e6b2b9-75db-4dc4-bec4-50429cfd88a3 of type geneve for network edff1783-9b9e-4fbc-9e41-eaa4759c42e4
2026-08-08 07:01:44.312 8 INFO neutron_taas.services.taas.taas_plugin [None req-359d10fe-e99a-4af7-af16-8160bc11f032 633a366379da402d9bdad93845af6bd8 4d6c4b580a6148629a2a93fc2e84436c - - default default] TaaS: Handle Delete Port: c4abe99d-73a6-4c66-b21f-c3b307f4377e
2026-08-08 07:01:44.315 8 INFO neutron_taas.services.taas.tap_mirror_plugin [None req-359d10fe-e99a-4af7-af16-8160bc11f032 633a366379da402d9bdad93845af6bd8 4d6c4b580a6148629a2a93fc2e84436c - - default default] Tap Mirror: Handle Delete Port: c4abe99d-73a6-4c66-b21f-c3b307f4377e
2026-08-08 07:01:44.387 7 INFO neutron.db.ovn_revision_numbers_db [None req-45d609bc-a2b9-4d3a-9349-b885e5b54b9d 7745ea71a9ef4e4f868213362e26b25c 3b66646190ab4810925c18a259959863 - - default default] Successfully bumped revision number for resource edff1783-9b9e-4fbc-9e41-eaa4759c42e4 (type: networks) to 1 [pid: 8|app: 0|req: 554/1311] 10.0.0.199 () {32 vars in 719 bytes} [Sat Aug 8 07:01:44 2026] DELETE /v2.0/ports/c4abe99d-73a6-4c66-b21f-c3b307f4377e => generated 0 bytes in 360 msecs (HTTP/1.1 204) 3 headers in 131 bytes (1 switches on core 0)
2026-08-08 07:01:44.576 8 INFO neutron.pecan_wsgi.hooks.translation [None req-0a1f1a56-a9b3-43da-9ec7-77383f1284e6 633a366379da402d9bdad93845af6bd8 4d6c4b580a6148629a2a93fc2e84436c - - default default] DELETE failed (client error): The resource could not be found. [pid: 8|app: 0|req: 555/1312] 10.0.0.199 () {32 vars in 719 bytes} [Sat Aug 8 07:01:44 2026] DELETE /v2.0/ports/c4abe99d-73a6-4c66-b21f-c3b307f4377e => generated 132 bytes in 16 msecs (HTTP/1.1 404) 4 headers in 164 bytes (1 switches on core 0)
2026-08-08 07:01:44.595 8 INFO neutron.pecan_wsgi.hooks.translation [None req-0edae3f2-0b22-4001-94ad-b8f916b493df 633a366379da402d9bdad93845af6bd8 4d6c4b580a6148629a2a93fc2e84436c - - default default] GET failed (client error): The resource could not be found. [pid: 8|app: 0|req: 556/1313] 10.0.0.199 () {32 vars in 716 bytes} [Sat Aug 8 07:01:44 2026] GET /v2.0/ports/c4abe99d-73a6-4c66-b21f-c3b307f4377e => generated 132 bytes in 13 msecs (HTTP/1.1 404) 4 headers in 164 bytes (1 switches on core 0)
2026-08-08 07:01:44.646 7 WARNING neutron.scheduler.dhcp_agent_scheduler [None req-45d609bc-a2b9-4d3a-9349-b885e5b54b9d 7745ea71a9ef4e4f868213362e26b25c 3b66646190ab4810925c18a259959863 - - default default] No more DHCP agents
2026-08-08 07:01:44.647 7 WARNING neutron.api.rpc.agentnotifiers.dhcp_rpc_agent_api [None req-45d609bc-a2b9-4d3a-9349-b885e5b54b9d 7745ea71a9ef4e4f868213362e26b25c 3b66646190ab4810925c18a259959863 - - default default] Unable to schedule network edff1783-9b9e-4fbc-9e41-eaa4759c42e4: no agents available; will retry on subsequent port and subnet creation events.
2026-08-08 07:01:44.751 7 INFO neutron.db.ovn_revision_numbers_db [None req-45d609bc-a2b9-4d3a-9349-b885e5b54b9d 7745ea71a9ef4e4f868213362e26b25c 3b66646190ab4810925c18a259959863 - - default default] Successfully bumped revision number for resource c9af9cb3-d57d-4744-be69-99993af94bae (type: ports) to 1
2026-08-08 07:01:44.756 8 INFO neutron.plugins.ml2.drivers.ovn.mech_driver.mech_driver [None req-a4c2cdc6-47c6-445a-a527-0c9d04583bac - - - - - -] OVN reports status down for port: c9af9cb3-d57d-4744-be69-99993af94bae [pid: 7|app: 0|req: 758/1314] 10.0.0.199 () {34 vars in 669 bytes} [Sat Aug 8 07:01:44 2026] POST /v2.0/networks => generated 630 bytes in 586 msecs (HTTP/1.1 201) 4 headers in 162 bytes (1 switches on core 0) [pid: 8|app: 0|req: 557/1315] 10.0.0.199 () {32 vars in 723 bytes} [Sat Aug 8 07:01:44 2026] DELETE /v2.0/subnets/ad5e8e52-6bdd-4ef0-9115-99ea7bb80688 => generated 0 bytes in 223 msecs (HTTP/1.1 204) 3 headers in 131 bytes (1 switches on core 0)
2026-08-08 07:01:44.957 8 INFO neutron_taas.services.taas.taas_plugin [None req-9d4775eb-4a54-4687-a4fa-e992554c8469 633a366379da402d9bdad93845af6bd8 4d6c4b580a6148629a2a93fc2e84436c - - default default] TaaS: Handle Delete Port: aa39bdbb-d3d1-4c6f-90f7-b9c670be6f0e
2026-08-08 07:01:44.960 8 INFO neutron_taas.services.taas.tap_mirror_plugin [None req-9d4775eb-4a54-4687-a4fa-e992554c8469 633a366379da402d9bdad93845af6bd8 4d6c4b580a6148629a2a93fc2e84436c - - default default] Tap Mirror: Handle Delete Port: aa39bdbb-d3d1-4c6f-90f7-b9c670be6f0e
2026-08-08 07:01:44.962 7 WARNING neutron.scheduler.dhcp_agent_scheduler [None req-ffaabba0-a63e-42e0-b01a-d200be7f04ea 7745ea71a9ef4e4f868213362e26b25c 3b66646190ab4810925c18a259959863 - - default default] No more DHCP agents
2026-08-08 07:01:44.964 7 WARNING neutron.api.rpc.agentnotifiers.dhcp_rpc_agent_api [None req-ffaabba0-a63e-42e0-b01a-d200be7f04ea 7745ea71a9ef4e4f868213362e26b25c 3b66646190ab4810925c18a259959863 - - default default] Unable to schedule network edff1783-9b9e-4fbc-9e41-eaa4759c42e4: no agents available; will retry on subsequent port and subnet creation events.
2026-08-08 07:01:45.171 8 INFO neutron.services.segments.plugin [-] Segment 52936d2c-0049-46fe-adba-eb826914048f resource provider aggregate not found
2026-08-08 07:01:45.176 8 INFO neutron.services.segments.plugin [-] Segment 52936d2c-0049-46fe-adba-eb826914048f resource provider aggregate not found
2026-08-08 07:01:45.197 8 INFO neutron.services.segments.plugin [-] Client error retrieving segment 52936d2c-0049-46fe-adba-eb826914048f resource provider; error: Placement Client Error (4xx): {"errors": [{"status": 404, "title": "Not Found", "detail": "The resource could not be found.\n\n No resource provider with uuid 52936d2c-0049-46fe-adba-eb826914048f found for delete ", "request_id": "req-32304730-f379-43b1-a79f-4d6b488865fa"}]}
2026-08-08 07:01:45.206 8 INFO neutron.services.segments.plugin [-] Client error retrieving segment 52936d2c-0049-46fe-adba-eb826914048f resource provider; error: Placement Client Error (4xx): {"errors": [{"status": 404, "title": "Not Found", "detail": "The resource could not be found.\n\n No resource provider with uuid 52936d2c-0049-46fe-adba-eb826914048f found for delete ", "request_id": "req-465f1154-7063-44be-9063-d3e835da8e01"}]} [pid: 8|app: 0|req: 558/1316] 10.0.0.199 () {32 vars in 725 bytes} [Sat Aug 8 07:01:44 2026] DELETE /v2.0/networks/2e868530-0feb-4a6d-a097-e7fdc2d6b838 => generated 0 bytes in 432 msecs (HTTP/1.1 204) 3 headers in 131 bytes (1 switches on core 0)
2026-08-08 07:01:45.352 8 INFO neutron.db.segments_db [None req-d188d778-3b01-4e14-91ec-7bdad4f8138e 633a366379da402d9bdad93845af6bd8 4d6c4b580a6148629a2a93fc2e84436c - - default default] Added segment 497a1e02-67d6-41a4-aff5-9b9d47cd8af5 of type geneve for network bb2a0a81-96e0-4101-ae37-1dea465fd2c6
2026-08-08 07:01:45.458 7 INFO neutron.db.ovn_revision_numbers_db [None req-773cb670-ffa6-4986-8537-8cc7f4958f32 - - - - - -] Successfully bumped revision number for resource c9af9cb3-d57d-4744-be69-99993af94bae (type: ports) to 2
2026-08-08 07:01:45.521 7 INFO neutron.db.ovn_revision_numbers_db [None req-773cb670-ffa6-4986-8537-8cc7f4958f32 - - - - - -] Successfully bumped revision number for resource b2d3f25d-19c0-4b68-a966-444554cd212b (type: subnets) to 0
2026-08-08 07:01:45.535 8 INFO neutron.db.ovn_revision_numbers_db [None req-d188d778-3b01-4e14-91ec-7bdad4f8138e 633a366379da402d9bdad93845af6bd8 4d6c4b580a6148629a2a93fc2e84436c - - default default] Successfully bumped revision number for resource bb2a0a81-96e0-4101-ae37-1dea465fd2c6 (type: networks) to 1 [pid: 7|app: 0|req: 759/1317] 10.0.0.199 () {34 vars in 668 bytes} [Sat Aug 8 07:01:44 2026] POST /v2.0/subnets => generated 626 bytes in 759 msecs (HTTP/1.1 201) 4 headers in 162 bytes (1 switches on core 0)
2026-08-08 07:01:45.692 8 WARNING neutron.scheduler.dhcp_agent_scheduler [None req-d188d778-3b01-4e14-91ec-7bdad4f8138e 633a366379da402d9bdad93845af6bd8 4d6c4b580a6148629a2a93fc2e84436c - - default default] No more DHCP agents
2026-08-08 07:01:45.694 8 WARNING neutron.api.rpc.agentnotifiers.dhcp_rpc_agent_api [None req-d188d778-3b01-4e14-91ec-7bdad4f8138e 633a366379da402d9bdad93845af6bd8 4d6c4b580a6148629a2a93fc2e84436c - - default default] Unable to schedule network bb2a0a81-96e0-4101-ae37-1dea465fd2c6: no agents available; will retry on subsequent port and subnet creation events.
2026-08-08 07:01:45.783 8 INFO neutron.plugins.ml2.drivers.ovn.mech_driver.mech_driver [None req-a4c2cdc6-47c6-445a-a527-0c9d04583bac - - - - - -] OVN reports status down for port: b090c0d5-8d04-4313-ad4a-4226f1bbe317
2026-08-08 07:01:45.848 8 INFO neutron.db.ovn_revision_numbers_db [None req-d188d778-3b01-4e14-91ec-7bdad4f8138e 633a366379da402d9bdad93845af6bd8 4d6c4b580a6148629a2a93fc2e84436c - - default default] Successfully bumped revision number for resource b090c0d5-8d04-4313-ad4a-4226f1bbe317 (type: ports) to 1 [pid: 8|app: 0|req: 559/1318] 10.0.0.199 () {34 vars in 669 bytes} [Sat Aug 8 07:01:45 2026] POST /v2.0/networks => generated 631 bytes in 618 msecs (HTTP/1.1 201) 4 headers in 162 bytes (1 switches on core 0)
2026-08-08 07:01:45.922 7 INFO neutron.db.ovn_revision_numbers_db [None req-07a80fd0-b02d-4ef1-a630-f69a39718f2b b9e3f86606784c34846714a144e5b68d 33afd87702be40838459621cb5e565ff - - default default] Successfully bumped revision number for resource 662b318d-405c-4a94-a4b9-85b2aa44a72c (type: security_groups) to 1
2026-08-08 07:01:45.933 7 INFO neutron.db.ovn_revision_numbers_db [None req-07a80fd0-b02d-4ef1-a630-f69a39718f2b b9e3f86606784c34846714a144e5b68d 33afd87702be40838459621cb5e565ff - - default default] Successfully bumped revision number for resource 5304c36d-bb0c-4693-b699-27e2be3e6f40 (type: security_group_rules) to 0
2026-08-08 07:01:45.944 7 INFO neutron.db.ovn_revision_numbers_db [None req-07a80fd0-b02d-4ef1-a630-f69a39718f2b b9e3f86606784c34846714a144e5b68d 33afd87702be40838459621cb5e565ff - - default default] Successfully bumped revision number for resource 9fd3d2f5-2552-42fe-8890-e939208637e6 (type: security_group_rules) to 0
2026-08-08 07:01:45.956 7 INFO neutron.db.ovn_revision_numbers_db [None req-07a80fd0-b02d-4ef1-a630-f69a39718f2b b9e3f86606784c34846714a144e5b68d 33afd87702be40838459621cb5e565ff - - default default] Successfully bumped revision number for resource c1b732ea-3242-4f2f-9f2b-3b06945627de (type: security_group_rules) to 0
2026-08-08 07:01:45.967 7 INFO neutron.db.ovn_revision_numbers_db [None req-07a80fd0-b02d-4ef1-a630-f69a39718f2b b9e3f86606784c34846714a144e5b68d 33afd87702be40838459621cb5e565ff - - default default] Successfully bumped revision number for resource e39ddaf5-6232-44fd-85bd-82ef294c73cb (type: security_group_rules) to 0 [pid: 7|app: 0|req: 760/1319] 10.0.0.199 () {32 vars in 773 bytes} [Sat Aug 8 07:01:45 2026] GET /v2.0/security-groups?tenant_id=cb5761eff4d94a1bb07784bf62355fea&name=default => generated 2925 bytes in 469 msecs (HTTP/1.1 200) 4 headers in 158 bytes (1 switches on core 0)
