2026-08-08 07:10:04.379 7 INFO neutron.api.v2.resource [None req-66c47a3b-b32e-4fdf-be1b-d3bbe1b9bc33 3f724610f6774c5bad9c971caaeb5f4e 52b5a0b698e7409eae17eb5bf1dae358 - - default default] show failed (client error): The resource could not be found. [pid: 7|app: 0|req: 1890/3501] 10.0.0.199 () {32 vars in 746 bytes} [Sat Aug 8 07:10:04 2026] GET /v2.0/security-group-rules/196baa31-ec2c-4034-a467-ca4689b0fa0e => generated 155 bytes in 11 msecs (HTTP/1.1 404) 4 headers in 164 bytes (1 switches on core 0) [pid: 8|app: 0|req: 1612/3502] 10.0.0.199 () {32 vars in 749 bytes} [Sat Aug 8 07:10:04 2026] DELETE /v2.0/security-group-rules/84d0f067-ddb1-4161-9d32-37123d83ecea => generated 0 bytes in 172 msecs (HTTP/1.1 204) 2 headers in 112 bytes (1 switches on core 0)
2026-08-08 07:10:04.582 7 INFO neutron.api.v2.resource [None req-396dbdea-9e52-49f3-b448-881321cc5126 3f724610f6774c5bad9c971caaeb5f4e 52b5a0b698e7409eae17eb5bf1dae358 - - default default] show failed (client error): The resource could not be found. [pid: 7|app: 0|req: 1891/3503] 10.0.0.199 () {32 vars in 746 bytes} [Sat Aug 8 07:10:04 2026] GET /v2.0/security-group-rules/84d0f067-ddb1-4161-9d32-37123d83ecea => generated 155 bytes in 12 msecs (HTTP/1.1 404) 4 headers in 164 bytes (1 switches on core 0) [pid: 8|app: 0|req: 1613/3504] 10.0.0.199 () {32 vars in 749 bytes} [Sat Aug 8 07:10:04 2026] DELETE /v2.0/security-group-rules/c19948e1-46a6-4a84-bd5e-65b60468cd99 => generated 0 bytes in 158 msecs (HTTP/1.1 204) 2 headers in 112 bytes (1 switches on core 0)
2026-08-08 07:10:04.759 7 INFO neutron.api.v2.resource [None req-c942d598-0ca4-4ec6-ad47-bc2a7c453191 3f724610f6774c5bad9c971caaeb5f4e 52b5a0b698e7409eae17eb5bf1dae358 - - default default] show failed (client error): The resource could not be found. [pid: 7|app: 0|req: 1892/3505] 10.0.0.199 () {32 vars in 746 bytes} [Sat Aug 8 07:10:04 2026] GET /v2.0/security-group-rules/c19948e1-46a6-4a84-bd5e-65b60468cd99 => generated 155 bytes in 10 msecs (HTTP/1.1 404) 4 headers in 164 bytes (1 switches on core 0) [pid: 8|app: 0|req: 1614/3506] 10.0.0.199 () {32 vars in 749 bytes} [Sat Aug 8 07:10:04 2026] DELETE /v2.0/security-group-rules/693ecac8-0dfb-4fcb-8af6-d495f807c129 => generated 0 bytes in 150 msecs (HTTP/1.1 204) 2 headers in 112 bytes (1 switches on core 0)
2026-08-08 07:10:04.931 7 INFO neutron.api.v2.resource [None req-be2534ef-0ab3-4d09-b093-297557a22737 3f724610f6774c5bad9c971caaeb5f4e 52b5a0b698e7409eae17eb5bf1dae358 - - default default] show failed (client error): The resource could not be found. [pid: 7|app: 0|req: 1893/3507] 10.0.0.199 () {32 vars in 746 bytes} [Sat Aug 8 07:10:04 2026] GET /v2.0/security-group-rules/693ecac8-0dfb-4fcb-8af6-d495f807c129 => generated 155 bytes in 13 msecs (HTTP/1.1 404) 4 headers in 164 bytes (1 switches on core 0) [pid: 8|app: 0|req: 1615/3508] 10.0.0.199 () {32 vars in 749 bytes} [Sat Aug 8 07:10:04 2026] DELETE /v2.0/security-group-rules/47ae7b48-3afd-4640-9fb3-4a74d66a53d1 => generated 0 bytes in 138 msecs (HTTP/1.1 204) 2 headers in 112 bytes (1 switches on core 0)
2026-08-08 07:10:05.094 7 INFO neutron.api.v2.resource [None req-3f0dee4c-13dc-458d-b703-64cb8c0db0e6 3f724610f6774c5bad9c971caaeb5f4e 52b5a0b698e7409eae17eb5bf1dae358 - - default default] show failed (client error): The resource could not be found. [pid: 7|app: 0|req: 1894/3509] 10.0.0.199 () {32 vars in 746 bytes} [Sat Aug 8 07:10:05 2026] GET /v2.0/security-group-rules/47ae7b48-3afd-4640-9fb3-4a74d66a53d1 => generated 155 bytes in 13 msecs (HTTP/1.1 404) 4 headers in 164 bytes (1 switches on core 0) [pid: 8|app: 0|req: 1616/3510] 10.0.0.199 () {32 vars in 749 bytes} [Sat Aug 8 07:10:05 2026] DELETE /v2.0/security-group-rules/8cce0267-8c5e-4bf5-8b47-54f075e08743 => generated 0 bytes in 142 msecs (HTTP/1.1 204) 2 headers in 112 bytes (1 switches on core 0)
2026-08-08 07:10:05.261 7 INFO neutron.api.v2.resource [None req-9bb8d8cd-5246-4f06-bf03-af889993c530 3f724610f6774c5bad9c971caaeb5f4e 52b5a0b698e7409eae17eb5bf1dae358 - - default default] show failed (client error): The resource could not be found. [pid: 7|app: 0|req: 1895/3511] 10.0.0.199 () {32 vars in 746 bytes} [Sat Aug 8 07:10:05 2026] GET /v2.0/security-group-rules/8cce0267-8c5e-4bf5-8b47-54f075e08743 => generated 155 bytes in 13 msecs (HTTP/1.1 404) 4 headers in 164 bytes (1 switches on core 0) [pid: 8|app: 0|req: 1617/3512] 10.0.0.199 () {32 vars in 749 bytes} [Sat Aug 8 07:10:05 2026] DELETE /v2.0/security-group-rules/e959622f-90b3-4b02-8267-4959de314f62 => generated 0 bytes in 134 msecs (HTTP/1.1 204) 2 headers in 112 bytes (1 switches on core 0)
2026-08-08 07:10:05.455 7 INFO neutron.api.v2.resource [None req-06404939-4a9a-4be6-87d4-1c5713a782ef 3f724610f6774c5bad9c971caaeb5f4e 52b5a0b698e7409eae17eb5bf1dae358 - - default default] show failed (client error): The resource could not be found. [pid: 7|app: 0|req: 1896/3513] 10.0.0.199 () {32 vars in 746 bytes} [Sat Aug 8 07:10:05 2026] GET /v2.0/security-group-rules/e959622f-90b3-4b02-8267-4959de314f62 => generated 155 bytes in 47 msecs (HTTP/1.1 404) 4 headers in 164 bytes (1 switches on core 0) [pid: 8|app: 0|req: 1618/3514] 10.0.0.199 () {32 vars in 749 bytes} [Sat Aug 8 07:10:05 2026] DELETE /v2.0/security-group-rules/1902ed6f-b35e-4456-801b-3310816d9f48 => generated 0 bytes in 137 msecs (HTTP/1.1 204) 2 headers in 112 bytes (1 switches on core 0)
2026-08-08 07:10:05.614 7 INFO neutron.api.v2.resource [None req-02b26751-64a5-47c9-83bb-a0bf2a0a1a8e 3f724610f6774c5bad9c971caaeb5f4e 52b5a0b698e7409eae17eb5bf1dae358 - - default default] show failed (client error): The resource could not be found. [pid: 7|app: 0|req: 1897/3515] 10.0.0.199 () {32 vars in 746 bytes} [Sat Aug 8 07:10:05 2026] GET /v2.0/security-group-rules/1902ed6f-b35e-4456-801b-3310816d9f48 => generated 155 bytes in 11 msecs (HTTP/1.1 404) 4 headers in 164 bytes (1 switches on core 0) [pid: 8|app: 0|req: 1619/3516] 10.0.0.199 () {32 vars in 749 bytes} [Sat Aug 8 07:10:05 2026] DELETE /v2.0/security-group-rules/b1f88ca6-8b47-433c-8377-6bddac08c22c => generated 0 bytes in 215 msecs (HTTP/1.1 204) 2 headers in 112 bytes (1 switches on core 0)
2026-08-08 07:10:05.857 7 INFO neutron.api.v2.resource [None req-79aadccb-2b83-4ee6-81bd-044c53b6767a 3f724610f6774c5bad9c971caaeb5f4e 52b5a0b698e7409eae17eb5bf1dae358 - - default default] show failed (client error): The resource could not be found. [pid: 7|app: 0|req: 1898/3517] 10.0.0.199 () {32 vars in 746 bytes} [Sat Aug 8 07:10:05 2026] GET /v2.0/security-group-rules/b1f88ca6-8b47-433c-8377-6bddac08c22c => generated 155 bytes in 16 msecs (HTTP/1.1 404) 4 headers in 164 bytes (1 switches on core 0) [pid: 8|app: 0|req: 1620/3518] 10.0.0.199 () {32 vars in 749 bytes} [Sat Aug 8 07:10:05 2026] DELETE /v2.0/security-group-rules/4a8df2dd-9c35-43d6-ac54-7534d61b62c5 => generated 0 bytes in 128 msecs (HTTP/1.1 204) 2 headers in 112 bytes (1 switches on core 0)
2026-08-08 07:10:06.005 7 INFO neutron.api.v2.resource [None req-1827d972-82c3-4a96-8984-a39b21f2c99f 3f724610f6774c5bad9c971caaeb5f4e 52b5a0b698e7409eae17eb5bf1dae358 - - default default] show failed (client error): The resource could not be found. [pid: 7|app: 0|req: 1899/3519] 10.0.0.199 () {32 vars in 746 bytes} [Sat Aug 8 07:10:05 2026] GET /v2.0/security-group-rules/4a8df2dd-9c35-43d6-ac54-7534d61b62c5 => generated 155 bytes in 11 msecs (HTTP/1.1 404) 4 headers in 164 bytes (1 switches on core 0) [pid: 8|app: 0|req: 1621/3520] 10.0.0.199 () {32 vars in 749 bytes} [Sat Aug 8 07:10:06 2026] DELETE /v2.0/security-group-rules/9e265627-8f31-4f77-9405-c309c0f78b36 => generated 0 bytes in 129 msecs (HTTP/1.1 204) 2 headers in 112 bytes (1 switches on core 0)
2026-08-08 07:10:06.154 7 INFO neutron.api.v2.resource [None req-9e072304-7947-49f7-97b3-b2496113a181 3f724610f6774c5bad9c971caaeb5f4e 52b5a0b698e7409eae17eb5bf1dae358 - - default default] show failed (client error): The resource could not be found. [pid: 7|app: 0|req: 1900/3521] 10.0.0.199 () {32 vars in 746 bytes} [Sat Aug 8 07:10:06 2026] GET /v2.0/security-group-rules/9e265627-8f31-4f77-9405-c309c0f78b36 => generated 155 bytes in 12 msecs (HTTP/1.1 404) 4 headers in 164 bytes (1 switches on core 0) [pid: 8|app: 0|req: 1622/3522] 10.0.0.199 () {32 vars in 739 bytes} [Sat Aug 8 07:10:06 2026] DELETE /v2.0/security-groups/daec82d2-2563-49a5-aed1-d9582d60ab41 => generated 0 bytes in 166 msecs (HTTP/1.1 204) 2 headers in 112 bytes (1 switches on core 0)
2026-08-08 07:10:06.344 7 INFO neutron.api.v2.resource [None req-a5a5d7eb-756a-4f3d-af1b-324ca8884c66 3f724610f6774c5bad9c971caaeb5f4e 52b5a0b698e7409eae17eb5bf1dae358 - - default default] show failed (client error): The resource could not be found. [pid: 7|app: 0|req: 1901/3523] 10.0.0.199 () {32 vars in 736 bytes} [Sat Aug 8 07:10:06 2026] GET /v2.0/security-groups/daec82d2-2563-49a5-aed1-d9582d60ab41 => generated 146 bytes in 15 msecs (HTTP/1.1 404) 4 headers in 164 bytes (1 switches on core 0)
2026-08-08 07:10:06.719 8 INFO neutron_taas.services.taas.taas_plugin [None req-3a694f36-bbdc-44e8-9d09-266915fc4a98 3f724610f6774c5bad9c971caaeb5f4e 52b5a0b698e7409eae17eb5bf1dae358 - - default default] TaaS: Handle Delete Port: 02e14b4b-2793-4af2-b2e3-021e5e8e4cc1
2026-08-08 07:10:06.723 8 INFO neutron_taas.services.taas.tap_mirror_plugin [None req-3a694f36-bbdc-44e8-9d09-266915fc4a98 3f724610f6774c5bad9c971caaeb5f4e 52b5a0b698e7409eae17eb5bf1dae358 - - default default] Tap Mirror: Handle Delete Port: 02e14b4b-2793-4af2-b2e3-021e5e8e4cc1 [pid: 8|app: 0|req: 1623/3524] 10.0.0.199 () {34 vars in 788 bytes} [Sat Aug 8 07:10:06 2026] PUT /v2.0/routers/58de10fc-4ac5-4308-b2f5-18d2c72c82a5/remove_router_interface => generated 309 bytes in 956 msecs (HTTP/1.1 200) 4 headers in 157 bytes (1 switches on core 0)
2026-08-08 07:10:07.494 7 INFO neutron.api.v2.resource [None req-a1ee15ca-39d8-4195-83e8-a704c65610db 3f724610f6774c5bad9c971caaeb5f4e 52b5a0b698e7409eae17eb5bf1dae358 - - default default] remove_router_interface failed (client error): The resource could not be found. [pid: 7|app: 0|req: 1902/3525] 10.0.0.199 () {34 vars in 788 bytes} [Sat Aug 8 07:10:07 2026] PUT /v2.0/routers/58de10fc-4ac5-4308-b2f5-18d2c72c82a5/remove_router_interface => generated 198 bytes in 128 msecs (HTTP/1.1 404) 4 headers in 164 bytes (1 switches on core 0) /var/lib/openstack/lib/python3.12/site-packages/pycadf/identifier.py:70: UserWarning: Invalid uuid: neutron. To ensure interoperability, identifiers should be a valid uuid. warnings.warn(('Invalid uuid: %s. To ensure interoperability, '
2026-08-08 07:10:07.807 8 INFO neutron_taas.services.taas.taas_plugin [None req-d5b06a1b-9931-47c8-9237-175bb8730184 3f724610f6774c5bad9c971caaeb5f4e 52b5a0b698e7409eae17eb5bf1dae358 - - default default] TaaS: Handle Delete Port: 231916b4-ee4f-4097-a0dc-eaedaf5aaca8
2026-08-08 07:10:07.809 8 INFO neutron_taas.services.taas.tap_mirror_plugin [None req-d5b06a1b-9931-47c8-9237-175bb8730184 3f724610f6774c5bad9c971caaeb5f4e 52b5a0b698e7409eae17eb5bf1dae358 - - default default] Tap Mirror: Handle Delete Port: 231916b4-ee4f-4097-a0dc-eaedaf5aaca8 [pid: 8|app: 0|req: 1624/3526] 10.0.0.199 () {34 vars in 788 bytes} [Sat Aug 8 07:10:07 2026] PUT /v2.0/routers/58de10fc-4ac5-4308-b2f5-18d2c72c82a5/remove_router_interface => generated 309 bytes in 855 msecs (HTTP/1.1 200) 4 headers in 157 bytes (1 switches on core 0)
2026-08-08 07:10:08.447 7 INFO neutron.api.v2.resource [None req-1842a58a-246c-4c65-a739-a48b7f29046f 3f724610f6774c5bad9c971caaeb5f4e 52b5a0b698e7409eae17eb5bf1dae358 - - default default] remove_router_interface failed (client error): The resource could not be found. [pid: 7|app: 0|req: 1903/3527] 10.0.0.199 () {34 vars in 788 bytes} [Sat Aug 8 07:10:08 2026] PUT /v2.0/routers/58de10fc-4ac5-4308-b2f5-18d2c72c82a5/remove_router_interface => generated 198 bytes in 85 msecs (HTTP/1.1 404) 4 headers in 164 bytes (1 switches on core 0) /var/lib/openstack/lib/python3.12/site-packages/pycadf/identifier.py:70: UserWarning: Invalid uuid: neutron. To ensure interoperability, identifiers should be a valid uuid. warnings.warn(('Invalid uuid: %s. To ensure interoperability, '
2026-08-08 07:10:08.748 8 INFO neutron_taas.services.taas.taas_plugin [None req-bcccb3a0-4bd4-45e3-9cbe-bb88ab203d08 3f724610f6774c5bad9c971caaeb5f4e 52b5a0b698e7409eae17eb5bf1dae358 - - default default] TaaS: Handle Delete Port: 384244f0-afad-4d89-a71f-ff4f8d15d099
2026-08-08 07:10:08.751 8 INFO neutron_taas.services.taas.tap_mirror_plugin [None req-bcccb3a0-4bd4-45e3-9cbe-bb88ab203d08 3f724610f6774c5bad9c971caaeb5f4e 52b5a0b698e7409eae17eb5bf1dae358 - - default default] Tap Mirror: Handle Delete Port: 384244f0-afad-4d89-a71f-ff4f8d15d099 [pid: 8|app: 0|req: 1625/3528] 10.0.0.199 () {34 vars in 788 bytes} [Sat Aug 8 07:10:08 2026] PUT /v2.0/routers/58de10fc-4ac5-4308-b2f5-18d2c72c82a5/remove_router_interface => generated 309 bytes in 888 msecs (HTTP/1.1 200) 4 headers in 157 bytes (1 switches on core 0)
2026-08-08 07:10:09.450 7 INFO neutron.api.v2.resource [None req-3e834407-35a9-469f-8263-3605227fcda3 3f724610f6774c5bad9c971caaeb5f4e 52b5a0b698e7409eae17eb5bf1dae358 - - default default] remove_router_interface failed (client error): The resource could not be found. [pid: 7|app: 0|req: 1904/3529] 10.0.0.199 () {34 vars in 788 bytes} [Sat Aug 8 07:10:09 2026] PUT /v2.0/routers/58de10fc-4ac5-4308-b2f5-18d2c72c82a5/remove_router_interface => generated 198 bytes in 106 msecs (HTTP/1.1 404) 4 headers in 164 bytes (1 switches on core 0) /var/lib/openstack/lib/python3.12/site-packages/pycadf/identifier.py:70: UserWarning: Invalid uuid: neutron. To ensure interoperability, identifiers should be a valid uuid. warnings.warn(('Invalid uuid: %s. To ensure interoperability, '
2026-08-08 07:10:09.845 8 INFO neutron_taas.services.taas.taas_plugin [None req-c9d6f308-de93-4c20-bf85-e9a388b4d7b6 3f724610f6774c5bad9c971caaeb5f4e 52b5a0b698e7409eae17eb5bf1dae358 - - default default] TaaS: Handle Delete Port: e349b62c-2723-4085-9f01-ecc5d0d843d5
2026-08-08 07:10:09.849 8 INFO neutron_taas.services.taas.tap_mirror_plugin [None req-c9d6f308-de93-4c20-bf85-e9a388b4d7b6 3f724610f6774c5bad9c971caaeb5f4e 52b5a0b698e7409eae17eb5bf1dae358 - - default default] Tap Mirror: Handle Delete Port: e349b62c-2723-4085-9f01-ecc5d0d843d5 [pid: 8|app: 0|req: 1626/3532] 10.0.0.199 () {32 vars in 723 bytes} [Sat Aug 8 07:10:09 2026] DELETE /v2.0/routers/58de10fc-4ac5-4308-b2f5-18d2c72c82a5 => generated 0 bytes in 1424 msecs (HTTP/1.1 204) 2 headers in 112 bytes (1 switches on core 0)
2026-08-08 07:10:10.903 7 INFO neutron.api.v2.resource [None req-f703f96e-8fc8-4bac-83dd-16ee85e6156c 3f724610f6774c5bad9c971caaeb5f4e 52b5a0b698e7409eae17eb5bf1dae358 - - default default] show failed (client error): The resource could not be found. [pid: 7|app: 0|req: 1907/3533] 10.0.0.199 () {32 vars in 720 bytes} [Sat Aug 8 07:10:10 2026] GET /v2.0/routers/58de10fc-4ac5-4308-b2f5-18d2c72c82a5 => generated 135 bytes in 20 msecs (HTTP/1.1 404) 4 headers in 164 bytes (1 switches on core 0) [pid: 8|app: 0|req: 1627/3534] 10.0.0.199 () {32 vars in 723 bytes} [Sat Aug 8 07:10:10 2026] DELETE /v2.0/subnets/68cf1d63-eb06-4138-85c3-8bab5cc82b1f => generated 0 bytes in 171 msecs (HTTP/1.1 204) 3 headers in 131 bytes (1 switches on core 0)
2026-08-08 07:10:11.099 7 INFO neutron.pecan_wsgi.hooks.translation [None req-d566842a-943f-4599-ad01-d3ba53ba3199 3f724610f6774c5bad9c971caaeb5f4e 52b5a0b698e7409eae17eb5bf1dae358 - - default default] GET failed (client error): The resource could not be found. [pid: 7|app: 0|req: 1908/3535] 10.0.0.199 () {32 vars in 720 bytes} [Sat Aug 8 07:10:11 2026] GET /v2.0/subnets/68cf1d63-eb06-4138-85c3-8bab5cc82b1f => generated 136 bytes in 17 msecs (HTTP/1.1 404) 4 headers in 164 bytes (1 switches on core 0) [pid: 8|app: 0|req: 1628/3536] 10.0.0.199 () {32 vars in 723 bytes} [Sat Aug 8 07:10:11 2026] DELETE /v2.0/subnets/83406ba1-3eba-4ffd-aa6b-35e0e90a5124 => generated 0 bytes in 195 msecs (HTTP/1.1 204) 3 headers in 131 bytes (1 switches on core 0)
2026-08-08 07:10:11.321 7 INFO neutron.pecan_wsgi.hooks.translation [None req-6ad3eab2-3767-4248-a4a2-c25adb61d440 3f724610f6774c5bad9c971caaeb5f4e 52b5a0b698e7409eae17eb5bf1dae358 - - default default] GET failed (client error): The resource could not be found. [pid: 7|app: 0|req: 1909/3537] 10.0.0.199 () {32 vars in 720 bytes} [Sat Aug 8 07:10:11 2026] GET /v2.0/subnets/83406ba1-3eba-4ffd-aa6b-35e0e90a5124 => generated 136 bytes in 18 msecs (HTTP/1.1 404) 4 headers in 164 bytes (1 switches on core 0)
2026-08-08 07:10:11.453 8 INFO neutron_taas.services.taas.taas_plugin [None req-d50a3df0-213e-4959-ba5a-40dfa7f2a4ae 3f724610f6774c5bad9c971caaeb5f4e 52b5a0b698e7409eae17eb5bf1dae358 - - default default] TaaS: Handle Delete Port: dcd217ab-0243-4b15-ae3f-c63258f2c917
2026-08-08 07:10:11.457 8 INFO neutron_taas.services.taas.tap_mirror_plugin [None req-d50a3df0-213e-4959-ba5a-40dfa7f2a4ae 3f724610f6774c5bad9c971caaeb5f4e 52b5a0b698e7409eae17eb5bf1dae358 - - default default] Tap Mirror: Handle Delete Port: dcd217ab-0243-4b15-ae3f-c63258f2c917
2026-08-08 07:10:11.700 8 INFO neutron.services.segments.plugin [-] Segment 57036b7a-7613-4e5d-a219-c402f931f212 resource provider aggregate not found
2026-08-08 07:10:11.714 8 INFO neutron.services.segments.plugin [-] Segment 57036b7a-7613-4e5d-a219-c402f931f212 resource provider aggregate not found
2026-08-08 07:10:11.719 8 INFO neutron.services.segments.plugin [-] Client error retrieving segment 57036b7a-7613-4e5d-a219-c402f931f212 resource provider; error: Placement Client Error (4xx): {"errors": [{"status": 404, "title": "Not Found", "detail": "The resource could not be found.\n\n No resource provider with uuid 57036b7a-7613-4e5d-a219-c402f931f212 found for delete ", "request_id": "req-5637f4f4-643c-4076-872d-713eb498e0c2"}]} [pid: 8|app: 0|req: 1629/3538] 10.0.0.199 () {32 vars in 725 bytes} [Sat Aug 8 07:10:11 2026] DELETE /v2.0/networks/d2fd1ec1-b51c-4722-b35f-cc4f0e0ae9c8 => generated 0 bytes in 407 msecs (HTTP/1.1 204) 3 headers in 131 bytes (1 switches on core 0)
2026-08-08 07:10:11.733 8 INFO neutron.services.segments.plugin [-] Client error retrieving segment 57036b7a-7613-4e5d-a219-c402f931f212 resource provider; error: Placement Client Error (4xx): {"errors": [{"status": 404, "title": "Not Found", "detail": "The resource could not be found.\n\n No resource provider with uuid 57036b7a-7613-4e5d-a219-c402f931f212 found for delete ", "request_id": "req-047271ab-29c0-432a-8f00-cf9ceffa3ba7"}]}
2026-08-08 07:10:11.751 7 INFO neutron.pecan_wsgi.hooks.translation [None req-e412a0c4-2512-4910-bf84-371cde909033 3f724610f6774c5bad9c971caaeb5f4e 52b5a0b698e7409eae17eb5bf1dae358 - - default default] GET failed (client error): The resource could not be found. [pid: 7|app: 0|req: 1910/3539] 10.0.0.199 () {32 vars in 722 bytes} [Sat Aug 8 07:10:11 2026] GET /v2.0/networks/d2fd1ec1-b51c-4722-b35f-cc4f0e0ae9c8 => generated 138 bytes in 17 msecs (HTTP/1.1 404) 4 headers in 164 bytes (1 switches on core 0) [pid: 8|app: 0|req: 1630/3540] 10.0.0.199 () {32 vars in 723 bytes} [Sat Aug 8 07:10:11 2026] DELETE /v2.0/subnets/3e666f22-b4fe-43c8-9ad1-dbe5693033cc => generated 0 bytes in 152 msecs (HTTP/1.1 204) 3 headers in 131 bytes (1 switches on core 0)
2026-08-08 07:10:11.928 7 INFO neutron.pecan_wsgi.hooks.translation [None req-9497f9a9-9297-4934-8e08-b05ce120fee3 3f724610f6774c5bad9c971caaeb5f4e 52b5a0b698e7409eae17eb5bf1dae358 - - default default] GET failed (client error): The resource could not be found. [pid: 7|app: 0|req: 1911/3541] 10.0.0.199 () {32 vars in 720 bytes} [Sat Aug 8 07:10:11 2026] GET /v2.0/subnets/3e666f22-b4fe-43c8-9ad1-dbe5693033cc => generated 136 bytes in 14 msecs (HTTP/1.1 404) 4 headers in 164 bytes (1 switches on core 0) [pid: 8|app: 0|req: 1631/3542] 10.0.0.199 () {32 vars in 723 bytes} [Sat Aug 8 07:10:11 2026] DELETE /v2.0/subnets/657a7c50-0850-4c16-929d-a2a6c5f95959 => generated 0 bytes in 173 msecs (HTTP/1.1 204) 3 headers in 131 bytes (1 switches on core 0)
2026-08-08 07:10:12.127 7 INFO neutron.pecan_wsgi.hooks.translation [None req-d74c946b-11fd-4e4c-8e30-a786a470d2e2 3f724610f6774c5bad9c971caaeb5f4e 52b5a0b698e7409eae17eb5bf1dae358 - - default default] GET failed (client error): The resource could not be found. [pid: 7|app: 0|req: 1912/3543] 10.0.0.199 () {32 vars in 720 bytes} [Sat Aug 8 07:10:12 2026] GET /v2.0/subnets/657a7c50-0850-4c16-929d-a2a6c5f95959 => generated 136 bytes in 15 msecs (HTTP/1.1 404) 4 headers in 164 bytes (1 switches on core 0)
2026-08-08 07:10:12.254 8 INFO neutron_taas.services.taas.taas_plugin [None req-625362c6-3a3b-4799-8073-eceebe2c364d 3f724610f6774c5bad9c971caaeb5f4e 52b5a0b698e7409eae17eb5bf1dae358 - - default default] TaaS: Handle Delete Port: 55f5d8a8-8303-4877-884a-44f32f3e5f35
2026-08-08 07:10:12.258 8 INFO neutron_taas.services.taas.tap_mirror_plugin [None req-625362c6-3a3b-4799-8073-eceebe2c364d 3f724610f6774c5bad9c971caaeb5f4e 52b5a0b698e7409eae17eb5bf1dae358 - - default default] Tap Mirror: Handle Delete Port: 55f5d8a8-8303-4877-884a-44f32f3e5f35 [pid: 8|app: 0|req: 1632/3544] 10.0.0.199 () {32 vars in 725 bytes} [Sat Aug 8 07:10:12 2026] DELETE /v2.0/networks/521fac61-8f7e-4e7a-9baa-ccf817f0448a => generated 0 bytes in 394 msecs (HTTP/1.1 204) 3 headers in 131 bytes (1 switches on core 0)
2026-08-08 07:10:12.543 7 INFO neutron.pecan_wsgi.hooks.translation [None req-cb96e7f3-082b-4e5e-b28d-3599aa127924 3f724610f6774c5bad9c971caaeb5f4e 52b5a0b698e7409eae17eb5bf1dae358 - - default default] GET failed (client error): The resource could not be found. [pid: 7|app: 0|req: 1913/3545] 10.0.0.199 () {32 vars in 722 bytes} [Sat Aug 8 07:10:12 2026] GET /v2.0/networks/521fac61-8f7e-4e7a-9baa-ccf817f0448a => generated 138 bytes in 13 msecs (HTTP/1.1 404) 4 headers in 164 bytes (1 switches on core 0) [pid: 8|app: 0|req: 1633/3546] 10.0.0.199 () {32 vars in 723 bytes} [Sat Aug 8 07:10:12 2026] DELETE /v2.0/subnets/9ab7b918-5440-4c9e-86b0-ca0e17c03db5 => generated 0 bytes in 196 msecs (HTTP/1.1 204) 3 headers in 131 bytes (1 switches on core 0)
2026-08-08 07:10:12.768 7 INFO neutron.pecan_wsgi.hooks.translation [None req-532a6641-eb5d-4383-86a4-56b0bb426352 3f724610f6774c5bad9c971caaeb5f4e 52b5a0b698e7409eae17eb5bf1dae358 - - default default] GET failed (client error): The resource could not be found. [pid: 7|app: 0|req: 1914/3547] 10.0.0.199 () {32 vars in 720 bytes} [Sat Aug 8 07:10:12 2026] GET /v2.0/subnets/9ab7b918-5440-4c9e-86b0-ca0e17c03db5 => generated 136 bytes in 17 msecs (HTTP/1.1 404) 4 headers in 164 bytes (1 switches on core 0) [pid: 8|app: 0|req: 1634/3548] 10.0.0.199 () {32 vars in 723 bytes} [Sat Aug 8 07:10:12 2026] DELETE /v2.0/subnets/52bdbd91-810b-4567-8c19-3046b81445de => generated 0 bytes in 172 msecs (HTTP/1.1 204) 3 headers in 131 bytes (1 switches on core 0)
2026-08-08 07:10:12.965 7 INFO neutron.pecan_wsgi.hooks.translation [None req-9468cdf6-e464-4279-b43b-363554a5ce56 3f724610f6774c5bad9c971caaeb5f4e 52b5a0b698e7409eae17eb5bf1dae358 - - default default] GET failed (client error): The resource could not be found. [pid: 7|app: 0|req: 1915/3549] 10.0.0.199 () {32 vars in 720 bytes} [Sat Aug 8 07:10:12 2026] GET /v2.0/subnets/52bdbd91-810b-4567-8c19-3046b81445de => generated 136 bytes in 16 msecs (HTTP/1.1 404) 4 headers in 164 bytes (1 switches on core 0)
2026-08-08 07:10:13.073 8 INFO neutron_taas.services.taas.taas_plugin [None req-51cdfa0c-816d-4ea2-a7df-7bdead8eae71 3f724610f6774c5bad9c971caaeb5f4e 52b5a0b698e7409eae17eb5bf1dae358 - - default default] TaaS: Handle Delete Port: a1cb9b04-8f8a-4023-ae3e-de3a94e3656e
2026-08-08 07:10:13.076 8 INFO neutron_taas.services.taas.tap_mirror_plugin [None req-51cdfa0c-816d-4ea2-a7df-7bdead8eae71 3f724610f6774c5bad9c971caaeb5f4e 52b5a0b698e7409eae17eb5bf1dae358 - - default default] Tap Mirror: Handle Delete Port: a1cb9b04-8f8a-4023-ae3e-de3a94e3656e [pid: 8|app: 0|req: 1635/3550] 10.0.0.199 () {32 vars in 725 bytes} [Sat Aug 8 07:10:12 2026] DELETE /v2.0/networks/3827349c-e91e-405e-9e1e-7626bbfa8767 => generated 0 bytes in 324 msecs (HTTP/1.1 204) 3 headers in 131 bytes (1 switches on core 0)
2026-08-08 07:10:13.316 7 INFO neutron.pecan_wsgi.hooks.translation [None req-4359e65c-12f9-4e9b-a9de-d8af14c60fb3 3f724610f6774c5bad9c971caaeb5f4e 52b5a0b698e7409eae17eb5bf1dae358 - - default default] GET failed (client error): The resource could not be found. [pid: 7|app: 0|req: 1916/3551] 10.0.0.199 () {32 vars in 722 bytes} [Sat Aug 8 07:10:13 2026] GET /v2.0/networks/3827349c-e91e-405e-9e1e-7626bbfa8767 => generated 138 bytes in 18 msecs (HTTP/1.1 404) 4 headers in 164 bytes (1 switches on core 0)
2026-08-08 07:10:13.733 8 INFO neutron.services.segments.plugin [-] Segment b3aaeea4-9384-4ace-853f-a36157425082 resource provider aggregate not found
2026-08-08 07:10:13.752 8 INFO neutron.services.segments.plugin [-] Segment b3aaeea4-9384-4ace-853f-a36157425082 resource provider aggregate not found
2026-08-08 07:10:13.753 8 INFO neutron.services.segments.plugin [-] Client error retrieving segment b3aaeea4-9384-4ace-853f-a36157425082 resource provider; error: Placement Client Error (4xx): {"errors": [{"status": 404, "title": "Not Found", "detail": "The resource could not be found.\n\n No resource provider with uuid b3aaeea4-9384-4ace-853f-a36157425082 found for delete ", "request_id": "req-25dac64d-7fe7-49ff-afb4-19c2715f8292"}]}
2026-08-08 07:10:13.770 8 INFO neutron.services.segments.plugin [-] Segment 766828cd-929e-41ae-a5fc-1aba8add9c82 resource provider aggregate not found
2026-08-08 07:10:13.774 8 INFO neutron.services.segments.plugin [-] Client error retrieving segment b3aaeea4-9384-4ace-853f-a36157425082 resource provider; error: Placement Client Error (4xx): {"errors": [{"status": 404, "title": "Not Found", "detail": "The resource could not be found.\n\n No resource provider with uuid b3aaeea4-9384-4ace-853f-a36157425082 found for delete ", "request_id": "req-3e55cf22-2715-4699-af65-50e5dfdd9ada"}]}
2026-08-08 07:10:13.785 8 INFO neutron.services.segments.plugin [-] Segment 766828cd-929e-41ae-a5fc-1aba8add9c82 resource provider aggregate not found
2026-08-08 07:10:13.789 8 INFO neutron.services.segments.plugin [-] Client error retrieving segment 766828cd-929e-41ae-a5fc-1aba8add9c82 resource provider; error: Placement Client Error (4xx): {"errors": [{"status": 404, "title": "Not Found", "detail": "The resource could not be found.\n\n No resource provider with uuid 766828cd-929e-41ae-a5fc-1aba8add9c82 found for delete ", "request_id": "req-fed1d9b7-e6d7-42dd-9051-c48c79869ebc"}]}
2026-08-08 07:10:13.805 8 INFO neutron.services.segments.plugin [-] Client error retrieving segment 766828cd-929e-41ae-a5fc-1aba8add9c82 resource provider; error: Placement Client Error (4xx): {"errors": [{"status": 404, "title": "Not Found", "detail": "The resource could not be found.\n\n No resource provider with uuid 766828cd-929e-41ae-a5fc-1aba8add9c82 found for delete ", "request_id": "req-f5e86905-b4f6-4b2a-afd4-b825f52b1a13"}]}
2026-08-08 07:10:15.330 8 INFO neutron.db.ovn_revision_numbers_db [None req-12517005-793e-4c6f-aab1-de25ff7f18d6 b9e3f86606784c34846714a144e5b68d 33afd87702be40838459621cb5e565ff - - default default] Successfully bumped revision number for resource 6bc9d285-e069-414d-a472-611d34624483 (type: security_groups) to 1
2026-08-08 07:10:15.347 8 INFO neutron.db.ovn_revision_numbers_db [None req-12517005-793e-4c6f-aab1-de25ff7f18d6 b9e3f86606784c34846714a144e5b68d 33afd87702be40838459621cb5e565ff - - default default] Successfully bumped revision number for resource 5833e45b-c42a-4d11-82fd-825f2133001e (type: security_group_rules) to 0
2026-08-08 07:10:15.358 8 INFO neutron.db.ovn_revision_numbers_db [None req-12517005-793e-4c6f-aab1-de25ff7f18d6 b9e3f86606784c34846714a144e5b68d 33afd87702be40838459621cb5e565ff - - default default] Successfully bumped revision number for resource 5edc641a-e63a-4c70-8ce8-101f7449d96e (type: security_group_rules) to 0
2026-08-08 07:10:15.369 8 INFO neutron.db.ovn_revision_numbers_db [None req-12517005-793e-4c6f-aab1-de25ff7f18d6 b9e3f86606784c34846714a144e5b68d 33afd87702be40838459621cb5e565ff - - default default] Successfully bumped revision number for resource 923093c1-4ccc-4cfa-83f7-39a7fb723b52 (type: security_group_rules) to 0
2026-08-08 07:10:15.379 8 INFO neutron.db.ovn_revision_numbers_db [None req-12517005-793e-4c6f-aab1-de25ff7f18d6 b9e3f86606784c34846714a144e5b68d 33afd87702be40838459621cb5e565ff - - default default] Successfully bumped revision number for resource b7761d5f-b965-4893-8d7a-41b570b7a8f2 (type: security_group_rules) to 0 [pid: 8|app: 0|req: 1636/3552] 10.0.0.199 () {32 vars in 773 bytes} [Sat Aug 8 07:10:15 2026] GET /v2.0/security-groups?tenant_id=7cb81828de194f31a8e5ce8e20d633bd&name=default => generated 2929 bytes in 418 msecs (HTTP/1.1 200) 4 headers in 158 bytes (1 switches on core 0) [pid: 7|app: 0|req: 1917/3553] 10.0.0.199 () {32 vars in 739 bytes} [Sat Aug 8 07:10:15 2026] DELETE /v2.0/security-groups/6bc9d285-e069-414d-a472-611d34624483 => generated 0 bytes in 305 msecs (HTTP/1.1 204) 2 headers in 112 bytes (1 switches on core 0)
2026-08-08 07:10:15.985 8 INFO neutron.db.ovn_revision_numbers_db [None req-b9c58431-5c1c-4da7-be91-682356d9895a b9e3f86606784c34846714a144e5b68d 33afd87702be40838459621cb5e565ff - - default default] Successfully bumped revision number for resource 3c384dd1-8d54-49ea-a06e-ecfc851927a7 (type: security_groups) to 1
2026-08-08 07:10:15.997 8 INFO neutron.db.ovn_revision_numbers_db [None req-b9c58431-5c1c-4da7-be91-682356d9895a b9e3f86606784c34846714a144e5b68d 33afd87702be40838459621cb5e565ff - - default default] Successfully bumped revision number for resource a882bac8-c9c3-4908-9fdc-443b8086609a (type: security_group_rules) to 0
2026-08-08 07:10:16.009 8 INFO neutron.db.ovn_revision_numbers_db [None req-b9c58431-5c1c-4da7-be91-682356d9895a b9e3f86606784c34846714a144e5b68d 33afd87702be40838459621cb5e565ff - - default default] Successfully bumped revision number for resource aab456fb-711a-4d25-b180-f9f755915044 (type: security_group_rules) to 0
2026-08-08 07:10:16.023 8 INFO neutron.db.ovn_revision_numbers_db [None req-b9c58431-5c1c-4da7-be91-682356d9895a b9e3f86606784c34846714a144e5b68d 33afd87702be40838459621cb5e565ff - - default default] Successfully bumped revision number for resource aabfb374-2b99-4a4c-8844-cf4359ca754e (type: security_group_rules) to 0
2026-08-08 07:10:16.036 8 INFO neutron.db.ovn_revision_numbers_db [None req-b9c58431-5c1c-4da7-be91-682356d9895a b9e3f86606784c34846714a144e5b68d 33afd87702be40838459621cb5e565ff - - default default] Successfully bumped revision number for resource b50363a7-3cd9-479a-b840-e9a09ad97467 (type: security_group_rules) to 0 [pid: 8|app: 0|req: 1637/3554] 10.0.0.199 () {32 vars in 773 bytes} [Sat Aug 8 07:10:15 2026] GET /v2.0/security-groups?tenant_id=4ec1ff71edf14be0a4c190b8eae0c212&name=default => generated 2929 bytes in 262 msecs (HTTP/1.1 200) 4 headers in 158 bytes (1 switches on core 0) [pid: 7|app: 0|req: 1918/3555] 10.0.0.199 () {32 vars in 739 bytes} [Sat Aug 8 07:10:16 2026] DELETE /v2.0/security-groups/3c384dd1-8d54-49ea-a06e-ecfc851927a7 => generated 0 bytes in 282 msecs (HTTP/1.1 204) 2 headers in 112 bytes (1 switches on core 0)
2026-08-08 07:10:16.693 8 INFO neutron.db.ovn_revision_numbers_db [None req-fc49248e-8a5c-42f1-baa9-032587e65b5e b9e3f86606784c34846714a144e5b68d 33afd87702be40838459621cb5e565ff - - default default] Successfully bumped revision number for resource 5c21da30-1b02-4363-b459-ef26fc850600 (type: security_groups) to 1
2026-08-08 07:10:16.704 8 INFO neutron.db.ovn_revision_numbers_db [None req-fc49248e-8a5c-42f1-baa9-032587e65b5e b9e3f86606784c34846714a144e5b68d 33afd87702be40838459621cb5e565ff - - default default] Successfully bumped revision number for resource 4d3697b7-476c-4f82-9df9-008253662e73 (type: security_group_rules) to 0
2026-08-08 07:10:16.716 8 INFO neutron.db.ovn_revision_numbers_db [None req-fc49248e-8a5c-42f1-baa9-032587e65b5e b9e3f86606784c34846714a144e5b68d 33afd87702be40838459621cb5e565ff - - default default] Successfully bumped revision number for resource 76900f9b-09b0-4ea1-949f-4c9214d9b9f3 (type: security_group_rules) to 0
2026-08-08 07:10:16.727 8 INFO neutron.db.ovn_revision_numbers_db [None req-fc49248e-8a5c-42f1-baa9-032587e65b5e b9e3f86606784c34846714a144e5b68d 33afd87702be40838459621cb5e565ff - - default default] Successfully bumped revision number for resource 89651659-a127-4a31-b1e3-786a18a25954 (type: security_group_rules) to 0
2026-08-08 07:10:16.738 8 INFO neutron.db.ovn_revision_numbers_db [None req-fc49248e-8a5c-42f1-baa9-032587e65b5e b9e3f86606784c34846714a144e5b68d 33afd87702be40838459621cb5e565ff - - default default] Successfully bumped revision number for resource c68e2dc2-2089-42eb-9c3b-52747a13ff9d (type: security_group_rules) to 0 [pid: 8|app: 0|req: 1638/3556] 10.0.0.199 () {32 vars in 773 bytes} [Sat Aug 8 07:10:16 2026] GET /v2.0/security-groups?tenant_id=ff3fb7303f904ed79d3f70194debe237&name=default => generated 2929 bytes in 266 msecs (HTTP/1.1 200) 4 headers in 158 bytes (1 switches on core 0) [pid: 7|app: 0|req: 1919/3557] 10.0.0.199 () {32 vars in 739 bytes} [Sat Aug 8 07:10:16 2026] DELETE /v2.0/security-groups/5c21da30-1b02-4363-b459-ef26fc850600 => generated 0 bytes in 285 msecs (HTTP/1.1 204) 2 headers in 112 bytes (1 switches on core 0)
2026-08-08 07:10:17.362 8 INFO neutron.db.ovn_revision_numbers_db [None req-ecddfb38-a508-4f37-8585-5a7cb33e7fc6 b9e3f86606784c34846714a144e5b68d 33afd87702be40838459621cb5e565ff - - default default] Successfully bumped revision number for resource ed632a8b-7b60-428b-a480-1eab498a198e (type: security_groups) to 1
2026-08-08 07:10:17.374 8 INFO neutron.db.ovn_revision_numbers_db [None req-ecddfb38-a508-4f37-8585-5a7cb33e7fc6 b9e3f86606784c34846714a144e5b68d 33afd87702be40838459621cb5e565ff - - default default] Successfully bumped revision number for resource 778d111f-381e-48c7-839f-b7da481f6ee1 (type: security_group_rules) to 0
2026-08-08 07:10:17.385 8 INFO neutron.db.ovn_revision_numbers_db [None req-ecddfb38-a508-4f37-8585-5a7cb33e7fc6 b9e3f86606784c34846714a144e5b68d 33afd87702be40838459621cb5e565ff - - default default] Successfully bumped revision number for resource 87738092-6767-48b0-ba10-759731c559f9 (type: security_group_rules) to 0
2026-08-08 07:10:17.396 8 INFO neutron.db.ovn_revision_numbers_db [None req-ecddfb38-a508-4f37-8585-5a7cb33e7fc6 b9e3f86606784c34846714a144e5b68d 33afd87702be40838459621cb5e565ff - - default default] Successfully bumped revision number for resource d872f0e3-fe5e-4a05-b215-a55de90df57f (type: security_group_rules) to 0
2026-08-08 07:10:17.408 8 INFO neutron.db.ovn_revision_numbers_db [None req-ecddfb38-a508-4f37-8585-5a7cb33e7fc6 b9e3f86606784c34846714a144e5b68d 33afd87702be40838459621cb5e565ff - - default default] Successfully bumped revision number for resource ef6bf42f-6d8d-4c55-9afb-a18d44780e18 (type: security_group_rules) to 0 [pid: 8|app: 0|req: 1639/3558] 10.0.0.199 () {32 vars in 773 bytes} [Sat Aug 8 07:10:17 2026] GET /v2.0/security-groups?tenant_id=10bf386910d149feb1b87e41fcdbbf92&name=default => generated 2929 bytes in 242 msecs (HTTP/1.1 200) 4 headers in 158 bytes (1 switches on core 0) [pid: 7|app: 0|req: 1920/3559] 10.0.0.199 () {32 vars in 739 bytes} [Sat Aug 8 07:10:17 2026] DELETE /v2.0/security-groups/ed632a8b-7b60-428b-a480-1eab498a198e => generated 0 bytes in 293 msecs (HTTP/1.1 204) 2 headers in 112 bytes (1 switches on core 0)
2026-08-08 07:10:18.045 8 INFO neutron.db.ovn_revision_numbers_db [None req-23b51bcf-c944-48cf-81d7-53b52b3cfbfa b9e3f86606784c34846714a144e5b68d 33afd87702be40838459621cb5e565ff - - default default] Successfully bumped revision number for resource 4ec11701-fe9a-48ca-9b2c-67e417095c7b (type: security_groups) to 1
2026-08-08 07:10:18.056 8 INFO neutron.db.ovn_revision_numbers_db [None req-23b51bcf-c944-48cf-81d7-53b52b3cfbfa b9e3f86606784c34846714a144e5b68d 33afd87702be40838459621cb5e565ff - - default default] Successfully bumped revision number for resource 127f4455-a8bb-4177-a261-75deb89e78d9 (type: security_group_rules) to 0
2026-08-08 07:10:18.067 8 INFO neutron.db.ovn_revision_numbers_db [None req-23b51bcf-c944-48cf-81d7-53b52b3cfbfa b9e3f86606784c34846714a144e5b68d 33afd87702be40838459621cb5e565ff - - default default] Successfully bumped revision number for resource 76460b6c-9d85-413a-9829-d45956a8ade0 (type: security_group_rules) to 0
2026-08-08 07:10:18.078 8 INFO neutron.db.ovn_revision_numbers_db [None req-23b51bcf-c944-48cf-81d7-53b52b3cfbfa b9e3f86606784c34846714a144e5b68d 33afd87702be40838459621cb5e565ff - - default default] Successfully bumped revision number for resource f2073ee9-442f-41fc-ba6a-ed2d97c2a405 (type: security_group_rules) to 0
2026-08-08 07:10:18.089 8 INFO neutron.db.ovn_revision_numbers_db [None req-23b51bcf-c944-48cf-81d7-53b52b3cfbfa b9e3f86606784c34846714a144e5b68d 33afd87702be40838459621cb5e565ff - - default default] Successfully bumped revision number for resource f438a15e-2036-4295-b1ca-8758bd35aad1 (type: security_group_rules) to 0 [pid: 8|app: 0|req: 1640/3560] 10.0.0.199 () {32 vars in 773 bytes} [Sat Aug 8 07:10:17 2026] GET /v2.0/security-groups?tenant_id=ad00085ac1e54e5a8949c7806134f6f9&name=default => generated 2929 bytes in 243 msecs (HTTP/1.1 200) 4 headers in 158 bytes (1 switches on core 0) [pid: 7|app: 0|req: 1921/3561] 10.0.0.199 () {32 vars in 739 bytes} [Sat Aug 8 07:10:18 2026] DELETE /v2.0/security-groups/4ec11701-fe9a-48ca-9b2c-67e417095c7b => generated 0 bytes in 256 msecs (HTTP/1.1 204) 2 headers in 112 bytes (1 switches on core 0) [pid: 8|app: 0|req: 1641/3562] 10.0.0.199 () {32 vars in 773 bytes} [Sat Aug 8 07:10:18 2026] GET /v2.0/security-groups?tenant_id=52b5a0b698e7409eae17eb5bf1dae358&name=default => generated 2929 bytes in 29 msecs (HTTP/1.1 200) 4 headers in 158 bytes (1 switches on core 0) [pid: 7|app: 0|req: 1922/3563] 10.0.0.199 () {32 vars in 739 bytes} [Sat Aug 8 07:10:18 2026] DELETE /v2.0/security-groups/5e0eecf0-5e12-4b82-b4f4-e868ebb84009 => generated 0 bytes in 278 msecs (HTTP/1.1 204) 2 headers in 112 bytes (1 switches on core 0)
2026-08-08 07:10:19.157 8 INFO neutron.db.ovn_revision_numbers_db [None req-a863834d-b87c-431c-baf3-bc1296cfe4f8 b9e3f86606784c34846714a144e5b68d 33afd87702be40838459621cb5e565ff - - default default] Successfully bumped revision number for resource f05990a0-62aa-47bf-b3a4-f6961976c62f (type: security_groups) to 1
2026-08-08 07:10:19.168 8 INFO neutron.db.ovn_revision_numbers_db [None req-a863834d-b87c-431c-baf3-bc1296cfe4f8 b9e3f86606784c34846714a144e5b68d 33afd87702be40838459621cb5e565ff - - default default] Successfully bumped revision number for resource 139d8e2c-ed1c-413b-88de-90de106c8a52 (type: security_group_rules) to 0
2026-08-08 07:10:19.179 8 INFO neutron.db.ovn_revision_numbers_db [None req-a863834d-b87c-431c-baf3-bc1296cfe4f8 b9e3f86606784c34846714a144e5b68d 33afd87702be40838459621cb5e565ff - - default default] Successfully bumped revision number for resource 16344600-6f3d-441d-aa57-e17a5a647f4c (type: security_group_rules) to 0
2026-08-08 07:10:19.192 8 INFO neutron.db.ovn_revision_numbers_db [None req-a863834d-b87c-431c-baf3-bc1296cfe4f8 b9e3f86606784c34846714a144e5b68d 33afd87702be40838459621cb5e565ff - - default default] Successfully bumped revision number for resource 2dce0588-73f8-4d64-b920-bc9bc0f67817 (type: security_group_rules) to 0
2026-08-08 07:10:19.205 8 INFO neutron.db.ovn_revision_numbers_db [None req-a863834d-b87c-431c-baf3-bc1296cfe4f8 b9e3f86606784c34846714a144e5b68d 33afd87702be40838459621cb5e565ff - - default default] Successfully bumped revision number for resource e1794650-d53f-4261-a415-ad91e9eb2a9b (type: security_group_rules) to 0 [pid: 8|app: 0|req: 1642/3564] 10.0.0.199 () {32 vars in 773 bytes} [Sat Aug 8 07:10:18 2026] GET /v2.0/security-groups?tenant_id=51131a44f45348d593ef699156123c1e&name=default => generated 2929 bytes in 263 msecs (HTTP/1.1 200) 4 headers in 158 bytes (1 switches on core 0) [pid: 7|app: 0|req: 1923/3565] 10.0.0.199 () {32 vars in 739 bytes} [Sat Aug 8 07:10:19 2026] DELETE /v2.0/security-groups/f05990a0-62aa-47bf-b3a4-f6961976c62f => generated 0 bytes in 299 msecs (HTTP/1.1 204) 2 headers in 112 bytes (1 switches on core 0) [pid: 8|app: 0|req: 1643/3566] 10.0.0.244 () {28 vars in 598 bytes} [Sat Aug 8 07:10:20 2026] GET /v2.0/security-groups => generated 17401 bytes in 184 msecs (HTTP/1.1 200) 4 headers in 159 bytes (1 switches on core 0) [pid: 7|app: 0|req: 1924/3567] 10.0.0.244 () {28 vars in 580 bytes} [Sat Aug 8 07:10:20 2026] GET /v2.0/agents => generated 1214 bytes in 11 msecs (HTTP/1.1 200) 4 headers in 158 bytes (1 switches on core 0) [pid: 8|app: 0|req: 1644/3568] 10.0.0.244 () {28 vars in 584 bytes} [Sat Aug 8 07:10:20 2026] GET /v2.0/networks => generated 2174 bytes in 51 msecs (HTTP/1.1 200) 4 headers in 158 bytes (1 switches on core 0) [pid: 7|app: 0|req: 1925/3569] 10.0.0.244 () {28 vars in 582 bytes} [Sat Aug 8 07:10:20 2026] GET /v2.0/subnets => generated 1308 bytes in 30 msecs (HTTP/1.1 200) 4 headers in 158 bytes (1 switches on core 0) [pid: 8|app: 0|req: 1645/3570] 10.0.0.244 () {28 vars in 590 bytes} [Sat Aug 8 07:10:20 2026] GET /v2.0/subnetpools => generated 19 bytes in 10 msecs (HTTP/1.1 200) 4 headers in 156 bytes (1 switches on core 0) [pid: 7|app: 0|req: 1926/3571] 10.0.0.244 () {28 vars in 590 bytes} [Sat Aug 8 07:10:20 2026] GET /v2.0/floatingips => generated 19 bytes in 17 msecs (HTTP/1.1 200) 4 headers in 156 bytes (1 switches on core 0) [pid: 8|app: 0|req: 1646/3572] 10.0.0.244 () {28 vars in 582 bytes} [Sat Aug 8 07:10:20 2026] GET /v2.0/subnets => generated 1308 bytes in 35 msecs (HTTP/1.1 200) 4 headers in 158 bytes (1 switches on core 0) [pid: 7|app: 0|req: 1927/3573] 10.0.0.244 () {28 vars in 582 bytes} [Sat Aug 8 07:10:20 2026] GET /v2.0/routers => generated 15 bytes in 19 msecs (HTTP/1.1 200) 4 headers in 156 bytes (1 switches on core 0) [pid: 8|app: 0|req: 1647/3574] 10.0.0.244 () {28 vars in 623 bytes} [Sat Aug 8 07:10:20 2026] GET /v2.0/agents?binary=ovn-controller => generated 416 bytes in 14 msecs (HTTP/1.1 200) 4 headers in 157 bytes (1 switches on core 0) [pid: 7|app: 0|req: 1928/3575] 10.0.0.244 () {28 vars in 618 bytes} [Sat Aug 8 07:10:21 2026] GET /v2.0/network-ip-availabilities => generated 1104 bytes in 17 msecs (HTTP/1.1 200) 4 headers in 158 bytes (1 switches on core 0) [pid: 8|app: 0|req: 1648/3576] 10.0.0.244 () {28 vars in 578 bytes} [Sat Aug 8 07:10:21 2026] GET /v2.0/ports => generated 5175 bytes in 50 msecs (HTTP/1.1 200) 4 headers in 158 bytes (1 switches on core 0)
2026-08-08 07:10:23.802 7 INFO neutron.db.ovn_revision_numbers_db [None req-64d631e6-8739-4020-9329-987d570b1cf6 4ea9644f4cfc444693bd39a6f8f943b8 54edd6fa28be4f6d82c68ffbb0a9473c - - default default] Successfully bumped revision number for resource dfeeb834-8cb4-4353-96ac-d8f839f8a245 (type: security_groups) to 1
2026-08-08 07:10:23.816 7 INFO neutron.db.ovn_revision_numbers_db [None req-64d631e6-8739-4020-9329-987d570b1cf6 4ea9644f4cfc444693bd39a6f8f943b8 54edd6fa28be4f6d82c68ffbb0a9473c - - default default] Successfully bumped revision number for resource 6c2633dc-b976-4d04-a0a0-c57c5e291ea6 (type: security_group_rules) to 0
2026-08-08 07:10:23.833 7 INFO neutron.db.ovn_revision_numbers_db [None req-64d631e6-8739-4020-9329-987d570b1cf6 4ea9644f4cfc444693bd39a6f8f943b8 54edd6fa28be4f6d82c68ffbb0a9473c - - default default] Successfully bumped revision number for resource c3d95983-0ad2-4b6b-9076-bd2bbf4650e0 (type: security_group_rules) to 0
2026-08-08 07:10:23.846 7 INFO neutron.db.ovn_revision_numbers_db [None req-64d631e6-8739-4020-9329-987d570b1cf6 4ea9644f4cfc444693bd39a6f8f943b8 54edd6fa28be4f6d82c68ffbb0a9473c - - default default] Successfully bumped revision number for resource d188a212-f795-4c11-a5f1-4ff4a86a6c60 (type: security_group_rules) to 0
2026-08-08 07:10:23.860 7 INFO neutron.db.ovn_revision_numbers_db [None req-64d631e6-8739-4020-9329-987d570b1cf6 4ea9644f4cfc444693bd39a6f8f943b8 54edd6fa28be4f6d82c68ffbb0a9473c - - default default] Successfully bumped revision number for resource e9cf6bf7-bfec-4b6f-94b9-97dd57d729cb (type: security_group_rules) to 0
2026-08-08 07:10:23.934 7 INFO neutron.db.segments_db [None req-64d631e6-8739-4020-9329-987d570b1cf6 4ea9644f4cfc444693bd39a6f8f943b8 54edd6fa28be4f6d82c68ffbb0a9473c - - default default] Added segment 8cd9dba9-5a7f-4d6f-8fe3-e2d3560dcdca of type geneve for network 3ac49a16-ebd8-4da8-abb9-991afb46a2aa
2026-08-08 07:10:24.052 7 INFO neutron.db.ovn_revision_numbers_db [None req-64d631e6-8739-4020-9329-987d570b1cf6 4ea9644f4cfc444693bd39a6f8f943b8 54edd6fa28be4f6d82c68ffbb0a9473c - - default default] Successfully bumped revision number for resource 3ac49a16-ebd8-4da8-abb9-991afb46a2aa (type: networks) to 1
2026-08-08 07:10:24.208 7 WARNING neutron.scheduler.dhcp_agent_scheduler [None req-64d631e6-8739-4020-9329-987d570b1cf6 4ea9644f4cfc444693bd39a6f8f943b8 54edd6fa28be4f6d82c68ffbb0a9473c - - default default] No more DHCP agents
2026-08-08 07:10:24.210 7 WARNING neutron.api.rpc.agentnotifiers.dhcp_rpc_agent_api [None req-64d631e6-8739-4020-9329-987d570b1cf6 4ea9644f4cfc444693bd39a6f8f943b8 54edd6fa28be4f6d82c68ffbb0a9473c - - default default] Unable to schedule network 3ac49a16-ebd8-4da8-abb9-991afb46a2aa: no agents available; will retry on subsequent port and subnet creation events.
2026-08-08 07:10:24.278 8 INFO neutron.plugins.ml2.drivers.ovn.mech_driver.mech_driver [None req-45e4be2d-3734-48a6-a46e-a427d46c54c6 - - - - - -] OVN reports status down for port: f5d75cbd-d80a-43b1-b7d0-2266b578842b
2026-08-08 07:10:24.311 7 INFO neutron.db.ovn_revision_numbers_db [None req-64d631e6-8739-4020-9329-987d570b1cf6 4ea9644f4cfc444693bd39a6f8f943b8 54edd6fa28be4f6d82c68ffbb0a9473c - - default default] Successfully bumped revision number for resource f5d75cbd-d80a-43b1-b7d0-2266b578842b (type: ports) to 1 [pid: 7|app: 0|req: 1929/3577] 10.0.0.199 () {34 vars in 669 bytes} [Sat Aug 8 07:10:23 2026] POST /v2.0/networks => generated 729 bytes in 917 msecs (HTTP/1.1 201) 4 headers in 162 bytes (1 switches on core 0)
2026-08-08 07:10:24.484 8 WARNING neutron.scheduler.dhcp_agent_scheduler [None req-e12f2379-8be9-40f1-bd43-6e3b7ea15a3c 4ea9644f4cfc444693bd39a6f8f943b8 54edd6fa28be4f6d82c68ffbb0a9473c - - default default] No more DHCP agents
2026-08-08 07:10:24.485 8 WARNING neutron.api.rpc.agentnotifiers.dhcp_rpc_agent_api [None req-e12f2379-8be9-40f1-bd43-6e3b7ea15a3c 4ea9644f4cfc444693bd39a6f8f943b8 54edd6fa28be4f6d82c68ffbb0a9473c - - default default] Unable to schedule network 3ac49a16-ebd8-4da8-abb9-991afb46a2aa: no agents available; will retry on subsequent port and subnet creation events.
2026-08-08 07:10:24.926 8 INFO neutron.db.ovn_revision_numbers_db [None req-672bc24c-0b80-49c2-aa62-956d78eaf567 - - - - - -] Successfully bumped revision number for resource f5d75cbd-d80a-43b1-b7d0-2266b578842b (type: ports) to 2
2026-08-08 07:10:24.964 8 INFO neutron.db.ovn_revision_numbers_db [None req-672bc24c-0b80-49c2-aa62-956d78eaf567 - - - - - -] Successfully bumped revision number for resource 5fed03e2-2f91-49d6-9fe4-bf48ef7deb8d (type: subnets) to 0 [pid: 8|app: 0|req: 1649/3578] 10.0.0.199 () {34 vars in 668 bytes} [Sat Aug 8 07:10:24 2026] POST /v2.0/subnets => generated 644 bytes in 638 msecs (HTTP/1.1 201) 4 headers in 162 bytes (1 switches on core 0)
2026-08-08 07:10:24.989 7 WARNING neutron.api.v2.base [None req-a49ba173-b305-419b-9785-11f8286290de 4ea9644f4cfc444693bd39a6f8f943b8 54edd6fa28be4f6d82c68ffbb0a9473c - - default default] An exception happened while processing the request body. The exception message is [Invalid input for target_tenant. Reason: 'None' is not a valid string.].: webob.exc.HTTPBadRequest: Invalid input for target_tenant. Reason: 'None' is not a valid string.
2026-08-08 07:10:24.989 7 INFO neutron.api.v2.resource [None req-a49ba173-b305-419b-9785-11f8286290de 4ea9644f4cfc444693bd39a6f8f943b8 54edd6fa28be4f6d82c68ffbb0a9473c - - default default] create failed (client error): Invalid input for target_tenant. Reason: 'None' is not a valid string. [pid: 7|app: 0|req: 1930/3579] 10.0.0.199 () {34 vars in 680 bytes} [Sat Aug 8 07:10:24 2026] POST /v2.0/rbac-policies => generated 143 bytes in 6 msecs (HTTP/1.1 400) 4 headers in 166 bytes (1 switches on core 0)
2026-08-08 07:10:25.125 8 INFO neutron_taas.services.taas.taas_plugin [None req-eafd45c2-995f-44df-91d7-5752b67b0bf9 4ea9644f4cfc444693bd39a6f8f943b8 54edd6fa28be4f6d82c68ffbb0a9473c - - default default] TaaS: Handle Delete Port: f5d75cbd-d80a-43b1-b7d0-2266b578842b
2026-08-08 07:10:25.128 8 INFO neutron_taas.services.taas.tap_mirror_plugin [None req-eafd45c2-995f-44df-91d7-5752b67b0bf9 4ea9644f4cfc444693bd39a6f8f943b8 54edd6fa28be4f6d82c68ffbb0a9473c - - default default] Tap Mirror: Handle Delete Port: f5d75cbd-d80a-43b1-b7d0-2266b578842b
2026-08-08 07:10:25.437 8 INFO neutron.services.segments.plugin [-] Segment 8cd9dba9-5a7f-4d6f-8fe3-e2d3560dcdca resource provider aggregate not found
2026-08-08 07:10:25.444 8 INFO neutron.services.segments.plugin [-] Segment 8cd9dba9-5a7f-4d6f-8fe3-e2d3560dcdca resource provider aggregate not found
2026-08-08 07:10:25.465 8 INFO neutron.services.segments.plugin [-] Client error retrieving segment 8cd9dba9-5a7f-4d6f-8fe3-e2d3560dcdca resource provider; error: Placement Client Error (4xx): {"errors": [{"status": 404, "title": "Not Found", "detail": "The resource could not be found.\n\n No resource provider with uuid 8cd9dba9-5a7f-4d6f-8fe3-e2d3560dcdca found for delete ", "request_id": "req-0eba6eeb-589b-4c1a-9bff-706607a3d2b2"}]}
