2026-08-08 07:02:56.809 8 INFO neutron_taas.services.taas.tap_mirror_plugin [None req-da22f0c4-a32f-4039-b2db-09c2e7cda54e 3e69bd8a1cd94f329f91904dfe615988 5e9d4e945b734d08a43b791560ccbaa3 - - default default] Tap Mirror: Handle Delete Port: 278d4ccd-b6fb-4c22-9d02-6ff65d8ad50e
2026-08-08 07:02:56.852 7 WARNING neutron.scheduler.dhcp_agent_scheduler [None req-b8e4cc03-ebb1-4dec-bea9-7250d8aa0726 15699e79f15546bfb75df513f5cfd975 fe4d8e9912fc420788bf8f51977fc2dc - - default default] No more DHCP agents
2026-08-08 07:02:56.853 7 WARNING neutron.api.rpc.agentnotifiers.dhcp_rpc_agent_api [None req-b8e4cc03-ebb1-4dec-bea9-7250d8aa0726 15699e79f15546bfb75df513f5cfd975 fe4d8e9912fc420788bf8f51977fc2dc - - default default] Unable to schedule network e66c3bfc-bdcb-447f-955c-e1758f080744: no agents available; will retry on subsequent port and subnet creation events.
2026-08-08 07:02:57.022 8 INFO neutron.services.segments.plugin [-] Segment 01d423be-0415-48df-8713-4be3a8037493 resource provider aggregate not found
2026-08-08 07:02:57.024 8 INFO neutron.services.segments.plugin [-] Segment 01d423be-0415-48df-8713-4be3a8037493 resource provider aggregate not found
2026-08-08 07:02:57.040 8 INFO neutron.services.segments.plugin [-] Client error retrieving segment 01d423be-0415-48df-8713-4be3a8037493 resource provider; error: Placement Client Error (4xx): {"errors": [{"status": 404, "title": "Not Found", "detail": "The resource could not be found.\n\n No resource provider with uuid 01d423be-0415-48df-8713-4be3a8037493 found for delete ", "request_id": "req-f2ad47a2-e647-470c-ab00-b4028c002827"}]}
2026-08-08 07:02:57.047 8 INFO neutron.services.segments.plugin [-] Client error retrieving segment 01d423be-0415-48df-8713-4be3a8037493 resource provider; error: Placement Client Error (4xx): {"errors": [{"status": 404, "title": "Not Found", "detail": "The resource could not be found.\n\n No resource provider with uuid 01d423be-0415-48df-8713-4be3a8037493 found for delete ", "request_id": "req-95e70d7d-2245-499a-b10f-55dcb55cf72b"}]} [pid: 8|app: 0|req: 802/1860] 10.0.0.199 () {32 vars in 725 bytes} [Sat Aug 8 07:02:56 2026] DELETE /v2.0/networks/03a12a69-1872-40f3-9c72-910a503461ad => generated 0 bytes in 394 msecs (HTTP/1.1 204) 3 headers in 131 bytes (1 switches on core 0) [pid: 7|app: 0|req: 1059/1861] 10.0.0.199 () {34 vars in 675 bytes} [Sat Aug 8 07:02:56 2026] POST /v2.0/floatingips => generated 552 bytes in 553 msecs (HTTP/1.1 201) 4 headers in 162 bytes (1 switches on core 0)
2026-08-08 07:02:57.216 8 INFO neutron_taas.services.taas.taas_plugin [None req-2b7c764f-b840-4c0c-96a3-14202c353258 3e69bd8a1cd94f329f91904dfe615988 5e9d4e945b734d08a43b791560ccbaa3 - - default default] TaaS: Handle Delete Port: 970d3b87-cf5b-418d-b3bc-f59bfb748928
2026-08-08 07:02:57.219 8 INFO neutron_taas.services.taas.tap_mirror_plugin [None req-2b7c764f-b840-4c0c-96a3-14202c353258 3e69bd8a1cd94f329f91904dfe615988 5e9d4e945b734d08a43b791560ccbaa3 - - default default] Tap Mirror: Handle Delete Port: 970d3b87-cf5b-418d-b3bc-f59bfb748928 [pid: 7|app: 0|req: 1060/1862] 10.0.0.199 () {34 vars in 758 bytes} [Sat Aug 8 07:02:57 2026] PUT /v2.0/floatingips/b7f7642b-0201-40b9-a329-d59fe315124c/tags => generated 17 bytes in 68 msecs (HTTP/1.1 200) 4 headers in 156 bytes (1 switches on core 0) [pid: 7|app: 0|req: 1061/1863] 10.0.0.199 () {34 vars in 758 bytes} [Sat Aug 8 07:02:57 2026] PUT /v2.0/floatingips/14457d60-ed5a-4fbf-8d4a-29b4f3d69471/tags => generated 25 bytes in 55 msecs (HTTP/1.1 200) 4 headers in 156 bytes (1 switches on core 0) [pid: 7|app: 0|req: 1062/1864] 10.0.0.199 () {34 vars in 758 bytes} [Sat Aug 8 07:02:57 2026] PUT /v2.0/floatingips/1f4a3c81-0156-43e6-b9de-29a656e14ecb/tags => generated 34 bytes in 82 msecs (HTTP/1.1 200) 4 headers in 156 bytes (1 switches on core 0) [pid: 7|app: 0|req: 1063/1865] 10.0.0.199 () {34 vars in 758 bytes} [Sat Aug 8 07:02:57 2026] PUT /v2.0/floatingips/7b380c8e-4dbe-43da-97bc-45cf9746c4cc/tags => generated 19 bytes in 90 msecs (HTTP/1.1 200) 4 headers in 156 bytes (1 switches on core 0) [pid: 8|app: 0|req: 803/1866] 10.0.0.199 () {32 vars in 725 bytes} [Sat Aug 8 07:02:57 2026] DELETE /v2.0/networks/e82592ae-9ec5-4d20-bc84-ee1e2a51224b => generated 0 bytes in 401 msecs (HTTP/1.1 204) 3 headers in 131 bytes (1 switches on core 0) [pid: 7|app: 0|req: 1064/1867] 10.0.0.199 () {32 vars in 671 bytes} [Sat Aug 8 07:02:57 2026] GET /v2.0/floatingips?tags=red => generated 1671 bytes in 58 msecs (HTTP/1.1 200) 4 headers in 158 bytes (1 switches on core 0) [pid: 8|app: 0|req: 804/1868] 10.0.0.199 () {32 vars in 685 bytes} [Sat Aug 8 07:02:57 2026] GET /v2.0/floatingips?tags=red%2Cblue => generated 1128 bytes in 51 msecs (HTTP/1.1 200) 4 headers in 158 bytes (1 switches on core 0) [pid: 7|app: 0|req: 1065/1869] 10.0.0.199 () {32 vars in 681 bytes} [Sat Aug 8 07:02:57 2026] GET /v2.0/floatingips?tags-any=blue => generated 1128 bytes in 60 msecs (HTTP/1.1 200) 4 headers in 158 bytes (1 switches on core 0) [pid: 8|app: 0|req: 805/1870] 10.0.0.199 () {32 vars in 693 bytes} [Sat Aug 8 07:02:57 2026] GET /v2.0/floatingips?tags-any=red%2Cblue => generated 1671 bytes in 54 msecs (HTTP/1.1 200) 4 headers in 158 bytes (1 switches on core 0) [pid: 7|app: 0|req: 1066/1871] 10.0.0.199 () {32 vars in 679 bytes} [Sat Aug 8 07:02:57 2026] GET /v2.0/floatingips?not-tags=red => generated 1100 bytes in 48 msecs (HTTP/1.1 200) 4 headers in 158 bytes (1 switches on core 0) [pid: 8|app: 0|req: 806/1872] 10.0.0.199 () {32 vars in 693 bytes} [Sat Aug 8 07:02:57 2026] GET /v2.0/floatingips?not-tags=red%2Cblue => generated 1643 bytes in 59 msecs (HTTP/1.1 200) 4 headers in 158 bytes (1 switches on core 0) [pid: 7|app: 0|req: 1067/1873] 10.0.0.199 () {32 vars in 689 bytes} [Sat Aug 8 07:02:57 2026] GET /v2.0/floatingips?not-tags-any=blue => generated 1643 bytes in 52 msecs (HTTP/1.1 200) 4 headers in 158 bytes (1 switches on core 0) [pid: 8|app: 0|req: 807/1874] 10.0.0.199 () {32 vars in 701 bytes} [Sat Aug 8 07:02:57 2026] GET /v2.0/floatingips?not-tags-any=red%2Cblue => generated 1100 bytes in 49 msecs (HTTP/1.1 200) 4 headers in 158 bytes (1 switches on core 0)
2026-08-08 07:02:58.084 7 INFO neutron_taas.services.taas.taas_plugin [None req-7ac419b4-7433-49ea-a62a-4e10e5aefefe 15699e79f15546bfb75df513f5cfd975 fe4d8e9912fc420788bf8f51977fc2dc - - default default] TaaS: Handle Delete Port: 241e6bf0-d1ea-46a1-97bb-9dad78390ac0
2026-08-08 07:02:58.086 7 INFO neutron_taas.services.taas.tap_mirror_plugin [None req-7ac419b4-7433-49ea-a62a-4e10e5aefefe 15699e79f15546bfb75df513f5cfd975 fe4d8e9912fc420788bf8f51977fc2dc - - default default] Tap Mirror: Handle Delete Port: 241e6bf0-d1ea-46a1-97bb-9dad78390ac0 [pid: 7|app: 0|req: 1068/1875] 10.0.0.199 () {32 vars in 731 bytes} [Sat Aug 8 07:02:57 2026] DELETE /v2.0/floatingips/b7f7642b-0201-40b9-a329-d59fe315124c => generated 0 bytes in 250 msecs (HTTP/1.1 204) 2 headers in 112 bytes (1 switches on core 0)
2026-08-08 07:02:58.328 7 INFO neutron_taas.services.taas.taas_plugin [None req-1e8f5faf-61c0-4377-8c3d-9b30c00976de 15699e79f15546bfb75df513f5cfd975 fe4d8e9912fc420788bf8f51977fc2dc - - default default] TaaS: Handle Delete Port: b7e02fa6-039e-4550-9b4a-d0ed54708ee5
2026-08-08 07:02:58.331 7 INFO neutron_taas.services.taas.tap_mirror_plugin [None req-1e8f5faf-61c0-4377-8c3d-9b30c00976de 15699e79f15546bfb75df513f5cfd975 fe4d8e9912fc420788bf8f51977fc2dc - - default default] Tap Mirror: Handle Delete Port: b7e02fa6-039e-4550-9b4a-d0ed54708ee5 [pid: 8|app: 0|req: 808/1876] 10.0.0.199 () {32 vars in 773 bytes} [Sat Aug 8 07:02:58 2026] GET /v2.0/security-groups?tenant_id=5e9d4e945b734d08a43b791560ccbaa3&name=default => generated 2925 bytes in 216 msecs (HTTP/1.1 200) 4 headers in 158 bytes (1 switches on core 0) [pid: 7|app: 0|req: 1069/1877] 10.0.0.199 () {32 vars in 731 bytes} [Sat Aug 8 07:02:58 2026] DELETE /v2.0/floatingips/14457d60-ed5a-4fbf-8d4a-29b4f3d69471 => generated 0 bytes in 256 msecs (HTTP/1.1 204) 2 headers in 112 bytes (1 switches on core 0) [pid: 8|app: 0|req: 809/1878] 10.0.0.199 () {32 vars in 739 bytes} [Sat Aug 8 07:02:58 2026] DELETE /v2.0/security-groups/17a3d737-60e0-40d6-a291-bd8c09b55a08 => generated 0 bytes in 300 msecs (HTTP/1.1 204) 2 headers in 112 bytes (1 switches on core 0)
2026-08-08 07:02:58.740 7 INFO neutron.db.ovn_revision_numbers_db [None req-ef08064f-8359-4986-a16e-422a6167f8a2 b9e3f86606784c34846714a144e5b68d 33afd87702be40838459621cb5e565ff - - default default] Successfully bumped revision number for resource 6abba16d-575c-433b-8e89-ddb1a637c8d8 (type: security_groups) to 1
2026-08-08 07:02:58.751 7 INFO neutron.db.ovn_revision_numbers_db [None req-ef08064f-8359-4986-a16e-422a6167f8a2 b9e3f86606784c34846714a144e5b68d 33afd87702be40838459621cb5e565ff - - default default] Successfully bumped revision number for resource 29f082c0-ecee-459e-91d8-6889f5e4e90a (type: security_group_rules) to 0
2026-08-08 07:02:58.762 7 INFO neutron.db.ovn_revision_numbers_db [None req-ef08064f-8359-4986-a16e-422a6167f8a2 b9e3f86606784c34846714a144e5b68d 33afd87702be40838459621cb5e565ff - - default default] Successfully bumped revision number for resource 55e2278f-3f05-430f-b5be-5d067409565f (type: security_group_rules) to 0
2026-08-08 07:02:58.772 7 INFO neutron.db.ovn_revision_numbers_db [None req-ef08064f-8359-4986-a16e-422a6167f8a2 b9e3f86606784c34846714a144e5b68d 33afd87702be40838459621cb5e565ff - - default default] Successfully bumped revision number for resource 8f32f38a-c530-42cf-9441-67964dece1e6 (type: security_group_rules) to 0
2026-08-08 07:02:58.783 7 INFO neutron.db.ovn_revision_numbers_db [None req-ef08064f-8359-4986-a16e-422a6167f8a2 b9e3f86606784c34846714a144e5b68d 33afd87702be40838459621cb5e565ff - - default default] Successfully bumped revision number for resource ff3a04f2-31d8-40e9-bb24-a2b5eece97e5 (type: security_group_rules) to 0 [pid: 7|app: 0|req: 1070/1879] 10.0.0.199 () {32 vars in 773 bytes} [Sat Aug 8 07:02:58 2026] GET /v2.0/security-groups?tenant_id=cada01e5947e4e10be2be30d716597e3&name=default => generated 2925 bytes in 342 msecs (HTTP/1.1 200) 4 headers in 158 bytes (1 switches on core 0)
2026-08-08 07:02:58.850 8 INFO neutron_taas.services.taas.taas_plugin [None req-825387af-9180-43c2-b3d1-8866a15de573 15699e79f15546bfb75df513f5cfd975 fe4d8e9912fc420788bf8f51977fc2dc - - default default] TaaS: Handle Delete Port: 6330936d-ef37-4513-abe9-94c69294fe90
2026-08-08 07:02:58.853 8 INFO neutron_taas.services.taas.tap_mirror_plugin [None req-825387af-9180-43c2-b3d1-8866a15de573 15699e79f15546bfb75df513f5cfd975 fe4d8e9912fc420788bf8f51977fc2dc - - default default] Tap Mirror: Handle Delete Port: 6330936d-ef37-4513-abe9-94c69294fe90
2026-08-08 07:02:58.969 7 INFO neutron.db.ovn_revision_numbers_db [None req-7518f6d8-c76a-432b-b6af-37914c7752ae b9e3f86606784c34846714a144e5b68d 33afd87702be40838459621cb5e565ff - - default default] Successfully bumped revision number for resource 09f81359-fbfb-49da-a3e9-8a0bd5bd05aa (type: security_groups) to 1
2026-08-08 07:02:58.979 7 INFO neutron.db.ovn_revision_numbers_db [None req-7518f6d8-c76a-432b-b6af-37914c7752ae b9e3f86606784c34846714a144e5b68d 33afd87702be40838459621cb5e565ff - - default default] Successfully bumped revision number for resource 21e43694-3fc5-4ae1-9b86-a8505d6c946a (type: security_group_rules) to 0
2026-08-08 07:02:58.989 7 INFO neutron.db.ovn_revision_numbers_db [None req-7518f6d8-c76a-432b-b6af-37914c7752ae b9e3f86606784c34846714a144e5b68d 33afd87702be40838459621cb5e565ff - - default default] Successfully bumped revision number for resource 383c7030-db4b-44ec-9935-1c0153d24a42 (type: security_group_rules) to 0
2026-08-08 07:02:58.999 7 INFO neutron.db.ovn_revision_numbers_db [None req-7518f6d8-c76a-432b-b6af-37914c7752ae b9e3f86606784c34846714a144e5b68d 33afd87702be40838459621cb5e565ff - - default default] Successfully bumped revision number for resource 8498d693-73e0-4f06-a477-9504cff63be7 (type: security_group_rules) to 0
2026-08-08 07:02:59.010 7 INFO neutron.db.ovn_revision_numbers_db [None req-7518f6d8-c76a-432b-b6af-37914c7752ae b9e3f86606784c34846714a144e5b68d 33afd87702be40838459621cb5e565ff - - default default] Successfully bumped revision number for resource f178e88c-6710-4977-8dc9-c91f50799b56 (type: security_group_rules) to 0 [pid: 8|app: 0|req: 810/1880] 10.0.0.199 () {32 vars in 731 bytes} [Sat Aug 8 07:02:58 2026] DELETE /v2.0/floatingips/1f4a3c81-0156-43e6-b9de-29a656e14ecb => generated 0 bytes in 324 msecs (HTTP/1.1 204) 2 headers in 112 bytes (1 switches on core 0) [pid: 7|app: 0|req: 1071/1881] 10.0.0.199 () {32 vars in 773 bytes} [Sat Aug 8 07:02:58 2026] GET /v2.0/security-groups?tenant_id=95a6211403ec44879864b362642b7c2a&name=default => generated 2925 bytes in 222 msecs (HTTP/1.1 200) 4 headers in 158 bytes (1 switches on core 0)
2026-08-08 07:02:59.069 8 INFO neutron.services.segments.plugin [-] Segment 661a7090-e69f-41b6-92aa-8183239b59b0 resource provider aggregate not found
2026-08-08 07:02:59.070 8 INFO neutron.services.segments.plugin [-] Segment 661a7090-e69f-41b6-92aa-8183239b59b0 resource provider aggregate not found
2026-08-08 07:02:59.093 8 INFO neutron.services.segments.plugin [-] Client error retrieving segment 661a7090-e69f-41b6-92aa-8183239b59b0 resource provider; error: Placement Client Error (4xx): {"errors": [{"status": 404, "title": "Not Found", "detail": "The resource could not be found.\n\n No resource provider with uuid 661a7090-e69f-41b6-92aa-8183239b59b0 found for delete ", "request_id": "req-cede1a39-6d1e-4692-98ca-5324eecb78bf"}]}
2026-08-08 07:02:59.095 8 INFO neutron.services.segments.plugin [-] Client error retrieving segment 661a7090-e69f-41b6-92aa-8183239b59b0 resource provider; error: Placement Client Error (4xx): {"errors": [{"status": 404, "title": "Not Found", "detail": "The resource could not be found.\n\n No resource provider with uuid 661a7090-e69f-41b6-92aa-8183239b59b0 found for delete ", "request_id": "req-6f2fdec2-25e3-43fa-95ff-03b1f04fc33f"}]}
2026-08-08 07:02:59.153 7 INFO neutron_taas.services.taas.taas_plugin [None req-1f74e085-2983-4b3f-9b3d-d777e0f05c7b 15699e79f15546bfb75df513f5cfd975 fe4d8e9912fc420788bf8f51977fc2dc - - default default] TaaS: Handle Delete Port: 7c676828-267e-4f52-b2bf-e8ab24b56341
2026-08-08 07:02:59.158 7 INFO neutron_taas.services.taas.tap_mirror_plugin [None req-1f74e085-2983-4b3f-9b3d-d777e0f05c7b 15699e79f15546bfb75df513f5cfd975 fe4d8e9912fc420788bf8f51977fc2dc - - default default] Tap Mirror: Handle Delete Port: 7c676828-267e-4f52-b2bf-e8ab24b56341 [pid: 8|app: 0|req: 811/1882] 10.0.0.199 () {32 vars in 739 bytes} [Sat Aug 8 07:02:59 2026] DELETE /v2.0/security-groups/6abba16d-575c-433b-8e89-ddb1a637c8d8 => generated 0 bytes in 299 msecs (HTTP/1.1 204) 2 headers in 112 bytes (1 switches on core 0) [pid: 7|app: 0|req: 1072/1883] 10.0.0.199 () {32 vars in 731 bytes} [Sat Aug 8 07:02:59 2026] DELETE /v2.0/floatingips/7b380c8e-4dbe-43da-97bc-45cf9746c4cc => generated 0 bytes in 311 msecs (HTTP/1.1 204) 2 headers in 112 bytes (1 switches on core 0)
2026-08-08 07:02:59.555 7 INFO neutron_taas.services.taas.taas_plugin [None req-87aea1ea-58e8-4718-9c74-fe17ab8a7845 15699e79f15546bfb75df513f5cfd975 fe4d8e9912fc420788bf8f51977fc2dc - - default default] TaaS: Handle Delete Port: 8d94acf4-2a02-4cda-b877-1155a29ab55b
2026-08-08 07:02:59.561 7 INFO neutron_taas.services.taas.tap_mirror_plugin [None req-87aea1ea-58e8-4718-9c74-fe17ab8a7845 15699e79f15546bfb75df513f5cfd975 fe4d8e9912fc420788bf8f51977fc2dc - - default default] Tap Mirror: Handle Delete Port: 8d94acf4-2a02-4cda-b877-1155a29ab55b [pid: 8|app: 0|req: 812/1884] 10.0.0.199 () {32 vars in 739 bytes} [Sat Aug 8 07:02:59 2026] DELETE /v2.0/security-groups/09f81359-fbfb-49da-a3e9-8a0bd5bd05aa => generated 0 bytes in 374 msecs (HTTP/1.1 204) 2 headers in 112 bytes (1 switches on core 0) [pid: 7|app: 0|req: 1073/1885] 10.0.0.199 () {32 vars in 731 bytes} [Sat Aug 8 07:02:59 2026] DELETE /v2.0/floatingips/fede41f4-a4c2-4904-92ff-1ab0b249205b => generated 0 bytes in 400 msecs (HTTP/1.1 204) 2 headers in 112 bytes (1 switches on core 0)
2026-08-08 07:03:00.837 8 INFO neutron.db.ovn_revision_numbers_db [None req-78a90404-fdf6-44a7-94a3-961daba35171 b9e3f86606784c34846714a144e5b68d 33afd87702be40838459621cb5e565ff - - default default] Successfully bumped revision number for resource 6066b3b8-b1ec-4d15-aca1-2e7e15eec893 (type: security_groups) to 1
2026-08-08 07:03:00.847 8 INFO neutron.db.ovn_revision_numbers_db [None req-78a90404-fdf6-44a7-94a3-961daba35171 b9e3f86606784c34846714a144e5b68d 33afd87702be40838459621cb5e565ff - - default default] Successfully bumped revision number for resource 6d0ed732-9756-4777-b9e1-8840913bf37e (type: security_group_rules) to 0
2026-08-08 07:03:00.859 8 INFO neutron.db.ovn_revision_numbers_db [None req-78a90404-fdf6-44a7-94a3-961daba35171 b9e3f86606784c34846714a144e5b68d 33afd87702be40838459621cb5e565ff - - default default] Successfully bumped revision number for resource 9bc09f9e-07ce-4471-b71a-36c132818e58 (type: security_group_rules) to 0
2026-08-08 07:03:00.869 8 INFO neutron.db.ovn_revision_numbers_db [None req-78a90404-fdf6-44a7-94a3-961daba35171 b9e3f86606784c34846714a144e5b68d 33afd87702be40838459621cb5e565ff - - default default] Successfully bumped revision number for resource bc60e992-4ab5-4f23-8156-eb2b8a9b2c13 (type: security_group_rules) to 0
2026-08-08 07:03:00.881 8 INFO neutron.db.ovn_revision_numbers_db [None req-78a90404-fdf6-44a7-94a3-961daba35171 b9e3f86606784c34846714a144e5b68d 33afd87702be40838459621cb5e565ff - - default default] Successfully bumped revision number for resource fa7626b3-be8d-4a4e-83b9-8d4a72531c25 (type: security_group_rules) to 0 [pid: 8|app: 0|req: 813/1886] 10.0.0.199 () {32 vars in 773 bytes} [Sat Aug 8 07:03:00 2026] GET /v2.0/security-groups?tenant_id=449d226be1af42909af9718ffd6f4257&name=default => generated 2925 bytes in 378 msecs (HTTP/1.1 200) 4 headers in 158 bytes (1 switches on core 0) [pid: 7|app: 0|req: 1074/1887] 10.0.0.199 () {32 vars in 739 bytes} [Sat Aug 8 07:03:00 2026] DELETE /v2.0/security-groups/6066b3b8-b1ec-4d15-aca1-2e7e15eec893 => generated 0 bytes in 324 msecs (HTTP/1.1 204) 2 headers in 112 bytes (1 switches on core 0)
2026-08-08 07:03:01.513 8 INFO neutron.db.ovn_revision_numbers_db [None req-3f1a0bd3-bddf-4ae2-8f8f-6aa5f7c896dd 21d03defcac04142b80fa63bc4a129d7 a18afc8383314a73bbc97dc5ba543609 - - default default] Successfully bumped revision number for resource 9f1dae85-7c88-44a3-9d6c-6389ab904887 (type: security_groups) to 1
2026-08-08 07:03:01.531 8 INFO neutron.db.ovn_revision_numbers_db [None req-3f1a0bd3-bddf-4ae2-8f8f-6aa5f7c896dd 21d03defcac04142b80fa63bc4a129d7 a18afc8383314a73bbc97dc5ba543609 - - default default] Successfully bumped revision number for resource 6a029a8b-2e84-4432-b86d-9c2a4a17c9fd (type: security_group_rules) to 0
2026-08-08 07:03:01.548 8 INFO neutron.db.ovn_revision_numbers_db [None req-3f1a0bd3-bddf-4ae2-8f8f-6aa5f7c896dd 21d03defcac04142b80fa63bc4a129d7 a18afc8383314a73bbc97dc5ba543609 - - default default] Successfully bumped revision number for resource 7c3f300d-4f73-4a87-855d-79f2e1ee1240 (type: security_group_rules) to 0
2026-08-08 07:03:01.564 8 INFO neutron.db.ovn_revision_numbers_db [None req-3f1a0bd3-bddf-4ae2-8f8f-6aa5f7c896dd 21d03defcac04142b80fa63bc4a129d7 a18afc8383314a73bbc97dc5ba543609 - - default default] Successfully bumped revision number for resource 87371730-d0dc-404f-86f2-0c0493b624a7 (type: security_group_rules) to 0
2026-08-08 07:03:01.588 7 INFO neutron.db.ovn_revision_numbers_db [None req-7897287c-9e5a-48d1-b7a9-46c42dda53a8 b9e3f86606784c34846714a144e5b68d 33afd87702be40838459621cb5e565ff - - default default] Successfully bumped revision number for resource bc1aa9d7-1867-4d79-ad59-9dbae09b247c (type: security_groups) to 1
2026-08-08 07:03:01.588 8 INFO neutron.db.ovn_revision_numbers_db [None req-3f1a0bd3-bddf-4ae2-8f8f-6aa5f7c896dd 21d03defcac04142b80fa63bc4a129d7 a18afc8383314a73bbc97dc5ba543609 - - default default] Successfully bumped revision number for resource ab895fa6-5c0a-41da-bf3d-8ba631f8f212 (type: security_group_rules) to 0
2026-08-08 07:03:01.604 7 INFO neutron.db.ovn_revision_numbers_db [None req-7897287c-9e5a-48d1-b7a9-46c42dda53a8 b9e3f86606784c34846714a144e5b68d 33afd87702be40838459621cb5e565ff - - default default] Successfully bumped revision number for resource 0fe942a5-c30a-418a-95df-072fe4f92045 (type: security_group_rules) to 0
2026-08-08 07:03:01.616 7 INFO neutron.db.ovn_revision_numbers_db [None req-7897287c-9e5a-48d1-b7a9-46c42dda53a8 b9e3f86606784c34846714a144e5b68d 33afd87702be40838459621cb5e565ff - - default default] Successfully bumped revision number for resource 1bb6eb31-fe9d-48dd-9d17-c3cd2b20a04f (type: security_group_rules) to 0
2026-08-08 07:03:01.632 7 INFO neutron.db.ovn_revision_numbers_db [None req-7897287c-9e5a-48d1-b7a9-46c42dda53a8 b9e3f86606784c34846714a144e5b68d 33afd87702be40838459621cb5e565ff - - default default] Successfully bumped revision number for resource 2ab6c399-a794-40fc-8c0b-ca2e5950b3e4 (type: security_group_rules) to 0
2026-08-08 07:03:01.650 7 INFO neutron.db.ovn_revision_numbers_db [None req-7897287c-9e5a-48d1-b7a9-46c42dda53a8 b9e3f86606784c34846714a144e5b68d 33afd87702be40838459621cb5e565ff - - default default] Successfully bumped revision number for resource 986162d3-f857-4d2e-bb78-cf1f25825a3e (type: security_group_rules) to 0 [pid: 7|app: 0|req: 1075/1888] 10.0.0.199 () {32 vars in 773 bytes} [Sat Aug 8 07:03:01 2026] GET /v2.0/security-groups?tenant_id=fe4d8e9912fc420788bf8f51977fc2dc&name=default => generated 2925 bytes in 287 msecs (HTTP/1.1 200) 4 headers in 158 bytes (1 switches on core 0)
2026-08-08 07:03:01.698 8 INFO neutron.db.segments_db [None req-3f1a0bd3-bddf-4ae2-8f8f-6aa5f7c896dd 21d03defcac04142b80fa63bc4a129d7 a18afc8383314a73bbc97dc5ba543609 - - default default] Added segment e62093d6-98ea-4f46-9a98-2239bab8befe of type geneve for network 3de2bf15-2ba8-4ea5-8c5d-269fd2e1149d
2026-08-08 07:03:01.792 8 INFO neutron.db.segments_db [None req-3f1a0bd3-bddf-4ae2-8f8f-6aa5f7c896dd 21d03defcac04142b80fa63bc4a129d7 a18afc8383314a73bbc97dc5ba543609 - - default default] Added segment d33240d9-9fbf-4f0a-9459-c0071832d640 of type geneve for network 1f06e597-65fb-4614-949f-de5ef8c4c49d
2026-08-08 07:03:01.975 8 INFO neutron.db.ovn_revision_numbers_db [None req-3f1a0bd3-bddf-4ae2-8f8f-6aa5f7c896dd 21d03defcac04142b80fa63bc4a129d7 a18afc8383314a73bbc97dc5ba543609 - - default default] Successfully bumped revision number for resource 3de2bf15-2ba8-4ea5-8c5d-269fd2e1149d (type: networks) to 1 [pid: 7|app: 0|req: 1076/1889] 10.0.0.199 () {32 vars in 739 bytes} [Sat Aug 8 07:03:01 2026] DELETE /v2.0/security-groups/bc1aa9d7-1867-4d79-ad59-9dbae09b247c => generated 0 bytes in 312 msecs (HTTP/1.1 204) 2 headers in 112 bytes (1 switches on core 0)
2026-08-08 07:03:02.132 8 WARNING neutron.scheduler.dhcp_agent_scheduler [None req-3f1a0bd3-bddf-4ae2-8f8f-6aa5f7c896dd 21d03defcac04142b80fa63bc4a129d7 a18afc8383314a73bbc97dc5ba543609 - - default default] No more DHCP agents
2026-08-08 07:03:02.134 8 WARNING neutron.api.rpc.agentnotifiers.dhcp_rpc_agent_api [None req-3f1a0bd3-bddf-4ae2-8f8f-6aa5f7c896dd 21d03defcac04142b80fa63bc4a129d7 a18afc8383314a73bbc97dc5ba543609 - - default default] Unable to schedule network 3de2bf15-2ba8-4ea5-8c5d-269fd2e1149d: no agents available; will retry on subsequent port and subnet creation events.
2026-08-08 07:03:02.197 8 INFO neutron.plugins.ml2.drivers.ovn.mech_driver.mech_driver [None req-2c93e93d-1f2d-4b0d-8508-016733374edb - - - - - -] OVN reports status down for port: daafb238-36a1-47a3-9186-839f8211b413
2026-08-08 07:03:02.269 8 INFO neutron.db.ovn_revision_numbers_db [None req-3f1a0bd3-bddf-4ae2-8f8f-6aa5f7c896dd 21d03defcac04142b80fa63bc4a129d7 a18afc8383314a73bbc97dc5ba543609 - - default default] Successfully bumped revision number for resource daafb238-36a1-47a3-9186-839f8211b413 (type: ports) to 1
2026-08-08 07:03:02.302 7 INFO neutron.db.ovn_revision_numbers_db [None req-7c8857ee-2676-4cf4-9a61-e880dee75814 b9e3f86606784c34846714a144e5b68d 33afd87702be40838459621cb5e565ff - - default default] Successfully bumped revision number for resource 2bb51a4c-7043-46f5-8606-bccf7d9153a4 (type: security_groups) to 1
2026-08-08 07:03:02.313 7 INFO neutron.db.ovn_revision_numbers_db [None req-7c8857ee-2676-4cf4-9a61-e880dee75814 b9e3f86606784c34846714a144e5b68d 33afd87702be40838459621cb5e565ff - - default default] Successfully bumped revision number for resource 355d1771-8220-400c-8e70-0eeb97603e86 (type: security_group_rules) to 0
2026-08-08 07:03:02.326 7 INFO neutron.db.ovn_revision_numbers_db [None req-7c8857ee-2676-4cf4-9a61-e880dee75814 b9e3f86606784c34846714a144e5b68d 33afd87702be40838459621cb5e565ff - - default default] Successfully bumped revision number for resource 669cd18c-d1e7-483e-9c04-226e5e74d919 (type: security_group_rules) to 0
2026-08-08 07:03:02.342 7 INFO neutron.db.ovn_revision_numbers_db [None req-7c8857ee-2676-4cf4-9a61-e880dee75814 b9e3f86606784c34846714a144e5b68d 33afd87702be40838459621cb5e565ff - - default default] Successfully bumped revision number for resource 99b0c89e-b6f1-4a8f-a617-ea6684baef02 (type: security_group_rules) to 0
2026-08-08 07:03:02.353 7 INFO neutron.db.ovn_revision_numbers_db [None req-7c8857ee-2676-4cf4-9a61-e880dee75814 b9e3f86606784c34846714a144e5b68d 33afd87702be40838459621cb5e565ff - - default default] Successfully bumped revision number for resource b9349e9c-864f-4a47-bd0c-745a66fbd79a (type: security_group_rules) to 0 [pid: 7|app: 0|req: 1077/1890] 10.0.0.199 () {32 vars in 773 bytes} [Sat Aug 8 07:03:02 2026] GET /v2.0/security-groups?tenant_id=9c663b77f3b3413d8b0d412ec82e6740&name=default => generated 2925 bytes in 308 msecs (HTTP/1.1 200) 4 headers in 158 bytes (1 switches on core 0)
2026-08-08 07:03:02.415 8 INFO neutron.db.ovn_revision_numbers_db [None req-3f1a0bd3-bddf-4ae2-8f8f-6aa5f7c896dd 21d03defcac04142b80fa63bc4a129d7 a18afc8383314a73bbc97dc5ba543609 - - default default] Successfully bumped revision number for resource 1f06e597-65fb-4614-949f-de5ef8c4c49d (type: networks) to 1 [pid: 7|app: 0|req: 1078/1891] 10.0.0.40 () {34 vars in 988 bytes} [Sat Aug 8 07:03:02 2026] GET /v2.0/ports?device_id=a91653c7-8386-4ff0-bfa8-42fd7e85f5e2 => generated 1209 bytes in 31 msecs (HTTP/1.1 200) 4 headers in 158 bytes (1 switches on core 0)
2026-08-08 07:03:02.611 8 WARNING neutron.scheduler.dhcp_agent_scheduler [None req-3f1a0bd3-bddf-4ae2-8f8f-6aa5f7c896dd 21d03defcac04142b80fa63bc4a129d7 a18afc8383314a73bbc97dc5ba543609 - - default default] No more DHCP agents
2026-08-08 07:03:02.612 8 WARNING neutron.api.rpc.agentnotifiers.dhcp_rpc_agent_api [None req-3f1a0bd3-bddf-4ae2-8f8f-6aa5f7c896dd 21d03defcac04142b80fa63bc4a129d7 a18afc8383314a73bbc97dc5ba543609 - - default default] Unable to schedule network 1f06e597-65fb-4614-949f-de5ef8c4c49d: no agents available; will retry on subsequent port and subnet creation events.
2026-08-08 07:03:02.699 8 INFO neutron.plugins.ml2.drivers.ovn.mech_driver.mech_driver [None req-2c93e93d-1f2d-4b0d-8508-016733374edb - - - - - -] OVN reports status down for port: 19943da5-49fc-48e4-b9b2-fdcf7236e405 [pid: 7|app: 0|req: 1079/1892] 10.0.0.199 () {32 vars in 739 bytes} [Sat Aug 8 07:03:02 2026] DELETE /v2.0/security-groups/2bb51a4c-7043-46f5-8606-bccf7d9153a4 => generated 0 bytes in 316 msecs (HTTP/1.1 204) 2 headers in 112 bytes (1 switches on core 0) [pid: 7|app: 0|req: 1080/1893] 10.0.0.40 () {34 vars in 1038 bytes} [Sat Aug 8 07:03:02 2026] GET /v2.0/security-groups?id=898431a1-3633-47bc-be20-5e953d6d1a00&fields=id&fields=name => generated 114 bytes in 25 msecs (HTTP/1.1 200) 4 headers in 157 bytes (1 switches on core 0)
2026-08-08 07:03:02.797 8 INFO neutron.db.ovn_revision_numbers_db [None req-3f1a0bd3-bddf-4ae2-8f8f-6aa5f7c896dd 21d03defcac04142b80fa63bc4a129d7 a18afc8383314a73bbc97dc5ba543609 - - default default] Successfully bumped revision number for resource 19943da5-49fc-48e4-b9b2-fdcf7236e405 (type: ports) to 1 [pid: 8|app: 0|req: 814/1894] 10.0.0.199 () {34 vars in 669 bytes} [Sat Aug 8 07:03:01 2026] POST /v2.0/networks => generated 1246 bytes in 1689 msecs (HTTP/1.1 201) 4 headers in 163 bytes (1 switches on core 0) [pid: 7|app: 0|req: 1081/1895] 10.0.0.199 () {32 vars in 648 bytes} [Sat Aug 8 07:03:02 2026] GET /v2.0/networks => generated 1857 bytes in 72 msecs (HTTP/1.1 200) 4 headers in 158 bytes (1 switches on core 0)
2026-08-08 07:03:03.074 8 INFO neutron_taas.services.taas.taas_plugin [None req-2d06857a-a207-41e7-81a4-59188efd885c 21d03defcac04142b80fa63bc4a129d7 a18afc8383314a73bbc97dc5ba543609 - - default default] TaaS: Handle Delete Port: daafb238-36a1-47a3-9186-839f8211b413
2026-08-08 07:03:03.076 8 INFO neutron_taas.services.taas.tap_mirror_plugin [None req-2d06857a-a207-41e7-81a4-59188efd885c 21d03defcac04142b80fa63bc4a129d7 a18afc8383314a73bbc97dc5ba543609 - - default default] Tap Mirror: Handle Delete Port: daafb238-36a1-47a3-9186-839f8211b413
2026-08-08 07:03:03.299 8 INFO neutron.services.segments.plugin [-] Segment e62093d6-98ea-4f46-9a98-2239bab8befe resource provider aggregate not found
2026-08-08 07:03:03.311 8 INFO neutron.services.segments.plugin [-] Segment e62093d6-98ea-4f46-9a98-2239bab8befe resource provider aggregate not found
2026-08-08 07:03:03.318 8 INFO neutron.services.segments.plugin [-] Client error retrieving segment e62093d6-98ea-4f46-9a98-2239bab8befe resource provider; error: Placement Client Error (4xx): {"errors": [{"status": 404, "title": "Not Found", "detail": "The resource could not be found.\n\n No resource provider with uuid e62093d6-98ea-4f46-9a98-2239bab8befe found for delete ", "request_id": "req-70b2bb71-508e-4978-ada6-df7b4e7e7662"}]}
2026-08-08 07:03:03.336 8 INFO neutron.services.segments.plugin [-] Client error retrieving segment e62093d6-98ea-4f46-9a98-2239bab8befe resource provider; error: Placement Client Error (4xx): {"errors": [{"status": 404, "title": "Not Found", "detail": "The resource could not be found.\n\n No resource provider with uuid e62093d6-98ea-4f46-9a98-2239bab8befe found for delete ", "request_id": "req-46ddb630-7703-44d8-ae94-9d6ad9006a45"}]}
2026-08-08 07:03:03.356 7 INFO neutron.db.ovn_revision_numbers_db [None req-f9c6c2b6-4a1a-4c29-87bd-eaac00a3f2ea b9491f04410e47d28e7cc7cf4aaabfab 30bfc89d2af74c469614048e06e5b3c8 - - default default] Successfully bumped revision number for resource f0e5b466-8ab0-40f6-8bb9-638cb44f5e59 (type: security_groups) to 1
2026-08-08 07:03:03.368 7 INFO neutron.db.ovn_revision_numbers_db [None req-f9c6c2b6-4a1a-4c29-87bd-eaac00a3f2ea b9491f04410e47d28e7cc7cf4aaabfab 30bfc89d2af74c469614048e06e5b3c8 - - default default] Successfully bumped revision number for resource 6fc00256-c423-4558-a21a-9f5c00e91a5e (type: security_group_rules) to 0
2026-08-08 07:03:03.394 7 INFO neutron.db.ovn_revision_numbers_db [None req-f9c6c2b6-4a1a-4c29-87bd-eaac00a3f2ea b9491f04410e47d28e7cc7cf4aaabfab 30bfc89d2af74c469614048e06e5b3c8 - - default default] Successfully bumped revision number for resource 84be7a92-e040-4dbb-b519-fa88287c5c43 (type: security_group_rules) to 0
2026-08-08 07:03:03.407 7 INFO neutron.db.ovn_revision_numbers_db [None req-f9c6c2b6-4a1a-4c29-87bd-eaac00a3f2ea b9491f04410e47d28e7cc7cf4aaabfab 30bfc89d2af74c469614048e06e5b3c8 - - default default] Successfully bumped revision number for resource e4aea524-e143-491c-bc8a-e5e921eadb6d (type: security_group_rules) to 0 [pid: 8|app: 0|req: 815/1896] 10.0.0.199 () {32 vars in 725 bytes} [Sat Aug 8 07:03:02 2026] DELETE /v2.0/networks/3de2bf15-2ba8-4ea5-8c5d-269fd2e1149d => generated 0 bytes in 482 msecs (HTTP/1.1 204) 3 headers in 131 bytes (1 switches on core 0)
2026-08-08 07:03:03.422 7 INFO neutron.db.ovn_revision_numbers_db [None req-f9c6c2b6-4a1a-4c29-87bd-eaac00a3f2ea b9491f04410e47d28e7cc7cf4aaabfab 30bfc89d2af74c469614048e06e5b3c8 - - default default] Successfully bumped revision number for resource f6f5add0-a70b-445f-85e4-c7789be90f87 (type: security_group_rules) to 0
2026-08-08 07:03:03.502 7 INFO neutron.db.segments_db [None req-f9c6c2b6-4a1a-4c29-87bd-eaac00a3f2ea b9491f04410e47d28e7cc7cf4aaabfab 30bfc89d2af74c469614048e06e5b3c8 - - default default] Added segment 3af8294a-4130-40c8-98d8-426c9c9f0891 of type geneve for network 6086b862-7d4e-42b6-979f-473683d7c59f
2026-08-08 07:03:03.586 8 INFO neutron_taas.services.taas.taas_plugin [None req-68757c6a-ed01-43ae-93f6-7961149d779a 21d03defcac04142b80fa63bc4a129d7 a18afc8383314a73bbc97dc5ba543609 - - default default] TaaS: Handle Delete Port: 19943da5-49fc-48e4-b9b2-fdcf7236e405
2026-08-08 07:03:03.598 8 INFO neutron_taas.services.taas.tap_mirror_plugin [None req-68757c6a-ed01-43ae-93f6-7961149d779a 21d03defcac04142b80fa63bc4a129d7 a18afc8383314a73bbc97dc5ba543609 - - default default] Tap Mirror: Handle Delete Port: 19943da5-49fc-48e4-b9b2-fdcf7236e405
2026-08-08 07:03:03.628 7 INFO neutron.db.ovn_revision_numbers_db [None req-f9c6c2b6-4a1a-4c29-87bd-eaac00a3f2ea b9491f04410e47d28e7cc7cf4aaabfab 30bfc89d2af74c469614048e06e5b3c8 - - default default] Successfully bumped revision number for resource 6086b862-7d4e-42b6-979f-473683d7c59f (type: networks) to 1
2026-08-08 07:03:03.820 7 WARNING neutron.scheduler.dhcp_agent_scheduler [None req-f9c6c2b6-4a1a-4c29-87bd-eaac00a3f2ea b9491f04410e47d28e7cc7cf4aaabfab 30bfc89d2af74c469614048e06e5b3c8 - - default default] No more DHCP agents
2026-08-08 07:03:03.822 7 WARNING neutron.api.rpc.agentnotifiers.dhcp_rpc_agent_api [None req-f9c6c2b6-4a1a-4c29-87bd-eaac00a3f2ea b9491f04410e47d28e7cc7cf4aaabfab 30bfc89d2af74c469614048e06e5b3c8 - - default default] Unable to schedule network 6086b862-7d4e-42b6-979f-473683d7c59f: no agents available; will retry on subsequent port and subnet creation events. [pid: 8|app: 0|req: 816/1897] 10.0.0.199 () {32 vars in 725 bytes} [Sat Aug 8 07:03:03 2026] DELETE /v2.0/networks/1f06e597-65fb-4614-949f-de5ef8c4c49d => generated 0 bytes in 439 msecs (HTTP/1.1 204) 3 headers in 131 bytes (1 switches on core 0)
2026-08-08 07:03:03.964 7 INFO neutron.db.ovn_revision_numbers_db [None req-f9c6c2b6-4a1a-4c29-87bd-eaac00a3f2ea b9491f04410e47d28e7cc7cf4aaabfab 30bfc89d2af74c469614048e06e5b3c8 - - default default] Successfully bumped revision number for resource a48f85f3-f4ba-441f-9f23-8662537d9703 (type: ports) to 1
2026-08-08 07:03:03.967 8 INFO neutron.plugins.ml2.drivers.ovn.mech_driver.mech_driver [None req-2c93e93d-1f2d-4b0d-8508-016733374edb - - - - - -] OVN reports status down for port: a48f85f3-f4ba-441f-9f23-8662537d9703 [pid: 7|app: 0|req: 1082/1898] 10.0.0.199 () {34 vars in 669 bytes} [Sat Aug 8 07:03:03 2026] POST /v2.0/networks => generated 626 bytes in 930 msecs (HTTP/1.1 201) 4 headers in 162 bytes (1 switches on core 0) [pid: 8|app: 0|req: 817/1899] 10.0.0.199 () {32 vars in 648 bytes} [Sat Aug 8 07:03:03 2026] GET /v2.0/networks => generated 651 bytes in 129 msecs (HTTP/1.1 200) 4 headers in 157 bytes (1 switches on core 0)
2026-08-08 07:03:04.171 8 INFO neutron.db.segments_db [None req-64d2ed7f-7b27-4885-b956-bc90231aa007 21d03defcac04142b80fa63bc4a129d7 a18afc8383314a73bbc97dc5ba543609 - - default default] Added segment dbfa5d2c-aede-4be4-b9c6-1102fe90c019 of type geneve for network 7897e5a4-1545-44b5-a794-c4dd09edd46b
2026-08-08 07:03:04.178 7 WARNING neutron.scheduler.dhcp_agent_scheduler [None req-7dbb2e50-e72e-4744-831d-c38a2955c444 b9491f04410e47d28e7cc7cf4aaabfab 30bfc89d2af74c469614048e06e5b3c8 - - default default] No more DHCP agents
2026-08-08 07:03:04.179 7 WARNING neutron.api.rpc.agentnotifiers.dhcp_rpc_agent_api [None req-7dbb2e50-e72e-4744-831d-c38a2955c444 b9491f04410e47d28e7cc7cf4aaabfab 30bfc89d2af74c469614048e06e5b3c8 - - default default] Unable to schedule network 6086b862-7d4e-42b6-979f-473683d7c59f: no agents available; will retry on subsequent port and subnet creation events.
2026-08-08 07:03:04.304 8 INFO neutron.db.ovn_revision_numbers_db [None req-64d2ed7f-7b27-4885-b956-bc90231aa007 21d03defcac04142b80fa63bc4a129d7 a18afc8383314a73bbc97dc5ba543609 - - default default] Successfully bumped revision number for resource 7897e5a4-1545-44b5-a794-c4dd09edd46b (type: networks) to 1
2026-08-08 07:03:04.465 8 WARNING neutron.scheduler.dhcp_agent_scheduler [None req-64d2ed7f-7b27-4885-b956-bc90231aa007 21d03defcac04142b80fa63bc4a129d7 a18afc8383314a73bbc97dc5ba543609 - - default default] No more DHCP agents
2026-08-08 07:03:04.466 8 WARNING neutron.api.rpc.agentnotifiers.dhcp_rpc_agent_api [None req-64d2ed7f-7b27-4885-b956-bc90231aa007 21d03defcac04142b80fa63bc4a129d7 a18afc8383314a73bbc97dc5ba543609 - - default default] Unable to schedule network 7897e5a4-1545-44b5-a794-c4dd09edd46b: no agents available; will retry on subsequent port and subnet creation events.
2026-08-08 07:03:04.550 8 INFO neutron.plugins.ml2.drivers.ovn.mech_driver.mech_driver [None req-2c93e93d-1f2d-4b0d-8508-016733374edb - - - - - -] OVN reports status down for port: 679b414c-7178-4705-a013-d14c77373c42
2026-08-08 07:03:04.613 8 INFO neutron.db.ovn_revision_numbers_db [None req-64d2ed7f-7b27-4885-b956-bc90231aa007 21d03defcac04142b80fa63bc4a129d7 a18afc8383314a73bbc97dc5ba543609 - - default default] Successfully bumped revision number for resource 679b414c-7178-4705-a013-d14c77373c42 (type: ports) to 1 [pid: 8|app: 0|req: 818/1900] 10.0.0.199 () {34 vars in 669 bytes} [Sat Aug 8 07:03:04 2026] POST /v2.0/networks => generated 650 bytes in 643 msecs (HTTP/1.1 201) 4 headers in 162 bytes (1 switches on core 0)
2026-08-08 07:03:04.697 7 INFO neutron.db.ovn_revision_numbers_db [None req-35d7a541-11e0-4f6d-96bc-22a43947e226 - - - - - -] Successfully bumped revision number for resource a48f85f3-f4ba-441f-9f23-8662537d9703 (type: ports) to 2
2026-08-08 07:03:04.731 7 INFO neutron.db.ovn_revision_numbers_db [None req-35d7a541-11e0-4f6d-96bc-22a43947e226 - - - - - -] Successfully bumped revision number for resource fe593aec-b17b-4da7-958a-a22a2858a0cc (type: subnets) to 0 [pid: 7|app: 0|req: 1083/1901] 10.0.0.199 () {34 vars in 668 bytes} [Sat Aug 8 07:03:03 2026] POST /v2.0/subnets => generated 626 bytes in 756 msecs (HTTP/1.1 201) 4 headers in 162 bytes (1 switches on core 0) [pid: 8|app: 0|req: 819/1902] 10.0.0.199 () {32 vars in 825 bytes} [Sat Aug 8 07:03:04 2026] GET /v2.0/ports?project_id=8f67deccc14e48c3a50351eb91ef91f9&network_id=d479a7bb-f4cf-428a-a216-e6aad2fe9347 => generated 3315 bytes in 115 msecs (HTTP/1.1 200) 4 headers in 158 bytes (1 switches on core 0)
2026-08-08 07:03:04.853 7 INFO neutron.db.segments_db [None req-7069af39-7ef3-492d-9cad-12a28fd05b00 21d03defcac04142b80fa63bc4a129d7 a18afc8383314a73bbc97dc5ba543609 - - default default] Added segment 74f067ac-3c0d-47cd-ae11-b93374fc78f3 of type geneve for network 5f70b263-e876-4385-967b-36ba410b7f1e
2026-08-08 07:03:04.988 7 INFO neutron.db.ovn_revision_numbers_db [None req-7069af39-7ef3-492d-9cad-12a28fd05b00 21d03defcac04142b80fa63bc4a129d7 a18afc8383314a73bbc97dc5ba543609 - - default default] Successfully bumped revision number for resource 5f70b263-e876-4385-967b-36ba410b7f1e (type: networks) to 1
2026-08-08 07:03:05.154 7 WARNING neutron.scheduler.dhcp_agent_scheduler [None req-7069af39-7ef3-492d-9cad-12a28fd05b00 21d03defcac04142b80fa63bc4a129d7 a18afc8383314a73bbc97dc5ba543609 - - default default] No more DHCP agents
2026-08-08 07:03:05.155 7 WARNING neutron.api.rpc.agentnotifiers.dhcp_rpc_agent_api [None req-7069af39-7ef3-492d-9cad-12a28fd05b00 21d03defcac04142b80fa63bc4a129d7 a18afc8383314a73bbc97dc5ba543609 - - default default] Unable to schedule network 5f70b263-e876-4385-967b-36ba410b7f1e: no agents available; will retry on subsequent port and subnet creation events.
2026-08-08 07:03:05.183 8 WARNING neutron.scheduler.dhcp_agent_scheduler [None req-cea92f19-bfd3-443c-97e2-273df86ea585 b9491f04410e47d28e7cc7cf4aaabfab 30bfc89d2af74c469614048e06e5b3c8 - - default default] No more DHCP agents
2026-08-08 07:03:05.191 8 WARNING neutron.api.rpc.agentnotifiers.dhcp_rpc_agent_api [None req-cea92f19-bfd3-443c-97e2-273df86ea585 b9491f04410e47d28e7cc7cf4aaabfab 30bfc89d2af74c469614048e06e5b3c8 - - default default] Unable to schedule network e66c3bfc-bdcb-447f-955c-e1758f080744: no agents available; will retry on subsequent port and subnet creation events.
2026-08-08 07:03:05.251 7 INFO neutron.db.ovn_revision_numbers_db [None req-7069af39-7ef3-492d-9cad-12a28fd05b00 21d03defcac04142b80fa63bc4a129d7 a18afc8383314a73bbc97dc5ba543609 - - default default] Successfully bumped revision number for resource 43b3cf5a-8c34-467f-9bc7-441a11e37fbb (type: ports) to 1
2026-08-08 07:03:05.254 8 INFO neutron.plugins.ml2.drivers.ovn.mech_driver.mech_driver [None req-2c93e93d-1f2d-4b0d-8508-016733374edb - - - - - -] OVN reports status down for port: 43b3cf5a-8c34-467f-9bc7-441a11e37fbb [pid: 7|app: 0|req: 1084/1903] 10.0.0.199 () {34 vars in 669 bytes} [Sat Aug 8 07:03:04 2026] POST /v2.0/networks => generated 650 bytes in 528 msecs (HTTP/1.1 201) 4 headers in 162 bytes (1 switches on core 0) [pid: 7|app: 0|req: 1085/1904] 10.0.0.199 () {32 vars in 741 bytes} [Sat Aug 8 07:03:05 2026] GET /v2.0/subnets?network_id=e66c3bfc-bdcb-447f-955c-e1758f080744 => generated 667 bytes in 34 msecs (HTTP/1.1 200) 4 headers in 157 bytes (1 switches on core 0)
2026-08-08 07:03:05.348 8 INFO neutron.services.segments.plugin [-] Segment d33240d9-9fbf-4f0a-9459-c0071832d640 resource provider aggregate not found
2026-08-08 07:03:05.363 8 INFO neutron.services.segments.plugin [-] Segment d33240d9-9fbf-4f0a-9459-c0071832d640 resource provider aggregate not found
2026-08-08 07:03:05.376 8 INFO neutron.services.segments.plugin [-] Client error retrieving segment d33240d9-9fbf-4f0a-9459-c0071832d640 resource provider; error: Placement Client Error (4xx): {"errors": [{"status": 404, "title": "Not Found", "detail": "The resource could not be found.\n\n No resource provider with uuid d33240d9-9fbf-4f0a-9459-c0071832d640 found for delete ", "request_id": "req-49961eb0-3be9-48d2-aad6-8fc8a702d3e4"}]}
2026-08-08 07:03:05.384 8 INFO neutron.services.segments.plugin [-] Client error retrieving segment d33240d9-9fbf-4f0a-9459-c0071832d640 resource provider; error: Placement Client Error (4xx): {"errors": [{"status": 404, "title": "Not Found", "detail": "The resource could not be found.\n\n No resource provider with uuid d33240d9-9fbf-4f0a-9459-c0071832d640 found for delete ", "request_id": "req-06df3d0a-01c5-4e3b-949c-f25f3ae6997b"}]}
2026-08-08 07:03:05.471 8 INFO neutron.plugins.ml2.drivers.ovn.mech_driver.mech_driver [None req-2c93e93d-1f2d-4b0d-8508-016733374edb - - - - - -] OVN reports status down for port: e54f9d42-de17-4283-92aa-6fc64a3e18a1
2026-08-08 07:03:05.519 8 INFO neutron.db.ovn_revision_numbers_db [None req-cea92f19-bfd3-443c-97e2-273df86ea585 b9491f04410e47d28e7cc7cf4aaabfab 30bfc89d2af74c469614048e06e5b3c8 - - default default] Successfully bumped revision number for resource e54f9d42-de17-4283-92aa-6fc64a3e18a1 (type: ports) to 1
2026-08-08 07:03:05.898 7 WARNING neutron.scheduler.dhcp_agent_scheduler [None req-fd8f2e78-692e-4d9b-8d4e-137693a5dac5 21d03defcac04142b80fa63bc4a129d7 a18afc8383314a73bbc97dc5ba543609 - - default default] No more DHCP agents
2026-08-08 07:03:05.899 7 WARNING neutron.api.rpc.agentnotifiers.dhcp_rpc_agent_api [None req-fd8f2e78-692e-4d9b-8d4e-137693a5dac5 21d03defcac04142b80fa63bc4a129d7 a18afc8383314a73bbc97dc5ba543609 - - default default] Unable to schedule network 7897e5a4-1545-44b5-a794-c4dd09edd46b: no agents available; will retry on subsequent port and subnet creation events.
2026-08-08 07:03:06.016 8 INFO neutron.plugins.ml2.drivers.ovn.mech_driver.mech_driver [None req-2c93e93d-1f2d-4b0d-8508-016733374edb - - - - - -] OVN reports status down for port: 8018e5f2-136e-45e2-8625-eac868ee7c1d
2026-08-08 07:03:06.029 7 INFO neutron.db.ovn_revision_numbers_db [None req-fd8f2e78-692e-4d9b-8d4e-137693a5dac5 21d03defcac04142b80fa63bc4a129d7 a18afc8383314a73bbc97dc5ba543609 - - default default] Successfully bumped revision number for resource 8018e5f2-136e-45e2-8625-eac868ee7c1d (type: ports) to 1
2026-08-08 07:03:06.077 7 WARNING neutron.scheduler.dhcp_agent_scheduler [None req-fd8f2e78-692e-4d9b-8d4e-137693a5dac5 21d03defcac04142b80fa63bc4a129d7 a18afc8383314a73bbc97dc5ba543609 - - default default] No more DHCP agents
2026-08-08 07:03:06.079 7 WARNING neutron.api.rpc.agentnotifiers.dhcp_rpc_agent_api [None req-fd8f2e78-692e-4d9b-8d4e-137693a5dac5 21d03defcac04142b80fa63bc4a129d7 a18afc8383314a73bbc97dc5ba543609 - - default default] Unable to schedule network 5f70b263-e876-4385-967b-36ba410b7f1e: no agents available; will retry on subsequent port and subnet creation events.
2026-08-08 07:03:06.199 7 INFO neutron.db.ovn_revision_numbers_db [None req-fd8f2e78-692e-4d9b-8d4e-137693a5dac5 21d03defcac04142b80fa63bc4a129d7 a18afc8383314a73bbc97dc5ba543609 - - default default] Successfully bumped revision number for resource 4f07f1a3-2110-45dd-b35e-609969a78431 (type: ports) to 1
2026-08-08 07:03:06.264 8 INFO neutron.plugins.ml2.drivers.ovn.mech_driver.mech_driver [None req-2c93e93d-1f2d-4b0d-8508-016733374edb - - - - - -] OVN reports status down for port: 4f07f1a3-2110-45dd-b35e-609969a78431 [pid: 7|app: 0|req: 1086/1905] 10.0.0.199 () {34 vars in 664 bytes} [Sat Aug 8 07:03:05 2026] POST /v2.0/ports => generated 1506 bytes in 964 msecs (HTTP/1.1 201) 4 headers in 163 bytes (1 switches on core 0) /var/lib/openstack/lib/python3.12/site-packages/pycadf/identifier.py:70: UserWarning: Invalid uuid: neutron. To ensure interoperability, identifiers should be a valid uuid. warnings.warn(('Invalid uuid: %s. To ensure interoperability, '
2026-08-08 07:03:06.465 7 INFO neutron.db.ovn_revision_numbers_db [None req-24460f44-b4f7-43b6-a8c3-abc455b27a10 df53dde7e14e4aad85705a4ddf463c26 8f67deccc14e48c3a50351eb91ef91f9 - - default default] Successfully bumped revision number for resource 3aa4463d-9160-464e-a9ac-5a6df97ff89e (type: floatingips) to 2
2026-08-08 07:03:06.519 7 INFO neutron.db.l3_db [None req-24460f44-b4f7-43b6-a8c3-abc455b27a10 df53dde7e14e4aad85705a4ddf463c26 8f67deccc14e48c3a50351eb91ef91f9 - - default default] Floating IP 3aa4463d-9160-464e-a9ac-5a6df97ff89e disassociated. External IP: 10.96.250.203, port: be65cc41-a874-4e2f-b228-d22b98f9dca9. [pid: 7|app: 0|req: 1087/1906] 10.0.0.199 () {34 vars in 748 bytes} [Sat Aug 8 07:03:06 2026] PUT /v2.0/floatingips/3aa4463d-9160-464e-a9ac-5a6df97ff89e => generated 554 bytes in 274 msecs (HTTP/1.1 200) 4 headers in 157 bytes (1 switches on core 0)
2026-08-08 07:03:06.562 8 INFO neutron.plugins.ml2.drivers.ovn.mech_driver.ovsdb.commands [None req-c8839909-1199-4d58-9129-5ebceb369881 - - - - - -] Schedule LRP lrp-e54f9d42-de17-4283-92aa-6fc64a3e18a1 on gateway 786e6218-2036-42c6-9ab8-c1cd0b1ac475 with priority 1
2026-08-08 07:03:06.600 7 INFO neutron.notifiers.nova [-] Nova event matching ['req-77904fcd-7e56-41fd-a48b-30ecf8076129'] response: {'name': 'network-changed', 'server_uuid': 'a91653c7-8386-4ff0-bfa8-42fd7e85f5e2', 'tag': 'be65cc41-a874-4e2f-b228-d22b98f9dca9', 'status': 'completed', 'code': 200} [pid: 7|app: 0|req: 1088/1907] 10.0.0.199 () {32 vars in 642 bytes} [Sat Aug 8 07:03:06 2026] GET /v2.0/ports => generated 3018 bytes in 94 msecs (HTTP/1.1 200) 4 headers in 158 bytes (1 switches on core 0)
2026-08-08 07:03:06.651 8 INFO neutron.plugins.ml2.drivers.ovn.mech_driver.mech_driver [None req-2c93e93d-1f2d-4b0d-8508-016733374edb - - - - - -] OVN reports status up for port: e54f9d42-de17-4283-92aa-6fc64a3e18a1 [pid: 7|app: 0|req: 1089/1908] 10.0.0.199 () {32 vars in 728 bytes} [Sat Aug 8 07:03:06 2026] GET /v2.0/floatingips/3aa4463d-9160-464e-a9ac-5a6df97ff89e => generated 552 bytes in 25 msecs (HTTP/1.1 200) 4 headers in 157 bytes (1 switches on core 0)
2026-08-08 07:03:06.674 8 INFO neutron.plugins.ml2.plugin [None req-2c93e93d-1f2d-4b0d-8508-016733374edb - - - - - -] Attempt 1 to provision port e54f9d42-de17-4283-92aa-6fc64a3e18a1
2026-08-08 07:03:06.697 8 INFO neutron.db.ovn_revision_numbers_db [None req-cea92f19-bfd3-443c-97e2-273df86ea585 b9491f04410e47d28e7cc7cf4aaabfab 30bfc89d2af74c469614048e06e5b3c8 - - default default] Successfully bumped revision number for resource e54f9d42-de17-4283-92aa-6fc64a3e18a1 (type: router_ports) to 1
2026-08-08 07:03:06.800 7 INFO neutron_taas.services.taas.taas_plugin [None req-339a399a-7706-46dc-9885-603073eb8839 21d03defcac04142b80fa63bc4a129d7 a18afc8383314a73bbc97dc5ba543609 - - default default] TaaS: Handle Delete Port: 8018e5f2-136e-45e2-8625-eac868ee7c1d
2026-08-08 07:03:06.804 7 INFO neutron_taas.services.taas.tap_mirror_plugin [None req-339a399a-7706-46dc-9885-603073eb8839 21d03defcac04142b80fa63bc4a129d7 a18afc8383314a73bbc97dc5ba543609 - - default default] Tap Mirror: Handle Delete Port: 8018e5f2-136e-45e2-8625-eac868ee7c1d
2026-08-08 07:03:06.835 8 INFO neutron.db.ovn_revision_numbers_db [None req-cea92f19-bfd3-443c-97e2-273df86ea585 b9491f04410e47d28e7cc7cf4aaabfab 30bfc89d2af74c469614048e06e5b3c8 - - default default] Successfully bumped revision number for resource 531455dd-2f30-40f6-9b5f-53ea036b1d31 (type: routers) to 2 [pid: 8|app: 0|req: 820/1909] 10.0.0.199 () {34 vars in 668 bytes} [Sat Aug 8 07:03:04 2026] POST /v2.0/routers => generated 935 bytes in 2084 msecs (HTTP/1.1 201) 4 headers in 162 bytes (1 switches on core 0) /var/lib/openstack/lib/python3.12/site-packages/pycadf/identifier.py:70: UserWarning: Invalid uuid: neutron. To ensure interoperability, identifiers should be a valid uuid. warnings.warn(('Invalid uuid: %s. To ensure interoperability, ' [pid: 7|app: 0|req: 1090/1910] 10.0.0.199 () {32 vars in 719 bytes} [Sat Aug 8 07:03:06 2026] DELETE /v2.0/ports/8018e5f2-136e-45e2-8625-eac868ee7c1d => generated 0 bytes in 289 msecs (HTTP/1.1 204) 3 headers in 131 bytes (1 switches on core 0)
