2026-05-15 22:37:43.524 8 INFO neutron_taas.services.taas.tap_mirror_plugin [None req-e0f217d1-0cc4-41bb-b8ad-c36ac0a1a002 133929a920a4400f97d719752f58f824 cd6200aacf89407198769024c9627c00 - - default default] Tap Mirror: Handle Delete Port: a126faaa-74c8-4964-aef1-c9bc006f369f [pid: 7|app: 0|req: 1058/2000] 10.0.0.64 () {32 vars in 739 bytes} [Fri May 15 22:37:43 2026] DELETE /v2.0/security-groups/d2606aae-de3c-4f31-9797-f01f160cc472 => generated 0 bytes in 215 msecs (HTTP/1.1 204) 2 headers in 112 bytes (1 switches on core 0) [pid: 7|app: 0|req: 1059/2001] 10.0.0.64 () {32 vars in 729 bytes} [Fri May 15 22:37:43 2026] DELETE /v2.0/ports/75e5fe2f-591b-4cc8-8037-e6cdeed9dfc6/tags => generated 0 bytes in 95 msecs (HTTP/1.1 204) 2 headers in 112 bytes (1 switches on core 0) /var/lib/openstack/lib/python3.12/site-packages/pycadf/identifier.py:70: UserWarning: Invalid uuid: neutron. To ensure interoperability, identifiers should be a valid uuid. warnings.warn(('Invalid uuid: %s. To ensure interoperability, '
2026-05-15 22:37:43.915 7 WARNING neutron.plugins.ml2.drivers.ovn.mech_driver.ovsdb.ovn_client [None req-ca571c73-796c-422f-b95b-110e8a683012 - - - - - -] No port found with ID a5e088dd-ec15-46f7-8e7d-c59630ba5660: RuntimeError: No port found with ID a5e088dd-ec15-46f7-8e7d-c59630ba5660
2026-05-15 22:37:43.970 7 INFO neutron_taas.services.taas.taas_plugin [None req-32ac0a12-1b50-4248-aeb0-1a775aab0069 d781260e3d314c9cac1666e7e166429c 73b4c7b739914bb2ac16f457cee79dec - - default default] TaaS: Handle Delete Port: a09f9283-07ce-4baa-89ff-7777f789c60f
2026-05-15 22:37:43.978 7 INFO neutron_taas.services.taas.tap_mirror_plugin [None req-32ac0a12-1b50-4248-aeb0-1a775aab0069 d781260e3d314c9cac1666e7e166429c 73b4c7b739914bb2ac16f457cee79dec - - default default] Tap Mirror: Handle Delete Port: a09f9283-07ce-4baa-89ff-7777f789c60f [pid: 8|app: 0|req: 943/2002] 10.0.0.64 () {32 vars in 723 bytes} [Fri May 15 22:37:43 2026] DELETE /v2.0/routers/cd09147d-de93-4823-94ce-a78f3a2ca3f0 => generated 0 bytes in 868 msecs (HTTP/1.1 204) 2 headers in 112 bytes (1 switches on core 0)
2026-05-15 22:37:44.006 7 INFO neutron.common.ovn.utils [None req-ca571c73-796c-422f-b95b-110e8a683012 - - - - - -] HA Chassis Group neutron-8d9636fa-b704-4c76-a3c9-2e9c9ad5c415 synchronized; highest priority chassis 9a690eda-69ba-445c-9394-61e8404fffb6
2026-05-15 22:37:44.046 7 INFO neutron.plugins.ml2.drivers.ovn.mech_driver.mech_driver [None req-ca571c73-796c-422f-b95b-110e8a683012 - - - - - -] OVN reports status down for port: 4d87b519-cbe0-4382-989d-a2075a90a398 [pid: 8|app: 0|req: 944/2003] 10.0.0.64 () {32 vars in 726 bytes} [Fri May 15 22:37:43 2026] GET /v2.0/ports/75e5fe2f-591b-4cc8-8037-e6cdeed9dfc6/tags => generated 12 bytes in 62 msecs (HTTP/1.1 200) 4 headers in 156 bytes (1 switches on core 0) /var/lib/openstack/lib/python3.12/site-packages/pycadf/identifier.py:70: UserWarning: Invalid uuid: neutron. To ensure interoperability, identifiers should be a valid uuid. warnings.warn(('Invalid uuid: %s. To ensure interoperability, '
2026-05-15 22:37:44.147 7 INFO neutron.plugins.ml2.drivers.ovn.mech_driver.mech_driver [None req-ca571c73-796c-422f-b95b-110e8a683012 - - - - - -] OVN reports status down for port: d8245c82-f90f-4fcb-abe2-3ee9a2fd7844 [pid: 8|app: 0|req: 945/2004] 10.0.0.64 () {32 vars in 723 bytes} [Fri May 15 22:37:44 2026] DELETE /v2.0/subnets/c04ee946-0990-4d74-9ddd-f813cd0c76b3 => generated 0 bytes in 148 msecs (HTTP/1.1 204) 3 headers in 131 bytes (1 switches on core 0)
2026-05-15 22:37:44.284 7 INFO neutron.plugins.ml2.drivers.ovn.mech_driver.mech_driver [None req-ca571c73-796c-422f-b95b-110e8a683012 - - - - - -] OVN reports status down for port: 75e5fe2f-591b-4cc8-8037-e6cdeed9dfc6
2026-05-15 22:37:44.340 8 INFO neutron_taas.services.taas.taas_plugin [None req-728921ee-3353-40b9-8bb3-35fb52117689 05c9399b91b14713a845156a21f89e9d f8eb8c5adc4842c08c44763b914c3f72 - - default default] TaaS: Handle Delete Port: 75e5fe2f-591b-4cc8-8037-e6cdeed9dfc6
2026-05-15 22:37:44.343 8 INFO neutron_taas.services.taas.tap_mirror_plugin [None req-728921ee-3353-40b9-8bb3-35fb52117689 05c9399b91b14713a845156a21f89e9d f8eb8c5adc4842c08c44763b914c3f72 - - default default] Tap Mirror: Handle Delete Port: 75e5fe2f-591b-4cc8-8037-e6cdeed9dfc6 [pid: 7|app: 0|req: 1060/2005] 10.0.0.64 () {32 vars in 731 bytes} [Fri May 15 22:37:43 2026] DELETE /v2.0/floatingips/024909c8-5279-426b-8ae2-8fdf87f2bc5d => generated 0 bytes in 545 msecs (HTTP/1.1 204) 2 headers in 112 bytes (1 switches on core 0) [pid: 8|app: 0|req: 946/2006] 10.0.0.64 () {32 vars in 719 bytes} [Fri May 15 22:37:44 2026] DELETE /v2.0/ports/75e5fe2f-591b-4cc8-8037-e6cdeed9dfc6 => generated 0 bytes in 294 msecs (HTTP/1.1 204) 3 headers in 131 bytes (1 switches on core 0) /var/lib/openstack/lib/python3.12/site-packages/pycadf/identifier.py:70: UserWarning: Invalid uuid: neutron. To ensure interoperability, identifiers should be a valid uuid. warnings.warn(('Invalid uuid: %s. To ensure interoperability, '
2026-05-15 22:37:44.565 7 WARNING neutron.db.securitygroups_db [None req-5297f723-494f-4646-9c44-33be03c55cb7 a1b2350c2e114a01813f9950f89ea1ea 2e99be1cde52414ea9cfc991793a11a5 - - default default] project_id key not found in filters, using tenant_id instead. This support has been deprecated and will be removed in a future release.
2026-05-15 22:37:44.626 8 INFO neutron_taas.services.taas.taas_plugin [None req-7e9a4611-ff94-4f58-adb8-095bc72c264f 133929a920a4400f97d719752f58f824 cd6200aacf89407198769024c9627c00 - - default default] TaaS: Handle Delete Port: e3e12226-4fd6-4c01-8339-3240a5aceeef
2026-05-15 22:37:44.630 8 INFO neutron_taas.services.taas.tap_mirror_plugin [None req-7e9a4611-ff94-4f58-adb8-095bc72c264f 133929a920a4400f97d719752f58f824 cd6200aacf89407198769024c9627c00 - - default default] Tap Mirror: Handle Delete Port: e3e12226-4fd6-4c01-8339-3240a5aceeef
2026-05-15 22:37:44.707 7 INFO neutron.db.ovn_revision_numbers_db [None req-5297f723-494f-4646-9c44-33be03c55cb7 a1b2350c2e114a01813f9950f89ea1ea 2e99be1cde52414ea9cfc991793a11a5 - - default default] Successfully bumped revision number for resource da50d621-69e2-44a5-8d0c-becce9a94a4a (type: security_groups) to 1
2026-05-15 22:37:44.723 7 INFO neutron.db.ovn_revision_numbers_db [None req-5297f723-494f-4646-9c44-33be03c55cb7 a1b2350c2e114a01813f9950f89ea1ea 2e99be1cde52414ea9cfc991793a11a5 - - default default] Successfully bumped revision number for resource 429ba7a1-6a5b-4741-9543-aae8d2fd7ff2 (type: security_group_rules) to 0
2026-05-15 22:37:44.747 7 INFO neutron.db.ovn_revision_numbers_db [None req-5297f723-494f-4646-9c44-33be03c55cb7 a1b2350c2e114a01813f9950f89ea1ea 2e99be1cde52414ea9cfc991793a11a5 - - default default] Successfully bumped revision number for resource 59b3f395-1d74-4626-9c0c-1d6bdf24c9b7 (type: security_group_rules) to 0
2026-05-15 22:37:44.764 7 INFO neutron.db.ovn_revision_numbers_db [None req-5297f723-494f-4646-9c44-33be03c55cb7 a1b2350c2e114a01813f9950f89ea1ea 2e99be1cde52414ea9cfc991793a11a5 - - default default] Successfully bumped revision number for resource 69d684cd-4097-4725-a401-47f0e23dbde4 (type: security_group_rules) to 0
2026-05-15 22:37:44.775 7 INFO neutron.db.ovn_revision_numbers_db [None req-5297f723-494f-4646-9c44-33be03c55cb7 a1b2350c2e114a01813f9950f89ea1ea 2e99be1cde52414ea9cfc991793a11a5 - - default default] Successfully bumped revision number for resource ea1560a9-8269-4058-a1ff-f7c4c0458d6e (type: security_group_rules) to 0 [pid: 7|app: 0|req: 1061/2007] 10.0.0.64 () {32 vars in 773 bytes} [Fri May 15 22:37:44 2026] GET /v2.0/security-groups?tenant_id=8bd75594d0b2432787bea7fa06775e29&name=default => generated 2925 bytes in 485 msecs (HTTP/1.1 200) 4 headers in 158 bytes (1 switches on core 0)
2026-05-15 22:37:44.845 8 INFO neutron.services.segments.plugin [-] Segment 55720712-1704-444e-8f55-1a804d9a7784 resource provider aggregate not found
2026-05-15 22:37:44.865 8 INFO neutron.services.segments.plugin [-] Segment 55720712-1704-444e-8f55-1a804d9a7784 resource provider not found; error: Placement Client Error (4xx): {"errors": [{"status": 404, "title": "Not Found", "detail": "The resource could not be found.\n\n No resource provider with uuid 55720712-1704-444e-8f55-1a804d9a7784 found for delete ", "request_id": "req-c5e9489d-86a9-4796-90fe-19270da67566"}]}
2026-05-15 22:37:44.871 8 INFO neutron.services.segments.plugin [-] Segment 55720712-1704-444e-8f55-1a804d9a7784 resource provider aggregate not found
2026-05-15 22:37:44.889 8 INFO neutron.services.segments.plugin [-] Segment 55720712-1704-444e-8f55-1a804d9a7784 resource provider not found; error: Placement Client Error (4xx): {"errors": [{"status": 404, "title": "Not Found", "detail": "The resource could not be found.\n\n No resource provider with uuid 55720712-1704-444e-8f55-1a804d9a7784 found for delete ", "request_id": "req-90eea7b7-405c-40cd-9171-d0bcab708be3"}]} [pid: 8|app: 0|req: 947/2008] 10.0.0.64 () {32 vars in 725 bytes} [Fri May 15 22:37:44 2026] DELETE /v2.0/networks/8d9636fa-b704-4c76-a3c9-2e9c9ad5c415 => generated 0 bytes in 411 msecs (HTTP/1.1 204) 3 headers in 131 bytes (1 switches on core 0) [pid: 7|app: 0|req: 1062/2009] 10.0.0.29 () {34 vars in 989 bytes} [Fri May 15 22:37:44 2026] GET /v2.0/ports?device_id=4adff4ed-112e-4029-a33e-fc08a7e335ce => generated 971 bytes in 99 msecs (HTTP/1.1 200) 4 headers in 157 bytes (1 switches on core 0)
2026-05-15 22:37:45.067 8 INFO neutron_taas.services.taas.taas_plugin [None req-672c76f7-9a0a-454a-881f-13c5ce09f4fd 05c9399b91b14713a845156a21f89e9d f8eb8c5adc4842c08c44763b914c3f72 - - default default] TaaS: Handle Delete Port: d8245c82-f90f-4fcb-abe2-3ee9a2fd7844
2026-05-15 22:37:45.072 8 INFO neutron_taas.services.taas.tap_mirror_plugin [None req-672c76f7-9a0a-454a-881f-13c5ce09f4fd 05c9399b91b14713a845156a21f89e9d f8eb8c5adc4842c08c44763b914c3f72 - - default default] Tap Mirror: Handle Delete Port: d8245c82-f90f-4fcb-abe2-3ee9a2fd7844 [pid: 7|app: 0|req: 1063/2010] 10.0.0.64 () {32 vars in 739 bytes} [Fri May 15 22:37:44 2026] DELETE /v2.0/security-groups/da50d621-69e2-44a5-8d0c-becce9a94a4a => generated 0 bytes in 178 msecs (HTTP/1.1 204) 2 headers in 112 bytes (1 switches on core 0) [pid: 7|app: 0|req: 1064/2011] 10.0.0.29 () {34 vars in 1039 bytes} [Fri May 15 22:37:45 2026] GET /v2.0/security-groups?id=f6c496fd-9b8f-4cc0-b46a-23108791c7df&fields=id&fields=name => generated 114 bytes in 26 msecs (HTTP/1.1 200) 4 headers in 157 bytes (1 switches on core 0) [pid: 8|app: 0|req: 948/2012] 10.0.0.64 () {32 vars in 725 bytes} [Fri May 15 22:37:44 2026] DELETE /v2.0/networks/6451ef45-833b-40e1-a24a-f3f84c240504 => generated 0 bytes in 422 msecs (HTTP/1.1 204) 3 headers in 131 bytes (1 switches on core 0)
2026-05-15 22:37:45.568 7 INFO neutron.plugins.ml2.drivers.ovn.mech_driver.mech_driver [None req-ca571c73-796c-422f-b95b-110e8a683012 - - - - - -] OVN reports status down for port: 6b0b3f3f-ed78-49b2-b303-003aa01d7075
2026-05-15 22:37:45.607 7 WARNING neutron.db.securitygroups_db [None req-6eba9793-8fcb-4e68-9ed6-30500ec2465a a1b2350c2e114a01813f9950f89ea1ea 2e99be1cde52414ea9cfc991793a11a5 - - default default] project_id key not found in filters, using tenant_id instead. This support has been deprecated and will be removed in a future release. [pid: 7|app: 0|req: 1065/2013] 10.0.0.64 () {32 vars in 773 bytes} [Fri May 15 22:37:45 2026] GET /v2.0/security-groups?tenant_id=cd6200aacf89407198769024c9627c00&name=default => generated 2925 bytes in 237 msecs (HTTP/1.1 200) 4 headers in 158 bytes (1 switches on core 0)
2026-05-15 22:37:45.781 7 INFO neutron.notifiers.nova [-] Nova event matching ['req-79b3e172-ae5b-4bc7-813c-afa05323fab1'] response: {'server_uuid': '4adff4ed-112e-4029-a33e-fc08a7e335ce', 'name': 'network-vif-unplugged', 'status': 'completed', 'tag': '6b0b3f3f-ed78-49b2-b303-003aa01d7075', 'code': 200} [pid: 8|app: 0|req: 949/2014] 10.0.0.64 () {32 vars in 739 bytes} [Fri May 15 22:37:45 2026] DELETE /v2.0/security-groups/c5e5c8c7-677f-42c4-be63-eba9b318f2ed => generated 0 bytes in 224 msecs (HTTP/1.1 204) 2 headers in 112 bytes (1 switches on core 0)
2026-05-15 22:37:45.970 7 INFO neutron.db.ovn_revision_numbers_db [None req-ca571c73-796c-422f-b95b-110e8a683012 - - - - - -] Successfully bumped revision number for resource 6b0b3f3f-ed78-49b2-b303-003aa01d7075 (type: ports) to 6 [pid: 8|app: 0|req: 950/2015] 10.0.0.29 () {34 vars in 989 bytes} [Fri May 15 22:37:46 2026] GET /v2.0/ports?device_id=4adff4ed-112e-4029-a33e-fc08a7e335ce => generated 969 bytes in 89 msecs (HTTP/1.1 200) 4 headers in 157 bytes (1 switches on core 0) /var/lib/openstack/lib/python3.12/site-packages/pycadf/identifier.py:70: UserWarning: Invalid uuid: neutron. To ensure interoperability, identifiers should be a valid uuid. warnings.warn(('Invalid uuid: %s. To ensure interoperability, '
2026-05-15 22:37:46.318 7 WARNING neutron.db.securitygroups_db [None req-04a119f2-b24e-49c5-9f5e-06d9bd71ff20 a1b2350c2e114a01813f9950f89ea1ea 2e99be1cde52414ea9cfc991793a11a5 - - default default] project_id key not found in filters, using tenant_id instead. This support has been deprecated and will be removed in a future release. [pid: 7|app: 0|req: 1066/2016] 10.0.0.64 () {32 vars in 773 bytes} [Fri May 15 22:37:46 2026] GET /v2.0/security-groups?tenant_id=f8eb8c5adc4842c08c44763b914c3f72&name=default => generated 2925 bytes in 224 msecs (HTTP/1.1 200) 4 headers in 158 bytes (1 switches on core 0) [pid: 8|app: 0|req: 951/2017] 10.0.0.29 () {34 vars in 1039 bytes} [Fri May 15 22:37:46 2026] GET /v2.0/security-groups?id=f6c496fd-9b8f-4cc0-b46a-23108791c7df&fields=id&fields=name => generated 114 bytes in 46 msecs (HTTP/1.1 200) 4 headers in 157 bytes (1 switches on core 0) [pid: 7|app: 0|req: 1067/2018] 10.0.0.64 () {32 vars in 739 bytes} [Fri May 15 22:37:46 2026] DELETE /v2.0/security-groups/e4152283-dc2f-4efc-8d18-6972645fdbd2 => generated 0 bytes in 237 msecs (HTTP/1.1 204) 2 headers in 112 bytes (1 switches on core 0)
2026-05-15 22:37:46.688 8 WARNING neutron.db.securitygroups_db [None req-4c5e8e57-2d96-4f85-a044-4f81a56cd048 a1b2350c2e114a01813f9950f89ea1ea 2e99be1cde52414ea9cfc991793a11a5 - - default default] project_id key not found in filters, using tenant_id instead. This support has been deprecated and will be removed in a future release. [pid: 7|app: 0|req: 1068/2019] 199.204.45.72 () {34 vars in 993 bytes} [Fri May 15 22:37:46 2026] GET /v2.0/ports?device_id=4adff4ed-112e-4029-a33e-fc08a7e335ce => generated 969 bytes in 41 msecs (HTTP/1.1 200) 4 headers in 157 bytes (1 switches on core 0)
2026-05-15 22:37:46.865 8 INFO neutron.db.ovn_revision_numbers_db [None req-4c5e8e57-2d96-4f85-a044-4f81a56cd048 a1b2350c2e114a01813f9950f89ea1ea 2e99be1cde52414ea9cfc991793a11a5 - - default default] Successfully bumped revision number for resource ca05e28a-d28c-4523-850c-061a0f5a1f49 (type: security_groups) to 1
2026-05-15 22:37:46.887 8 INFO neutron.db.ovn_revision_numbers_db [None req-4c5e8e57-2d96-4f85-a044-4f81a56cd048 a1b2350c2e114a01813f9950f89ea1ea 2e99be1cde52414ea9cfc991793a11a5 - - default default] Successfully bumped revision number for resource 4160172d-372a-494b-a7db-d6fc5d6a6b52 (type: security_group_rules) to 0
2026-05-15 22:37:46.902 8 INFO neutron.services.segments.plugin [-] Segment fcdbe857-5a92-4ed7-8ca4-719b9b40e4ad resource provider aggregate not found
2026-05-15 22:37:46.922 8 INFO neutron.services.segments.plugin [-] Segment fcdbe857-5a92-4ed7-8ca4-719b9b40e4ad resource provider aggregate not found
2026-05-15 22:37:46.926 8 INFO neutron.services.segments.plugin [-] Segment fcdbe857-5a92-4ed7-8ca4-719b9b40e4ad resource provider not found; error: Placement Client Error (4xx): {"errors": [{"status": 404, "title": "Not Found", "detail": "The resource could not be found.\n\n No resource provider with uuid fcdbe857-5a92-4ed7-8ca4-719b9b40e4ad found for delete ", "request_id": "req-c32870c2-4db3-4754-9ffb-9576541ce1b0"}]}
2026-05-15 22:37:46.928 8 INFO neutron.db.ovn_revision_numbers_db [None req-4c5e8e57-2d96-4f85-a044-4f81a56cd048 a1b2350c2e114a01813f9950f89ea1ea 2e99be1cde52414ea9cfc991793a11a5 - - default default] Successfully bumped revision number for resource 91c0f195-4010-4489-b015-38c0e2b38716 (type: security_group_rules) to 0
2026-05-15 22:37:46.941 8 INFO neutron.services.segments.plugin [-] Segment fcdbe857-5a92-4ed7-8ca4-719b9b40e4ad resource provider not found; error: Placement Client Error (4xx): {"errors": [{"status": 404, "title": "Not Found", "detail": "The resource could not be found.\n\n No resource provider with uuid fcdbe857-5a92-4ed7-8ca4-719b9b40e4ad found for delete ", "request_id": "req-20653deb-fa5a-41ef-b653-b5e7999012b3"}]}
2026-05-15 22:37:46.941 7 INFO neutron_taas.services.taas.taas_plugin [req-d2d68634-a45f-4e5a-8137-df8cf1f1791f req-cd85874c-362a-4e9f-bced-3aaa0c70a9cb d781260e3d314c9cac1666e7e166429c 73b4c7b739914bb2ac16f457cee79dec - - default default] TaaS: Handle Delete Port: 6b0b3f3f-ed78-49b2-b303-003aa01d7075
2026-05-15 22:37:46.944 8 INFO neutron.db.ovn_revision_numbers_db [None req-4c5e8e57-2d96-4f85-a044-4f81a56cd048 a1b2350c2e114a01813f9950f89ea1ea 2e99be1cde52414ea9cfc991793a11a5 - - default default] Successfully bumped revision number for resource 9b5a9d73-e901-46be-86ad-fdc8e1afb6d9 (type: security_group_rules) to 0
2026-05-15 22:37:46.945 7 INFO neutron_taas.services.taas.tap_mirror_plugin [req-d2d68634-a45f-4e5a-8137-df8cf1f1791f req-cd85874c-362a-4e9f-bced-3aaa0c70a9cb d781260e3d314c9cac1666e7e166429c 73b4c7b739914bb2ac16f457cee79dec - - default default] Tap Mirror: Handle Delete Port: 6b0b3f3f-ed78-49b2-b303-003aa01d7075
2026-05-15 22:37:46.963 8 INFO neutron.db.ovn_revision_numbers_db [None req-4c5e8e57-2d96-4f85-a044-4f81a56cd048 a1b2350c2e114a01813f9950f89ea1ea 2e99be1cde52414ea9cfc991793a11a5 - - default default] Successfully bumped revision number for resource fc5e6f0a-dd46-4917-8f78-8a05702392c7 (type: security_group_rules) to 0 [pid: 8|app: 0|req: 952/2020] 10.0.0.64 () {32 vars in 773 bytes} [Fri May 15 22:37:46 2026] GET /v2.0/security-groups?tenant_id=6a20e027b06b4bea924da19efa15c348&name=default => generated 2925 bytes in 337 msecs (HTTP/1.1 200) 4 headers in 158 bytes (1 switches on core 0) [pid: 7|app: 0|req: 1069/2021] 199.204.45.72 () {36 vars in 996 bytes} [Fri May 15 22:37:46 2026] DELETE /v2.0/ports/6b0b3f3f-ed78-49b2-b303-003aa01d7075 => generated 0 bytes in 310 msecs (HTTP/1.1 204) 3 headers in 131 bytes (1 switches on core 0) [pid: 8|app: 0|req: 953/2022] 10.0.0.64 () {32 vars in 739 bytes} [Fri May 15 22:37:47 2026] DELETE /v2.0/security-groups/ca05e28a-d28c-4523-850c-061a0f5a1f49 => generated 0 bytes in 298 msecs (HTTP/1.1 204) 2 headers in 112 bytes (1 switches on core 0) [pid: 7|app: 0|req: 1070/2023] 10.0.0.29 () {34 vars in 989 bytes} [Fri May 15 22:37:47 2026] GET /v2.0/ports?device_id=4adff4ed-112e-4029-a33e-fc08a7e335ce => generated 12 bytes in 22 msecs (HTTP/1.1 200) 4 headers in 156 bytes (1 switches on core 0)
2026-05-15 22:37:47.826 7 INFO neutron.notifiers.nova [-] Nova event matching ['req-2837eef7-85f8-4f1a-a6c2-3b07229c0faa'] response: {'server_uuid': '4adff4ed-112e-4029-a33e-fc08a7e335ce', 'name': 'network-vif-unplugged', 'status': 'completed', 'tag': '6b0b3f3f-ed78-49b2-b303-003aa01d7075', 'code': 200}
2026-05-15 22:37:47.827 7 INFO neutron.notifiers.nova [-] Nova event matching ['req-2837eef7-85f8-4f1a-a6c2-3b07229c0faa'] response: {'server_uuid': '4adff4ed-112e-4029-a33e-fc08a7e335ce', 'name': 'network-vif-deleted', 'tag': '6b0b3f3f-ed78-49b2-b303-003aa01d7075', 'status': 'completed', 'code': 200}
2026-05-15 22:37:48.112 8 INFO neutron.db.ovn_revision_numbers_db [None req-ef3ca934-4108-4b78-8ce0-7481d6d90314 cecffc56aab5490a8ad84076f339ed4d 51b37db72f1c4f408c46abf2d9197a1e - - default default] Successfully bumped revision number for resource 59011c09-5532-4717-baf7-1481e701550f (type: security_groups) to 1
2026-05-15 22:37:48.126 8 INFO neutron.db.ovn_revision_numbers_db [None req-ef3ca934-4108-4b78-8ce0-7481d6d90314 cecffc56aab5490a8ad84076f339ed4d 51b37db72f1c4f408c46abf2d9197a1e - - default default] Successfully bumped revision number for resource 0c4a76a7-521b-42ca-8004-e7dea60e880d (type: security_group_rules) to 0
2026-05-15 22:37:48.142 8 INFO neutron.db.ovn_revision_numbers_db [None req-ef3ca934-4108-4b78-8ce0-7481d6d90314 cecffc56aab5490a8ad84076f339ed4d 51b37db72f1c4f408c46abf2d9197a1e - - default default] Successfully bumped revision number for resource c1443fe1-aa6e-48a2-b1fe-65bd632c5598 (type: security_group_rules) to 0
2026-05-15 22:37:48.157 8 INFO neutron.db.ovn_revision_numbers_db [None req-ef3ca934-4108-4b78-8ce0-7481d6d90314 cecffc56aab5490a8ad84076f339ed4d 51b37db72f1c4f408c46abf2d9197a1e - - default default] Successfully bumped revision number for resource e88612fc-fde7-4deb-888d-cd7ca2c6c9c4 (type: security_group_rules) to 0
2026-05-15 22:37:48.169 8 INFO neutron.db.ovn_revision_numbers_db [None req-ef3ca934-4108-4b78-8ce0-7481d6d90314 cecffc56aab5490a8ad84076f339ed4d 51b37db72f1c4f408c46abf2d9197a1e - - default default] Successfully bumped revision number for resource ec6117a7-b204-4801-af07-4601d1bb85c0 (type: security_group_rules) to 0
2026-05-15 22:37:48.265 8 INFO neutron.db.segments_db [None req-ef3ca934-4108-4b78-8ce0-7481d6d90314 cecffc56aab5490a8ad84076f339ed4d 51b37db72f1c4f408c46abf2d9197a1e - - default default] Added segment d0e9572e-bf4d-4322-a8fb-679c192d1fcc of type geneve for network c531574b-93b9-4f55-a259-841e157d26d5
2026-05-15 22:37:48.401 8 INFO neutron.db.ovn_revision_numbers_db [None req-ef3ca934-4108-4b78-8ce0-7481d6d90314 cecffc56aab5490a8ad84076f339ed4d 51b37db72f1c4f408c46abf2d9197a1e - - default default] Successfully bumped revision number for resource c531574b-93b9-4f55-a259-841e157d26d5 (type: networks) to 1 [pid: 7|app: 0|req: 1071/2024] 10.0.0.29 () {34 vars in 989 bytes} [Fri May 15 22:37:48 2026] GET /v2.0/ports?device_id=4adff4ed-112e-4029-a33e-fc08a7e335ce => generated 12 bytes in 28 msecs (HTTP/1.1 200) 4 headers in 156 bytes (1 switches on core 0)
2026-05-15 22:37:48.623 8 WARNING neutron.scheduler.dhcp_agent_scheduler [None req-ef3ca934-4108-4b78-8ce0-7481d6d90314 cecffc56aab5490a8ad84076f339ed4d 51b37db72f1c4f408c46abf2d9197a1e - - default default] No more DHCP agents
2026-05-15 22:37:48.625 8 WARNING neutron.api.rpc.agentnotifiers.dhcp_rpc_agent_api [None req-ef3ca934-4108-4b78-8ce0-7481d6d90314 cecffc56aab5490a8ad84076f339ed4d 51b37db72f1c4f408c46abf2d9197a1e - - default default] Unable to schedule network c531574b-93b9-4f55-a259-841e157d26d5: no agents available; will retry on subsequent port and subnet creation events.
2026-05-15 22:37:48.698 8 INFO neutron.plugins.ml2.drivers.ovn.mech_driver.mech_driver [None req-c91fbd14-8157-46ed-9a20-da2ea8c4fa45 - - - - - -] OVN reports status down for port: f2f22af4-1e7d-46b1-8a63-215fcb30ebbc
2026-05-15 22:37:48.765 8 INFO neutron.db.ovn_revision_numbers_db [None req-ef3ca934-4108-4b78-8ce0-7481d6d90314 cecffc56aab5490a8ad84076f339ed4d 51b37db72f1c4f408c46abf2d9197a1e - - default default] Successfully bumped revision number for resource f2f22af4-1e7d-46b1-8a63-215fcb30ebbc (type: ports) to 1 [pid: 8|app: 0|req: 954/2025] 10.0.0.64 () {34 vars in 669 bytes} [Fri May 15 22:37:47 2026] POST /v2.0/networks => generated 686 bytes in 1045 msecs (HTTP/1.1 201) 4 headers in 162 bytes (1 switches on core 0) [pid: 7|app: 0|req: 1072/2026] 10.0.0.153 () {32 vars in 801 bytes} [Fri May 15 22:37:48 2026] GET /v2.0/extensions => generated 21706 bytes in 228 msecs (HTTP/1.1 200) 4 headers in 159 bytes (1 switches on core 0) [pid: 8|app: 0|req: 955/2027] 10.0.0.153 () {32 vars in 862 bytes} [Fri May 15 22:37:49 2026] GET /v2.0/quotas/c55ff98df48c4cd2a5d77aa900d1a523/details => generated 847 bytes in 188 msecs (HTTP/1.1 200) 4 headers in 157 bytes (1 switches on core 0)
2026-05-15 22:37:49.558 7 WARNING neutron.scheduler.dhcp_agent_scheduler [None req-7a43b2c1-a2fb-4be2-a12c-da1dd7d5d05e cecffc56aab5490a8ad84076f339ed4d 51b37db72f1c4f408c46abf2d9197a1e - - default default] No more DHCP agents
2026-05-15 22:37:49.559 7 WARNING neutron.api.rpc.agentnotifiers.dhcp_rpc_agent_api [None req-7a43b2c1-a2fb-4be2-a12c-da1dd7d5d05e cecffc56aab5490a8ad84076f339ed4d 51b37db72f1c4f408c46abf2d9197a1e - - default default] Unable to schedule network c531574b-93b9-4f55-a259-841e157d26d5: no agents available; will retry on subsequent port and subnet creation events.
2026-05-15 22:37:49.588 7 INFO neutron.db.ovn_revision_numbers_db [None req-7a43b2c1-a2fb-4be2-a12c-da1dd7d5d05e cecffc56aab5490a8ad84076f339ed4d 51b37db72f1c4f408c46abf2d9197a1e - - default default] Successfully bumped revision number for resource 73f8d118-89e2-4cd6-be74-d111cbe3f808 (type: subnets) to 0 [pid: 7|app: 0|req: 1073/2028] 10.0.0.64 () {34 vars in 668 bytes} [Fri May 15 22:37:49 2026] POST /v2.0/subnets => generated 673 bytes in 287 msecs (HTTP/1.1 201) 4 headers in 162 bytes (1 switches on core 0) [pid: 7|app: 0|req: 1074/2029] 10.0.0.29 () {34 vars in 989 bytes} [Fri May 15 22:37:49 2026] GET /v2.0/ports?device_id=4adff4ed-112e-4029-a33e-fc08a7e335ce => generated 12 bytes in 33 msecs (HTTP/1.1 200) 4 headers in 156 bytes (1 switches on core 0)
2026-05-15 22:37:49.725 8 INFO neutron.db.segments_db [None req-768605cc-43b9-4ae5-84d5-387de076ccc0 cecffc56aab5490a8ad84076f339ed4d 51b37db72f1c4f408c46abf2d9197a1e - - default default] Added segment 4f27328e-f49d-482a-9100-e0b8726957c8 of type geneve for network a5356793-604b-406a-9085-b9591a50fcf3
2026-05-15 22:37:49.850 8 INFO neutron.db.ovn_revision_numbers_db [None req-768605cc-43b9-4ae5-84d5-387de076ccc0 cecffc56aab5490a8ad84076f339ed4d 51b37db72f1c4f408c46abf2d9197a1e - - default default] Successfully bumped revision number for resource a5356793-604b-406a-9085-b9591a50fcf3 (type: networks) to 1
2026-05-15 22:37:50.031 8 WARNING neutron.scheduler.dhcp_agent_scheduler [None req-768605cc-43b9-4ae5-84d5-387de076ccc0 cecffc56aab5490a8ad84076f339ed4d 51b37db72f1c4f408c46abf2d9197a1e - - default default] No more DHCP agents
2026-05-15 22:37:50.035 8 WARNING neutron.api.rpc.agentnotifiers.dhcp_rpc_agent_api [None req-768605cc-43b9-4ae5-84d5-387de076ccc0 cecffc56aab5490a8ad84076f339ed4d 51b37db72f1c4f408c46abf2d9197a1e - - default default] Unable to schedule network a5356793-604b-406a-9085-b9591a50fcf3: no agents available; will retry on subsequent port and subnet creation events.
2026-05-15 22:37:50.108 7 INFO neutron.plugins.ml2.drivers.ovn.mech_driver.mech_driver [None req-4ece557f-7e0e-4204-afd8-1d1516489f46 - - - - - -] OVN reports status down for port: 20517dc4-bea6-4284-8717-b0872ea29728
2026-05-15 22:37:50.163 8 INFO neutron.db.ovn_revision_numbers_db [None req-768605cc-43b9-4ae5-84d5-387de076ccc0 cecffc56aab5490a8ad84076f339ed4d 51b37db72f1c4f408c46abf2d9197a1e - - default default] Successfully bumped revision number for resource 20517dc4-bea6-4284-8717-b0872ea29728 (type: ports) to 1 [pid: 8|app: 0|req: 956/2030] 10.0.0.64 () {34 vars in 669 bytes} [Fri May 15 22:37:49 2026] POST /v2.0/networks => generated 686 bytes in 579 msecs (HTTP/1.1 201) 4 headers in 162 bytes (1 switches on core 0)
2026-05-15 22:37:50.365 7 INFO neutron.db.ovn_revision_numbers_db [None req-f4fd8e8b-8826-4801-87ce-abff11152ab2 cecffc56aab5490a8ad84076f339ed4d 51b37db72f1c4f408c46abf2d9197a1e - - default default] Successfully bumped revision number for resource a5356793-604b-406a-9085-b9591a50fcf3 (type: networks) to 2 [pid: 7|app: 0|req: 1075/2031] 10.0.0.64 () {34 vars in 742 bytes} [Fri May 15 22:37:50 2026] PUT /v2.0/networks/a5356793-604b-406a-9085-b9591a50fcf3 => generated 636 bytes in 171 msecs (HTTP/1.1 200) 4 headers in 157 bytes (1 switches on core 0)
2026-05-15 22:37:50.608 8 WARNING neutron.scheduler.dhcp_agent_scheduler [None req-360b234e-692f-47be-9333-b3212d6e31da cecffc56aab5490a8ad84076f339ed4d 51b37db72f1c4f408c46abf2d9197a1e - - default default] No more DHCP agents
2026-05-15 22:37:50.609 8 WARNING neutron.api.rpc.agentnotifiers.dhcp_rpc_agent_api [None req-360b234e-692f-47be-9333-b3212d6e31da cecffc56aab5490a8ad84076f339ed4d 51b37db72f1c4f408c46abf2d9197a1e - - default default] Unable to schedule network a5356793-604b-406a-9085-b9591a50fcf3: no agents available; will retry on subsequent port and subnet creation events.
2026-05-15 22:37:50.648 8 INFO neutron.db.ovn_revision_numbers_db [None req-360b234e-692f-47be-9333-b3212d6e31da cecffc56aab5490a8ad84076f339ed4d 51b37db72f1c4f408c46abf2d9197a1e - - default default] Successfully bumped revision number for resource 73d38099-8193-45a0-8043-9440b2be8c14 (type: subnets) to 0 [pid: 8|app: 0|req: 957/2032] 10.0.0.64 () {34 vars in 668 bytes} [Fri May 15 22:37:50 2026] POST /v2.0/subnets => generated 646 bytes in 291 msecs (HTTP/1.1 201) 4 headers in 162 bytes (1 switches on core 0)
2026-05-15 22:37:50.933 7 INFO neutron.db.ovn_revision_numbers_db [None req-5e85126d-f0e1-447b-b2a6-22e0a4e3d73c 1226b749d55746b7a83d806384b2bd7c c7f1cfc4dc934c10956021087e92071e - - default default] Successfully bumped revision number for resource 203518a9-2e51-4132-823e-9e8000812a09 (type: security_groups) to 1
2026-05-15 22:37:50.950 7 INFO neutron.db.ovn_revision_numbers_db [None req-5e85126d-f0e1-447b-b2a6-22e0a4e3d73c 1226b749d55746b7a83d806384b2bd7c c7f1cfc4dc934c10956021087e92071e - - default default] Successfully bumped revision number for resource 58e2d136-f012-4b74-a47b-006007dfe35a (type: security_group_rules) to 0
2026-05-15 22:37:50.966 7 INFO neutron.db.ovn_revision_numbers_db [None req-5e85126d-f0e1-447b-b2a6-22e0a4e3d73c 1226b749d55746b7a83d806384b2bd7c c7f1cfc4dc934c10956021087e92071e - - default default] Successfully bumped revision number for resource a7900870-3b1e-4c04-9565-9184ef52986d (type: security_group_rules) to 0
2026-05-15 22:37:50.994 7 INFO neutron.db.ovn_revision_numbers_db [None req-5e85126d-f0e1-447b-b2a6-22e0a4e3d73c 1226b749d55746b7a83d806384b2bd7c c7f1cfc4dc934c10956021087e92071e - - default default] Successfully bumped revision number for resource d82a22d1-30e2-4cce-ac06-092722c4936b (type: security_group_rules) to 0
2026-05-15 22:37:51.010 7 INFO neutron.db.ovn_revision_numbers_db [None req-5e85126d-f0e1-447b-b2a6-22e0a4e3d73c 1226b749d55746b7a83d806384b2bd7c c7f1cfc4dc934c10956021087e92071e - - default default] Successfully bumped revision number for resource f85f51e1-967c-4c3d-9c7a-0ac6ed24bcfe (type: security_group_rules) to 0
2026-05-15 22:37:51.134 7 INFO neutron.db.ovn_revision_numbers_db [None req-5e85126d-f0e1-447b-b2a6-22e0a4e3d73c 1226b749d55746b7a83d806384b2bd7c c7f1cfc4dc934c10956021087e92071e - - default default] Successfully bumped revision number for resource 603cd66c-ed74-44fe-afba-0fdccc7e052a (type: security_groups) to 1
2026-05-15 22:37:51.166 7 INFO neutron.db.ovn_revision_numbers_db [None req-5e85126d-f0e1-447b-b2a6-22e0a4e3d73c 1226b749d55746b7a83d806384b2bd7c c7f1cfc4dc934c10956021087e92071e - - default default] Successfully bumped revision number for resource 56919879-bc7a-44b9-b114-99938ef903fa (type: security_group_rules) to 0
2026-05-15 22:37:51.192 7 INFO neutron.db.ovn_revision_numbers_db [None req-5e85126d-f0e1-447b-b2a6-22e0a4e3d73c 1226b749d55746b7a83d806384b2bd7c c7f1cfc4dc934c10956021087e92071e - - default default] Successfully bumped revision number for resource 9e8c91e5-61e0-4daf-8b75-e3c2ede30dd4 (type: security_group_rules) to 0 [pid: 7|app: 0|req: 1076/2033] 10.0.0.64 () {34 vars in 683 bytes} [Fri May 15 22:37:50 2026] POST /v2.0/security-groups => generated 1601 bytes in 603 msecs (HTTP/1.1 201) 4 headers in 163 bytes (1 switches on core 0)
2026-05-15 22:37:51.329 8 INFO neutron.db.ovn_revision_numbers_db [None req-4ef181c6-3136-4392-913e-cddfbc169d0c cecffc56aab5490a8ad84076f339ed4d 51b37db72f1c4f408c46abf2d9197a1e - - default default] Successfully bumped revision number for resource 20517dc4-bea6-4284-8717-b0872ea29728 (type: ports) to 2
2026-05-15 22:37:51.368 8 INFO neutron.db.ovn_revision_numbers_db [None req-4ef181c6-3136-4392-913e-cddfbc169d0c cecffc56aab5490a8ad84076f339ed4d 51b37db72f1c4f408c46abf2d9197a1e - - default default] Successfully bumped revision number for resource 73d38099-8193-45a0-8043-9440b2be8c14 (type: subnets) to 1 [pid: 8|app: 0|req: 958/2034] 10.0.0.64 () {34 vars in 740 bytes} [Fri May 15 22:37:50 2026] PUT /v2.0/subnets/73d38099-8193-45a0-8043-9440b2be8c14 => generated 656 bytes in 700 msecs (HTTP/1.1 200) 4 headers in 157 bytes (1 switches on core 0)
2026-05-15 22:37:51.405 8 WARNING tagging [None req-d4dc772c-bdec-494f-ae1f-2e6d46cc2bb0 1226b749d55746b7a83d806384b2bd7c c7f1cfc4dc934c10956021087e92071e - - default default] project_id key not found in request, using tenant_id instead. This support has been deprecated and will be removed in a future release. [pid: 8|app: 0|req: 959/2035] 10.0.0.64 () {34 vars in 766 bytes} [Fri May 15 22:37:51 2026] PUT /v2.0/security-groups/603cd66c-ed74-44fe-afba-0fdccc7e052a/tags => generated 25 bytes in 68 msecs (HTTP/1.1 200) 4 headers in 156 bytes (1 switches on core 0) [pid: 7|app: 0|req: 1077/2036] 10.0.0.64 () {32 vars in 739 bytes} [Fri May 15 22:37:51 2026] DELETE /v2.0/security-groups/f6c496fd-9b8f-4cc0-b46a-23108791c7df => generated 0 bytes in 221 msecs (HTTP/1.1 204) 2 headers in 112 bytes (1 switches on core 0)
2026-05-15 22:37:51.484 7 WARNING tagging [None req-eeb97d02-74db-4eba-aebd-0dfe23bbe14f 1226b749d55746b7a83d806384b2bd7c c7f1cfc4dc934c10956021087e92071e - - default default] project_id key not found in request, using tenant_id instead. This support has been deprecated and will be removed in a future release. [pid: 7|app: 0|req: 1078/2037] 10.0.0.64 () {32 vars in 746 bytes} [Fri May 15 22:37:51 2026] GET /v2.0/security-groups/603cd66c-ed74-44fe-afba-0fdccc7e052a/tags => generated 25 bytes in 42 msecs (HTTP/1.1 200) 4 headers in 156 bytes (1 switches on core 0)
2026-05-15 22:37:51.591 8 INFO neutron_taas.services.taas.taas_plugin [None req-ec598114-9e45-4c9f-b08d-5861eadc4f33 cecffc56aab5490a8ad84076f339ed4d 51b37db72f1c4f408c46abf2d9197a1e - - default default] TaaS: Handle Delete Port: 20517dc4-bea6-4284-8717-b0872ea29728
2026-05-15 22:37:51.595 8 INFO neutron_taas.services.taas.tap_mirror_plugin [None req-ec598114-9e45-4c9f-b08d-5861eadc4f33 cecffc56aab5490a8ad84076f339ed4d 51b37db72f1c4f408c46abf2d9197a1e - - default default] Tap Mirror: Handle Delete Port: 20517dc4-bea6-4284-8717-b0872ea29728
2026-05-15 22:37:51.874 7 INFO neutron_taas.services.taas.taas_plugin [None req-9e5ac11c-1f89-4459-aa1f-2018288bb07f d781260e3d314c9cac1666e7e166429c 73b4c7b739914bb2ac16f457cee79dec - - default default] TaaS: Handle Delete Port: e469f183-1473-42fc-a9ef-f2cc2009a3a1
2026-05-15 22:37:51.877 7 INFO neutron_taas.services.taas.tap_mirror_plugin [None req-9e5ac11c-1f89-4459-aa1f-2018288bb07f d781260e3d314c9cac1666e7e166429c 73b4c7b739914bb2ac16f457cee79dec - - default default] Tap Mirror: Handle Delete Port: e469f183-1473-42fc-a9ef-f2cc2009a3a1
2026-05-15 22:37:51.909 8 INFO neutron.services.segments.plugin [-] Segment 4f27328e-f49d-482a-9100-e0b8726957c8 resource provider aggregate not found
2026-05-15 22:37:51.917 8 INFO neutron.services.segments.plugin [-] Segment 4f27328e-f49d-482a-9100-e0b8726957c8 resource provider aggregate not found
2026-05-15 22:37:51.940 8 INFO neutron.services.segments.plugin [-] Segment 4f27328e-f49d-482a-9100-e0b8726957c8 resource provider not found; error: Placement Client Error (4xx): {"errors": [{"status": 404, "title": "Not Found", "detail": "The resource could not be found.\n\n No resource provider with uuid 4f27328e-f49d-482a-9100-e0b8726957c8 found for delete ", "request_id": "req-bf0404e5-dd3f-4a95-bd12-5561a096600f"}]}
2026-05-15 22:37:51.945 8 INFO neutron.services.segments.plugin [-] Segment 4f27328e-f49d-482a-9100-e0b8726957c8 resource provider not found; error: Placement Client Error (4xx): {"errors": [{"status": 404, "title": "Not Found", "detail": "The resource could not be found.\n\n No resource provider with uuid 4f27328e-f49d-482a-9100-e0b8726957c8 found for delete ", "request_id": "req-5332206d-f295-4563-a1c4-078dd1e6caa5"}]} [pid: 8|app: 0|req: 960/2038] 10.0.0.64 () {32 vars in 725 bytes} [Fri May 15 22:37:51 2026] DELETE /v2.0/networks/a5356793-604b-406a-9085-b9591a50fcf3 => generated 0 bytes in 523 msecs (HTTP/1.1 204) 3 headers in 131 bytes (1 switches on core 0)
2026-05-15 22:37:51.991 8 WARNING tagging [None req-5179b714-8280-4e75-8316-eff391ff473c 1226b749d55746b7a83d806384b2bd7c c7f1cfc4dc934c10956021087e92071e - - default default] project_id key not found in request, using tenant_id instead. This support has been deprecated and will be removed in a future release. [pid: 8|app: 0|req: 961/2039] 10.0.0.64 () {34 vars in 777 bytes} [Fri May 15 22:37:51 2026] PUT /v2.0/security-groups/603cd66c-ed74-44fe-afba-0fdccc7e052a/tags/green => generated 4 bytes in 56 msecs (HTTP/1.1 201) 4 headers in 160 bytes (1 switches on core 0)
2026-05-15 22:37:52.033 8 INFO neutron.pecan_wsgi.hooks.translation [None req-6d8d491a-ccd5-49ad-9b72-b9163c2ab04d cecffc56aab5490a8ad84076f339ed4d 51b37db72f1c4f408c46abf2d9197a1e - - default default] DELETE failed (client error): The resource could not be found. [pid: 8|app: 0|req: 962/2040] 10.0.0.64 () {32 vars in 725 bytes} [Fri May 15 22:37:52 2026] DELETE /v2.0/networks/a5356793-604b-406a-9085-b9591a50fcf3 => generated 138 bytes in 13 msecs (HTTP/1.1 404) 4 headers in 164 bytes (1 switches on core 0)
2026-05-15 22:37:52.057 8 WARNING tagging [None req-c7b913e4-8f7b-4f2a-9fe3-e570ab1f0859 1226b749d55746b7a83d806384b2bd7c c7f1cfc4dc934c10956021087e92071e - - default default] project_id key not found in request, using tenant_id instead. This support has been deprecated and will be removed in a future release. [pid: 8|app: 0|req: 963/2041] 10.0.0.64 () {32 vars in 746 bytes} [Fri May 15 22:37:52 2026] GET /v2.0/security-groups/603cd66c-ed74-44fe-afba-0fdccc7e052a/tags => generated 34 bytes in 31 msecs (HTTP/1.1 200) 4 headers in 156 bytes (1 switches on core 0) [pid: 8|app: 0|req: 964/2042] 10.0.0.64 () {32 vars in 693 bytes} [Fri May 15 22:37:52 2026] GET /v2.0/networks?router%3Aexternal=True => generated 689 bytes in 53 msecs (HTTP/1.1 200) 4 headers in 157 bytes (1 switches on core 0)
2026-05-15 22:37:52.169 8 WARNING tagging [None req-9def56eb-8280-4177-98c4-e58edfe40ee2 1226b749d55746b7a83d806384b2bd7c c7f1cfc4dc934c10956021087e92071e - - default default] project_id key not found in request, using tenant_id instead. This support has been deprecated and will be removed in a future release. [pid: 8|app: 0|req: 965/2043] 10.0.0.64 () {34 vars in 773 bytes} [Fri May 15 22:37:52 2026] PUT /v2.0/security-groups/603cd66c-ed74-44fe-afba-0fdccc7e052a/tags/red => generated 4 bytes in 69 msecs (HTTP/1.1 201) 4 headers in 160 bytes (1 switches on core 0) [pid: 8|app: 0|req: 966/2044] 10.0.0.64 () {32 vars in 741 bytes} [Fri May 15 22:37:52 2026] GET /v2.0/subnets?network_id=941c7435-e042-4e63-bd9d-69ad0198da37 => generated 649 bytes in 47 msecs (HTTP/1.1 200) 4 headers in 157 bytes (1 switches on core 0)
2026-05-15 22:37:52.268 8 WARNING tagging [None req-bc67ffff-b351-4cf6-b652-85616d4c7a33 1226b749d55746b7a83d806384b2bd7c c7f1cfc4dc934c10956021087e92071e - - default default] project_id key not found in request, using tenant_id instead. This support has been deprecated and will be removed in a future release. [pid: 8|app: 0|req: 967/2045] 10.0.0.64 () {32 vars in 746 bytes} [Fri May 15 22:37:52 2026] GET /v2.0/security-groups/603cd66c-ed74-44fe-afba-0fdccc7e052a/tags => generated 34 bytes in 38 msecs (HTTP/1.1 200) 4 headers in 156 bytes (1 switches on core 0) [pid: 8|app: 0|req: 968/2046] 10.0.0.64 () {32 vars in 652 bytes} [Fri May 15 22:37:52 2026] GET /v2.0/extensions => generated 21706 bytes in 10 msecs (HTTP/1.1 200) 4 headers in 159 bytes (1 switches on core 0)
2026-05-15 22:37:52.318 8 WARNING tagging [None req-f8933ff5-081d-407a-a8a1-fbdb4bd196a1 1226b749d55746b7a83d806384b2bd7c c7f1cfc4dc934c10956021087e92071e - - default default] project_id key not found in request, using tenant_id instead. This support has been deprecated and will be removed in a future release. [pid: 8|app: 0|req: 969/2047] 10.0.0.64 () {34 vars in 795 bytes} [Fri May 15 22:37:52 2026] PUT /v2.0/security-groups/603cd66c-ed74-44fe-afba-0fdccc7e052a/tags/black.or.white => generated 4 bytes in 71 msecs (HTTP/1.1 201) 4 headers in 160 bytes (1 switches on core 0) [pid: 8|app: 0|req: 970/2048] 10.0.0.64 () {32 vars in 648 bytes} [Fri May 15 22:37:52 2026] GET /v2.0/networks => generated 1389 bytes in 57 msecs (HTTP/1.1 200) 4 headers in 158 bytes (1 switches on core 0)
2026-05-15 22:37:52.437 8 WARNING tagging [None req-35186bb3-526f-427f-90da-bea433d43d7c 1226b749d55746b7a83d806384b2bd7c c7f1cfc4dc934c10956021087e92071e - - default default] project_id key not found in request, using tenant_id instead. This support has been deprecated and will be removed in a future release. [pid: 8|app: 0|req: 971/2049] 10.0.0.64 () {32 vars in 746 bytes} [Fri May 15 22:37:52 2026] GET /v2.0/security-groups/603cd66c-ed74-44fe-afba-0fdccc7e052a/tags => generated 52 bytes in 27 msecs (HTTP/1.1 200) 4 headers in 156 bytes (1 switches on core 0) [pid: 8|app: 0|req: 972/2050] 10.0.0.64 () {32 vars in 646 bytes} [Fri May 15 22:37:52 2026] GET /v2.0/subnets => generated 1312 bytes in 36 msecs (HTTP/1.1 200) 4 headers in 158 bytes (1 switches on core 0)
2026-05-15 22:37:52.501 8 WARNING tagging [None req-875980bd-77d3-4ecc-976d-0212a5ffc14e 1226b749d55746b7a83d806384b2bd7c c7f1cfc4dc934c10956021087e92071e - - default default] project_id key not found in request, using tenant_id instead. This support has been deprecated and will be removed in a future release. [pid: 8|app: 0|req: 973/2051] 10.0.0.64 () {34 vars in 766 bytes} [Fri May 15 22:37:52 2026] PUT /v2.0/security-groups/603cd66c-ed74-44fe-afba-0fdccc7e052a/tags => generated 37 bytes in 48 msecs (HTTP/1.1 200) 4 headers in 156 bytes (1 switches on core 0) [pid: 7|app: 0|req: 1079/2052] 10.0.0.64 () {34 vars in 788 bytes} [Fri May 15 22:37:51 2026] PUT /v2.0/routers/2dc98d9e-6759-4e93-b8c5-b5f687f82c8f/remove_router_interface => generated 310 bytes in 1059 msecs (HTTP/1.1 200) 4 headers in 157 bytes (1 switches on core 0) /var/lib/openstack/lib/python3.12/site-packages/pycadf/identifier.py:70: UserWarning: Invalid uuid: neutron. To ensure interoperability, identifiers should be a valid uuid. warnings.warn(('Invalid uuid: %s. To ensure interoperability, ' [pid: 7|app: 0|req: 1080/2053] 10.0.0.153 () {32 vars in 801 bytes} [Fri May 15 22:37:52 2026] GET /v2.0/extensions => generated 21706 bytes in 14 msecs (HTTP/1.1 200) 4 headers in 159 bytes (1 switches on core 0) [pid: 8|app: 0|req: 974/2054] 10.0.0.64 () {32 vars in 722 bytes} [Fri May 15 22:37:52 2026] GET /v2.0/networks/c531574b-93b9-4f55-a259-841e157d26d5 => generated 711 bytes in 71 msecs (HTTP/1.1 200) 4 headers in 157 bytes (1 switches on core 0)
2026-05-15 22:37:52.604 7 WARNING tagging [None req-ccc4f4fc-fb72-4d25-9b4d-5644b4bbce68 1226b749d55746b7a83d806384b2bd7c c7f1cfc4dc934c10956021087e92071e - - default default] project_id key not found in request, using tenant_id instead. This support has been deprecated and will be removed in a future release. [pid: 7|app: 0|req: 1081/2057] 10.0.0.64 () {32 vars in 746 bytes} [Fri May 15 22:37:52 2026] GET /v2.0/security-groups/603cd66c-ed74-44fe-afba-0fdccc7e052a/tags => generated 37 bytes in 46 msecs (HTTP/1.1 200) 4 headers in 156 bytes (1 switches on core 0) [pid: 7|app: 0|req: 1082/2058] 10.0.0.64 () {32 vars in 720 bytes} [Fri May 15 22:37:52 2026] GET /v2.0/subnets/73f8d118-89e2-4cd6-be74-d111cbe3f808 => generated 673 bytes in 38 msecs (HTTP/1.1 200) 4 headers in 157 bytes (1 switches on core 0)
2026-05-15 22:37:52.713 7 WARNING tagging [None req-bbbe8bc7-f40e-45dd-bce4-2ce2ec032d0c 1226b749d55746b7a83d806384b2bd7c c7f1cfc4dc934c10956021087e92071e - - default default] project_id key not found in request, using tenant_id instead. This support has been deprecated and will be removed in a future release. [pid: 7|app: 0|req: 1083/2059] 10.0.0.64 () {32 vars in 754 bytes} [Fri May 15 22:37:52 2026] GET /v2.0/security-groups/603cd66c-ed74-44fe-afba-0fdccc7e052a/tags/red => generated 0 bytes in 67 msecs (HTTP/1.1 204) 2 headers in 112 bytes (1 switches on core 0)
2026-05-15 22:37:52.741 7 INFO neutron.pecan_wsgi.hooks.translation [None req-fd906546-390c-45d1-996e-a1e00d021fbb cecffc56aab5490a8ad84076f339ed4d 51b37db72f1c4f408c46abf2d9197a1e - - default default] DELETE failed (client error): The resource could not be found. [pid: 7|app: 0|req: 1084/2060] 10.0.0.64 () {32 vars in 723 bytes} [Fri May 15 22:37:52 2026] DELETE /v2.0/subnets/73d38099-8193-45a0-8043-9440b2be8c14 => generated 136 bytes in 17 msecs (HTTP/1.1 404) 4 headers in 164 bytes (1 switches on core 0) [pid: 8|app: 0|req: 977/2061] 10.0.0.64 () {32 vars in 723 bytes} [Fri May 15 22:37:52 2026] DELETE /v2.0/subnets/582980b4-e8aa-4a2f-bbcf-ccda4bc12fa0 => generated 0 bytes in 200 msecs (HTTP/1.1 204) 3 headers in 131 bytes (1 switches on core 0) [pid: 7|app: 0|req: 1085/2062] 10.0.0.153 () {32 vars in 862 bytes} [Fri May 15 22:37:52 2026] GET /v2.0/quotas/c55ff98df48c4cd2a5d77aa900d1a523/details => generated 847 bytes in 88 msecs (HTTP/1.1 200) 4 headers in 157 bytes (1 switches on core 0)
2026-05-15 22:37:52.833 8 WARNING tagging [None req-b19c25dd-a9ec-4855-862a-085f80580887 1226b749d55746b7a83d806384b2bd7c c7f1cfc4dc934c10956021087e92071e - - default default] project_id key not found in request, using tenant_id instead. This support has been deprecated and will be removed in a future release.
2026-05-15 22:37:52.843 7 INFO neutron.pecan_wsgi.hooks.translation [None req-d7c8f584-a5a6-4571-83a0-0dc94a8310e6 cecffc56aab5490a8ad84076f339ed4d 51b37db72f1c4f408c46abf2d9197a1e - - default default] DELETE failed (client error): The resource could not be found.
2026-05-15 22:37:52.843 8 INFO neutron.api.v2.resource [None req-b19c25dd-a9ec-4855-862a-085f80580887 1226b749d55746b7a83d806384b2bd7c c7f1cfc4dc934c10956021087e92071e - - default default] show failed (client error): The resource could not be found. [pid: 8|app: 0|req: 978/2063] 10.0.0.64 () {32 vars in 758 bytes} [Fri May 15 22:37:52 2026] GET /v2.0/security-groups/603cd66c-ed74-44fe-afba-0fdccc7e052a/tags/green => generated 99 bytes in 38 msecs (HTTP/1.1 404) 4 headers in 163 bytes (1 switches on core 0) [pid: 7|app: 0|req: 1086/2064] 10.0.0.64 () {32 vars in 725 bytes} [Fri May 15 22:37:52 2026] DELETE /v2.0/networks/a5356793-604b-406a-9085-b9591a50fcf3 => generated 138 bytes in 13 msecs (HTTP/1.1 404) 4 headers in 164 bytes (1 switches on core 0) [pid: 7|app: 0|req: 1087/2065] 10.0.0.64 () {32 vars in 723 bytes} [Fri May 15 22:37:52 2026] DELETE /v2.0/subnets/73f8d118-89e2-4cd6-be74-d111cbe3f808 => generated 0 bytes in 106 msecs (HTTP/1.1 204) 3 headers in 131 bytes (1 switches on core 0)
2026-05-15 22:37:52.983 7 WARNING tagging [None req-5745a888-45f5-4fb9-bd5d-c58dfe5f3e5a 1226b749d55746b7a83d806384b2bd7c c7f1cfc4dc934c10956021087e92071e - - default default] project_id key not found in request, using tenant_id instead. This support has been deprecated and will be removed in a future release. [pid: 7|app: 0|req: 1088/2066] 10.0.0.64 () {32 vars in 757 bytes} [Fri May 15 22:37:52 2026] DELETE /v2.0/security-groups/603cd66c-ed74-44fe-afba-0fdccc7e052a/tags/red => generated 0 bytes in 63 msecs (HTTP/1.1 204) 2 headers in 112 bytes (1 switches on core 0)
2026-05-15 22:37:53.154 8 INFO neutron_taas.services.taas.taas_plugin [None req-865474c6-ae9a-424f-ab07-b2f4ebd1387f d781260e3d314c9cac1666e7e166429c 73b4c7b739914bb2ac16f457cee79dec - - default default] TaaS: Handle Delete Port: 340433b3-6b54-480a-9bb1-54efc4134ef2
2026-05-15 22:37:53.157 8 INFO neutron_taas.services.taas.tap_mirror_plugin [None req-865474c6-ae9a-424f-ab07-b2f4ebd1387f d781260e3d314c9cac1666e7e166429c 73b4c7b739914bb2ac16f457cee79dec - - default default] Tap Mirror: Handle Delete Port: 340433b3-6b54-480a-9bb1-54efc4134ef2
2026-05-15 22:37:53.164 7 INFO neutron_taas.services.taas.taas_plugin [None req-b82179ba-43ef-4da9-aea6-81cf60a47790 cecffc56aab5490a8ad84076f339ed4d 51b37db72f1c4f408c46abf2d9197a1e - - default default] TaaS: Handle Delete Port: f2f22af4-1e7d-46b1-8a63-215fcb30ebbc
2026-05-15 22:37:53.169 7 INFO neutron_taas.services.taas.tap_mirror_plugin [None req-b82179ba-43ef-4da9-aea6-81cf60a47790 cecffc56aab5490a8ad84076f339ed4d 51b37db72f1c4f408c46abf2d9197a1e - - default default] Tap Mirror: Handle Delete Port: f2f22af4-1e7d-46b1-8a63-215fcb30ebbc
2026-05-15 22:37:53.392 7 INFO neutron.services.segments.plugin [-] Segment d0e9572e-bf4d-4322-a8fb-679c192d1fcc resource provider aggregate not found
2026-05-15 22:37:53.399 7 INFO neutron.services.segments.plugin [-] Segment d0e9572e-bf4d-4322-a8fb-679c192d1fcc resource provider aggregate not found
2026-05-15 22:37:53.416 7 INFO neutron.services.segments.plugin [-] Segment d0e9572e-bf4d-4322-a8fb-679c192d1fcc resource provider not found; error: Placement Client Error (4xx): {"errors": [{"status": 404, "title": "Not Found", "detail": "The resource could not be found.\n\n No resource provider with uuid d0e9572e-bf4d-4322-a8fb-679c192d1fcc found for delete ", "request_id": "req-6af4f8be-7afc-4bd2-adcd-5185bfbe29aa"}]}
2026-05-15 22:37:53.422 7 INFO neutron.services.segments.plugin [-] Segment d0e9572e-bf4d-4322-a8fb-679c192d1fcc resource provider not found; error: Placement Client Error (4xx): {"errors": [{"status": 404, "title": "Not Found", "detail": "The resource could not be found.\n\n No resource provider with uuid d0e9572e-bf4d-4322-a8fb-679c192d1fcc found for delete ", "request_id": "req-37d1ec8d-a374-4d5a-aeff-535c8399b56d"}]} [pid: 7|app: 0|req: 1089/2067] 10.0.0.64 () {32 vars in 725 bytes} [Fri May 15 22:37:53 2026] DELETE /v2.0/networks/c531574b-93b9-4f55-a259-841e157d26d5 => generated 0 bytes in 426 msecs (HTTP/1.1 204) 3 headers in 131 bytes (1 switches on core 0)
