2026-05-15 22:39:40.189 8 INFO neutron.db.ovn_revision_numbers_db [None req-b01b3abb-ede8-46ce-84c0-79ffbe6e3b4d e4df9c2a806a42b09229cab2862a18c5 24bb9593fc3f4fe78d80f8d927745a1a - - default default] Successfully bumped revision number for resource 19de1a94-1b03-4ac9-9d39-bb9a0019aa70 (type: security_group_rules) to 0
2026-05-15 22:39:40.204 8 INFO neutron.db.ovn_revision_numbers_db [None req-b01b3abb-ede8-46ce-84c0-79ffbe6e3b4d e4df9c2a806a42b09229cab2862a18c5 24bb9593fc3f4fe78d80f8d927745a1a - - default default] Successfully bumped revision number for resource 68502289-228a-4791-8eba-72795a1dcc74 (type: security_group_rules) to 0
2026-05-15 22:39:40.221 8 INFO neutron.db.ovn_revision_numbers_db [None req-b01b3abb-ede8-46ce-84c0-79ffbe6e3b4d e4df9c2a806a42b09229cab2862a18c5 24bb9593fc3f4fe78d80f8d927745a1a - - default default] Successfully bumped revision number for resource d70e9019-1c61-4759-bec7-b32ab8a50d59 (type: security_group_rules) to 0 [pid: 7|app: 0|req: 1481/2775] 199.204.45.72 () {30 vars in 702 bytes} [Fri May 15 22:39:40 2026] GET /v2.0/extensions/security-group => generated 170 bytes in 6 msecs (HTTP/1.1 200) 4 headers in 157 bytes (1 switches on core 0)
2026-05-15 22:39:40.237 8 INFO neutron.db.ovn_revision_numbers_db [None req-b01b3abb-ede8-46ce-84c0-79ffbe6e3b4d e4df9c2a806a42b09229cab2862a18c5 24bb9593fc3f4fe78d80f8d927745a1a - - default default] Successfully bumped revision number for resource f178a986-d058-4342-bca4-86c6cb67f3e0 (type: security_group_rules) to 0 [pid: 7|app: 0|req: 1482/2776] 199.204.45.72 () {30 vars in 704 bytes} [Fri May 15 22:39:40 2026] GET /v2.0/extensions/dns-integration => generated 172 bytes in 8 msecs (HTTP/1.1 200) 4 headers in 157 bytes (1 switches on core 0) [pid: 7|app: 0|req: 1483/2777] 199.204.45.72 () {30 vars in 680 bytes} [Fri May 15 22:39:40 2026] GET /v2.0/extensions/qos => generated 166 bytes in 5 msecs (HTTP/1.1 200) 4 headers in 157 bytes (1 switches on core 0) [pid: 7|app: 0|req: 1484/2778] 199.204.45.72 () {30 vars in 716 bytes} [Fri May 15 22:39:40 2026] GET /v2.0/extensions/allowed-address-pairs => generated 184 bytes in 10 msecs (HTTP/1.1 200) 4 headers in 157 bytes (1 switches on core 0)
2026-05-15 22:39:40.294 7 INFO neutron.api.v2.resource [None req-433dcf8d-b730-4855-85cc-1b8aadcbaf9b a1b2350c2e114a01813f9950f89ea1ea 2e99be1cde52414ea9cfc991793a11a5 - - default default] show failed (client error): The resource could not be found. [pid: 7|app: 0|req: 1485/2779] 199.204.45.72 () {30 vars in 762 bytes} [Fri May 15 22:39:40 2026] GET /v2.0/security-groups/lb-5fea4be1-2f56-4938-9acb-e02c00ec2595 => generated 149 bytes in 16 msecs (HTTP/1.1 404) 4 headers in 164 bytes (1 switches on core 0) [pid: 7|app: 0|req: 1486/2780] 199.204.45.72 () {30 vars in 784 bytes} [Fri May 15 22:39:40 2026] GET /v2.0/security-groups?name=lb-5fea4be1-2f56-4938-9acb-e02c00ec2595 => generated 23 bytes in 26 msecs (HTTP/1.1 200) 4 headers in 156 bytes (1 switches on core 0)
2026-05-15 22:39:40.330 8 INFO neutron.db.segments_db [None req-b01b3abb-ede8-46ce-84c0-79ffbe6e3b4d e4df9c2a806a42b09229cab2862a18c5 24bb9593fc3f4fe78d80f8d927745a1a - - default default] Added segment b3efe59d-9a13-42a8-ad95-dfbcfd840dcd of type geneve for network a604a72a-ff99-4a5f-a6fd-cc9644b7d82f
2026-05-15 22:39:40.452 7 INFO neutron.db.ovn_revision_numbers_db [None req-fb43a053-149d-4518-8528-299a26da65cf a1b2350c2e114a01813f9950f89ea1ea 2e99be1cde52414ea9cfc991793a11a5 - - default default] Successfully bumped revision number for resource 35f99fa0-da95-48dc-b9d4-09aa5a4f6073 (type: security_groups) to 1
2026-05-15 22:39:40.469 8 INFO neutron.db.ovn_revision_numbers_db [None req-b01b3abb-ede8-46ce-84c0-79ffbe6e3b4d e4df9c2a806a42b09229cab2862a18c5 24bb9593fc3f4fe78d80f8d927745a1a - - default default] Successfully bumped revision number for resource a604a72a-ff99-4a5f-a6fd-cc9644b7d82f (type: networks) to 1
2026-05-15 22:39:40.472 7 INFO neutron.db.ovn_revision_numbers_db [None req-fb43a053-149d-4518-8528-299a26da65cf a1b2350c2e114a01813f9950f89ea1ea 2e99be1cde52414ea9cfc991793a11a5 - - default default] Successfully bumped revision number for resource 0f670820-ef49-42df-a772-c2eca4917e89 (type: security_group_rules) to 0
2026-05-15 22:39:40.486 7 INFO neutron.db.ovn_revision_numbers_db [None req-fb43a053-149d-4518-8528-299a26da65cf a1b2350c2e114a01813f9950f89ea1ea 2e99be1cde52414ea9cfc991793a11a5 - - default default] Successfully bumped revision number for resource c2cd3393-5245-4340-b87d-85b3f0ebd155 (type: security_group_rules) to 0 [pid: 7|app: 0|req: 1487/2781] 199.204.45.72 () {34 vars in 735 bytes} [Fri May 15 22:39:40 2026] POST /v2.0/security-groups => generated 1638 bytes in 195 msecs (HTTP/1.1 201) 4 headers in 163 bytes (1 switches on core 0) [pid: 7|app: 0|req: 1488/2782] 199.204.45.72 () {30 vars in 814 bytes} [Fri May 15 22:39:40 2026] GET /v2.0/security-group-rules?security_group_id=35f99fa0-da95-48dc-b9d4-09aa5a4f6073 => generated 1182 bytes in 50 msecs (HTTP/1.1 200) 4 headers in 158 bytes (1 switches on core 0)
2026-05-15 22:39:40.653 8 WARNING neutron.scheduler.dhcp_agent_scheduler [None req-b01b3abb-ede8-46ce-84c0-79ffbe6e3b4d e4df9c2a806a42b09229cab2862a18c5 24bb9593fc3f4fe78d80f8d927745a1a - - default default] No more DHCP agents
2026-05-15 22:39:40.654 8 WARNING neutron.api.rpc.agentnotifiers.dhcp_rpc_agent_api [None req-b01b3abb-ede8-46ce-84c0-79ffbe6e3b4d e4df9c2a806a42b09229cab2862a18c5 24bb9593fc3f4fe78d80f8d927745a1a - - default default] Unable to schedule network a604a72a-ff99-4a5f-a6fd-cc9644b7d82f: no agents available; will retry on subsequent port and subnet creation events.
2026-05-15 22:39:40.714 7 INFO neutron.plugins.ml2.drivers.ovn.mech_driver.mech_driver [None req-82a68b90-76d7-47c2-a281-e2728a70a367 - - - - - -] OVN reports status down for port: a1c10404-99a0-47ef-af93-913d4253b9ab
2026-05-15 22:39:40.738 8 INFO neutron.db.ovn_revision_numbers_db [None req-b01b3abb-ede8-46ce-84c0-79ffbe6e3b4d e4df9c2a806a42b09229cab2862a18c5 24bb9593fc3f4fe78d80f8d927745a1a - - default default] Successfully bumped revision number for resource a1c10404-99a0-47ef-af93-913d4253b9ab (type: ports) to 1 [pid: 8|app: 0|req: 1295/2783] 10.0.0.64 () {34 vars in 669 bytes} [Fri May 15 22:39:39 2026] POST /v2.0/networks => generated 669 bytes in 935 msecs (HTTP/1.1 201) 4 headers in 162 bytes (1 switches on core 0) [pid: 8|app: 0|req: 1296/2784] 10.0.0.64 () {34 vars in 752 bytes} [Fri May 15 22:39:40 2026] PUT /v2.0/networks/a604a72a-ff99-4a5f-a6fd-cc9644b7d82f/tags => generated 25 bytes in 64 msecs (HTTP/1.1 200) 4 headers in 156 bytes (1 switches on core 0) [pid: 8|app: 0|req: 1297/2785] 10.0.0.64 () {32 vars in 732 bytes} [Fri May 15 22:39:40 2026] GET /v2.0/networks/a604a72a-ff99-4a5f-a6fd-cc9644b7d82f/tags => generated 25 bytes in 48 msecs (HTTP/1.1 200) 4 headers in 156 bytes (1 switches on core 0) [pid: 8|app: 0|req: 1298/2786] 10.0.0.64 () {34 vars in 763 bytes} [Fri May 15 22:39:40 2026] PUT /v2.0/networks/a604a72a-ff99-4a5f-a6fd-cc9644b7d82f/tags/green => generated 4 bytes in 103 msecs (HTTP/1.1 201) 4 headers in 160 bytes (1 switches on core 0) [pid: 8|app: 0|req: 1299/2787] 10.0.0.64 () {32 vars in 732 bytes} [Fri May 15 22:39:40 2026] GET /v2.0/networks/a604a72a-ff99-4a5f-a6fd-cc9644b7d82f/tags => generated 34 bytes in 44 msecs (HTTP/1.1 200) 4 headers in 156 bytes (1 switches on core 0) [pid: 8|app: 0|req: 1300/2788] 10.0.0.64 () {34 vars in 759 bytes} [Fri May 15 22:39:41 2026] PUT /v2.0/networks/a604a72a-ff99-4a5f-a6fd-cc9644b7d82f/tags/red => generated 4 bytes in 98 msecs (HTTP/1.1 201) 4 headers in 160 bytes (1 switches on core 0)
2026-05-15 22:39:41.153 7 INFO neutron.db.ovn_revision_numbers_db [None req-ea662e92-e5c5-402e-b89e-a6948d074216 a1b2350c2e114a01813f9950f89ea1ea 2e99be1cde52414ea9cfc991793a11a5 - - default default] Successfully bumped revision number for resource 9b9bd410-d80b-43a7-9d10-8ffdacadebca (type: ports) to 2 [pid: 7|app: 0|req: 1489/2789] 199.204.45.72 () {34 vars in 788 bytes} [Fri May 15 22:39:40 2026] PUT /v2.0/ports/9b9bd410-d80b-43a7-9d10-8ffdacadebca => generated 1132 bytes in 570 msecs (HTTP/1.1 200) 4 headers in 158 bytes (1 switches on core 0) [pid: 8|app: 0|req: 1301/2790] 10.0.0.64 () {32 vars in 732 bytes} [Fri May 15 22:39:41 2026] GET /v2.0/networks/a604a72a-ff99-4a5f-a6fd-cc9644b7d82f/tags => generated 34 bytes in 63 msecs (HTTP/1.1 200) 4 headers in 156 bytes (1 switches on core 0) /var/lib/openstack/lib/python3.12/site-packages/pycadf/identifier.py:70: UserWarning: Invalid uuid: neutron. To ensure interoperability, identifiers should be a valid uuid. warnings.warn(('Invalid uuid: %s. To ensure interoperability, ' [pid: 8|app: 0|req: 1302/2791] 199.204.45.72 () {30 vars in 702 bytes} [Fri May 15 22:39:41 2026] GET /v2.0/extensions/security-group => generated 170 bytes in 9 msecs (HTTP/1.1 200) 4 headers in 157 bytes (1 switches on core 0) [pid: 8|app: 0|req: 1303/2792] 199.204.45.72 () {30 vars in 704 bytes} [Fri May 15 22:39:41 2026] GET /v2.0/extensions/dns-integration => generated 172 bytes in 8 msecs (HTTP/1.1 200) 4 headers in 157 bytes (1 switches on core 0) [pid: 8|app: 0|req: 1304/2793] 199.204.45.72 () {30 vars in 680 bytes} [Fri May 15 22:39:41 2026] GET /v2.0/extensions/qos => generated 166 bytes in 8 msecs (HTTP/1.1 200) 4 headers in 157 bytes (1 switches on core 0) [pid: 8|app: 0|req: 1305/2794] 199.204.45.72 () {30 vars in 716 bytes} [Fri May 15 22:39:41 2026] GET /v2.0/extensions/allowed-address-pairs => generated 184 bytes in 4 msecs (HTTP/1.1 200) 4 headers in 157 bytes (1 switches on core 0) [pid: 7|app: 0|req: 1490/2795] 10.0.0.64 () {34 vars in 781 bytes} [Fri May 15 22:39:41 2026] PUT /v2.0/networks/a604a72a-ff99-4a5f-a6fd-cc9644b7d82f/tags/black.or.white => generated 4 bytes in 92 msecs (HTTP/1.1 201) 4 headers in 160 bytes (1 switches on core 0) [pid: 8|app: 0|req: 1306/2796] 199.204.45.72 () {30 vars in 740 bytes} [Fri May 15 22:39:41 2026] GET /v2.0/subnets/204f8448-1e08-4576-88ab-2c92a8ac644d => generated 675 bytes in 32 msecs (HTTP/1.1 200) 4 headers in 157 bytes (1 switches on core 0) [pid: 7|app: 0|req: 1491/2797] 10.0.0.64 () {32 vars in 732 bytes} [Fri May 15 22:39:41 2026] GET /v2.0/networks/a604a72a-ff99-4a5f-a6fd-cc9644b7d82f/tags => generated 52 bytes in 45 msecs (HTTP/1.1 200) 4 headers in 156 bytes (1 switches on core 0) [pid: 8|app: 0|req: 1307/2798] 10.0.0.64 () {34 vars in 752 bytes} [Fri May 15 22:39:41 2026] PUT /v2.0/networks/a604a72a-ff99-4a5f-a6fd-cc9644b7d82f/tags => generated 37 bytes in 72 msecs (HTTP/1.1 200) 4 headers in 156 bytes (1 switches on core 0) [pid: 7|app: 0|req: 1492/2799] 10.0.0.64 () {32 vars in 732 bytes} [Fri May 15 22:39:41 2026] GET /v2.0/networks/a604a72a-ff99-4a5f-a6fd-cc9644b7d82f/tags => generated 37 bytes in 40 msecs (HTTP/1.1 200) 4 headers in 156 bytes (1 switches on core 0) [pid: 8|app: 0|req: 1308/2800] 10.0.0.64 () {32 vars in 740 bytes} [Fri May 15 22:39:41 2026] GET /v2.0/networks/a604a72a-ff99-4a5f-a6fd-cc9644b7d82f/tags/red => generated 0 bytes in 51 msecs (HTTP/1.1 204) 2 headers in 112 bytes (1 switches on core 0)
2026-05-15 22:39:41.603 7 INFO neutron.api.v2.resource [None req-8dad0d53-4c94-4ba9-a619-4ba15f081075 e4df9c2a806a42b09229cab2862a18c5 24bb9593fc3f4fe78d80f8d927745a1a - - default default] show failed (client error): The resource could not be found. [pid: 7|app: 0|req: 1493/2801] 10.0.0.64 () {32 vars in 744 bytes} [Fri May 15 22:39:41 2026] GET /v2.0/networks/a604a72a-ff99-4a5f-a6fd-cc9644b7d82f/tags/green => generated 99 bytes in 60 msecs (HTTP/1.1 404) 4 headers in 163 bytes (1 switches on core 0) [pid: 8|app: 0|req: 1309/2802] 10.0.0.64 () {32 vars in 743 bytes} [Fri May 15 22:39:41 2026] DELETE /v2.0/networks/a604a72a-ff99-4a5f-a6fd-cc9644b7d82f/tags/red => generated 0 bytes in 82 msecs (HTTP/1.1 204) 2 headers in 112 bytes (1 switches on core 0) [pid: 7|app: 0|req: 1494/2803] 10.0.0.64 () {32 vars in 732 bytes} [Fri May 15 22:39:41 2026] GET /v2.0/networks/a604a72a-ff99-4a5f-a6fd-cc9644b7d82f/tags => generated 30 bytes in 44 msecs (HTTP/1.1 200) 4 headers in 156 bytes (1 switches on core 0)
2026-05-15 22:39:41.820 8 INFO neutron.api.v2.resource [None req-4c7c706a-c321-48c0-8a7c-ad2a9dbce3fc e4df9c2a806a42b09229cab2862a18c5 24bb9593fc3f4fe78d80f8d927745a1a - - default default] delete failed (client error): The resource could not be found. [pid: 8|app: 0|req: 1310/2804] 10.0.0.64 () {32 vars in 747 bytes} [Fri May 15 22:39:41 2026] DELETE /v2.0/networks/a604a72a-ff99-4a5f-a6fd-cc9644b7d82f/tags/green => generated 99 bytes in 77 msecs (HTTP/1.1 404) 4 headers in 163 bytes (1 switches on core 0) [pid: 7|app: 0|req: 1495/2805] 10.0.0.64 () {32 vars in 735 bytes} [Fri May 15 22:39:41 2026] DELETE /v2.0/networks/a604a72a-ff99-4a5f-a6fd-cc9644b7d82f/tags => generated 0 bytes in 74 msecs (HTTP/1.1 204) 2 headers in 112 bytes (1 switches on core 0) [pid: 8|app: 0|req: 1311/2806] 10.0.0.64 () {32 vars in 732 bytes} [Fri May 15 22:39:41 2026] GET /v2.0/networks/a604a72a-ff99-4a5f-a6fd-cc9644b7d82f/tags => generated 12 bytes in 66 msecs (HTTP/1.1 200) 4 headers in 156 bytes (1 switches on core 0)
2026-05-15 22:39:42.106 7 INFO neutron_taas.services.taas.taas_plugin [None req-5dc0a184-dfd5-418d-98a0-6eeda56ade57 e4df9c2a806a42b09229cab2862a18c5 24bb9593fc3f4fe78d80f8d927745a1a - - default default] TaaS: Handle Delete Port: a1c10404-99a0-47ef-af93-913d4253b9ab
2026-05-15 22:39:42.109 7 INFO neutron_taas.services.taas.tap_mirror_plugin [None req-5dc0a184-dfd5-418d-98a0-6eeda56ade57 e4df9c2a806a42b09229cab2862a18c5 24bb9593fc3f4fe78d80f8d927745a1a - - default default] Tap Mirror: Handle Delete Port: a1c10404-99a0-47ef-af93-913d4253b9ab
2026-05-15 22:39:42.340 7 INFO neutron.services.segments.plugin [-] Segment b3efe59d-9a13-42a8-ad95-dfbcfd840dcd resource provider aggregate not found
2026-05-15 22:39:42.347 7 INFO neutron.services.segments.plugin [-] Segment b3efe59d-9a13-42a8-ad95-dfbcfd840dcd resource provider aggregate not found
2026-05-15 22:39:42.371 7 INFO neutron.services.segments.plugin [-] Segment b3efe59d-9a13-42a8-ad95-dfbcfd840dcd resource provider not found; error: Placement Client Error (4xx): {"errors": [{"status": 404, "title": "Not Found", "detail": "The resource could not be found.\n\n No resource provider with uuid b3efe59d-9a13-42a8-ad95-dfbcfd840dcd found for delete ", "request_id": "req-4c1f150b-4f33-4e8a-936b-62a6ea15d5da"}]}
2026-05-15 22:39:42.376 7 INFO neutron.services.segments.plugin [-] Segment b3efe59d-9a13-42a8-ad95-dfbcfd840dcd resource provider not found; error: Placement Client Error (4xx): {"errors": [{"status": 404, "title": "Not Found", "detail": "The resource could not be found.\n\n No resource provider with uuid b3efe59d-9a13-42a8-ad95-dfbcfd840dcd found for delete ", "request_id": "req-db9582c1-a43c-4362-977e-0b109cd0eb9c"}]} [pid: 7|app: 0|req: 1496/2807] 10.0.0.64 () {32 vars in 725 bytes} [Fri May 15 22:39:41 2026] DELETE /v2.0/networks/a604a72a-ff99-4a5f-a6fd-cc9644b7d82f => generated 0 bytes in 436 msecs (HTTP/1.1 204) 3 headers in 131 bytes (1 switches on core 0)
2026-05-15 22:39:43.342 8 WARNING neutron.db.securitygroups_db [None req-b18d0c78-47d2-4f37-98f7-17decf7a8fb9 a1b2350c2e114a01813f9950f89ea1ea 2e99be1cde52414ea9cfc991793a11a5 - - default default] project_id key not found in filters, using tenant_id instead. This support has been deprecated and will be removed in a future release.
2026-05-15 22:39:43.506 8 INFO neutron.db.ovn_revision_numbers_db [None req-b18d0c78-47d2-4f37-98f7-17decf7a8fb9 a1b2350c2e114a01813f9950f89ea1ea 2e99be1cde52414ea9cfc991793a11a5 - - default default] Successfully bumped revision number for resource 3cdd1fe1-f92a-4c1a-9b6e-66caac004e05 (type: security_groups) to 1
2026-05-15 22:39:43.525 8 INFO neutron.db.ovn_revision_numbers_db [None req-b18d0c78-47d2-4f37-98f7-17decf7a8fb9 a1b2350c2e114a01813f9950f89ea1ea 2e99be1cde52414ea9cfc991793a11a5 - - default default] Successfully bumped revision number for resource 56f38d87-b7d2-41dc-b04e-f3981e293e95 (type: security_group_rules) to 0
2026-05-15 22:39:43.538 8 INFO neutron.db.ovn_revision_numbers_db [None req-b18d0c78-47d2-4f37-98f7-17decf7a8fb9 a1b2350c2e114a01813f9950f89ea1ea 2e99be1cde52414ea9cfc991793a11a5 - - default default] Successfully bumped revision number for resource 9ef7032d-d7a3-4458-baee-13395bab753b (type: security_group_rules) to 0
2026-05-15 22:39:43.550 8 INFO neutron.db.ovn_revision_numbers_db [None req-b18d0c78-47d2-4f37-98f7-17decf7a8fb9 a1b2350c2e114a01813f9950f89ea1ea 2e99be1cde52414ea9cfc991793a11a5 - - default default] Successfully bumped revision number for resource dc519a98-74f4-45d5-9848-bdf20d1e92cd (type: security_group_rules) to 0
2026-05-15 22:39:43.561 8 INFO neutron.db.ovn_revision_numbers_db [None req-b18d0c78-47d2-4f37-98f7-17decf7a8fb9 a1b2350c2e114a01813f9950f89ea1ea 2e99be1cde52414ea9cfc991793a11a5 - - default default] Successfully bumped revision number for resource efabf246-4dc8-45db-9679-7ce9426067e9 (type: security_group_rules) to 0 [pid: 8|app: 0|req: 1312/2808] 10.0.0.64 () {32 vars in 773 bytes} [Fri May 15 22:39:43 2026] GET /v2.0/security-groups?tenant_id=07cb1f57db694a9b8ce17b7a5603614f&name=default => generated 2929 bytes in 482 msecs (HTTP/1.1 200) 4 headers in 158 bytes (1 switches on core 0) [pid: 7|app: 0|req: 1497/2809] 10.0.0.64 () {32 vars in 739 bytes} [Fri May 15 22:39:43 2026] DELETE /v2.0/security-groups/3cdd1fe1-f92a-4c1a-9b6e-66caac004e05 => generated 0 bytes in 222 msecs (HTTP/1.1 204) 2 headers in 112 bytes (1 switches on core 0)
2026-05-15 22:39:43.948 8 WARNING neutron.db.securitygroups_db [None req-9db43634-854d-48bb-a586-44a883625068 a1b2350c2e114a01813f9950f89ea1ea 2e99be1cde52414ea9cfc991793a11a5 - - default default] project_id key not found in filters, using tenant_id instead. This support has been deprecated and will be removed in a future release. [pid: 8|app: 0|req: 1313/2810] 10.0.0.64 () {32 vars in 773 bytes} [Fri May 15 22:39:43 2026] GET /v2.0/security-groups?tenant_id=24bb9593fc3f4fe78d80f8d927745a1a&name=default => generated 2929 bytes in 73 msecs (HTTP/1.1 200) 4 headers in 158 bytes (1 switches on core 0) [pid: 8|app: 0|req: 1314/2811] 10.0.0.64 () {32 vars in 739 bytes} [Fri May 15 22:39:44 2026] DELETE /v2.0/security-groups/3ee3d8cb-23dd-48e6-84de-571473e3fa56 => generated 0 bytes in 234 msecs (HTTP/1.1 204) 2 headers in 112 bytes (1 switches on core 0)
2026-05-15 22:39:44.332 7 INFO neutron.db.ovn_revision_numbers_db [None req-0ce41fed-6c8a-41f4-8355-3f0e8a119c98 8b79f85853d246908c9920e8f40afa8d ae834962806e497e8c5f76068fe691b5 - - default default] Successfully bumped revision number for resource 242b4742-1e1c-442c-a7f3-6e122410af31 (type: security_groups) to 1
2026-05-15 22:39:44.354 7 INFO neutron.db.ovn_revision_numbers_db [None req-0ce41fed-6c8a-41f4-8355-3f0e8a119c98 8b79f85853d246908c9920e8f40afa8d ae834962806e497e8c5f76068fe691b5 - - default default] Successfully bumped revision number for resource 023de6d5-de29-470d-9d3e-d9659a1345a0 (type: security_group_rules) to 0
2026-05-15 22:39:44.371 7 INFO neutron.db.ovn_revision_numbers_db [None req-0ce41fed-6c8a-41f4-8355-3f0e8a119c98 8b79f85853d246908c9920e8f40afa8d ae834962806e497e8c5f76068fe691b5 - - default default] Successfully bumped revision number for resource 09cbf97e-ceea-457c-b000-6a51bf915b1c (type: security_group_rules) to 0
2026-05-15 22:39:44.392 7 INFO neutron.db.ovn_revision_numbers_db [None req-0ce41fed-6c8a-41f4-8355-3f0e8a119c98 8b79f85853d246908c9920e8f40afa8d ae834962806e497e8c5f76068fe691b5 - - default default] Successfully bumped revision number for resource 208f4ded-6705-4b62-b94f-198e0cf38959 (type: security_group_rules) to 0
2026-05-15 22:39:44.416 7 INFO neutron.db.ovn_revision_numbers_db [None req-0ce41fed-6c8a-41f4-8355-3f0e8a119c98 8b79f85853d246908c9920e8f40afa8d ae834962806e497e8c5f76068fe691b5 - - default default] Successfully bumped revision number for resource 33b26759-8ffb-4f58-a00e-6b6016dee980 (type: security_group_rules) to 0
2026-05-15 22:39:44.504 7 INFO neutron.db.segments_db [None req-0ce41fed-6c8a-41f4-8355-3f0e8a119c98 8b79f85853d246908c9920e8f40afa8d ae834962806e497e8c5f76068fe691b5 - - default default] Added segment e79e7d1c-1626-4170-bf87-bdf580a4610f of type geneve for network cf097740-3729-4813-ab67-4dd49c5e0d06
2026-05-15 22:39:44.650 7 INFO neutron.db.ovn_revision_numbers_db [None req-0ce41fed-6c8a-41f4-8355-3f0e8a119c98 8b79f85853d246908c9920e8f40afa8d ae834962806e497e8c5f76068fe691b5 - - default default] Successfully bumped revision number for resource cf097740-3729-4813-ab67-4dd49c5e0d06 (type: networks) to 1
2026-05-15 22:39:44.823 7 WARNING neutron.scheduler.dhcp_agent_scheduler [None req-0ce41fed-6c8a-41f4-8355-3f0e8a119c98 8b79f85853d246908c9920e8f40afa8d ae834962806e497e8c5f76068fe691b5 - - default default] No more DHCP agents
2026-05-15 22:39:44.825 7 WARNING neutron.api.rpc.agentnotifiers.dhcp_rpc_agent_api [None req-0ce41fed-6c8a-41f4-8355-3f0e8a119c98 8b79f85853d246908c9920e8f40afa8d ae834962806e497e8c5f76068fe691b5 - - default default] Unable to schedule network cf097740-3729-4813-ab67-4dd49c5e0d06: no agents available; will retry on subsequent port and subnet creation events.
2026-05-15 22:39:44.890 8 INFO neutron.plugins.ml2.drivers.ovn.mech_driver.mech_driver [None req-e3e3bf11-2485-4ca1-869b-695f58a09d31 - - - - - -] OVN reports status down for port: b1ad36a9-b004-4e00-ad27-107eb39a8105
2026-05-15 22:39:44.927 7 INFO neutron.db.ovn_revision_numbers_db [None req-0ce41fed-6c8a-41f4-8355-3f0e8a119c98 8b79f85853d246908c9920e8f40afa8d ae834962806e497e8c5f76068fe691b5 - - default default] Successfully bumped revision number for resource b1ad36a9-b004-4e00-ad27-107eb39a8105 (type: ports) to 1 [pid: 7|app: 0|req: 1498/2812] 10.0.0.64 () {34 vars in 669 bytes} [Fri May 15 22:39:44 2026] POST /v2.0/networks => generated 670 bytes in 941 msecs (HTTP/1.1 201) 4 headers in 162 bytes (1 switches on core 0)
2026-05-15 22:39:45.182 8 WARNING neutron.scheduler.dhcp_agent_scheduler [None req-677b3393-d5f4-49bb-9168-bd313ff3144f 8b79f85853d246908c9920e8f40afa8d ae834962806e497e8c5f76068fe691b5 - - default default] No more DHCP agents
2026-05-15 22:39:45.183 8 WARNING neutron.api.rpc.agentnotifiers.dhcp_rpc_agent_api [None req-677b3393-d5f4-49bb-9168-bd313ff3144f 8b79f85853d246908c9920e8f40afa8d ae834962806e497e8c5f76068fe691b5 - - default default] Unable to schedule network cf097740-3729-4813-ab67-4dd49c5e0d06: no agents available; will retry on subsequent port and subnet creation events.
2026-05-15 22:39:45.683 8 INFO neutron.db.ovn_revision_numbers_db [None req-677b3393-d5f4-49bb-9168-bd313ff3144f 8b79f85853d246908c9920e8f40afa8d ae834962806e497e8c5f76068fe691b5 - - default default] Successfully bumped revision number for resource b1ad36a9-b004-4e00-ad27-107eb39a8105 (type: ports) to 2
2026-05-15 22:39:45.720 8 INFO neutron.db.ovn_revision_numbers_db [None req-677b3393-d5f4-49bb-9168-bd313ff3144f 8b79f85853d246908c9920e8f40afa8d ae834962806e497e8c5f76068fe691b5 - - default default] Successfully bumped revision number for resource 5204575f-f804-4554-a27e-103c05897429 (type: subnets) to 0 [pid: 8|app: 0|req: 1315/2813] 10.0.0.64 () {34 vars in 668 bytes} [Fri May 15 22:39:44 2026] POST /v2.0/subnets => generated 626 bytes in 777 msecs (HTTP/1.1 201) 4 headers in 162 bytes (1 switches on core 0)
2026-05-15 22:39:45.838 7 INFO neutron.db.segments_db [None req-f95a99ab-1198-4190-8375-5af4a2674d75 8b79f85853d246908c9920e8f40afa8d ae834962806e497e8c5f76068fe691b5 - - default default] Added segment 6600dc1d-1f95-4448-97bf-3d78cb2c545b of type geneve for network bb62385b-eff2-4276-8e39-08bfabbb40aa
2026-05-15 22:39:45.951 7 INFO neutron.db.ovn_revision_numbers_db [None req-f95a99ab-1198-4190-8375-5af4a2674d75 8b79f85853d246908c9920e8f40afa8d ae834962806e497e8c5f76068fe691b5 - - default default] Successfully bumped revision number for resource bb62385b-eff2-4276-8e39-08bfabbb40aa (type: networks) to 1
2026-05-15 22:39:46.137 7 WARNING neutron.scheduler.dhcp_agent_scheduler [None req-f95a99ab-1198-4190-8375-5af4a2674d75 8b79f85853d246908c9920e8f40afa8d ae834962806e497e8c5f76068fe691b5 - - default default] No more DHCP agents
2026-05-15 22:39:46.139 7 WARNING neutron.api.rpc.agentnotifiers.dhcp_rpc_agent_api [None req-f95a99ab-1198-4190-8375-5af4a2674d75 8b79f85853d246908c9920e8f40afa8d ae834962806e497e8c5f76068fe691b5 - - default default] Unable to schedule network bb62385b-eff2-4276-8e39-08bfabbb40aa: no agents available; will retry on subsequent port and subnet creation events.
2026-05-15 22:39:46.208 8 INFO neutron.plugins.ml2.drivers.ovn.mech_driver.mech_driver [None req-e3e3bf11-2485-4ca1-869b-695f58a09d31 - - - - - -] OVN reports status down for port: 5ec72ad7-cc11-443c-b3a8-14307712555c
2026-05-15 22:39:46.235 7 INFO neutron.db.ovn_revision_numbers_db [None req-f95a99ab-1198-4190-8375-5af4a2674d75 8b79f85853d246908c9920e8f40afa8d ae834962806e497e8c5f76068fe691b5 - - default default] Successfully bumped revision number for resource 5ec72ad7-cc11-443c-b3a8-14307712555c (type: ports) to 1 [pid: 7|app: 0|req: 1499/2814] 10.0.0.64 () {34 vars in 669 bytes} [Fri May 15 22:39:45 2026] POST /v2.0/networks => generated 670 bytes in 520 msecs (HTTP/1.1 201) 4 headers in 162 bytes (1 switches on core 0)
2026-05-15 22:39:46.494 8 WARNING neutron.scheduler.dhcp_agent_scheduler [None req-6e1cff14-bb71-4689-a38e-2bfeac64c5a3 8b79f85853d246908c9920e8f40afa8d ae834962806e497e8c5f76068fe691b5 - - default default] No more DHCP agents
2026-05-15 22:39:46.497 8 WARNING neutron.api.rpc.agentnotifiers.dhcp_rpc_agent_api [None req-6e1cff14-bb71-4689-a38e-2bfeac64c5a3 8b79f85853d246908c9920e8f40afa8d ae834962806e497e8c5f76068fe691b5 - - default default] Unable to schedule network bb62385b-eff2-4276-8e39-08bfabbb40aa: no agents available; will retry on subsequent port and subnet creation events.
2026-05-15 22:39:47.023 8 INFO neutron.db.ovn_revision_numbers_db [None req-6e1cff14-bb71-4689-a38e-2bfeac64c5a3 8b79f85853d246908c9920e8f40afa8d ae834962806e497e8c5f76068fe691b5 - - default default] Successfully bumped revision number for resource 5ec72ad7-cc11-443c-b3a8-14307712555c (type: ports) to 2
2026-05-15 22:39:47.061 8 INFO neutron.db.ovn_revision_numbers_db [None req-6e1cff14-bb71-4689-a38e-2bfeac64c5a3 8b79f85853d246908c9920e8f40afa8d ae834962806e497e8c5f76068fe691b5 - - default default] Successfully bumped revision number for resource 2e6af0ce-8eb8-4c72-beae-e496546fafa7 (type: subnets) to 0 [pid: 8|app: 0|req: 1316/2815] 10.0.0.64 () {34 vars in 668 bytes} [Fri May 15 22:39:46 2026] POST /v2.0/subnets => generated 629 bytes in 816 msecs (HTTP/1.1 201) 4 headers in 162 bytes (1 switches on core 0)
2026-05-15 22:39:47.200 7 INFO neutron.db.segments_db [None req-ac3ec310-8a49-4c53-b4cb-4098b5d47e44 8b79f85853d246908c9920e8f40afa8d ae834962806e497e8c5f76068fe691b5 - - default default] Added segment 2a6b0708-886c-40f6-9d0d-a120b1fe2298 of type geneve for network 657f8247-3ec8-47ee-bf0f-d0e49d48500c
2026-05-15 22:39:47.323 7 INFO neutron.db.ovn_revision_numbers_db [None req-ac3ec310-8a49-4c53-b4cb-4098b5d47e44 8b79f85853d246908c9920e8f40afa8d ae834962806e497e8c5f76068fe691b5 - - default default] Successfully bumped revision number for resource 657f8247-3ec8-47ee-bf0f-d0e49d48500c (type: networks) to 1
2026-05-15 22:39:47.529 7 WARNING neutron.scheduler.dhcp_agent_scheduler [None req-ac3ec310-8a49-4c53-b4cb-4098b5d47e44 8b79f85853d246908c9920e8f40afa8d ae834962806e497e8c5f76068fe691b5 - - default default] No more DHCP agents
2026-05-15 22:39:47.532 7 WARNING neutron.api.rpc.agentnotifiers.dhcp_rpc_agent_api [None req-ac3ec310-8a49-4c53-b4cb-4098b5d47e44 8b79f85853d246908c9920e8f40afa8d ae834962806e497e8c5f76068fe691b5 - - default default] Unable to schedule network 657f8247-3ec8-47ee-bf0f-d0e49d48500c: no agents available; will retry on subsequent port and subnet creation events.
2026-05-15 22:39:47.608 8 INFO neutron.plugins.ml2.drivers.ovn.mech_driver.mech_driver [None req-e3e3bf11-2485-4ca1-869b-695f58a09d31 - - - - - -] OVN reports status down for port: 5548838a-e441-49a1-8985-0c5001921864
2026-05-15 22:39:47.626 7 INFO neutron.db.ovn_revision_numbers_db [None req-ac3ec310-8a49-4c53-b4cb-4098b5d47e44 8b79f85853d246908c9920e8f40afa8d ae834962806e497e8c5f76068fe691b5 - - default default] Successfully bumped revision number for resource 5548838a-e441-49a1-8985-0c5001921864 (type: ports) to 1 [pid: 7|app: 0|req: 1500/2816] 10.0.0.64 () {34 vars in 669 bytes} [Fri May 15 22:39:47 2026] POST /v2.0/networks => generated 670 bytes in 564 msecs (HTTP/1.1 201) 4 headers in 162 bytes (1 switches on core 0) [pid: 8|app: 0|req: 1317/2817] 10.0.0.64 () {34 vars in 677 bytes} [Fri May 15 22:39:47 2026] POST /v2.0/qos/policies => generated 359 bytes in 214 msecs (HTTP/1.1 201) 4 headers in 162 bytes (1 switches on core 0)
2026-05-15 22:39:47.777 8 WARNING tagging [None req-cedf90ef-ee64-4e59-bb00-1291467f2d79 c97161dde2184b6a9924001926467ec6 83febd350b6f4ce4806496da321a0cfe - - default default] project_id key not found in request, using tenant_id instead. This support has been deprecated and will be removed in a future release. [pid: 8|app: 0|req: 1318/2818] 10.0.0.64 () {34 vars in 752 bytes} [Fri May 15 22:39:47 2026] PUT /v2.0/policies/c6ac46f2-cb91-40f4-b4ab-7f71ab7e21c9/tags => generated 25 bytes in 49 msecs (HTTP/1.1 200) 4 headers in 156 bytes (1 switches on core 0)
2026-05-15 22:39:47.829 8 WARNING tagging [None req-7d7c3509-0c3a-483a-a66c-984cc9e7e964 c97161dde2184b6a9924001926467ec6 83febd350b6f4ce4806496da321a0cfe - - default default] project_id key not found in request, using tenant_id instead. This support has been deprecated and will be removed in a future release. [pid: 8|app: 0|req: 1319/2819] 10.0.0.64 () {32 vars in 732 bytes} [Fri May 15 22:39:47 2026] GET /v2.0/policies/c6ac46f2-cb91-40f4-b4ab-7f71ab7e21c9/tags => generated 25 bytes in 32 msecs (HTTP/1.1 200) 4 headers in 156 bytes (1 switches on core 0)
2026-05-15 22:39:47.871 8 WARNING tagging [None req-517819d0-1568-4578-a13b-f663d58dff51 c97161dde2184b6a9924001926467ec6 83febd350b6f4ce4806496da321a0cfe - - default default] project_id key not found in request, using tenant_id instead. This support has been deprecated and will be removed in a future release.
2026-05-15 22:39:47.875 7 WARNING neutron.scheduler.dhcp_agent_scheduler [None req-fc375feb-58b7-43c6-8ae0-8cdd604f3021 8b79f85853d246908c9920e8f40afa8d ae834962806e497e8c5f76068fe691b5 - - default default] No more DHCP agents
2026-05-15 22:39:47.877 7 WARNING neutron.api.rpc.agentnotifiers.dhcp_rpc_agent_api [None req-fc375feb-58b7-43c6-8ae0-8cdd604f3021 8b79f85853d246908c9920e8f40afa8d ae834962806e497e8c5f76068fe691b5 - - default default] Unable to schedule network 657f8247-3ec8-47ee-bf0f-d0e49d48500c: no agents available; will retry on subsequent port and subnet creation events. [pid: 8|app: 0|req: 1320/2820] 10.0.0.64 () {34 vars in 763 bytes} [Fri May 15 22:39:47 2026] PUT /v2.0/policies/c6ac46f2-cb91-40f4-b4ab-7f71ab7e21c9/tags/green => generated 4 bytes in 46 msecs (HTTP/1.1 201) 4 headers in 160 bytes (1 switches on core 0)
2026-05-15 22:39:47.925 8 WARNING tagging [None req-fe9cf77f-4f71-4693-8f96-28ccbc23b472 c97161dde2184b6a9924001926467ec6 83febd350b6f4ce4806496da321a0cfe - - default default] project_id key not found in request, using tenant_id instead. This support has been deprecated and will be removed in a future release. [pid: 8|app: 0|req: 1321/2821] 10.0.0.64 () {32 vars in 732 bytes} [Fri May 15 22:39:47 2026] GET /v2.0/policies/c6ac46f2-cb91-40f4-b4ab-7f71ab7e21c9/tags => generated 34 bytes in 33 msecs (HTTP/1.1 200) 4 headers in 156 bytes (1 switches on core 0)
2026-05-15 22:39:47.964 8 WARNING tagging [None req-321dab24-bf21-474a-b67f-08bf8d7e6d1b c97161dde2184b6a9924001926467ec6 83febd350b6f4ce4806496da321a0cfe - - default default] project_id key not found in request, using tenant_id instead. This support has been deprecated and will be removed in a future release. [pid: 8|app: 0|req: 1322/2822] 10.0.0.64 () {34 vars in 759 bytes} [Fri May 15 22:39:47 2026] PUT /v2.0/policies/c6ac46f2-cb91-40f4-b4ab-7f71ab7e21c9/tags/red => generated 4 bytes in 42 msecs (HTTP/1.1 201) 4 headers in 160 bytes (1 switches on core 0)
2026-05-15 22:39:48.011 8 WARNING tagging [None req-68277ad9-bfe4-4b73-88cf-2f6bdd89637b c97161dde2184b6a9924001926467ec6 83febd350b6f4ce4806496da321a0cfe - - default default] project_id key not found in request, using tenant_id instead. This support has been deprecated and will be removed in a future release. [pid: 8|app: 0|req: 1323/2823] 10.0.0.64 () {32 vars in 732 bytes} [Fri May 15 22:39:47 2026] GET /v2.0/policies/c6ac46f2-cb91-40f4-b4ab-7f71ab7e21c9/tags => generated 34 bytes in 32 msecs (HTTP/1.1 200) 4 headers in 156 bytes (1 switches on core 0)
2026-05-15 22:39:48.044 8 WARNING tagging [None req-08a0b1a3-827b-40e7-85c4-849a98badd10 c97161dde2184b6a9924001926467ec6 83febd350b6f4ce4806496da321a0cfe - - default default] project_id key not found in request, using tenant_id instead. This support has been deprecated and will be removed in a future release. [pid: 8|app: 0|req: 1324/2824] 10.0.0.64 () {34 vars in 781 bytes} [Fri May 15 22:39:48 2026] PUT /v2.0/policies/c6ac46f2-cb91-40f4-b4ab-7f71ab7e21c9/tags/black.or.white => generated 4 bytes in 43 msecs (HTTP/1.1 201) 4 headers in 160 bytes (1 switches on core 0)
2026-05-15 22:39:48.097 8 WARNING tagging [None req-255735de-109d-4eae-89ed-fdf0f38fd324 c97161dde2184b6a9924001926467ec6 83febd350b6f4ce4806496da321a0cfe - - default default] project_id key not found in request, using tenant_id instead. This support has been deprecated and will be removed in a future release. [pid: 8|app: 0|req: 1325/2825] 10.0.0.64 () {32 vars in 732 bytes} [Fri May 15 22:39:48 2026] GET /v2.0/policies/c6ac46f2-cb91-40f4-b4ab-7f71ab7e21c9/tags => generated 52 bytes in 30 msecs (HTTP/1.1 200) 4 headers in 156 bytes (1 switches on core 0)
2026-05-15 22:39:48.132 8 WARNING tagging [None req-bb523a0c-82f8-4b00-b4d9-97583d5e7132 c97161dde2184b6a9924001926467ec6 83febd350b6f4ce4806496da321a0cfe - - default default] project_id key not found in request, using tenant_id instead. This support has been deprecated and will be removed in a future release. [pid: 8|app: 0|req: 1326/2826] 10.0.0.64 () {34 vars in 752 bytes} [Fri May 15 22:39:48 2026] PUT /v2.0/policies/c6ac46f2-cb91-40f4-b4ab-7f71ab7e21c9/tags => generated 37 bytes in 47 msecs (HTTP/1.1 200) 4 headers in 156 bytes (1 switches on core 0)
2026-05-15 22:39:48.186 8 WARNING tagging [None req-c65f8cfb-7343-440f-a06c-12812dafcc26 c97161dde2184b6a9924001926467ec6 83febd350b6f4ce4806496da321a0cfe - - default default] project_id key not found in request, using tenant_id instead. This support has been deprecated and will be removed in a future release. [pid: 8|app: 0|req: 1327/2827] 10.0.0.64 () {32 vars in 732 bytes} [Fri May 15 22:39:48 2026] GET /v2.0/policies/c6ac46f2-cb91-40f4-b4ab-7f71ab7e21c9/tags => generated 37 bytes in 42 msecs (HTTP/1.1 200) 4 headers in 156 bytes (1 switches on core 0)
2026-05-15 22:39:48.233 8 WARNING tagging [None req-9a70624d-1ba7-4778-b3f5-c1eca1eac9e1 c97161dde2184b6a9924001926467ec6 83febd350b6f4ce4806496da321a0cfe - - default default] project_id key not found in request, using tenant_id instead. This support has been deprecated and will be removed in a future release. [pid: 8|app: 0|req: 1328/2828] 10.0.0.64 () {32 vars in 740 bytes} [Fri May 15 22:39:48 2026] GET /v2.0/policies/c6ac46f2-cb91-40f4-b4ab-7f71ab7e21c9/tags/red => generated 0 bytes in 35 msecs (HTTP/1.1 204) 2 headers in 112 bytes (1 switches on core 0)
2026-05-15 22:39:48.276 8 WARNING tagging [None req-322ec742-104d-47e4-81cc-49a3ffda79de c97161dde2184b6a9924001926467ec6 83febd350b6f4ce4806496da321a0cfe - - default default] project_id key not found in request, using tenant_id instead. This support has been deprecated and will be removed in a future release.
2026-05-15 22:39:48.283 8 INFO neutron.api.v2.resource [None req-322ec742-104d-47e4-81cc-49a3ffda79de c97161dde2184b6a9924001926467ec6 83febd350b6f4ce4806496da321a0cfe - - default default] show failed (client error): The resource could not be found. [pid: 8|app: 0|req: 1329/2829] 10.0.0.64 () {32 vars in 744 bytes} [Fri May 15 22:39:48 2026] GET /v2.0/policies/c6ac46f2-cb91-40f4-b4ab-7f71ab7e21c9/tags/green => generated 99 bytes in 37 msecs (HTTP/1.1 404) 4 headers in 163 bytes (1 switches on core 0)
2026-05-15 22:39:48.316 8 WARNING tagging [None req-d12dadaa-1c64-4a1c-a99f-66bec5ace7af c97161dde2184b6a9924001926467ec6 83febd350b6f4ce4806496da321a0cfe - - default default] project_id key not found in request, using tenant_id instead. This support has been deprecated and will be removed in a future release. [pid: 8|app: 0|req: 1330/2830] 10.0.0.64 () {32 vars in 743 bytes} [Fri May 15 22:39:48 2026] DELETE /v2.0/policies/c6ac46f2-cb91-40f4-b4ab-7f71ab7e21c9/tags/red => generated 0 bytes in 75 msecs (HTTP/1.1 204) 2 headers in 112 bytes (1 switches on core 0)
2026-05-15 22:39:48.373 7 INFO neutron.db.ovn_revision_numbers_db [None req-fc375feb-58b7-43c6-8ae0-8cdd604f3021 8b79f85853d246908c9920e8f40afa8d ae834962806e497e8c5f76068fe691b5 - - default default] Successfully bumped revision number for resource 5548838a-e441-49a1-8985-0c5001921864 (type: ports) to 2
2026-05-15 22:39:48.395 8 WARNING tagging [None req-285cf972-2159-4a26-9e42-bae0fd01ed9a c97161dde2184b6a9924001926467ec6 83febd350b6f4ce4806496da321a0cfe - - default default] project_id key not found in request, using tenant_id instead. This support has been deprecated and will be removed in a future release. [pid: 8|app: 0|req: 1331/2831] 10.0.0.64 () {32 vars in 732 bytes} [Fri May 15 22:39:48 2026] GET /v2.0/policies/c6ac46f2-cb91-40f4-b4ab-7f71ab7e21c9/tags => generated 30 bytes in 35 msecs (HTTP/1.1 200) 4 headers in 156 bytes (1 switches on core 0)
2026-05-15 22:39:48.405 7 INFO neutron.db.ovn_revision_numbers_db [None req-fc375feb-58b7-43c6-8ae0-8cdd604f3021 8b79f85853d246908c9920e8f40afa8d ae834962806e497e8c5f76068fe691b5 - - default default] Successfully bumped revision number for resource f996dee1-7149-431b-b3fb-3578939fc36d (type: subnets) to 0 [pid: 7|app: 0|req: 1501/2832] 10.0.0.64 () {34 vars in 668 bytes} [Fri May 15 22:39:47 2026] POST /v2.0/subnets => generated 629 bytes in 761 msecs (HTTP/1.1 201) 4 headers in 162 bytes (1 switches on core 0)
2026-05-15 22:39:48.438 8 WARNING tagging [None req-25eeef8d-05b1-4f3b-becb-cf2f4d7ac78e c97161dde2184b6a9924001926467ec6 83febd350b6f4ce4806496da321a0cfe - - default default] project_id key not found in request, using tenant_id instead. This support has been deprecated and will be removed in a future release.
2026-05-15 22:39:48.450 8 INFO neutron.api.v2.resource [None req-25eeef8d-05b1-4f3b-becb-cf2f4d7ac78e c97161dde2184b6a9924001926467ec6 83febd350b6f4ce4806496da321a0cfe - - default default] delete failed (client error): The resource could not be found. [pid: 8|app: 0|req: 1332/2833] 10.0.0.64 () {32 vars in 747 bytes} [Fri May 15 22:39:48 2026] DELETE /v2.0/policies/c6ac46f2-cb91-40f4-b4ab-7f71ab7e21c9/tags/green => generated 99 bytes in 42 msecs (HTTP/1.1 404) 4 headers in 163 bytes (1 switches on core 0)
2026-05-15 22:39:48.478 8 WARNING tagging [None req-359f416e-a803-490e-b482-167b02c15372 c97161dde2184b6a9924001926467ec6 83febd350b6f4ce4806496da321a0cfe - - default default] project_id key not found in request, using tenant_id instead. This support has been deprecated and will be removed in a future release. [pid: 8|app: 0|req: 1333/2834] 10.0.0.64 () {32 vars in 735 bytes} [Fri May 15 22:39:48 2026] DELETE /v2.0/policies/c6ac46f2-cb91-40f4-b4ab-7f71ab7e21c9/tags => generated 0 bytes in 44 msecs (HTTP/1.1 204) 2 headers in 112 bytes (1 switches on core 0)
2026-05-15 22:39:48.529 7 INFO neutron.db.segments_db [None req-cb008bf0-fa80-4e40-91a4-3defbb7f7876 8b79f85853d246908c9920e8f40afa8d ae834962806e497e8c5f76068fe691b5 - - default default] Added segment 02aec8b5-f87a-4629-8713-a1b5d3ef45ca of type geneve for network af5c87a9-5854-46cc-877a-f92ac6ee49a4
2026-05-15 22:39:48.536 8 WARNING tagging [None req-9b3a0096-cbfc-49d0-8121-586e0b7262aa c97161dde2184b6a9924001926467ec6 83febd350b6f4ce4806496da321a0cfe - - default default] project_id key not found in request, using tenant_id instead. This support has been deprecated and will be removed in a future release. [pid: 8|app: 0|req: 1334/2835] 10.0.0.64 () {32 vars in 732 bytes} [Fri May 15 22:39:48 2026] GET /v2.0/policies/c6ac46f2-cb91-40f4-b4ab-7f71ab7e21c9/tags => generated 12 bytes in 39 msecs (HTTP/1.1 200) 4 headers in 156 bytes (1 switches on core 0) [pid: 8|app: 0|req: 1335/2836] 10.0.0.64 () {32 vars in 733 bytes} [Fri May 15 22:39:48 2026] DELETE /v2.0/qos/policies/c6ac46f2-cb91-40f4-b4ab-7f71ab7e21c9 => generated 0 bytes in 41 msecs (HTTP/1.1 204) 2 headers in 112 bytes (1 switches on core 0)
2026-05-15 22:39:48.647 7 INFO neutron.db.ovn_revision_numbers_db [None req-cb008bf0-fa80-4e40-91a4-3defbb7f7876 8b79f85853d246908c9920e8f40afa8d ae834962806e497e8c5f76068fe691b5 - - default default] Successfully bumped revision number for resource af5c87a9-5854-46cc-877a-f92ac6ee49a4 (type: networks) to 1
2026-05-15 22:39:48.829 7 WARNING neutron.scheduler.dhcp_agent_scheduler [None req-cb008bf0-fa80-4e40-91a4-3defbb7f7876 8b79f85853d246908c9920e8f40afa8d ae834962806e497e8c5f76068fe691b5 - - default default] No more DHCP agents
2026-05-15 22:39:48.830 7 WARNING neutron.api.rpc.agentnotifiers.dhcp_rpc_agent_api [None req-cb008bf0-fa80-4e40-91a4-3defbb7f7876 8b79f85853d246908c9920e8f40afa8d ae834962806e497e8c5f76068fe691b5 - - default default] Unable to schedule network af5c87a9-5854-46cc-877a-f92ac6ee49a4: no agents available; will retry on subsequent port and subnet creation events.
2026-05-15 22:39:48.907 8 INFO neutron.plugins.ml2.drivers.ovn.mech_driver.mech_driver [None req-e3e3bf11-2485-4ca1-869b-695f58a09d31 - - - - - -] OVN reports status down for port: e30c9d2b-e62c-4f90-8406-5f6220a324a6
2026-05-15 22:39:48.920 7 INFO neutron.db.ovn_revision_numbers_db [None req-cb008bf0-fa80-4e40-91a4-3defbb7f7876 8b79f85853d246908c9920e8f40afa8d ae834962806e497e8c5f76068fe691b5 - - default default] Successfully bumped revision number for resource e30c9d2b-e62c-4f90-8406-5f6220a324a6 (type: ports) to 1 [pid: 7|app: 0|req: 1502/2837] 10.0.0.64 () {34 vars in 669 bytes} [Fri May 15 22:39:48 2026] POST /v2.0/networks => generated 669 bytes in 516 msecs (HTTP/1.1 201) 4 headers in 162 bytes (1 switches on core 0)
2026-05-15 22:39:49.180 8 WARNING neutron.scheduler.dhcp_agent_scheduler [None req-c92ac4a5-4f78-4b4a-98ae-6dc1ecf4598b 8b79f85853d246908c9920e8f40afa8d ae834962806e497e8c5f76068fe691b5 - - default default] No more DHCP agents
2026-05-15 22:39:49.181 8 WARNING neutron.api.rpc.agentnotifiers.dhcp_rpc_agent_api [None req-c92ac4a5-4f78-4b4a-98ae-6dc1ecf4598b 8b79f85853d246908c9920e8f40afa8d ae834962806e497e8c5f76068fe691b5 - - default default] Unable to schedule network af5c87a9-5854-46cc-877a-f92ac6ee49a4: no agents available; will retry on subsequent port and subnet creation events.
2026-05-15 22:39:49.383 7 WARNING neutron.db.securitygroups_db [None req-1a2aa74d-35e8-438d-b64d-b1599debe7d8 a1b2350c2e114a01813f9950f89ea1ea 2e99be1cde52414ea9cfc991793a11a5 - - default default] project_id key not found in filters, using tenant_id instead. This support has been deprecated and will be removed in a future release.
2026-05-15 22:39:49.538 7 INFO neutron.db.ovn_revision_numbers_db [None req-1a2aa74d-35e8-438d-b64d-b1599debe7d8 a1b2350c2e114a01813f9950f89ea1ea 2e99be1cde52414ea9cfc991793a11a5 - - default default] Successfully bumped revision number for resource 96c42081-d136-4265-8c30-99cc6708d8d5 (type: security_groups) to 1
2026-05-15 22:39:49.555 7 INFO neutron.db.ovn_revision_numbers_db [None req-1a2aa74d-35e8-438d-b64d-b1599debe7d8 a1b2350c2e114a01813f9950f89ea1ea 2e99be1cde52414ea9cfc991793a11a5 - - default default] Successfully bumped revision number for resource 3fdbcef9-37eb-4541-ba95-e383e994fc05 (type: security_group_rules) to 0
2026-05-15 22:39:49.571 7 INFO neutron.db.ovn_revision_numbers_db [None req-1a2aa74d-35e8-438d-b64d-b1599debe7d8 a1b2350c2e114a01813f9950f89ea1ea 2e99be1cde52414ea9cfc991793a11a5 - - default default] Successfully bumped revision number for resource 5c736782-5bc2-4cf1-a819-6fa06986e41d (type: security_group_rules) to 0
2026-05-15 22:39:49.583 7 INFO neutron.db.ovn_revision_numbers_db [None req-1a2aa74d-35e8-438d-b64d-b1599debe7d8 a1b2350c2e114a01813f9950f89ea1ea 2e99be1cde52414ea9cfc991793a11a5 - - default default] Successfully bumped revision number for resource 748a9f03-a74e-43e6-b5b3-f30186ec5021 (type: security_group_rules) to 0
2026-05-15 22:39:49.596 7 INFO neutron.db.ovn_revision_numbers_db [None req-1a2aa74d-35e8-438d-b64d-b1599debe7d8 a1b2350c2e114a01813f9950f89ea1ea 2e99be1cde52414ea9cfc991793a11a5 - - default default] Successfully bumped revision number for resource ad17e3c1-30ea-4053-a1d2-f7b852ebe0b6 (type: security_group_rules) to 0 [pid: 7|app: 0|req: 1503/2838] 10.0.0.64 () {32 vars in 773 bytes} [Fri May 15 22:39:49 2026] GET /v2.0/security-groups?tenant_id=4d670f46e7d1464a820251e75c2d4d95&name=default => generated 2929 bytes in 397 msecs (HTTP/1.1 200) 4 headers in 158 bytes (1 switches on core 0) [pid: 7|app: 0|req: 1504/2839] 10.0.0.29 () {34 vars in 1015 bytes} [Fri May 15 22:39:49 2026] GET /v2.0/security-groups?id=1bb0bfa5-7229-4bba-ba62-b87000a260d1&fields=id => generated 69 bytes in 45 msecs (HTTP/1.1 200) 4 headers in 156 bytes (1 switches on core 0)
2026-05-15 22:39:49.703 8 INFO neutron.db.ovn_revision_numbers_db [None req-c92ac4a5-4f78-4b4a-98ae-6dc1ecf4598b 8b79f85853d246908c9920e8f40afa8d ae834962806e497e8c5f76068fe691b5 - - default default] Successfully bumped revision number for resource e30c9d2b-e62c-4f90-8406-5f6220a324a6 (type: ports) to 2
2026-05-15 22:39:49.743 8 INFO neutron.db.ovn_revision_numbers_db [None req-c92ac4a5-4f78-4b4a-98ae-6dc1ecf4598b 8b79f85853d246908c9920e8f40afa8d ae834962806e497e8c5f76068fe691b5 - - default default] Successfully bumped revision number for resource 2b446acd-b1de-437d-b330-80a577217fc6 (type: subnets) to 0 [pid: 8|app: 0|req: 1336/2840] 10.0.0.64 () {34 vars in 668 bytes} [Fri May 15 22:39:48 2026] POST /v2.0/subnets => generated 629 bytes in 808 msecs (HTTP/1.1 201) 4 headers in 162 bytes (1 switches on core 0) [pid: 8|app: 0|req: 1337/2841] 10.0.0.29 () {34 vars in 981 bytes} [Fri May 15 22:39:49 2026] GET /v2.0/networks?id=749a3f9c-6c32-45f9-afc1-e623c856a12a => generated 776 bytes in 57 msecs (HTTP/1.1 200) 4 headers in 157 bytes (1 switches on core 0) [pid: 7|app: 0|req: 1505/2842] 10.0.0.64 () {32 vars in 739 bytes} [Fri May 15 22:39:49 2026] DELETE /v2.0/security-groups/96c42081-d136-4265-8c30-99cc6708d8d5 => generated 0 bytes in 213 msecs (HTTP/1.1 204) 2 headers in 112 bytes (1 switches on core 0) [pid: 7|app: 0|req: 1506/2843] 10.0.0.29 () {34 vars in 964 bytes} [Fri May 15 22:39:49 2026] GET /v2.0/quotas/2e99be1cde52414ea9cfc991793a11a5 => generated 291 bytes in 8 msecs (HTTP/1.1 200) 4 headers in 157 bytes (1 switches on core 0)
2026-05-15 22:39:49.929 8 INFO neutron.db.segments_db [None req-cbc4a019-58ec-408c-aa48-fe7ed8e6a4bd 8b79f85853d246908c9920e8f40afa8d ae834962806e497e8c5f76068fe691b5 - - default default] Added segment 980bad6c-0e3d-4ca7-b83e-737b29da3490 of type geneve for network a59dc324-02ae-4819-98b8-6ca0c8840fe9 [pid: 7|app: 0|req: 1507/2844] 10.0.0.29 () {34 vars in 1001 bytes} [Fri May 15 22:39:49 2026] GET /v2.0/ports?tenant_id=2e99be1cde52414ea9cfc991793a11a5&fields=id => generated 149 bytes in 66 msecs (HTTP/1.1 200) 4 headers in 157 bytes (1 switches on core 0)
2026-05-15 22:39:50.019 7 WARNING neutron.db.securitygroups_db [None req-72c09a6c-cb9e-4a93-b1a8-dba44f9e96ac a1b2350c2e114a01813f9950f89ea1ea 2e99be1cde52414ea9cfc991793a11a5 - - default default] project_id key not found in filters, using tenant_id instead. This support has been deprecated and will be removed in a future release.
2026-05-15 22:39:50.048 8 INFO neutron.db.ovn_revision_numbers_db [None req-cbc4a019-58ec-408c-aa48-fe7ed8e6a4bd 8b79f85853d246908c9920e8f40afa8d ae834962806e497e8c5f76068fe691b5 - - default default] Successfully bumped revision number for resource a59dc324-02ae-4819-98b8-6ca0c8840fe9 (type: networks) to 1
2026-05-15 22:39:50.201 7 INFO neutron.db.ovn_revision_numbers_db [None req-72c09a6c-cb9e-4a93-b1a8-dba44f9e96ac a1b2350c2e114a01813f9950f89ea1ea 2e99be1cde52414ea9cfc991793a11a5 - - default default] Successfully bumped revision number for resource 855df958-ce3d-44cb-8fe4-5da79d85fb08 (type: security_groups) to 1
2026-05-15 22:39:50.220 7 INFO neutron.db.ovn_revision_numbers_db [None req-72c09a6c-cb9e-4a93-b1a8-dba44f9e96ac a1b2350c2e114a01813f9950f89ea1ea 2e99be1cde52414ea9cfc991793a11a5 - - default default] Successfully bumped revision number for resource a20d1a0c-108b-4f9a-956a-26f99a8db3ca (type: security_group_rules) to 0
2026-05-15 22:39:50.228 8 WARNING neutron.scheduler.dhcp_agent_scheduler [None req-cbc4a019-58ec-408c-aa48-fe7ed8e6a4bd 8b79f85853d246908c9920e8f40afa8d ae834962806e497e8c5f76068fe691b5 - - default default] No more DHCP agents
2026-05-15 22:39:50.231 8 WARNING neutron.api.rpc.agentnotifiers.dhcp_rpc_agent_api [None req-cbc4a019-58ec-408c-aa48-fe7ed8e6a4bd 8b79f85853d246908c9920e8f40afa8d ae834962806e497e8c5f76068fe691b5 - - default default] Unable to schedule network a59dc324-02ae-4819-98b8-6ca0c8840fe9: no agents available; will retry on subsequent port and subnet creation events.
2026-05-15 22:39:50.240 7 INFO neutron.db.ovn_revision_numbers_db [None req-72c09a6c-cb9e-4a93-b1a8-dba44f9e96ac a1b2350c2e114a01813f9950f89ea1ea 2e99be1cde52414ea9cfc991793a11a5 - - default default] Successfully bumped revision number for resource aa18d300-7e7c-4678-bc45-4bd4b24dba04 (type: security_group_rules) to 0
